20.220.233.65 - - [27/Apr/2026:18:27:13 +0000] "GET /phpinfo__.php HTTP/1.1" 404 38568 "-" "-"
20.220.233.65 - - [27/Apr/2026:18:27:14 +0000] "GET /sys-info.php HTTP/1.1" 404 38567 "-" "-"
20.220.233.65 - - [27/Apr/2026:18:27:15 +0000] "GET /profile.php HTTP/1.1" 404 38566 "-" "-"
20.220.233.65 - - [27/Apr/2026:18:27:16 +0000] "GET /defau1t.php HTTP/1.1" 404 38566 "-" "-"
20.220.233.65 - - [27/Apr/2026:18:27:17 +0000] "GET /fraie1p4.php HTTP/1.1" 404 38567 "-" "-"
20.220.233.65 - - [27/Apr/2026:18:27:18 +0000] "GET /routes.php HTTP/1.1" 404 38565 "-" "-"
20.220.233.65 - - [27/Apr/2026:18:27:19 +0000] "GET /del.php HTTP/1.1" 404 38562 "-" "-"
20.220.233.65 - - [27/Apr/2026:18:27:20 +0000] "GET /c99shell.php HTTP/1.1" 404 38567 "-" "-"
20.220.233.65 - - [27/Apr/2026:18:27:22 +0000] "GET /vv.php HTTP/1.1" 404 38561 "-" "-"
20.220.233.65 - - [27/Apr/2026:18:27:22 +0000] "GET /database.php HTTP/1.1" 404 38567 "-" "-"
20.220.233.65 - - [27/Apr/2026:18:27:23 +0000] "GET /smtp.php HTTP/1.1" 404 38563 "-" "-"
20.220.233.65 - - [27/Apr/2026:18:27:24 +0000] "GET /oo.php HTTP/1.1" 404 38561 "-" "-"
20.220.233.65 - - [27/Apr/2026:18:27:25 +0000] "GET /sk.php HTTP/1.1" 404 38561 "-" "-"
20.220.233.65 - - [27/Apr/2026:18:27:26 +0000] "GET /content.php888 HTTP/1.1" 404 38569 "-" "-"
20.220.233.65 - - [27/Apr/2026:18:27:27 +0000] "GET /loading.php HTTP/1.1" 404 38566 "-" "-"
20.220.233.65 - - [27/Apr/2026:18:27:28 +0000] "GET /kct.php HTTP/1.1" 404 38562 "-" "-"
20.220.233.65 - - [27/Apr/2026:18:27:29 +0000] "GET /ninja.php HTTP/1.1" 404 38564 "-" "-"
20.220.233.65 - - [27/Apr/2026:18:27:30 +0000] "GET /path.php HTTP/1.1" 404 38563 "-" "-"
20.220.233.65 - - [27/Apr/2026:18:27:31 +0000] "GET /wp-key.php HTTP/1.1" 404 38565 "-" "-"
20.220.233.65 - - [27/Apr/2026:18:27:32 +0000] "GET /pm.php HTTP/1.1" 404 38561 "-" "-"
20.220.233.65 - - [27/Apr/2026:18:27:33 +0000] "GET /phpcheck.php HTTP/1.1" 404 38567 "-" "-"
20.220.233.65 - - [27/Apr/2026:18:27:34 +0000] "GET /filesystems.php HTTP/1.1" 404 38570 "-" "-"
52.167.144.67 - - [27/Apr/2026:18:32:33 +0000] "GET /robots.txt HTTP/1.1" 200 143 "-" "Mozilla/5.0 AppleWebKit/537.36 (KHTML, like Gecko; compatible; bingbot/2.0; +http://www.bing.com/bingbot.htm) Chrome/116.0.1938.76 Safari/537.36"
52.167.144.199 - - [27/Apr/2026:18:32:39 +0000] "GET /sitemap.xml HTTP/1.1" 200 306 "-" "Mozilla/5.0 AppleWebKit/537.36 (KHTML, like Gecko; compatible; bingbot/2.0; +http://www.bing.com/bingbot.htm) Chrome/116.0.1938.76 Safari/537.36"
175.30.48.39 - - [27/Apr/2026:18:33:39 +0000] "GET /theme/default/assets/umi.js HTTP/1.1" 301 - "-" "Mozilla/5.0 (X11; Linux x86_64) AppleWebKit/537.36 (KHTML, like Gecko) Chrome/121.0.0.0 Safari/537.36"
175.30.48.39 - - [27/Apr/2026:18:33:40 +0000] "GET /user/umi.min.js HTTP/1.1" 301 - "-" "Mozilla/5.0 (Windows NT 10.0; Win64; x64; rv:121.0) Gecko/20100101 Firefox/121.0"
57.141.18.5 - - [27/Apr/2026:18:34:34 +0000] "GET /simple_advice_for_taking_up_a_new_hobby-jpg/ HTTP/1.1" 301 - "-" "meta-externalagent/1.1 (+https://developers.facebook.com/docs/sharing/webmasters/crawler)"
98.253.173.142 - - [27/Apr/2026:18:38:11 +0000] "GET /tag/easy-to-fly/ HTTP/1.1" 200 12351 "-" "Mozilla/5.0 (Macintosh; Intel Mac OS X 12_7_3) AppleWebKit/537.36 (KHTML, like Gecko) Chrome/132.0.6834.83 Safari/537.36"
184.94.212.206 - - [27/Apr/2026:18:41:33 +0000] "POST /wp-cron.php?doing_wp_cron=1777315293.6297760009765625000000 HTTP/1.1" 200 - "-" "WordPress/6.9.4; http://tophobbydrone.com"
57.141.18.40 - - [27/Apr/2026:18:41:32 +0000] "GET /advice_about_hobbies_that_will_help_anyone-jpg/ HTTP/1.1" 301 - "-" "meta-externalagent/1.1 (+https://developers.facebook.com/docs/sharing/webmasters/crawler)"
57.141.18.37 - - [27/Apr/2026:18:43:15 +0000] "GET /do_you_often_find_yourself_bored_try_one_of_these_hobby_ideas-jpg/ HTTP/1.1" 301 - "-" "meta-externalagent/1.1 (+https://developers.facebook.com/docs/sharing/webmasters/crawler)"
173.252.70.37 - - [27/Apr/2026:19:03:36 +0000] "GET /robots.txt HTTP/1.1" 200 271 "-" "facebookexternalhit/1.1 (+http://www.facebook.com/externalhit_uatext.php)"
17.246.19.51 - - [27/Apr/2026:19:05:12 +0000] "GET /fly-like-a-pro-the-top-10-most-popular-hobby-drones-of-the-year-revealed/dji-mavic-air-2-3/?amp HTTP/1.1" 301 - "-" "Mozilla/5.0 (Macintosh; Intel Mac OS X 10_15_7) AppleWebKit/605.1.15 (KHTML, like Gecko) Version/17.4 Safari/605.1.15 (Applebot/0.1; +http://www.apple.com/go/applebot)"
17.246.19.51 - - [27/Apr/2026:19:05:14 +0000] "GET /wp-content/uploads/2023/02/DJI-Mavic-Air-2-1-1-scaled-e1676997427737.jpg HTTP/1.1" 200 26078 "-" "Mozilla/5.0 (Macintosh; Intel Mac OS X 10_15_7) AppleWebKit/605.1.15 (KHTML, like Gecko) Version/17.4 Safari/605.1.15 (Applebot/0.1; +http://www.apple.com/go/applebot)"
184.94.212.206 - - [27/Apr/2026:19:10:50 +0000] "POST /wp-cron.php?doing_wp_cron=1777317050.0951809883117675781250 HTTP/1.1" 200 - "-" "WordPress/6.9.4; http://tophobbydrone.com"
201.124.248.203 - - [27/Apr/2026:19:10:48 +0000] "GET http://tophobbydrone.com/author/h0tn1ch3s/page/2/ HTTP/1.1" 301 - "-" "Mozilla/5.0 (Macintosh; Intel Mac OS X 10_12_6) AppleWebKit/537.36 (KHTML, like Gecko) Brave Chrome/89.0.4389.90 Safari/537.36"
206.1.31.15 - - [27/Apr/2026:19:14:13 +0000] "GET /node/.env HTTP/1.1" 500 2556 "-" "Mozilla/5.0"
206.1.31.15 - - [27/Apr/2026:19:14:13 +0000] "GET /.env.prod HTTP/1.1" 500 2508 "-" "Mozilla/5.0"
206.1.31.15 - - [27/Apr/2026:19:14:13 +0000] "GET /app/.env HTTP/1.1" 500 2508 "-" "Mozilla/5.0"
206.1.31.15 - - [27/Apr/2026:19:14:13 +0000] "GET /html/.env HTTP/1.1" 500 2508 "-" "Mozilla/5.0"
206.1.31.15 - - [27/Apr/2026:19:14:13 +0000] "GET /auth.json HTTP/1.1" 500 2508 "-" "Mozilla/5.0"
206.1.31.15 - - [27/Apr/2026:19:14:13 +0000] "GET /node/.env.development HTTP/1.1" 500 2508 "-" "Mozilla/5.0"
206.1.31.15 - - [27/Apr/2026:19:14:13 +0000] "GET /django/.env.prod HTTP/1.1" 500 2508 "-" "Mozilla/5.0"
206.1.31.15 - - [27/Apr/2026:19:14:13 +0000] "GET /.env.dist HTTP/1.1" 500 2508 "-" "Mozilla/5.0"
206.1.31.15 - - [27/Apr/2026:19:14:13 +0000] "GET /.env.container HTTP/1.1" 500 2556 "-" "Mozilla/5.0"
206.1.31.15 - - [27/Apr/2026:19:14:13 +0000] "GET /secrets.json HTTP/1.1" 500 2556 "-" "Mozilla/5.0"
206.1.31.15 - - [27/Apr/2026:19:14:13 +0000] "GET /docker.env HTTP/1.1" 500 2556 "-" "Mozilla/5.0"
184.94.212.206 - - [27/Apr/2026:19:15:24 +0000] "POST /wp-cron.php?doing_wp_cron=1777317323.9453699588775634765625 HTTP/1.1" 200 - "-" "WordPress/6.9.4; http://tophobbydrone.com"
184.94.212.206 - - [27/Apr/2026:19:15:24 +0000] "POST /wp-cron.php?doing_wp_cron=1777317323.9397790431976318359375 HTTP/1.1" 200 - "-" "WordPress/6.9.4; http://tophobbydrone.com"
184.94.212.206 - - [27/Apr/2026:19:15:24 +0000] "POST /wp-cron.php?doing_wp_cron=1777317323.9442219734191894531250 HTTP/1.1" 200 - "-" "WordPress/6.9.4; http://tophobbydrone.com"
184.94.212.206 - - [27/Apr/2026:19:17:24 +0000] "POST /wp-cron.php?doing_wp_cron=1777317444.2875139713287353515625 HTTP/1.1" 200 - "-" "WordPress/6.9.4; http://tophobbydrone.com"
192.0.84.117 - - [27/Apr/2026:19:17:22 +0000] "HEAD / HTTP/1.1" 200 - "-" "jetmon/1.0 (Jetpack Site Uptime Monitor by WordPress.com)"
184.94.212.206 - - [27/Apr/2026:19:22:24 +0000] "POST /wp-cron.php?doing_wp_cron=1777317744.3325390815734863281250 HTTP/1.1" 200 - "-" "WordPress/6.9.4; http://tophobbydrone.com"
192.0.84.117 - - [27/Apr/2026:19:22:22 +0000] "HEAD / HTTP/1.1" 200 - "-" "jetmon/1.0 (Jetpack Site Uptime Monitor by WordPress.com)"
216.73.216.183 - - [27/Apr/2026:19:23:37 +0000] "GET /robots.txt HTTP/1.1" 200 143 "-" "Mozilla/5.0 AppleWebKit/537.36 (KHTML, like Gecko; compatible; ClaudeBot/1.0; +claudebot@anthropic.com)"
216.73.216.183 - - [27/Apr/2026:19:23:38 +0000] "GET /news-sitemap.xml HTTP/1.1" 200 312 "-" "Mozilla/5.0 AppleWebKit/537.36 (KHTML, like Gecko; compatible; ClaudeBot/1.0; +claudebot@anthropic.com)"
184.94.212.206 - - [27/Apr/2026:19:26:25 +0000] "POST /wp-cron.php?doing_wp_cron=1777317985.6087179183959960937500 HTTP/1.1" 200 - "-" "WordPress/6.9.4; http://tophobbydrone.com"
216.73.216.183 - - [27/Apr/2026:19:26:23 +0000] "GET /sitemap_index.xml HTTP/1.1" 200 351 "-" "Mozilla/5.0 AppleWebKit/537.36 (KHTML, like Gecko; compatible; ClaudeBot/1.0; +claudebot@anthropic.com)"
192.0.84.117 - - [27/Apr/2026:19:27:22 +0000] "HEAD / HTTP/1.1" 200 - "-" "jetmon/1.0 (Jetpack Site Uptime Monitor by WordPress.com)"
184.94.212.206 - - [27/Apr/2026:19:32:23 +0000] "POST /wp-cron.php?doing_wp_cron=1777318343.8314781188964843750000 HTTP/1.1" 200 - "-" "WordPress/6.9.4; http://tophobbydrone.com"
192.0.84.117 - - [27/Apr/2026:19:32:22 +0000] "HEAD / HTTP/1.1" 200 - "-" "jetmon/1.0 (Jetpack Site Uptime Monitor by WordPress.com)"
34.152.119.254 - - [27/Apr/2026:19:33:19 +0000] "HEAD /backup/ HTTP/1.1" 404 - "-" "Mozilla/5.0 (Linux; Android 13; Infinix X688B) AppleWebKit/537.36 (KHTML, like Gecko) Chrome/124.0.6367.48 Mobile Safari/537.36"
34.152.119.254 - - [27/Apr/2026:19:33:21 +0000] "HEAD / HTTP/1.1" 200 - "-" "Mozilla/5.0 (Windows NT 10.0; Win64; x64) AppleWebKit/537.36 (KHTML, like Gecko) Chrome/125.0.6422.112 Safari/537.36 Brave/1.63.120"
34.152.119.254 - - [27/Apr/2026:19:33:22 +0000] "HEAD /old/ HTTP/1.1" 404 - "-" "Mozilla/5.0 (X11; Fedora; Linux x86_64; rv:125.0) Gecko/20100101 Firefox/125.0"
34.152.119.254 - - [27/Apr/2026:19:33:23 +0000] "HEAD /wp/ HTTP/1.1" 404 - "-" "Mozilla/5.0 (Linux; Android 13; Infinix X688B) AppleWebKit/537.36 (KHTML, like Gecko) Chrome/124.0.6367.48 Mobile Safari/537.36"
34.152.119.254 - - [27/Apr/2026:19:33:23 +0000] "HEAD /new/ HTTP/1.1" 404 - "-" "Mozilla/5.0 (Linux; Android 13; Nokia G42 5G) AppleWebKit/537.36 (KHTML, like Gecko) Chrome/126.0.6478.41 Mobile Safari/537.36"
34.152.119.254 - - [27/Apr/2026:19:33:24 +0000] "HEAD /blog/ HTTP/1.1" 404 - "-" "Mozilla/5.0 (Windows NT 11.0; Win64; x64) AppleWebKit/537.36 (KHTML, like Gecko) Chrome/128.0.6540.18 Safari/537.36"
34.152.119.254 - - [27/Apr/2026:19:33:25 +0000] "HEAD /wordpress/ HTTP/1.1" 404 - "-" "Mozilla/5.0 (Windows NT 11.0; Win64; x64) AppleWebKit/537.36 (KHTML, like Gecko) Chrome/128.0.6540.18 Safari/537.36"
114.119.155.153 - - [27/Apr/2026:19:33:37 +0000] "GET /want_to_better_understand_hobbies_check_this_out-jpg/ HTTP/1.1" 301 - "https://tophobbydrone.com/image-sitemap-1.xml" "Mozilla/5.0 (Linux; Android 7.0;) AppleWebKit/537.36 (HTML, like Gecko) Mobile Safari/537.36 (compatible; PetalBot;+https://webmaster.petalsearch.com/site/petalbot)"
114.119.155.153 - - [27/Apr/2026:19:33:38 +0000] "GET /wp-content/uploads/2020/04/want_to_better_understand_hobbies_check_this_out.jpg HTTP/1.1" 200 62527 "https://tophobbydrone.com/image-sitemap-1.xml" "Mozilla/5.0 (Linux; Android 7.0;) AppleWebKit/537.36 (HTML, like Gecko) Mobile Safari/537.36 (compatible; PetalBot;+https://webmaster.petalsearch.com/site/petalbot)"
107.20.255.194 - - [27/Apr/2026:19:33:55 +0000] "GET /author/h0tn1ch3s/feed/ HTTP/1.1" 200 19507 "-" "Mozilla/5.0 AppleWebKit/537.36 (KHTML, like Gecko; compatible; Amazonbot/0.1; +https://developer.amazon.com/support/amazonbot) Chrome/119.0.6045.214 Safari/537.36"
184.94.212.206 - - [27/Apr/2026:19:36:28 +0000] "POST /wp-cron.php?doing_wp_cron=1777318588.9894249439239501953125 HTTP/1.1" 200 - "-" "WordPress/6.9.4; http://tophobbydrone.com"
98.82.59.253 - - [27/Apr/2026:19:36:27 +0000] "GET /wp-json/wp/v2/pages/58 HTTP/1.1" 200 2748 "-" "Mozilla/5.0 AppleWebKit/537.36 (KHTML, like Gecko; compatible; Amazonbot/0.1; +https://developer.amazon.com/support/amazonbot) Chrome/119.0.6045.214 Safari/537.36"
184.94.212.206 - - [27/Apr/2026:19:44:09 +0000] "POST /wp-cron.php?doing_wp_cron=1777319049.6440699100494384765625 HTTP/1.1" 200 - "-" "WordPress/6.9.4; http://tophobbydrone.com"
57.141.18.39 - - [27/Apr/2026:19:44:08 +0000] "GET /wondering_what_type_of_hobby_would_be_best_for_you_read_these_tips-jpg/ HTTP/1.1" 301 - "-" "meta-externalagent/1.1 (+https://developers.facebook.com/docs/sharing/webmasters/crawler)"
57.141.18.89 - - [27/Apr/2026:19:45:00 +0000] "GET /tips_for_making_the_most_of_your_hobby_time-jpg/ HTTP/1.1" 301 - "-" "meta-externalagent/1.1 (+https://developers.facebook.com/docs/sharing/webmasters/crawler)"
63.131.146.5 - - [27/Apr/2026:19:57:59 +0000] "POST /wp-login.php HTTP/1.1" 200 4389 "-" "Mozilla/5.0 (Windows NT 10.0; WOW64) AppleWebKit/537.36 (KHTML, like Gecko) Chrome/139.0.0.0 Safari/537.36"
57.141.18.62 - - [27/Apr/2026:20:22:26 +0000] "GET /what_to_consider_when_starting_a_new_hobby-jpg/ HTTP/1.1" 301 - "-" "meta-externalagent/1.1 (+https://developers.facebook.com/docs/sharing/webmasters/crawler)"
216.73.216.183 - - [27/Apr/2026:20:29:27 +0000] "GET /robots.txt HTTP/1.1" 200 143 "-" "Mozilla/5.0 AppleWebKit/537.36 (KHTML, like Gecko; compatible; ClaudeBot/1.0; +claudebot@anthropic.com)"
216.73.216.183 - - [27/Apr/2026:20:29:29 +0000] "GET /sitemap.xml HTTP/1.1" 200 306 "-" "Mozilla/5.0 AppleWebKit/537.36 (KHTML, like Gecko; compatible; ClaudeBot/1.0; +claudebot@anthropic.com)"
216.73.216.183 - - [27/Apr/2026:20:29:35 +0000] "GET /news-sitemap.xml HTTP/1.1" 200 312 "-" "Mozilla/5.0 AppleWebKit/537.36 (KHTML, like Gecko; compatible; ClaudeBot/1.0; +claudebot@anthropic.com)"
216.73.216.183 - - [27/Apr/2026:20:31:04 +0000] "GET /sitemap_index.xml HTTP/1.1" 200 351 "-" "Mozilla/5.0 AppleWebKit/537.36 (KHTML, like Gecko; compatible; ClaudeBot/1.0; +claudebot@anthropic.com)"
116.179.32.241 - - [27/Apr/2026:20:36:22 +0000] "GET /author/thesilentwhisperer/ HTTP/1.1" 200 16762 "-" "Mozilla/5.0 (Linux;u;Android 4.2.2;zh-cn;) AppleWebKit/534.46 (KHTML,like Gecko) Version/5.1 Mobile Safari/10600.6.3 (compatible; Baiduspider/2.0; +http://www.baidu.com/search/spider.html)"
192.0.118.114 - - [27/Apr/2026:20:36:34 +0000] "GET /wp-content/uploads/2023/02/DJI-Mavic-Air-2-scaled-e1676997371570.jpg HTTP/1.1" 200 22293 "-" "Photon/1.0"
43.163.99.147 - - [27/Apr/2026:20:36:58 +0000] "GET /robots.txt HTTP/1.1" 200 143 "-" "Mozilla/5.0 (Macintosh; Intel Mac OS X 10_15_7) AppleWebKit/537.36 (KHTML, like Gecko) Chrome/145.0.0.0 Safari/537.36"
57.141.18.119 - - [27/Apr/2026:20:45:38 +0000] "GET /sitemap_index.xml HTTP/1.1" 200 915 "-" "meta-externalagent/1.1 (+https://developers.facebook.com/docs/sharing/webmasters/crawler)"
185.191.171.9 - - [27/Apr/2026:21:03:25 +0000] "GET /robots.txt HTTP/1.1" 200 143 "-" "Mozilla/5.0 (compatible; SemrushBot/7~bl; +http://www.semrush.com/bot.html)"
185.191.171.5 - - [27/Apr/2026:21:03:27 +0000] "GET /tag/growing-flowers/ HTTP/1.1" 200 9869 "-" "Mozilla/5.0 (compatible; SemrushBot/7~bl; +http://www.semrush.com/bot.html)"
184.94.212.206 - - [27/Apr/2026:21:05:18 +0000] "POST /wp-cron.php?doing_wp_cron=1777323918.5361480712890625000000 HTTP/1.1" 200 - "-" "WordPress/6.9.4; http://tophobbydrone.com"
17.22.237.86 - - [27/Apr/2026:21:05:17 +0000] "GET /hobbies_confusing_you_this_article_will_clear_it_up_for_you-jpg/ HTTP/1.1" 301 - "-" "Mozilla/5.0 (Macintosh; Intel Mac OS X 10_15_7) AppleWebKit/605.1.15 (KHTML, like Gecko) Version/17.4 Safari/605.1.15 (Applebot/0.1; +http://www.apple.com/go/applebot)"
17.22.237.86 - - [27/Apr/2026:21:05:18 +0000] "GET /wp-content/uploads/2020/04/hobbies_confusing_you_this_article_will_clear_it_up_for_you.jpg HTTP/1.1" 200 47744 "-" "Mozilla/5.0 (Macintosh; Intel Mac OS X 10_15_7) AppleWebKit/605.1.15 (KHTML, like Gecko) Version/17.4 Safari/605.1.15 (Applebot/0.1; +http://www.apple.com/go/applebot)"
184.94.212.206 - - [27/Apr/2026:21:06:11 +0000] "POST /wp-cron.php?doing_wp_cron=1777323971.4534959793090820312500 HTTP/1.1" 200 - "-" "WordPress/6.9.4; http://tophobbydrone.com"
17.241.75.107 - - [27/Apr/2026:21:06:10 +0000] "GET /fly-like-a-pro-the-top-10-most-popular-hobby-drones-of-the-year-revealed/dji-mavic-air-2-4/ HTTP/1.1" 301 - "-" "Mozilla/5.0 (Macintosh; Intel Mac OS X 10_15_7) AppleWebKit/605.1.15 (KHTML, like Gecko) Version/17.4 Safari/605.1.15 (Applebot/0.1; +http://www.apple.com/go/applebot)"
17.241.75.107 - - [27/Apr/2026:21:06:11 +0000] "GET /wp-content/uploads/2023/02/DJI-Mavic-Air-2-1-2-scaled-e1676997473670.jpg HTTP/1.1" 200 26590 "-" "Mozilla/5.0 (Macintosh; Intel Mac OS X 10_15_7) AppleWebKit/605.1.15 (KHTML, like Gecko) Version/17.4 Safari/605.1.15 (Applebot/0.1; +http://www.apple.com/go/applebot)"
184.94.212.206 - - [27/Apr/2026:21:07:04 +0000] "POST /wp-cron.php?doing_wp_cron=1777324024.9374949932098388671875 HTTP/1.1" 200 - "-" "WordPress/6.9.4; http://tophobbydrone.com"
57.141.18.0 - - [27/Apr/2026:21:07:03 +0000] "GET /excellent_tips_to_get_you_thinking_about_hobbies-jpg/ HTTP/1.1" 301 - "-" "meta-externalagent/1.1 (+https://developers.facebook.com/docs/sharing/webmasters/crawler)"
17.241.227.6 - - [27/Apr/2026:21:11:44 +0000] "GET /considering_a_hobby_here_are_some_tips-jpg/ HTTP/1.1" 301 - "-" "Mozilla/5.0 (Macintosh; Intel Mac OS X 10_15_7) AppleWebKit/605.1.15 (KHTML, like Gecko) Version/17.4 Safari/605.1.15 (Applebot/0.1; +http://www.apple.com/go/applebot)"
17.241.227.6 - - [27/Apr/2026:21:11:46 +0000] "GET /wp-content/uploads/2020/04/considering_a_hobby_here_are_some_tips.jpg HTTP/1.1" 200 26959 "-" "Mozilla/5.0 (Macintosh; Intel Mac OS X 10_15_7) AppleWebKit/605.1.15 (KHTML, like Gecko) Version/17.4 Safari/605.1.15 (Applebot/0.1; +http://www.apple.com/go/applebot)"
184.94.212.206 - - [27/Apr/2026:21:14:54 +0000] "POST /wp-cron.php?doing_wp_cron=1777324494.8484489917755126953125 HTTP/1.1" 200 - "-" "WordPress/6.9.4; http://tophobbydrone.com"
57.141.18.9 - - [27/Apr/2026:21:14:53 +0000] "GET /looking_for_some_hobbies_check_out_these_ideas-jpg-4/ HTTP/1.1" 301 - "-" "meta-externalagent/1.1 (+https://developers.facebook.com/docs/sharing/webmasters/crawler)"
216.73.216.183 - - [27/Apr/2026:21:20:11 +0000] "GET /sitemap_index.xml HTTP/1.1" 200 351 "-" "Mozilla/5.0 AppleWebKit/537.36 (KHTML, like Gecko; compatible; ClaudeBot/1.0; +claudebot@anthropic.com)"
157.66.211.215 - - [27/Apr/2026:21:22:55 +0000] "GET /wp-json/wp/v2/posts HTTP/1.1" 200 35475 "-" "Mozilla/5.0 (Windows NT 10.0; Win64; x64) AppleWebKit/537.36 (KHTML, like Gecko) Chrome/120.0.0.0 Safari/537.36"
157.66.211.215 - - [27/Apr/2026:21:23:06 +0000] "POST /wp-comments-post.php HTTP/1.1" 302 - "-" "Mozilla/5.0 (Windows NT 10.0; Win64; x64) AppleWebKit/537.36 (KHTML, like Gecko) Chrome/120.0.0.0 Safari/537.36"
184.94.212.206 - - [27/Apr/2026:21:23:07 +0000] "GET /wp-json/jetpack/v4/sync/spawn-sync?time=1777324987&request_lock_id=8caeedd7-4e0d-483d-b8da-d348b6a72078 HTTP/1.1" 200 37 "-" "WordPress/6.9.4; http://tophobbydrone.com"
178.18.249.91 - - [27/Apr/2026:21:23:08 +0000] "POST /wp-login.php HTTP/1.1" 401 1443 "-" "Mozilla/5.0 (Windows NT 10.0; Win64; x64; rv:143.0) Gecko/20100101 Firefox/143.0"
192.0.89.121 - - [27/Apr/2026:21:24:12 +0000] "GET /feed/ HTTP/1.1" 200 22634 "-" "wp.com feedbot/1.0 (+https://wp.com;subscribers=1;feed-id=103996659)"
51.89.129.133 - - [27/Apr/2026:21:29:57 +0000] "GET /robots.txt HTTP/1.1" 200 143 "-" "Mozilla/5.0 (compatible; AhrefsBot/7.0; +http://ahrefs.com/robot/)"
15.235.98.215 - - [27/Apr/2026:21:29:59 +0000] "GET /sitemap_index.xml HTTP/1.1" 200 351 "-" "Mozilla/5.0 (compatible; AhrefsBot/7.0; +http://ahrefs.com/robot/)"
51.222.168.10 - - [27/Apr/2026:21:30:01 +0000] "GET /post-sitemap.xml HTTP/1.1" 200 1617 "-" "Mozilla/5.0 (compatible; AhrefsBot/7.0; +http://ahrefs.com/robot/)"
167.114.139.15 - - [27/Apr/2026:21:30:04 +0000] "GET /page-sitemap.xml HTTP/1.1" 200 518 "-" "Mozilla/5.0 (compatible; AhrefsBot/7.0; +http://ahrefs.com/robot/)"
15.235.98.254 - - [27/Apr/2026:21:30:06 +0000] "GET /category-sitemap.xml HTTP/1.1" 200 450 "-" "Mozilla/5.0 (compatible; AhrefsBot/7.0; +http://ahrefs.com/robot/)"
15.235.27.137 - - [27/Apr/2026:21:30:08 +0000] "GET /post_tag-sitemap.xml HTTP/1.1" 200 765 "-" "Mozilla/5.0 (compatible; AhrefsBot/7.0; +http://ahrefs.com/robot/)"
15.235.27.213 - - [27/Apr/2026:21:30:11 +0000] "GET /author-sitemap.xml HTTP/1.1" 200 396 "-" "Mozilla/5.0 (compatible; AhrefsBot/7.0; +http://ahrefs.com/robot/)"
185.74.81.105 - - [27/Apr/2026:21:32:00 +0000] "POST /wp-login.php HTTP/1.1" 401 1443 "-" "Mozilla/5.0 (Windows NT 10.0; WOW64) AppleWebKit/537.36 (KHTML, like Gecko) Chrome/138.0.0.0 Safari/537.36 Edg/138.0.0.0"
216.244.66.226 - - [27/Apr/2026:21:39:00 +0000] "GET /robots.txt HTTP/1.1" 200 271 "-" "Mozilla/5.0 (compatible; DotBot/1.2; +https://opensiteexplorer.org/dotbot; help@moz.com)"
57.141.18.60 - - [27/Apr/2026:21:42:44 +0000] "GET /this_article_will_teach_you_about_hobbies-jpg/ HTTP/1.1" 301 - "-" "meta-externalagent/1.1 (+https://developers.facebook.com/docs/sharing/webmasters/crawler)"
184.94.212.206 - - [27/Apr/2026:21:46:03 +0000] "POST /wp-cron.php?doing_wp_cron=1777326363.8039829730987548828125 HTTP/1.1" 200 - "-" "WordPress/6.9.4; http://tophobbydrone.com"
34.140.181.23 - - [27/Apr/2026:21:46:00 +0000] "POST /wp-login.php HTTP/1.1" 401 1443 "-" "Mozilla/5.0 (Windows NT 10.0; WOW64) AppleWebKit/537.43 (KHTML, like Gecko) Chrome/139.0.0.0 Safari/537.36 OPR/123.0.0.0"
17.241.219.241 - - [27/Apr/2026:21:46:20 +0000] "GET /the_information_about_hobbies_in_this_article_is_priceless-jpg-2/ HTTP/1.1" 301 - "-" "Mozilla/5.0 (Macintosh; Intel Mac OS X 10_15_7) AppleWebKit/605.1.15 (KHTML, like Gecko) Version/17.4 Safari/605.1.15 (Applebot/0.1; +http://www.apple.com/go/applebot)"
17.241.219.241 - - [27/Apr/2026:21:46:21 +0000] "GET /wp-content/uploads/2020/05/the_information_about_hobbies_in_this_article_is_priceless-1.jpg HTTP/1.1" 200 85910 "-" "Mozilla/5.0 (Macintosh; Intel Mac OS X 10_15_7) AppleWebKit/605.1.15 (KHTML, like Gecko) Version/17.4 Safari/605.1.15 (Applebot/0.1; +http://www.apple.com/go/applebot)"
216.244.66.226 - - [27/Apr/2026:21:48:33 +0000] "GET /finding-a-build-your-own-drone-kit/?share=twitter HTTP/1.1" 302 - "-" "Mozilla/5.0 (compatible; DotBot/1.2; +https://opensiteexplorer.org/dotbot; help@moz.com)"
184.94.212.206 - - [27/Apr/2026:21:51:23 +0000] "POST /wp-cron.php?doing_wp_cron=1777326683.8178970813751220703125 HTTP/1.1" 200 - "-" "WordPress/6.9.4; http://tophobbydrone.com"
121.200.216.6 - - [27/Apr/2026:21:51:21 +0000] "POST /wp-login.php HTTP/1.1" 401 1441 "-" "Mozilla/5.0 (Windows NT 10.0; Win64; x64; rv:140.0) Gecko/20100101 Firefox/140.0"
192.0.84.117 - - [27/Apr/2026:21:52:22 +0000] "HEAD / HTTP/1.1" 200 - "-" "jetmon/1.0 (Jetpack Site Uptime Monitor by WordPress.com)"
57.141.18.1 - - [27/Apr/2026:21:52:26 +0000] "GET /great_advice_for_hobbies_that_you_can_use-jpg/ HTTP/1.1" 301 - "-" "meta-externalagent/1.1 (+https://developers.facebook.com/docs/sharing/webmasters/crawler)"
184.94.212.206 - - [27/Apr/2026:21:57:25 +0000] "POST /wp-cron.php?doing_wp_cron=1777327045.1458840370178222656250 HTTP/1.1" 200 - "-" "WordPress/6.9.4; http://tophobbydrone.com"
192.0.84.117 - - [27/Apr/2026:21:57:23 +0000] "HEAD / HTTP/1.1" 200 - "-" "jetmon/1.0 (Jetpack Site Uptime Monitor by WordPress.com)"
131.222.251.119 - - [27/Apr/2026:21:58:02 +0000] "GET /wp-json/wp/v2/posts HTTP/1.1" 200 35475 "-" "Mozilla/5.0 (Windows NT 10.0; Win64; x64) AppleWebKit/537.36 (KHTML, like Gecko) Chrome/120.0.0.0 Safari/537.36"
131.222.251.119 - - [27/Apr/2026:21:58:04 +0000] "POST /wp-comments-post.php HTTP/1.1" 302 - "-" "Mozilla/5.0 (Windows NT 10.0; Win64; x64) AppleWebKit/537.36 (KHTML, like Gecko) Chrome/120.0.0.0 Safari/537.36"
184.94.212.206 - - [27/Apr/2026:21:58:05 +0000] "GET /wp-json/jetpack/v4/sync/spawn-sync?time=1777327085&request_lock_id=c7ef85db-dcc3-4bf4-9276-6a9cf001cfa5 HTTP/1.1" 200 37 "-" "WordPress/6.9.4; http://tophobbydrone.com"
131.222.251.119 - - [27/Apr/2026:21:58:06 +0000] "POST /wp-comments-post.php HTTP/1.1" 429 1121 "-" "Mozilla/5.0 (Windows NT 10.0; Win64; x64) AppleWebKit/537.36 (KHTML, like Gecko) Chrome/120.0.0.0 Safari/537.36"
184.94.212.206 - - [27/Apr/2026:21:59:19 +0000] "POST /wp-cron.php?doing_wp_cron=1777327159.3552460670471191406250 HTTP/1.1" 200 - "-" "WordPress/6.9.4; http://tophobbydrone.com"
192.0.113.85 - - [27/Apr/2026:21:59:17 +0000] "GET /feed/ HTTP/1.1" 200 22634 "-" "wp.com feedbot/1.0 (+https://wp.com;subscribers=1;feed-id=103996659)"
184.94.212.206 - - [27/Apr/2026:22:02:26 +0000] "POST /wp-cron.php?doing_wp_cron=1777327346.6579771041870117187500 HTTP/1.1" 200 - "-" "WordPress/6.9.4; http://tophobbydrone.com"
192.0.84.117 - - [27/Apr/2026:22:02:25 +0000] "HEAD / HTTP/1.1" 200 - "-" "jetmon/1.0 (Jetpack Site Uptime Monitor by WordPress.com)"
184.94.212.206 - - [27/Apr/2026:22:05:41 +0000] "POST /wp-cron.php?doing_wp_cron=1777327541.0964629650115966796875 HTTP/1.1" 200 - "-" "WordPress/6.9.4; http://tophobbydrone.com"
172.212.217.10 - - [27/Apr/2026:22:05:39 +0000] "GET /wp-content/plugins/hellopress/wp_filemanager.php HTTP/1.1" 404 38964 "-" "-"
172.212.217.10 - - [27/Apr/2026:22:05:41 +0000] "GET /settings.php HTTP/1.1" 404 38622 "-" "-"
172.212.217.10 - - [27/Apr/2026:22:05:42 +0000] "GET /sx.php HTTP/1.1" 404 38616 "-" "-"
172.212.217.10 - - [27/Apr/2026:22:05:42 +0000] "GET /connector.minimal.php HTTP/1.1" 404 38631 "-" "-"
172.212.217.10 - - [27/Apr/2026:22:05:43 +0000] "GET /.env.php.dist HTTP/1.1" 404 38623 "-" "-"
172.212.217.10 - - [27/Apr/2026:22:05:44 +0000] "GET /applications.php HTTP/1.1" 404 38626 "-" "-"
172.212.217.10 - - [27/Apr/2026:22:05:45 +0000] "GET /wp-config.php.swo HTTP/1.1" 404 38627 "-" "-"
184.94.212.206 - - [27/Apr/2026:22:05:47 +0000] "POST /wp-cron.php?doing_wp_cron=1777327547.5916600227355957031250 HTTP/1.1" 200 - "-" "WordPress/6.9.4; http://tophobbydrone.com"
172.212.217.10 - - [27/Apr/2026:22:05:46 +0000] "GET /ajax_officebuilding.php HTTP/1.1" 404 38633 "-" "-"
172.212.217.10 - - [27/Apr/2026:22:05:47 +0000] "GET /sys-details.php HTTP/1.1" 404 38625 "-" "-"
172.212.217.10 - - [27/Apr/2026:22:05:48 +0000] "GET /env.php HTTP/1.1" 404 38617 "-" "-"
172.212.217.10 - - [27/Apr/2026:22:05:49 +0000] "GET /release_info.php HTTP/1.1" 404 38626 "-" "-"
172.212.217.10 - - [27/Apr/2026:22:05:50 +0000] "GET /mailer_url.php HTTP/1.1" 404 38624 "-" "-"
172.212.217.10 - - [27/Apr/2026:22:05:51 +0000] "GET /iR7SzrsOUEP.php HTTP/1.1" 404 38625 "-" "-"
172.212.217.10 - - [27/Apr/2026:22:05:52 +0000] "GET /connector.php HTTP/1.1" 404 38623 "-" "-"
172.212.217.10 - - [27/Apr/2026:22:05:52 +0000] "GET /systeminfo.php HTTP/1.1" 404 38624 "-" "-"
172.212.217.10 - - [27/Apr/2026:22:05:53 +0000] "GET /wp-config.phpc HTTP/1.1" 404 38624 "-" "-"
172.212.217.10 - - [27/Apr/2026:22:05:54 +0000] "GET /showphpinfo.php HTTP/1.1" 404 38625 "-" "-"
172.212.217.10 - - [27/Apr/2026:22:05:55 +0000] "GET /main.php HTTP/1.1" 404 38618 "-" "-"
172.212.217.10 - - [27/Apr/2026:22:05:56 +0000] "GET /phpsysinfo.php HTTP/1.1" 404 38624 "-" "-"
172.212.217.10 - - [27/Apr/2026:22:05:57 +0000] "GET /phpinfo__.php HTTP/1.1" 404 38623 "-" "-"
172.212.217.10 - - [27/Apr/2026:22:05:58 +0000] "GET /sys-info.php HTTP/1.1" 404 38622 "-" "-"
172.212.217.10 - - [27/Apr/2026:22:05:58 +0000] "GET /profile.php HTTP/1.1" 404 38621 "-" "-"
172.212.217.10 - - [27/Apr/2026:22:05:59 +0000] "GET /defau1t.php HTTP/1.1" 404 38621 "-" "-"
172.212.217.10 - - [27/Apr/2026:22:06:00 +0000] "GET /fraie1p4.php HTTP/1.1" 404 38622 "-" "-"
172.212.217.10 - - [27/Apr/2026:22:06:01 +0000] "GET /routes.php HTTP/1.1" 404 38620 "-" "-"
172.212.217.10 - - [27/Apr/2026:22:06:02 +0000] "GET /del.php HTTP/1.1" 404 38617 "-" "-"
172.212.217.10 - - [27/Apr/2026:22:06:03 +0000] "GET /c99shell.php HTTP/1.1" 404 38622 "-" "-"
172.212.217.10 - - [27/Apr/2026:22:06:04 +0000] "GET /vv.php HTTP/1.1" 404 38616 "-" "-"
172.212.217.10 - - [27/Apr/2026:22:06:05 +0000] "GET /database.php HTTP/1.1" 404 38622 "-" "-"
172.212.217.10 - - [27/Apr/2026:22:06:05 +0000] "GET /smtp.php HTTP/1.1" 404 38618 "-" "-"
172.212.217.10 - - [27/Apr/2026:22:06:06 +0000] "GET /oo.php HTTP/1.1" 404 38616 "-" "-"
172.212.217.10 - - [27/Apr/2026:22:06:07 +0000] "GET /sk.php HTTP/1.1" 404 38616 "-" "-"
172.212.217.10 - - [27/Apr/2026:22:06:08 +0000] "GET /content.php888 HTTP/1.1" 404 38624 "-" "-"
172.212.217.10 - - [27/Apr/2026:22:06:09 +0000] "GET /loading.php HTTP/1.1" 404 38621 "-" "-"
172.212.217.10 - - [27/Apr/2026:22:06:10 +0000] "GET /kct.php HTTP/1.1" 404 38617 "-" "-"
172.212.217.10 - - [27/Apr/2026:22:06:11 +0000] "GET /ninja.php HTTP/1.1" 404 38619 "-" "-"
172.212.217.10 - - [27/Apr/2026:22:06:11 +0000] "GET /path.php HTTP/1.1" 404 38618 "-" "-"
172.212.217.10 - - [27/Apr/2026:22:06:13 +0000] "GET /wp-key.php HTTP/1.1" 404 38620 "-" "-"
172.212.217.10 - - [27/Apr/2026:22:06:14 +0000] "GET /pm.php HTTP/1.1" 404 38616 "-" "-"
172.212.217.10 - - [27/Apr/2026:22:06:15 +0000] "GET /phpcheck.php HTTP/1.1" 404 38622 "-" "-"
172.212.217.10 - - [27/Apr/2026:22:06:15 +0000] "GET /filesystems.php HTTP/1.1" 404 38625 "-" "-"
184.94.212.206 - - [27/Apr/2026:22:07:24 +0000] "POST /wp-cron.php?doing_wp_cron=1777327644.7588388919830322265625 HTTP/1.1" 200 - "-" "WordPress/6.9.4; http://tophobbydrone.com"
192.0.84.117 - - [27/Apr/2026:22:07:23 +0000] "HEAD / HTTP/1.1" 200 - "-" "jetmon/1.0 (Jetpack Site Uptime Monitor by WordPress.com)"
192.0.84.117 - - [27/Apr/2026:22:12:21 +0000] "HEAD / HTTP/1.1" 200 - "-" "jetmon/1.0 (Jetpack Site Uptime Monitor by WordPress.com)"
184.94.212.206 - - [27/Apr/2026:22:20:40 +0000] "POST /wp-cron.php?doing_wp_cron=1777328440.0880448818206787109375 HTTP/1.1" 200 - "-" "WordPress/6.9.4; http://tophobbydrone.com"
114.119.158.151 - - [27/Apr/2026:22:20:38 +0000] "GET /looking_for_some_hobbies_check_out_these_ideas-jpg-2 HTTP/1.1" 301 - "-" "Mozilla/5.0 (Linux; Android 7.0;) AppleWebKit/537.36 (HTML, like Gecko) Mobile Safari/537.36 (compatible; PetalBot;+https://webmaster.petalsearch.com/site/petalbot)"
114.119.158.151 - - [27/Apr/2026:22:20:40 +0000] "GET /wp-content/uploads/2020/05/looking_for_some_hobbies_check_out_these_ideas.jpg HTTP/1.1" 200 87050 "http://tophobbydrone.com/looking_for_some_hobbies_check_out_these_ideas-jpg-2" "Mozilla/5.0 (Linux; Android 7.0;) AppleWebKit/537.36 (HTML, like Gecko) Mobile Safari/537.36 (compatible; PetalBot;+https://webmaster.petalsearch.com/site/petalbot)"
184.94.212.206 - - [27/Apr/2026:22:21:21 +0000] "POST /wp-cron.php?doing_wp_cron=1777328481.0366089344024658203125 HTTP/1.1" 200 - "-" "WordPress/6.9.4; http://tophobbydrone.com"
43.157.148.38 - - [27/Apr/2026:22:21:20 +0000] "GET / HTTP/1.1" 200 11100 "-" "Mozilla/5.0 (iPhone; CPU iPhone OS 13_2_3 like Mac OS X) AppleWebKit/605.1.15 (KHTML, like Gecko) Version/13.0.3 Mobile/15E148 Safari/604.1"
114.119.140.13 - - [27/Apr/2026:22:23:15 +0000] "GET /headerlogo/ HTTP/1.1" 301 - "https://tophobbydrone.com/image-sitemap-1.xml" "Mozilla/5.0 (Linux; Android 7.0;) AppleWebKit/537.36 (HTML, like Gecko) Mobile Safari/537.36 (compatible; PetalBot;+https://webmaster.petalsearch.com/site/petalbot)"
114.119.140.13 - - [27/Apr/2026:22:23:16 +0000] "GET /wp-content/uploads/2020/02/headerlogo.png HTTP/1.1" 200 20817 "https://tophobbydrone.com/image-sitemap-1.xml" "Mozilla/5.0 (Linux; Android 7.0;) AppleWebKit/537.36 (HTML, like Gecko) Mobile Safari/537.36 (compatible; PetalBot;+https://webmaster.petalsearch.com/site/petalbot)"
184.94.212.206 - - [27/Apr/2026:22:37:18 +0000] "POST /wp-cron.php?doing_wp_cron=1777329438.4175300598144531250000 HTTP/1.1" 200 - "-" "WordPress/6.9.4; http://tophobbydrone.com"
216.73.216.183 - - [27/Apr/2026:22:37:16 +0000] "GET /robots.txt HTTP/1.1" 200 143 "-" "Mozilla/5.0 AppleWebKit/537.36 (KHTML, like Gecko; compatible; ClaudeBot/1.0; +claudebot@anthropic.com)"
216.73.216.183 - - [27/Apr/2026:22:37:18 +0000] "GET /sitemap.xml HTTP/1.1" 200 306 "-" "Mozilla/5.0 AppleWebKit/537.36 (KHTML, like Gecko; compatible; ClaudeBot/1.0; +claudebot@anthropic.com)"
216.73.216.183 - - [27/Apr/2026:22:37:19 +0000] "GET /news-sitemap.xml HTTP/1.1" 200 312 "-" "Mozilla/5.0 AppleWebKit/537.36 (KHTML, like Gecko; compatible; ClaudeBot/1.0; +claudebot@anthropic.com)"
120.71.59.24 - - [27/Apr/2026:22:38:56 +0000] "GET / HTTP/1.1" 301 - "-" "Mozilla/5.0 (iPhone; CPU iPhone OS 13_2_3 like Mac OS X) AppleWebKit/605.1.15 (KHTML, like Gecko) Version/13.0.3 Mobile/15E148 Safari/604.1"
120.71.59.24 - - [27/Apr/2026:22:38:58 +0000] "GET / HTTP/1.1" 200 11102 "http://www.tophobbydrone.com" "Mozilla/5.0 (iPhone; CPU iPhone OS 13_2_3 like Mac OS X) AppleWebKit/605.1.15 (KHTML, like Gecko) Version/13.0.3 Mobile/15E148 Safari/604.1"
216.73.216.183 - - [27/Apr/2026:22:45:27 +0000] "GET /sitemap_index.xml HTTP/1.1" 200 351 "-" "Mozilla/5.0 AppleWebKit/537.36 (KHTML, like Gecko; compatible; ClaudeBot/1.0; +claudebot@anthropic.com)"
91.245.210.195 - - [27/Apr/2026:22:54:54 +0000] "POST /wp-login.php HTTP/1.1" 401 1442 "-" "Mozilla/5.0 (Windows NT 10.0; rv:140.0) Gecko/20100101 Firefox/140.0"
184.94.212.206 - - [27/Apr/2026:23:06:19 +0000] "POST /wp-cron.php?doing_wp_cron=1777331179.0655701160430908203125 HTTP/1.1" 200 - "-" "WordPress/6.9.4; http://tophobbydrone.com"
114.119.141.80 - - [27/Apr/2026:23:06:17 +0000] "GET /robots.txt HTTP/1.1" 200 143 "-" "Mozilla/5.0 (compatible;PetalBot;+https://webmaster.petalsearch.com/site/petalbot)"
17.22.237.58 - - [27/Apr/2026:23:08:39 +0000] "GET /when_you_want_tips_on_hobbies_theyre_here-jpg/ HTTP/1.1" 301 - "-" "Mozilla/5.0 (Macintosh; Intel Mac OS X 10_15_7) AppleWebKit/605.1.15 (KHTML, like Gecko) Version/17.4 Safari/605.1.15 (Applebot/0.1; +http://www.apple.com/go/applebot)"
17.22.237.58 - - [27/Apr/2026:23:08:40 +0000] "GET /wp-content/uploads/2020/05/when_you_want_tips_on_hobbies_theyre_here.jpg HTTP/1.1" 200 60986 "-" "Mozilla/5.0 (Macintosh; Intel Mac OS X 10_15_7) AppleWebKit/605.1.15 (KHTML, like Gecko) Version/17.4 Safari/605.1.15 (Applebot/0.1; +http://www.apple.com/go/applebot)"
17.246.23.129 - - [27/Apr/2026:23:17:58 +0000] "GET /hobbies__everything_you_need_to_know_before_you_start-jpg/ HTTP/1.1" 301 - "-" "Mozilla/5.0 (Macintosh; Intel Mac OS X 10_15_7) AppleWebKit/605.1.15 (KHTML, like Gecko) Version/17.4 Safari/605.1.15 (Applebot/0.1; +http://www.apple.com/go/applebot)"
17.246.23.129 - - [27/Apr/2026:23:18:00 +0000] "GET /wp-content/uploads/2020/06/hobbies__everything_you_need_to_know_before_you_start.jpg HTTP/1.1" 200 76056 "-" "Mozilla/5.0 (Macintosh; Intel Mac OS X 10_15_7) AppleWebKit/605.1.15 (KHTML, like Gecko) Version/17.4 Safari/605.1.15 (Applebot/0.1; +http://www.apple.com/go/applebot)"
184.94.212.206 - - [27/Apr/2026:23:20:33 +0000] "POST /wp-cron.php?doing_wp_cron=1777332033.4349470138549804687500 HTTP/1.1" 200 - "-" "WordPress/6.9.4; http://tophobbydrone.com"
216.73.216.183 - - [27/Apr/2026:23:20:32 +0000] "GET /sitemap.xml HTTP/1.1" 200 306 "-" "Mozilla/5.0 AppleWebKit/537.36 (KHTML, like Gecko; compatible; ClaudeBot/1.0; +claudebot@anthropic.com)"
68.183.13.1 - - [27/Apr/2026:23:21:30 +0000] "POST /wp-login.php HTTP/1.1" 401 1441 "-" "Mozilla/5.0 (Windows NT 10.0; rv:140.0) Gecko/20100101 Firefox/140.0"
44.210.213.220 - - [27/Apr/2026:23:32:37 +0000] "GET /fly-like-a-pro-the-top-10-most-popular-hobby-drones-of-the-year-revealed/powervision-powereye-drone/ HTTP/1.1" 301 - "-" "Mozilla/5.0 AppleWebKit/537.36 (KHTML, like Gecko; compatible; Amazonbot/0.1; +https://developer.amazon.com/support/amazonbot) Chrome/119.0.6045.214 Safari/537.36"
98.82.63.147 - - [27/Apr/2026:23:32:38 +0000] "GET /wp-content/uploads/2023/02/PowerVision-PowerEye-Drone--e1677096049869.jpg HTTP/1.1" 200 14860 "-" "Mozilla/5.0 AppleWebKit/537.36 (KHTML, like Gecko; compatible; Amazonbot/0.1; +https://developer.amazon.com/support/amazonbot) Chrome/119.0.6045.214 Safari/537.36"
216.73.216.183 - - [27/Apr/2026:23:32:49 +0000] "GET /sitemap_index.xml HTTP/1.1" 200 351 "-" "Mozilla/5.0 AppleWebKit/537.36 (KHTML, like Gecko; compatible; ClaudeBot/1.0; +claudebot@anthropic.com)"
176.65.132.241 - - [27/Apr/2026:23:38:04 +0000] "GET /phpinfo.php HTTP/1.1" 500 1004 "http://tophobbydrone.primemusicproductions.com/" "Mozilla/5.0 (Linux; Android 14; Pixel 8) AppleWebKit/537.36 (KHTML, like Gecko) Chrome/131.0.0.0 Mobile Safari/537.36"
176.65.132.241 - - [27/Apr/2026:23:38:04 +0000] "GET /appsettings.json HTTP/1.1" 500 1004 "http://tophobbydrone.primemusicproductions.com/" "Mozilla/5.0 (Windows NT 10.0; Win64; x64; rv:133.0) Gecko/20100101 Firefox/133.0"
176.65.132.241 - - [27/Apr/2026:23:38:05 +0000] "GET /server.js HTTP/1.1" 500 1004 "http://tophobbydrone.primemusicproductions.com/" "Mozilla/5.0 (X11; Linux x86_64; rv:133.0) Gecko/20100101 Firefox/133.0"
176.65.132.241 - - [27/Apr/2026:23:38:04 +0000] "GET /wp-config.php HTTP/1.1" 500 1004 "http://tophobbydrone.primemusicproductions.com/" "Mozilla/5.0 (Windows NT 10.0; Win64; x64) AppleWebKit/537.36 (KHTML, like Gecko) Chrome/131.0.0.0 Safari/537.36 Edg/131.0.0.0"
176.65.132.241 - - [27/Apr/2026:23:38:04 +0000] "GET /app.js HTTP/1.1" 500 1004 "http://tophobbydrone.primemusicproductions.com/" "Mozilla/5.0 (Macintosh; Intel Mac OS X 10_15_7) AppleWebKit/605.1.15 (KHTML, like Gecko) Version/17.6 Safari/605.1.15"
176.65.132.241 - - [27/Apr/2026:23:38:05 +0000] "GET /config.php HTTP/1.1" 500 1004 "http://tophobbydrone.primemusicproductions.com/" "Mozilla/5.0 (X11; Linux x86_64) AppleWebKit/537.36 (KHTML, like Gecko) Chrome/131.0.0.0 Safari/537.36"
176.65.132.241 - - [27/Apr/2026:23:38:04 +0000] "GET /info.php HTTP/1.1" 500 1004 "http://tophobbydrone.primemusicproductions.com/" "Mozilla/5.0 (Windows NT 10.0; Win64; x64) AppleWebKit/537.36 (KHTML, like Gecko) Chrome/130.0.0.0 Safari/537.36"
176.65.132.241 - - [27/Apr/2026:23:37:56 +0000] "GET /server.js HTTP/1.1" 500 1076 "http://tophobbydrone.com/" "Mozilla/5.0 (Windows NT 10.0; Win64; x64) AppleWebKit/537.36 (KHTML, like Gecko) Chrome/131.0.0.0 Safari/537.36 Edg/131.0.0.0"
176.65.132.241 - - [27/Apr/2026:23:37:56 +0000] "GET /config.php HTTP/1.1" 500 1076 "http://tophobbydrone.com/" "Mozilla/5.0 (X11; Linux x86_64) AppleWebKit/537.36 (KHTML, like Gecko) Chrome/131.0.0.0 Safari/537.36"
176.65.132.241 - - [27/Apr/2026:23:37:56 +0000] "GET /appsettings.json HTTP/1.1" 500 1076 "http://tophobbydrone.com/" "Mozilla/5.0 (Macintosh; Intel Mac OS X 10.15; rv:133.0) Gecko/20100101 Firefox/133.0"
176.65.132.241 - - [27/Apr/2026:23:37:56 +0000] "GET /info.php HTTP/1.1" 500 1076 "http://tophobbydrone.com/" "Mozilla/5.0 (Windows NT 10.0; Win64; x64) AppleWebKit/537.36 (KHTML, like Gecko) Chrome/131.0.0.0 Safari/537.36 Edg/131.0.0.0"
176.65.132.241 - - [27/Apr/2026:23:37:56 +0000] "GET /wp-config.php HTTP/1.1" 500 1076 "http://tophobbydrone.com/" "Mozilla/5.0 (Windows NT 10.0; Win64; x64) AppleWebKit/537.36 (KHTML, like Gecko) Chrome/130.0.0.0 Safari/537.36"
176.65.132.241 - - [27/Apr/2026:23:37:56 +0000] "GET /.git/config HTTP/1.1" 500 1076 "http://tophobbydrone.com/" "Mozilla/5.0 (Macintosh; Intel Mac OS X 10_15_7) AppleWebKit/537.36 (KHTML, like Gecko) Chrome/131.0.0.0 Safari/537.36"
176.65.132.241 - - [27/Apr/2026:23:37:56 +0000] "GET /app.js HTTP/1.1" 500 1046 "http://tophobbydrone.com/" "Mozilla/5.0 (Macintosh; Intel Mac OS X 10_15_7) AppleWebKit/537.36 (KHTML, like Gecko) Chrome/131.0.0.0 Safari/537.36"
176.65.132.241 - - [27/Apr/2026:23:37:56 +0000] "GET /phpinfo.php HTTP/1.1" 500 1076 "http://tophobbydrone.com/" "Mozilla/5.0 (Macintosh; Intel Mac OS X 10_15_7) AppleWebKit/605.1.15 (KHTML, like Gecko) Version/17.6 Safari/605.1.15"
176.65.132.241 - - [27/Apr/2026:23:37:56 +0000] "GET /.env HTTP/1.1" 500 1076 "http://tophobbydrone.com/" "Mozilla/5.0 (Macintosh; Intel Mac OS X 10_15_7) AppleWebKit/605.1.15 (KHTML, like Gecko) Version/17.6 Safari/605.1.15"
176.65.132.241 - - [27/Apr/2026:23:38:04 +0000] "GET /.git/config HTTP/1.1" 404 9322 "http://tophobbydrone.primemusicproductions.com/" "Mozilla/5.0 (Macintosh; Intel Mac OS X 10_15_7) AppleWebKit/537.36 (KHTML, like Gecko) Chrome/131.0.0.0 Safari/537.36"
176.65.132.241 - - [27/Apr/2026:23:38:04 +0000] "GET /.env HTTP/1.1" 404 9320 "http://tophobbydrone.primemusicproductions.com/" "Mozilla/5.0 (Macintosh; Intel Mac OS X 10_15_7) AppleWebKit/537.36 (KHTML, like Gecko) Chrome/131.0.0.0 Safari/537.36"
176.65.132.241 - - [27/Apr/2026:23:42:22 +0000] "GET /application.yml HTTP/1.1" 404 9322 "http://tophobbydrone.primemusicproductions.com/" "Mozilla/5.0 (Windows NT 10.0; Win64; x64; rv:133.0) Gecko/20100101 Firefox/133.0"
176.65.132.241 - - [27/Apr/2026:23:42:22 +0000] "GET /composer.json HTTP/1.1" 404 9325 "http://tophobbydrone.primemusicproductions.com/" "Mozilla/5.0 (Linux; Android 14; Pixel 8) AppleWebKit/537.36 (KHTML, like Gecko) Chrome/131.0.0.0 Mobile Safari/537.36"
176.65.132.241 - - [27/Apr/2026:23:42:22 +0000] "GET /docker-compose.yml HTTP/1.1" 404 9331 "http://tophobbydrone.primemusicproductions.com/" "Mozilla/5.0 (Windows NT 10.0; Win64; x64; rv:133.0) Gecko/20100101 Firefox/133.0"
176.65.132.241 - - [27/Apr/2026:23:42:22 +0000] "GET /settings.php HTTP/1.1" 404 9320 "http://tophobbydrone.primemusicproductions.com/" "Mozilla/5.0 (Macintosh; Intel Mac OS X 10_15_7) AppleWebKit/537.36 (KHTML, like Gecko) Chrome/131.0.0.0 Safari/537.36"
176.65.132.241 - - [27/Apr/2026:23:42:22 +0000] "GET /db.php HTTP/1.1" 404 9319 "http://tophobbydrone.primemusicproductions.com/" "Mozilla/5.0 (Macintosh; Intel Mac OS X 10.15; rv:133.0) Gecko/20100101 Firefox/133.0"
176.65.132.241 - - [27/Apr/2026:23:42:22 +0000] "GET /database.php HTTP/1.1" 404 9322 "http://tophobbydrone.primemusicproductions.com/" "Mozilla/5.0 (X11; Linux x86_64; rv:133.0) Gecko/20100101 Firefox/133.0"
176.65.132.241 - - [27/Apr/2026:23:42:22 +0000] "GET /.gitconfig HTTP/1.1" 404 9322 "http://tophobbydrone.primemusicproductions.com/" "Mozilla/5.0 (Windows NT 10.0; Win64; x64) AppleWebKit/537.36 (KHTML, like Gecko) Chrome/131.0.0.0 Safari/537.36"
176.65.132.241 - - [27/Apr/2026:23:42:22 +0000] "GET /.env.bak HTTP/1.1" 404 9325 "http://tophobbydrone.primemusicproductions.com/" "Mozilla/5.0 (Windows NT 10.0; Win64; x64) AppleWebKit/537.36 (KHTML, like Gecko) Chrome/131.0.0.0 Safari/537.36 Edg/131.0.0.0"
176.65.132.241 - - [27/Apr/2026:23:42:22 +0000] "GET /web.config HTTP/1.1" 404 9322 "http://tophobbydrone.primemusicproductions.com/" "Mozilla/5.0 (Windows NT 10.0; Win64; x64) AppleWebKit/537.36 (KHTML, like Gecko) Chrome/131.0.0.0 Safari/537.36 Edg/131.0.0.0"
176.65.132.241 - - [27/Apr/2026:23:42:22 +0000] "GET /config.js HTTP/1.1" 404 9321 "http://tophobbydrone.primemusicproductions.com/" "Mozilla/5.0 (Windows NT 10.0; Win64; x64) AppleWebKit/537.36 (KHTML, like Gecko) Chrome/131.0.0.0 Safari/537.36 Edg/131.0.0.0"
176.65.132.241 - - [27/Apr/2026:23:43:06 +0000] "GET /settings.py HTTP/1.1" 404 9321 "http://tophobbydrone.primemusicproductions.com/" "Mozilla/5.0 (Macintosh; Intel Mac OS X 10.15; rv:133.0) Gecko/20100101 Firefox/133.0"
176.65.132.241 - - [27/Apr/2026:23:43:05 +0000] "GET /pinfo.php HTTP/1.1" 404 9321 "http://tophobbydrone.primemusicproductions.com/" "Mozilla/5.0 (Macintosh; Intel Mac OS X 10_15_7) AppleWebKit/605.1.15 (KHTML, like Gecko) Version/17.6 Safari/605.1.15"
176.65.132.241 - - [27/Apr/2026:23:43:05 +0000] "GET /server_info.php HTTP/1.1" 404 9325 "http://tophobbydrone.primemusicproductions.com/" "Mozilla/5.0 (Macintosh; Intel Mac OS X 10.15; rv:133.0) Gecko/20100101 Firefox/133.0"
176.65.132.241 - - [27/Apr/2026:23:43:06 +0000] "GET /.env-config.js HTTP/1.1" 404 9325 "http://tophobbydrone.primemusicproductions.com/" "Mozilla/5.0 (Windows NT 10.0; Win64; x64) AppleWebKit/537.36 (KHTML, like Gecko) Chrome/131.0.0.0 Safari/537.36 Edg/131.0.0.0"
176.65.132.241 - - [27/Apr/2026:23:43:06 +0000] "GET /phpinfo/info.php HTTP/1.1" 404 9325 "http://tophobbydrone.primemusicproductions.com/" "Mozilla/5.0 (Windows NT 10.0; Win64; x64) AppleWebKit/537.36 (KHTML, like Gecko) Chrome/130.0.0.0 Safari/537.36"
176.65.132.241 - - [27/Apr/2026:23:43:06 +0000] "GET /functions.php HTTP/1.1" 404 9321 "http://tophobbydrone.primemusicproductions.com/" "Mozilla/5.0 (Windows NT 10.0; Win64; x64) AppleWebKit/537.36 (KHTML, like Gecko) Chrome/131.0.0.0 Safari/537.36"
176.65.132.241 - - [27/Apr/2026:23:43:06 +0000] "GET /portal/phpinfo.php HTTP/1.1" 404 9327 "http://tophobbydrone.primemusicproductions.com/" "Mozilla/5.0 (Macintosh; Intel Mac OS X 10_15_7) AppleWebKit/605.1.15 (KHTML, like Gecko) Version/17.6 Safari/605.1.15"
176.65.132.241 - - [27/Apr/2026:23:43:06 +0000] "GET /test.php HTTP/1.1" 404 9320 "http://tophobbydrone.primemusicproductions.com/" "Mozilla/5.0 (Macintosh; Intel Mac OS X 10.15; rv:133.0) Gecko/20100101 Firefox/133.0"
176.65.132.241 - - [27/Apr/2026:23:43:06 +0000] "GET /.env.js HTTP/1.1" 404 9321 "http://tophobbydrone.primemusicproductions.com/" "Mozilla/5.0 (X11; Linux x86_64) AppleWebKit/537.36 (KHTML, like Gecko) Chrome/131.0.0.0 Safari/537.36"
176.65.132.241 - - [27/Apr/2026:23:43:05 +0000] "GET /config.json HTTP/1.1" 404 9322 "http://tophobbydrone.primemusicproductions.com/" "Mozilla/5.0 (X11; Linux x86_64) AppleWebKit/537.36 (KHTML, like Gecko) Chrome/131.0.0.0 Safari/537.36"
176.65.132.241 - - [27/Apr/2026:23:43:07 +0000] "GET /config/application.yml HTTP/1.1" 404 9326 "http://tophobbydrone.primemusicproductions.com/" "Mozilla/5.0 (Windows NT 10.0; Win64; x64) AppleWebKit/537.36 (KHTML, like Gecko) Chrome/130.0.0.0 Safari/537.36"
176.65.132.241 - - [27/Apr/2026:23:43:06 +0000] "GET /app/config/parameters.yml HTTP/1.1" 404 9395 "http://tophobbydrone.primemusicproductions.com/" "Mozilla/5.0 (Windows NT 10.0; Win64; x64) AppleWebKit/537.36 (KHTML, like Gecko) Chrome/131.0.0.0 Safari/537.36"
176.65.132.241 - - [27/Apr/2026:23:43:05 +0000] "GET /php_info.php HTTP/1.1" 404 9324 "http://tophobbydrone.primemusicproductions.com/" "Mozilla/5.0 (X11; Linux x86_64; rv:133.0) Gecko/20100101 Firefox/133.0"
176.65.132.241 - - [27/Apr/2026:23:43:06 +0000] "GET /index.php HTTP/1.1" 301 - "http://tophobbydrone.primemusicproductions.com/" "Mozilla/5.0 (X11; Linux x86_64) AppleWebKit/537.36 (KHTML, like Gecko) Chrome/131.0.0.0 Safari/537.36"
176.65.132.241 - - [27/Apr/2026:23:43:06 +0000] "GET /.aws/credentials HTTP/1.1" 404 9328 "http://tophobbydrone.primemusicproductions.com/" "Mozilla/5.0 (Windows NT 10.0; Win64; x64) AppleWebKit/537.36 (KHTML, like Gecko) Chrome/131.0.0.0 Safari/537.36 Edg/131.0.0.0"
176.65.132.241 - - [27/Apr/2026:23:43:06 +0000] "GET /config/parameters.yml HTTP/1.1" 404 9331 "http://tophobbydrone.primemusicproductions.com/" "Mozilla/5.0 (Windows NT 10.0; Win64; x64; rv:133.0) Gecko/20100101 Firefox/133.0"
176.65.132.241 - - [27/Apr/2026:23:43:05 +0000] "GET /configuration.php HTTP/1.1" 404 9323 "http://tophobbydrone.primemusicproductions.com/" "Mozilla/5.0 (Windows NT 10.0; Win64; x64; rv:133.0) Gecko/20100101 Firefox/133.0"
176.65.132.241 - - [27/Apr/2026:23:43:15 +0000] "GET / HTTP/1.1" 200 11097 "http://tophobbydrone.primemusicproductions.com/index.php" "Mozilla/5.0 (X11; Linux x86_64) AppleWebKit/537.36 (KHTML, like Gecko) Chrome/131.0.0.0 Safari/537.36"
57.141.18.91 - - [27/Apr/2026:23:43:26 +0000] "GET /seeking_knowledge_about_hobbies_you_need_to_read_this_article-jpg-2/ HTTP/1.1" 301 - "-" "meta-externalagent/1.1 (+https://developers.facebook.com/docs/sharing/webmasters/crawler)"
216.73.216.183 - - [27/Apr/2026:23:43:57 +0000] "GET /robots.txt HTTP/1.1" 200 143 "-" "Mozilla/5.0 AppleWebKit/537.36 (KHTML, like Gecko; compatible; ClaudeBot/1.0; +claudebot@anthropic.com)"
216.73.216.183 - - [27/Apr/2026:23:43:59 +0000] "GET /news-sitemap.xml HTTP/1.1" 200 312 "-" "Mozilla/5.0 AppleWebKit/537.36 (KHTML, like Gecko; compatible; ClaudeBot/1.0; +claudebot@anthropic.com)"
192.0.102.52 - - [27/Apr/2026:23:46:41 +0000] "GET /wp-content/uploads/2023/02/Syma-X5UW-D-1-e1677093391346.jpg HTTP/1.1" 200 8838 "-" "Photon/1.0"
184.94.212.206 - - [27/Apr/2026:23:54:24 +0000] "POST /wp-cron.php?doing_wp_cron=1777334064.6183559894561767578125 HTTP/1.1" 200 - "-" "WordPress/6.9.4; http://tophobbydrone.com"
154.196.71.236 - - [27/Apr/2026:23:54:23 +0000] "GET / HTTP/1.0" 200 47147 "http://tophobbydrone.com/" "Mozilla/5.0 (Windows NT 10.0; Win64; x64) AppleWebKit/537.36 (KHTML, like Gecko) Chrome/130.0.0.0 Safari/537.36 CCleaner/130.0.0.0"
47.244.90.157 - - [28/Apr/2026:00:11:52 +0000] "POST /wp-login.php HTTP/1.1" 401 1441 "-" "Mozilla/5.0 (Windows NT 10.0; Win64; x64) AppleWebKit/537.36 (KHTML, like Gecko) Chrome/139.0.0.0 Safari/537.36"
17.246.15.49 - - [28/Apr/2026:00:12:26 +0000] "GET /need_to_find_out_about_hobbies_read_this-jpg/ HTTP/1.1" 301 - "-" "Mozilla/5.0 (Macintosh; Intel Mac OS X 10_15_7) AppleWebKit/605.1.15 (KHTML, like Gecko) Version/17.4 Safari/605.1.15 (Applebot/0.1; +http://www.apple.com/go/applebot)"
17.246.15.49 - - [28/Apr/2026:00:12:27 +0000] "GET /wp-content/uploads/2020/04/need_to_find_out_about_hobbies_read_this.jpg HTTP/1.1" 200 50229 "-" "Mozilla/5.0 (Macintosh; Intel Mac OS X 10_15_7) AppleWebKit/605.1.15 (KHTML, like Gecko) Version/17.4 Safari/605.1.15 (Applebot/0.1; +http://www.apple.com/go/applebot)"
17.241.227.223 - - [28/Apr/2026:00:14:41 +0000] "GET /fly-like-a-pro-the-top-10-most-popular-hobby-drones-of-the-year-revealed/dji-phantom-4-pro-v2-0/?amp HTTP/1.1" 301 - "-" "Mozilla/5.0 (Macintosh; Intel Mac OS X 10_15_7) AppleWebKit/605.1.15 (KHTML, like Gecko) Version/17.4 Safari/605.1.15 (Applebot/0.1; +http://www.apple.com/go/applebot)"
17.241.227.223 - - [28/Apr/2026:00:14:43 +0000] "GET /wp-content/uploads/2023/02/DJI-Phantom-4-Pro-V2.0--e1677092439958.jpg HTTP/1.1" 200 5430 "-" "Mozilla/5.0 (Macintosh; Intel Mac OS X 10_15_7) AppleWebKit/605.1.15 (KHTML, like Gecko) Version/17.4 Safari/605.1.15 (Applebot/0.1; +http://www.apple.com/go/applebot)"
184.82.161.86 - - [28/Apr/2026:00:19:45 +0000] "GET /wp-json/wp/v2/posts HTTP/1.1" 200 35475 "-" "Mozilla/5.0 (Windows NT 10.0; Win64; x64) AppleWebKit/537.36 (KHTML, like Gecko) Chrome/120.0.0.0 Safari/537.36"
184.82.161.86 - - [28/Apr/2026:00:19:48 +0000] "POST /wp-comments-post.php HTTP/1.1" 302 - "-" "Mozilla/5.0 (Windows NT 10.0; Win64; x64) AppleWebKit/537.36 (KHTML, like Gecko) Chrome/120.0.0.0 Safari/537.36"
184.94.212.206 - - [28/Apr/2026:00:19:49 +0000] "GET /wp-json/jetpack/v4/sync/spawn-sync?time=1777335589&request_lock_id=f784abaa-525c-444b-b61f-d97df8ba2ee8 HTTP/1.1" 200 37 "-" "WordPress/6.9.4; http://tophobbydrone.com"
184.82.161.86 - - [28/Apr/2026:00:19:51 +0000] "POST /wp-comments-post.php HTTP/1.1" 429 1121 "-" "Mozilla/5.0 (Windows NT 10.0; Win64; x64) AppleWebKit/537.36 (KHTML, like Gecko) Chrome/120.0.0.0 Safari/537.36"
