216.244.66.228 - - [28/Apr/2026:06:30:15 +0000] "GET /category/essentials/page/8/ HTTP/1.1" 200 102806 "-" "Mozilla/5.0 (compatible; DotBot/1.2; +https://opensiteexplorer.org/dotbot; help@moz.com)"
83.142.209.158 - - [28/Apr/2026:06:30:17 +0000] "GET /portal HTTP/1.1" 404 66748 "-" "-"
184.94.212.206 - - [28/Apr/2026:06:30:19 +0000] "POST /wp-cron.php?doing_wp_cron=1777357819.3852989673614501953125 HTTP/1.1" 200 - "-" "WordPress/6.9.4; https://smarthomediscovery.com"
83.142.209.158 - - [28/Apr/2026:06:30:18 +0000] "GET /web HTTP/1.1" 404 66745 "-" "-"
184.94.212.206 - - [28/Apr/2026:06:31:21 +0000] "POST /wp-cron.php?doing_wp_cron=1777357881.9456770420074462890625 HTTP/1.1" 200 - "-" "WordPress/6.9.4; https://smarthomediscovery.com"
216.244.66.228 - - [28/Apr/2026:06:31:20 +0000] "GET /home-improvement-tips-to-use-on-your-next-project/?share=facebook HTTP/1.1" 302 - "-" "Mozilla/5.0 (compatible; DotBot/1.2; +https://opensiteexplorer.org/dotbot; help@moz.com)"
192.0.84.117 - - [28/Apr/2026:06:34:18 +0000] "HEAD / HTTP/1.1" 200 - "-" "jetmon/1.0 (Jetpack Site Uptime Monitor by WordPress.com)"
45.148.10.120 - - [28/Apr/2026:06:50:54 +0000] "GET /.git/config HTTP/1.1" 404 12793 "-" "Mozilla/5.0 (Linux; Android 9; HMA-L29) AppleWebKit/537.36 (KHTML, like Gecko) Chrome/76.0.3809.111 Mobile Safari/537.36"
146.70.40.70 - - [28/Apr/2026:06:57:44 +0000] "GET / HTTP/1.1" 200 97532 "-" "Mozilla/5.0 (Windows NT 10.0; Win64; x64) AppleWebKit/537.36 (KHTML, like Gecko) Chrome/78.0.3904.108 Safari/537.36"
146.70.40.70 - - [28/Apr/2026:06:57:47 +0000] "GET /?author=1 HTTP/1.1" 500 2541 "-" "Mozilla/5.0 (Windows NT 10.0; Win64; x64) AppleWebKit/537.36 (KHTML, like Gecko) Chrome/78.0.3904.108 Safari/537.36"
146.70.40.70 - - [28/Apr/2026:06:57:48 +0000] "GET /?author=2 HTTP/1.1" 500 2541 "-" "Mozilla/5.0 (Windows NT 10.0; Win64; x64) AppleWebKit/537.36 (KHTML, like Gecko) Chrome/78.0.3904.108 Safari/537.36"
146.70.40.70 - - [28/Apr/2026:06:57:49 +0000] "GET /wp-json/wp/v2/users/ HTTP/1.1" 401 133 "-" "Mozilla/5.0 (Windows NT 10.0; Win64; x64) AppleWebKit/537.36 (KHTML, like Gecko) Chrome/78.0.3904.108 Safari/537.36"
146.70.40.70 - - [28/Apr/2026:06:57:51 +0000] "GET /wp-json/oembed/1.0/embed?url=http://smarthomediscovery.com HTTP/1.1" 404 73 "-" "Mozilla/5.0 (Windows NT 10.0; Win64; x64) AppleWebKit/537.36 (KHTML, like Gecko) Chrome/78.0.3904.108 Safari/537.36"
146.70.40.70 - - [28/Apr/2026:06:57:52 +0000] "POST /xmlrpc.php HTTP/1.1" 404 66692 "-" "Mozilla/5.0 (Windows NT 10.0; Win64; x64) AppleWebKit/537.36 (KHTML, like Gecko) Chrome/78.0.3904.108 Safari/537.36"
20.220.233.65 - - [28/Apr/2026:07:18:59 +0000] "GET /wp-content/plugins/hellopress/wp_filemanager.php HTTP/1.1" 404 66730 "-" "-"
20.220.233.65 - - [28/Apr/2026:07:19:01 +0000] "GET /file2.php HTTP/1.1" 404 66691 "-" "-"
20.220.233.65 - - [28/Apr/2026:07:19:02 +0000] "GET /.env.php.dist HTTP/1.1" 404 66695 "-" "-"
20.220.233.65 - - [28/Apr/2026:07:19:03 +0000] "GET /path.php HTTP/1.1" 404 66690 "-" "-"
20.220.233.65 - - [28/Apr/2026:07:19:04 +0000] "GET /wp-system.php HTTP/1.1" 404 66695 "-" "-"
20.220.233.65 - - [28/Apr/2026:07:19:05 +0000] "GET /settings.php HTTP/1.1" 404 66694 "-" "-"
20.220.233.65 - - [28/Apr/2026:07:19:07 +0000] "GET /user-edit.php HTTP/1.1" 404 66695 "-" "-"
20.220.233.65 - - [28/Apr/2026:07:19:08 +0000] "GET /alpha.php HTTP/1.1" 404 66691 "-" "-"
20.220.233.65 - - [28/Apr/2026:07:19:09 +0000] "GET /env.php HTTP/1.1" 404 66689 "-" "-"
20.220.233.65 - - [28/Apr/2026:07:19:10 +0000] "GET /environment.php HTTP/1.1" 404 66697 "-" "-"
20.220.233.65 - - [28/Apr/2026:07:19:11 +0000] "GET /oo.php HTTP/1.1" 404 66688 "-" "-"
20.220.233.65 - - [28/Apr/2026:07:19:12 +0000] "GET /white.php HTTP/1.1" 404 66691 "-" "-"
20.220.233.65 - - [28/Apr/2026:07:19:13 +0000] "GET /wp-content/plugins/hellopress/wp_filemanager.php HTTP/1.1" 404 66730 "-" "-"
20.220.233.65 - - [28/Apr/2026:07:19:15 +0000] "GET /admin-ajax.php HTTP/1.1" 404 66696 "-" "-"
20.220.233.65 - - [28/Apr/2026:07:19:16 +0000] "GET /0.php HTTP/1.1" 404 66687 "-" "-"
20.220.233.65 - - [28/Apr/2026:07:19:17 +0000] "GET /smtp.php HTTP/1.1" 404 66690 "-" "-"
20.220.233.65 - - [28/Apr/2026:07:19:18 +0000] "GET /edit-comments.php HTTP/1.1" 404 66699 "-" "-"
20.220.233.65 - - [28/Apr/2026:07:19:19 +0000] "GET /epinyins.php HTTP/1.1" 404 66694 "-" "-"
20.220.233.65 - - [28/Apr/2026:07:19:20 +0000] "GET /temp.php HTTP/1.1" 404 66690 "-" "-"
20.220.233.65 - - [28/Apr/2026:07:19:22 +0000] "GET /1100.php HTTP/1.1" 404 66690 "-" "-"
184.94.212.206 - - [28/Apr/2026:07:22:42 +0000] "POST /wp-cron.php?doing_wp_cron=1777360962.7610189914703369140625 HTTP/1.1" 200 - "-" "WordPress/6.9.4; https://smarthomediscovery.com"
107.172.64.170 - - [28/Apr/2026:07:22:41 +0000] "GET / HTTP/1.1" 200 16519 "-" "Mozilla/5.0 (X11; Ubuntu; Linux x86_64; rv:147.0) Gecko/20100101 Firefox/147.0"
107.172.64.170 - - [28/Apr/2026:07:22:45 +0000] "GET / HTTP/1.1" 200 16520 "https://smarthomediscovery.com/wp-login.php" "Mozilla/5.0 (Windows NT 6.3; Win64; x64) AppleWebKit/537.36 (KHTML, like Gecko) Chrome/103.0.0.0 Safari/537.36"
107.172.64.170 - - [28/Apr/2026:07:22:46 +0000] "GET /xmlrpc.php HTTP/1.1" 404 12790 "http://smarthomediscovery.com" "Mozilla/5.0 (Windows NT 6.3; Win64; x64) AppleWebKit/537.36 (KHTML, like Gecko) Chrome/103.0.0.0 Safari/537.36"
107.172.64.170 - - [28/Apr/2026:07:22:48 +0000] "GET / HTTP/1.1" 200 16520 "http://smarthomediscovery.com/xmlrpc.php" "Mozilla/5.0 (Windows NT 6.3; Win64; x64) AppleWebKit/537.36 (KHTML, like Gecko) Chrome/103.0.0.0 Safari/537.36"
107.172.64.170 - - [28/Apr/2026:07:22:49 +0000] "GET /wp-admin/post-new.php HTTP/1.1" 302 - "http://smarthomediscovery.com" "Mozilla/5.0 (Windows NT 6.3; Win64; x64) AppleWebKit/537.36 (KHTML, like Gecko) Chrome/103.0.0.0 Safari/537.36"
184.94.212.206 - - [28/Apr/2026:07:55:59 +0000] "POST /wp-cron.php?doing_wp_cron=1777362959.1692640781402587890625 HTTP/1.1" 200 - "-" "WordPress/6.9.4; https://smarthomediscovery.com"
216.244.66.228 - - [28/Apr/2026:07:55:57 +0000] "GET /robots.txt HTTP/1.1" 200 289 "-" "Mozilla/5.0 (compatible; DotBot/1.2; +https://opensiteexplorer.org/dotbot; help@moz.com)"
216.244.66.228 - - [28/Apr/2026:07:56:04 +0000] "GET /robots.txt HTTP/1.1" 301 - "-" "Mozilla/5.0 (compatible; DotBot/1.2; +https://opensiteexplorer.org/dotbot; help@moz.com)"
216.244.66.228 - - [28/Apr/2026:07:56:06 +0000] "GET /robots.txt HTTP/1.1" 200 289 "-" "Mozilla/5.0 (compatible; DotBot/1.2; +https://opensiteexplorer.org/dotbot; help@moz.com)"
192.0.86.187 - - [28/Apr/2026:07:58:19 +0000] "GET /wp-content/uploads/2020/07/good_advice_on_how_to_improve_your_home_security.jpg HTTP/1.1" 200 22316 "-" "Photon/1.0"
216.244.66.228 - - [28/Apr/2026:08:03:15 +0000] "GET /tag/lamp-shade/ HTTP/1.1" 301 - "-" "Mozilla/5.0 (compatible; DotBot/1.2; +https://opensiteexplorer.org/dotbot; help@moz.com)"
216.244.66.228 - - [28/Apr/2026:08:03:21 +0000] "GET /tag/security-companies/ HTTP/1.1" 301 - "-" "Mozilla/5.0 (compatible; DotBot/1.2; +https://opensiteexplorer.org/dotbot; help@moz.com)"
216.244.66.228 - - [28/Apr/2026:08:03:40 +0000] "GET /get-on-top-of-your-home-security-with-these-tips/?amp HTTP/1.1" 200 110013 "-" "Mozilla/5.0 (compatible; DotBot/1.2; +https://opensiteexplorer.org/dotbot; help@moz.com)"
216.244.66.228 - - [28/Apr/2026:08:03:45 +0000] "GET /home-improvement-tips-and-tricks-you-should-know/?amp HTTP/1.1" 200 111031 "-" "Mozilla/5.0 (compatible; DotBot/1.2; +https://opensiteexplorer.org/dotbot; help@moz.com)"
216.244.66.228 - - [28/Apr/2026:08:03:48 +0000] "GET /what-you-need-to-know-about-real-estate-investing/?amp HTTP/1.1" 200 108067 "-" "Mozilla/5.0 (compatible; DotBot/1.2; +https://opensiteexplorer.org/dotbot; help@moz.com)"
216.244.66.228 - - [28/Apr/2026:08:06:27 +0000] "GET /tag/real-estate-market/?amp HTTP/1.1" 200 79764 "-" "Mozilla/5.0 (compatible; DotBot/1.2; +https://opensiteexplorer.org/dotbot; help@moz.com)"
216.244.66.228 - - [28/Apr/2026:08:06:33 +0000] "GET /tag/rental-property/?amp HTTP/1.1" 200 73591 "-" "Mozilla/5.0 (compatible; DotBot/1.2; +https://opensiteexplorer.org/dotbot; help@moz.com)"
216.244.66.228 - - [28/Apr/2026:08:08:16 +0000] "GET /ftc-statement/?share=x HTTP/1.1" 302 - "-" "Mozilla/5.0 (compatible; DotBot/1.2; +https://opensiteexplorer.org/dotbot; help@moz.com)"
216.244.66.228 - - [28/Apr/2026:08:13:21 +0000] "GET /finding-success-by-investing-in-the-real-estate-market/?share=facebook HTTP/1.1" 302 - "-" "Mozilla/5.0 (compatible; DotBot/1.2; +https://opensiteexplorer.org/dotbot; help@moz.com)"
184.94.212.206 - - [28/Apr/2026:08:30:24 +0000] "POST /wp-cron.php?doing_wp_cron=1777365024.8299999237060546875000 HTTP/1.1" 200 - "-" "WordPress/6.9.4; https://smarthomediscovery.com"
68.183.44.65 - - [28/Apr/2026:08:30:23 +0000] "GET / HTTP/1.1" 200 16536 "-" "Mozilla/5.0 (X11; Linux x86_64) AppleWebKit/537.36 (KHTML, like Gecko) Chrome/142.0.0.0 Safari/537.36"
184.94.212.206 - - [28/Apr/2026:08:43:23 +0000] "POST /wp-cron.php?doing_wp_cron=1777365803.4763379096984863281250 HTTP/1.1" 200 - "-" "WordPress/6.9.4; https://smarthomediscovery.com"
203.95.198.141 - - [28/Apr/2026:08:43:19 +0000] "GET //wp-json/wp/v2/posts HTTP/1.0" 200 46496 "-" "Mozilla/5.0 (Windows NT 10.0; Win64; x64) AppleWebKit/537.36 (KHTML, like Gecko) Chrome/120.0.0.0 Safari/537.36"
66.249.66.34 - - [28/Apr/2026:08:44:44 +0000] "GET /ads.txt HTTP/1.1" 200 58 "-" "Google-adstxt"
85.137.48.167 - - [28/Apr/2026:09:09:43 +0000] "GET /style.php HTTP/1.1" 404 12788 "-" "Mozilla/4.0 (compatible; MSIE 6.0; Windows NT 5.1; SV1)"
78.159.131.56 - - [28/Apr/2026:09:22:54 +0000] "GET /txets.php HTTP/1.1" 404 66691 "-" "Mozilla/5.0 (Macintosh; Intel Mac OS X 10_15_7) AppleWebKit/537.36 (KHTML, like Gecko) Chrome/131.0.0.0 Safari/537.36"
216.244.66.228 - - [28/Apr/2026:09:26:55 +0000] "GET /robots.txt HTTP/1.1" 200 289 "-" "Mozilla/5.0 (compatible; DotBot/1.2; +https://opensiteexplorer.org/dotbot; help@moz.com)"
216.244.66.228 - - [28/Apr/2026:09:34:10 +0000] "GET /everything-you-must-know-about-home-security/?amp HTTP/1.1" 200 108944 "-" "Mozilla/5.0 (compatible; DotBot/1.2; +https://opensiteexplorer.org/dotbot; help@moz.com)"
216.244.66.228 - - [28/Apr/2026:09:34:17 +0000] "GET /tips-to-make-your-home-a-better-place-to-live/?amp HTTP/1.1" 200 110890 "-" "Mozilla/5.0 (compatible; DotBot/1.2; +https://opensiteexplorer.org/dotbot; help@moz.com)"
184.94.212.206 - - [28/Apr/2026:09:36:41 +0000] "POST /wp-cron.php?doing_wp_cron=1777369001.1079180240631103515625 HTTP/1.1" 200 - "-" "WordPress/6.9.4; https://smarthomediscovery.com"
43.166.242.189 - - [28/Apr/2026:09:36:39 +0000] "GET / HTTP/1.1" 200 16520 "-" "Mozilla/5.0 (iPhone; CPU iPhone OS 13_2_3 like Mac OS X) AppleWebKit/605.1.15 (KHTML, like Gecko) Version/13.0.3 Mobile/15E148 Safari/604.1"
216.244.66.228 - - [28/Apr/2026:09:36:50 +0000] "GET /simple-home-improvement-tips-for-every-homeowner/?amp HTTP/1.1" 200 109335 "-" "Mozilla/5.0 (compatible; DotBot/1.2; +https://opensiteexplorer.org/dotbot; help@moz.com)"
216.244.66.228 - - [28/Apr/2026:09:36:55 +0000] "GET /tag/extra-key/?amp HTTP/1.1" 200 76556 "-" "Mozilla/5.0 (compatible; DotBot/1.2; +https://opensiteexplorer.org/dotbot; help@moz.com)"
43.166.253.94 - - [28/Apr/2026:09:38:08 +0000] "GET / HTTP/1.1" 301 - "-" "Mozilla/5.0 (iPhone; CPU iPhone OS 13_2_3 like Mac OS X) AppleWebKit/605.1.15 (KHTML, like Gecko) Version/13.0.3 Mobile/15E148 Safari/604.1"
184.94.212.206 - - [28/Apr/2026:09:38:10 +0000] "POST /wp-cron.php?doing_wp_cron=1777369090.9321000576019287109375 HTTP/1.1" 200 - "-" "WordPress/6.9.4; https://smarthomediscovery.com"
43.166.253.94 - - [28/Apr/2026:09:38:09 +0000] "GET / HTTP/1.1" 200 16520 "http://www.smarthomediscovery.com" "Mozilla/5.0 (iPhone; CPU iPhone OS 13_2_3 like Mac OS X) AppleWebKit/605.1.15 (KHTML, like Gecko) Version/13.0.3 Mobile/15E148 Safari/604.1"
184.94.212.206 - - [28/Apr/2026:09:41:46 +0000] "POST /wp-cron.php?doing_wp_cron=1777369306.0928781032562255859375 HTTP/1.1" 200 - "-" "WordPress/6.9.4; https://smarthomediscovery.com"
152.69.209.30 - - [28/Apr/2026:09:41:44 +0000] "GET /wp-json/wp/v2/posts HTTP/1.1" 200 46496 "-" "Mozilla/5.0 (Windows NT 10.0; Win64; x64) AppleWebKit/537.36 (KHTML, like Gecko) Chrome/120.0.0.0 Safari/537.36"
216.244.66.228 - - [28/Apr/2026:10:12:11 +0000] "GET /robots.txt HTTP/1.1" 200 289 "-" "Mozilla/5.0 (compatible; DotBot/1.2; +https://opensiteexplorer.org/dotbot; help@moz.com)"
216.244.66.228 - - [28/Apr/2026:10:12:11 +0000] "GET /robots.txt HTTP/1.1" 301 - "-" "Mozilla/5.0 (compatible; DotBot/1.2; +https://opensiteexplorer.org/dotbot; help@moz.com)"
216.244.66.228 - - [28/Apr/2026:10:12:12 +0000] "GET /robots.txt HTTP/1.1" 200 289 "-" "Mozilla/5.0 (compatible; DotBot/1.2; +https://opensiteexplorer.org/dotbot; help@moz.com)"
184.94.212.206 - - [28/Apr/2026:10:18:57 +0000] "POST /wp-cron.php?doing_wp_cron=1777371537.1395580768585205078125 HTTP/1.1" 200 - "-" "WordPress/6.9.4; https://smarthomediscovery.com"
131.222.252.29 - - [28/Apr/2026:10:18:55 +0000] "GET /wp-json/wp/v2/posts HTTP/1.1" 200 46496 "-" "Mozilla/5.0 (Windows NT 10.0; Win64; x64) AppleWebKit/537.36 (KHTML, like Gecko) Chrome/120.0.0.0 Safari/537.36"
184.94.212.206 - - [28/Apr/2026:10:20:40 +0000] "POST /wp-cron.php?doing_wp_cron=1777371640.9765200614929199218750 HTTP/1.1" 200 - "-" "WordPress/6.9.4; https://smarthomediscovery.com"
216.244.66.228 - - [28/Apr/2026:10:20:39 +0000] "GET /tag/exterior-doors/feed/ HTTP/1.1" 301 - "-" "Mozilla/5.0 (compatible; DotBot/1.2; +https://opensiteexplorer.org/dotbot; help@moz.com)"
184.94.212.206 - - [28/Apr/2026:10:21:39 +0000] "POST /wp-cron.php?doing_wp_cron=1777371699.5060029029846191406250 HTTP/1.1" 200 - "-" "WordPress/6.9.4; https://smarthomediscovery.com"
216.244.66.228 - - [28/Apr/2026:10:21:37 +0000] "GET /tag/real-estate-quickly/feed/ HTTP/1.1" 301 - "-" "Mozilla/5.0 (compatible; DotBot/1.2; +https://opensiteexplorer.org/dotbot; help@moz.com)"
216.244.66.228 - - [28/Apr/2026:10:21:59 +0000] "GET /tag/professional-installation/?amp HTTP/1.1" 200 77497 "-" "Mozilla/5.0 (compatible; DotBot/1.2; +https://opensiteexplorer.org/dotbot; help@moz.com)"
216.244.66.228 - - [28/Apr/2026:10:22:30 +0000] "GET /tag/security-tips/?amp HTTP/1.1" 200 73437 "-" "Mozilla/5.0 (compatible; DotBot/1.2; +https://opensiteexplorer.org/dotbot; help@moz.com)"
216.244.66.228 - - [28/Apr/2026:10:22:57 +0000] "GET /category/essentials/page/7/ HTTP/1.1" 301 - "-" "Mozilla/5.0 (compatible; DotBot/1.2; +https://opensiteexplorer.org/dotbot; help@moz.com)"
184.94.212.206 - - [28/Apr/2026:10:24:20 +0000] "POST /wp-cron.php?doing_wp_cron=1777371860.7293300628662109375000 HTTP/1.1" 200 - "-" "WordPress/6.9.4; https://smarthomediscovery.com"
192.0.84.117 - - [28/Apr/2026:10:24:19 +0000] "HEAD / HTTP/1.1" 200 - "-" "jetmon/1.0 (Jetpack Site Uptime Monitor by WordPress.com)"
216.244.66.228 - - [28/Apr/2026:10:25:04 +0000] "GET /your-family-can-be-proud-of-your-home-security-success/?share=twitter HTTP/1.1" 302 - "-" "Mozilla/5.0 (compatible; DotBot/1.2; +https://opensiteexplorer.org/dotbot; help@moz.com)"
184.94.212.206 - - [28/Apr/2026:10:28:34 +0000] "POST /wp-cron.php?doing_wp_cron=1777372114.1766850948333740234375 HTTP/1.1" 200 - "-" "WordPress/6.9.4; https://smarthomediscovery.com"
172.190.142.176 - - [28/Apr/2026:10:28:32 +0000] "GET /wp-content/plugins/hellopress/wp_filemanager.php HTTP/1.1" 404 66730 "-" "-"
172.190.142.176 - - [28/Apr/2026:10:28:34 +0000] "GET /db.php HTTP/1.1" 404 66688 "-" "-"
172.190.142.176 - - [28/Apr/2026:10:28:35 +0000] "GET /xy.php HTTP/1.1" 404 66688 "-" "-"
172.190.142.176 - - [28/Apr/2026:10:28:36 +0000] "GET /revealability.php HTTP/1.1" 404 66699 "-" "-"
172.190.142.176 - - [28/Apr/2026:10:28:37 +0000] "GET /tox.php HTTP/1.1" 404 66689 "-" "-"
172.190.142.176 - - [28/Apr/2026:10:28:38 +0000] "GET /packed.php HTTP/1.1" 404 66692 "-" "-"
172.190.142.176 - - [28/Apr/2026:10:28:39 +0000] "GET /lib.php HTTP/1.1" 404 66689 "-" "-"
172.190.142.176 - - [28/Apr/2026:10:28:40 +0000] "GET /ccu.php HTTP/1.1" 404 66689 "-" "-"
172.190.142.176 - - [28/Apr/2026:10:28:42 +0000] "GET /ffile.php HTTP/1.1" 404 66691 "-" "-"
146.70.40.70 - - [28/Apr/2026:10:28:42 +0000] "GET / HTTP/1.1" 200 97614 "-" "Mozilla/5.0 (Windows NT 10.0; Win64; x64) AppleWebKit/537.36 (KHTML, like Gecko) Chrome/78.0.3904.108 Safari/537.36"
172.190.142.176 - - [28/Apr/2026:10:28:43 +0000] "GET /class.1.php HTTP/1.1" 404 66693 "-" "-"
146.70.40.70 - - [28/Apr/2026:10:28:43 +0000] "GET /?author=1 HTTP/1.1" 500 2541 "-" "Mozilla/5.0 (Windows NT 10.0; Win64; x64) AppleWebKit/537.36 (KHTML, like Gecko) Chrome/78.0.3904.108 Safari/537.36"
172.190.142.176 - - [28/Apr/2026:10:28:44 +0000] "GET /popo.php HTTP/1.1" 404 66690 "-" "-"
146.70.40.70 - - [28/Apr/2026:10:28:45 +0000] "GET /?author=2 HTTP/1.1" 500 2541 "-" "Mozilla/5.0 (Windows NT 10.0; Win64; x64) AppleWebKit/537.36 (KHTML, like Gecko) Chrome/78.0.3904.108 Safari/537.36"
172.190.142.176 - - [28/Apr/2026:10:28:45 +0000] "GET /academy.php HTTP/1.1" 404 66693 "-" "-"
146.70.40.70 - - [28/Apr/2026:10:28:46 +0000] "GET /wp-json/wp/v2/users/ HTTP/1.1" 401 133 "-" "Mozilla/5.0 (Windows NT 10.0; Win64; x64) AppleWebKit/537.36 (KHTML, like Gecko) Chrome/78.0.3904.108 Safari/537.36"
172.190.142.176 - - [28/Apr/2026:10:28:46 +0000] "GET /wp-xml.php HTTP/1.1" 404 66692 "-" "-"
172.190.142.176 - - [28/Apr/2026:10:28:47 +0000] "GET /layout.php HTTP/1.1" 404 66692 "-" "-"
146.70.40.70 - - [28/Apr/2026:10:28:48 +0000] "GET /wp-json/oembed/1.0/embed?url=http://smarthomediscovery.primemusicproductions.com HTTP/1.1" 404 73 "-" "Mozilla/5.0 (Windows NT 10.0; Win64; x64) AppleWebKit/537.36 (KHTML, like Gecko) Chrome/78.0.3904.108 Safari/537.36"
172.190.142.176 - - [28/Apr/2026:10:28:48 +0000] "GET /txets.php HTTP/1.1" 404 66691 "-" "-"
146.70.40.70 - - [28/Apr/2026:10:28:49 +0000] "POST /xmlrpc.php HTTP/1.1" 404 66752 "-" "Mozilla/5.0 (Windows NT 10.0; Win64; x64) AppleWebKit/537.36 (KHTML, like Gecko) Chrome/78.0.3904.108 Safari/537.36"
172.190.142.176 - - [28/Apr/2026:10:28:50 +0000] "GET /Sanskrit.php HTTP/1.1" 404 66694 "-" "-"
172.190.142.176 - - [28/Apr/2026:10:28:51 +0000] "GET /kikikoko.php HTTP/1.1" 404 66694 "-" "-"
172.190.142.176 - - [28/Apr/2026:10:28:52 +0000] "GET /opts.php HTTP/1.1" 404 66690 "-" "-"
172.190.142.176 - - [28/Apr/2026:10:28:53 +0000] "GET /ouh.php HTTP/1.1" 404 66689 "-" "-"
172.190.142.176 - - [28/Apr/2026:10:28:55 +0000] "GET //wander.php HTTP/1.1" 301 - "-" "-"
172.190.142.176 - - [28/Apr/2026:10:28:56 +0000] "GET /wander.php HTTP/1.1" 404 66692 "-" "-"
172.190.142.176 - - [28/Apr/2026:10:28:57 +0000] "GET //samll.php HTTP/1.1" 301 - "-" "-"
172.190.142.176 - - [28/Apr/2026:10:28:58 +0000] "GET /samll.php HTTP/1.1" 404 66691 "-" "-"
172.190.142.176 - - [28/Apr/2026:10:28:59 +0000] "GET //at.php HTTP/1.1" 301 - "-" "-"
172.190.142.176 - - [28/Apr/2026:10:29:00 +0000] "GET /at.php HTTP/1.1" 404 66688 "-" "-"
172.190.142.176 - - [28/Apr/2026:10:29:01 +0000] "GET //1index.php HTTP/1.1" 301 - "-" "-"
172.190.142.176 - - [28/Apr/2026:10:29:02 +0000] "GET /1index.php HTTP/1.1" 404 66692 "-" "-"
172.190.142.176 - - [28/Apr/2026:10:29:03 +0000] "GET //do.php HTTP/1.1" 301 - "-" "-"
172.190.142.176 - - [28/Apr/2026:10:29:04 +0000] "GET /do.php HTTP/1.1" 404 66688 "-" "-"
172.190.142.176 - - [28/Apr/2026:10:29:05 +0000] "GET /iov.php HTTP/1.1" 404 66689 "-" "-"
172.190.142.176 - - [28/Apr/2026:10:29:06 +0000] "GET /xinder.php HTTP/1.1" 404 66692 "-" "-"
172.190.142.176 - - [28/Apr/2026:10:29:07 +0000] "GET /rendi59.php HTTP/1.1" 404 66693 "-" "-"
172.190.142.176 - - [28/Apr/2026:10:29:08 +0000] "GET /mga.php HTTP/1.1" 404 66689 "-" "-"
172.190.142.176 - - [28/Apr/2026:10:29:09 +0000] "GET /sbhu.php HTTP/1.1" 404 66690 "-" "-"
172.190.142.176 - - [28/Apr/2026:10:29:11 +0000] "GET /ftde.php HTTP/1.1" 404 66690 "-" "-"
172.190.142.176 - - [28/Apr/2026:10:29:12 +0000] "GET /racs3.php HTTP/1.1" 404 66691 "-" "-"
172.190.142.176 - - [28/Apr/2026:10:29:13 +0000] "GET /fone1.php HTTP/1.1" 404 66691 "-" "-"
172.190.142.176 - - [28/Apr/2026:10:29:14 +0000] "GET /wp-bonbon.php HTTP/1.1" 404 66695 "-" "-"
172.190.142.176 - - [28/Apr/2026:10:29:15 +0000] "GET /xozx.php HTTP/1.1" 404 66690 "-" "-"
172.190.142.176 - - [28/Apr/2026:10:29:16 +0000] "GET /eetu.php HTTP/1.1" 404 66690 "-" "-"
172.190.142.176 - - [28/Apr/2026:10:29:17 +0000] "GET /wp-firewall.php HTTP/1.1" 404 66697 "-" "-"
172.190.142.176 - - [28/Apr/2026:10:29:18 +0000] "GET /aevly.php HTTP/1.1" 404 66691 "-" "-"
172.190.142.176 - - [28/Apr/2026:10:29:19 +0000] "GET /albin.php HTTP/1.1" 404 66691 "-" "-"
172.190.142.176 - - [28/Apr/2026:10:29:21 +0000] "GET /asasx.php HTTP/1.1" 404 66691 "-" "-"
172.190.142.176 - - [28/Apr/2026:10:29:22 +0000] "GET /bthil.php HTTP/1.1" 404 66691 "-" "-"
172.190.142.176 - - [28/Apr/2026:10:29:23 +0000] "GET /cilus.php HTTP/1.1" 404 66691 "-" "-"
172.190.142.176 - - [28/Apr/2026:10:29:24 +0000] "GET /gptsh.php HTTP/1.1" 404 66691 "-" "-"
172.190.142.176 - - [28/Apr/2026:10:29:25 +0000] "GET /rithin.php HTTP/1.1" 404 66692 "-" "-"
182.42.105.85 - - [28/Apr/2026:10:39:36 +0000] "GET / HTTP/1.1" 200 16520 "-" "Mozilla/5.0 (iPhone; CPU iPhone OS 13_2_3 like Mac OS X) AppleWebKit/605.1.15 (KHTML, like Gecko) Version/13.0.3 Mobile/15E148 Safari/604.1"
184.94.212.206 - - [28/Apr/2026:10:46:03 +0000] "POST /wp-cron.php?doing_wp_cron=1777373163.8195919990539550781250 HTTP/1.1" 200 - "-" "WordPress/6.9.4; https://smarthomediscovery.com"
88.210.11.43 - - [28/Apr/2026:10:46:02 +0000] "GET / HTTP/1.1" 200 16542 "-" "Mozilla/5.0 (Windows NT 10.0; Win64; x64) AppleWebKit/537.36 (KHTML, like Gecko) Chrome/120.0.0.0 Safari/537.36"
184.94.212.206 - - [28/Apr/2026:10:58:46 +0000] "POST /wp-cron.php?doing_wp_cron=1777373926.6003639698028564453125 HTTP/1.1" 200 - "-" "WordPress/6.9.4; https://smarthomediscovery.com"
216.244.66.228 - - [28/Apr/2026:10:58:45 +0000] "GET /robots.txt HTTP/1.1" 200 289 "-" "Mozilla/5.0 (compatible; DotBot/1.2; +https://opensiteexplorer.org/dotbot; help@moz.com)"
184.94.212.206 - - [28/Apr/2026:11:05:43 +0000] "POST /wp-cron.php?doing_wp_cron=1777374343.6915509700775146484375 HTTP/1.1" 200 - "-" "WordPress/6.9.4; https://smarthomediscovery.com"
216.244.66.228 - - [28/Apr/2026:11:05:42 +0000] "GET /all-you-need-to-know-regarding-home-security-2/?amp HTTP/1.1" 200 108508 "-" "Mozilla/5.0 (compatible; DotBot/1.2; +https://opensiteexplorer.org/dotbot; help@moz.com)"
216.244.66.228 - - [28/Apr/2026:11:16:04 +0000] "GET /cool-tips-on-how-to-beef-up-your-home-security/?share=facebook HTTP/1.1" 302 - "-" "Mozilla/5.0 (compatible; DotBot/1.2; +https://opensiteexplorer.org/dotbot; help@moz.com)"
184.94.212.206 - - [28/Apr/2026:11:20:32 +0000] "POST /wp-cron.php?doing_wp_cron=1777375232.2593729496002197265625 HTTP/1.1" 200 - "-" "WordPress/6.9.4; https://smarthomediscovery.com"
148.251.4.168 - - [28/Apr/2026:11:20:29 +0000] "GET / HTTP/1.0" 200 97532 "http://smarthomediscovery.com/" "Mozilla/5.0 (Windows NT 10.0; Win64; x64) AppleWebKit/537.36 (KHTML, like Gecko) Chrome/130.0.0.0 Safari/537.36"