File: /home/primrwxj/logs/smarthomediscovery.primemusicproductions.com.bkup
2.58.56.197 - - [27/Apr/2026:12:04:04 +0000] "GET /txets.php HTTP/1.1" 404 12789 "-" "Mozilla/5.0 (Windows NT 10.0; Win64; x64) AppleWebKit/537.36 (KHTML, like Gecko) Chrome/91.0.4472.124 Safari/537.36"
2.58.56.197 - - [27/Apr/2026:12:04:06 +0000] "GET /wp-content/txets.php HTTP/1.1" 404 12791 "-" "Mozilla/5.0 (Windows NT 10.0; Win64; x64) AppleWebKit/537.36 (KHTML, like Gecko) Chrome/91.0.4472.124 Safari/537.36"
2.58.56.197 - - [27/Apr/2026:12:04:08 +0000] "GET /wp-includes/widgets/txets.php HTTP/1.1" 404 12796 "-" "Mozilla/5.0 (Windows NT 10.0; Win64; x64) AppleWebKit/537.36 (KHTML, like Gecko) Chrome/91.0.4472.124 Safari/537.36"
2.58.56.197 - - [27/Apr/2026:12:04:09 +0000] "GET /wp-includes/rest-api/txets.php HTTP/1.1" 404 12798 "-" "Mozilla/5.0 (Windows NT 10.0; Win64; x64) AppleWebKit/537.36 (KHTML, like Gecko) Chrome/91.0.4472.124 Safari/537.36"
2.58.56.197 - - [27/Apr/2026:12:04:11 +0000] "GET /wp-includes/blocks/post-template/txets.php HTTP/1.1" 404 12806 "-" "Mozilla/5.0 (Windows NT 10.0; Win64; x64) AppleWebKit/537.36 (KHTML, like Gecko) Chrome/91.0.4472.124 Safari/537.36"
2.58.56.197 - - [27/Apr/2026:12:04:13 +0000] "GET /wp-admin/txets.php HTTP/1.1" 404 12792 "-" "Mozilla/5.0 (Windows NT 10.0; Win64; x64) AppleWebKit/537.36 (KHTML, like Gecko) Chrome/91.0.4472.124 Safari/537.36"
2.58.56.197 - - [27/Apr/2026:12:04:15 +0000] "GET /wp-includes/txets.php HTTP/1.1" 404 12792 "-" "Mozilla/5.0 (Windows NT 10.0; Win64; x64) AppleWebKit/537.36 (KHTML, like Gecko) Chrome/91.0.4472.124 Safari/537.36"
2.58.56.197 - - [27/Apr/2026:12:04:18 +0000] "GET /schallfuns.php HTTP/1.1" 404 12793 "-" "Mozilla/5.0 (Windows NT 10.0; Win64; x64) AppleWebKit/537.36 (KHTML, like Gecko) Chrome/91.0.4472.124 Safari/537.36"
2.58.56.197 - - [27/Apr/2026:12:04:19 +0000] "GET /postnews.php HTTP/1.1" 404 12790 "-" "Mozilla/5.0 (Windows NT 10.0; Win64; x64) AppleWebKit/537.36 (KHTML, like Gecko) Chrome/91.0.4472.124 Safari/537.36"
184.94.212.206 - - [27/Apr/2026:12:10:27 +0000] "POST /wp-cron.php?doing_wp_cron=1777291827.3603579998016357421875 HTTP/1.1" 200 - "-" "WordPress/6.9.4; https://smarthomediscovery.com"
216.244.66.228 - - [27/Apr/2026:12:10:25 +0000] "GET /robots.txt HTTP/1.1" 301 - "-" "Mozilla/5.0 (compatible; DotBot/1.2; +https://opensiteexplorer.org/dotbot; help@moz.com)"
34.148.154.16 - - [27/Apr/2026:12:21:02 +0000] "GET / HTTP/1.1" 200 16519 "-" "Mozilla/5.0 (compatible; CMS-Checker/1.0; +https://example.com)"
184.94.212.206 - - [27/Apr/2026:12:36:27 +0000] "POST /wp-cron.php?doing_wp_cron=1777293387.0208189487457275390625 HTTP/1.1" 200 - "-" "WordPress/6.9.4; https://smarthomediscovery.com"
64.89.163.73 - - [27/Apr/2026:12:36:25 +0000] "GET /.env HTTP/1.1" 404 12788 "-" "Mozilla/5.0 (X11; Linux x86_64) AppleWebKit/537.36 (KHTML, like Gecko) Chrome/81.0.4044.129 Safari/537.36"
64.89.163.73 - - [27/Apr/2026:12:36:32 +0000] "POST / HTTP/1.1" 200 16473 "-" "Mozilla/5.0 (X11; Linux x86_64) AppleWebKit/537.36 (KHTML, like Gecko) Chrome/81.0.4044.129 Safari/537.36"
43.104.7.241 - - [27/Apr/2026:12:39:35 +0000] "GET /wp-login.php HTTP/1.1" 302 - "https://smarthomediscovery.com/" "Mozilla/5.0 (Windows NT 6.0; Win64; x64) AppleWebKit/537.36 (KHTML, like Gecko) Chrome/63.0.2940.105 Safari/537.36"
184.94.212.206 - - [27/Apr/2026:12:50:00 +0000] "POST /wp-cron.php?doing_wp_cron=1777294200.5922610759735107421875 HTTP/1.1" 200 - "-" "WordPress/6.9.4; https://smarthomediscovery.com"
34.148.154.16 - - [27/Apr/2026:12:49:59 +0000] "GET / HTTP/1.1" 200 97532 "-" "Mozilla/5.0 (Windows NT 10.0; Win64; x64) AppleWebKit/537.36 (KHTML, like Gecko) Chrome/78.0.3904.108 Safari/537.36"
34.148.154.16 - - [27/Apr/2026:12:50:00 +0000] "GET /?author=1 HTTP/1.1" 500 2541 "-" "Mozilla/5.0 (Windows NT 10.0; Win64; x64) AppleWebKit/537.36 (KHTML, like Gecko) Chrome/78.0.3904.108 Safari/537.36"
34.148.154.16 - - [27/Apr/2026:12:50:02 +0000] "GET /?author=2 HTTP/1.1" 500 2541 "-" "Mozilla/5.0 (Windows NT 10.0; Win64; x64) AppleWebKit/537.36 (KHTML, like Gecko) Chrome/78.0.3904.108 Safari/537.36"
34.148.154.16 - - [27/Apr/2026:12:50:04 +0000] "GET /wp-json/wp/v2/users/ HTTP/1.1" 401 133 "-" "Mozilla/5.0 (Windows NT 10.0; Win64; x64) AppleWebKit/537.36 (KHTML, like Gecko) Chrome/78.0.3904.108 Safari/537.36"
34.148.154.16 - - [27/Apr/2026:12:50:05 +0000] "GET /wp-json/oembed/1.0/embed?url=http://smarthomediscovery.com HTTP/1.1" 404 73 "-" "Mozilla/5.0 (Windows NT 10.0; Win64; x64) AppleWebKit/537.36 (KHTML, like Gecko) Chrome/78.0.3904.108 Safari/537.36"
34.148.154.16 - - [27/Apr/2026:12:50:06 +0000] "POST /xmlrpc.php HTTP/1.1" 404 66692 "-" "Mozilla/5.0 (Windows NT 10.0; Win64; x64) AppleWebKit/537.36 (KHTML, like Gecko) Chrome/78.0.3904.108 Safari/537.36"
66.249.66.5 - - [27/Apr/2026:12:54:16 +0000] "GET /ads.txt HTTP/1.1" 200 58 "-" "Google-adstxt"
184.94.212.206 - - [27/Apr/2026:13:00:21 +0000] "POST /wp-cron.php?doing_wp_cron=1777294821.3112390041351318359375 HTTP/1.1" 200 - "-" "WordPress/6.9.4; https://smarthomediscovery.com"
216.244.66.228 - - [27/Apr/2026:13:00:20 +0000] "GET /robots.txt HTTP/1.1" 301 - "-" "Mozilla/5.0 (compatible; DotBot/1.2; +https://opensiteexplorer.org/dotbot; help@moz.com)"
216.244.66.228 - - [27/Apr/2026:13:00:20 +0000] "GET /robots.txt HTTP/1.1" 200 289 "-" "Mozilla/5.0 (compatible; DotBot/1.2; +https://opensiteexplorer.org/dotbot; help@moz.com)"
216.244.66.228 - - [27/Apr/2026:13:00:21 +0000] "GET /robots.txt HTTP/1.1" 200 289 "-" "Mozilla/5.0 (compatible; DotBot/1.2; +https://opensiteexplorer.org/dotbot; help@moz.com)"
35.188.169.70 - - [27/Apr/2026:13:07:41 +0000] "GET / HTTP/1.1" 200 16535 "-" "Mozilla/5.0 (compatible; CMS-Checker/1.0; +https://example.com)"
194.26.192.146 - - [27/Apr/2026:13:09:27 +0000] "GET /txets.php HTTP/1.1" 404 12789 "-" "Mozilla/5.0 (Windows NT 10.0; Win64; x64) AppleWebKit/537.36 (KHTML, like Gecko) Chrome/91.0.4472.124 Safari/537.36"
194.26.192.146 - - [27/Apr/2026:13:09:29 +0000] "GET /wp-content/txets.php HTTP/1.1" 404 12791 "-" "Mozilla/5.0 (Windows NT 10.0; Win64; x64) AppleWebKit/537.36 (KHTML, like Gecko) Chrome/91.0.4472.124 Safari/537.36"
194.26.192.146 - - [27/Apr/2026:13:09:30 +0000] "GET /wp-includes/widgets/txets.php HTTP/1.1" 404 12796 "-" "Mozilla/5.0 (Windows NT 10.0; Win64; x64) AppleWebKit/537.36 (KHTML, like Gecko) Chrome/91.0.4472.124 Safari/537.36"
194.26.192.146 - - [27/Apr/2026:13:09:31 +0000] "GET /wp-includes/rest-api/txets.php HTTP/1.1" 404 12798 "-" "Mozilla/5.0 (Windows NT 10.0; Win64; x64) AppleWebKit/537.36 (KHTML, like Gecko) Chrome/91.0.4472.124 Safari/537.36"
194.26.192.146 - - [27/Apr/2026:13:09:33 +0000] "GET /wp-includes/blocks/post-template/txets.php HTTP/1.1" 404 12806 "-" "Mozilla/5.0 (Windows NT 10.0; Win64; x64) AppleWebKit/537.36 (KHTML, like Gecko) Chrome/91.0.4472.124 Safari/537.36"
194.26.192.146 - - [27/Apr/2026:13:09:34 +0000] "GET /wp-admin/txets.php HTTP/1.1" 404 12792 "-" "Mozilla/5.0 (Windows NT 10.0; Win64; x64) AppleWebKit/537.36 (KHTML, like Gecko) Chrome/91.0.4472.124 Safari/537.36"
194.26.192.146 - - [27/Apr/2026:13:09:35 +0000] "GET /wp-includes/txets.php HTTP/1.1" 404 12793 "-" "Mozilla/5.0 (Windows NT 10.0; Win64; x64) AppleWebKit/537.36 (KHTML, like Gecko) Chrome/91.0.4472.124 Safari/537.36"
194.26.192.146 - - [27/Apr/2026:13:09:37 +0000] "GET /schallfuns.php HTTP/1.1" 404 12794 "-" "Mozilla/5.0 (Windows NT 10.0; Win64; x64) AppleWebKit/537.36 (KHTML, like Gecko) Chrome/91.0.4472.124 Safari/537.36"
194.26.192.146 - - [27/Apr/2026:13:09:38 +0000] "GET /postnews.php HTTP/1.1" 404 12791 "-" "Mozilla/5.0 (Windows NT 10.0; Win64; x64) AppleWebKit/537.36 (KHTML, like Gecko) Chrome/91.0.4472.124 Safari/537.36"
34.68.87.130 - - [27/Apr/2026:13:13:09 +0000] "GET / HTTP/1.1" 200 16519 "-" "Mozilla/5.0 (compatible; CMS-Checker/1.0; +https://example.com)"
184.94.212.206 - - [27/Apr/2026:13:13:10 +0000] "POST /wp-cron.php?doing_wp_cron=1777295590.8266999721527099609375 HTTP/1.1" 200 - "-" "WordPress/6.9.4; https://smarthomediscovery.com"
34.68.87.130 - - [27/Apr/2026:13:13:09 +0000] "GET / HTTP/1.1" 200 16535 "-" "Mozilla/5.0 (compatible; CMS-Checker/1.0; +https://example.com)"
145.220.91.19 - - [27/Apr/2026:13:27:52 +0000] "GET / HTTP/1.1" 200 16536 "-" "Mozilla/5.0 (Macintosh; Intel Mac OS X 10.15; rv:122.0) Gecko/20100101 Firefox/122.0"
184.94.212.206 - - [27/Apr/2026:13:33:13 +0000] "POST /wp-cron.php?doing_wp_cron=1777296793.9814589023590087890625 HTTP/1.1" 200 - "-" "WordPress/6.9.4; https://smarthomediscovery.com"
165.245.228.132 - - [27/Apr/2026:13:33:12 +0000] "GET / HTTP/1.1" 200 16519 "-" "Mozilla/5.0 (X11; Linux x86_64; rv:142.0) Gecko/20100101 Firefox/142.0"
184.94.212.206 - - [27/Apr/2026:13:51:06 +0000] "POST /wp-cron.php?doing_wp_cron=1777297866.2699730396270751953125 HTTP/1.1" 200 - "-" "WordPress/6.9.4; https://smarthomediscovery.com"
216.244.66.228 - - [27/Apr/2026:13:51:04 +0000] "GET /robots.txt HTTP/1.1" 301 - "-" "Mozilla/5.0 (compatible; DotBot/1.2; +https://opensiteexplorer.org/dotbot; help@moz.com)"
216.244.66.228 - - [27/Apr/2026:13:51:06 +0000] "GET /robots.txt HTTP/1.1" 200 289 "-" "Mozilla/5.0 (compatible; DotBot/1.2; +https://opensiteexplorer.org/dotbot; help@moz.com)"
216.244.66.228 - - [27/Apr/2026:13:51:06 +0000] "GET /robots.txt HTTP/1.1" 200 289 "-" "Mozilla/5.0 (compatible; DotBot/1.2; +https://opensiteexplorer.org/dotbot; help@moz.com)"
159.203.22.224 - - [27/Apr/2026:13:57:35 +0000] "GET / HTTP/1.1" 301 - "-" "Mozilla/5.0 (X11; Linux x86_64) AppleWebKit/537.36 (KHTML, like Gecko) Chrome/142.0.0.0 Safari/537.36"
159.203.22.224 - - [27/Apr/2026:13:57:36 +0000] "GET /favicon.ico HTTP/1.1" 302 - "http://www.smarthomediscovery.com/" "Mozilla/5.0 (X11; Linux x86_64) AppleWebKit/537.36 (KHTML, like Gecko) Chrome/142.0.0.0 Safari/537.36"
216.244.66.228 - - [27/Apr/2026:14:00:06 +0000] "GET /getting-the-most-out-of-your-real-estate-investments/ HTTP/1.1" 301 - "-" "Mozilla/5.0 (compatible; DotBot/1.2; +https://opensiteexplorer.org/dotbot; help@moz.com)"
216.244.66.228 - - [27/Apr/2026:14:00:12 +0000] "GET /good-advice-on-how-to-improve-your-home-security/ HTTP/1.1" 301 - "-" "Mozilla/5.0 (compatible; DotBot/1.2; +https://opensiteexplorer.org/dotbot; help@moz.com)"
184.94.212.206 - - [27/Apr/2026:14:00:24 +0000] "POST /wp-cron.php?doing_wp_cron=1777298423.9946699142456054687500 HTTP/1.1" 200 - "-" "WordPress/6.9.4; https://smarthomediscovery.com"
216.244.66.228 - - [27/Apr/2026:14:00:22 +0000] "GET /improve-your-life-with-these-stellar-home-security-tips/ HTTP/1.1" 301 - "-" "Mozilla/5.0 (compatible; DotBot/1.2; +https://opensiteexplorer.org/dotbot; help@moz.com)"
216.244.66.228 - - [27/Apr/2026:14:02:36 +0000] "GET /helpful-advice-for-investing-in-real-estate/?amp HTTP/1.1" 200 106997 "-" "Mozilla/5.0 (compatible; DotBot/1.2; +https://opensiteexplorer.org/dotbot; help@moz.com)"
216.244.66.228 - - [27/Apr/2026:14:02:41 +0000] "GET /they-dont-want-you-to-have-these-home-security-secrets/?amp HTTP/1.1" 200 110252 "-" "Mozilla/5.0 (compatible; DotBot/1.2; +https://opensiteexplorer.org/dotbot; help@moz.com)"
216.244.66.228 - - [27/Apr/2026:14:02:46 +0000] "GET /this-article-contains-all-the-home-security-answers-you-need/?amp HTTP/1.1" 200 110780 "-" "Mozilla/5.0 (compatible; DotBot/1.2; +https://opensiteexplorer.org/dotbot; help@moz.com)"
216.244.66.228 - - [27/Apr/2026:14:02:54 +0000] "GET /well-answer-your-pressing-questions-about-real-estate-investing-today-2/?amp HTTP/1.1" 200 110220 "-" "Mozilla/5.0 (compatible; DotBot/1.2; +https://opensiteexplorer.org/dotbot; help@moz.com)"
216.244.66.228 - - [27/Apr/2026:14:04:30 +0000] "GET /blog/page/20/ HTTP/1.1" 301 - "-" "Mozilla/5.0 (compatible; DotBot/1.2; +https://opensiteexplorer.org/dotbot; help@moz.com)"
43.153.96.233 - - [27/Apr/2026:14:04:34 +0000] "GET / HTTP/1.1" 200 16519 "-" "Mozilla/5.0 (iPhone; CPU iPhone OS 13_2_3 like Mac OS X) AppleWebKit/605.1.15 (KHTML, like Gecko) Version/13.0.3 Mobile/15E148 Safari/604.1"
184.94.212.206 - - [27/Apr/2026:14:05:49 +0000] "POST /wp-cron.php?doing_wp_cron=1777298749.4367370605468750000000 HTTP/1.1" 200 - "-" "WordPress/6.9.4; https://smarthomediscovery.com"
216.244.66.228 - - [27/Apr/2026:14:05:47 +0000] "GET /category/essentials/feed/ HTTP/1.1" 301 - "-" "Mozilla/5.0 (compatible; DotBot/1.2; +https://opensiteexplorer.org/dotbot; help@moz.com)"
184.94.212.206 - - [27/Apr/2026:14:06:29 +0000] "POST /wp-cron.php?doing_wp_cron=1777298789.0691990852355957031250 HTTP/1.1" 200 - "-" "WordPress/6.9.4; https://smarthomediscovery.com"
216.244.66.228 - - [27/Apr/2026:14:06:27 +0000] "GET /tag/erm-tenants/?amp HTTP/1.1" 200 73419 "-" "Mozilla/5.0 (compatible; DotBot/1.2; +https://opensiteexplorer.org/dotbot; help@moz.com)"
43.135.142.37 - - [27/Apr/2026:14:06:31 +0000] "GET / HTTP/1.1" 301 - "-" "Mozilla/5.0 (iPhone; CPU iPhone OS 13_2_3 like Mac OS X) AppleWebKit/605.1.15 (KHTML, like Gecko) Version/13.0.3 Mobile/15E148 Safari/604.1"
43.135.142.37 - - [27/Apr/2026:14:06:33 +0000] "GET / HTTP/1.1" 200 16519 "http://www.smarthomediscovery.com" "Mozilla/5.0 (iPhone; CPU iPhone OS 13_2_3 like Mac OS X) AppleWebKit/605.1.15 (KHTML, like Gecko) Version/13.0.3 Mobile/15E148 Safari/604.1"
184.94.212.206 - - [27/Apr/2026:14:07:15 +0000] "POST /wp-cron.php?doing_wp_cron=1777298835.9218089580535888671875 HTTP/1.1" 200 - "-" "WordPress/6.9.4; https://smarthomediscovery.com"
216.244.66.228 - - [27/Apr/2026:14:07:14 +0000] "GET /author/h0tn1ch3s/page/13/ HTTP/1.1" 301 - "-" "Mozilla/5.0 (compatible; DotBot/1.2; +https://opensiteexplorer.org/dotbot; help@moz.com)"
216.244.66.228 - - [27/Apr/2026:14:07:22 +0000] "GET /author/h0tn1ch3s/page/14/ HTTP/1.1" 301 - "-" "Mozilla/5.0 (compatible; DotBot/1.2; +https://opensiteexplorer.org/dotbot; help@moz.com)"
216.244.66.228 - - [27/Apr/2026:14:07:40 +0000] "GET /category/essentials/page/14/ HTTP/1.1" 301 - "-" "Mozilla/5.0 (compatible; DotBot/1.2; +https://opensiteexplorer.org/dotbot; help@moz.com)"
35.188.169.70 - - [27/Apr/2026:14:07:40 +0000] "GET / HTTP/1.1" 200 97614 "-" "Mozilla/5.0 (Windows NT 10.0; Win64; x64) AppleWebKit/537.36 (KHTML, like Gecko) Chrome/78.0.3904.108 Safari/537.36"
35.188.169.70 - - [27/Apr/2026:14:07:41 +0000] "GET /?author=1 HTTP/1.1" 500 2541 "-" "Mozilla/5.0 (Windows NT 10.0; Win64; x64) AppleWebKit/537.36 (KHTML, like Gecko) Chrome/78.0.3904.108 Safari/537.36"
35.188.169.70 - - [27/Apr/2026:14:07:43 +0000] "GET /?author=2 HTTP/1.1" 500 2541 "-" "Mozilla/5.0 (Windows NT 10.0; Win64; x64) AppleWebKit/537.36 (KHTML, like Gecko) Chrome/78.0.3904.108 Safari/537.36"
35.188.169.70 - - [27/Apr/2026:14:07:44 +0000] "GET /wp-json/wp/v2/users/ HTTP/1.1" 401 133 "-" "Mozilla/5.0 (Windows NT 10.0; Win64; x64) AppleWebKit/537.36 (KHTML, like Gecko) Chrome/78.0.3904.108 Safari/537.36"
35.188.169.70 - - [27/Apr/2026:14:07:45 +0000] "GET /wp-json/oembed/1.0/embed?url=http://smarthomediscovery.primemusicproductions.com HTTP/1.1" 404 73 "-" "Mozilla/5.0 (Windows NT 10.0; Win64; x64) AppleWebKit/537.36 (KHTML, like Gecko) Chrome/78.0.3904.108 Safari/537.36"
35.188.169.70 - - [27/Apr/2026:14:07:46 +0000] "POST /xmlrpc.php HTTP/1.1" 404 66752 "-" "Mozilla/5.0 (Windows NT 10.0; Win64; x64) AppleWebKit/537.36 (KHTML, like Gecko) Chrome/78.0.3904.108 Safari/537.36"
34.68.87.130 - - [27/Apr/2026:14:08:33 +0000] "GET / HTTP/1.1" 200 97614 "-" "Mozilla/5.0 (Windows NT 10.0; Win64; x64) AppleWebKit/537.36 (KHTML, like Gecko) Chrome/78.0.3904.108 Safari/537.36"
34.68.87.130 - - [27/Apr/2026:14:08:33 +0000] "GET / HTTP/1.1" 200 97532 "-" "Mozilla/5.0 (Windows NT 10.0; Win64; x64) AppleWebKit/537.36 (KHTML, like Gecko) Chrome/78.0.3904.108 Safari/537.36"
34.68.87.130 - - [27/Apr/2026:14:08:35 +0000] "GET /?author=1 HTTP/1.1" 500 2541 "-" "Mozilla/5.0 (Windows NT 10.0; Win64; x64) AppleWebKit/537.36 (KHTML, like Gecko) Chrome/78.0.3904.108 Safari/537.36"
34.68.87.130 - - [27/Apr/2026:14:08:35 +0000] "GET /?author=1 HTTP/1.1" 500 2541 "-" "Mozilla/5.0 (Windows NT 10.0; Win64; x64) AppleWebKit/537.36 (KHTML, like Gecko) Chrome/78.0.3904.108 Safari/537.36"
34.68.87.130 - - [27/Apr/2026:14:08:36 +0000] "GET /?author=2 HTTP/1.1" 500 2541 "-" "Mozilla/5.0 (Windows NT 10.0; Win64; x64) AppleWebKit/537.36 (KHTML, like Gecko) Chrome/78.0.3904.108 Safari/537.36"
34.68.87.130 - - [27/Apr/2026:14:08:36 +0000] "GET /?author=2 HTTP/1.1" 500 2541 "-" "Mozilla/5.0 (Windows NT 10.0; Win64; x64) AppleWebKit/537.36 (KHTML, like Gecko) Chrome/78.0.3904.108 Safari/537.36"
34.68.87.130 - - [27/Apr/2026:14:08:38 +0000] "GET /wp-json/wp/v2/users/ HTTP/1.1" 401 133 "-" "Mozilla/5.0 (Windows NT 10.0; Win64; x64) AppleWebKit/537.36 (KHTML, like Gecko) Chrome/78.0.3904.108 Safari/537.36"
34.68.87.130 - - [27/Apr/2026:14:08:38 +0000] "GET /wp-json/wp/v2/users/ HTTP/1.1" 401 133 "-" "Mozilla/5.0 (Windows NT 10.0; Win64; x64) AppleWebKit/537.36 (KHTML, like Gecko) Chrome/78.0.3904.108 Safari/537.36"
34.68.87.130 - - [27/Apr/2026:14:08:39 +0000] "GET /wp-json/oembed/1.0/embed?url=http://smarthomediscovery.com HTTP/1.1" 404 73 "-" "Mozilla/5.0 (Windows NT 10.0; Win64; x64) AppleWebKit/537.36 (KHTML, like Gecko) Chrome/78.0.3904.108 Safari/537.36"
34.68.87.130 - - [27/Apr/2026:14:08:40 +0000] "GET /wp-json/oembed/1.0/embed?url=http://smarthomediscovery.primemusicproductions.com HTTP/1.1" 404 73 "-" "Mozilla/5.0 (Windows NT 10.0; Win64; x64) AppleWebKit/537.36 (KHTML, like Gecko) Chrome/78.0.3904.108 Safari/537.36"
34.68.87.130 - - [27/Apr/2026:14:08:43 +0000] "POST /xmlrpc.php HTTP/1.1" 404 66752 "-" "Mozilla/5.0 (Windows NT 10.0; Win64; x64) AppleWebKit/537.36 (KHTML, like Gecko) Chrome/78.0.3904.108 Safari/537.36"
34.68.87.130 - - [27/Apr/2026:14:08:42 +0000] "POST /xmlrpc.php HTTP/1.1" 404 66692 "-" "Mozilla/5.0 (Windows NT 10.0; Win64; x64) AppleWebKit/537.36 (KHTML, like Gecko) Chrome/78.0.3904.108 Safari/537.36"
216.244.66.228 - - [27/Apr/2026:14:11:36 +0000] "GET /everything-you-must-know-about-home-security/?share=twitter HTTP/1.1" 302 - "-" "Mozilla/5.0 (compatible; DotBot/1.2; +https://opensiteexplorer.org/dotbot; help@moz.com)"
216.244.66.228 - - [27/Apr/2026:14:12:26 +0000] "GET /tag/spring-latch/ HTTP/1.1" 200 81209 "-" "Mozilla/5.0 (compatible; DotBot/1.2; +https://opensiteexplorer.org/dotbot; help@moz.com)"
184.94.212.206 - - [27/Apr/2026:14:13:32 +0000] "POST /wp-cron.php?doing_wp_cron=1777299212.8394699096679687500000 HTTP/1.1" 200 - "-" "WordPress/6.9.4; https://smarthomediscovery.com"
216.244.66.228 - - [27/Apr/2026:14:13:31 +0000] "GET /improve-your-home-security-with-these-outstanding-tips/?share=twitter HTTP/1.1" 302 - "-" "Mozilla/5.0 (compatible; DotBot/1.2; +https://opensiteexplorer.org/dotbot; help@moz.com)"
216.244.66.228 - - [27/Apr/2026:14:14:16 +0000] "GET /tag/business-bureau/ HTTP/1.1" 200 73759 "-" "Mozilla/5.0 (compatible; DotBot/1.2; +https://opensiteexplorer.org/dotbot; help@moz.com)"
216.244.66.228 - - [27/Apr/2026:14:16:33 +0000] "GET /how-to-deter-criminals-and-keep-your-sanctuary-secure/?share=x HTTP/1.1" 302 - "-" "Mozilla/5.0 (compatible; DotBot/1.2; +https://opensiteexplorer.org/dotbot; help@moz.com)"
216.244.66.228 - - [27/Apr/2026:14:16:45 +0000] "GET /take-a-look-at-these-cool-home-security-tips/?share=x HTTP/1.1" 302 - "-" "Mozilla/5.0 (compatible; DotBot/1.2; +https://opensiteexplorer.org/dotbot; help@moz.com)"
107.172.88.27 - - [27/Apr/2026:14:18:01 +0000] "GET / HTTP/1.1" 200 16519 "-" "Mozilla/5.0 (X11; Ubuntu; Linux x86_64; rv:136.0) Gecko/20100101 Firefox/136.0"
107.172.88.27 - - [27/Apr/2026:14:18:06 +0000] "GET / HTTP/1.1" 200 16519 "https://smarthomediscovery.com/wp-login.php" "Mozilla/5.0 (Windows NT 6.3; Win64; x64) AppleWebKit/537.36 (KHTML, like Gecko) Chrome/103.0.0.0 Safari/537.36"
107.172.88.27 - - [27/Apr/2026:14:18:07 +0000] "GET /xmlrpc.php HTTP/1.1" 404 12790 "http://smarthomediscovery.com" "Mozilla/5.0 (Windows NT 6.3; Win64; x64) AppleWebKit/537.36 (KHTML, like Gecko) Chrome/103.0.0.0 Safari/537.36"
184.94.212.206 - - [27/Apr/2026:14:18:10 +0000] "POST /wp-cron.php?doing_wp_cron=1777299490.2309679985046386718750 HTTP/1.1" 200 - "-" "WordPress/6.9.4; https://smarthomediscovery.com"
107.172.88.27 - - [27/Apr/2026:14:18:09 +0000] "GET / HTTP/1.1" 200 16518 "http://smarthomediscovery.com/xmlrpc.php" "Mozilla/5.0 (Windows NT 6.3; Win64; x64) AppleWebKit/537.36 (KHTML, like Gecko) Chrome/103.0.0.0 Safari/537.36"
107.172.88.27 - - [27/Apr/2026:14:18:10 +0000] "GET /wp-admin/post-new.php HTTP/1.1" 302 - "http://smarthomediscovery.com" "Mozilla/5.0 (Windows NT 6.3; Win64; x64) AppleWebKit/537.36 (KHTML, like Gecko) Chrome/103.0.0.0 Safari/537.36"
145.220.91.19 - - [27/Apr/2026:14:18:22 +0000] "GET / HTTP/1.1" 200 16519 "-" "Mozilla/5.0 (Macintosh; Intel Mac OS X 10.15; rv:122.0) Gecko/20100101 Firefox/122.0"
216.244.66.228 - - [27/Apr/2026:14:18:56 +0000] "GET /answers-for-your-home-security-questions-are-all-right-here/?share=facebook HTTP/1.1" 302 - "-" "Mozilla/5.0 (compatible; DotBot/1.2; +https://opensiteexplorer.org/dotbot; help@moz.com)"
216.244.66.228 - - [27/Apr/2026:14:19:06 +0000] "GET /great-tips-on-how-to-invest-in-real-estate/?share=facebook HTTP/1.1" 302 - "-" "Mozilla/5.0 (compatible; DotBot/1.2; +https://opensiteexplorer.org/dotbot; help@moz.com)"
206.1.31.15 - - [27/Apr/2026:14:22:01 +0000] "GET /secrets.json HTTP/1.1" 500 2508 "-" "Mozilla/5.0"
206.1.31.15 - - [27/Apr/2026:14:22:01 +0000] "GET /django/settings.py HTTP/1.1" 500 2508 "-" "Mozilla/5.0"
206.1.31.15 - - [27/Apr/2026:14:22:01 +0000] "GET /.env.testing HTTP/1.1" 500 2508 "-" "Mozilla/5.0"
206.1.31.15 - - [27/Apr/2026:14:22:01 +0000] "GET /docker-compose.override.yml HTTP/1.1" 500 2508 "-" "Mozilla/5.0"
206.1.31.15 - - [27/Apr/2026:14:22:01 +0000] "GET /django/.env HTTP/1.1" 500 2508 "-" "Mozilla/5.0"
206.1.31.15 - - [27/Apr/2026:14:22:01 +0000] "GET /node/config.env HTTP/1.1" 500 2508 "-" "Mozilla/5.0"
206.1.31.15 - - [27/Apr/2026:14:22:01 +0000] "GET /.env.example HTTP/1.1" 500 2556 "-" "Mozilla/5.0"
206.1.31.15 - - [27/Apr/2026:14:22:01 +0000] "GET /.env.old HTTP/1.1" 500 2508 "-" "Mozilla/5.0"
206.1.31.15 - - [27/Apr/2026:14:22:01 +0000] "GET /docker.env HTTP/1.1" 500 2508 "-" "Mozilla/5.0"
206.1.31.15 - - [27/Apr/2026:14:22:01 +0000] "GET /appsettings.json HTTP/1.1" 500 2508 "-" "Mozilla/5.0"
206.1.31.15 - - [27/Apr/2026:14:22:01 +0000] "GET /.env.prod HTTP/1.1" 500 2556 "-" "Mozilla/5.0"
206.1.31.15 - - [27/Apr/2026:14:22:01 +0000] "GET /node/.env.development HTTP/1.1" 500 2556 "-" "Mozilla/5.0"
206.1.31.15 - - [27/Apr/2026:14:22:01 +0000] "GET /configuration.php HTTP/1.1" 500 2556 "-" "Mozilla/5.0"
206.1.31.15 - - [27/Apr/2026:14:22:01 +0000] "GET /symfony/.env.dev HTTP/1.1" 500 2556 "-" "Mozilla/5.0"
206.1.31.15 - - [27/Apr/2026:14:22:01 +0000] "GET /app/.env HTTP/1.1" 500 2556 "-" "Mozilla/5.0"
206.1.31.15 - - [27/Apr/2026:14:22:01 +0000] "GET /www/.env HTTP/1.1" 500 2556 "-" "Mozilla/5.0"
206.1.31.15 - - [27/Apr/2026:14:22:01 +0000] "GET /config.php HTTP/1.1" 500 2508 "-" "Mozilla/5.0"
206.1.31.15 - - [27/Apr/2026:14:22:01 +0000] "GET /auth.json HTTP/1.1" 500 2556 "-" "Mozilla/5.0"
206.1.31.15 - - [27/Apr/2026:14:22:01 +0000] "GET /config.json HTTP/1.1" 500 2508 "-" "Mozilla/5.0"
206.1.31.15 - - [27/Apr/2026:14:22:01 +0000] "GET /admin/.env HTTP/1.1" 500 2556 "-" "Mozilla/5.0"
216.244.66.228 - - [27/Apr/2026:14:42:20 +0000] "GET /robots.txt HTTP/1.1" 200 289 "-" "Mozilla/5.0 (compatible; DotBot/1.2; +https://opensiteexplorer.org/dotbot; help@moz.com)"
216.244.66.228 - - [27/Apr/2026:14:42:20 +0000] "GET /robots.txt HTTP/1.1" 301 - "-" "Mozilla/5.0 (compatible; DotBot/1.2; +https://opensiteexplorer.org/dotbot; help@moz.com)"
216.244.66.228 - - [27/Apr/2026:14:42:22 +0000] "GET /robots.txt HTTP/1.1" 200 289 "-" "Mozilla/5.0 (compatible; DotBot/1.2; +https://opensiteexplorer.org/dotbot; help@moz.com)"
184.94.212.206 - - [27/Apr/2026:14:52:02 +0000] "POST /wp-cron.php?doing_wp_cron=1777301522.8906989097595214843750 HTTP/1.1" 200 - "-" "WordPress/6.9.4; https://smarthomediscovery.com"
216.244.66.228 - - [27/Apr/2026:14:52:00 +0000] "GET /make-sure-your-home-is-protected/?amp HTTP/1.1" 200 107562 "-" "Mozilla/5.0 (compatible; DotBot/1.2; +https://opensiteexplorer.org/dotbot; help@moz.com)"
202.181.177.121 - - [27/Apr/2026:15:14:29 +0000] "GET /wp-content/plugins/suretriggers/readme.txt HTTP/1.1" 404 12804 "-" "Mozilla/5.0"
184.94.212.206 - - [27/Apr/2026:15:33:21 +0000] "POST /wp-cron.php?doing_wp_cron=1777304001.5595300197601318359375 HTTP/1.1" 200 - "-" "WordPress/6.9.4; https://smarthomediscovery.com"
168.144.106.20 - - [27/Apr/2026:15:33:20 +0000] "GET /wp-admin/install.php HTTP/1.1" 200 517 "-" "Mozilla/5.0 (Macintosh; Intel Mac OS X 10_10_1) AppleWebKit/537.36 (KHTML, like Gecko) Chrome/39.0.2171.95 Safari/537.36"
184.94.212.206 - - [27/Apr/2026:15:33:23 +0000] "POST /wp-cron.php?doing_wp_cron=1777304003.7577929496765136718750 HTTP/1.1" 200 - "-" "WordPress/6.9.4; https://smarthomediscovery.com"
168.144.106.20 - - [27/Apr/2026:15:33:22 +0000] "GET /wp/wp-admin/install.php HTTP/1.1" 404 12798 "-" "Mozilla/5.0 (Macintosh; Intel Mac OS X 10_10_1) AppleWebKit/537.36 (KHTML, like Gecko) Chrome/39.0.2171.95 Safari/537.36"
168.144.106.20 - - [27/Apr/2026:15:33:24 +0000] "GET /new/wp-admin/install.php HTTP/1.1" 404 12798 "-" "Mozilla/5.0 (Macintosh; Intel Mac OS X 10_10_1) AppleWebKit/537.36 (KHTML, like Gecko) Chrome/39.0.2171.95 Safari/537.36"
168.144.106.20 - - [27/Apr/2026:15:33:26 +0000] "GET /old/wp-admin/install.php HTTP/1.1" 404 12798 "-" "Mozilla/5.0 (Macintosh; Intel Mac OS X 10_10_1) AppleWebKit/537.36 (KHTML, like Gecko) Chrome/39.0.2171.95 Safari/537.36"
168.144.106.20 - - [27/Apr/2026:15:33:29 +0000] "GET /wordpress/wp-admin/install.php HTTP/1.1" 404 12802 "-" "Mozilla/5.0 (Macintosh; Intel Mac OS X 10_10_1) AppleWebKit/537.36 (KHTML, like Gecko) Chrome/39.0.2171.95 Safari/537.36"
168.144.106.20 - - [27/Apr/2026:15:33:31 +0000] "GET /test/wp-admin/install.php HTTP/1.1" 404 12797 "-" "Mozilla/5.0 (Macintosh; Intel Mac OS X 10_10_1) AppleWebKit/537.36 (KHTML, like Gecko) Chrome/39.0.2171.95 Safari/537.36"
168.144.106.20 - - [27/Apr/2026:15:33:34 +0000] "GET /blog/wp-admin/install.php HTTP/1.1" 404 12798 "-" "Mozilla/5.0 (Macintosh; Intel Mac OS X 10_10_1) AppleWebKit/537.36 (KHTML, like Gecko) Chrome/39.0.2171.95 Safari/537.36"
168.144.106.20 - - [27/Apr/2026:15:33:36 +0000] "GET /cms/wp-admin/install.php HTTP/1.1" 404 12798 "-" "Mozilla/5.0 (Macintosh; Intel Mac OS X 10_10_1) AppleWebKit/537.36 (KHTML, like Gecko) Chrome/39.0.2171.95 Safari/537.36"
168.144.106.20 - - [27/Apr/2026:15:33:39 +0000] "GET /web/wp-admin/install.php HTTP/1.1" 404 12798 "-" "Mozilla/5.0 (Macintosh; Intel Mac OS X 10_10_1) AppleWebKit/537.36 (KHTML, like Gecko) Chrome/39.0.2171.95 Safari/537.36"
168.144.106.20 - - [27/Apr/2026:15:33:41 +0000] "GET /backup/wp-admin/install.php HTTP/1.1" 404 12800 "-" "Mozilla/5.0 (Macintosh; Intel Mac OS X 10_10_1) AppleWebKit/537.36 (KHTML, like Gecko) Chrome/39.0.2171.95 Safari/537.36"
168.144.106.20 - - [27/Apr/2026:15:33:43 +0000] "GET /site/wp-admin/install.php HTTP/1.1" 404 12798 "-" "Mozilla/5.0 (Macintosh; Intel Mac OS X 10_10_1) AppleWebKit/537.36 (KHTML, like Gecko) Chrome/39.0.2171.95 Safari/537.36"
168.144.106.20 - - [27/Apr/2026:15:33:45 +0000] "GET /oldsite/wp-admin/install.php HTTP/1.1" 404 12800 "-" "Mozilla/5.0 (Macintosh; Intel Mac OS X 10_10_1) AppleWebKit/537.36 (KHTML, like Gecko) Chrome/39.0.2171.95 Safari/537.36"
216.244.66.228 - - [27/Apr/2026:15:35:14 +0000] "GET /robots.txt HTTP/1.1" 301 - "-" "Mozilla/5.0 (compatible; DotBot/1.2; +https://opensiteexplorer.org/dotbot; help@moz.com)"
216.244.66.228 - - [27/Apr/2026:15:35:14 +0000] "GET /robots.txt HTTP/1.1" 200 289 "-" "Mozilla/5.0 (compatible; DotBot/1.2; +https://opensiteexplorer.org/dotbot; help@moz.com)"
216.244.66.228 - - [27/Apr/2026:15:35:15 +0000] "GET /robots.txt HTTP/1.1" 200 289 "-" "Mozilla/5.0 (compatible; DotBot/1.2; +https://opensiteexplorer.org/dotbot; help@moz.com)"
184.94.212.206 - - [27/Apr/2026:15:37:15 +0000] "POST /wp-cron.php?doing_wp_cron=1777304235.9443659782409667968750 HTTP/1.1" 200 - "-" "WordPress/6.9.4; https://smarthomediscovery.com"
125.94.144.102 - - [27/Apr/2026:15:37:14 +0000] "GET / HTTP/1.1" 301 - "-" "Mozilla/5.0 (iPhone; CPU iPhone OS 13_2_3 like Mac OS X) AppleWebKit/605.1.15 (KHTML, like Gecko) Version/13.0.3 Mobile/15E148 Safari/604.1"
125.94.144.102 - - [27/Apr/2026:15:37:23 +0000] "GET / HTTP/1.1" 200 16519 "http://www.smarthomediscovery.com" "Mozilla/5.0 (iPhone; CPU iPhone OS 13_2_3 like Mac OS X) AppleWebKit/605.1.15 (KHTML, like Gecko) Version/13.0.3 Mobile/15E148 Safari/604.1"
110.249.202.185 - - [27/Apr/2026:15:39:20 +0000] "GET /robots.txt HTTP/1.1" 200 150 "-" "Mozilla/5.0 (Linux; Android 5.0) AppleWebKit/537.36 (KHTML, like Gecko) Mobile Safari/537.36 (compatible; Bytespider; https://zhanzhang.toutiao.com/)"
103.180.237.164 - - [27/Apr/2026:15:44:21 +0000] "GET /wp-json/wp/v2/posts HTTP/1.1" 200 46496 "-" "Mozilla/5.0 (Windows NT 10.0; Win64; x64) AppleWebKit/537.36 (KHTML, like Gecko) Chrome/120.0.0.0 Safari/537.36"
216.244.66.228 - - [27/Apr/2026:15:45:05 +0000] "GET /real-estate-investing-isnt-too-hard-to-learn-about/ HTTP/1.1" 301 - "-" "Mozilla/5.0 (compatible; DotBot/1.2; +https://opensiteexplorer.org/dotbot; help@moz.com)"
216.244.66.228 - - [27/Apr/2026:15:45:11 +0000] "GET /stellar-home-security-tips-that-will-actually-work/ HTTP/1.1" 301 - "-" "Mozilla/5.0 (compatible; DotBot/1.2; +https://opensiteexplorer.org/dotbot; help@moz.com)"
184.94.212.206 - - [27/Apr/2026:15:47:07 +0000] "POST /wp-cron.php?doing_wp_cron=1777304827.2946219444274902343750 HTTP/1.1" 200 - "-" "WordPress/6.9.4; https://smarthomediscovery.com"
43.104.16.144 - - [27/Apr/2026:15:47:05 +0000] "GET / HTTP/1.1" 200 16519 "https://smarthomediscovery.com/" "Mozilla/5.0 (Windows NT 10.0; Win64; x64) AppleWebKit/537.36 (KHTML, like Gecko) Chrome/69.0.2590.8 Safari/537.36"
216.244.66.228 - - [27/Apr/2026:15:47:15 +0000] "GET /tag/property-management-company/ HTTP/1.1" 301 - "-" "Mozilla/5.0 (compatible; DotBot/1.2; +https://opensiteexplorer.org/dotbot; help@moz.com)"
184.94.212.206 - - [27/Apr/2026:15:48:11 +0000] "POST /wp-cron.php?doing_wp_cron=1777304891.9762248992919921875000 HTTP/1.1" 200 - "-" "WordPress/6.9.4; https://smarthomediscovery.com"
216.244.66.228 - - [27/Apr/2026:15:48:10 +0000] "GET /great-home-security-pointers-that-you-may-never-have-thought-of/?amp HTTP/1.1" 200 109486 "-" "Mozilla/5.0 (compatible; DotBot/1.2; +https://opensiteexplorer.org/dotbot; help@moz.com)"
216.244.66.228 - - [27/Apr/2026:15:48:17 +0000] "GET /how-to-use-video-for-your-home-security/?amp HTTP/1.1" 200 111333 "-" "Mozilla/5.0 (compatible; DotBot/1.2; +https://opensiteexplorer.org/dotbot; help@moz.com)"
216.244.66.228 - - [27/Apr/2026:15:48:24 +0000] "GET /staying-safe-home-security-tips-anyone-can-follow/?amp HTTP/1.1" 200 108529 "-" "Mozilla/5.0 (compatible; DotBot/1.2; +https://opensiteexplorer.org/dotbot; help@moz.com)"
216.244.66.228 - - [27/Apr/2026:15:48:28 +0000] "GET /tips-to-assist-homeowners-with-home-security/?amp HTTP/1.1" 200 109892 "-" "Mozilla/5.0 (compatible; DotBot/1.2; +https://opensiteexplorer.org/dotbot; help@moz.com)"
216.244.66.228 - - [27/Apr/2026:15:49:52 +0000] "GET /tag/hiding-spots/feed/ HTTP/1.1" 301 - "-" "Mozilla/5.0 (compatible; DotBot/1.2; +https://opensiteexplorer.org/dotbot; help@moz.com)"
184.94.212.206 - - [27/Apr/2026:15:52:00 +0000] "POST /wp-cron.php?doing_wp_cron=1777305120.0490000247955322265625 HTTP/1.1" 200 - "-" "WordPress/6.9.4; https://smarthomediscovery.com"
216.244.66.228 - - [27/Apr/2026:15:51:58 +0000] "GET /tag/deter-criminals/?amp HTTP/1.1" 200 73682 "-" "Mozilla/5.0 (compatible; DotBot/1.2; +https://opensiteexplorer.org/dotbot; help@moz.com)"
216.244.66.228 - - [27/Apr/2026:15:52:02 +0000] "GET /tag/improvement-tips/?amp HTTP/1.1" 200 73683 "-" "Mozilla/5.0 (compatible; DotBot/1.2; +https://opensiteexplorer.org/dotbot; help@moz.com)"
66.249.66.168 - - [27/Apr/2026:15:52:59 +0000] "GET /ads.txt HTTP/1.1" 200 58 "-" "Mozilla/5.0 (compatible; Googlebot/2.1; +http://www.google.com/bot.html)"
66.249.66.35 - - [27/Apr/2026:15:53:04 +0000] "GET /ads.txt HTTP/1.1" 200 58 "-" "Mozilla/5.0 (compatible; Googlebot/2.1; +http://www.google.com/bot.html)"
184.94.212.206 - - [27/Apr/2026:15:58:11 +0000] "POST /wp-cron.php?doing_wp_cron=1777305491.0600600242614746093750 HTTP/1.1" 200 - "-" "WordPress/6.9.4; https://smarthomediscovery.com"
216.244.66.228 - - [27/Apr/2026:15:58:09 +0000] "GET /this-is-the-article-for-you-if-you-want-to-learn-about-real-estate-investing-2/?share=twitter HTTP/1.1" 302 - "-" "Mozilla/5.0 (compatible; DotBot/1.2; +https://opensiteexplorer.org/dotbot; help@moz.com)"
216.244.66.228 - - [27/Apr/2026:15:58:55 +0000] "GET /want-to-know-more-about-home-improvement/?share=facebook HTTP/1.1" 302 - "-" "Mozilla/5.0 (compatible; DotBot/1.2; +https://opensiteexplorer.org/dotbot; help@moz.com)"
184.94.212.206 - - [27/Apr/2026:16:03:24 +0000] "POST /wp-cron.php?doing_wp_cron=1777305804.7513039112091064453125 HTTP/1.1" 200 - "-" "WordPress/6.9.4; https://smarthomediscovery.com"
216.244.66.228 - - [27/Apr/2026:16:03:23 +0000] "GET /home-security-advice-straight-from-the-experts/?share=facebook HTTP/1.1" 302 - "-" "Mozilla/5.0 (compatible; DotBot/1.2; +https://opensiteexplorer.org/dotbot; help@moz.com)"
66.249.66.166 - - [27/Apr/2026:16:23:53 +0000] "GET /ads.txt HTTP/1.1" 200 58 "-" "Mozilla/5.0 (compatible; Googlebot/2.1; +http://www.google.com/bot.html)"
66.249.66.10 - - [27/Apr/2026:16:23:54 +0000] "GET /ads.txt HTTP/1.1" 200 58 "-" "Mozilla/5.0 (compatible; Googlebot/2.1; +http://www.google.com/bot.html)"
66.249.66.44 - - [27/Apr/2026:16:24:02 +0000] "GET /ads.txt HTTP/1.1" 200 58 "-" "Mozilla/5.0 (compatible; Googlebot/2.1; +http://www.google.com/bot.html)"
184.94.212.206 - - [27/Apr/2026:16:28:31 +0000] "POST /wp-cron.php?doing_wp_cron=1777307311.6447429656982421875000 HTTP/1.1" 200 - "-" "WordPress/6.9.4; https://smarthomediscovery.com"
216.244.66.228 - - [27/Apr/2026:16:28:30 +0000] "GET /robots.txt HTTP/1.1" 200 289 "-" "Mozilla/5.0 (compatible; DotBot/1.2; +https://opensiteexplorer.org/dotbot; help@moz.com)"
184.94.212.206 - - [27/Apr/2026:16:45:59 +0000] "POST /wp-cron.php?doing_wp_cron=1777308359.1673860549926757812500 HTTP/1.1" 200 - "-" "WordPress/6.9.4; https://smarthomediscovery.com"
216.244.66.228 - - [27/Apr/2026:16:45:57 +0000] "GET /tag/mature-plants/?amp HTTP/1.1" 200 73308 "-" "Mozilla/5.0 (compatible; DotBot/1.2; +https://opensiteexplorer.org/dotbot; help@moz.com)"
216.244.66.228 - - [27/Apr/2026:16:46:23 +0000] "GET /tag/professional/?amp HTTP/1.1" 200 73397 "-" "Mozilla/5.0 (compatible; DotBot/1.2; +https://opensiteexplorer.org/dotbot; help@moz.com)"
184.94.212.206 - - [27/Apr/2026:16:54:06 +0000] "POST /wp-cron.php?doing_wp_cron=1777308845.9731280803680419921875 HTTP/1.1" 200 - "-" "WordPress/6.9.4; https://smarthomediscovery.com"
216.244.66.228 - - [27/Apr/2026:16:54:04 +0000] "GET /this-is-the-article-for-you-if-you-want-to-learn-about-real-estate-investing/?share=x HTTP/1.1" 302 - "-" "Mozilla/5.0 (compatible; DotBot/1.2; +https://opensiteexplorer.org/dotbot; help@moz.com)"
66.249.66.169 - - [27/Apr/2026:16:54:16 +0000] "GET /ads.txt HTTP/1.1" 304 - "-" "Google-adstxt"
216.244.66.228 - - [27/Apr/2026:16:56:26 +0000] "GET /advice-all-homeowners-should-know-about-home-security-2/?share=facebook HTTP/1.1" 302 - "-" "Mozilla/5.0 (compatible; DotBot/1.2; +https://opensiteexplorer.org/dotbot; help@moz.com)"
216.244.66.228 - - [27/Apr/2026:16:56:55 +0000] "GET /keeping-safe-with-these-home-security-tips/?share=facebook HTTP/1.1" 302 - "-" "Mozilla/5.0 (compatible; DotBot/1.2; +https://opensiteexplorer.org/dotbot; help@moz.com)"
216.244.66.228 - - [27/Apr/2026:17:16:50 +0000] "GET /robots.txt HTTP/1.1" 200 289 "-" "Mozilla/5.0 (compatible; DotBot/1.2; +https://opensiteexplorer.org/dotbot; help@moz.com)"
216.244.66.228 - - [27/Apr/2026:17:16:50 +0000] "GET /robots.txt HTTP/1.1" 301 - "-" "Mozilla/5.0 (compatible; DotBot/1.2; +https://opensiteexplorer.org/dotbot; help@moz.com)"
216.244.66.228 - - [27/Apr/2026:17:16:51 +0000] "GET /robots.txt HTTP/1.1" 200 289 "-" "Mozilla/5.0 (compatible; DotBot/1.2; +https://opensiteexplorer.org/dotbot; help@moz.com)"
184.94.212.206 - - [27/Apr/2026:17:23:33 +0000] "POST /wp-cron.php?doing_wp_cron=1777310613.2366390228271484375000 HTTP/1.1" 200 - "-" "WordPress/6.9.4; https://smarthomediscovery.com"
216.244.66.228 - - [27/Apr/2026:17:23:31 +0000] "GET /great-tips-on-how-to-invest-in-real-estate/ HTTP/1.1" 301 - "-" "Mozilla/5.0 (compatible; DotBot/1.2; +https://opensiteexplorer.org/dotbot; help@moz.com)"
216.244.66.228 - - [27/Apr/2026:17:23:37 +0000] "GET /important-home-security-advice-everyone-should-know-2/ HTTP/1.1" 301 - "-" "Mozilla/5.0 (compatible; DotBot/1.2; +https://opensiteexplorer.org/dotbot; help@moz.com)"
216.244.66.228 - - [27/Apr/2026:17:23:42 +0000] "GET /valuable-home-security-tips-and-tricks-for-you/ HTTP/1.1" 301 - "-" "Mozilla/5.0 (compatible; DotBot/1.2; +https://opensiteexplorer.org/dotbot; help@moz.com)"
216.244.66.228 - - [27/Apr/2026:17:24:09 +0000] "GET /tag/security-needs/ HTTP/1.1" 301 - "-" "Mozilla/5.0 (compatible; DotBot/1.2; +https://opensiteexplorer.org/dotbot; help@moz.com)"
216.244.66.228 - - [27/Apr/2026:17:24:13 +0000] "GET /tag/security-tips/ HTTP/1.1" 301 - "-" "Mozilla/5.0 (compatible; DotBot/1.2; +https://opensiteexplorer.org/dotbot; help@moz.com)"
216.244.66.228 - - [27/Apr/2026:17:24:24 +0000] "GET /feel-safe-at-home-after-reading-this-advice/?amp HTTP/1.1" 200 111458 "-" "Mozilla/5.0 (compatible; DotBot/1.2; +https://opensiteexplorer.org/dotbot; help@moz.com)"
216.244.66.228 - - [27/Apr/2026:17:25:13 +0000] "GET /tag/easily-break/feed/ HTTP/1.1" 301 - "-" "Mozilla/5.0 (compatible; DotBot/1.2; +https://opensiteexplorer.org/dotbot; help@moz.com)"
184.94.212.206 - - [27/Apr/2026:17:25:20 +0000] "POST /wp-cron.php?doing_wp_cron=1777310720.3586928844451904296875 HTTP/1.1" 200 - "-" "WordPress/6.9.4; https://smarthomediscovery.com"
216.244.66.228 - - [27/Apr/2026:17:25:19 +0000] "GET /tag/housing-market/feed/ HTTP/1.1" 301 - "-" "Mozilla/5.0 (compatible; DotBot/1.2; +https://opensiteexplorer.org/dotbot; help@moz.com)"
216.244.66.228 - - [27/Apr/2026:17:26:09 +0000] "GET /tag/tedswoodworking-review/feed/ HTTP/1.1" 301 - "-" "Mozilla/5.0 (compatible; DotBot/1.2; +https://opensiteexplorer.org/dotbot; help@moz.com)"
216.244.66.228 - - [27/Apr/2026:17:27:12 +0000] "GET /author/h0tn1ch3s/page/21/ HTTP/1.1" 301 - "-" "Mozilla/5.0 (compatible; DotBot/1.2; +https://opensiteexplorer.org/dotbot; help@moz.com)"
216.244.66.228 - - [27/Apr/2026:17:27:15 +0000] "GET /author/h0tn1ch3s/page/8/ HTTP/1.1" 301 - "-" "Mozilla/5.0 (compatible; DotBot/1.2; +https://opensiteexplorer.org/dotbot; help@moz.com)"
216.244.66.228 - - [27/Apr/2026:17:29:37 +0000] "GET /get-the-best-home-security-advice-here-2/?share=twitter HTTP/1.1" 302 - "-" "Mozilla/5.0 (compatible; DotBot/1.2; +https://opensiteexplorer.org/dotbot; help@moz.com)"
216.244.66.228 - - [27/Apr/2026:17:29:39 +0000] "GET /wed-love-to-answer-your-home-security-questions/?share=twitter HTTP/1.1" 302 - "-" "Mozilla/5.0 (compatible; DotBot/1.2; +https://opensiteexplorer.org/dotbot; help@moz.com)"
216.244.66.228 - - [27/Apr/2026:17:30:45 +0000] "GET /this-article-contains-all-the-home-security-answers-you-need/?share=twitter HTTP/1.1" 302 - "-" "Mozilla/5.0 (compatible; DotBot/1.2; +https://opensiteexplorer.org/dotbot; help@moz.com)"
216.244.66.228 - - [27/Apr/2026:17:30:56 +0000] "GET /tag/ased-paints/ HTTP/1.1" 200 73613 "-" "Mozilla/5.0 (compatible; DotBot/1.2; +https://opensiteexplorer.org/dotbot; help@moz.com)"
216.244.66.228 - - [27/Apr/2026:17:32:33 +0000] "GET /home-security-tips-to-help-you-feel-safe/?share=x HTTP/1.1" 302 - "-" "Mozilla/5.0 (compatible; DotBot/1.2; +https://opensiteexplorer.org/dotbot; help@moz.com)"
216.244.66.228 - - [27/Apr/2026:17:32:46 +0000] "GET /improve-your-home-security-with-these-outstanding-tips/?share=x HTTP/1.1" 302 - "-" "Mozilla/5.0 (compatible; DotBot/1.2; +https://opensiteexplorer.org/dotbot; help@moz.com)"
216.244.66.228 - - [27/Apr/2026:17:32:49 +0000] "GET /real-estate-investing-and-how-you-can-get-into-it/?share=x HTTP/1.1" 302 - "-" "Mozilla/5.0 (compatible; DotBot/1.2; +https://opensiteexplorer.org/dotbot; help@moz.com)"
184.94.212.206 - - [27/Apr/2026:17:33:15 +0000] "POST /wp-cron.php?doing_wp_cron=1777311195.7427279949188232421875 HTTP/1.1" 200 - "-" "WordPress/6.9.4; https://smarthomediscovery.com"
216.244.66.228 - - [27/Apr/2026:17:33:14 +0000] "GET /if-youre-seeking-out-the-best-secrets-about-real-estate-investing-read-this/?share=x HTTP/1.1" 302 - "-" "Mozilla/5.0 (compatible; DotBot/1.2; +https://opensiteexplorer.org/dotbot; help@moz.com)"
216.244.66.228 - - [27/Apr/2026:17:34:27 +0000] "GET /get-the-best-home-security-advice-here-2/?share=facebook HTTP/1.1" 302 - "-" "Mozilla/5.0 (compatible; DotBot/1.2; +https://opensiteexplorer.org/dotbot; help@moz.com)"
216.244.66.228 - - [27/Apr/2026:17:34:36 +0000] "GET /useful-information-for-keeping-your-house-and-valuables-secure-2/?share=facebook HTTP/1.1" 302 - "-" "Mozilla/5.0 (compatible; DotBot/1.2; +https://opensiteexplorer.org/dotbot; help@moz.com)"
130.12.180.144 - - [27/Apr/2026:18:10:48 +0000] "GET /.env HTTP/1.1" 404 12791 "-" "Mozilla/5.0 (Windows NT 10.0; Win64; x64) AppleWebKit/537.36"
184.94.212.206 - - [27/Apr/2026:18:49:57 +0000] "POST /wp-cron.php?doing_wp_cron=1777315797.0261900424957275390625 HTTP/1.1" 200 - "-" "WordPress/6.9.4; https://smarthomediscovery.com"
172.212.217.10 - - [27/Apr/2026:18:49:55 +0000] "GET /wp-content/plugins/hellopress/wp_filemanager.php HTTP/1.1" 404 66730 "-" "-"
172.212.217.10 - - [27/Apr/2026:18:49:57 +0000] "GET /settings.php HTTP/1.1" 404 66694 "-" "-"
172.212.217.10 - - [27/Apr/2026:18:49:58 +0000] "GET /sx.php HTTP/1.1" 404 66688 "-" "-"
172.212.217.10 - - [27/Apr/2026:18:49:59 +0000] "GET /connector.minimal.php HTTP/1.1" 404 66703 "-" "-"
172.212.217.10 - - [27/Apr/2026:18:50:00 +0000] "GET /.env.php.dist HTTP/1.1" 404 66695 "-" "-"
172.212.217.10 - - [27/Apr/2026:18:50:02 +0000] "GET /applications.php HTTP/1.1" 404 66698 "-" "-"
172.212.217.10 - - [27/Apr/2026:18:50:03 +0000] "GET /wp-config.php.swo HTTP/1.1" 404 66699 "-" "-"
172.212.217.10 - - [27/Apr/2026:18:50:04 +0000] "GET /ajax_officebuilding.php HTTP/1.1" 404 66705 "-" "-"
172.212.217.10 - - [27/Apr/2026:18:50:05 +0000] "GET /sys-details.php HTTP/1.1" 404 66697 "-" "-"
172.212.217.10 - - [27/Apr/2026:18:50:08 +0000] "GET /env.php HTTP/1.1" 404 66689 "-" "-"
172.212.217.10 - - [27/Apr/2026:18:50:09 +0000] "GET /release_info.php HTTP/1.1" 404 66698 "-" "-"
172.212.217.10 - - [27/Apr/2026:18:50:11 +0000] "GET /mailer_url.php HTTP/1.1" 404 66696 "-" "-"
172.212.217.10 - - [27/Apr/2026:18:50:12 +0000] "GET /iR7SzrsOUEP.php HTTP/1.1" 404 66697 "-" "-"
172.212.217.10 - - [27/Apr/2026:18:50:13 +0000] "GET /connector.php HTTP/1.1" 404 66695 "-" "-"
172.212.217.10 - - [27/Apr/2026:18:50:14 +0000] "GET /systeminfo.php HTTP/1.1" 404 66696 "-" "-"
172.212.217.10 - - [27/Apr/2026:18:50:15 +0000] "GET /wp-config.phpc HTTP/1.1" 404 66696 "-" "-"
172.212.217.10 - - [27/Apr/2026:18:50:16 +0000] "GET /showphpinfo.php HTTP/1.1" 404 66697 "-" "-"
184.94.212.206 - - [27/Apr/2026:18:50:18 +0000] "POST /wp-cron.php?doing_wp_cron=1777315818.8170330524444580078125 HTTP/1.1" 200 - "-" "WordPress/6.9.4; https://smarthomediscovery.com"
172.212.217.10 - - [27/Apr/2026:18:50:17 +0000] "GET /main.php HTTP/1.1" 404 66690 "-" "-"
172.212.217.10 - - [27/Apr/2026:18:50:18 +0000] "GET /phpsysinfo.php HTTP/1.1" 404 66696 "-" "-"
172.212.217.10 - - [27/Apr/2026:18:50:19 +0000] "GET /phpinfo__.php HTTP/1.1" 404 66695 "-" "-"
172.212.217.10 - - [27/Apr/2026:18:50:20 +0000] "GET /sys-info.php HTTP/1.1" 404 66694 "-" "-"
172.212.217.10 - - [27/Apr/2026:18:50:21 +0000] "GET /profile.php HTTP/1.1" 404 66693 "-" "-"
172.212.217.10 - - [27/Apr/2026:18:50:23 +0000] "GET /defau1t.php HTTP/1.1" 404 66693 "-" "-"
172.212.217.10 - - [27/Apr/2026:18:50:24 +0000] "GET /fraie1p4.php HTTP/1.1" 404 66694 "-" "-"
172.212.217.10 - - [27/Apr/2026:18:50:25 +0000] "GET /routes.php HTTP/1.1" 404 66692 "-" "-"
172.212.217.10 - - [27/Apr/2026:18:50:26 +0000] "GET /del.php HTTP/1.1" 404 66689 "-" "-"
172.212.217.10 - - [27/Apr/2026:18:50:27 +0000] "GET /c99shell.php HTTP/1.1" 404 66694 "-" "-"
172.212.217.10 - - [27/Apr/2026:18:50:28 +0000] "GET /vv.php HTTP/1.1" 404 66688 "-" "-"
172.212.217.10 - - [27/Apr/2026:18:50:29 +0000] "GET /database.php HTTP/1.1" 404 66694 "-" "-"
172.212.217.10 - - [27/Apr/2026:18:50:30 +0000] "GET /smtp.php HTTP/1.1" 404 66690 "-" "-"
172.212.217.10 - - [27/Apr/2026:18:50:31 +0000] "GET /oo.php HTTP/1.1" 404 66688 "-" "-"
172.212.217.10 - - [27/Apr/2026:18:50:32 +0000] "GET /sk.php HTTP/1.1" 404 66688 "-" "-"
172.212.217.10 - - [27/Apr/2026:18:50:33 +0000] "GET /content.php888 HTTP/1.1" 404 66696 "-" "-"
172.212.217.10 - - [27/Apr/2026:18:50:34 +0000] "GET /loading.php HTTP/1.1" 404 66693 "-" "-"
172.212.217.10 - - [27/Apr/2026:18:50:36 +0000] "GET /kct.php HTTP/1.1" 404 66689 "-" "-"
172.212.217.10 - - [27/Apr/2026:18:50:37 +0000] "GET /ninja.php HTTP/1.1" 404 66691 "-" "-"
172.212.217.10 - - [27/Apr/2026:18:50:38 +0000] "GET /path.php HTTP/1.1" 404 66690 "-" "-"
184.94.212.206 - - [27/Apr/2026:18:50:40 +0000] "POST /wp-cron.php?doing_wp_cron=1777315840.0240778923034667968750 HTTP/1.1" 200 - "-" "WordPress/6.9.4; https://smarthomediscovery.com"
172.212.217.10 - - [27/Apr/2026:18:50:39 +0000] "GET /wp-key.php HTTP/1.1" 404 66692 "-" "-"
172.212.217.10 - - [27/Apr/2026:18:50:40 +0000] "GET /pm.php HTTP/1.1" 404 66688 "-" "-"
172.212.217.10 - - [27/Apr/2026:18:50:41 +0000] "GET /phpcheck.php HTTP/1.1" 404 66694 "-" "-"
172.212.217.10 - - [27/Apr/2026:18:50:42 +0000] "GET /filesystems.php HTTP/1.1" 404 66697 "-" "-"
216.244.66.228 - - [27/Apr/2026:18:50:55 +0000] "GET /robots.txt HTTP/1.1" 200 289 "-" "Mozilla/5.0 (compatible; DotBot/1.2; +https://opensiteexplorer.org/dotbot; help@moz.com)"
216.244.66.228 - - [27/Apr/2026:18:50:55 +0000] "GET /robots.txt HTTP/1.1" 301 - "-" "Mozilla/5.0 (compatible; DotBot/1.2; +https://opensiteexplorer.org/dotbot; help@moz.com)"
216.244.66.228 - - [27/Apr/2026:18:50:56 +0000] "GET /robots.txt HTTP/1.1" 200 289 "-" "Mozilla/5.0 (compatible; DotBot/1.2; +https://opensiteexplorer.org/dotbot; help@moz.com)"
85.11.167.19 - - [27/Apr/2026:18:51:08 +0000] "GET /.env HTTP/1.1" 404 12787 "-" "python-requests/2.32.4"
85.11.167.19 - - [27/Apr/2026:18:51:09 +0000] "POST / HTTP/1.1" 403 16518 "-" "python-requests/2.32.4"
85.11.167.19 - - [27/Apr/2026:18:51:11 +0000] "GET /.env HTTP/1.1" 404 12791 "-" "python-requests/2.32.4"
85.11.167.19 - - [27/Apr/2026:18:51:12 +0000] "POST / HTTP/1.1" 403 16535 "-" "python-requests/2.32.4"
216.244.66.228 - - [27/Apr/2026:18:57:36 +0000] "GET /tag/credit-card/ HTTP/1.1" 301 - "-" "Mozilla/5.0 (compatible; DotBot/1.2; +https://opensiteexplorer.org/dotbot; help@moz.com)"
216.244.66.228 - - [27/Apr/2026:18:57:41 +0000] "GET /tag/devices/ HTTP/1.1" 301 - "-" "Mozilla/5.0 (compatible; DotBot/1.2; +https://opensiteexplorer.org/dotbot; help@moz.com)"
216.244.66.228 - - [27/Apr/2026:18:57:46 +0000] "GET /tag/real-estate-market/ HTTP/1.1" 301 - "-" "Mozilla/5.0 (compatible; DotBot/1.2; +https://opensiteexplorer.org/dotbot; help@moz.com)"
216.244.66.228 - - [27/Apr/2026:18:57:50 +0000] "GET /finding-success-by-investing-in-the-real-estate-market/?amp HTTP/1.1" 200 108321 "-" "Mozilla/5.0 (compatible; DotBot/1.2; +https://opensiteexplorer.org/dotbot; help@moz.com)"
216.244.66.228 - - [27/Apr/2026:18:57:54 +0000] "GET /good-advice-on-how-to-improve-your-home-security/?amp HTTP/1.1" 200 108988 "-" "Mozilla/5.0 (compatible; DotBot/1.2; +https://opensiteexplorer.org/dotbot; help@moz.com)"
184.94.212.206 - - [27/Apr/2026:18:58:13 +0000] "POST /wp-cron.php?doing_wp_cron=1777316293.1306889057159423828125 HTTP/1.1" 200 - "-" "WordPress/6.9.4; https://smarthomediscovery.com"
216.244.66.228 - - [27/Apr/2026:18:58:12 +0000] "GET /tag/solid-wood/feed/ HTTP/1.1" 301 - "-" "Mozilla/5.0 (compatible; DotBot/1.2; +https://opensiteexplorer.org/dotbot; help@moz.com)"
216.244.66.228 - - [27/Apr/2026:18:58:31 +0000] "GET /tag/wireless-systems/feed/ HTTP/1.1" 301 - "-" "Mozilla/5.0 (compatible; DotBot/1.2; +https://opensiteexplorer.org/dotbot; help@moz.com)"
216.244.66.228 - - [27/Apr/2026:18:59:01 +0000] "GET /tag/window-treatments/?amp HTTP/1.1" 200 74003 "-" "Mozilla/5.0 (compatible; DotBot/1.2; +https://opensiteexplorer.org/dotbot; help@moz.com)"
216.244.66.228 - - [27/Apr/2026:18:59:32 +0000] "GET /tag/security-system/page/5/ HTTP/1.1" 301 - "-" "Mozilla/5.0 (compatible; DotBot/1.2; +https://opensiteexplorer.org/dotbot; help@moz.com)"
184.94.212.206 - - [27/Apr/2026:19:01:22 +0000] "POST /wp-cron.php?doing_wp_cron=1777316482.9596500396728515625000 HTTP/1.1" 200 - "-" "WordPress/6.9.4; https://smarthomediscovery.com"
35.245.33.14 - - [27/Apr/2026:19:01:21 +0000] "HEAD /blog/ HTTP/1.1" 301 - "-" "Mozilla/5.0 (iPhone; CPU iPhone OS 16_7 like Mac OS X) AppleWebKit/605.1.15 (KHTML, like Gecko) Version/16.7 Mobile/15E148 Safari/604.1"
35.245.33.14 - - [27/Apr/2026:19:01:23 +0000] "HEAD /blog/ HTTP/1.1" 200 - "http://www.smarthomediscovery.com/blog/" "Mozilla/5.0 (iPhone; CPU iPhone OS 16_7 like Mac OS X) AppleWebKit/605.1.15 (KHTML, like Gecko) Version/16.7 Mobile/15E148 Safari/604.1"
35.245.33.14 - - [27/Apr/2026:19:01:24 +0000] "HEAD /wordpress/ HTTP/1.1" 301 - "-" "Mozilla/5.0 (iPhone; CPU iPhone OS 16_7 like Mac OS X) AppleWebKit/605.1.15 (KHTML, like Gecko) Version/16.7 Mobile/15E148 Safari/604.1"
35.245.33.14 - - [27/Apr/2026:19:01:25 +0000] "HEAD /wordpress/ HTTP/1.1" 404 - "http://www.smarthomediscovery.com/wordpress/" "Mozilla/5.0 (iPhone; CPU iPhone OS 16_7 like Mac OS X) AppleWebKit/605.1.15 (KHTML, like Gecko) Version/16.7 Mobile/15E148 Safari/604.1"
