47.128.41.86 - - [20/May/2026:01:50:04 +0000] "GET /wp-content/themes/spa-and-salon/css/slick.min.css?ver=6.9.4 HTTP/1.1" 200 490 "https://www.wrinkledskinrepair.com/tag/dry-skin/" "Mozilla/5.0 (compatible; Bytespider; spider-feedback@bytedance.com) AppleWebKit/537.36 (KHTML, like Gecko) Chrome/70.0.0.0 Safari/537.36"
47.128.41.86 - - [20/May/2026:01:50:04 +0000] "GET /wp-content/themes/medical-spa/style.css?ver=1.0.7 HTTP/1.1" 200 5745 "https://www.wrinkledskinrepair.com/tag/dry-skin/" "Mozilla/5.0 (compatible; Bytespider; spider-feedback@bytedance.com) AppleWebKit/537.36 (KHTML, like Gecko) Chrome/70.0.0.0 Safari/537.36"
47.128.41.86 - - [20/May/2026:01:50:04 +0000] "GET /wp-content/plugins/recent-posts-widget-with-thumbnails/public.css?ver=7.1.1 HTTP/1.1" 200 487 "https://www.wrinkledskinrepair.com/tag/dry-skin/" "Mozilla/5.0 (compatible; Bytespider; spider-feedback@bytedance.com) AppleWebKit/537.36 (KHTML, like Gecko) Chrome/70.0.0.0 Safari/537.36"
184.94.212.206 - - [20/May/2026:01:50:47 +0000] "POST /wp-cron.php?doing_wp_cron=1779241847.0641160011291503906250 HTTP/1.1" 200 - "-" "WordPress/6.9.4; https://www.wrinkledskinrepair.com"
185.191.171.4 - - [20/May/2026:01:50:45 +0000] "GET /tag/irritated-skin/ HTTP/1.1" 200 45553 "-" "Mozilla/5.0 (compatible; SemrushBot/7~bl; +http://www.semrush.com/bot.html)"
216.73.217.80 - - [20/May/2026:01:51:04 +0000] "GET /?p=1077 HTTP/1.1" 301 - "-" "Mozilla/5.0 AppleWebKit/537.36 (KHTML, like Gecko; compatible; ClaudeBot/1.0; +claudebot@anthropic.com)"
216.73.217.80 - - [20/May/2026:01:51:06 +0000] "GET /2019/06/03/use-these-tips-to-get-a-glowing-complexion/ HTTP/1.1" 200 53508 "https://www.wrinkledskinrepair.com/?p=1077" "Mozilla/5.0 AppleWebKit/537.36 (KHTML, like Gecko; compatible; ClaudeBot/1.0; +claudebot@anthropic.com)"
184.94.212.206 - - [20/May/2026:01:52:01 +0000] "POST /wp-cron.php?doing_wp_cron=1779241921.3835780620574951171875 HTTP/1.1" 200 - "-" "WordPress/6.9.4; https://www.wrinkledskinrepair.com"
119.28.100.145 - - [20/May/2026:01:51:59 +0000] "GET /wp-json/ HTTP/1.1" 200 37316 "-" "Mozilla/5.0 (iPhone; CPU iPhone OS 13_2_3 like Mac OS X) AppleWebKit/605.1.15 (KHTML, like Gecko) Version/13.0.3 Mobile/15E148 Safari/604.1"
192.0.114.49 - - [20/May/2026:01:52:26 +0000] "GET /wp-content/uploads/2019/06/54e6d1464350b108f5d08460962d317f153fc3e45654784c722f7adc92_640.jpg HTTP/1.1" 404 131895 "-" "Photon/1.0"
184.94.212.206 - - [20/May/2026:01:52:28 +0000] "POST /wp-cron.php?doing_wp_cron=1779241948.0520410537719726562500 HTTP/1.1" 200 - "-" "WordPress/6.9.4; https://www.wrinkledskinrepair.com"
216.73.217.80 - - [20/May/2026:01:52:23 +0000] "GET /2019/06/03/use-these-tips-to-get-a-glowing-complexion/?amp=1 HTTP/1.1" 200 21087 "-" "Mozilla/5.0 AppleWebKit/537.36 (KHTML, like Gecko; compatible; ClaudeBot/1.0; +claudebot@anthropic.com)"
184.94.212.206 - - [20/May/2026:01:53:35 +0000] "POST /wp-cron.php?doing_wp_cron=1779242015.0122830867767333984375 HTTP/1.1" 200 - "-" "WordPress/6.9.4; https://www.wrinkledskinrepair.com"
43.172.195.213 - - [20/May/2026:01:53:33 +0000] "GET /author/beautyoftheworld HTTP/1.1" 301 - "-" "Mozilla/5.0 (Windows NT 10.0; Win64; x64) AppleWebKit/537.36 (KHTML, like Gecko) Chrome/106.0.5249.119 Safari/537.36"
43.172.195.213 - - [20/May/2026:01:53:36 +0000] "GET /author/beautyoftheworld/ HTTP/1.1" 200 51853 "https://www.wrinkledskinrepair.com/author/beautyoftheworld" "Mozilla/5.0 (Windows NT 10.0; Win64; x64) AppleWebKit/537.36 (KHTML, like Gecko) Chrome/106.0.5249.119 Safari/537.36"
82.38.180.53 - - [20/May/2026:01:53:59 +0000] "GET /2020/06/27/easy-skin-care-tips-to-achieve-the-great-skin-you-yearn-for-2/?share=facebook HTTP/1.1" 302 - "-" "Mozilla/5.0 (Macintosh; Intel Mac OS X 10.15; rv:{version}.0) Gecko/20100101 Firefox/135.0"
184.94.212.206 - - [20/May/2026:01:54:30 +0000] "POST /wp-cron.php?doing_wp_cron=1779242070.8694610595703125000000 HTTP/1.1" 200 - "-" "WordPress/6.9.4; https://www.wrinkledskinrepair.com"
43.173.173.70 - - [20/May/2026:01:54:29 +0000] "GET /2025/12/29/what-causes-wrinkled-skin-around-mouth-and-how-to-fix HTTP/1.1" 301 - "-" "Mozilla/5.0 (Windows NT 10.0; Win64; x64) AppleWebKit/537.36 (KHTML, like Gecko) Chrome/116.0.0.0 Safari/537.36"
192.0.102.146 - - [20/May/2026:01:54:33 +0000] "HEAD / HTTP/1.1" 200 - "-" "jetmon/1.0 (Jetpack Site Uptime Monitor by WordPress.com)"
184.94.212.206 - - [20/May/2026:01:54:43 +0000] "POST /wp-cron.php?doing_wp_cron=1779242083.7372410297393798828125 HTTP/1.1" 200 - "-" "WordPress/6.9.4; https://www.wrinkledskinrepair.com"
43.173.173.192 - - [20/May/2026:01:54:42 +0000] "GET /2025/12/29/what-causes-wrinkled-skin-around-mouth-and-how-to-fix HTTP/1.1" 301 - "-" "Mozilla/5.0 (Windows NT 10.0; Win64; x64) AppleWebKit/537.36 (KHTML, like Gecko) Chrome/131.0.0.0 Safari/537.36"
43.173.173.192 - - [20/May/2026:01:54:45 +0000] "GET /2025/12/29/what-causes-wrinkled-skin-around-mouth-and-how-to-fix/ HTTP/1.1" 200 55013 "https://www.wrinkledskinrepair.com/2025/12/29/what-causes-wrinkled-skin-around-mouth-and-how-to-fix" "Mozilla/5.0 (Windows NT 10.0; Win64; x64) AppleWebKit/537.36 (KHTML, like Gecko) Chrome/131.0.0.0 Safari/537.36"
184.94.212.206 - - [20/May/2026:01:55:10 +0000] "POST /wp-cron.php?doing_wp_cron=1779242110.7208991050720214843750 HTTP/1.1" 200 - "-" "WordPress/6.9.4; https://www.wrinkledskinrepair.com"
114.119.143.101 - - [20/May/2026:01:55:09 +0000] "GET / HTTP/1.1" 301 - "https://wrinkledskinrepair.com/" "Mozilla/5.0 (Linux; Android 7.0;) AppleWebKit/537.36 (HTML, like Gecko) Mobile Safari/537.36 (compatible; PetalBot;+https://webmaster.petalsearch.com/site/petalbot)"
114.119.143.101 - - [20/May/2026:01:55:12 +0000] "GET / HTTP/1.1" 200 47730 "https://wrinkledskinrepair.com/" "Mozilla/5.0 (Linux; Android 7.0;) AppleWebKit/537.36 (HTML, like Gecko) Mobile Safari/537.36 (compatible; PetalBot;+https://webmaster.petalsearch.com/site/petalbot)"
184.94.212.206 - - [20/May/2026:01:55:28 +0000] "POST /wp-cron.php?doing_wp_cron=1779242128.3931539058685302734375 HTTP/1.1" 200 - "-" "WordPress/6.9.4; https://www.wrinkledskinrepair.com"
144.76.15.151 - - [20/May/2026:01:55:27 +0000] "GET /2025/11/08/weighted-review-of-top-wrinkle-creams-by-dermatologists/ HTTP/1.1" 200 56368 "-" "SEBot-WA"
144.76.15.151 - - [20/May/2026:01:55:28 +0000] "GET /wp-content/plugins/complianz-gdpr/assets/css/cookieblocker.min.css?ver=1741710170 HTTP/1.1" 200 723 "https://www.wrinkledskinrepair.com/2025/11/08/weighted-review-of-top-wrinkle-creams-by-dermatologists/" "SEBot-WA"
144.76.15.151 - - [20/May/2026:01:55:28 +0000] "GET /wp-content/themes/spa-and-salon/style.css?ver=6.9.4 HTTP/1.1" 200 13994 "https://www.wrinkledskinrepair.com/2025/11/08/weighted-review-of-top-wrinkle-creams-by-dermatologists/" "SEBot-WA"
144.76.15.151 - - [20/May/2026:01:55:28 +0000] "GET /wp-content/themes/medical-spa/style.css?ver=1.0.7 HTTP/1.1" 200 5745 "https://www.wrinkledskinrepair.com/2025/11/08/weighted-review-of-top-wrinkle-creams-by-dermatologists/" "SEBot-WA"
144.76.15.151 - - [20/May/2026:01:55:28 +0000] "GET /wp-content/themes/spa-and-salon/css/slick.min.css?ver=6.9.4 HTTP/1.1" 200 490 "https://www.wrinkledskinrepair.com/2025/11/08/weighted-review-of-top-wrinkle-creams-by-dermatologists/" "SEBot-WA"
144.76.15.151 - - [20/May/2026:01:55:28 +0000] "GET /wp-content/themes/spa-and-salon/css/perfect-scrollbar.min.css?ver=6.9.4 HTTP/1.1" 200 494 "https://www.wrinkledskinrepair.com/2025/11/08/weighted-review-of-top-wrinkle-creams-by-dermatologists/" "SEBot-WA"
144.76.15.151 - - [20/May/2026:01:55:28 +0000] "GET /wp-content/plugins/tablepress/css/build/default.css?ver=3.3 HTTP/1.1" 200 1767 "https://www.wrinkledskinrepair.com/2025/11/08/weighted-review-of-top-wrinkle-creams-by-dermatologists/" "SEBot-WA"
144.76.15.151 - - [20/May/2026:01:55:28 +0000] "GET /wp-content/plugins/recent-posts-widget-with-thumbnails/public.css?ver=7.1.1 HTTP/1.1" 200 487 "https://www.wrinkledskinrepair.com/2025/11/08/weighted-review-of-top-wrinkle-creams-by-dermatologists/" "SEBot-WA"
144.76.15.151 - - [20/May/2026:01:55:29 +0000] "GET /wp-content/plugins/jetpack/jetpack_vendor/automattic/jetpack-classic-theme-helper/dist/responsive-videos/responsive-videos.css?minify=false&ver=1a16f71f21c6d197f51b HTTP/1.1" 200 101 "https://www.wrinkledskinrepair.com/2025/11/08/weighted-review-of-top-wrinkle-creams-by-dermatologists/" "SEBot-WA"
144.76.15.151 - - [20/May/2026:01:55:29 +0000] "GET /wp-content/plugins/wp-meta-and-date-remover/assets/js/inspector.js?ver=1.1 HTTP/1.1" 200 1455 "https://www.wrinkledskinrepair.com/2025/11/08/weighted-review-of-top-wrinkle-creams-by-dermatologists/" "SEBot-WA"
144.76.15.151 - - [20/May/2026:01:55:29 +0000] "GET /wp-content/themes/spa-and-salon/js/v4-shims.min.js?ver=6.5.1 HTTP/1.1" 200 7909 "https://www.wrinkledskinrepair.com/2025/11/08/weighted-review-of-top-wrinkle-creams-by-dermatologists/" "SEBot-WA"
144.76.15.151 - - [20/May/2026:01:55:29 +0000] "GET /wp-content/themes/spa-and-salon/js/slick.min.js?ver=2.6.0 HTTP/1.1" 200 10445 "https://www.wrinkledskinrepair.com/2025/11/08/weighted-review-of-top-wrinkle-creams-by-dermatologists/" "SEBot-WA"
144.76.15.151 - - [20/May/2026:01:55:29 +0000] "GET /wp-content/themes/spa-and-salon/js/modal-accessibility.min.js?ver=1.0.7 HTTP/1.1" 200 2033 "https://www.wrinkledskinrepair.com/2025/11/08/weighted-review-of-top-wrinkle-creams-by-dermatologists/" "SEBot-WA"
144.76.15.151 - - [20/May/2026:01:55:29 +0000] "GET /wp-content/themes/spa-and-salon/js/perfect-scrollbar.min.js?ver=1.0.7 HTTP/1.1" 200 5954 "https://www.wrinkledskinrepair.com/2025/11/08/weighted-review-of-top-wrinkle-creams-by-dermatologists/" "SEBot-WA"
144.76.15.151 - - [20/May/2026:01:55:29 +0000] "GET /wp-content/themes/spa-and-salon/js/custom.min.js?ver=1.0.7 HTTP/1.1" 200 567 "https://www.wrinkledskinrepair.com/2025/11/08/weighted-review-of-top-wrinkle-creams-by-dermatologists/" "SEBot-WA"
144.76.15.151 - - [20/May/2026:01:55:29 +0000] "GET /wp-content/plugins/google-site-kit/dist/assets/js/googlesitekit-consent-mode-da15714e8829855bb7ce.js HTTP/1.1" 200 25462 "https://www.wrinkledskinrepair.com/2025/11/08/weighted-review-of-top-wrinkle-creams-by-dermatologists/" "SEBot-WA"
144.76.15.151 - - [20/May/2026:01:55:29 +0000] "GET /wp-content/plugins/wp-consent-api/assets/js/wp-consent-api.min.js?ver=2.0.1 HTTP/1.1" 200 822 "https://www.wrinkledskinrepair.com/2025/11/08/weighted-review-of-top-wrinkle-creams-by-dermatologists/" "SEBot-WA"
144.76.15.151 - - [20/May/2026:01:55:29 +0000] "GET /wp-content/plugins/jetpack/jetpack_vendor/automattic/jetpack-classic-theme-helper/dist/responsive-videos/responsive-videos.js?minify=false&ver=1a16f71f21c6d197f51b HTTP/1.1" 200 645 "https://www.wrinkledskinrepair.com/2025/11/08/weighted-review-of-top-wrinkle-creams-by-dermatologists/" "SEBot-WA"
144.76.15.151 - - [20/May/2026:01:55:29 +0000] "GET /wp-content/plugins/jetpack/_inc/blocks/subscriptions/view.js?minify=false&ver=15.8 HTTP/1.1" 200 2286 "https://www.wrinkledskinrepair.com/2025/11/08/weighted-review-of-top-wrinkle-creams-by-dermatologists/" "SEBot-WA"
144.76.15.151 - - [20/May/2026:01:55:29 +0000] "GET /wp-content/themes/spa-and-salon/js/all.min.js?ver=6.5.1 HTTP/1.1" 200 542300 "https://www.wrinkledskinrepair.com/2025/11/08/weighted-review-of-top-wrinkle-creams-by-dermatologists/" "SEBot-WA"
144.76.15.151 - - [20/May/2026:01:55:30 +0000] "GET /wp-includes/js/wp-emoji-release.min.js?ver=6.9.4 HTTP/1.1" 200 5375 "https://www.wrinkledskinrepair.com/2025/11/08/weighted-review-of-top-wrinkle-creams-by-dermatologists/" "SEBot-WA"
144.76.15.151 - - [20/May/2026:01:55:30 +0000] "POST /wp-admin/admin-ajax.php HTTP/1.1" 200 62 "https://www.wrinkledskinrepair.com/2025/11/08/weighted-review-of-top-wrinkle-creams-by-dermatologists/" "SEBot-WA"
144.76.15.151 - - [20/May/2026:01:55:30 +0000] "GET /2025/11/08/weighted-review-of-top-wrinkle-creams-by-dermatologists/?relatedposts=1 HTTP/1.1" 200 1315 "https://www.wrinkledskinrepair.com/2025/11/08/weighted-review-of-top-wrinkle-creams-by-dermatologists/" "SEBot-WA"
184.94.212.206 - - [20/May/2026:01:59:37 +0000] "POST /wp-cron.php?doing_wp_cron=1779242377.3245201110839843750000 HTTP/1.1" 200 - "-" "WordPress/6.9.4; https://www.wrinkledskinrepair.com"
192.0.102.146 - - [20/May/2026:01:59:35 +0000] "HEAD / HTTP/1.1" 200 - "-" "jetmon/1.0 (Jetpack Site Uptime Monitor by WordPress.com)"
184.94.212.206 - - [20/May/2026:02:00:34 +0000] "POST /wp-cron.php?doing_wp_cron=1779242434.1422159671783447265625 HTTP/1.1" 200 - "-" "WordPress/6.9.4; https://www.wrinkledskinrepair.com"
216.73.217.80 - - [20/May/2026:02:00:32 +0000] "GET /robots.txt HTTP/1.1" 200 127 "-" "Mozilla/5.0 AppleWebKit/537.36 (KHTML, like Gecko; compatible; ClaudeBot/1.0; +claudebot@anthropic.com)"
216.73.217.80 - - [20/May/2026:02:00:34 +0000] "GET /tag/overall-appearance/feed/ HTTP/1.1" 200 3191 "-" "Mozilla/5.0 AppleWebKit/537.36 (KHTML, like Gecko; compatible; ClaudeBot/1.0; +claudebot@anthropic.com)"
216.73.217.80 - - [20/May/2026:02:00:34 +0000] "GET /?p=53 HTTP/1.1" 301 - "-" "Mozilla/5.0 AppleWebKit/537.36 (KHTML, like Gecko; compatible; ClaudeBot/1.0; +claudebot@anthropic.com)"
216.73.217.80 - - [20/May/2026:02:00:36 +0000] "GET /2017/06/08/natural-ways-to-go-about-wrinkle-reduction-and-prevention/ HTTP/1.1" 200 52595 "https://www.wrinkledskinrepair.com/?p=53" "Mozilla/5.0 AppleWebKit/537.36 (KHTML, like Gecko; compatible; ClaudeBot/1.0; +claudebot@anthropic.com)"
216.73.217.80 - - [20/May/2026:02:00:37 +0000] "GET /?p=1397 HTTP/1.1" 301 - "-" "Mozilla/5.0 AppleWebKit/537.36 (KHTML, like Gecko; compatible; ClaudeBot/1.0; +claudebot@anthropic.com)"
216.73.217.80 - - [20/May/2026:02:00:37 +0000] "GET /?p=172 HTTP/1.1" 301 - "-" "Mozilla/5.0 AppleWebKit/537.36 (KHTML, like Gecko; compatible; ClaudeBot/1.0; +claudebot@anthropic.com)"
216.73.217.80 - - [20/May/2026:02:00:38 +0000] "GET /2020/04/01/easy-ways-to-transform-imperfect-skin-2/ HTTP/1.1" 200 53314 "https://www.wrinkledskinrepair.com/?p=1397" "Mozilla/5.0 AppleWebKit/537.36 (KHTML, like Gecko; compatible; ClaudeBot/1.0; +claudebot@anthropic.com)"
216.73.217.80 - - [20/May/2026:02:00:39 +0000] "GET /2018/05/27/beautiful-skin-starts-with-great-skin-care/ HTTP/1.1" 200 53922 "https://www.wrinkledskinrepair.com/?p=172" "Mozilla/5.0 AppleWebKit/537.36 (KHTML, like Gecko; compatible; ClaudeBot/1.0; +claudebot@anthropic.com)"
216.73.217.80 - - [20/May/2026:02:01:23 +0000] "GET /?p=3437 HTTP/1.1" 301 - "-" "Mozilla/5.0 AppleWebKit/537.36 (KHTML, like Gecko; compatible; ClaudeBot/1.0; +claudebot@anthropic.com)"
184.94.212.206 - - [20/May/2026:02:01:24 +0000] "POST /wp-cron.php?doing_wp_cron=1779242484.7035119533538818359375 HTTP/1.1" 200 - "-" "WordPress/6.9.4; https://www.wrinkledskinrepair.com"
216.73.217.80 - - [20/May/2026:02:01:23 +0000] "GET /?p=1376 HTTP/1.1" 301 - "-" "Mozilla/5.0 AppleWebKit/537.36 (KHTML, like Gecko; compatible; ClaudeBot/1.0; +claudebot@anthropic.com)"
216.73.217.80 - - [20/May/2026:02:01:24 +0000] "GET /2020/04/16/skin-care-advice-that-will-help-at-any-age/ HTTP/1.1" 200 53131 "https://www.wrinkledskinrepair.com/?p=3437" "Mozilla/5.0 AppleWebKit/537.36 (KHTML, like Gecko; compatible; ClaudeBot/1.0; +claudebot@anthropic.com)"
216.73.217.80 - - [20/May/2026:02:01:24 +0000] "GET /2020/03/26/skin-care-tips-to-keep-you-looking-your-best/ HTTP/1.1" 200 52339 "https://www.wrinkledskinrepair.com/?p=1376" "Mozilla/5.0 AppleWebKit/537.36 (KHTML, like Gecko; compatible; ClaudeBot/1.0; +claudebot@anthropic.com)"
57.129.69.52 - - [20/May/2026:02:01:32 +0000] "GET /2019/07/13/a-list-of-the-best-skin-care-tips/?share=x HTTP/1.1" 302 - "-" "Mozilla/5.0 (Windows NT 10.0; Win64; x64) AppleWebKit/537.36 (KHTML, like Gecko) Chrome/139.0.0.0 Safari/537.36"
57.129.81.155 - - [20/May/2026:02:01:32 +0000] "GET /2019/07/10/have-perfect-skin-again-with-these-tips/?share=x HTTP/1.1" 302 - "-" "Mozilla/5.0 (Windows NT 10.0; Win64; x64) AppleWebKit/537.36 (KHTML, like Gecko) Chrome/139.0.0.0 Safari/537.36"
217.182.77.22 - - [20/May/2026:02:01:33 +0000] "GET /2019/07/13/a-list-of-the-best-skin-care-tips/?share=facebook HTTP/1.1" 302 - "-" "Mozilla/5.0 (Windows NT 10.0; Win64; x64) AppleWebKit/537.36 (KHTML, like Gecko) Chrome/139.0.0.0 Safari/537.36"
20.204.24.255 - - [20/May/2026:02:01:35 +0000] "GET / HTTP/1.1" 301 - "-" "Mozilla/5.0 AppleWebKit/537.36 (KHTML, like Gecko); compatible; ChatGPT-User/1.0; +https://openai.com/bot"
47.128.42.101 - - [20/May/2026:02:01:41 +0000] "GET /tag/wrinkle-removal/ HTTP/1.1" 200 45556 "-" "Mozilla/5.0 (compatible; Bytespider; spider-feedback@bytedance.com) AppleWebKit/537.36 (KHTML, like Gecko) Chrome/70.0.0.0 Safari/537.36"
47.128.42.101 - - [20/May/2026:02:01:43 +0000] "GET /wp-content/plugins/complianz-gdpr/assets/css/cookieblocker.min.css?ver=1741710170 HTTP/1.1" 200 723 "https://www.wrinkledskinrepair.com/tag/wrinkle-removal/" "Mozilla/5.0 (compatible; Bytespider; spider-feedback@bytedance.com) AppleWebKit/537.36 (KHTML, like Gecko) Chrome/70.0.0.0 Safari/537.36"
47.128.42.101 - - [20/May/2026:02:01:44 +0000] "GET /wp-content/themes/spa-and-salon/css/slick.min.css?ver=6.9.4 HTTP/1.1" 200 490 "https://www.wrinkledskinrepair.com/tag/wrinkle-removal/" "Mozilla/5.0 (compatible; Bytespider; spider-feedback@bytedance.com) AppleWebKit/537.36 (KHTML, like Gecko) Chrome/70.0.0.0 Safari/537.36"
47.128.42.101 - - [20/May/2026:02:01:45 +0000] "GET /wp-content/plugins/recent-posts-widget-with-thumbnails/public.css?ver=7.1.1 HTTP/1.1" 200 487 "https://www.wrinkledskinrepair.com/tag/wrinkle-removal/" "Mozilla/5.0 (compatible; Bytespider; spider-feedback@bytedance.com) AppleWebKit/537.36 (KHTML, like Gecko) Chrome/70.0.0.0 Safari/537.36"
216.73.217.80 - - [20/May/2026:02:02:07 +0000] "GET /?p=3425 HTTP/1.1" 301 - "-" "Mozilla/5.0 AppleWebKit/537.36 (KHTML, like Gecko; compatible; ClaudeBot/1.0; +claudebot@anthropic.com)"
216.73.217.80 - - [20/May/2026:02:02:07 +0000] "GET /?p=3853 HTTP/1.1" 301 - "-" "Mozilla/5.0 AppleWebKit/537.36 (KHTML, like Gecko; compatible; ClaudeBot/1.0; +claudebot@anthropic.com)"
216.73.217.80 - - [20/May/2026:02:02:08 +0000] "GET /2020/04/11/tips-to-take-care-of-your-skin-better/ HTTP/1.1" 200 54358 "https://www.wrinkledskinrepair.com/?p=3425" "Mozilla/5.0 AppleWebKit/537.36 (KHTML, like Gecko; compatible; ClaudeBot/1.0; +claudebot@anthropic.com)"
216.73.217.80 - - [20/May/2026:02:02:08 +0000] "GET /2020/05/30/everything-you-should-know-about-skin-care-2/ HTTP/1.1" 200 54480 "https://www.wrinkledskinrepair.com/?p=3853" "Mozilla/5.0 AppleWebKit/537.36 (KHTML, like Gecko; compatible; ClaudeBot/1.0; +claudebot@anthropic.com)"
216.73.217.80 - - [20/May/2026:02:02:09 +0000] "GET /tag/healthy-skin/page/4/ HTTP/1.1" 200 48617 "-" "Mozilla/5.0 AppleWebKit/537.36 (KHTML, like Gecko; compatible; ClaudeBot/1.0; +claudebot@anthropic.com)"
216.73.217.80 - - [20/May/2026:02:02:09 +0000] "GET /tag/largest-organ/feed/ HTTP/1.1" 200 3267 "-" "Mozilla/5.0 AppleWebKit/537.36 (KHTML, like Gecko; compatible; ClaudeBot/1.0; +claudebot@anthropic.com)"
216.73.217.80 - - [20/May/2026:02:02:11 +0000] "GET /2019/02/08/easy-to-use-skin-care-tips-starting-today-2/ HTTP/1.1" 200 53472 "-" "Mozilla/5.0 AppleWebKit/537.36 (KHTML, like Gecko; compatible; ClaudeBot/1.0; +claudebot@anthropic.com)"
184.94.212.206 - - [20/May/2026:02:02:14 +0000] "POST /wp-cron.php?doing_wp_cron=1779242534.0514490604400634765625 HTTP/1.1" 200 - "-" "WordPress/6.9.4; https://www.wrinkledskinrepair.com"
192.0.118.209 - - [20/May/2026:02:02:12 +0000] "GET /wp-content/uploads/2020/04/the_right_advice_to_cut_through_your_skin_care_confusion-1.jpg HTTP/1.1" 404 131867 "-" "Photon/1.0"
192.0.112.113 - - [20/May/2026:02:02:14 +0000] "GET /wp-content/uploads/2020/04/easy_ways_to_transform_imperfect_skin.jpg HTTP/1.1" 301 - "-" "Photon/1.0"
192.0.112.113 - - [20/May/2026:02:02:15 +0000] "GET /wp-content/uploads/2020/04/easy_ways_to_transform_imperfect_skin.jpg HTTP/1.1" 404 131720 "-" "Photon/1.0"
184.94.212.206 - - [20/May/2026:02:02:16 +0000] "POST /wp-cron.php?doing_wp_cron=1779242536.4457690715789794921875 HTTP/1.1" 200 - "-" "WordPress/6.9.4; https://www.wrinkledskinrepair.com"
216.73.217.80 - - [20/May/2026:02:02:11 +0000] "GET /2020/04/01/easy-ways-to-transform-imperfect-skin-2/?amp=1 HTTP/1.1" 200 21129 "-" "Mozilla/5.0 AppleWebKit/537.36 (KHTML, like Gecko; compatible; ClaudeBot/1.0; +claudebot@anthropic.com)"
216.73.217.80 - - [20/May/2026:02:02:45 +0000] "GET /2020/04/09/great-ideas-to-help-you-achieve-flawless-looking-skin/ HTTP/1.1" 200 53899 "-" "Mozilla/5.0 AppleWebKit/537.36 (KHTML, like Gecko; compatible; ClaudeBot/1.0; +claudebot@anthropic.com)"
192.0.116.113 - - [20/May/2026:02:02:48 +0000] "GET /wp-content/uploads/2020/05/everything_you_should_know_about_skin_care.jpg HTTP/1.1" 301 - "-" "Photon/1.0"
192.0.116.113 - - [20/May/2026:02:02:49 +0000] "GET /wp-content/uploads/2020/05/everything_you_should_know_about_skin_care.jpg HTTP/1.1" 404 131755 "-" "Photon/1.0"
216.73.217.80 - - [20/May/2026:02:02:45 +0000] "GET /2020/05/30/everything-you-should-know-about-skin-care-2/?amp=1 HTTP/1.1" 200 22279 "-" "Mozilla/5.0 AppleWebKit/537.36 (KHTML, like Gecko; compatible; ClaudeBot/1.0; +claudebot@anthropic.com)"
216.73.217.80 - - [20/May/2026:02:03:09 +0000] "GET /2017/06/08/natural-ways-to-go-about-wrinkle-reduction-and-prevention/?amp=1 HTTP/1.1" 200 20017 "-" "Mozilla/5.0 AppleWebKit/537.36 (KHTML, like Gecko; compatible; ClaudeBot/1.0; +claudebot@anthropic.com)"
216.73.217.80 - - [20/May/2026:02:03:10 +0000] "GET /2019/06/22/these-great-skin-care-tips-can-change-your-life-2/?noamp=mobile HTTP/1.1" 200 53152 "-" "Mozilla/5.0 AppleWebKit/537.36 (KHTML, like Gecko; compatible; ClaudeBot/1.0; +claudebot@anthropic.com)"
192.0.112.82 - - [20/May/2026:02:03:16 +0000] "GET /wp-content/uploads/2020/06/image-5.png HTTP/1.1" 200 923764 "-" "Photon/1.0"
192.0.118.116 - - [20/May/2026:02:03:16 +0000] "GET /wp-content/uploads/2020/06/image.png HTTP/1.1" 200 792840 "-" "Photon/1.0"
184.94.212.206 - - [20/May/2026:02:03:17 +0000] "POST /wp-cron.php?doing_wp_cron=1779242597.7494530677795410156250 HTTP/1.1" 200 - "-" "WordPress/6.9.4; https://www.wrinkledskinrepair.com"
192.0.112.241 - - [20/May/2026:02:03:16 +0000] "GET /wp-content/uploads/2020/05/avoid_skin_issues_with_these_easy_tips-1.jpg HTTP/1.1" 404 131741 "-" "Photon/1.0"
184.94.212.206 - - [20/May/2026:02:03:17 +0000] "POST /wp-cron.php?doing_wp_cron=1779242597.9338939189910888671875 HTTP/1.1" 200 - "-" "WordPress/6.9.4; https://www.wrinkledskinrepair.com"
216.73.217.80 - - [20/May/2026:02:03:14 +0000] "GET /2020/03/26/skin-care-tips-to-keep-you-looking-your-best/?amp=1 HTTP/1.1" 200 20311 "-" "Mozilla/5.0 AppleWebKit/537.36 (KHTML, like Gecko; compatible; ClaudeBot/1.0; +claudebot@anthropic.com)"
216.73.217.80 - - [20/May/2026:02:03:40 +0000] "GET /2020/06/21/healthy-skin-with-the-use-of-these-great-tips/?noamp=mobile HTTP/1.1" 200 53534 "-" "Mozilla/5.0 AppleWebKit/537.36 (KHTML, like Gecko; compatible; ClaudeBot/1.0; +claudebot@anthropic.com)"
216.73.217.80 - - [20/May/2026:02:03:42 +0000] "GET /2019/03/13/skin-care-advice-that-both-men-and-women-can-use/?noamp=mobile HTTP/1.1" 200 53457 "-" "Mozilla/5.0 AppleWebKit/537.36 (KHTML, like Gecko; compatible; ClaudeBot/1.0; +claudebot@anthropic.com)"
192.0.118.50 - - [20/May/2026:02:04:10 +0000] "GET /wp-content/uploads/2020/04/tips_to_take_care_of_your_skin_better.jpg HTTP/1.1" 301 - "-" "Photon/1.0"
192.0.118.50 - - [20/May/2026:02:04:11 +0000] "GET /wp-content/uploads/2020/04/tips_to_take_care_of_your_skin_better.jpg HTTP/1.1" 404 131720 "-" "Photon/1.0"
216.73.217.80 - - [20/May/2026:02:04:07 +0000] "GET /2020/04/11/tips-to-take-care-of-your-skin-better/?amp=1 HTTP/1.1" 200 21855 "-" "Mozilla/5.0 AppleWebKit/537.36 (KHTML, like Gecko; compatible; ClaudeBot/1.0; +claudebot@anthropic.com)"
184.94.212.206 - - [20/May/2026:02:04:27 +0000] "POST /wp-cron.php?doing_wp_cron=1779242667.1221699714660644531250 HTTP/1.1" 200 - "-" "WordPress/6.9.4; https://www.wrinkledskinrepair.com"
216.73.217.80 - - [20/May/2026:02:04:25 +0000] "GET /2019/07/13/a-list-of-the-best-skin-care-tips/?noamp=mobile HTTP/1.1" 200 53417 "-" "Mozilla/5.0 AppleWebKit/537.36 (KHTML, like Gecko; compatible; ClaudeBot/1.0; +claudebot@anthropic.com)"
192.0.118.180 - - [20/May/2026:02:04:36 +0000] "GET /wp-content/uploads/2018/05/eb31b60c28fd083ed1584d05fb1d4390e277e2c818b4134691f8c47aa1ed_640.jpg HTTP/1.1" 301 - "-" "Photon/1.0"
192.0.118.180 - - [20/May/2026:02:04:38 +0000] "GET /wp-content/uploads/2018/05/eb31b60c28fd083ed1584d05fb1d4390e277e2c818b4134691f8c47aa1ed_640.jpg HTTP/1.1" 404 131909 "-" "Photon/1.0"
216.73.217.80 - - [20/May/2026:02:04:34 +0000] "GET /2018/05/27/beautiful-skin-starts-with-great-skin-care/?amp=1 HTTP/1.1" 200 21689 "-" "Mozilla/5.0 AppleWebKit/537.36 (KHTML, like Gecko; compatible; ClaudeBot/1.0; +claudebot@anthropic.com)"
192.0.102.146 - - [20/May/2026:02:04:39 +0000] "HEAD / HTTP/1.1" 200 - "-" "jetmon/1.0 (Jetpack Site Uptime Monitor by WordPress.com)"
216.73.217.80 - - [20/May/2026:02:04:40 +0000] "GET /2020/05/31/follow-these-tips-to-show-your-skin-you-care/?noamp=mobile HTTP/1.1" 200 54429 "-" "Mozilla/5.0 AppleWebKit/537.36 (KHTML, like Gecko; compatible; ClaudeBot/1.0; +claudebot@anthropic.com)"
184.94.212.206 - - [20/May/2026:02:05:04 +0000] "POST /wp-cron.php?doing_wp_cron=1779242704.2811400890350341796875 HTTP/1.1" 200 - "-" "WordPress/6.9.4; https://www.wrinkledskinrepair.com"
43.153.49.151 - - [20/May/2026:02:05:02 +0000] "GET /2020/08/28/easy-skin-care-tips-to-achieve-the-great-skin-you-yearn-for-3/ HTTP/1.1" 200 59121 "-" "Mozilla/5.0 (iPhone; CPU iPhone OS 13_2_3 like Mac OS X) AppleWebKit/605.1.15 (KHTML, like Gecko) Version/13.0.3 Mobile/15E148 Safari/604.1"
184.94.212.206 - - [20/May/2026:02:05:54 +0000] "POST /wp-cron.php?doing_wp_cron=1779242754.1276500225067138671875 HTTP/1.1" 200 - "-" "WordPress/6.9.4; https://www.wrinkledskinrepair.com"
114.119.167.239 - - [20/May/2026:02:05:52 +0000] "GET /robots.txt HTTP/1.1" 301 - "-" "Mozilla/5.0 (compatible;PetalBot;+https://webmaster.petalsearch.com/site/petalbot)"
114.119.167.239 - - [20/May/2026:02:05:57 +0000] "GET /robots.txt HTTP/1.1" 200 127 "-" "Mozilla/5.0 (compatible;PetalBot;+https://webmaster.petalsearch.com/site/petalbot)"
114.119.157.84 - - [20/May/2026:02:06:02 +0000] "GET /robots.txt HTTP/1.1" 301 - "-" "Mozilla/5.0 (compatible;PetalBot;+https://webmaster.petalsearch.com/site/petalbot)"
114.119.157.84 - - [20/May/2026:02:06:07 +0000] "GET /robots.txt HTTP/1.1" 200 127 "-" "Mozilla/5.0 (compatible;PetalBot;+https://webmaster.petalsearch.com/site/petalbot)"
184.94.212.206 - - [20/May/2026:02:07:40 +0000] "POST /wp-cron.php?doing_wp_cron=1779242860.5568509101867675781250 HTTP/1.1" 200 - "-" "WordPress/6.9.4; https://www.wrinkledskinrepair.com"
216.73.217.80 - - [20/May/2026:02:07:38 +0000] "GET /?p=363 HTTP/1.1" 301 - "-" "Mozilla/5.0 AppleWebKit/537.36 (KHTML, like Gecko; compatible; ClaudeBot/1.0; +claudebot@anthropic.com)"
216.73.217.80 - - [20/May/2026:02:07:40 +0000] "GET /2018/08/15/keep-your-skin-perfect-with-these-tips/ HTTP/1.1" 200 53853 "https://www.wrinkledskinrepair.com/?p=363" "Mozilla/5.0 AppleWebKit/537.36 (KHTML, like Gecko; compatible; ClaudeBot/1.0; +claudebot@anthropic.com)"
216.73.217.80 - - [20/May/2026:02:07:56 +0000] "GET /2018/08/14/no-need-to-pay-to-see-an-expensive-dermatoligst-use-this-great-advice/ HTTP/1.1" 200 53939 "-" "Mozilla/5.0 AppleWebKit/537.36 (KHTML, like Gecko; compatible; ClaudeBot/1.0; +claudebot@anthropic.com)"
192.0.112.210 - - [20/May/2026:02:08:54 +0000] "GET /wp-content/uploads/2018/08/ea31b40c20f2033ed1584d05fb1d4390e277e2c818b4124596f4c770a4e9_640.jpg HTTP/1.1" 301 - "-" "Photon/1.0"
192.0.112.210 - - [20/May/2026:02:08:55 +0000] "GET /wp-content/uploads/2018/08/ea31b40c20f2033ed1584d05fb1d4390e277e2c818b4124596f4c770a4e9_640.jpg HTTP/1.1" 404 131909 "-" "Photon/1.0"
184.94.212.206 - - [20/May/2026:02:08:57 +0000] "POST /wp-cron.php?doing_wp_cron=1779242937.3053998947143554687500 HTTP/1.1" 200 - "-" "WordPress/6.9.4; https://www.wrinkledskinrepair.com"
216.73.217.80 - - [20/May/2026:02:08:51 +0000] "GET /2018/08/15/keep-your-skin-perfect-with-these-tips/?amp=1 HTTP/1.1" 200 21610 "-" "Mozilla/5.0 AppleWebKit/537.36 (KHTML, like Gecko; compatible; ClaudeBot/1.0; +claudebot@anthropic.com)"
195.234.109.104 - - [20/May/2026:02:09:21 +0000] "GET /wp-content/uploads/2018/11/eb31b60c28fd083ed1584d05fb1d4390e277e2c818b4154295f3c979a5ed_640.jpg HTTP/1.1" 301 - "-" "Photon/1.0"
195.234.109.104 - - [20/May/2026:02:09:23 +0000] "GET /wp-content/uploads/2018/11/eb31b60c28fd083ed1584d05fb1d4390e277e2c818b4154295f3c979a5ed_640.jpg HTTP/1.1" 404 131909 "-" "Photon/1.0"
192.0.102.146 - - [20/May/2026:02:09:36 +0000] "HEAD / HTTP/1.1" 200 - "-" "jetmon/1.0 (Jetpack Site Uptime Monitor by WordPress.com)"
114.119.142.210 - - [20/May/2026:02:10:13 +0000] "GET / HTTP/1.1" 200 47730 "http://www.wrinkledskinrepair.com/" "Mozilla/5.0 (Linux; Android 7.0;) AppleWebKit/537.36 (HTML, like Gecko) Mobile Safari/537.36 (compatible; PetalBot;+https://webmaster.petalsearch.com/site/petalbot)"
184.94.212.206 - - [20/May/2026:02:12:06 +0000] "POST /wp-cron.php?doing_wp_cron=1779243126.8309381008148193359375 HTTP/1.1" 200 - "-" "WordPress/6.9.4; https://www.wrinkledskinrepair.com"
103.4.251.66 - - [20/May/2026:02:12:04 +0000] "GET / HTTP/1.1" 301 - "-" "Mozilla/5.0 (X11; Linux x86_64) AppleWebKit/537.36 (KHTML, like Gecko) Chrome/131.0.0.0 Safari/537.36"
104.164.126.169 - - [20/May/2026:02:12:05 +0000] "GET / HTTP/1.1" 301 - "-" "Mozilla/5.0 (Windows NT 10.0; Win64; x64) AppleWebKit/537.36 (KHTML, like Gecko) Chrome/130.0.0.0 Safari/537.36"
184.94.212.206 - - [20/May/2026:02:12:17 +0000] "POST /wp-cron.php?doing_wp_cron=1779243137.8184120655059814453125 HTTP/1.1" 200 - "-" "WordPress/6.9.4; https://www.wrinkledskinrepair.com"
104.164.126.169 - - [20/May/2026:02:12:15 +0000] "GET / HTTP/1.1" 200 47730 "-" "Mozilla/5.0 (Windows NT 10.0; Win64; x64) AppleWebKit/537.36 (KHTML, like Gecko) Chrome/130.0.0.0 Safari/537.36"
103.4.251.66 - - [20/May/2026:02:12:15 +0000] "GET / HTTP/1.1" 200 47730 "-" "Mozilla/5.0 (X11; Linux x86_64) AppleWebKit/537.36 (KHTML, like Gecko) Chrome/131.0.0.0 Safari/537.36"
103.4.251.66 - - [20/May/2026:02:12:29 +0000] "GET / HTTP/1.1" 301 - "-" "Mozilla/5.0 (Windows NT 10.0; Win64; x64) AppleWebKit/537.36 (KHTML, like Gecko) Chrome/130.0.0.0 Safari/537.36"
216.73.217.80 - - [20/May/2026:02:12:29 +0000] "GET /2020/04/24/tips-to-solve-your-skin-care-woes-once-and-for-all/?amp=1 HTTP/1.1" 200 21305 "-" "Mozilla/5.0 AppleWebKit/537.36 (KHTML, like Gecko; compatible; ClaudeBot/1.0; +claudebot@anthropic.com)"
103.4.251.66 - - [20/May/2026:02:12:40 +0000] "GET / HTTP/1.1" 200 47730 "-" "Mozilla/5.0 (Windows NT 10.0; Win64; x64) AppleWebKit/537.36 (KHTML, like Gecko) Chrome/130.0.0.0 Safari/537.36"
184.94.212.206 - - [20/May/2026:02:14:24 +0000] "POST /wp-cron.php?doing_wp_cron=1779243264.0800828933715820312500 HTTP/1.1" 200 - "-" "WordPress/6.9.4; https://www.wrinkledskinrepair.com"
216.73.217.80 - - [20/May/2026:02:14:22 +0000] "GET /?p=3460 HTTP/1.1" 301 - "-" "Mozilla/5.0 AppleWebKit/537.36 (KHTML, like Gecko; compatible; ClaudeBot/1.0; +claudebot@anthropic.com)"
216.73.217.80 - - [20/May/2026:02:14:24 +0000] "GET /2020/04/24/tips-to-solve-your-skin-care-woes-once-and-for-all/ HTTP/1.1" 200 53564 "https://www.wrinkledskinrepair.com/?p=3460" "Mozilla/5.0 AppleWebKit/537.36 (KHTML, like Gecko; compatible; ClaudeBot/1.0; +claudebot@anthropic.com)"
192.0.102.146 - - [20/May/2026:02:14:36 +0000] "HEAD / HTTP/1.1" 200 - "-" "jetmon/1.0 (Jetpack Site Uptime Monitor by WordPress.com)"
170.106.180.153 - - [20/May/2026:02:14:37 +0000] "GET /2020/07/01/restoring-the-natural-clarity-and-tone-of-your-skin-2/ HTTP/1.1" 200 54745 "-" "Mozilla/5.0 (iPhone; CPU iPhone OS 13_2_3 like Mac OS X) AppleWebKit/605.1.15 (KHTML, like Gecko) Version/13.0.3 Mobile/15E148 Safari/604.1"
184.94.212.206 - - [20/May/2026:02:15:49 +0000] "POST /wp-cron.php?doing_wp_cron=1779243349.6119599342346191406250 HTTP/1.1" 200 - "-" "WordPress/6.9.4; https://www.wrinkledskinrepair.com"
5.102.173.71 - - [20/May/2026:02:15:47 +0000] "GET /robots.txt HTTP/1.1" 200 127 "-" "Mozilla/5.0 (compatible; MojeekBot/0.11; +https://www.mojeek.com/bot.html)"
5.102.173.71 - - [20/May/2026:02:15:49 +0000] "GET /tag/harsh-chemicals/ HTTP/1.1" 200 45905 "-" "Mozilla/5.0 (compatible; MojeekBot/0.11; +https://www.mojeek.com/bot.html)"
184.94.212.206 - - [20/May/2026:02:17:37 +0000] "POST /wp-cron.php?doing_wp_cron=1779243457.0725851058959960937500 HTTP/1.1" 200 - "-" "WordPress/6.9.4; https://www.wrinkledskinrepair.com"
162.252.198.25 - - [20/May/2026:02:17:35 +0000] "GET / HTTP/1.1" 301 - "-" "Mozilla/5.0 (Windows NT 10.0; Win64; x64; rv:124.0) Gecko/20100101 Firefox/124.0"
162.252.198.25 - - [20/May/2026:02:17:38 +0000] "GET / HTTP/1.1" 200 47730 "-" "Mozilla/5.0 (Windows NT 10.0; Win64; x64; rv:124.0) Gecko/20100101 Firefox/124.0"
184.94.212.206 - - [20/May/2026:02:18:15 +0000] "POST /wp-cron.php?doing_wp_cron=1779243495.4417819976806640625000 HTTP/1.1" 200 - "-" "WordPress/6.9.4; https://www.wrinkledskinrepair.com"
195.234.109.62 - - [20/May/2026:02:18:14 +0000] "GET /wp-content/uploads/2020/05/avoid_skin_issues_with_these_easy_tips-1.jpg HTTP/1.1" 404 131741 "-" "Photon/1.0"
184.94.212.206 - - [20/May/2026:02:19:40 +0000] "POST /wp-cron.php?doing_wp_cron=1779243580.0418651103973388671875 HTTP/1.1" 200 - "-" "WordPress/6.9.4; https://www.wrinkledskinrepair.com"
192.0.102.146 - - [20/May/2026:02:19:38 +0000] "HEAD / HTTP/1.1" 200 - "-" "jetmon/1.0 (Jetpack Site Uptime Monitor by WordPress.com)"
114.119.146.179 - - [20/May/2026:02:20:15 +0000] "GET / HTTP/1.1" 301 - "http://wrinkledskinrepair.com/" "Mozilla/5.0 (Linux; Android 7.0;) AppleWebKit/537.36 (HTML, like Gecko) Mobile Safari/537.36 (compatible; PetalBot;+https://webmaster.petalsearch.com/site/petalbot)"
184.94.212.206 - - [20/May/2026:02:20:19 +0000] "POST /wp-cron.php?doing_wp_cron=1779243619.4526369571685791015625 HTTP/1.1" 200 - "-" "WordPress/6.9.4; https://www.wrinkledskinrepair.com"
114.119.146.179 - - [20/May/2026:02:20:18 +0000] "GET / HTTP/1.1" 200 47730 "http://wrinkledskinrepair.com/" "Mozilla/5.0 (Linux; Android 7.0;) AppleWebKit/537.36 (HTML, like Gecko) Mobile Safari/537.36 (compatible; PetalBot;+https://webmaster.petalsearch.com/site/petalbot)"
202.76.134.235 - - [20/May/2026:02:20:33 +0000] "GET /tag/eye-cream/ HTTP/1.1" 301 - "-" "Mozilla/5.0 (Windows NT 10.0; Win64; x64) AppleWebKit/537.36 (KHTML, like Gecko) Chrome/126.0.6478.182 Safari/537.36"
146.174.161.41 - - [20/May/2026:02:20:36 +0000] "GET /tag/eye-cream/ HTTP/1.1" 200 47617 "-" "Mozilla/5.0 (Windows NT 10.0; Win64; x64) AppleWebKit/537.36 (KHTML, like Gecko) Chrome/126.0.6478.182 Safari/537.36"
184.94.212.206 - - [20/May/2026:02:21:40 +0000] "POST /wp-cron.php?doing_wp_cron=1779243700.0151419639587402343750 HTTP/1.1" 200 - "-" "WordPress/6.9.4; https://www.wrinkledskinrepair.com"
216.73.217.80 - - [20/May/2026:02:21:38 +0000] "GET /tag/oily-skin/page/4/ HTTP/1.1" 200 48609 "-" "Mozilla/5.0 AppleWebKit/537.36 (KHTML, like Gecko; compatible; ClaudeBot/1.0; +claudebot@anthropic.com)"
66.249.66.38 - - [20/May/2026:02:21:45 +0000] "GET /about/?amp=1 HTTP/1.1" 200 17918 "-" "Mozilla/5.0 (Linux; Android 6.0.1; Nexus 5X Build/MMB29P) AppleWebKit/537.36 (KHTML, like Gecko) Chrome/148.0.7778.96 Mobile Safari/537.36 (compatible; Googlebot/2.1; +http://www.google.com/bot.html)"
66.249.66.38 - - [20/May/2026:02:21:52 +0000] "POST /wp-admin/admin-ajax.php?action=cmplz_amp_endpoint&__amp_source_origin=https%3A%2F%2Fwww.wrinkledskinrepair.com HTTP/1.1" 200 21 "https://www.wrinkledskinrepair.com/about/?amp=1" "Mozilla/5.0 (Linux; Android 6.0.1; Nexus 5X Build/MMB29P) AppleWebKit/537.36 (KHTML, like Gecko) Chrome/148.0.7778.96 Mobile Safari/537.36 (compatible; Googlebot/2.1; +http://www.google.com/bot.html)"
66.249.66.6 - - [20/May/2026:02:21:59 +0000] "GET /wp-content/themes/medical-spa/style.css?ver=1.0.7 HTTP/1.1" 200 5745 "https://www.wrinkledskinrepair.com/about/" "Mozilla/5.0 (Linux; Android 6.0.1; Nexus 5X Build/MMB29P) AppleWebKit/537.36 (KHTML, like Gecko) Chrome/148.0.7778.96 Mobile Safari/537.36 (compatible; Googlebot/2.1; +http://www.google.com/bot.html)"
66.249.66.165 - - [20/May/2026:02:22:00 +0000] "GET /wp-content/themes/spa-and-salon/js/slick.min.js?ver=2.6.0 HTTP/1.1" 200 10445 "https://www.wrinkledskinrepair.com/about/" "Mozilla/5.0 (Linux; Android 6.0.1; Nexus 5X Build/MMB29P) AppleWebKit/537.36 (KHTML, like Gecko) Chrome/148.0.7778.96 Mobile Safari/537.36 (compatible; Googlebot/2.1; +http://www.google.com/bot.html)"
85.211.241.132 - - [20/May/2026:02:22:00 +0000] "GET / HTTP/1.1" 301 - "-" "Mozilla/5.0 AppleWebKit/537.36 (KHTML, like Gecko); compatible; ChatGPT-User/1.0; +https://openai.com/bot"
85.211.241.135 - - [20/May/2026:02:22:00 +0000] "GET / HTTP/1.1" 301 - "-" "Mozilla/5.0 AppleWebKit/537.36 (KHTML, like Gecko); compatible; ChatGPT-User/1.0; +https://openai.com/bot"
184.94.212.206 - - [20/May/2026:02:22:15 +0000] "POST /wp-cron.php?doing_wp_cron=1779243735.7980639934539794921875 HTTP/1.1" 200 - "-" "WordPress/6.9.4; https://www.wrinkledskinrepair.com"
195.234.109.122 - - [20/May/2026:02:22:14 +0000] "GET /wp-content/uploads/2020/05/care_for_your_skin_by_following_these_tips-1.jpg HTTP/1.1" 404 131769 "-" "Photon/1.0"
184.94.212.206 - - [20/May/2026:02:23:25 +0000] "POST /wp-cron.php?doing_wp_cron=1779243805.8464488983154296875000 HTTP/1.1" 200 - "-" "WordPress/6.9.4; https://www.wrinkledskinrepair.com"
181.94.232.255 - - [20/May/2026:02:23:23 +0000] "GET /tag/wrinklecare/ HTTP/1.1" 200 47622 "-" "Mozilla/5.0 (Macintosh; Intel Mac OS X 10_15_6) AppleWebKit/537.36 (KHTML, like Gecko) Brave Chrome/86.0.4240.183 Safari/537.36"
66.249.66.68 - - [20/May/2026:02:24:05 +0000] "GET /ads.txt HTTP/1.1" 304 - "-" "Google-adstxt"
184.94.212.206 - - [20/May/2026:02:24:40 +0000] "POST /wp-cron.php?doing_wp_cron=1779243880.9144639968872070312500 HTTP/1.1" 200 - "-" "WordPress/6.9.4; https://www.wrinkledskinrepair.com"
192.0.102.146 - - [20/May/2026:02:24:39 +0000] "HEAD / HTTP/1.1" 200 - "-" "jetmon/1.0 (Jetpack Site Uptime Monitor by WordPress.com)"
184.94.212.206 - - [20/May/2026:02:26:02 +0000] "POST /wp-cron.php?doing_wp_cron=1779243962.8656849861145019531250 HTTP/1.1" 200 - "-" "WordPress/6.9.4; https://www.wrinkledskinrepair.com"
43.173.132.114 - - [20/May/2026:02:26:00 +0000] "GET /robots.txt HTTP/1.1" 200 127 "-" "Mozilla/5.0 (Windows NT 10.0; Win64; x64) AppleWebKit/537.36 (KHTML, like Gecko) Chrome/131.0.0.0 Safari/537.36"
184.94.212.206 - - [20/May/2026:02:26:38 +0000] "POST /wp-cron.php?doing_wp_cron=1779243998.0078039169311523437500 HTTP/1.1" 200 - "-" "WordPress/6.9.4; https://www.wrinkledskinrepair.com"
145.223.131.122 - - [20/May/2026:02:26:36 +0000] "GET /2018/06/10/easy-ways-to-get-beautiful-and-healthy-skin/?share=facebook HTTP/1.1" 302 - "-" "Mozilla/5.0 (Macintosh; Intel Mac OS X 10_15_7) AppleWebKit/537.36 (KHTML, like Gecko) Chrome/120.0.0.0 Safari/537.36"
43.173.173.121 - - [20/May/2026:02:27:01 +0000] "GET /category/wrinkle-reducer HTTP/1.1" 301 - "-" "Mozilla/5.0 (Windows NT 10.0; Win64; x64) AppleWebKit/537.36 (KHTML, like Gecko) Chrome/116.0.0.0 Safari/537.36"
184.94.212.206 - - [20/May/2026:02:27:15 +0000] "POST /wp-cron.php?doing_wp_cron=1779244035.7575569152832031250000 HTTP/1.1" 200 - "-" "WordPress/6.9.4; https://www.wrinkledskinrepair.com"
57.141.2.22 - - [20/May/2026:02:27:14 +0000] "GET /tag/wrinkles/ HTTP/1.1" 200 150318 "-" "meta-externalagent/1.1 (+https://developers.facebook.com/docs/sharing/webmasters/crawler)"
43.173.177.130 - - [20/May/2026:02:27:14 +0000] "GET /category/wrinkle-reducer HTTP/1.1" 301 - "-" "Mozilla/5.0 (Windows NT 10.0; Win64; x64) AppleWebKit/537.36 (KHTML, like Gecko) Chrome/105.0.0.0 Safari/537.3"
184.94.212.206 - - [20/May/2026:02:27:18 +0000] "POST /wp-cron.php?doing_wp_cron=1779244038.9042370319366455078125 HTTP/1.1" 200 - "-" "WordPress/6.9.4; https://www.wrinkledskinrepair.com"
43.173.177.130 - - [20/May/2026:02:27:17 +0000] "GET /category/wrinkle-reducer/ HTTP/1.1" 200 46238 "https://www.wrinkledskinrepair.com/category/wrinkle-reducer" "Mozilla/5.0 (Windows NT 10.0; Win64; x64) AppleWebKit/537.36 (KHTML, like Gecko) Chrome/105.0.0.0 Safari/537.3"
216.73.217.80 - - [20/May/2026:02:27:29 +0000] "GET /2020/04/13/get-healthier-skin-with-these-tips-and-tricks/ HTTP/1.1" 200 54529 "-" "Mozilla/5.0 AppleWebKit/537.36 (KHTML, like Gecko; compatible; ClaudeBot/1.0; +claudebot@anthropic.com)"
195.234.109.158 - - [20/May/2026:02:27:29 +0000] "GET /wp-content/uploads/2020/03/beautiful-face.jpg HTTP/1.1" 301 - "-" "Photon/1.0"
216.73.217.80 - - [20/May/2026:02:27:29 +0000] "GET /tag/skin-stay/ HTTP/1.1" 200 45962 "-" "Mozilla/5.0 AppleWebKit/537.36 (KHTML, like Gecko; compatible; ClaudeBot/1.0; +claudebot@anthropic.com)"
195.234.109.158 - - [20/May/2026:02:27:31 +0000] "GET /wp-content/uploads/2020/03/beautiful-face.jpg HTTP/1.1" 404 131559 "-" "Photon/1.0"
57.129.69.7 - - [20/May/2026:02:27:38 +0000] "GET /2020/06/08/look-after-your-skin-with-this-great-information-2/?share=facebook HTTP/1.1" 302 - "-" "Mozilla/5.0 (Windows NT 10.0; Win64; x64) AppleWebKit/537.36 (KHTML, like Gecko) Chrome/139.0.0.0 Safari/537.36"
184.94.212.206 - - [20/May/2026:02:27:40 +0000] "POST /wp-cron.php?doing_wp_cron=1779244060.3063440322875976562500 HTTP/1.1" 200 - "-" "WordPress/6.9.4; https://www.wrinkledskinrepair.com"
141.94.78.40 - - [20/May/2026:02:27:39 +0000] "GET /2020/06/08/look-after-your-skin-with-this-great-information-2/?share=x HTTP/1.1" 302 - "-" "Mozilla/5.0 (Windows NT 10.0; Win64; x64) AppleWebKit/537.36 (KHTML, like Gecko) Chrome/139.0.0.0 Safari/537.36"
57.129.69.77 - - [20/May/2026:02:27:39 +0000] "GET /2019/07/10/have-perfect-skin-again-with-these-tips/?share=facebook HTTP/1.1" 302 - "-" "Mozilla/5.0 (Windows NT 10.0; Win64; x64) AppleWebKit/537.36 (KHTML, like Gecko) Chrome/139.0.0.0 Safari/537.36"
216.73.217.80 - - [20/May/2026:02:27:54 +0000] "GET /blog/page/8/ HTTP/1.1" 200 51044 "-" "Mozilla/5.0 AppleWebKit/537.36 (KHTML, like Gecko; compatible; ClaudeBot/1.0; +claudebot@anthropic.com)"
184.94.212.206 - - [20/May/2026:02:28:46 +0000] "POST /wp-cron.php?doing_wp_cron=1779244126.8992919921875000000000 HTTP/1.1" 200 - "-" "WordPress/6.9.4; https://www.wrinkledskinrepair.com"
216.73.217.80 - - [20/May/2026:02:28:45 +0000] "GET /tag/reduce-stress/feed/ HTTP/1.1" 200 5930 "-" "Mozilla/5.0 AppleWebKit/537.36 (KHTML, like Gecko; compatible; ClaudeBot/1.0; +claudebot@anthropic.com)"
216.73.217.80 - - [20/May/2026:02:28:45 +0000] "GET /blog/page/18/ HTTP/1.1" 200 50093 "-" "Mozilla/5.0 AppleWebKit/537.36 (KHTML, like Gecko; compatible; ClaudeBot/1.0; +claudebot@anthropic.com)"
66.249.66.38 - - [20/May/2026:02:28:47 +0000] "GET /tag/baking-soda/ HTTP/1.1" 200 49298 "-" "Mozilla/5.0 (Linux; Android 6.0.1; Nexus 5X Build/MMB29P) AppleWebKit/537.36 (KHTML, like Gecko) Chrome/148.0.7778.96 Mobile Safari/537.36 (compatible; Googlebot/2.1; +http://www.google.com/bot.html)"
216.73.217.80 - - [20/May/2026:02:28:51 +0000] "GET /tag/added-benefit/feed/ HTTP/1.1" 200 3185 "-" "Mozilla/5.0 AppleWebKit/537.36 (KHTML, like Gecko; compatible; ClaudeBot/1.0; +claudebot@anthropic.com)"
216.73.217.80 - - [20/May/2026:02:29:10 +0000] "GET /2019/04/14/tips-to-make-your-skin-perfect-again/ HTTP/1.1" 200 53966 "-" "Mozilla/5.0 AppleWebKit/537.36 (KHTML, like Gecko; compatible; ClaudeBot/1.0; +claudebot@anthropic.com)"
216.73.217.80 - - [20/May/2026:02:29:11 +0000] "GET /tag/aging-creams/ HTTP/1.1" 200 46181 "-" "Mozilla/5.0 AppleWebKit/537.36 (KHTML, like Gecko; compatible; ClaudeBot/1.0; +claudebot@anthropic.com)"
184.94.212.206 - - [20/May/2026:02:29:36 +0000] "POST /wp-cron.php?doing_wp_cron=1779244176.7842240333557128906250 HTTP/1.1" 200 - "-" "WordPress/6.9.4; https://www.wrinkledskinrepair.com"
192.0.102.146 - - [20/May/2026:02:29:35 +0000] "HEAD / HTTP/1.1" 200 - "-" "jetmon/1.0 (Jetpack Site Uptime Monitor by WordPress.com)"
184.94.212.206 - - [20/May/2026:02:30:35 +0000] "POST /wp-cron.php?doing_wp_cron=1779244235.4032549858093261718750 HTTP/1.1" 200 - "-" "WordPress/6.9.4; https://www.wrinkledskinrepair.com"
114.119.142.210 - - [20/May/2026:02:30:33 +0000] "GET /2019/06/16/beautiful-skin-is-yours-with-these-tips/?share=x HTTP/1.1" 302 - "https://www.wrinkledskinrepair.com/2019/06/16/beautiful-skin-is-yours-with-these-tips" "Mozilla/5.0 (Linux; Android 7.0;) AppleWebKit/537.36 (HTML, like Gecko) Mobile Safari/537.36 (compatible; PetalBot;+https://webmaster.petalsearch.com/site/petalbot)"
184.94.212.206 - - [20/May/2026:02:31:04 +0000] "POST /wp-cron.php?doing_wp_cron=1779244264.9041049480438232421875 HTTP/1.1" 200 - "-" "WordPress/6.9.4; https://www.wrinkledskinrepair.com"
216.73.217.80 - - [20/May/2026:02:31:03 +0000] "GET /tag/smoking-cigarettes/feed/ HTTP/1.1" 200 3706 "-" "Mozilla/5.0 AppleWebKit/537.36 (KHTML, like Gecko; compatible; ClaudeBot/1.0; +claudebot@anthropic.com)"
192.0.112.177 - - [20/May/2026:02:31:06 +0000] "GET /wp-content/uploads/2019/04/eb3db0092ffc063ed1584d05fb1d4390e277e2c818b4144496f6c57aa7ed_640.jpg HTTP/1.1" 301 - "-" "Photon/1.0"
192.0.112.177 - - [20/May/2026:02:31:07 +0000] "GET /wp-content/uploads/2019/04/eb3db0092ffc063ed1584d05fb1d4390e277e2c818b4144496f6c57aa7ed_640.jpg HTTP/1.1" 404 131909 "-" "Photon/1.0"
184.94.212.206 - - [20/May/2026:02:31:08 +0000] "POST /wp-cron.php?doing_wp_cron=1779244268.6974210739135742187500 HTTP/1.1" 200 - "-" "WordPress/6.9.4; https://www.wrinkledskinrepair.com"
216.73.217.80 - - [20/May/2026:02:31:03 +0000] "GET /2019/04/15/anyone-who-wants-great-looking-skin-then-try-these-ideas/?amp=1 HTTP/1.1" 200 21238 "-" "Mozilla/5.0 AppleWebKit/537.36 (KHTML, like Gecko; compatible; ClaudeBot/1.0; +claudebot@anthropic.com)"
216.73.217.80 - - [20/May/2026:02:31:38 +0000] "GET /?p=945 HTTP/1.1" 301 - "-" "Mozilla/5.0 AppleWebKit/537.36 (KHTML, like Gecko; compatible; ClaudeBot/1.0; +claudebot@anthropic.com)"
216.73.217.80 - - [20/May/2026:02:31:39 +0000] "GET /2019/04/15/anyone-who-wants-great-looking-skin-then-try-these-ideas/ HTTP/1.1" 200 53513 "https://www.wrinkledskinrepair.com/?p=945" "Mozilla/5.0 AppleWebKit/537.36 (KHTML, like Gecko; compatible; ClaudeBot/1.0; +claudebot@anthropic.com)"
184.94.212.206 - - [20/May/2026:02:32:53 +0000] "POST /wp-cron.php?doing_wp_cron=1779244373.0875589847564697265625 HTTP/1.1" 200 - "-" "WordPress/6.9.4; https://www.wrinkledskinrepair.com"
5.133.192.193 - - [20/May/2026:02:32:51 +0000] "GET / HTTP/1.1" 200 47730 "http://wrinkledskinrepairs.com/" "Mozilla/5.0 (Windows NT 10.0; Win64; x64) AppleWebKit/537.36 (KHTML, like Gecko) Chrome/120.0.0.0 Safari/537.36 Viewer/99.9.8853.8"
184.94.212.206 - - [20/May/2026:02:33:40 +0000] "POST /wp-cron.php?doing_wp_cron=1779244420.6735789775848388671875 HTTP/1.1" 200 - "-" "WordPress/6.9.4; https://www.wrinkledskinrepair.com"
216.73.217.80 - - [20/May/2026:02:33:38 +0000] "GET /2018/11/09/care-for-your-skin-with-these-steps-3/ HTTP/1.1" 200 53445 "-" "Mozilla/5.0 AppleWebKit/537.36 (KHTML, like Gecko; compatible; ClaudeBot/1.0; +claudebot@anthropic.com)"
216.73.217.80 - - [20/May/2026:02:34:05 +0000] "GET /2018/06/21/everything-you-should-know-about-proper-skin-care/ HTTP/1.1" 200 54003 "-" "Mozilla/5.0 AppleWebKit/537.36 (KHTML, like Gecko; compatible; ClaudeBot/1.0; +claudebot@anthropic.com)"
184.94.212.206 - - [20/May/2026:02:34:19 +0000] "POST /wp-cron.php?doing_wp_cron=1779244459.0255639553070068359375 HTTP/1.1" 200 - "-" "WordPress/6.9.4; https://www.wrinkledskinrepair.com"
195.234.109.74 - - [20/May/2026:02:34:17 +0000] "GET /wp-content/uploads/2020/05/create_a_skincare_regimen_that_works_with_these_tips.jpg HTTP/1.1" 301 - "-" "Photon/1.0"
195.234.109.74 - - [20/May/2026:02:34:19 +0000] "GET /wp-content/uploads/2020/05/create_a_skincare_regimen_that_works_with_these_tips.jpg HTTP/1.1" 404 131825 "-" "Photon/1.0"
184.94.212.206 - - [20/May/2026:02:34:22 +0000] "POST /wp-cron.php?doing_wp_cron=1779244462.6910159587860107421875 HTTP/1.1" 200 - "-" "WordPress/6.9.4; https://www.wrinkledskinrepair.com"
216.73.217.80 - - [20/May/2026:02:34:21 +0000] "GET /2018/08/25/basic-tips-for-getting-beautifully-flawless-skin/ HTTP/1.1" 200 53537 "-" "Mozilla/5.0 AppleWebKit/537.36 (KHTML, like Gecko; compatible; ClaudeBot/1.0; +claudebot@anthropic.com)"
192.0.112.113 - - [20/May/2026:02:34:22 +0000] "GET /wp-content/uploads/2020/04/tips_to_keep_your_skin_care_routine_simple-1.jpg HTTP/1.1" 404 131769 "-" "Photon/1.0"
216.73.217.80 - - [20/May/2026:02:34:23 +0000] "GET /?p=387 HTTP/1.1" 301 - "-" "Mozilla/5.0 AppleWebKit/537.36 (KHTML, like Gecko; compatible; ClaudeBot/1.0; +claudebot@anthropic.com)"
192.0.116.210 - - [20/May/2026:02:34:24 +0000] "GET /wp-content/uploads/2018/08/eb3db0092ffc063ed1584d05fb1d4390e277e2c818b4124496f5c47ba4ea_640.jpg HTTP/1.1" 301 - "-" "Photon/1.0"
216.73.217.80 - - [20/May/2026:02:34:24 +0000] "GET /2018/08/27/easy-tips-to-improve-your-skin/ HTTP/1.1" 200 53714 "https://www.wrinkledskinrepair.com/?p=387" "Mozilla/5.0 AppleWebKit/537.36 (KHTML, like Gecko; compatible; ClaudeBot/1.0; +claudebot@anthropic.com)"
192.0.116.210 - - [20/May/2026:02:34:25 +0000] "GET /wp-content/uploads/2018/08/eb3db0092ffc063ed1584d05fb1d4390e277e2c818b4124496f5c47ba4ea_640.jpg HTTP/1.1" 404 131909 "-" "Photon/1.0"
184.94.212.206 - - [20/May/2026:02:34:26 +0000] "POST /wp-cron.php?doing_wp_cron=1779244466.6123230457305908203125 HTTP/1.1" 200 - "-" "WordPress/6.9.4; https://www.wrinkledskinrepair.com"
216.73.217.80 - - [20/May/2026:02:34:20 +0000] "GET /2018/08/27/easy-tips-to-improve-your-skin/?amp=1 HTTP/1.1" 200 21409 "-" "Mozilla/5.0 AppleWebKit/537.36 (KHTML, like Gecko; compatible; ClaudeBot/1.0; +claudebot@anthropic.com)"
192.0.102.146 - - [20/May/2026:02:34:37 +0000] "HEAD / HTTP/1.1" 200 - "-" "jetmon/1.0 (Jetpack Site Uptime Monitor by WordPress.com)"
