216.73.217.80 - - [20/May/2026:02:35:03 +0000] "GET /?p=1029 HTTP/1.1" 301 - "-" "Mozilla/5.0 AppleWebKit/537.36 (KHTML, like Gecko; compatible; ClaudeBot/1.0; +claudebot@anthropic.com)"
216.73.217.80 - - [20/May/2026:02:35:03 +0000] "GET /tag/improve-digestion/feed/ HTTP/1.1" 200 3456 "-" "Mozilla/5.0 AppleWebKit/537.36 (KHTML, like Gecko; compatible; ClaudeBot/1.0; +claudebot@anthropic.com)"
216.73.217.80 - - [20/May/2026:02:35:04 +0000] "GET /2019/05/18/basic-tips-for-getting-beautifully-flawless-skin-2/ HTTP/1.1" 200 53657 "https://www.wrinkledskinrepair.com/?p=1029" "Mozilla/5.0 AppleWebKit/537.36 (KHTML, like Gecko; compatible; ClaudeBot/1.0; +claudebot@anthropic.com)"
43.173.174.66 - - [20/May/2026:02:35:13 +0000] "GET /category/wrinkle-cream HTTP/1.1" 301 - "-" "Mozilla/5.0 (Windows NT 10.0; Win64; x64) AppleWebKit/537.36 (KHTML, like Gecko) Chrome/109.0.0.0 Safari/537.36"
43.172.195.122 - - [20/May/2026:02:35:14 +0000] "GET /category/wrinkle-removal HTTP/1.1" 301 - "-" "Mozilla/5.0 (Windows NT 10.0; Win64; x64) AppleWebKit/537.36 (KHTML, like Gecko) Chrome/107.0.0.0 Safari/537.36"
43.173.178.158 - - [20/May/2026:02:35:16 +0000] "GET /category/wrinkle-removal/ HTTP/1.1" 200 46250 "-" "Mozilla/5.0 (Windows NT 10.0; Win64; x64) AppleWebKit/537.36 (KHTML, like Gecko) Chrome/107.0.0.0 Safari/537.36"
43.172.195.23 - - [20/May/2026:02:35:19 +0000] "GET /wp-content/plugins/wp-meta-and-date-remover/assets/js/inspector.js?ver=1.1 HTTP/1.1" 200 1455 "https://www.wrinkledskinrepair.com/category/wrinkle-removal/" "Mozilla/5.0 (Windows NT 10.0; Win64; x64) AppleWebKit/537.36 (KHTML, like Gecko) Chrome/107.0.0.0 Safari/537.36"
43.173.176.240 - - [20/May/2026:02:35:20 +0000] "GET /wp-content/plugins/jetpack/jetpack_vendor/automattic/jetpack-classic-theme-helper/dist/responsive-videos/responsive-videos.js?minify=false&ver=1a16f71f21c6d197f51b HTTP/1.1" 200 645 "https://www.wrinkledskinrepair.com/category/wrinkle-removal/" "Mozilla/5.0 (Windows NT 10.0; Win64; x64) AppleWebKit/537.36 (KHTML, like Gecko) Chrome/107.0.0.0 Safari/537.36"
43.173.176.131 - - [20/May/2026:02:35:20 +0000] "GET /wp-content/plugins/wp-consent-api/assets/js/wp-consent-api.min.js?ver=2.0.1 HTTP/1.1" 200 822 "https://www.wrinkledskinrepair.com/category/wrinkle-removal/" "Mozilla/5.0 (Windows NT 10.0; Win64; x64) AppleWebKit/537.36 (KHTML, like Gecko) Chrome/107.0.0.0 Safari/537.36"
43.173.176.165 - - [20/May/2026:02:35:20 +0000] "GET /wp-content/themes/spa-and-salon/js/modal-accessibility.min.js?ver=1.0.7 HTTP/1.1" 200 2033 "https://www.wrinkledskinrepair.com/category/wrinkle-removal/" "Mozilla/5.0 (Windows NT 10.0; Win64; x64) AppleWebKit/537.36 (KHTML, like Gecko) Chrome/107.0.0.0 Safari/537.36"
43.172.195.62 - - [20/May/2026:02:35:20 +0000] "GET /wp-content/themes/spa-and-salon/js/perfect-scrollbar.min.js?ver=1.0.7 HTTP/1.1" 200 5954 "https://www.wrinkledskinrepair.com/category/wrinkle-removal/" "Mozilla/5.0 (Windows NT 10.0; Win64; x64) AppleWebKit/537.36 (KHTML, like Gecko) Chrome/107.0.0.0 Safari/537.36"
184.94.212.206 - - [20/May/2026:02:35:43 +0000] "POST /wp-cron.php?doing_wp_cron=1779244543.4133169651031494140625 HTTP/1.1" 200 - "-" "WordPress/6.9.4; https://www.wrinkledskinrepair.com"
103.94.255.189 - - [20/May/2026:02:35:42 +0000] "GET /category/wrinkle-treatment HTTP/1.1" 301 - "-" "Mozilla/5.0 (Windows NT 10.0; Win64; x64) AppleWebKit/537.36 (KHTML, like Gecko) Chrome/112.0.0.0 Safari/537.36"
91.73.78.85 - - [20/May/2026:02:35:44 +0000] "GET /category/wrinkle-cream HTTP/1.1" 301 - "-" "Mozilla/5.0 (Windows NT 10.0; Win64; x64) AppleWebKit/537.36 (KHTML, like Gecko) Chrome/107.0.0.0 Safari/537.36"
111.119.37.29 - - [20/May/2026:02:35:48 +0000] "GET /category/wrinkle-treatment/ HTTP/1.1" 200 49019 "https://www.wrinkledskinrepair.com/category/wrinkle-treatment" "Mozilla/5.0 (Windows NT 10.0; Win64; x64) AppleWebKit/537.36 (KHTML, like Gecko) Chrome/112.0.0.0 Safari/537.36"
103.232.219.141 - - [20/May/2026:02:35:48 +0000] "GET /category/wrinkle-removal HTTP/1.1" 301 - "-" "Mozilla/5.0 (Windows NT 10.0; Win64; x64) AppleWebKit/537.36 (KHTML, like Gecko) Chrome/109.0.0.0 Safari/537.36"
103.42.202.216 - - [20/May/2026:02:35:51 +0000] "GET /category/wrinkle-cream/ HTTP/1.1" 200 47555 "https://www.wrinkledskinrepair.com/category/wrinkle-cream" "Mozilla/5.0 (Windows NT 10.0; Win64; x64) AppleWebKit/537.36 (KHTML, like Gecko) Chrome/107.0.0.0 Safari/537.36"
49.150.97.184 - - [20/May/2026:02:35:51 +0000] "GET /category/wrinkle-removal/ HTTP/1.1" 200 46250 "https://www.wrinkledskinrepair.com/category/wrinkle-removal" "Mozilla/5.0 (Windows NT 10.0; Win64; x64) AppleWebKit/537.36 (KHTML, like Gecko) Chrome/109.0.0.0 Safari/537.36"
46.62.185.67 - - [20/May/2026:02:36:31 +0000] "GET /wp-login.php HTTP/1.1" 200 4401 "-" "Mozilla/5.0 (X11; Linux i686) AppleWebKit/537.36 (KHTML, like Gecko) Chrome/133.0.0.0 Safari/537.36"
46.62.185.67 - - [20/May/2026:02:36:33 +0000] "POST /wp-login.php HTTP/1.1" 200 4401 "https://wrinkledskinrepair.com/wp-login.php" "Mozilla/5.0 (X11; Linux i686) AppleWebKit/537.36 (KHTML, like Gecko) Chrome/133.0.0.0 Safari/537.36"
184.94.212.206 - - [20/May/2026:02:36:35 +0000] "POST /wp-cron.php?doing_wp_cron=1779244595.4936540126800537109375 HTTP/1.1" 200 - "-" "WordPress/6.9.4; https://www.wrinkledskinrepair.com"
85.208.96.195 - - [20/May/2026:02:36:34 +0000] "GET /robots.txt HTTP/1.1" 200 127 "-" "Mozilla/5.0 (compatible; SemrushBot/7~bl; +http://www.semrush.com/bot.html)"
185.191.171.11 - - [20/May/2026:02:36:36 +0000] "GET /tag/sunscreen-regularly/ HTTP/1.1" 200 45572 "-" "Mozilla/5.0 (compatible; SemrushBot/7~bl; +http://www.semrush.com/bot.html)"
184.94.212.206 - - [20/May/2026:02:37:14 +0000] "POST /wp-cron.php?doing_wp_cron=1779244634.4561369419097900390625 HTTP/1.1" 200 - "-" "WordPress/6.9.4; https://www.wrinkledskinrepair.com"
216.73.217.80 - - [20/May/2026:02:37:12 +0000] "GET /2019/05/24/confused-about-skin-care-use-these-great-tips/?noamp=mobile HTTP/1.1" 200 54057 "-" "Mozilla/5.0 AppleWebKit/537.36 (KHTML, like Gecko; compatible; ClaudeBot/1.0; +claudebot@anthropic.com)"
66.249.66.204 - - [20/May/2026:02:37:25 +0000] "GET /wp-content/themes/spa-and-salon/js/all.min.js?ver=6.5.1 HTTP/1.1" 200 542300 "https://www.wrinkledskinrepair.com/tag/baking-soda/" "Mozilla/5.0 (Linux; Android 6.0.1; Nexus 5X Build/MMB29P) AppleWebKit/537.36 (KHTML, like Gecko) Chrome/148.0.7778.96 Mobile Safari/537.36 (compatible; Googlebot/2.1; +http://www.google.com/bot.html)"
184.94.212.206 - - [20/May/2026:02:39:00 +0000] "POST /wp-cron.php?doing_wp_cron=1779244740.9746639728546142578125 HTTP/1.1" 200 - "-" "WordPress/6.9.4; https://www.wrinkledskinrepair.com"
216.73.217.80 - - [20/May/2026:02:38:59 +0000] "GET /2017/06/08/modern-approaches-to-skin-wrinkle-treatment/?noamp=mobile HTTP/1.1" 200 56357 "-" "Mozilla/5.0 AppleWebKit/537.36 (KHTML, like Gecko; compatible; ClaudeBot/1.0; +claudebot@anthropic.com)"
195.234.109.158 - - [20/May/2026:02:39:23 +0000] "GET /wp-content/uploads/2018/11/ec31b90e21fc1c22d2524518b7494097e377ffd41cb5134192f2c478a4_640.jpg HTTP/1.1" 301 - "-" "Photon/1.0"
195.234.109.158 - - [20/May/2026:02:39:24 +0000] "GET /wp-content/uploads/2018/11/ec31b90e21fc1c22d2524518b7494097e377ffd41cb5134192f2c478a4_640.jpg HTTP/1.1" 404 131895 "-" "Photon/1.0"
192.0.102.146 - - [20/May/2026:02:39:38 +0000] "HEAD / HTTP/1.1" 200 - "-" "jetmon/1.0 (Jetpack Site Uptime Monitor by WordPress.com)"
195.234.109.156 - - [20/May/2026:02:39:42 +0000] "GET /wp-content/uploads/2018/06/e131b60d28f41c22d2524518b7494097e377ffd41cb3194892f3c471a0_640.jpg HTTP/1.1" 301 - "-" "Photon/1.0"
195.234.109.156 - - [20/May/2026:02:39:43 +0000] "GET /wp-content/uploads/2018/06/e131b60d28f41c22d2524518b7494097e377ffd41cb3194892f3c471a0_640.jpg HTTP/1.1" 404 131895 "-" "Photon/1.0"
195.234.109.130 - - [20/May/2026:02:39:56 +0000] "GET /wp-content/uploads/2019/06/55e3dc44485aac14f6da8c7dda793278143fdef85254774876287bd7924c_640.jpg HTTP/1.1" 404 131909 "-" "Photon/1.0"
184.94.212.206 - - [20/May/2026:02:40:24 +0000] "POST /wp-cron.php?doing_wp_cron=1779244824.0661380290985107421875 HTTP/1.1" 200 - "-" "WordPress/6.9.4; https://www.wrinkledskinrepair.com"
114.119.142.140 - - [20/May/2026:02:40:22 +0000] "GET /2019/06/16/beautiful-skin-is-yours-with-these-tips/?share=facebook HTTP/1.1" 302 - "https://www.wrinkledskinrepair.com/2019/06/16/beautiful-skin-is-yours-with-these-tips" "Mozilla/5.0 (Linux; Android 7.0;) AppleWebKit/537.36 (HTML, like Gecko) Mobile Safari/537.36 (compatible; PetalBot;+https://webmaster.petalsearch.com/site/petalbot)"
51.38.112.81 - - [20/May/2026:02:41:13 +0000] "GET /tag/oil-production/ HTTP/1.1" 200 45582 "-" "Mozilla/5.0 (Windows NT 10.0; Win64; x64) AppleWebKit/537.36 (KHTML, like Gecko) Chrome/139.0.0.0 Safari/537.36"
145.239.87.55 - - [20/May/2026:02:41:15 +0000] "GET /2018/08/18/got-skin-problems-get-the-solutions-here/ HTTP/1.1" 200 53677 "-" "Mozilla/5.0 (Windows NT 10.0; Win64; x64) AppleWebKit/537.36 (KHTML, like Gecko) Chrome/139.0.0.0 Safari/537.36"
184.94.212.206 - - [20/May/2026:02:41:18 +0000] "POST /wp-cron.php?doing_wp_cron=1779244878.5966250896453857421875 HTTP/1.1" 200 - "-" "WordPress/6.9.4; https://www.wrinkledskinrepair.com"
51.77.210.64 - - [20/May/2026:02:41:17 +0000] "GET /2020/05/16/an-easy-skin-care-routine-can-change-your-life/?share=facebook HTTP/1.1" 302 - "-" "Mozilla/5.0 (Windows NT 10.0; Win64; x64) AppleWebKit/537.36 (KHTML, like Gecko) Chrome/139.0.0.0 Safari/537.36"
184.94.212.206 - - [20/May/2026:02:42:23 +0000] "POST /wp-cron.php?doing_wp_cron=1779244943.3836030960083007812500 HTTP/1.1" 200 - "-" "WordPress/6.9.4; https://www.wrinkledskinrepair.com"
216.73.217.80 - - [20/May/2026:02:42:21 +0000] "GET /?p=642 HTTP/1.1" 301 - "-" "Mozilla/5.0 AppleWebKit/537.36 (KHTML, like Gecko; compatible; ClaudeBot/1.0; +claudebot@anthropic.com)"
216.73.217.80 - - [20/May/2026:02:42:23 +0000] "GET /2019/01/07/skin-care-tips-that-can-work-for-everyone/ HTTP/1.1" 200 53325 "https://www.wrinkledskinrepair.com/?p=642" "Mozilla/5.0 AppleWebKit/537.36 (KHTML, like Gecko; compatible; ClaudeBot/1.0; +claudebot@anthropic.com)"
184.94.212.206 - - [20/May/2026:02:43:22 +0000] "POST /wp-cron.php?doing_wp_cron=1779245002.0158390998840332031250 HTTP/1.1" 200 - "-" "WordPress/6.9.4; https://www.wrinkledskinrepair.com"
216.73.217.80 - - [20/May/2026:02:43:20 +0000] "GET /?p=425 HTTP/1.1" 301 - "-" "Mozilla/5.0 AppleWebKit/537.36 (KHTML, like Gecko; compatible; ClaudeBot/1.0; +claudebot@anthropic.com)"
216.73.217.80 - - [20/May/2026:02:43:22 +0000] "GET /2018/09/16/great-ideas-for-a-successful-skin-care-plan/ HTTP/1.1" 200 53335 "https://www.wrinkledskinrepair.com/?p=425" "Mozilla/5.0 AppleWebKit/537.36 (KHTML, like Gecko; compatible; ClaudeBot/1.0; +claudebot@anthropic.com)"
192.0.118.178 - - [20/May/2026:02:43:23 +0000] "GET /wp-content/uploads/2019/06/55e1d5464257aa14f6da8c7dda793278143fdef85254744076277fd49045_640.jpg HTTP/1.1" 404 131909 "-" "Photon/1.0"
184.94.212.206 - - [20/May/2026:02:43:24 +0000] "POST /wp-cron.php?doing_wp_cron=1779245004.8058679103851318359375 HTTP/1.1" 200 - "-" "WordPress/6.9.4; https://www.wrinkledskinrepair.com"
216.73.217.80 - - [20/May/2026:02:43:20 +0000] "GET /2019/06/01/our-best-and-easiest-skin-care-tips/?amp=1 HTTP/1.1" 200 21061 "-" "Mozilla/5.0 AppleWebKit/537.36 (KHTML, like Gecko; compatible; ClaudeBot/1.0; +claudebot@anthropic.com)"
216.73.217.80 - - [20/May/2026:02:43:30 +0000] "GET /2018/09/14/tips-to-care-for-your-skin-perfectly/ HTTP/1.1" 200 53376 "-" "Mozilla/5.0 AppleWebKit/537.36 (KHTML, like Gecko; compatible; ClaudeBot/1.0; +claudebot@anthropic.com)"
185.191.171.11 - - [20/May/2026:02:43:52 +0000] "GET /2019/04/12/look-your-best-with-these-skin-tips/ HTTP/1.1" 200 53399 "-" "Mozilla/5.0 (compatible; SemrushBot/7~bl; +http://www.semrush.com/bot.html)"
216.73.217.80 - - [20/May/2026:02:44:01 +0000] "GET /2020/03/28/give-your-skin-some-tlc-with-these-tips-3/?noamp=mobile HTTP/1.1" 200 54551 "-" "Mozilla/5.0 AppleWebKit/537.36 (KHTML, like Gecko; compatible; ClaudeBot/1.0; +claudebot@anthropic.com)"
192.0.118.81 - - [20/May/2026:02:44:04 +0000] "GET /wp-content/uploads/2019/01/e03db90929f41c22d2524518b7494097e377ffd41cb5174992f4c97ba2_640.jpg HTTP/1.1" 301 - "-" "Photon/1.0"
192.0.118.81 - - [20/May/2026:02:44:05 +0000] "GET /wp-content/uploads/2019/01/e03db90929f41c22d2524518b7494097e377ffd41cb5174992f4c97ba2_640.jpg HTTP/1.1" 404 131895 "-" "Photon/1.0"
216.73.217.80 - - [20/May/2026:02:44:02 +0000] "GET /2019/01/07/skin-care-tips-that-can-work-for-everyone/?amp=1 HTTP/1.1" 200 20820 "-" "Mozilla/5.0 AppleWebKit/537.36 (KHTML, like Gecko; compatible; ClaudeBot/1.0; +claudebot@anthropic.com)"
184.94.212.206 - - [20/May/2026:02:44:36 +0000] "POST /wp-cron.php?doing_wp_cron=1779245076.3500380516052246093750 HTTP/1.1" 200 - "-" "WordPress/6.9.4; https://www.wrinkledskinrepair.com"
192.0.102.146 - - [20/May/2026:02:44:35 +0000] "HEAD / HTTP/1.1" 200 - "-" "jetmon/1.0 (Jetpack Site Uptime Monitor by WordPress.com)"
184.94.212.206 - - [20/May/2026:02:44:59 +0000] "POST /wp-cron.php?doing_wp_cron=1779245099.9077830314636230468750 HTTP/1.1" 200 - "-" "WordPress/6.9.4; https://www.wrinkledskinrepair.com"
195.234.109.138 - - [20/May/2026:02:44:58 +0000] "GET /wp-content/uploads/2020/04/proven_tips_for_getting_healthy_radiant_skin-2.jpg HTTP/1.1" 404 131783 "-" "Photon/1.0"
192.0.116.212 - - [20/May/2026:02:45:11 +0000] "GET /wp-content/uploads/2019/05/54e0d5444353b108f5d08460962d317f153fc3e456547940762b73dc9e_640.jpg HTTP/1.1" 404 131895 "-" "Photon/1.0"
184.94.212.206 - - [20/May/2026:02:45:13 +0000] "POST /wp-cron.php?doing_wp_cron=1779245113.2274050712585449218750 HTTP/1.1" 200 - "-" "WordPress/6.9.4; https://www.wrinkledskinrepair.com"
216.73.217.80 - - [20/May/2026:02:45:08 +0000] "GET /2019/05/27/follow-this-advice-to-achieve-the-best-skin-possible-3/?amp=1 HTTP/1.1" 200 21265 "-" "Mozilla/5.0 AppleWebKit/537.36 (KHTML, like Gecko; compatible; ClaudeBot/1.0; +claudebot@anthropic.com)"
195.234.109.124 - - [20/May/2026:02:46:03 +0000] "GET /wp-content/uploads/2019/06/52e0d4444c52a514f6da8c7dda793278143fdef85254774971277bd29248_640.jpg HTTP/1.1" 404 131909 "-" "Photon/1.0"
184.94.212.206 - - [20/May/2026:02:47:40 +0000] "POST /wp-cron.php?doing_wp_cron=1779245260.8844490051269531250000 HTTP/1.1" 200 - "-" "WordPress/6.9.4; https://www.wrinkledskinrepair.com"
216.73.217.80 - - [20/May/2026:02:47:39 +0000] "GET /?p=1056 HTTP/1.1" 301 - "-" "Mozilla/5.0 AppleWebKit/537.36 (KHTML, like Gecko; compatible; ClaudeBot/1.0; +claudebot@anthropic.com)"
216.73.217.80 - - [20/May/2026:02:47:41 +0000] "GET /2019/05/27/follow-this-advice-to-achieve-the-best-skin-possible-3/ HTTP/1.1" 200 53693 "https://www.wrinkledskinrepair.com/?p=1056" "Mozilla/5.0 AppleWebKit/537.36 (KHTML, like Gecko; compatible; ClaudeBot/1.0; +claudebot@anthropic.com)"
45.32.152.79 - - [20/May/2026:02:47:41 +0000] "GET / HTTP/1.1" 301 - "-" "Mozilla/5.0 (Windows NT 10.0; Win64; x64; rv:124.0) Gecko/20100101 Firefox/124.0"
45.32.152.79 - - [20/May/2026:02:47:43 +0000] "GET / HTTP/1.1" 200 47730 "-" "Mozilla/5.0 (Windows NT 10.0; Win64; x64; rv:124.0) Gecko/20100101 Firefox/124.0"
184.94.212.206 - - [20/May/2026:02:49:34 +0000] "POST /wp-cron.php?doing_wp_cron=1779245374.9011640548706054687500 HTTP/1.1" 200 - "-" "WordPress/6.9.4; https://www.wrinkledskinrepair.com"
192.0.102.146 - - [20/May/2026:02:49:33 +0000] "HEAD / HTTP/1.1" 200 - "-" "jetmon/1.0 (Jetpack Site Uptime Monitor by WordPress.com)"
147.236.231.119 - - [20/May/2026:02:49:51 +0000] "GET /2019/06/24/tips-to-help-you-improve-the-health-of-your-skin?amp=1 HTTP/1.1" 301 - "-" "Mozilla/5.0 (Windows NT 10.0; Win64; x64) AppleWebKit/537.36 (KHTML, like Gecko) Chrome/112.0.0.0 Safari/537.36"
113.211.212.238 - - [20/May/2026:02:49:51 +0000] "GET /2019/06/24/tips-to-help-you-improve-the-health-of-your-skin?share=x HTTP/1.1" 302 - "-" "Mozilla/5.0 (Windows NT 10.0; Win64; x64) AppleWebKit/537.36 (KHTML, like Gecko) Chrome/105.0.0.0 Safari/537.3"
192.0.113.20 - - [20/May/2026:02:49:57 +0000] "GET /wp-content/uploads/2020/05/learn_about_caring_for_your_skin_now-1.jpg HTTP/1.1" 404 131727 "-" "Photon/1.0"
192.0.112.113 - - [20/May/2026:02:49:58 +0000] "GET /wp-content/uploads/2019/06/55e3dc44485aac14f6da8c7dda793278143fdef85254774876287bd7924c_640.jpg HTTP/1.1" 404 131909 "-" "Photon/1.0"
2.49.231.224 - - [20/May/2026:02:49:55 +0000] "GET /2019/06/24/tips-to-help-you-improve-the-health-of-your-skin/?amp=1 HTTP/1.1" 200 21812 "https://www.wrinkledskinrepair.com/2019/06/24/tips-to-help-you-improve-the-health-of-your-skin?amp=1" "Mozilla/5.0 (Windows NT 10.0; Win64; x64) AppleWebKit/537.36 (KHTML, like Gecko) Chrome/112.0.0.0 Safari/537.36"
184.94.212.206 - - [20/May/2026:02:50:07 +0000] "POST /wp-cron.php?doing_wp_cron=1779245407.3313519954681396484375 HTTP/1.1" 200 - "-" "WordPress/6.9.4; https://www.wrinkledskinrepair.com"
216.73.217.80 - - [20/May/2026:02:50:05 +0000] "GET /2019/06/03/use-these-tips-to-get-a-glowing-complexion/?noamp=mobile HTTP/1.1" 200 53516 "-" "Mozilla/5.0 AppleWebKit/537.36 (KHTML, like Gecko; compatible; ClaudeBot/1.0; +claudebot@anthropic.com)"
184.94.212.206 - - [20/May/2026:02:50:24 +0000] "POST /wp-cron.php?doing_wp_cron=1779245424.1806540489196777343750 HTTP/1.1" 200 - "-" "WordPress/6.9.4; https://www.wrinkledskinrepair.com"
216.73.217.80 - - [20/May/2026:02:50:22 +0000] "GET /tag/healthy-skin/page/5/ HTTP/1.1" 200 48775 "-" "Mozilla/5.0 AppleWebKit/537.36 (KHTML, like Gecko; compatible; ClaudeBot/1.0; +claudebot@anthropic.com)"
114.119.145.116 - - [20/May/2026:02:50:26 +0000] "GET /2019/06/14/skin-care-that-actually-works-how-you-want-it-to/?share=x HTTP/1.1" 302 - "https://www.wrinkledskinrepair.com/2019/06/14/skin-care-that-actually-works-how-you-want-it-to/" "Mozilla/5.0 (Linux; Android 7.0;) AppleWebKit/537.36 (HTML, like Gecko) Mobile Safari/537.36 (compatible; PetalBot;+https://webmaster.petalsearch.com/site/petalbot)"
113.177.235.58 - - [20/May/2026:02:50:34 +0000] "GET /olympus-digital-camera-3/ HTTP/1.1" 301 - "-" "Mozilla/5.0 (Windows NT 10.0; Win64; x64; rv:129.0) Gecko/20100101 Firefox/129.0"
14.224.170.191 - - [20/May/2026:02:50:37 +0000] "GET /olympus-digital-camera-3/ HTTP/1.1" 404 41306 "-" "Mozilla/5.0 (Windows NT 10.0; Win64; x64; rv:129.0) Gecko/20100101 Firefox/129.0"
216.73.217.80 - - [20/May/2026:02:50:50 +0000] "GET /?p=354 HTTP/1.1" 301 - "-" "Mozilla/5.0 AppleWebKit/537.36 (KHTML, like Gecko; compatible; ClaudeBot/1.0; +claudebot@anthropic.com)"
216.73.217.80 - - [20/May/2026:02:50:51 +0000] "GET /2018/08/12/advice-for-skin-care/ HTTP/1.1" 200 53716 "https://www.wrinkledskinrepair.com/?p=354" "Mozilla/5.0 AppleWebKit/537.36 (KHTML, like Gecko; compatible; ClaudeBot/1.0; +claudebot@anthropic.com)"
184.94.212.206 - - [20/May/2026:02:51:27 +0000] "POST /wp-cron.php?doing_wp_cron=1779245487.4173400402069091796875 HTTP/1.1" 200 - "-" "WordPress/6.9.4; https://www.wrinkledskinrepair.com"
216.73.217.80 - - [20/May/2026:02:51:25 +0000] "GET /2020/04/01/easy-ways-to-transform-imperfect-skin-2/?noamp=mobile HTTP/1.1" 200 53317 "-" "Mozilla/5.0 AppleWebKit/537.36 (KHTML, like Gecko; compatible; ClaudeBot/1.0; +claudebot@anthropic.com)"
51.254.49.99 - - [20/May/2026:02:51:37 +0000] "GET / HTTP/1.1" 301 - "-" "Mozilla/5.0 (X11; Ubuntu; Linux x86_64; rv:134.0) Gecko/20100101 Firefox/134.0"
152.42.212.193 - - [20/May/2026:02:51:40 +0000] "GET /wp-login.php HTTP/1.1" 200 4400 "-" "Mozilla/5.0 (X11; Linux x86_64) Gecko/20100101 Firefox/121.0"
152.42.212.193 - - [20/May/2026:02:51:42 +0000] "GET /wp-login.php HTTP/1.1" 200 4400 "-" "Mozilla/5.0 (Macintosh; Intel Mac OS X 10.15) Gecko/20100101 Firefox/122.0"
152.42.212.193 - - [20/May/2026:02:51:44 +0000] "POST /wp-login.php HTTP/1.1" 200 4400 "https://wrinkledskinrepair.com/wp-login.php" "Mozilla/5.0 (Windows NT 10.0; Win64; x64) AppleWebKit/537.36 (KHTML, like Gecko) Chrome/119.0.6045.159 Safari/537.36"
152.42.212.193 - - [20/May/2026:02:51:45 +0000] "POST /wp-login.php HTTP/1.1" 200 4400 "https://wrinkledskinrepair.com/wp-login.php" "Mozilla/5.0 (Macintosh; Intel Mac OS X 10_15_7) AppleWebKit/537.36 (KHTML, like Gecko) Chrome/119.0.6045.159 Safari/537.36"
152.42.212.193 - - [20/May/2026:02:51:47 +0000] "POST /wp-login.php HTTP/1.1" 200 4400 "https://wrinkledskinrepair.com/wp-login.php" "Mozilla/5.0 (Macintosh; Intel Mac OS X 10.15) Gecko/20100101 Firefox/119.0.1"
152.42.212.193 - - [20/May/2026:02:51:48 +0000] "POST /wp-login.php HTTP/1.1" 200 4400 "https://wrinkledskinrepair.com/wp-login.php" "Mozilla/5.0 (X11; Linux x86_64) Gecko/20100101 Firefox/118.0.2"
152.42.212.193 - - [20/May/2026:02:51:50 +0000] "POST /wp-login.php HTTP/1.1" 200 4400 "https://wrinkledskinrepair.com/wp-login.php" "Mozilla/5.0 (X11; Linux x86_64) Gecko/20100101 Firefox/121.0"
152.42.212.193 - - [20/May/2026:02:51:51 +0000] "POST /wp-login.php HTTP/1.1" 200 4400 "https://wrinkledskinrepair.com/wp-login.php" "Mozilla/5.0 (Macintosh; Intel Mac OS X 13_6_2) AppleWebKit/537.36 (KHTML, like Gecko) Chrome/119.0.6045.159 Safari/537.36"
3.237.34.118 - - [20/May/2026:02:51:52 +0000] "GET / HTTP/1.1" 301 - "-" "Mozilla/5.0 (Windows NT 10.0; WOW64) AppleWebKit/537.36 (KHTML, like Gecko) Chrome/109.0.0.0 Safari/537.36"
152.42.212.193 - - [20/May/2026:02:51:53 +0000] "POST /wp-login.php HTTP/1.1" 200 4400 "https://wrinkledskinrepair.com/wp-login.php" "Mozilla/5.0 (Macintosh; Intel Mac OS X 10.15) Gecko/20100101 Firefox/121.0"
3.237.34.118 - - [20/May/2026:02:51:53 +0000] "GET / HTTP/1.1" 200 47730 "-" "Mozilla/5.0 (Windows NT 10.0; WOW64) AppleWebKit/537.36 (KHTML, like Gecko) Chrome/109.0.0.0 Safari/537.36"
152.42.212.193 - - [20/May/2026:02:51:55 +0000] "POST /wp-login.php HTTP/1.1" 200 4400 "https://wrinkledskinrepair.com/wp-login.php" "Mozilla/5.0 (Macintosh; Intel Mac OS X 10_15_7) AppleWebKit/537.36 (KHTML, like Gecko) Chrome/119.0.6045.159 Safari/537.36"
3.237.34.118 - - [20/May/2026:02:51:55 +0000] "GET / HTTP/1.1" 301 - "-" "Mozilla/5.0 (Windows NT 10.0; WOW64) AppleWebKit/537.36 (KHTML, like Gecko) Chrome/109.0.0.0 Safari/537.36"
152.42.212.193 - - [20/May/2026:02:51:56 +0000] "POST /wp-login.php HTTP/1.1" 200 4400 "https://wrinkledskinrepair.com/wp-login.php" "Mozilla/5.0 (Windows NT 10.0; Win64; x64) Gecko/20100101 Firefox/121.0"
3.237.34.118 - - [20/May/2026:02:51:56 +0000] "GET / HTTP/1.1" 200 47730 "-" "Mozilla/5.0 (Windows NT 10.0; WOW64) AppleWebKit/537.36 (KHTML, like Gecko) Chrome/109.0.0.0 Safari/537.36"
152.42.212.193 - - [20/May/2026:02:51:58 +0000] "POST /wp-login.php HTTP/1.1" 200 4400 "https://wrinkledskinrepair.com/wp-login.php" "Mozilla/5.0 (Macintosh; Intel Mac OS X 10_15_7) AppleWebKit/537.36 (KHTML, like Gecko) Chrome/119.0.6045.159 Safari/537.36"
3.237.34.118 - - [20/May/2026:02:51:59 +0000] "GET / HTTP/1.1" 200 47730 "-" "Mozilla/5.0 (Windows NT 10.0; WOW64) AppleWebKit/537.36 (KHTML, like Gecko) Chrome/109.0.0.0 Safari/537.36"
152.42.212.193 - - [20/May/2026:02:52:00 +0000] "POST /wp-login.php HTTP/1.1" 200 4400 "https://wrinkledskinrepair.com/wp-login.php" "Mozilla/5.0 (Windows NT 10.0; Win64; x64) Gecko/20100101 Firefox/121.0"
3.237.34.118 - - [20/May/2026:02:52:00 +0000] "GET / HTTP/1.1" 200 47730 "-" "Mozilla/5.0 (Windows NT 10.0; WOW64) AppleWebKit/537.36 (KHTML, like Gecko) Chrome/109.0.0.0 Safari/537.36"
152.42.212.193 - - [20/May/2026:02:52:01 +0000] "POST /wp-login.php HTTP/1.1" 200 4400 "https://wrinkledskinrepair.com/wp-login.php" "Mozilla/5.0 (X11; Ubuntu; Linux x86_64) AppleWebKit/537.36 (KHTML, like Gecko) Chrome/121.0.6167.85 Safari/537.36"
152.42.212.193 - - [20/May/2026:02:52:03 +0000] "POST /wp-login.php HTTP/1.1" 200 4400 "https://wrinkledskinrepair.com/wp-login.php" "Mozilla/5.0 (Windows NT 11.0; Win64; x64) AppleWebKit/537.36 (KHTML, like Gecko) Chrome/118.0.5993.88 Safari/537.36"
152.42.212.193 - - [20/May/2026:02:52:04 +0000] "POST /wp-login.php HTTP/1.1" 200 4400 "https://wrinkledskinrepair.com/wp-login.php" "Mozilla/5.0 (X11; Linux x86_64) Gecko/20100101 Firefox/121.0"
152.42.212.193 - - [20/May/2026:02:52:06 +0000] "POST /wp-login.php HTTP/1.1" 200 4400 "https://wrinkledskinrepair.com/wp-login.php" "Mozilla/5.0 (X11; Ubuntu; Linux x86_64) AppleWebKit/537.36 (KHTML, like Gecko) Chrome/122.0.6261.57 Safari/537.36"
152.42.212.193 - - [20/May/2026:02:52:08 +0000] "POST /wp-login.php HTTP/1.1" 200 4400 "https://wrinkledskinrepair.com/wp-login.php" "Mozilla/5.0 (Windows NT 10.0; Win64; x64) Gecko/20100101 Firefox/120.0.1"
152.42.212.193 - - [20/May/2026:02:52:10 +0000] "POST /wp-login.php HTTP/1.1" 200 4400 "https://wrinkledskinrepair.com/wp-login.php" "Mozilla/5.0 (X11; Linux x86_64) AppleWebKit/537.36 (KHTML, like Gecko) Chrome/118.0.5993.88 Safari/537.36"
152.42.212.193 - - [20/May/2026:02:52:11 +0000] "POST /wp-login.php HTTP/1.1" 200 4400 "https://wrinkledskinrepair.com/wp-login.php" "Mozilla/5.0 (X11; Linux x86_64) AppleWebKit/537.36 (KHTML, like Gecko) Chrome/121.0.6167.85 Safari/537.36"
152.42.212.193 - - [20/May/2026:02:52:12 +0000] "POST /wp-login.php HTTP/1.1" 200 4400 "https://wrinkledskinrepair.com/wp-login.php" "Mozilla/5.0 (Windows NT 10.0; Win64; x64) Gecko/20100101 Firefox/122.0"
152.42.212.193 - - [20/May/2026:02:52:14 +0000] "POST /wp-login.php HTTP/1.1" 200 4400 "https://wrinkledskinrepair.com/wp-login.php" "Mozilla/5.0 (Macintosh; Intel Mac OS X 10_15_7) AppleWebKit/537.36 (KHTML, like Gecko) Chrome/118.0.5993.88 Safari/537.36"
152.42.212.193 - - [20/May/2026:02:52:16 +0000] "POST /wp-login.php HTTP/1.1" 200 4400 "https://wrinkledskinrepair.com/wp-login.php" "Mozilla/5.0 (Windows NT 10.0; Win64; x64) Gecko/20100101 Firefox/118.0.2"
152.42.212.193 - - [20/May/2026:02:52:17 +0000] "POST /wp-login.php HTTP/1.1" 200 4400 "https://wrinkledskinrepair.com/wp-login.php" "Mozilla/5.0 (X11; Linux x86_64) AppleWebKit/537.36 (KHTML, like Gecko) Chrome/119.0.6045.159 Safari/537.36"
152.42.212.193 - - [20/May/2026:02:52:19 +0000] "POST /wp-login.php HTTP/1.1" 200 4400 "https://wrinkledskinrepair.com/wp-login.php" "Mozilla/5.0 (X11; Linux x86_64) Gecko/20100101 Firefox/121.0"
152.42.212.193 - - [20/May/2026:02:52:21 +0000] "POST /wp-login.php HTTP/1.1" 200 4400 "https://wrinkledskinrepair.com/wp-login.php" "Mozilla/5.0 (Windows NT 10.0; Win64; x64) AppleWebKit/537.36 (KHTML, like Gecko) Chrome/119.0.6045.159 Safari/537.36"
152.42.212.193 - - [20/May/2026:02:52:23 +0000] "POST /wp-login.php HTTP/1.1" 200 4400 "https://wrinkledskinrepair.com/wp-login.php" "Mozilla/5.0 (Windows NT 10.0; Win64; x64) Gecko/20100101 Firefox/118.0.2"
152.42.212.193 - - [20/May/2026:02:52:24 +0000] "POST /wp-login.php HTTP/1.1" 200 4400 "https://wrinkledskinrepair.com/wp-login.php" "Mozilla/5.0 (X11; Linux x86_64) AppleWebKit/537.36 (KHTML, like Gecko) Chrome/118.0.5993.88 Safari/537.36"
152.42.212.193 - - [20/May/2026:02:52:26 +0000] "POST /wp-login.php HTTP/1.1" 200 4400 "https://wrinkledskinrepair.com/wp-login.php" "Mozilla/5.0 (Windows NT 10.0; Win64; x64) Gecko/20100101 Firefox/120.0.1"
152.42.212.193 - - [20/May/2026:02:52:28 +0000] "POST /wp-login.php HTTP/1.1" 200 4400 "https://wrinkledskinrepair.com/wp-login.php" "Mozilla/5.0 (X11; Ubuntu; Linux x86_64) AppleWebKit/537.36 (KHTML, like Gecko) Chrome/118.0.5993.88 Safari/537.36"
152.42.212.193 - - [20/May/2026:02:52:30 +0000] "POST /wp-login.php HTTP/1.1" 200 4400 "https://wrinkledskinrepair.com/wp-login.php" "Mozilla/5.0 (Windows NT 10.0; Win64; x64) Gecko/20100101 Firefox/122.0"
152.42.212.193 - - [20/May/2026:02:52:31 +0000] "POST /wp-login.php HTTP/1.1" 200 4400 "https://wrinkledskinrepair.com/wp-login.php" "Mozilla/5.0 (X11; Ubuntu; Linux x86_64) AppleWebKit/537.36 (KHTML, like Gecko) Chrome/120.0.6099.130 Safari/537.36"
152.42.212.193 - - [20/May/2026:02:52:33 +0000] "POST /wp-login.php HTTP/1.1" 200 4400 "https://wrinkledskinrepair.com/wp-login.php" "Mozilla/5.0 (Macintosh; Intel Mac OS X 10.15) Gecko/20100101 Firefox/119.0.1"
152.42.212.193 - - [20/May/2026:02:52:34 +0000] "POST /wp-login.php HTTP/1.1" 200 4400 "https://wrinkledskinrepair.com/wp-login.php" "Mozilla/5.0 (X11; Linux x86_64) AppleWebKit/537.36 (KHTML, like Gecko) Chrome/119.0.6045.159 Safari/537.36"
152.42.212.193 - - [20/May/2026:02:52:36 +0000] "POST /wp-login.php HTTP/1.1" 200 4400 "https://wrinkledskinrepair.com/wp-login.php" "Mozilla/5.0 (Windows NT 10.0; Win64; x64) Gecko/20100101 Firefox/122.0"
152.42.212.193 - - [20/May/2026:02:52:38 +0000] "POST /wp-login.php HTTP/1.1" 200 4400 "https://wrinkledskinrepair.com/wp-login.php" "Mozilla/5.0 (Windows NT 10.0; Win64; x64) Gecko/20100101 Firefox/118.0.2"
152.42.212.193 - - [20/May/2026:02:52:40 +0000] "POST /wp-login.php HTTP/1.1" 200 4400 "https://wrinkledskinrepair.com/wp-login.php" "Mozilla/5.0 (Windows NT 11.0; Win64; x64) AppleWebKit/537.36 (KHTML, like Gecko) Chrome/121.0.6167.85 Safari/537.36"
184.94.212.206 - - [20/May/2026:02:52:42 +0000] "POST /wp-cron.php?doing_wp_cron=1779245562.1431210041046142578125 HTTP/1.1" 200 - "-" "WordPress/6.9.4; https://www.wrinkledskinrepair.com"
151.80.133.171 - - [20/May/2026:02:52:40 +0000] "GET /2020/05/17/the-best-skin-care-advice-you-will-ever-need/ HTTP/1.1" 200 53953 "-" "Mozilla/5.0 (Windows NT 10.0; Win64; x64) AppleWebKit/537.36 (KHTML, like Gecko) Chrome/139.0.0.0 Safari/537.36"
152.42.212.193 - - [20/May/2026:02:52:41 +0000] "POST /wp-login.php HTTP/1.1" 200 4400 "https://wrinkledskinrepair.com/wp-login.php" "Mozilla/5.0 (X11; Linux x86_64) Gecko/20100101 Firefox/120.0.1"
152.42.212.193 - - [20/May/2026:02:52:43 +0000] "POST /wp-login.php HTTP/1.1" 200 4400 "https://wrinkledskinrepair.com/wp-login.php" "Mozilla/5.0 (Macintosh; Intel Mac OS X 13_6_2) AppleWebKit/537.36 (KHTML, like Gecko) Chrome/122.0.6261.57 Safari/537.36"
151.80.133.130 - - [20/May/2026:02:52:44 +0000] "GET /2020/05/16/an-easy-skin-care-routine-can-change-your-life/?share=x HTTP/1.1" 302 - "-" "Mozilla/5.0 (Windows NT 10.0; Win64; x64) AppleWebKit/537.36 (KHTML, like Gecko) Chrome/139.0.0.0 Safari/537.36"
152.42.212.193 - - [20/May/2026:02:52:45 +0000] "POST /wp-login.php HTTP/1.1" 200 4400 "https://wrinkledskinrepair.com/wp-login.php" "Mozilla/5.0 (Macintosh; Intel Mac OS X 10_15_7) AppleWebKit/537.36 (KHTML, like Gecko) Chrome/118.0.5993.88 Safari/537.36"
145.239.81.31 - - [20/May/2026:02:52:45 +0000] "GET /2020/05/29/skin-care-has-never-been-this-easy/?share=facebook HTTP/1.1" 302 - "-" "Mozilla/5.0 (Windows NT 10.0; Win64; x64) AppleWebKit/537.36 (KHTML, like Gecko) Chrome/139.0.0.0 Safari/537.36"
152.42.212.193 - - [20/May/2026:02:52:47 +0000] "POST /wp-login.php HTTP/1.1" 200 4400 "https://wrinkledskinrepair.com/wp-login.php" "Mozilla/5.0 (X11; Linux x86_64) Gecko/20100101 Firefox/122.0"
152.42.212.193 - - [20/May/2026:02:52:49 +0000] "POST /wp-login.php HTTP/1.1" 200 4400 "https://wrinkledskinrepair.com/wp-login.php" "Mozilla/5.0 (Macintosh; Intel Mac OS X 10.15) Gecko/20100101 Firefox/122.0"
152.42.212.193 - - [20/May/2026:02:52:50 +0000] "POST /wp-login.php HTTP/1.1" 200 4400 "https://wrinkledskinrepair.com/wp-login.php" "Mozilla/5.0 (Macintosh; Intel Mac OS X 13_6_2) AppleWebKit/537.36 (KHTML, like Gecko) Chrome/122.0.6261.57 Safari/537.36"
152.42.212.193 - - [20/May/2026:02:52:52 +0000] "POST /wp-login.php HTTP/1.1" 200 4400 "https://wrinkledskinrepair.com/wp-login.php" "Mozilla/5.0 (X11; Linux x86_64) Gecko/20100101 Firefox/122.0"
216.73.217.80 - - [20/May/2026:02:52:51 +0000] "GET /2020/04/11/tips-to-take-care-of-your-skin-better/?noamp=mobile HTTP/1.1" 200 54364 "-" "Mozilla/5.0 AppleWebKit/537.36 (KHTML, like Gecko; compatible; ClaudeBot/1.0; +claudebot@anthropic.com)"
152.42.212.193 - - [20/May/2026:02:52:53 +0000] "POST /wp-login.php HTTP/1.1" 200 4400 "https://wrinkledskinrepair.com/wp-login.php" "Mozilla/5.0 (X11; Linux x86_64) Gecko/20100101 Firefox/119.0.1"
152.42.212.193 - - [20/May/2026:02:52:55 +0000] "POST /wp-login.php HTTP/1.1" 200 4400 "https://wrinkledskinrepair.com/wp-login.php" "Mozilla/5.0 (X11; Ubuntu; Linux x86_64) AppleWebKit/537.36 (KHTML, like Gecko) Chrome/121.0.6167.85 Safari/537.36"
152.42.212.193 - - [20/May/2026:02:52:57 +0000] "POST /wp-login.php HTTP/1.1" 200 4400 "https://wrinkledskinrepair.com/wp-login.php" "Mozilla/5.0 (X11; Ubuntu; Linux x86_64) AppleWebKit/537.36 (KHTML, like Gecko) Chrome/122.0.6261.57 Safari/537.36"
152.42.212.193 - - [20/May/2026:02:52:58 +0000] "POST /wp-login.php HTTP/1.1" 200 4400 "https://wrinkledskinrepair.com/wp-login.php" "Mozilla/5.0 (Windows NT 10.0; Win64; x64) AppleWebKit/537.36 (KHTML, like Gecko) Chrome/118.0.5993.88 Safari/537.36"
152.42.212.193 - - [20/May/2026:02:53:00 +0000] "POST /wp-login.php HTTP/1.1" 200 4400 "https://wrinkledskinrepair.com/wp-login.php" "Mozilla/5.0 (Windows NT 10.0; Win64; x64) AppleWebKit/537.36 (KHTML, like Gecko) Chrome/118.0.5993.88 Safari/537.36"
152.42.212.193 - - [20/May/2026:02:53:01 +0000] "POST /wp-login.php HTTP/1.1" 200 4400 "https://wrinkledskinrepair.com/wp-login.php" "Mozilla/5.0 (X11; Linux x86_64) Gecko/20100101 Firefox/122.0"
152.42.212.193 - - [20/May/2026:02:53:02 +0000] "POST /wp-login.php HTTP/1.1" 200 4400 "https://wrinkledskinrepair.com/wp-login.php" "Mozilla/5.0 (X11; Ubuntu; Linux x86_64) AppleWebKit/537.36 (KHTML, like Gecko) Chrome/120.0.6099.130 Safari/537.36"
152.42.212.193 - - [20/May/2026:02:53:04 +0000] "POST /wp-login.php HTTP/1.1" 200 4400 "https://wrinkledskinrepair.com/wp-login.php" "Mozilla/5.0 (Macintosh; Intel Mac OS X 13_6_2) AppleWebKit/537.36 (KHTML, like Gecko) Chrome/119.0.6045.159 Safari/537.36"
152.42.212.193 - - [20/May/2026:02:53:05 +0000] "POST /wp-login.php HTTP/1.1" 200 4400 "https://wrinkledskinrepair.com/wp-login.php" "Mozilla/5.0 (Macintosh; Intel Mac OS X 10_15_7) AppleWebKit/537.36 (KHTML, like Gecko) Chrome/118.0.5993.88 Safari/537.36"
152.42.212.193 - - [20/May/2026:02:53:07 +0000] "POST /wp-login.php HTTP/1.1" 200 4400 "https://wrinkledskinrepair.com/wp-login.php" "Mozilla/5.0 (Macintosh; Intel Mac OS X 13_6_2) AppleWebKit/537.36 (KHTML, like Gecko) Chrome/118.0.5993.88 Safari/537.36"
152.42.212.193 - - [20/May/2026:02:53:09 +0000] "POST /wp-login.php HTTP/1.1" 200 4400 "https://wrinkledskinrepair.com/wp-login.php" "Mozilla/5.0 (X11; Linux x86_64) Gecko/20100101 Firefox/118.0.2"
152.42.212.193 - - [20/May/2026:02:53:10 +0000] "POST /wp-login.php HTTP/1.1" 200 4400 "https://wrinkledskinrepair.com/wp-login.php" "Mozilla/5.0 (X11; Linux x86_64) Gecko/20100101 Firefox/119.0.1"
184.94.212.206 - - [20/May/2026:02:53:13 +0000] "POST /wp-cron.php?doing_wp_cron=1779245593.4033110141754150390625 HTTP/1.1" 200 - "-" "WordPress/6.9.4; https://www.wrinkledskinrepair.com"
184.94.212.206 - - [20/May/2026:02:53:11 +0000] "GET / HTTP/1.1" 200 168945 "-" "Mozilla/5.0 (Windows NT 10.0; Win64; x64; rv:122.0) Gecko/20100101 Firefox/122.0"
152.42.212.193 - - [20/May/2026:02:53:12 +0000] "POST /wp-login.php HTTP/1.1" 200 4400 "https://wrinkledskinrepair.com/wp-login.php" "Mozilla/5.0 (Windows NT 11.0; Win64; x64) AppleWebKit/537.36 (KHTML, like Gecko) Chrome/120.0.6099.130 Safari/537.36"
152.42.212.193 - - [20/May/2026:02:53:15 +0000] "POST /wp-login.php HTTP/1.1" 200 4400 "https://wrinkledskinrepair.com/wp-login.php" "Mozilla/5.0 (X11; Linux x86_64) Gecko/20100101 Firefox/118.0.2"
152.42.212.193 - - [20/May/2026:02:53:17 +0000] "POST /wp-login.php HTTP/1.1" 200 4400 "https://wrinkledskinrepair.com/wp-login.php" "Mozilla/5.0 (Windows NT 11.0; Win64; x64) AppleWebKit/537.36 (KHTML, like Gecko) Chrome/121.0.6167.85 Safari/537.36"
152.42.212.193 - - [20/May/2026:02:53:19 +0000] "POST /wp-login.php HTTP/1.1" 200 4400 "https://wrinkledskinrepair.com/wp-login.php" "Mozilla/5.0 (X11; Linux x86_64) Gecko/20100101 Firefox/122.0"
152.42.212.193 - - [20/May/2026:02:53:21 +0000] "POST /wp-login.php HTTP/1.1" 200 4400 "https://wrinkledskinrepair.com/wp-login.php" "Mozilla/5.0 (X11; Linux x86_64) Gecko/20100101 Firefox/121.0"
152.42.212.193 - - [20/May/2026:02:53:24 +0000] "POST /wp-login.php HTTP/1.1" 200 4400 "https://wrinkledskinrepair.com/wp-login.php" "Mozilla/5.0 (Windows NT 10.0; Win64; x64) Gecko/20100101 Firefox/119.0.1"
184.94.212.206 - - [20/May/2026:02:53:26 +0000] "POST /wp-cron.php?doing_wp_cron=1779245606.2760639190673828125000 HTTP/1.1" 200 - "-" "WordPress/6.9.4; https://www.wrinkledskinrepair.com"
82.38.180.208 - - [20/May/2026:02:53:22 +0000] "GET /2020/05/17/the-best-skin-care-advice-you-will-ever-need/?share=x HTTP/1.1" 302 - "-" "Mozilla/5.0 (Macintosh; Intel Mac OS X 10_15_7) AppleWebKit/537.36 (KHTML, like Gecko) Chrome/120.0.0.0 Safari/537.36"
152.42.212.193 - - [20/May/2026:02:53:26 +0000] "POST /wp-login.php HTTP/1.1" 200 4400 "https://wrinkledskinrepair.com/wp-login.php" "Mozilla/5.0 (Macintosh; Intel Mac OS X 10.15) Gecko/20100101 Firefox/120.0.1"
152.42.212.193 - - [20/May/2026:02:53:29 +0000] "POST /wp-login.php HTTP/1.1" 200 4400 "https://wrinkledskinrepair.com/wp-login.php" "Mozilla/5.0 (Macintosh; Intel Mac OS X 10.15) Gecko/20100101 Firefox/120.0.1"
152.42.212.193 - - [20/May/2026:02:53:32 +0000] "POST /wp-login.php HTTP/1.1" 200 4400 "https://wrinkledskinrepair.com/wp-login.php" "Mozilla/5.0 (Windows NT 10.0; Win64; x64) Gecko/20100101 Firefox/118.0.2"
152.42.212.193 - - [20/May/2026:02:53:34 +0000] "POST /wp-login.php HTTP/1.1" 200 4400 "https://wrinkledskinrepair.com/wp-login.php" "Mozilla/5.0 (X11; Linux x86_64) Gecko/20100101 Firefox/122.0"
152.42.212.193 - - [20/May/2026:02:53:35 +0000] "POST /wp-login.php HTTP/1.1" 200 4400 "https://wrinkledskinrepair.com/wp-login.php" "Mozilla/5.0 (Windows NT 11.0; Win64; x64) AppleWebKit/537.36 (KHTML, like Gecko) Chrome/119.0.6045.159 Safari/537.36"
152.42.212.193 - - [20/May/2026:02:53:37 +0000] "POST /wp-login.php HTTP/1.1" 200 4400 "https://wrinkledskinrepair.com/wp-login.php" "Mozilla/5.0 (Macintosh; Intel Mac OS X 10.15) Gecko/20100101 Firefox/121.0"
152.42.212.193 - - [20/May/2026:02:53:39 +0000] "POST /wp-login.php HTTP/1.1" 200 4400 "https://wrinkledskinrepair.com/wp-login.php" "Mozilla/5.0 (X11; Linux x86_64) Gecko/20100101 Firefox/118.0.2"
152.42.212.193 - - [20/May/2026:02:53:41 +0000] "POST /wp-login.php HTTP/1.1" 200 4400 "https://wrinkledskinrepair.com/wp-login.php" "Mozilla/5.0 (Windows NT 10.0; Win64; x64) Gecko/20100101 Firefox/119.0.1"
216.73.217.80 - - [20/May/2026:02:53:40 +0000] "GET /2020/03/26/skin-care-tips-to-keep-you-looking-your-best/?noamp=mobile HTTP/1.1" 200 52346 "-" "Mozilla/5.0 AppleWebKit/537.36 (KHTML, like Gecko; compatible; ClaudeBot/1.0; +claudebot@anthropic.com)"
152.42.212.193 - - [20/May/2026:02:53:44 +0000] "POST /wp-login.php HTTP/1.1" 200 4400 "https://wrinkledskinrepair.com/wp-login.php" "Mozilla/5.0 (Macintosh; Intel Mac OS X 10.15) Gecko/20100101 Firefox/119.0.1"
152.42.212.193 - - [20/May/2026:02:53:46 +0000] "POST /wp-login.php HTTP/1.1" 200 4400 "https://wrinkledskinrepair.com/wp-login.php" "Mozilla/5.0 (Macintosh; Intel Mac OS X 10.15) Gecko/20100101 Firefox/121.0"
152.42.212.193 - - [20/May/2026:02:53:48 +0000] "POST /wp-login.php HTTP/1.1" 200 4400 "https://wrinkledskinrepair.com/wp-login.php" "Mozilla/5.0 (X11; Linux x86_64) AppleWebKit/537.36 (KHTML, like Gecko) Chrome/120.0.6099.130 Safari/537.36"
152.42.212.193 - - [20/May/2026:02:53:50 +0000] "POST /wp-login.php HTTP/1.1" 200 4400 "https://wrinkledskinrepair.com/wp-login.php" "Mozilla/5.0 (X11; Linux x86_64) AppleWebKit/537.36 (KHTML, like Gecko) Chrome/122.0.6261.57 Safari/537.36"
152.42.212.193 - - [20/May/2026:02:53:52 +0000] "POST /wp-login.php HTTP/1.1" 200 4400 "https://wrinkledskinrepair.com/wp-login.php" "Mozilla/5.0 (Windows NT 10.0; Win64; x64) Gecko/20100101 Firefox/118.0.2"
184.94.212.206 - - [20/May/2026:02:53:52 +0000] "GET / HTTP/1.1" 200 158359 "-" "Softaculous"
152.42.212.193 - - [20/May/2026:02:53:55 +0000] "POST /wp-login.php HTTP/1.1" 200 4400 "https://wrinkledskinrepair.com/wp-login.php" "Mozilla/5.0 (Windows NT 11.0; Win64; x64) AppleWebKit/537.36 (KHTML, like Gecko) Chrome/120.0.6099.130 Safari/537.36"
152.42.212.193 - - [20/May/2026:02:53:57 +0000] "POST /wp-login.php HTTP/1.1" 200 4400 "https://wrinkledskinrepair.com/wp-login.php" "Mozilla/5.0 (Macintosh; Intel Mac OS X 10.15) Gecko/20100101 Firefox/118.0.2"
184.94.212.206 - - [20/May/2026:02:53:56 +0000] "GET / HTTP/1.1" 200 168945 "-" "Mozilla/5.0 (Windows NT 10.0; Win64; x64; rv:122.0) Gecko/20100101 Firefox/122.0"
152.42.212.193 - - [20/May/2026:02:53:59 +0000] "POST /wp-login.php HTTP/1.1" 200 4400 "https://wrinkledskinrepair.com/wp-login.php" "Mozilla/5.0 (Windows NT 10.0; Win64; x64) Gecko/20100101 Firefox/119.0.1"
152.42.212.193 - - [20/May/2026:02:54:01 +0000] "POST /wp-login.php HTTP/1.1" 200 4400 "https://wrinkledskinrepair.com/wp-login.php" "Mozilla/5.0 (Windows NT 11.0; Win64; x64) AppleWebKit/537.36 (KHTML, like Gecko) Chrome/122.0.6261.57 Safari/537.36"
152.42.212.193 - - [20/May/2026:02:54:03 +0000] "POST /wp-login.php HTTP/1.1" 200 4400 "https://wrinkledskinrepair.com/wp-login.php" "Mozilla/5.0 (X11; Linux x86_64) Gecko/20100101 Firefox/119.0.1"
152.42.212.193 - - [20/May/2026:02:54:04 +0000] "POST /wp-login.php HTTP/1.1" 200 4400 "https://wrinkledskinrepair.com/wp-login.php" "Mozilla/5.0 (Macintosh; Intel Mac OS X 10.15) Gecko/20100101 Firefox/118.0.2"
152.42.212.193 - - [20/May/2026:02:54:06 +0000] "POST /wp-login.php HTTP/1.1" 200 4400 "https://wrinkledskinrepair.com/wp-login.php" "Mozilla/5.0 (Macintosh; Intel Mac OS X 10.15) Gecko/20100101 Firefox/121.0"
152.42.212.193 - - [20/May/2026:02:54:08 +0000] "POST /wp-login.php HTTP/1.1" 200 4400 "https://wrinkledskinrepair.com/wp-login.php" "Mozilla/5.0 (Windows NT 11.0; Win64; x64) AppleWebKit/537.36 (KHTML, like Gecko) Chrome/121.0.6167.85 Safari/537.36"
152.42.212.193 - - [20/May/2026:02:54:10 +0000] "POST /wp-login.php HTTP/1.1" 200 4400 "https://wrinkledskinrepair.com/wp-login.php" "Mozilla/5.0 (X11; Linux x86_64) Gecko/20100101 Firefox/122.0"
152.42.212.193 - - [20/May/2026:02:54:11 +0000] "POST /wp-login.php HTTP/1.1" 200 4400 "https://wrinkledskinrepair.com/wp-login.php" "Mozilla/5.0 (Macintosh; Intel Mac OS X 10.15) Gecko/20100101 Firefox/118.0.2"
152.42.212.193 - - [20/May/2026:02:54:13 +0000] "POST /wp-login.php HTTP/1.1" 200 4400 "https://wrinkledskinrepair.com/wp-login.php" "Mozilla/5.0 (Windows NT 10.0; Win64; x64) Gecko/20100101 Firefox/122.0"
152.42.212.193 - - [20/May/2026:02:54:15 +0000] "POST /wp-login.php HTTP/1.1" 200 4400 "https://wrinkledskinrepair.com/wp-login.php" "Mozilla/5.0 (X11; Linux x86_64) Gecko/20100101 Firefox/119.0.1"
152.42.212.193 - - [20/May/2026:02:54:16 +0000] "POST /wp-login.php HTTP/1.1" 200 4400 "https://wrinkledskinrepair.com/wp-login.php" "Mozilla/5.0 (Windows NT 11.0; Win64; x64) AppleWebKit/537.36 (KHTML, like Gecko) Chrome/119.0.6045.159 Safari/537.36"
104.194.9.138 - - [20/May/2026:02:54:17 +0000] "GET /x-cp-3AfaBZkw.php HTTP/1.1" 200 4254 "-" "Mozilla/5.0 (X11; Linux x86_64) AppleWebKit/537.36 (KHTML, like Gecko) Chrome/143.0.0.0 Safari/537.36"
152.42.212.193 - - [20/May/2026:02:54:18 +0000] "POST /wp-login.php HTTP/1.1" 200 4400 "https://wrinkledskinrepair.com/wp-login.php" "Mozilla/5.0 (X11; Ubuntu; Linux x86_64) AppleWebKit/537.36 (KHTML, like Gecko) Chrome/120.0.6099.130 Safari/537.36"
152.42.212.193 - - [20/May/2026:02:54:20 +0000] "POST /wp-login.php HTTP/1.1" 200 4400 "https://wrinkledskinrepair.com/wp-login.php" "Mozilla/5.0 (Windows NT 10.0; Win64; x64) AppleWebKit/537.36 (KHTML, like Gecko) Chrome/122.0.6261.57 Safari/537.36"
152.42.212.193 - - [20/May/2026:02:54:22 +0000] "POST /wp-login.php HTTP/1.1" 200 4400 "https://wrinkledskinrepair.com/wp-login.php" "Mozilla/5.0 (X11; Linux x86_64) Gecko/20100101 Firefox/118.0.2"
152.42.212.193 - - [20/May/2026:02:54:23 +0000] "POST /wp-login.php HTTP/1.1" 200 4400 "https://wrinkledskinrepair.com/wp-login.php" "Mozilla/5.0 (Macintosh; Intel Mac OS X 10.15) Gecko/20100101 Firefox/122.0"
152.42.212.193 - - [20/May/2026:02:54:25 +0000] "POST /wp-login.php HTTP/1.1" 200 4400 "https://wrinkledskinrepair.com/wp-login.php" "Mozilla/5.0 (Macintosh; Intel Mac OS X 10.15) Gecko/20100101 Firefox/118.0.2"
152.42.212.193 - - [20/May/2026:02:54:27 +0000] "POST /wp-login.php HTTP/1.1" 200 4400 "https://wrinkledskinrepair.com/wp-login.php" "Mozilla/5.0 (Windows NT 10.0; Win64; x64) AppleWebKit/537.36 (KHTML, like Gecko) Chrome/121.0.6167.85 Safari/537.36"
152.42.212.193 - - [20/May/2026:02:54:28 +0000] "POST /wp-login.php HTTP/1.1" 200 4400 "https://wrinkledskinrepair.com/wp-login.php" "Mozilla/5.0 (X11; Ubuntu; Linux x86_64) AppleWebKit/537.36 (KHTML, like Gecko) Chrome/120.0.6099.130 Safari/537.36"
152.42.212.193 - - [20/May/2026:02:54:30 +0000] "POST /wp-login.php HTTP/1.1" 200 4400 "https://wrinkledskinrepair.com/wp-login.php" "Mozilla/5.0 (Macintosh; Intel Mac OS X 10.15) Gecko/20100101 Firefox/121.0"
152.42.212.193 - - [20/May/2026:02:54:32 +0000] "POST /wp-login.php HTTP/1.1" 200 4400 "https://wrinkledskinrepair.com/wp-login.php" "Mozilla/5.0 (Windows NT 11.0; Win64; x64) AppleWebKit/537.36 (KHTML, like Gecko) Chrome/120.0.6099.130 Safari/537.36"
152.42.212.193 - - [20/May/2026:02:54:33 +0000] "POST /wp-login.php HTTP/1.1" 200 4400 "https://wrinkledskinrepair.com/wp-login.php" "Mozilla/5.0 (Macintosh; Intel Mac OS X 10.15) Gecko/20100101 Firefox/122.0"
152.42.212.193 - - [20/May/2026:02:54:35 +0000] "POST /wp-login.php HTTP/1.1" 200 4400 "https://wrinkledskinrepair.com/wp-login.php" "Mozilla/5.0 (Windows NT 11.0; Win64; x64) AppleWebKit/537.36 (KHTML, like Gecko) Chrome/122.0.6261.57 Safari/537.36"
184.94.212.206 - - [20/May/2026:02:54:36 +0000] "POST /wp-cron.php?doing_wp_cron=1779245676.2873771190643310546875 HTTP/1.1" 200 - "-" "WordPress/6.9.4; https://www.wrinkledskinrepair.com"
192.0.102.146 - - [20/May/2026:02:54:35 +0000] "HEAD / HTTP/1.1" 200 - "-" "jetmon/1.0 (Jetpack Site Uptime Monitor by WordPress.com)"
152.42.212.193 - - [20/May/2026:02:54:37 +0000] "POST /wp-login.php HTTP/1.1" 200 4400 "https://wrinkledskinrepair.com/wp-login.php" "Mozilla/5.0 (Windows NT 10.0; Win64; x64) Gecko/20100101 Firefox/121.0"
152.42.212.193 - - [20/May/2026:02:54:38 +0000] "POST /wp-login.php HTTP/1.1" 200 4400 "https://wrinkledskinrepair.com/wp-login.php" "Mozilla/5.0 (Macintosh; Intel Mac OS X 10_15_7) AppleWebKit/537.36 (KHTML, like Gecko) Chrome/122.0.6261.57 Safari/537.36"
152.42.212.193 - - [20/May/2026:02:54:40 +0000] "POST /wp-login.php HTTP/1.1" 200 4400 "https://wrinkledskinrepair.com/wp-login.php" "Mozilla/5.0 (Macintosh; Intel Mac OS X 13_6_2) AppleWebKit/537.36 (KHTML, like Gecko) Chrome/121.0.6167.85 Safari/537.36"
152.42.212.193 - - [20/May/2026:02:54:42 +0000] "POST /wp-login.php HTTP/1.1" 200 4400 "https://wrinkledskinrepair.com/wp-login.php" "Mozilla/5.0 (Windows NT 10.0; Win64; x64) Gecko/20100101 Firefox/121.0"
152.42.212.193 - - [20/May/2026:02:54:44 +0000] "POST /wp-login.php HTTP/1.1" 200 4400 "https://wrinkledskinrepair.com/wp-login.php" "Mozilla/5.0 (X11; Linux x86_64) Gecko/20100101 Firefox/118.0.2"
152.42.212.193 - - [20/May/2026:02:54:45 +0000] "POST /wp-login.php HTTP/1.1" 200 4400 "https://wrinkledskinrepair.com/wp-login.php" "Mozilla/5.0 (X11; Linux x86_64) Gecko/20100101 Firefox/118.0.2"
152.42.212.193 - - [20/May/2026:02:54:48 +0000] "POST /wp-login.php HTTP/1.1" 200 4400 "https://wrinkledskinrepair.com/wp-login.php" "Mozilla/5.0 (Macintosh; Intel Mac OS X 13_6_2) AppleWebKit/537.36 (KHTML, like Gecko) Chrome/121.0.6167.85 Safari/537.36"
152.42.212.193 - - [20/May/2026:02:54:49 +0000] "POST /wp-login.php HTTP/1.1" 200 4400 "https://wrinkledskinrepair.com/wp-login.php" "Mozilla/5.0 (Macintosh; Intel Mac OS X 10.15) Gecko/20100101 Firefox/118.0.2"
152.42.212.193 - - [20/May/2026:02:54:51 +0000] "POST /wp-login.php HTTP/1.1" 200 4400 "https://wrinkledskinrepair.com/wp-login.php" "Mozilla/5.0 (Windows NT 11.0; Win64; x64) AppleWebKit/537.36 (KHTML, like Gecko) Chrome/119.0.6045.159 Safari/537.36"
152.42.212.193 - - [20/May/2026:02:54:53 +0000] "POST /wp-login.php HTTP/1.1" 200 4400 "https://wrinkledskinrepair.com/wp-login.php" "Mozilla/5.0 (X11; Ubuntu; Linux x86_64) AppleWebKit/537.36 (KHTML, like Gecko) Chrome/121.0.6167.85 Safari/537.36"
152.42.212.193 - - [20/May/2026:02:54:54 +0000] "POST /wp-login.php HTTP/1.1" 200 4400 "https://wrinkledskinrepair.com/wp-login.php" "Mozilla/5.0 (Windows NT 10.0; Win64; x64) Gecko/20100101 Firefox/119.0.1"
152.42.212.193 - - [20/May/2026:02:54:56 +0000] "POST /wp-login.php HTTP/1.1" 200 4400 "https://wrinkledskinrepair.com/wp-login.php" "Mozilla/5.0 (Windows NT 10.0; Win64; x64) Gecko/20100101 Firefox/122.0"
152.42.212.193 - - [20/May/2026:02:54:58 +0000] "POST /wp-login.php HTTP/1.1" 200 4400 "https://wrinkledskinrepair.com/wp-login.php" "Mozilla/5.0 (Windows NT 10.0; Win64; x64) Gecko/20100101 Firefox/119.0.1"
152.42.212.193 - - [20/May/2026:02:54:59 +0000] "POST /wp-login.php HTTP/1.1" 200 4400 "https://wrinkledskinrepair.com/wp-login.php" "Mozilla/5.0 (Windows NT 10.0; Win64; x64) Gecko/20100101 Firefox/120.0.1"
152.42.212.193 - - [20/May/2026:02:55:01 +0000] "POST /wp-login.php HTTP/1.1" 200 4400 "https://wrinkledskinrepair.com/wp-login.php" "Mozilla/5.0 (Macintosh; Intel Mac OS X 13_6_2) AppleWebKit/537.36 (KHTML, like Gecko) Chrome/120.0.6099.130 Safari/537.36"
152.42.212.193 - - [20/May/2026:02:55:02 +0000] "POST /wp-login.php HTTP/1.1" 200 4400 "https://wrinkledskinrepair.com/wp-login.php" "Mozilla/5.0 (Macintosh; Intel Mac OS X 10.15) Gecko/20100101 Firefox/121.0"
152.42.212.193 - - [20/May/2026:02:55:04 +0000] "POST /wp-login.php HTTP/1.1" 200 4400 "https://wrinkledskinrepair.com/wp-login.php" "Mozilla/5.0 (Windows NT 11.0; Win64; x64) AppleWebKit/537.36 (KHTML, like Gecko) Chrome/119.0.6045.159 Safari/537.36"
152.42.212.193 - - [20/May/2026:02:55:05 +0000] "POST /wp-login.php HTTP/1.1" 200 4400 "https://wrinkledskinrepair.com/wp-login.php" "Mozilla/5.0 (Windows NT 10.0; Win64; x64) Gecko/20100101 Firefox/119.0.1"
184.94.212.206 - - [20/May/2026:02:55:07 +0000] "POST /wp-cron.php?doing_wp_cron=1779245707.6373560428619384765625 HTTP/1.1" 200 - "-" "WordPress/6.9.4; https://www.wrinkledskinrepair.com"
