144.76.32.187 - - [20/May/2026:01:16:36 +0000] "GET /2019/03/22/great-skin-care-tips-for-healthy-skin/?share=facebook HTTP/1.1" 302 - "-" "Mozilla/5.0 (compatible; SERankingBacklinksBot/1.0; +https://seranking.com/backlinks-crawler)"
144.76.32.187 - - [20/May/2026:01:16:40 +0000] "GET /2019/04/17/get-glowing-with-these-skin-care-tips/?share=facebook HTTP/1.1" 302 - "-" "Mozilla/5.0 (compatible; SERankingBacklinksBot/1.0; +https://seranking.com/backlinks-crawler)"
216.73.217.80 - - [20/May/2026:01:16:42 +0000] "GET /2020/04/01/easy-ways-to-transform-imperfect-skin-2/ HTTP/1.1" 200 53314 "-" "Mozilla/5.0 AppleWebKit/537.36 (KHTML, like Gecko; compatible; ClaudeBot/1.0; +claudebot@anthropic.com)"
144.76.32.187 - - [20/May/2026:01:16:45 +0000] "GET /2019/04/20/pamper-and-protect-your-skin-with-these-tips/?share=x HTTP/1.1" 302 - "-" "Mozilla/5.0 (compatible; SERankingBacklinksBot/1.0; +https://seranking.com/backlinks-crawler)"
216.73.217.80 - - [20/May/2026:01:16:49 +0000] "GET /2019/07/05/basic-skin-care-advice-that-will-bring-on-better-than-basic-skin/?noamp=mobile HTTP/1.1" 200 53777 "-" "Mozilla/5.0 AppleWebKit/537.36 (KHTML, like Gecko; compatible; ClaudeBot/1.0; +claudebot@anthropic.com)"
144.76.32.187 - - [20/May/2026:01:16:50 +0000] "GET /2019/05/15/helpful-advice-about-your-skin-care-regiment/?share=x HTTP/1.1" 302 - "-" "Mozilla/5.0 (compatible; SERankingBacklinksBot/1.0; +https://seranking.com/backlinks-crawler)"
144.76.32.187 - - [20/May/2026:01:16:54 +0000] "GET /2019/06/17/get-the-skin-you-want-with-these-tips/?share=facebook HTTP/1.1" 302 - "-" "Mozilla/5.0 (compatible; SERankingBacklinksBot/1.0; +https://seranking.com/backlinks-crawler)"
144.76.32.187 - - [20/May/2026:01:16:59 +0000] "GET /2018/12/23/use-this-advice-to-stop-wasting-time-on-skin-care-that-doesnt-work/?share=facebook HTTP/1.1" 302 - "-" "Mozilla/5.0 (compatible; SERankingBacklinksBot/1.0; +https://seranking.com/backlinks-crawler)"
144.76.32.187 - - [20/May/2026:01:17:04 +0000] "GET /2019/07/04/skin-care-tips-everyone-must-try-once/?share=facebook HTTP/1.1" 302 - "-" "Mozilla/5.0 (compatible; SERankingBacklinksBot/1.0; +https://seranking.com/backlinks-crawler)"
144.76.32.187 - - [20/May/2026:01:17:08 +0000] "GET /2019/07/08/quick-tricks-to-tackle-your-skin-care-issues/?share=x HTTP/1.1" 302 - "-" "Mozilla/5.0 (compatible; SERankingBacklinksBot/1.0; +https://seranking.com/backlinks-crawler)"
184.94.212.206 - - [20/May/2026:01:17:14 +0000] "POST /wp-cron.php?doing_wp_cron=1779239834.2482340335845947265625 HTTP/1.1" 200 - "-" "WordPress/6.9.4; https://www.wrinkledskinrepair.com"
43.156.225.86 - - [20/May/2026:01:17:13 +0000] "GET / HTTP/1.1" 200 47730 "http://wrinkledskinrepairs.com" "Mozilla/5.0 (iPhone; CPU iPhone OS 13_2_3 like Mac OS X) AppleWebKit/605.1.15 (KHTML, like Gecko) Version/13.0.3 Mobile/15E148 Safari/604.1"
144.76.32.187 - - [20/May/2026:01:17:13 +0000] "GET /2019/07/09/beautiful-tips-for-having-healthier-skin-now/?share=x HTTP/1.1" 302 - "-" "Mozilla/5.0 (compatible; SERankingBacklinksBot/1.0; +https://seranking.com/backlinks-crawler)"
184.94.212.206 - - [20/May/2026:01:17:19 +0000] "POST /wp-cron.php?doing_wp_cron=1779239839.3335270881652832031250 HTTP/1.1" 200 - "-" "WordPress/6.9.4; https://www.wrinkledskinrepair.com"
144.76.32.187 - - [20/May/2026:01:17:18 +0000] "GET /2019/07/12/take-better-care-of-your-skin-starting-today/?share=x HTTP/1.1" 302 - "-" "Mozilla/5.0 (compatible; SERankingBacklinksBot/1.0; +https://seranking.com/backlinks-crawler)"
216.73.217.80 - - [20/May/2026:01:17:19 +0000] "GET /2020/04/23/looking-for-skin-care-tips-check-out-these-ideas/ HTTP/1.1" 200 53442 "-" "Mozilla/5.0 AppleWebKit/537.36 (KHTML, like Gecko; compatible; ClaudeBot/1.0; +claudebot@anthropic.com)"
144.76.32.187 - - [20/May/2026:01:17:23 +0000] "GET /2020/03/26/skin-care-tips-to-keep-you-looking-your-best/?share=x HTTP/1.1" 302 - "-" "Mozilla/5.0 (compatible; SERankingBacklinksBot/1.0; +https://seranking.com/backlinks-crawler)"
144.76.32.187 - - [20/May/2026:01:17:28 +0000] "GET /2020/04/11/tips-to-take-care-of-your-skin-better/?share=facebook HTTP/1.1" 302 - "-" "Mozilla/5.0 (compatible; SERankingBacklinksBot/1.0; +https://seranking.com/backlinks-crawler)"
216.73.217.80 - - [20/May/2026:01:17:28 +0000] "GET /2020/04/16/skin-care-advice-that-will-help-at-any-age/ HTTP/1.1" 200 53130 "-" "Mozilla/5.0 AppleWebKit/537.36 (KHTML, like Gecko; compatible; ClaudeBot/1.0; +claudebot@anthropic.com)"
144.76.32.187 - - [20/May/2026:01:17:32 +0000] "GET /2020/04/17/proven-tips-for-getting-healthy-radiant-skin/?share=x HTTP/1.1" 302 - "-" "Mozilla/5.0 (compatible; SERankingBacklinksBot/1.0; +https://seranking.com/backlinks-crawler)"
144.76.32.187 - - [20/May/2026:01:17:37 +0000] "GET /2018/06/16/learn-how-to-better-take-care-of-your-skin-by-using-these-great-tips/?share=facebook HTTP/1.1" 302 - "-" "Mozilla/5.0 (compatible; SERankingBacklinksBot/1.0; +https://seranking.com/backlinks-crawler)"
144.76.32.187 - - [20/May/2026:01:17:42 +0000] "GET /2020/05/03/amazing-skin-care-advice-you-should-follow-2/?share=x HTTP/1.1" 302 - "-" "Mozilla/5.0 (compatible; SERankingBacklinksBot/1.0; +https://seranking.com/backlinks-crawler)"
144.76.32.187 - - [20/May/2026:01:17:46 +0000] "GET /2020/05/09/tips-to-help-you-achieve-youthful-skin-again/?share=x HTTP/1.1" 302 - "-" "Mozilla/5.0 (compatible; SERankingBacklinksBot/1.0; +https://seranking.com/backlinks-crawler)"
216.73.217.80 - - [20/May/2026:01:17:47 +0000] "GET /2020/04/08/how-to-properly-care-for-your-skin/ HTTP/1.1" 200 54360 "-" "Mozilla/5.0 AppleWebKit/537.36 (KHTML, like Gecko; compatible; ClaudeBot/1.0; +claudebot@anthropic.com)"
144.76.32.187 - - [20/May/2026:01:17:51 +0000] "GET /2020/05/17/the-best-skin-care-advice-you-will-ever-need/?share=x HTTP/1.1" 302 - "-" "Mozilla/5.0 (compatible; SERankingBacklinksBot/1.0; +https://seranking.com/backlinks-crawler)"
144.76.32.187 - - [20/May/2026:01:17:56 +0000] "GET /2020/05/22/skin-care-tips-and-tricks-that-really-work-2/?share=x HTTP/1.1" 302 - "-" "Mozilla/5.0 (compatible; SERankingBacklinksBot/1.0; +https://seranking.com/backlinks-crawler)"
216.73.217.80 - - [20/May/2026:01:18:00 +0000] "GET /2020/04/11/tips-to-take-care-of-your-skin-better/ HTTP/1.1" 200 54359 "-" "Mozilla/5.0 AppleWebKit/537.36 (KHTML, like Gecko; compatible; ClaudeBot/1.0; +claudebot@anthropic.com)"
144.76.32.187 - - [20/May/2026:01:18:01 +0000] "GET /2020/05/30/everything-you-should-know-about-skin-care-2/?share=x HTTP/1.1" 302 - "-" "Mozilla/5.0 (compatible; SERankingBacklinksBot/1.0; +https://seranking.com/backlinks-crawler)"
144.76.32.187 - - [20/May/2026:01:18:05 +0000] "GET /2020/05/31/follow-these-tips-to-show-your-skin-you-care/?share=x HTTP/1.1" 302 - "-" "Mozilla/5.0 (compatible; SERankingBacklinksBot/1.0; +https://seranking.com/backlinks-crawler)"
216.73.217.80 - - [20/May/2026:01:18:07 +0000] "GET /2020/04/24/tips-to-solve-your-skin-care-woes-once-and-for-all/ HTTP/1.1" 200 53565 "-" "Mozilla/5.0 AppleWebKit/537.36 (KHTML, like Gecko; compatible; ClaudeBot/1.0; +claudebot@anthropic.com)"
184.94.212.206 - - [20/May/2026:01:18:11 +0000] "POST /wp-cron.php?doing_wp_cron=1779239891.6771039962768554687500 HTTP/1.1" 200 - "-" "WordPress/6.9.4; https://www.wrinkledskinrepair.com"
144.76.32.187 - - [20/May/2026:01:18:10 +0000] "GET /2020/06/01/tips-for-maintaining-the-health-of-your-skin/?share=x HTTP/1.1" 302 - "-" "Mozilla/5.0 (compatible; SERankingBacklinksBot/1.0; +https://seranking.com/backlinks-crawler)"
144.76.32.187 - - [20/May/2026:01:18:15 +0000] "GET /2018/10/02/try-these-tips-to-reduce-skincare-problems-and-boost-your-confidence/?share=facebook HTTP/1.1" 302 - "-" "Mozilla/5.0 (compatible; SERankingBacklinksBot/1.0; +https://seranking.com/backlinks-crawler)"
184.94.212.206 - - [20/May/2026:01:18:21 +0000] "POST /wp-cron.php?doing_wp_cron=1779239901.3574750423431396484375 HTTP/1.1" 200 - "-" "WordPress/6.9.4; https://www.wrinkledskinrepair.com"
144.76.32.187 - - [20/May/2026:01:18:20 +0000] "GET /2020/06/18/care-for-your-skin-with-these-steps-4/?share=facebook HTTP/1.1" 302 - "-" "Mozilla/5.0 (compatible; SERankingBacklinksBot/1.0; +https://seranking.com/backlinks-crawler)"
144.76.32.187 - - [20/May/2026:01:18:25 +0000] "GET /2018/06/02/skin-care-that-will-help-you-any-time-of-year/?share=x HTTP/1.1" 302 - "-" "Mozilla/5.0 (compatible; SERankingBacklinksBot/1.0; +https://seranking.com/backlinks-crawler)"
144.76.32.187 - - [20/May/2026:01:18:29 +0000] "GET /2018/07/29/skin-care-information-you-need-to-read/?share=facebook HTTP/1.1" 302 - "-" "Mozilla/5.0 (compatible; SERankingBacklinksBot/1.0; +https://seranking.com/backlinks-crawler)"
144.76.32.187 - - [20/May/2026:01:18:35 +0000] "GET /2018/07/30/easy-tips-for-regular-skin-maintenance/?share=facebook HTTP/1.1" 302 - "-" "Mozilla/5.0 (compatible; SERankingBacklinksBot/1.0; +https://seranking.com/backlinks-crawler)"
144.76.32.187 - - [20/May/2026:01:18:39 +0000] "GET /2018/08/15/keep-your-skin-perfect-with-these-tips/?share=facebook HTTP/1.1" 302 - "-" "Mozilla/5.0 (compatible; SERankingBacklinksBot/1.0; +https://seranking.com/backlinks-crawler)"
177.10.12.111 - - [20/May/2026:01:18:42 +0000] "GET /2019/03/26/get-beautiful-skin-everyone-will-notice-2/ HTTP/1.1" 200 53446 "-" "Mozilla/5.0 (Macintosh; Intel Mac OS X 10_14_6) AppleWebKit/537.36 (KHTML, like Gecko) Chrome/85.0.4183.83 Safari/537.36"
144.76.32.187 - - [20/May/2026:01:18:44 +0000] "GET /2018/08/30/solid-skin-care-tips-that-wont-break-the-bank/?share=x HTTP/1.1" 302 - "-" "Mozilla/5.0 (compatible; SERankingBacklinksBot/1.0; +https://seranking.com/backlinks-crawler)"
144.76.32.187 - - [20/May/2026:01:18:49 +0000] "GET /2018/09/07/great-skin-care-tips-means-great-skin-for-you/?share=x HTTP/1.1" 302 - "-" "Mozilla/5.0 (compatible; SERankingBacklinksBot/1.0; +https://seranking.com/backlinks-crawler)"
144.76.32.187 - - [20/May/2026:01:18:53 +0000] "GET /2020/05/21/important-things-to-consider-before-buying-anymore-skincare-products/?share=facebook HTTP/1.1" 302 - "-" "Mozilla/5.0 (compatible; SERankingBacklinksBot/1.0; +https://seranking.com/backlinks-crawler)"
144.76.32.187 - - [20/May/2026:01:18:58 +0000] "GET /2018/09/26/great-tips-to-achieve-your-own-beautiful-skin/?share=x HTTP/1.1" 302 - "-" "Mozilla/5.0 (compatible; SERankingBacklinksBot/1.0; +https://seranking.com/backlinks-crawler)"
144.76.32.187 - - [20/May/2026:01:19:03 +0000] "GET /2018/10/06/useful-beauty-tips-for-great-skin-care/?share=facebook HTTP/1.1" 302 - "-" "Mozilla/5.0 (compatible; SERankingBacklinksBot/1.0; +https://seranking.com/backlinks-crawler)"
144.76.32.187 - - [20/May/2026:01:19:08 +0000] "GET /2018/10/09/the-best-skin-care-tips-you-can-find-2/?share=facebook HTTP/1.1" 302 - "-" "Mozilla/5.0 (compatible; SERankingBacklinksBot/1.0; +https://seranking.com/backlinks-crawler)"
144.76.32.187 - - [20/May/2026:01:19:12 +0000] "GET /2018/10/28/quick-tips-for-common-skin-care-issues/?share=facebook HTTP/1.1" 302 - "-" "Mozilla/5.0 (compatible; SERankingBacklinksBot/1.0; +https://seranking.com/backlinks-crawler)"
184.94.212.206 - - [20/May/2026:01:19:18 +0000] "POST /wp-cron.php?doing_wp_cron=1779239958.4189529418945312500000 HTTP/1.1" 200 - "-" "WordPress/6.9.4; https://www.wrinkledskinrepair.com"
144.76.32.187 - - [20/May/2026:01:19:17 +0000] "GET /2018/10/31/skin-care-tips-for-you-and-your-family/?share=facebook HTTP/1.1" 302 - "-" "Mozilla/5.0 (compatible; SERankingBacklinksBot/1.0; +https://seranking.com/backlinks-crawler)"
144.76.32.187 - - [20/May/2026:01:19:22 +0000] "GET /2018/12/01/skin-care-tips-to-add-to-your-schedule/?share=facebook HTTP/1.1" 302 - "-" "Mozilla/5.0 (compatible; SERankingBacklinksBot/1.0; +https://seranking.com/backlinks-crawler)"
184.94.212.206 - - [20/May/2026:01:19:28 +0000] "POST /wp-cron.php?doing_wp_cron=1779239968.6254138946533203125000 HTTP/1.1" 200 - "-" "WordPress/6.9.4; https://www.wrinkledskinrepair.com"
144.76.32.187 - - [20/May/2026:01:19:27 +0000] "GET /2019/02/18/clear-up-problems-with-your-skin-today/?share=facebook HTTP/1.1" 302 - "-" "Mozilla/5.0 (compatible; SERankingBacklinksBot/1.0; +https://seranking.com/backlinks-crawler)"
85.208.96.196 - - [20/May/2026:01:19:31 +0000] "GET /tag/skin-appear/ HTTP/1.1" 200 45937 "-" "Mozilla/5.0 (compatible; SemrushBot/7~bl; +http://www.semrush.com/bot.html)"
144.76.32.187 - - [20/May/2026:01:19:32 +0000] "GET /2018/08/14/no-need-to-pay-to-see-an-expensive-dermatoligst-use-this-great-advice/?share=facebook HTTP/1.1" 302 - "-" "Mozilla/5.0 (compatible; SERankingBacklinksBot/1.0; +https://seranking.com/backlinks-crawler)"
192.0.102.146 - - [20/May/2026:01:19:34 +0000] "HEAD / HTTP/1.1" 200 - "-" "jetmon/1.0 (Jetpack Site Uptime Monitor by WordPress.com)"
144.76.32.187 - - [20/May/2026:01:19:37 +0000] "GET /2019/02/23/great-advice-for-every-day-skin-care-2/?share=facebook HTTP/1.1" 302 - "-" "Mozilla/5.0 (compatible; SERankingBacklinksBot/1.0; +https://seranking.com/backlinks-crawler)"
144.76.32.187 - - [20/May/2026:01:19:42 +0000] "GET /2019/03/02/great-ideas-to-get-that-beautiful-skin/?share=facebook HTTP/1.1" 302 - "-" "Mozilla/5.0 (compatible; SERankingBacklinksBot/1.0; +https://seranking.com/backlinks-crawler)"
144.76.32.187 - - [20/May/2026:01:19:46 +0000] "GET /2019/03/20/read-these-tips-now-for-healthier-skin/?share=facebook HTTP/1.1" 302 - "-" "Mozilla/5.0 (compatible; SERankingBacklinksBot/1.0; +https://seranking.com/backlinks-crawler)"
20.215.220.181 - - [20/May/2026:01:19:50 +0000] "GET / HTTP/1.1" 301 - "-" "Mozilla/5.0 AppleWebKit/537.36 (KHTML, like Gecko); compatible; ChatGPT-User/1.0; +https://openai.com/bot"
144.76.32.187 - - [20/May/2026:01:19:51 +0000] "GET /2019/04/23/revitalize-your-skin-with-these-simple-tips-2/?share=x HTTP/1.1" 302 - "-" "Mozilla/5.0 (compatible; SERankingBacklinksBot/1.0; +https://seranking.com/backlinks-crawler)"
20.215.220.178 - - [20/May/2026:01:19:52 +0000] "GET / HTTP/1.1" 200 47730 "-" "Mozilla/5.0 AppleWebKit/537.36 (KHTML, like Gecko); compatible; ChatGPT-User/1.0; +https://openai.com/bot"
144.76.32.187 - - [20/May/2026:01:19:56 +0000] "GET /2019/05/24/confused-about-skin-care-use-these-great-tips/?share=x HTTP/1.1" 302 - "-" "Mozilla/5.0 (compatible; SERankingBacklinksBot/1.0; +https://seranking.com/backlinks-crawler)"
144.76.32.187 - - [20/May/2026:01:20:01 +0000] "GET /2019/06/07/learn-to-care-for-your-skin-with-these-tricks/?share=x HTTP/1.1" 302 - "-" "Mozilla/5.0 (compatible; SERankingBacklinksBot/1.0; +https://seranking.com/backlinks-crawler)"
184.94.212.206 - - [20/May/2026:01:20:07 +0000] "POST /wp-cron.php?doing_wp_cron=1779240007.4120819568634033203125 HTTP/1.1" 200 - "-" "WordPress/6.9.4; https://www.wrinkledskinrepair.com"
144.76.32.187 - - [20/May/2026:01:20:06 +0000] "GET /2019/06/18/great-advice-for-every-day-skin-care-3/?share=facebook HTTP/1.1" 302 - "-" "Mozilla/5.0 (compatible; SERankingBacklinksBot/1.0; +https://seranking.com/backlinks-crawler)"
144.76.32.187 - - [20/May/2026:01:20:11 +0000] "GET /2018/06/14/give-skin-the-tender-loving-care-it-deserves-with-these-skin-care-tips/?share=facebook HTTP/1.1" 302 - "-" "Mozilla/5.0 (compatible; SERankingBacklinksBot/1.0; +https://seranking.com/backlinks-crawler)"
144.76.32.187 - - [20/May/2026:01:20:15 +0000] "GET /2019/06/20/tips-to-make-your-skin-perfect-again-2/?share=facebook HTTP/1.1" 302 - "-" "Mozilla/5.0 (compatible; SERankingBacklinksBot/1.0; +https://seranking.com/backlinks-crawler)"
184.94.212.206 - - [20/May/2026:01:20:21 +0000] "POST /wp-cron.php?doing_wp_cron=1779240021.8099091053009033203125 HTTP/1.1" 200 - "-" "WordPress/6.9.4; https://www.wrinkledskinrepair.com"
144.76.32.187 - - [20/May/2026:01:20:20 +0000] "GET /2019/07/03/easy-tips-to-quickly-improve-your-skin/?share=facebook HTTP/1.1" 302 - "-" "Mozilla/5.0 (compatible; SERankingBacklinksBot/1.0; +https://seranking.com/backlinks-crawler)"
144.76.32.187 - - [20/May/2026:01:20:25 +0000] "GET /2019/07/06/how-you-can-maintain-your-perfect-skin/?share=facebook HTTP/1.1" 302 - "-" "Mozilla/5.0 (compatible; SERankingBacklinksBot/1.0; +https://seranking.com/backlinks-crawler)"
144.76.32.187 - - [20/May/2026:01:20:30 +0000] "GET /2019/07/15/take-care-of-your-skin-better-with-these-tips/?share=x HTTP/1.1" 302 - "-" "Mozilla/5.0 (compatible; SERankingBacklinksBot/1.0; +https://seranking.com/backlinks-crawler)"
144.76.32.187 - - [20/May/2026:01:20:34 +0000] "GET /2019/07/16/basic-skin-care-tips-that-wont-break-the-bank/?share=x HTTP/1.1" 302 - "-" "Mozilla/5.0 (compatible; SERankingBacklinksBot/1.0; +https://seranking.com/backlinks-crawler)"
144.76.32.187 - - [20/May/2026:01:20:40 +0000] "GET /2020/04/13/get-healthier-skin-with-these-tips-and-tricks/?share=x HTTP/1.1" 302 - "-" "Mozilla/5.0 (compatible; SERankingBacklinksBot/1.0; +https://seranking.com/backlinks-crawler)"
144.76.32.187 - - [20/May/2026:01:20:45 +0000] "GET /2020/05/20/avoid-skin-issues-with-these-easy-tips/?share=facebook HTTP/1.1" 302 - "-" "Mozilla/5.0 (compatible; SERankingBacklinksBot/1.0; +https://seranking.com/backlinks-crawler)"
222.165.190.235 - - [20/May/2026:01:20:48 +0000] "GET /wp-login.php HTTP/1.1" 200 3321 "-" "Mozilla/5.0 (Macintosh; Intel Mac OS X 10_15_7) AppleWebKit/605.1.15 (KHTML, like Gecko) Version/18.3 Safari/605.1.15"
222.165.190.235 - - [20/May/2026:01:20:50 +0000] "POST /wp-login.php HTTP/1.1" 401 1467 "https://www.wrinkledskinrepair.com/wp-login.php" "Mozilla/5.0 (Macintosh; Intel Mac OS X 10_15_7) AppleWebKit/605.1.15 (KHTML, like Gecko) Version/18.3 Safari/605.1.15"
144.76.32.187 - - [20/May/2026:01:20:50 +0000] "GET /2019/01/09/no-need-to-pay-to-see-an-expensive-dermatoligst-use-this-great-advice-2/?share=facebook HTTP/1.1" 302 - "-" "Mozilla/5.0 (compatible; SERankingBacklinksBot/1.0; +https://seranking.com/backlinks-crawler)"
144.76.32.187 - - [20/May/2026:01:20:55 +0000] "GET /2020/06/21/healthy-skin-with-the-use-of-these-great-tips/?share=x HTTP/1.1" 302 - "-" "Mozilla/5.0 (compatible; SERankingBacklinksBot/1.0; +https://seranking.com/backlinks-crawler)"
103.4.251.56 - - [20/May/2026:01:20:55 +0000] "GET / HTTP/1.1" 301 - "-" "Mozilla/5.0 (Windows NT 10.0; Win64; x64) AppleWebKit/537.36 (KHTML, like Gecko) Chrome/131.0.0.0 Safari/537.36"
144.76.32.187 - - [20/May/2026:01:21:00 +0000] "GET /2018/05/20/things-to-follow-in-order-to-look-young/?share=facebook HTTP/1.1" 302 - "-" "Mozilla/5.0 (compatible; SERankingBacklinksBot/1.0; +https://seranking.com/backlinks-crawler)"
103.4.251.56 - - [20/May/2026:01:21:03 +0000] "GET / HTTP/1.1" 200 47730 "-" "Mozilla/5.0 (Windows NT 10.0; Win64; x64) AppleWebKit/537.36 (KHTML, like Gecko) Chrome/131.0.0.0 Safari/537.36"
144.76.32.187 - - [20/May/2026:01:21:04 +0000] "GET /2018/05/29/refresh-your-routine-with-these-skin-care-tips/?share=x HTTP/1.1" 302 - "-" "Mozilla/5.0 (compatible; SERankingBacklinksBot/1.0; +https://seranking.com/backlinks-crawler)"
144.76.32.187 - - [20/May/2026:01:21:10 +0000] "GET /2018/05/31/get-radiant-skin-using-these-smart-tips/?share=facebook HTTP/1.1" 302 - "-" "Mozilla/5.0 (compatible; SERankingBacklinksBot/1.0; +https://seranking.com/backlinks-crawler)"
107.172.195.150 - - [20/May/2026:01:21:13 +0000] "GET / HTTP/1.1" 301 - "-" "Mozilla/5.0 (X11; Linux x86_64) AppleWebKit/537.36 (KHTML, like Gecko) Chrome/131.0.0.0 Safari/537.36"
103.4.251.56 - - [20/May/2026:01:21:15 +0000] "GET / HTTP/1.1" 301 - "-" "Mozilla/5.0 (Windows NT 10.0; Win64; x64) AppleWebKit/537.36 (KHTML, like Gecko) Chrome/131.0.0.0 Safari/537.36"
144.76.32.187 - - [20/May/2026:01:21:15 +0000] "GET /2018/06/26/keep-your-skin-healthy-with-these-simple-steps/?share=x HTTP/1.1" 302 - "-" "Mozilla/5.0 (compatible; SERankingBacklinksBot/1.0; +https://seranking.com/backlinks-crawler)"
184.94.212.206 - - [20/May/2026:01:21:21 +0000] "POST /wp-cron.php?doing_wp_cron=1779240081.6988580226898193359375 HTTP/1.1" 200 - "-" "WordPress/6.9.4; https://www.wrinkledskinrepair.com"
144.76.32.187 - - [20/May/2026:01:21:20 +0000] "GET /2018/07/03/skin-care-tips-you-should-try-out-today/?share=facebook HTTP/1.1" 302 - "-" "Mozilla/5.0 (compatible; SERankingBacklinksBot/1.0; +https://seranking.com/backlinks-crawler)"
107.172.195.150 - - [20/May/2026:01:21:22 +0000] "GET / HTTP/1.1" 200 47730 "-" "Mozilla/5.0 (X11; Linux x86_64) AppleWebKit/537.36 (KHTML, like Gecko) Chrome/131.0.0.0 Safari/537.36"
144.76.32.187 - - [20/May/2026:01:21:26 +0000] "GET /2018/07/20/take-care-of-your-skin-with-these-simple-steps/?share=x HTTP/1.1" 302 - "-" "Mozilla/5.0 (compatible; SERankingBacklinksBot/1.0; +https://seranking.com/backlinks-crawler)"
103.4.251.56 - - [20/May/2026:01:21:26 +0000] "GET / HTTP/1.1" 200 47730 "-" "Mozilla/5.0 (Windows NT 10.0; Win64; x64) AppleWebKit/537.36 (KHTML, like Gecko) Chrome/131.0.0.0 Safari/537.36"
144.76.32.187 - - [20/May/2026:01:21:30 +0000] "GET /2018/09/05/no-need-for-an-expensive-skin-care-regimen-basic-advice-to-keep-skin-looking-great/?share=x HTTP/1.1" 302 - "-" "Mozilla/5.0 (compatible; SERankingBacklinksBot/1.0; +https://seranking.com/backlinks-crawler)"
144.76.32.187 - - [20/May/2026:01:21:35 +0000] "GET /2018/07/21/take-care-of-your-skin-follow-these-techniques/?share=x HTTP/1.1" 302 - "-" "Mozilla/5.0 (compatible; SERankingBacklinksBot/1.0; +https://seranking.com/backlinks-crawler)"
144.76.32.187 - - [20/May/2026:01:21:40 +0000] "GET /2018/09/11/give-your-skin-some-tlc-with-these-tips/?share=facebook HTTP/1.1" 302 - "-" "Mozilla/5.0 (compatible; SERankingBacklinksBot/1.0; +https://seranking.com/backlinks-crawler)"
144.76.32.187 - - [20/May/2026:01:21:48 +0000] "GET /2018/10/27/learn-how-to-take-care-of-your-skin-properly-2/?share=x HTTP/1.1" 302 - "-" "Mozilla/5.0 (compatible; SERankingBacklinksBot/1.0; +https://seranking.com/backlinks-crawler)"
216.73.217.80 - - [20/May/2026:01:21:50 +0000] "GET /2018/08/15/keep-your-skin-perfect-with-these-tips/ HTTP/1.1" 200 53853 "-" "Mozilla/5.0 AppleWebKit/537.36 (KHTML, like Gecko; compatible; ClaudeBot/1.0; +claudebot@anthropic.com)"
144.76.32.187 - - [20/May/2026:01:21:53 +0000] "GET /2018/11/24/skin-care-tricks-that-improve-your-skin/?share=facebook HTTP/1.1" 302 - "-" "Mozilla/5.0 (compatible; SERankingBacklinksBot/1.0; +https://seranking.com/backlinks-crawler)"
144.76.32.187 - - [20/May/2026:01:21:57 +0000] "GET /2018/11/30/skin-care-techniques-that-really-work-2/?share=facebook HTTP/1.1" 302 - "-" "Mozilla/5.0 (compatible; SERankingBacklinksBot/1.0; +https://seranking.com/backlinks-crawler)"
144.76.32.187 - - [20/May/2026:01:22:02 +0000] "GET /2018/12/02/does-your-skin-need-help-try-these-tips/?share=facebook HTTP/1.1" 302 - "-" "Mozilla/5.0 (compatible; SERankingBacklinksBot/1.0; +https://seranking.com/backlinks-crawler)"
144.76.32.187 - - [20/May/2026:01:22:07 +0000] "GET /2019/01/03/get-beautiful-skin-everyone-will-notice/?share=facebook HTTP/1.1" 302 - "-" "Mozilla/5.0 (compatible; SERankingBacklinksBot/1.0; +https://seranking.com/backlinks-crawler)"
184.94.212.206 - - [20/May/2026:01:22:14 +0000] "POST /wp-cron.php?doing_wp_cron=1779240134.2534608840942382812500 HTTP/1.1" 200 - "-" "WordPress/6.9.4; https://www.wrinkledskinrepair.com"
144.76.32.187 - - [20/May/2026:01:22:13 +0000] "GET /2018/09/05/no-need-for-an-expensive-skin-care-regimen-basic-advice-to-keep-skin-looking-great/?share=facebook HTTP/1.1" 302 - "-" "Mozilla/5.0 (compatible; SERankingBacklinksBot/1.0; +https://seranking.com/backlinks-crawler)"
184.94.212.206 - - [20/May/2026:01:22:19 +0000] "POST /wp-cron.php?doing_wp_cron=1779240139.1810100078582763671875 HTTP/1.1" 200 - "-" "WordPress/6.9.4; https://www.wrinkledskinrepair.com"
144.76.32.187 - - [20/May/2026:01:22:18 +0000] "GET /2019/02/14/skin-care-that-actually-works-with-ease/?share=facebook HTTP/1.1" 302 - "-" "Mozilla/5.0 (compatible; SERankingBacklinksBot/1.0; +https://seranking.com/backlinks-crawler)"
144.76.32.187 - - [20/May/2026:01:22:22 +0000] "GET /2019/02/16/skin-care-techniques-that-really-work-3/?share=facebook HTTP/1.1" 302 - "-" "Mozilla/5.0 (compatible; SERankingBacklinksBot/1.0; +https://seranking.com/backlinks-crawler)"
144.76.32.187 - - [20/May/2026:01:22:27 +0000] "GET /2019/02/24/easy-help-for-common-skin-care-problems/?share=facebook HTTP/1.1" 302 - "-" "Mozilla/5.0 (compatible; SERankingBacklinksBot/1.0; +https://seranking.com/backlinks-crawler)"
144.76.32.187 - - [20/May/2026:01:22:32 +0000] "GET /2019/03/03/healthy-skin-is-possible-with-these-smart-tips/?share=x HTTP/1.1" 302 - "-" "Mozilla/5.0 (compatible; SERankingBacklinksBot/1.0; +https://seranking.com/backlinks-crawler)"
144.76.32.187 - - [20/May/2026:01:22:37 +0000] "GET /2019/03/10/improve-your-skin-with-these-great-tips/?share=facebook HTTP/1.1" 302 - "-" "Mozilla/5.0 (compatible; SERankingBacklinksBot/1.0; +https://seranking.com/backlinks-crawler)"
144.76.32.187 - - [20/May/2026:01:22:42 +0000] "GET /2019/03/17/care-for-your-skin-with-these-easy-tips/?share=facebook HTTP/1.1" 302 - "-" "Mozilla/5.0 (compatible; SERankingBacklinksBot/1.0; +https://seranking.com/backlinks-crawler)"
144.76.32.187 - - [20/May/2026:01:22:46 +0000] "GET /2019/04/13/look-more-youthful-with-a-few-skin-care-tips-2/?share=x HTTP/1.1" 302 - "-" "Mozilla/5.0 (compatible; SERankingBacklinksBot/1.0; +https://seranking.com/backlinks-crawler)"
144.76.32.187 - - [20/May/2026:01:22:51 +0000] "GET /2019/06/12/confused-by-all-the-information-available-about-skin-care-here-are-some-simple-tips-for-healthy-skin-care/?share=x HTTP/1.1" 302 - "-" "Mozilla/5.0 (compatible; SERankingBacklinksBot/1.0; +https://seranking.com/backlinks-crawler)"
144.76.32.187 - - [20/May/2026:01:23:00 +0000] "GET /2019/05/03/skin-care-tips-for-great-looking-skin-2/?share=facebook HTTP/1.1" 302 - "-" "Mozilla/5.0 (compatible; SERankingBacklinksBot/1.0; +https://seranking.com/backlinks-crawler)"
144.76.32.187 - - [20/May/2026:01:23:05 +0000] "GET /2019/05/09/beautiful-skin-is-only-a-few-steps-away/?share=facebook HTTP/1.1" 302 - "-" "Mozilla/5.0 (compatible; SERankingBacklinksBot/1.0; +https://seranking.com/backlinks-crawler)"
216.73.217.80 - - [20/May/2026:01:23:06 +0000] "GET /2018/09/03/great-skin-care-tips-for-perfect-skin/ HTTP/1.1" 200 53875 "-" "Mozilla/5.0 AppleWebKit/537.36 (KHTML, like Gecko; compatible; ClaudeBot/1.0; +claudebot@anthropic.com)"
184.94.212.206 - - [20/May/2026:01:23:12 +0000] "POST /wp-cron.php?doing_wp_cron=1779240192.8813939094543457031250 HTTP/1.1" 200 - "-" "WordPress/6.9.4; https://www.wrinkledskinrepair.com"
144.76.32.187 - - [20/May/2026:01:23:11 +0000] "GET /2019/05/26/top-helpful-skin-care-tips-for-everyone/?share=facebook HTTP/1.1" 302 - "-" "Mozilla/5.0 (compatible; SERankingBacklinksBot/1.0; +https://seranking.com/backlinks-crawler)"
43.156.156.96 - - [20/May/2026:01:23:14 +0000] "GET /copyright-dcma-notice/ HTTP/1.1" 200 50197 "-" "Mozilla/5.0 (iPhone; CPU iPhone OS 13_2_3 like Mac OS X) AppleWebKit/605.1.15 (KHTML, like Gecko) Version/13.0.3 Mobile/15E148 Safari/604.1"
144.76.32.187 - - [20/May/2026:01:23:16 +0000] "GET /2019/05/29/a-simple-guide-for-caring-for-your-skin/?share=facebook HTTP/1.1" 302 - "-" "Mozilla/5.0 (compatible; SERankingBacklinksBot/1.0; +https://seranking.com/backlinks-crawler)"
184.94.212.206 - - [20/May/2026:01:23:22 +0000] "POST /wp-cron.php?doing_wp_cron=1779240202.4386579990386962890625 HTTP/1.1" 200 - "-" "WordPress/6.9.4; https://www.wrinkledskinrepair.com"
144.76.32.187 - - [20/May/2026:01:23:21 +0000] "GET /2019/05/30/dont-age-prematurely-how-to-care-for-your-skin/?share=x HTTP/1.1" 302 - "-" "Mozilla/5.0 (compatible; SERankingBacklinksBot/1.0; +https://seranking.com/backlinks-crawler)"
144.76.32.187 - - [20/May/2026:01:23:26 +0000] "GET /2019/06/02/handy-ideas-to-try-for-easy-skin-care-2/?share=facebook HTTP/1.1" 302 - "-" "Mozilla/5.0 (compatible; SERankingBacklinksBot/1.0; +https://seranking.com/backlinks-crawler)"
144.76.32.187 - - [20/May/2026:01:23:31 +0000] "GET /2019/06/16/beautiful-skin-is-yours-with-these-tips/?share=facebook HTTP/1.1" 302 - "-" "Mozilla/5.0 (compatible; SERankingBacklinksBot/1.0; +https://seranking.com/backlinks-crawler)"
144.76.32.187 - - [20/May/2026:01:23:35 +0000] "GET /2019/06/12/confused-by-all-the-information-available-about-skin-care-here-are-some-simple-tips-for-healthy-skin-care/?share=facebook HTTP/1.1" 302 - "-" "Mozilla/5.0 (compatible; SERankingBacklinksBot/1.0; +https://seranking.com/backlinks-crawler)"
144.76.32.187 - - [20/May/2026:01:23:40 +0000] "GET /2019/06/23/get-great-skin-with-this-amazing-advice/?share=facebook HTTP/1.1" 302 - "-" "Mozilla/5.0 (compatible; SERankingBacklinksBot/1.0; +https://seranking.com/backlinks-crawler)"
144.76.32.187 - - [20/May/2026:01:23:45 +0000] "GET /2019/07/01/tips-for-keeping-your-skin-healthy-and-glowing/?share=x HTTP/1.1" 302 - "-" "Mozilla/5.0 (compatible; SERankingBacklinksBot/1.0; +https://seranking.com/backlinks-crawler)"
144.76.32.187 - - [20/May/2026:01:23:49 +0000] "GET /2019/07/10/have-perfect-skin-again-with-these-tips/?share=facebook HTTP/1.1" 302 - "-" "Mozilla/5.0 (compatible; SERankingBacklinksBot/1.0; +https://seranking.com/backlinks-crawler)"
144.76.32.187 - - [20/May/2026:01:23:54 +0000] "GET /2020/04/01/easy-ways-to-transform-imperfect-skin-2/?share=facebook HTTP/1.1" 302 - "-" "Mozilla/5.0 (compatible; SERankingBacklinksBot/1.0; +https://seranking.com/backlinks-crawler)"
144.76.32.187 - - [20/May/2026:01:23:59 +0000] "GET /2020/04/06/wash-your-stress-away-with-a-skin-care-routine/?share=x HTTP/1.1" 302 - "-" "Mozilla/5.0 (compatible; SERankingBacklinksBot/1.0; +https://seranking.com/backlinks-crawler)"
144.76.32.187 - - [20/May/2026:01:24:07 +0000] "GET /2020/04/22/proven-tips-for-getting-healthy-radiant-skin-2/?share=x HTTP/1.1" 302 - "-" "Mozilla/5.0 (compatible; SERankingBacklinksBot/1.0; +https://seranking.com/backlinks-crawler)"
144.76.32.187 - - [20/May/2026:01:24:12 +0000] "GET /2020/04/26/tips-to-keep-your-skin-beautiful-and-glowing-2/?share=x HTTP/1.1" 302 - "-" "Mozilla/5.0 (compatible; SERankingBacklinksBot/1.0; +https://seranking.com/backlinks-crawler)"
184.94.212.206 - - [20/May/2026:01:24:18 +0000] "POST /wp-cron.php?doing_wp_cron=1779240258.4320139884948730468750 HTTP/1.1" 200 - "-" "WordPress/6.9.4; https://www.wrinkledskinrepair.com"
144.76.32.187 - - [20/May/2026:01:24:17 +0000] "GET /2020/05/12/skin-care-tips-for-healthy-glowing-skin/?share=facebook HTTP/1.1" 302 - "-" "Mozilla/5.0 (compatible; SERankingBacklinksBot/1.0; +https://seranking.com/backlinks-crawler)"
144.76.32.187 - - [20/May/2026:01:24:23 +0000] "GET /2020/05/16/an-easy-skin-care-routine-can-change-your-life/?share=x HTTP/1.1" 302 - "-" "Mozilla/5.0 (compatible; SERankingBacklinksBot/1.0; +https://seranking.com/backlinks-crawler)"
144.76.32.187 - - [20/May/2026:01:24:27 +0000] "GET /2020/06/16/get-glowing-with-these-skin-care-tips-2/?share=facebook HTTP/1.1" 302 - "-" "Mozilla/5.0 (compatible; SERankingBacklinksBot/1.0; +https://seranking.com/backlinks-crawler)"
144.76.32.187 - - [20/May/2026:01:24:33 +0000] "GET /2020/06/20/problems-with-your-skin-try-these-helpful-tips/?share=x HTTP/1.1" 302 - "-" "Mozilla/5.0 (compatible; SERankingBacklinksBot/1.0; +https://seranking.com/backlinks-crawler)"
192.0.102.146 - - [20/May/2026:01:24:35 +0000] "HEAD / HTTP/1.1" 200 - "-" "jetmon/1.0 (Jetpack Site Uptime Monitor by WordPress.com)"
144.76.32.187 - - [20/May/2026:01:24:38 +0000] "GET /2018/06/03/defy-your-age-with-these-skin-care-ideas/?share=facebook HTTP/1.1" 302 - "-" "Mozilla/5.0 (compatible; SERankingBacklinksBot/1.0; +https://seranking.com/backlinks-crawler)"
184.94.212.206 - - [20/May/2026:01:24:44 +0000] "POST /wp-cron.php?doing_wp_cron=1779240284.9327590465545654296875 HTTP/1.1" 200 - "-" "WordPress/6.9.4; https://www.wrinkledskinrepair.com"
144.76.32.187 - - [20/May/2026:01:24:43 +0000] "GET /2018/06/24/proven-skin-care-advice-for-healthy-skin/?share=facebook HTTP/1.1" 302 - "-" "Mozilla/5.0 (compatible; SERankingBacklinksBot/1.0; +https://seranking.com/backlinks-crawler)"
144.76.32.187 - - [20/May/2026:01:24:48 +0000] "GET /2018/07/01/411-for-your-skin-try-these-easy-skin-care-tips/?share=x HTTP/1.1" 302 - "-" "Mozilla/5.0 (compatible; SERankingBacklinksBot/1.0; +https://seranking.com/backlinks-crawler)"
144.76.32.187 - - [20/May/2026:01:24:54 +0000] "GET /2018/08/18/got-skin-problems-get-the-solutions-here/?share=facebook HTTP/1.1" 302 - "-" "Mozilla/5.0 (compatible; SERankingBacklinksBot/1.0; +https://seranking.com/backlinks-crawler)"
114.119.145.116 - - [20/May/2026:01:24:56 +0000] "GET /2019/06/17/get-the-skin-you-want-with-these-tips/?share=facebook HTTP/1.1" 302 - "https://www.wrinkledskinrepair.com/2019/06/17/get-the-skin-you-want-with-these-tips/" "Mozilla/5.0 (Linux; Android 7.0;) AppleWebKit/537.36 (HTML, like Gecko) Mobile Safari/537.36 (compatible; PetalBot;+https://webmaster.petalsearch.com/site/petalbot)"
173.252.87.18 - - [20/May/2026:01:24:59 +0000] "GET /robots.txt HTTP/1.1" 200 185 "-" "facebookexternalhit/1.1 (+http://www.facebook.com/externalhit_uatext.php)"
144.76.32.187 - - [20/May/2026:01:25:00 +0000] "GET /2018/09/22/things-you-can-use-from-home-for-beautiful-skin/?share=x HTTP/1.1" 302 - "-" "Mozilla/5.0 (compatible; SERankingBacklinksBot/1.0; +https://seranking.com/backlinks-crawler)"
184.94.212.206 - - [20/May/2026:01:25:07 +0000] "POST /wp-cron.php?doing_wp_cron=1779240307.0107479095458984375000 HTTP/1.1" 200 - "-" "WordPress/6.9.4; https://www.wrinkledskinrepair.com"
144.76.32.187 - - [20/May/2026:01:25:05 +0000] "GET /2018/11/02/maintain-your-great-skin-with-these-tips/?share=facebook HTTP/1.1" 302 - "-" "Mozilla/5.0 (compatible; SERankingBacklinksBot/1.0; +https://seranking.com/backlinks-crawler)"
144.76.32.187 - - [20/May/2026:01:25:11 +0000] "GET /2018/11/12/these-great-skin-care-tips-can-change-your-life/?share=x HTTP/1.1" 302 - "-" "Mozilla/5.0 (compatible; SERankingBacklinksBot/1.0; +https://seranking.com/backlinks-crawler)"
184.94.212.206 - - [20/May/2026:01:25:18 +0000] "POST /wp-cron.php?doing_wp_cron=1779240318.3925330638885498046875 HTTP/1.1" 200 - "-" "WordPress/6.9.4; https://www.wrinkledskinrepair.com"
144.76.32.187 - - [20/May/2026:01:25:17 +0000] "GET /2018/11/26/simple-tips-to-help-you-get-healthy-skin/?share=facebook HTTP/1.1" 302 - "-" "Mozilla/5.0 (compatible; SERankingBacklinksBot/1.0; +https://seranking.com/backlinks-crawler)"
144.76.32.187 - - [20/May/2026:01:25:22 +0000] "GET /2018/12/14/skin-care-tips-that-work-for-busy-people/?share=facebook HTTP/1.1" 302 - "-" "Mozilla/5.0 (compatible; SERankingBacklinksBot/1.0; +https://seranking.com/backlinks-crawler)"
74.7.175.133 - - [20/May/2026:01:25:24 +0000] "GET /robots.txt HTTP/1.1" 301 - "-" "Mozilla/5.0 (Macintosh; Intel Mac OS X 10_15_7) AppleWebKit/537.36 (KHTML, like Gecko) Chrome/131.0.0.0 Safari/537.36; compatible; OAI-SearchBot/1.3; robots.txt; +https://openai.com/searchbot"
5.102.173.71 - - [20/May/2026:01:25:26 +0000] "GET /robots.txt HTTP/1.1" 200 127 "-" "Mozilla/5.0 (compatible; MojeekBot/0.11; +https://www.mojeek.com/bot.html)"
74.7.175.133 - - [20/May/2026:01:25:26 +0000] "GET /robots.txt HTTP/1.1" 200 127 "https://wrinkledskinrepair.com/robots.txt" "Mozilla/5.0 (Macintosh; Intel Mac OS X 10_15_7) AppleWebKit/537.36 (KHTML, like Gecko) Chrome/131.0.0.0 Safari/537.36; compatible; OAI-SearchBot/1.3; robots.txt; +https://openai.com/searchbot"
5.102.173.71 - - [20/May/2026:01:25:27 +0000] "GET /finding-great-skin-care-tips-for-your-body HTTP/1.1" 301 - "-" "Mozilla/5.0 (compatible; MojeekBot/0.11; +https://www.mojeek.com/bot.html)"
144.76.32.187 - - [20/May/2026:01:25:27 +0000] "GET /2018/12/19/skin-care-tips-everyone-can-benefit-from/?share=facebook HTTP/1.1" 302 - "-" "Mozilla/5.0 (compatible; SERankingBacklinksBot/1.0; +https://seranking.com/backlinks-crawler)"
216.73.217.80 - - [20/May/2026:01:25:33 +0000] "GET /2019/07/04/skin-care-tips-everyone-must-try-once/?noamp=mobile HTTP/1.1" 200 54037 "-" "Mozilla/5.0 AppleWebKit/537.36 (KHTML, like Gecko; compatible; ClaudeBot/1.0; +claudebot@anthropic.com)"
144.76.32.187 - - [20/May/2026:01:25:33 +0000] "GET /2018/12/27/some-gentle-remedies-for-great-skin-care/?share=facebook HTTP/1.1" 302 - "-" "Mozilla/5.0 (compatible; SERankingBacklinksBot/1.0; +https://seranking.com/backlinks-crawler)"
144.76.32.187 - - [20/May/2026:01:25:39 +0000] "GET /2019/01/02/your-way-to-better-skin-care-quickly-and-easily/?share=x HTTP/1.1" 302 - "-" "Mozilla/5.0 (compatible; SERankingBacklinksBot/1.0; +https://seranking.com/backlinks-crawler)"
144.76.32.187 - - [20/May/2026:01:25:44 +0000] "GET /2019/01/05/stop-the-constant-skin-care-struggle-now/?share=facebook HTTP/1.1" 302 - "-" "Mozilla/5.0 (compatible; SERankingBacklinksBot/1.0; +https://seranking.com/backlinks-crawler)"
144.76.32.187 - - [20/May/2026:01:25:50 +0000] "GET /2019/02/11/great-skin-starts-with-these-great-ideas/?share=facebook HTTP/1.1" 302 - "-" "Mozilla/5.0 (compatible; SERankingBacklinksBot/1.0; +https://seranking.com/backlinks-crawler)"
74.7.230.3 - - [20/May/2026:01:25:55 +0000] "GET /robots.txt HTTP/1.1" 200 127 "-" "Mozilla/5.0 (Macintosh; Intel Mac OS X 10_15_7) AppleWebKit/537.36 (KHTML, like Gecko) Chrome/131.0.0.0 Safari/537.36; compatible; OAI-SearchBot/1.3; robots.txt; +https://openai.com/searchbot"
144.76.32.187 - - [20/May/2026:01:25:55 +0000] "GET /2019/02/21/useful-beauty-tips-for-great-skin-care-2/?share=facebook HTTP/1.1" 302 - "-" "Mozilla/5.0 (compatible; SERankingBacklinksBot/1.0; +https://seranking.com/backlinks-crawler)"
205.169.39.20 - - [20/May/2026:01:25:55 +0000] "GET / HTTP/1.1" 301 - "-" "Mozilla/5.0 (Windows NT 10.0; Win64; x64) AppleWebKit/537.36 (KHTML, like Gecko) Chrome/117.0.5938.132 Safari/537.36"
205.169.39.20 - - [20/May/2026:01:25:57 +0000] "GET / HTTP/1.1" 200 47730 "-" "Mozilla/5.0 (Windows NT 10.0; Win64; x64) AppleWebKit/537.36 (KHTML, like Gecko) Chrome/117.0.5938.132 Safari/537.36"
205.169.39.20 - - [20/May/2026:01:25:58 +0000] "GET /wp-content/plugins/complianz-gdpr/assets/css/cookieblocker.min.css?ver=1741710170 HTTP/1.1" 200 723 "https://www.wrinkledskinrepair.com/" "Mozilla/5.0 (Windows NT 10.0; Win64; x64) AppleWebKit/537.36 (KHTML, like Gecko) Chrome/117.0.5938.132 Safari/537.36"
205.169.39.20 - - [20/May/2026:01:25:58 +0000] "GET /wp-content/themes/spa-and-salon/style.css?ver=6.9.4 HTTP/1.1" 200 13994 "https://www.wrinkledskinrepair.com/" "Mozilla/5.0 (Windows NT 10.0; Win64; x64) AppleWebKit/537.36 (KHTML, like Gecko) Chrome/117.0.5938.132 Safari/537.36"
205.169.39.20 - - [20/May/2026:01:25:58 +0000] "GET /wp-content/themes/medical-spa/style.css?ver=1.0.7 HTTP/1.1" 200 5745 "https://www.wrinkledskinrepair.com/" "Mozilla/5.0 (Windows NT 10.0; Win64; x64) AppleWebKit/537.36 (KHTML, like Gecko) Chrome/117.0.5938.132 Safari/537.36"
205.169.39.20 - - [20/May/2026:01:25:58 +0000] "GET /wp-content/themes/spa-and-salon/css/slick.min.css?ver=6.9.4 HTTP/1.1" 200 490 "https://www.wrinkledskinrepair.com/" "Mozilla/5.0 (Windows NT 10.0; Win64; x64) AppleWebKit/537.36 (KHTML, like Gecko) Chrome/117.0.5938.132 Safari/537.36"
205.169.39.20 - - [20/May/2026:01:25:58 +0000] "GET /wp-content/themes/spa-and-salon/css/perfect-scrollbar.min.css?ver=6.9.4 HTTP/1.1" 200 494 "https://www.wrinkledskinrepair.com/" "Mozilla/5.0 (Windows NT 10.0; Win64; x64) AppleWebKit/537.36 (KHTML, like Gecko) Chrome/117.0.5938.132 Safari/537.36"
205.169.39.20 - - [20/May/2026:01:25:58 +0000] "GET /wp-content/plugins/recent-posts-widget-with-thumbnails/public.css?ver=7.1.1 HTTP/1.1" 200 487 "https://www.wrinkledskinrepair.com/" "Mozilla/5.0 (Windows NT 10.0; Win64; x64) AppleWebKit/537.36 (KHTML, like Gecko) Chrome/117.0.5938.132 Safari/537.36"
205.169.39.20 - - [20/May/2026:01:25:58 +0000] "GET /wp-content/plugins/tablepress/css/build/default.css?ver=3.3 HTTP/1.1" 200 1767 "https://www.wrinkledskinrepair.com/" "Mozilla/5.0 (Windows NT 10.0; Win64; x64) AppleWebKit/537.36 (KHTML, like Gecko) Chrome/117.0.5938.132 Safari/537.36"
205.169.39.20 - - [20/May/2026:01:25:58 +0000] "GET /wp-content/plugins/wp-meta-and-date-remover/assets/js/inspector.js?ver=1.1 HTTP/1.1" 200 1455 "https://www.wrinkledskinrepair.com/" "Mozilla/5.0 (Windows NT 10.0; Win64; x64) AppleWebKit/537.36 (KHTML, like Gecko) Chrome/117.0.5938.132 Safari/537.36"
205.169.39.20 - - [20/May/2026:01:25:58 +0000] "GET /wp-content/plugins/jetpack/_inc/blocks/subscriptions/view.css?minify=false&ver=15.8 HTTP/1.1" 200 1072 "https://www.wrinkledskinrepair.com/" "Mozilla/5.0 (Windows NT 10.0; Win64; x64) AppleWebKit/537.36 (KHTML, like Gecko) Chrome/117.0.5938.132 Safari/537.36"
205.169.39.20 - - [20/May/2026:01:25:58 +0000] "GET /wp-content/themes/spa-and-salon/js/v4-shims.min.js?ver=6.5.1 HTTP/1.1" 200 7909 "https://www.wrinkledskinrepair.com/" "Mozilla/5.0 (Windows NT 10.0; Win64; x64) AppleWebKit/537.36 (KHTML, like Gecko) Chrome/117.0.5938.132 Safari/537.36"
205.169.39.20 - - [20/May/2026:01:25:58 +0000] "GET /wp-content/themes/spa-and-salon/js/modal-accessibility.min.js?ver=1.0.7 HTTP/1.1" 200 2033 "https://www.wrinkledskinrepair.com/" "Mozilla/5.0 (Windows NT 10.0; Win64; x64) AppleWebKit/537.36 (KHTML, like Gecko) Chrome/117.0.5938.132 Safari/537.36"
205.169.39.20 - - [20/May/2026:01:25:58 +0000] "GET /wp-content/themes/spa-and-salon/js/slick.min.js?ver=2.6.0 HTTP/1.1" 200 10445 "https://www.wrinkledskinrepair.com/" "Mozilla/5.0 (Windows NT 10.0; Win64; x64) AppleWebKit/537.36 (KHTML, like Gecko) Chrome/117.0.5938.132 Safari/537.36"
205.169.39.20 - - [20/May/2026:01:25:59 +0000] "GET /wp-content/themes/spa-and-salon/js/perfect-scrollbar.min.js?ver=1.0.7 HTTP/1.1" 200 5954 "https://www.wrinkledskinrepair.com/" "Mozilla/5.0 (Windows NT 10.0; Win64; x64) AppleWebKit/537.36 (KHTML, like Gecko) Chrome/117.0.5938.132 Safari/537.36"
205.169.39.20 - - [20/May/2026:01:25:59 +0000] "GET /wp-content/themes/spa-and-salon/js/custom.min.js?ver=1.0.7 HTTP/1.1" 200 567 "https://www.wrinkledskinrepair.com/" "Mozilla/5.0 (Windows NT 10.0; Win64; x64) AppleWebKit/537.36 (KHTML, like Gecko) Chrome/117.0.5938.132 Safari/537.36"
205.169.39.20 - - [20/May/2026:01:25:59 +0000] "GET /wp-content/plugins/google-site-kit/dist/assets/js/googlesitekit-consent-mode-da15714e8829855bb7ce.js HTTP/1.1" 200 25462 "https://www.wrinkledskinrepair.com/" "Mozilla/5.0 (Windows NT 10.0; Win64; x64) AppleWebKit/537.36 (KHTML, like Gecko) Chrome/117.0.5938.132 Safari/537.36"
205.169.39.20 - - [20/May/2026:01:25:59 +0000] "GET /wp-content/plugins/wp-consent-api/assets/js/wp-consent-api.min.js?ver=2.0.1 HTTP/1.1" 200 822 "https://www.wrinkledskinrepair.com/" "Mozilla/5.0 (Windows NT 10.0; Win64; x64) AppleWebKit/537.36 (KHTML, like Gecko) Chrome/117.0.5938.132 Safari/537.36"
205.169.39.20 - - [20/May/2026:01:25:59 +0000] "GET /wp-content/plugins/jetpack/_inc/blocks/subscriptions/view.js?minify=false&ver=15.8 HTTP/1.1" 200 2286 "https://www.wrinkledskinrepair.com/" "Mozilla/5.0 (Windows NT 10.0; Win64; x64) AppleWebKit/537.36 (KHTML, like Gecko) Chrome/117.0.5938.132 Safari/537.36"
205.169.39.20 - - [20/May/2026:01:25:58 +0000] "GET /wp-content/themes/spa-and-salon/js/all.min.js?ver=6.5.1 HTTP/1.1" 200 542300 "https://www.wrinkledskinrepair.com/" "Mozilla/5.0 (Windows NT 10.0; Win64; x64) AppleWebKit/537.36 (KHTML, like Gecko) Chrome/117.0.5938.132 Safari/537.36"
47.128.41.78 - - [20/May/2026:01:25:59 +0000] "GET /2019/03/26/get-beautiful-skin-everyone-will-notice-2/ HTTP/1.1" 200 53447 "-" "Mozilla/5.0 (Linux; Android 5.0) AppleWebKit/537.36 (KHTML, like Gecko) Mobile Safari/537.36 (compatible; Bytespider; spider-feedback@bytedance.com)"
205.169.39.20 - - [20/May/2026:01:26:00 +0000] "GET /wp-includes/js/wp-emoji-release.min.js?ver=6.9.4 HTTP/1.1" 200 5375 "https://www.wrinkledskinrepair.com/" "Mozilla/5.0 (Windows NT 10.0; Win64; x64) AppleWebKit/537.36 (KHTML, like Gecko) Chrome/117.0.5938.132 Safari/537.36"
47.128.41.78 - - [20/May/2026:01:26:01 +0000] "GET /wp-content/plugins/complianz-gdpr/assets/css/cookieblocker.min.css?ver=1741710170 HTTP/1.1" 200 723 "https://www.wrinkledskinrepair.com/2019/03/26/get-beautiful-skin-everyone-will-notice-2/" "Mozilla/5.0 (Linux; Android 5.0) AppleWebKit/537.36 (KHTML, like Gecko) Mobile Safari/537.36 (compatible; Bytespider; spider-feedback@bytedance.com)"
47.128.41.78 - - [20/May/2026:01:26:01 +0000] "GET /wp-content/themes/spa-and-salon/style.css?ver=6.9.4 HTTP/1.1" 200 13994 "https://www.wrinkledskinrepair.com/2019/03/26/get-beautiful-skin-everyone-will-notice-2/" "Mozilla/5.0 (Linux; Android 5.0) AppleWebKit/537.36 (KHTML, like Gecko) Mobile Safari/537.36 (compatible; Bytespider; spider-feedback@bytedance.com)"
47.128.41.78 - - [20/May/2026:01:26:01 +0000] "GET /wp-content/themes/spa-and-salon/css/perfect-scrollbar.min.css?ver=6.9.4 HTTP/1.1" 200 494 "https://www.wrinkledskinrepair.com/2019/03/26/get-beautiful-skin-everyone-will-notice-2/" "Mozilla/5.0 (Linux; Android 5.0) AppleWebKit/537.36 (KHTML, like Gecko) Mobile Safari/537.36 (compatible; Bytespider; spider-feedback@bytedance.com)"
47.128.41.78 - - [20/May/2026:01:26:01 +0000] "GET /wp-content/themes/spa-and-salon/css/slick.min.css?ver=6.9.4 HTTP/1.1" 200 490 "https://www.wrinkledskinrepair.com/2019/03/26/get-beautiful-skin-everyone-will-notice-2/" "Mozilla/5.0 (Linux; Android 5.0) AppleWebKit/537.36 (KHTML, like Gecko) Mobile Safari/537.36 (compatible; Bytespider; spider-feedback@bytedance.com)"
47.128.41.78 - - [20/May/2026:01:26:02 +0000] "GET /wp-content/themes/medical-spa/style.css?ver=1.0.7 HTTP/1.1" 200 5745 "https://www.wrinkledskinrepair.com/2019/03/26/get-beautiful-skin-everyone-will-notice-2/" "Mozilla/5.0 (Linux; Android 5.0) AppleWebKit/537.36 (KHTML, like Gecko) Mobile Safari/537.36 (compatible; Bytespider; spider-feedback@bytedance.com)"
144.76.32.187 - - [20/May/2026:01:26:01 +0000] "GET /2019/02/22/take-care-of-your-skin-by-following-these-ideas/?share=x HTTP/1.1" 302 - "-" "Mozilla/5.0 (compatible; SERankingBacklinksBot/1.0; +https://seranking.com/backlinks-crawler)"
144.76.32.187 - - [20/May/2026:01:26:06 +0000] "GET /2019/03/13/how-to-maintain-your-glow-with-skin-care/?share=facebook HTTP/1.1" 302 - "-" "Mozilla/5.0 (compatible; SERankingBacklinksBot/1.0; +https://seranking.com/backlinks-crawler)"
144.76.32.187 - - [20/May/2026:01:26:12 +0000] "GET /2019/04/07/you-can-save-time-and-money-on-skin-care/?share=facebook HTTP/1.1" 302 - "-" "Mozilla/5.0 (compatible; SERankingBacklinksBot/1.0; +https://seranking.com/backlinks-crawler)"
184.94.212.206 - - [20/May/2026:01:26:18 +0000] "POST /wp-cron.php?doing_wp_cron=1779240378.9333419799804687500000 HTTP/1.1" 200 - "-" "WordPress/6.9.4; https://www.wrinkledskinrepair.com"
144.76.32.187 - - [20/May/2026:01:26:17 +0000] "GET /2019/04/08/keep-you-skin-healthy-with-these-skin-care-tips/?share=x HTTP/1.1" 302 - "-" "Mozilla/5.0 (compatible; SERankingBacklinksBot/1.0; +https://seranking.com/backlinks-crawler)"
144.76.32.187 - - [20/May/2026:01:26:23 +0000] "GET /2019/05/01/skin-care-advice-that-everyone-should-check-out/?share=x HTTP/1.1" 302 - "-" "Mozilla/5.0 (compatible; SERankingBacklinksBot/1.0; +https://seranking.com/backlinks-crawler)"
144.76.32.187 - - [20/May/2026:01:26:28 +0000] "GET /2019/05/22/treat-yourself-to-timeless-skin-try-these-ideas/?share=x HTTP/1.1" 302 - "-" "Mozilla/5.0 (compatible; SERankingBacklinksBot/1.0; +https://seranking.com/backlinks-crawler)"
144.76.32.187 - - [20/May/2026:01:26:35 +0000] "GET /2019/05/23/some-bright-ideas-for-healthier-skin-now/?share=facebook HTTP/1.1" 302 - "-" "Mozilla/5.0 (compatible; SERankingBacklinksBot/1.0; +https://seranking.com/backlinks-crawler)"
144.76.32.187 - - [20/May/2026:01:26:40 +0000] "GET /2019/06/09/effective-skin-care-solutions-for-everyday-life/?share=x HTTP/1.1" 302 - "-" "Mozilla/5.0 (compatible; SERankingBacklinksBot/1.0; +https://seranking.com/backlinks-crawler)"
144.76.32.187 - - [20/May/2026:01:26:46 +0000] "GET /2019/06/28/effective-solutions-for-your-skin-care-dilemmas/?share=x HTTP/1.1" 302 - "-" "Mozilla/5.0 (compatible; SERankingBacklinksBot/1.0; +https://seranking.com/backlinks-crawler)"
144.76.32.187 - - [20/May/2026:01:26:51 +0000] "GET /2020/03/30/keep-your-skin-looking-its-best-with-these-tips/?share=x HTTP/1.1" 302 - "-" "Mozilla/5.0 (compatible; SERankingBacklinksBot/1.0; +https://seranking.com/backlinks-crawler)"
144.76.32.187 - - [20/May/2026:01:26:56 +0000] "GET /2020/04/10/the-best-skin-care-tips-for-healthy-skin/?share=facebook HTTP/1.1" 302 - "-" "Mozilla/5.0 (compatible; SERankingBacklinksBot/1.0; +https://seranking.com/backlinks-crawler)"
144.76.32.187 - - [20/May/2026:01:27:00 +0000] "GET /2020/05/18/confused-about-skin-care-use-these-great-tips-2/?share=x HTTP/1.1" 302 - "-" "Mozilla/5.0 (compatible; SERankingBacklinksBot/1.0; +https://seranking.com/backlinks-crawler)"
144.76.32.187 - - [20/May/2026:01:27:05 +0000] "GET /2020/06/07/take-care-of-your-skin-with-this-helpful-advice/?share=x HTTP/1.1" 302 - "-" "Mozilla/5.0 (compatible; SERankingBacklinksBot/1.0; +https://seranking.com/backlinks-crawler)"
144.76.32.187 - - [20/May/2026:01:27:10 +0000] "GET /2020/06/10/quick-tips-for-common-skin-care-issues-2/?share=facebook HTTP/1.1" 302 - "-" "Mozilla/5.0 (compatible; SERankingBacklinksBot/1.0; +https://seranking.com/backlinks-crawler)"
184.94.212.206 - - [20/May/2026:01:27:16 +0000] "POST /wp-cron.php?doing_wp_cron=1779240436.1328499317169189453125 HTTP/1.1" 200 - "-" "WordPress/6.9.4; https://www.wrinkledskinrepair.com"
144.76.32.187 - - [20/May/2026:01:27:15 +0000] "GET /2018/05/25/easy-tips-to-achieve-healthy-glowing-skin/?share=facebook HTTP/1.1" 302 - "-" "Mozilla/5.0 (compatible; SERankingBacklinksBot/1.0; +https://seranking.com/backlinks-crawler)"
184.94.212.206 - - [20/May/2026:01:27:21 +0000] "POST /wp-cron.php?doing_wp_cron=1779240441.1836130619049072265625 HTTP/1.1" 200 - "-" "WordPress/6.9.4; https://www.wrinkledskinrepair.com"
144.76.32.187 - - [20/May/2026:01:27:19 +0000] "GET /2018/05/26/tips-and-tricks-for-healthy-youthful-skin/?share=facebook HTTP/1.1" 302 - "-" "Mozilla/5.0 (compatible; SERankingBacklinksBot/1.0; +https://seranking.com/backlinks-crawler)"
