118.107.44.123 - - [19/May/2026:23:42:31 +0000] "POST /wp-login.php HTTP/1.1" 200 4401 "https://www.bing.com/search?q=domain+registration%!(EXTRA string=domain+registration)" "Mozilla/5.0 (X11; Linux x86_64) AppleWebKit/537.36 (KHTML, like Gecko) Chrome/146.0.0.0 Safari/537.36"
118.107.44.123 - - [19/May/2026:23:42:32 +0000] "POST /wp-login.php HTTP/1.1" 200 4401 "https://duckduckgo.com/?q=online+store+setup%!(EXTRA string=online+store+setup)" "Mozilla/5.0 (Macintosh; Intel Mac OS X 10_15_7) AppleWebKit/537.36 (KHTML, like Gecko) Chrome/146.0.0.0 Safari/537.36"
118.107.44.123 - - [19/May/2026:23:42:34 +0000] "POST /wp-login.php HTTP/1.1" 200 4401 "https://www.facebook.com/" "Mozilla/5.0 (Macintosh; Intel Mac OS X 10_15_7) AppleWebKit/537.36 (KHTML, like Gecko) Chrome/146.0.0.0 Safari/537.36 Edg/146.0.0.0"
118.107.44.123 - - [19/May/2026:23:42:35 +0000] "POST /wp-login.php HTTP/1.1" 200 4401 "https://www.google.com/" "Mozilla/5.0 (X11; Linux x86_64) AppleWebKit/537.36 (KHTML, like Gecko) Chrome/146.0.0.0 Safari/537.36"
118.107.44.123 - - [19/May/2026:23:42:36 +0000] "POST /wp-login.php HTTP/1.1" 200 4401 "https://search.yahoo.com/search?p=hosting+comparison%!(EXTRA string=hosting+comparison)" "Mozilla/5.0 (X11; Linux x86_64) AppleWebKit/537.36 (KHTML, like Gecko) Chrome/145.0.0.0 Safari/537.36"
118.107.44.123 - - [19/May/2026:23:42:38 +0000] "POST /wp-login.php HTTP/1.1" 200 4401 "https://twitter.com/" "Mozilla/5.0 (Macintosh; Intel Mac OS X 10_15_7) AppleWebKit/537.36 (KHTML, like Gecko) Chrome/145.0.0.0 Safari/537.36"
118.107.44.123 - - [19/May/2026:23:42:39 +0000] "POST /wp-login.php HTTP/1.1" 200 4401 "https://t.co/" "Mozilla/5.0 (Windows NT 10.0; Win64; x64) AppleWebKit/537.36 (KHTML, like Gecko) Chrome/146.0.0.0 Safari/537.36 Edg/146.0.0.0"
118.107.44.123 - - [19/May/2026:23:42:40 +0000] "POST /wp-login.php HTTP/1.1" 200 4401 "https://www.youtube.com/" "Mozilla/5.0 (Windows NT 10.0; Win64; x64) AppleWebKit/537.36 (KHTML, like Gecko) Chrome/146.0.0.0 Safari/537.36"
118.107.44.123 - - [19/May/2026:23:42:42 +0000] "POST /wp-login.php HTTP/1.1" 200 4401 "https://www.linkedin.com/" "Mozilla/5.0 (Macintosh; Intel Mac OS X 10_15_7) AppleWebKit/605.1.15 (KHTML, like Gecko) Version/26.3.1 Safari/605.1.15"
118.107.44.123 - - [19/May/2026:23:42:43 +0000] "POST /wp-login.php HTTP/1.1" 200 4401 "https://www.instagram.com/" "Mozilla/5.0 (Macintosh; Intel Mac OS X 10_15_7) AppleWebKit/537.36 (KHTML, like Gecko) Chrome/146.0.0.0 Safari/537.36"
118.107.44.123 - - [19/May/2026:23:42:44 +0000] "POST /wp-login.php HTTP/1.1" 200 4401 "https://www.google.com/" "Mozilla/5.0 (X11; Linux x86_64; rv:148.0) Gecko/20100101 Firefox/148.0"
118.107.44.123 - - [19/May/2026:23:42:46 +0000] "POST /wp-login.php HTTP/1.1" 200 4401 "https://search.yahoo.com/" "Mozilla/5.0 (Macintosh; Intel Mac OS X 10_15_7) AppleWebKit/605.1.15 (KHTML, like Gecko) Version/26.3.1 Safari/605.1.15"
118.107.44.123 - - [19/May/2026:23:42:47 +0000] "POST /wp-login.php HTTP/1.1" 200 4401 "https://www.google.com/" "Mozilla/5.0 (Windows NT 10.0; Win64; x64) AppleWebKit/537.36 (KHTML, like Gecko) Chrome/146.0.0.0 Safari/537.36"
118.107.44.123 - - [19/May/2026:23:42:48 +0000] "POST /wp-login.php HTTP/1.1" 200 4401 "-" "Mozilla/5.0 (Macintosh; Intel Mac OS X 10_15_7) AppleWebKit/537.36 (KHTML, like Gecko) Chrome/146.0.0.0 Safari/537.36"
118.107.44.123 - - [19/May/2026:23:42:50 +0000] "POST /wp-login.php HTTP/1.1" 200 4401 "https://www.youtube.com/" "Mozilla/5.0 (Windows NT 10.0; Win64; x64) AppleWebKit/537.36 (KHTML, like Gecko) Chrome/146.0.0.0 Safari/537.36"
118.107.44.123 - - [19/May/2026:23:42:51 +0000] "POST /wp-login.php HTTP/1.1" 200 4401 "-" "Mozilla/5.0 (X11; Linux x86_64) AppleWebKit/537.36 (KHTML, like Gecko) Chrome/145.0.0.0 Safari/537.36"
118.107.44.123 - - [19/May/2026:23:42:52 +0000] "POST /wp-login.php HTTP/1.1" 200 4401 "-" "Mozilla/5.0 (Macintosh; Intel Mac OS X 10_15_7) AppleWebKit/537.36 (KHTML, like Gecko) Chrome/146.0.0.0 Safari/537.36 Edg/146.0.0.0"
118.107.44.123 - - [19/May/2026:23:42:54 +0000] "POST /wp-login.php HTTP/1.1" 200 4401 "https://www.linkedin.com/" "Mozilla/5.0 (Macintosh; Intel Mac OS X 10_15_7) AppleWebKit/537.36 (KHTML, like Gecko) Chrome/146.0.0.0 Safari/537.36"
118.107.44.123 - - [19/May/2026:23:42:55 +0000] "POST /wp-login.php HTTP/1.1" 200 4401 "https://www.facebook.com/" "Mozilla/5.0 (Macintosh; Intel Mac OS X 10_15_7) AppleWebKit/537.36 (KHTML, like Gecko) Chrome/146.0.0.0 Safari/537.36 Edg/146.0.0.0"
118.107.44.123 - - [19/May/2026:23:42:56 +0000] "POST /wp-login.php HTTP/1.1" 200 4401 "https://www.instagram.com/" "Mozilla/5.0 (X11; Linux x86_64; rv:149.0) Gecko/20100101 Firefox/149.0"
118.107.44.123 - - [19/May/2026:23:42:58 +0000] "POST /wp-login.php HTTP/1.1" 200 4401 "https://www.bing.com/" "Mozilla/5.0 (Macintosh; Intel Mac OS X 10_15_7) AppleWebKit/537.36 (KHTML, like Gecko) Chrome/145.0.0.0 Safari/537.36"
118.107.44.123 - - [19/May/2026:23:42:59 +0000] "POST /wp-login.php HTTP/1.1" 200 4401 "https://www.linkedin.com/" "Mozilla/5.0 (Windows NT 10.0; Win64; x64) AppleWebKit/537.36 (KHTML, like Gecko) Chrome/146.0.0.0 Safari/537.36 Edg/146.0.0.0"
118.107.44.123 - - [19/May/2026:23:43:00 +0000] "POST /wp-login.php HTTP/1.1" 200 4401 "https://www.instagram.com/" "Mozilla/5.0 (Macintosh; Intel Mac OS X 14.7; rv:149.0) Gecko/20100101 Firefox/149.0"
118.107.44.123 - - [19/May/2026:23:43:02 +0000] "POST /wp-login.php HTTP/1.1" 200 4401 "https://www.facebook.com/" "Mozilla/5.0 (Windows NT 10.0; Win64; x64) AppleWebKit/537.36 (KHTML, like Gecko) Chrome/146.0.0.0 Safari/537.36 Edg/146.0.0.0"
118.107.44.123 - - [19/May/2026:23:43:03 +0000] "POST /wp-login.php HTTP/1.1" 200 4401 "-" "Mozilla/5.0 (Macintosh; Intel Mac OS X 10_15_7) AppleWebKit/605.1.15 (KHTML, like Gecko) Version/26.4 Safari/605.1.15"
118.107.44.123 - - [19/May/2026:23:43:05 +0000] "POST /wp-login.php HTTP/1.1" 200 4401 "https://search.yahoo.com/search?p=wordpress+plugins%!(EXTRA string=wordpress+plugins)" "Mozilla/5.0 (X11; Linux x86_64; rv:149.0) Gecko/20100101 Firefox/149.0"
118.107.44.123 - - [19/May/2026:23:43:06 +0000] "POST /wp-login.php HTTP/1.1" 200 4401 "-" "Mozilla/5.0 (Windows NT 10.0; Win64; x64) AppleWebKit/537.36 (KHTML, like Gecko) Chrome/146.0.0.0 Safari/537.36"
118.107.44.123 - - [19/May/2026:23:43:07 +0000] "POST /wp-login.php HTTP/1.1" 200 4401 "https://www.youtube.com/" "Mozilla/5.0 (Macintosh; Intel Mac OS X 10_15_7) AppleWebKit/537.36 (KHTML, like Gecko) Chrome/146.0.0.0 Safari/537.36"
118.107.44.123 - - [19/May/2026:23:43:09 +0000] "POST /wp-login.php HTTP/1.1" 200 4401 "https://www.linkedin.com/" "Mozilla/5.0 (X11; Linux x86_64) AppleWebKit/537.36 (KHTML, like Gecko) Chrome/145.0.0.0 Safari/537.36"
118.107.44.123 - - [19/May/2026:23:43:10 +0000] "POST /wp-login.php HTTP/1.1" 200 4401 "https://www.google.com/" "Mozilla/5.0 (Macintosh; Intel Mac OS X 10_15_7) AppleWebKit/537.36 (KHTML, like Gecko) Chrome/145.0.0.0 Safari/537.36"
184.94.212.206 - - [19/May/2026:23:43:12 +0000] "POST /wp-cron.php?doing_wp_cron=1779234192.0252220630645751953125 HTTP/1.1" 200 - "-" "WordPress/6.9.4; https://www.wrinkledskinrepair.com"
195.234.109.180 - - [19/May/2026:23:43:10 +0000] "GET /wp-content/uploads/2020/03/Wrinkled-Skin-Repair-1.jpg HTTP/1.1" 404 131615 "-" "Photon/1.0"
118.107.44.123 - - [19/May/2026:23:43:11 +0000] "POST /wp-login.php HTTP/1.1" 200 4401 "https://www.pinterest.com/" "Mozilla/5.0 (Windows NT 10.0; Win64; x64) AppleWebKit/537.36 (KHTML, like Gecko) Chrome/146.0.0.0 Safari/537.36"
118.107.44.123 - - [19/May/2026:23:43:13 +0000] "POST /wp-login.php HTTP/1.1" 200 4401 "https://www.facebook.com/" "Mozilla/5.0 (Macintosh; Intel Mac OS X 14.7; rv:149.0) Gecko/20100101 Firefox/149.0"
118.107.44.123 - - [19/May/2026:23:43:14 +0000] "POST /wp-login.php HTTP/1.1" 200 4401 "https://www.instagram.com/" "Mozilla/5.0 (Macintosh; Intel Mac OS X 10_15_7) AppleWebKit/605.1.15 (KHTML, like Gecko) Version/26.3.1 Safari/605.1.15"
118.107.44.123 - - [19/May/2026:23:43:16 +0000] "POST /wp-login.php HTTP/1.1" 200 4401 "https://www.linkedin.com/" "Mozilla/5.0 (Macintosh; Intel Mac OS X 14.7; rv:149.0) Gecko/20100101 Firefox/149.0"
51.38.115.13 - - [19/May/2026:23:43:16 +0000] "GET /2020/06/21/healthy-skin-with-the-use-of-these-great-tips/?share=facebook HTTP/1.1" 302 - "-" "Mozilla/5.0 (Windows NT 10.0; Win64; x64) AppleWebKit/537.36 (KHTML, like Gecko) Chrome/139.0.0.0 Safari/537.36"
118.107.44.123 - - [19/May/2026:23:43:17 +0000] "POST /wp-login.php HTTP/1.1" 200 4401 "https://www.reddit.com/" "Mozilla/5.0 (Macintosh; Intel Mac OS X 14.7; rv:149.0) Gecko/20100101 Firefox/149.0"
118.107.44.123 - - [19/May/2026:23:43:18 +0000] "POST /wp-login.php HTTP/1.1" 200 4401 "https://www.reddit.com/" "Mozilla/5.0 (Windows NT 10.0; Win64; x64) AppleWebKit/537.36 (KHTML, like Gecko) Chrome/146.0.0.0 Safari/537.36 Edg/146.0.0.0"
118.107.44.123 - - [19/May/2026:23:43:20 +0000] "POST /wp-login.php HTTP/1.1" 200 4401 "https://www.youtube.com/" "Mozilla/5.0 (Macintosh; Intel Mac OS X 10_15_7) AppleWebKit/605.1.15 (KHTML, like Gecko) Version/26.4 Safari/605.1.15"
118.107.44.123 - - [19/May/2026:23:43:21 +0000] "POST /wp-login.php HTTP/1.1" 200 4401 "https://www.google.com/" "Mozilla/5.0 (Windows NT 10.0; Win64; x64) AppleWebKit/537.36 (KHTML, like Gecko) Chrome/145.0.0.0 Safari/537.36"
118.107.44.123 - - [19/May/2026:23:43:22 +0000] "POST /wp-login.php HTTP/1.1" 200 4401 "-" "Mozilla/5.0 (X11; Linux x86_64; rv:148.0) Gecko/20100101 Firefox/148.0"
118.107.44.123 - - [19/May/2026:23:43:24 +0000] "POST /wp-login.php HTTP/1.1" 200 4401 "-" "Mozilla/5.0 (Macintosh; Intel Mac OS X 10_15_7) AppleWebKit/537.36 (KHTML, like Gecko) Chrome/146.0.0.0 Safari/537.36"
118.107.44.123 - - [19/May/2026:23:43:25 +0000] "POST /wp-login.php HTTP/1.1" 200 4401 "https://www.bing.com/" "Mozilla/5.0 (X11; Linux x86_64) AppleWebKit/537.36 (KHTML, like Gecko) Chrome/146.0.0.0 Safari/537.36"
118.107.44.123 - - [19/May/2026:23:43:26 +0000] "POST /wp-login.php HTTP/1.1" 200 4401 "https://www.linkedin.com/" "Mozilla/5.0 (Macintosh; Intel Mac OS X 10_15_7) AppleWebKit/605.1.15 (KHTML, like Gecko) Version/26.4 Safari/605.1.15"
184.94.212.206 - - [19/May/2026:23:43:28 +0000] "POST /wp-cron.php?doing_wp_cron=1779234208.9365260601043701171875 HTTP/1.1" 200 - "-" "WordPress/6.9.4; https://www.wrinkledskinrepair.com"
51.91.254.43 - - [19/May/2026:23:43:27 +0000] "GET /2020/06/21/healthy-skin-with-the-use-of-these-great-tips/?share=x HTTP/1.1" 302 - "-" "Mozilla/5.0 (Windows NT 10.0; Win64; x64) AppleWebKit/537.36 (KHTML, like Gecko) Chrome/139.0.0.0 Safari/537.36"
118.107.44.123 - - [19/May/2026:23:43:28 +0000] "POST /wp-login.php HTTP/1.1" 200 4401 "https://www.linkedin.com/" "Mozilla/5.0 (Macintosh; Intel Mac OS X 10_15_7) AppleWebKit/605.1.15 (KHTML, like Gecko) Version/26.4 Safari/605.1.15"
118.107.44.123 - - [19/May/2026:23:43:29 +0000] "POST /wp-login.php HTTP/1.1" 200 4401 "-" "Mozilla/5.0 (X11; Linux x86_64) AppleWebKit/537.36 (KHTML, like Gecko) Chrome/146.0.0.0 Safari/537.36"
118.107.44.123 - - [19/May/2026:23:43:31 +0000] "POST /wp-login.php HTTP/1.1" 200 4401 "-" "Mozilla/5.0 (Windows NT 10.0; Win64; x64) AppleWebKit/537.36 (KHTML, like Gecko) Chrome/146.0.0.0 Safari/537.36 Edg/146.0.0.0"
118.107.44.123 - - [19/May/2026:23:43:32 +0000] "POST /wp-login.php HTTP/1.1" 200 4401 "https://www.linkedin.com/" "Mozilla/5.0 (Windows NT 10.0; Win64; x64; rv:149.0) Gecko/20100101 Firefox/149.0"
118.107.44.123 - - [19/May/2026:23:43:34 +0000] "POST /wp-login.php HTTP/1.1" 200 4401 "https://www.bing.com/search?q=wordpress+site%!(EXTRA string=wordpress+site)" "Mozilla/5.0 (Windows NT 10.0; Win64; x64) AppleWebKit/537.36 (KHTML, like Gecko) Chrome/146.0.0.0 Safari/537.36 Edg/146.0.0.0"
118.107.44.123 - - [19/May/2026:23:43:35 +0000] "POST /wp-login.php HTTP/1.1" 200 4401 "https://www.youtube.com/" "Mozilla/5.0 (Windows NT 10.0; Win64; x64) AppleWebKit/537.36 (KHTML, like Gecko) Chrome/145.0.0.0 Safari/537.36"
118.107.44.123 - - [19/May/2026:23:43:37 +0000] "POST /wp-login.php HTTP/1.1" 200 4401 "https://www.reddit.com/" "Mozilla/5.0 (Windows NT 10.0; Win64; x64; rv:148.0) Gecko/20100101 Firefox/148.0"
118.107.44.123 - - [19/May/2026:23:43:38 +0000] "POST /wp-login.php HTTP/1.1" 200 4401 "https://duckduckgo.com/?q=wordpress+site%!(EXTRA string=wordpress+site)" "Mozilla/5.0 (Windows NT 10.0; Win64; x64; rv:148.0) Gecko/20100101 Firefox/148.0"
141.94.76.134 - - [19/May/2026:23:43:38 +0000] "GET /2013/06/08/list-of-good-anti-wrinkle-creams/?share=facebook HTTP/1.1" 302 - "-" "Mozilla/5.0 (Windows NT 10.0; Win64; x64) AppleWebKit/537.36 (KHTML, like Gecko) Chrome/139.0.0.0 Safari/537.36"
195.234.109.118 - - [19/May/2026:23:43:42 +0000] "GET /wp-content/uploads/2019/03/ea33b80620f1023ed1584d05fb1d4390e277e2c818b4144296f0c57baee9_640.jpg HTTP/1.1" 301 - "-" "Photon/1.0"
195.234.109.118 - - [19/May/2026:23:43:43 +0000] "GET /wp-content/uploads/2019/03/ea33b80620f1023ed1584d05fb1d4390e277e2c818b4144296f0c57baee9_640.jpg HTTP/1.1" 404 131909 "-" "Photon/1.0"
114.119.142.210 - - [19/May/2026:23:44:14 +0000] "GET /2019/07/13/a-list-of-the-best-skin-care-tips?share=facebook HTTP/1.1" 302 - "https://www.wrinkledskinrepair.com/2019/07/13/a-list-of-the-best-skin-care-tips" "Mozilla/5.0 (Linux; Android 7.0;) AppleWebKit/537.36 (HTML, like Gecko) Mobile Safari/537.36 (compatible; PetalBot;+https://webmaster.petalsearch.com/site/petalbot)"
195.234.109.188 - - [19/May/2026:23:44:22 +0000] "GET /wp-content/uploads/2020/04/caring_for_your_skin_has_never_been_easier.jpg HTTP/1.1" 301 - "-" "Photon/1.0"
195.234.109.188 - - [19/May/2026:23:44:23 +0000] "GET /wp-content/uploads/2020/04/caring_for_your_skin_has_never_been_easier.jpg HTTP/1.1" 404 131755 "-" "Photon/1.0"
150.109.230.210 - - [19/May/2026:23:44:31 +0000] "GET /wp-json/wp/v2/pages/4596 HTTP/1.1" 200 8966 "-" "Mozilla/5.0 (iPhone; CPU iPhone OS 13_2_3 like Mac OS X) AppleWebKit/605.1.15 (KHTML, like Gecko) Version/13.0.3 Mobile/15E148 Safari/604.1"
192.0.102.146 - - [19/May/2026:23:44:39 +0000] "HEAD / HTTP/1.1" 200 - "-" "jetmon/1.0 (Jetpack Site Uptime Monitor by WordPress.com)"
184.94.212.206 - - [19/May/2026:23:45:11 +0000] "POST /wp-cron.php?doing_wp_cron=1779234311.7509729862213134765625 HTTP/1.1" 200 - "-" "WordPress/6.9.4; https://www.wrinkledskinrepair.com"
51.107.70.195 - - [19/May/2026:23:45:10 +0000] "GET / HTTP/1.1" 301 - "-" "Mozilla/5.0 AppleWebKit/537.36 (KHTML, like Gecko); compatible; ChatGPT-User/1.0; +https://openai.com/bot"
184.94.212.206 - - [19/May/2026:23:47:59 +0000] "POST /wp-cron.php?doing_wp_cron=1779234479.0944960117340087890625 HTTP/1.1" 200 - "-" "WordPress/6.9.4; https://www.wrinkledskinrepair.com"
49.228.212.113 - - [19/May/2026:23:47:57 +0000] "GET /2018/05/31/get-radiant-skin-using-these-smart-tips/%5C%26quot%3Bhttps%3A%5C/%5C/www.wrinkledskinrepair.com%5C/category%5C/wrinkle-cream%5C/%5C%26quot HTTP/1.1" 404 41409 "-" "Mozilla/5.0 (Macintosh; Intel Mac OS X 10_15_7) AppleWebKit/537.36 (KHTML, like Gecko) Chrome/116.0.0.0 Safari/537.36"
184.94.212.206 - - [19/May/2026:23:49:30 +0000] "POST /wp-cron.php?doing_wp_cron=1779234570.7067370414733886718750 HTTP/1.1" 200 - "-" "WordPress/6.9.4; https://www.wrinkledskinrepair.com"
144.76.32.187 - - [19/May/2026:23:49:29 +0000] "GET /robots.txt HTTP/1.1" 200 127 "-" "Mozilla/5.0 (compatible; SERankingBacklinksBot/1.0; +https://seranking.com/backlinks-crawler)"
144.76.32.187 - - [19/May/2026:23:49:31 +0000] "GET /2018/12/28/the-very-best-tips-for-the-very-best-skin/?share=x HTTP/1.1" 302 - "-" "Mozilla/5.0 (compatible; SERankingBacklinksBot/1.0; +https://seranking.com/backlinks-crawler)"
144.76.32.187 - - [19/May/2026:23:49:36 +0000] "GET /2018/12/29/easy-tips-to-have-perfect-skin-now/?share=facebook HTTP/1.1" 302 - "-" "Mozilla/5.0 (compatible; SERankingBacklinksBot/1.0; +https://seranking.com/backlinks-crawler)"
13.62.136.70 - - [19/May/2026:23:49:38 +0000] "GET /wp-login.php HTTP/1.1" 200 4400 "-" "Mozilla/5.0 (Macintosh; Intel Mac OS X 10_15_7) AppleWebKit/605.1.15 (KHTML, like Gecko) Version/18.3 Safari/605.1.15"
144.76.32.187 - - [19/May/2026:23:49:41 +0000] "GET /2018/12/31/does-your-skin-need-help-try-these-tips-2/?share=x HTTP/1.1" 302 - "-" "Mozilla/5.0 (compatible; SERankingBacklinksBot/1.0; +https://seranking.com/backlinks-crawler)"
192.0.102.146 - - [19/May/2026:23:49:42 +0000] "HEAD / HTTP/1.1" 200 - "-" "jetmon/1.0 (Jetpack Site Uptime Monitor by WordPress.com)"
144.76.32.187 - - [19/May/2026:23:49:46 +0000] "GET /2019/01/07/skin-care-tips-that-can-work-for-everyone/?share=x HTTP/1.1" 302 - "-" "Mozilla/5.0 (compatible; SERankingBacklinksBot/1.0; +https://seranking.com/backlinks-crawler)"
13.62.136.70 - - [19/May/2026:23:49:49 +0000] "GET /wp-json/wp/v2/users/me HTTP/1.1" 401 102 "-" "Mozilla/5.0 (Macintosh; Intel Mac OS X 10_15_7) AppleWebKit/605.1.15 (KHTML, like Gecko) Version/18.3 Safari/605.1.15"
144.76.32.187 - - [19/May/2026:23:49:50 +0000] "GET /2019/02/15/try-these-tips-for-a-cleaner-fresher-face/?share=x HTTP/1.1" 302 - "-" "Mozilla/5.0 (compatible; SERankingBacklinksBot/1.0; +https://seranking.com/backlinks-crawler)"
144.76.32.187 - - [19/May/2026:23:49:55 +0000] "GET /2019/02/19/simple-secrets-and-tips-to-healthier-skin/?share=x HTTP/1.1" 302 - "-" "Mozilla/5.0 (compatible; SERankingBacklinksBot/1.0; +https://seranking.com/backlinks-crawler)"
144.76.32.187 - - [19/May/2026:23:50:00 +0000] "GET /2018/10/02/try-these-tips-to-reduce-skincare-problems-and-boost-your-confidence/?share=x HTTP/1.1" 302 - "-" "Mozilla/5.0 (compatible; SERankingBacklinksBot/1.0; +https://seranking.com/backlinks-crawler)"
184.94.212.206 - - [19/May/2026:23:50:07 +0000] "POST /wp-cron.php?doing_wp_cron=1779234607.0991408824920654296875 HTTP/1.1" 200 - "-" "WordPress/6.9.4; https://www.wrinkledskinrepair.com"
144.76.32.187 - - [19/May/2026:23:50:05 +0000] "GET /2019/03/26/get-beautiful-skin-everyone-will-notice-2/?share=x HTTP/1.1" 302 - "-" "Mozilla/5.0 (compatible; SERankingBacklinksBot/1.0; +https://seranking.com/backlinks-crawler)"
144.76.32.187 - - [19/May/2026:23:50:10 +0000] "GET /2019/03/29/skin-advice-to-keep-your-complexion-clear/?share=x HTTP/1.1" 302 - "-" "Mozilla/5.0 (compatible; SERankingBacklinksBot/1.0; +https://seranking.com/backlinks-crawler)"
144.76.32.187 - - [19/May/2026:23:50:15 +0000] "GET /2019/04/10/tips-on-how-to-get-young-and-radiant-skin/?share=x HTTP/1.1" 302 - "-" "Mozilla/5.0 (compatible; SERankingBacklinksBot/1.0; +https://seranking.com/backlinks-crawler)"
184.94.212.206 - - [19/May/2026:23:50:21 +0000] "POST /wp-cron.php?doing_wp_cron=1779234621.8047099113464355468750 HTTP/1.1" 200 - "-" "WordPress/6.9.4; https://www.wrinkledskinrepair.com"
144.76.32.187 - - [19/May/2026:23:50:20 +0000] "GET /2019/04/11/sound-advice-for-having-skin-care-success/?share=x HTTP/1.1" 302 - "-" "Mozilla/5.0 (compatible; SERankingBacklinksBot/1.0; +https://seranking.com/backlinks-crawler)"
144.76.32.187 - - [19/May/2026:23:50:25 +0000] "GET /2019/04/19/skin-care-tips-you-should-try-out-today-2/?share=x HTTP/1.1" 302 - "-" "Mozilla/5.0 (compatible; SERankingBacklinksBot/1.0; +https://seranking.com/backlinks-crawler)"
144.76.32.187 - - [19/May/2026:23:50:30 +0000] "GET /2019/05/11/clear-skin-is-just-an-article-away/?share=facebook HTTP/1.1" 302 - "-" "Mozilla/5.0 (compatible; SERankingBacklinksBot/1.0; +https://seranking.com/backlinks-crawler)"
144.76.32.187 - - [19/May/2026:23:50:35 +0000] "GET /2019/05/13/improve-your-skin-with-these-great-tips-2/?share=x HTTP/1.1" 302 - "-" "Mozilla/5.0 (compatible; SERankingBacklinksBot/1.0; +https://seranking.com/backlinks-crawler)"
144.76.32.187 - - [19/May/2026:23:50:40 +0000] "GET /2020/05/21/important-things-to-consider-before-buying-anymore-skincare-products/?share=x HTTP/1.1" 302 - "-" "Mozilla/5.0 (compatible; SERankingBacklinksBot/1.0; +https://seranking.com/backlinks-crawler)"
144.76.32.187 - - [19/May/2026:23:50:45 +0000] "GET /2019/05/17/do-you-want-flawless-skin-try-these-ideas/?share=x HTTP/1.1" 302 - "-" "Mozilla/5.0 (compatible; SERankingBacklinksBot/1.0; +https://seranking.com/backlinks-crawler)"
144.76.32.187 - - [19/May/2026:23:50:50 +0000] "GET /2019/05/21/you-can-have-great-skin-follow-these-tips/?share=x HTTP/1.1" 302 - "-" "Mozilla/5.0 (compatible; SERankingBacklinksBot/1.0; +https://seranking.com/backlinks-crawler)"
144.76.32.187 - - [19/May/2026:23:50:55 +0000] "GET /2019/05/31/care-for-your-skin-with-these-simple-tips/?share=x HTTP/1.1" 302 - "-" "Mozilla/5.0 (compatible; SERankingBacklinksBot/1.0; +https://seranking.com/backlinks-crawler)"
144.76.32.187 - - [19/May/2026:23:50:59 +0000] "GET /2019/06/04/skin-care-tips-that-you-should-know-about/?share=x HTTP/1.1" 302 - "-" "Mozilla/5.0 (compatible; SERankingBacklinksBot/1.0; +https://seranking.com/backlinks-crawler)"
144.76.32.187 - - [19/May/2026:23:51:04 +0000] "GET /2019/06/06/simple-skin-care-tips-for-everyone-to-use/?share=x HTTP/1.1" 302 - "-" "Mozilla/5.0 (compatible; SERankingBacklinksBot/1.0; +https://seranking.com/backlinks-crawler)"
144.76.32.187 - - [19/May/2026:23:51:09 +0000] "GET /2019/06/15/does-your-skin-need-help-try-these-tips-3/?share=x HTTP/1.1" 302 - "-" "Mozilla/5.0 (compatible; SERankingBacklinksBot/1.0; +https://seranking.com/backlinks-crawler)"
144.76.32.187 - - [19/May/2026:23:51:14 +0000] "GET /2019/06/19/how-to-have-skin-that-simply-glows/?share=facebook HTTP/1.1" 302 - "-" "Mozilla/5.0 (compatible; SERankingBacklinksBot/1.0; +https://seranking.com/backlinks-crawler)"
144.76.32.187 - - [19/May/2026:23:51:19 +0000] "GET /2020/06/27/easy-skin-care-tips-to-achieve-the-great-skin-you-yearn-for-2/?share=facebook HTTP/1.1" 302 - "-" "Mozilla/5.0 (compatible; SERankingBacklinksBot/1.0; +https://seranking.com/backlinks-crawler)"
195.234.109.184 - - [19/May/2026:23:51:19 +0000] "GET /wp-content/uploads/2018/11/e832b10e21fc013ed1584d05fb1d4390e277e2c818b4154093f9c278a3ef_640.jpg HTTP/1.1" 301 - "-" "Photon/1.0"
195.234.109.184 - - [19/May/2026:23:51:21 +0000] "GET /wp-content/uploads/2018/11/e832b10e21fc013ed1584d05fb1d4390e277e2c818b4154093f9c278a3ef_640.jpg HTTP/1.1" 404 131909 "-" "Photon/1.0"
144.76.32.187 - - [19/May/2026:23:51:24 +0000] "GET /2019/06/29/top-helpful-skin-care-tips-for-everyone-2/?share=x HTTP/1.1" 302 - "-" "Mozilla/5.0 (compatible; SERankingBacklinksBot/1.0; +https://seranking.com/backlinks-crawler)"
144.76.32.187 - - [19/May/2026:23:51:29 +0000] "GET /2019/07/19/use-these-skin-care-tips-for-radiant-skin/?share=x HTTP/1.1" 302 - "-" "Mozilla/5.0 (compatible; SERankingBacklinksBot/1.0; +https://seranking.com/backlinks-crawler)"
144.76.32.187 - - [19/May/2026:23:51:33 +0000] "GET /2019/07/20/care-for-your-skin-better-with-these-tips/?share=x HTTP/1.1" 302 - "-" "Mozilla/5.0 (compatible; SERankingBacklinksBot/1.0; +https://seranking.com/backlinks-crawler)"
144.76.32.187 - - [19/May/2026:23:51:38 +0000] "GET /2020/03/28/give-your-skin-some-tlc-with-these-tips-3/?share=x HTTP/1.1" 302 - "-" "Mozilla/5.0 (compatible; SERankingBacklinksBot/1.0; +https://seranking.com/backlinks-crawler)"
144.76.32.187 - - [19/May/2026:23:51:43 +0000] "GET /2020/04/08/how-to-properly-care-for-your-skin/?share=facebook HTTP/1.1" 302 - "-" "Mozilla/5.0 (compatible; SERankingBacklinksBot/1.0; +https://seranking.com/backlinks-crawler)"
144.76.32.187 - - [19/May/2026:23:51:49 +0000] "GET /2020/04/25/how-to-improve-the-skin-you-are-in/?share=facebook HTTP/1.1" 302 - "-" "Mozilla/5.0 (compatible; SERankingBacklinksBot/1.0; +https://seranking.com/backlinks-crawler)"
68.63.4.75 - - [19/May/2026:23:51:53 +0000] "GET /2018/11/21/empowering-tips-to-get-you-in-control-of-your-skin-2/?share=x HTTP/1.1" 302 - "-" "Mozilla/5.0 (Windows NT 10.0; Win64; x64) AppleWebKit/537.36 (KHTML, like Gecko) Chrome/127.0.6533.17 Safari/537.36"
144.76.32.187 - - [19/May/2026:23:51:53 +0000] "GET /2020/05/29/skin-care-has-never-been-this-easy/?share=facebook HTTP/1.1" 302 - "-" "Mozilla/5.0 (compatible; SERankingBacklinksBot/1.0; +https://seranking.com/backlinks-crawler)"
144.76.32.187 - - [19/May/2026:23:51:58 +0000] "GET /2018/08/14/no-need-to-pay-to-see-an-expensive-dermatoligst-use-this-great-advice/?share=x HTTP/1.1" 302 - "-" "Mozilla/5.0 (compatible; SERankingBacklinksBot/1.0; +https://seranking.com/backlinks-crawler)"
144.76.32.187 - - [19/May/2026:23:52:03 +0000] "GET /2018/05/27/beautiful-skin-starts-with-great-skin-care/?share=x HTTP/1.1" 302 - "-" "Mozilla/5.0 (compatible; SERankingBacklinksBot/1.0; +https://seranking.com/backlinks-crawler)"
144.76.32.187 - - [19/May/2026:23:52:08 +0000] "GET /2018/06/08/skin-care-advice-that-can-change-your-life/?share=x HTTP/1.1" 302 - "-" "Mozilla/5.0 (compatible; SERankingBacklinksBot/1.0; +https://seranking.com/backlinks-crawler)"
184.94.212.206 - - [19/May/2026:23:52:14 +0000] "POST /wp-cron.php?doing_wp_cron=1779234734.6525518894195556640625 HTTP/1.1" 200 - "-" "WordPress/6.9.4; https://www.wrinkledskinrepair.com"
144.76.32.187 - - [19/May/2026:23:52:13 +0000] "GET /2018/06/15/care-for-your-skin-with-these-steps/?share=facebook HTTP/1.1" 302 - "-" "Mozilla/5.0 (compatible; SERankingBacklinksBot/1.0; +https://seranking.com/backlinks-crawler)"
184.94.212.206 - - [19/May/2026:23:52:19 +0000] "POST /wp-cron.php?doing_wp_cron=1779234739.5625538825988769531250 HTTP/1.1" 200 - "-" "WordPress/6.9.4; https://www.wrinkledskinrepair.com"
144.76.32.187 - - [19/May/2026:23:52:18 +0000] "GET /2018/07/17/easy-tips-for-curing-your-skin-woes/?share=facebook HTTP/1.1" 302 - "-" "Mozilla/5.0 (compatible; SERankingBacklinksBot/1.0; +https://seranking.com/backlinks-crawler)"
144.76.32.187 - - [19/May/2026:23:52:23 +0000] "GET /2018/07/21/make-your-skin-glow-with-these-tips/?share=facebook HTTP/1.1" 302 - "-" "Mozilla/5.0 (compatible; SERankingBacklinksBot/1.0; +https://seranking.com/backlinks-crawler)"
144.76.32.187 - - [19/May/2026:23:52:28 +0000] "GET /2018/07/27/try-these-tips-for-firm-fresh-looking-skin/?share=x HTTP/1.1" 302 - "-" "Mozilla/5.0 (compatible; SERankingBacklinksBot/1.0; +https://seranking.com/backlinks-crawler)"
144.76.32.187 - - [19/May/2026:23:52:32 +0000] "GET /2018/08/01/skin-care-suggestions-that-clearly-pay-off/?share=x HTTP/1.1" 302 - "-" "Mozilla/5.0 (compatible; SERankingBacklinksBot/1.0; +https://seranking.com/backlinks-crawler)"
144.76.32.187 - - [19/May/2026:23:52:37 +0000] "GET /2020/05/25/keep-your-skin-healthy-and-beautiful-with-these-helpful-tips-2/?share=facebook HTTP/1.1" 302 - "-" "Mozilla/5.0 (compatible; SERankingBacklinksBot/1.0; +https://seranking.com/backlinks-crawler)"
144.76.32.187 - - [19/May/2026:23:52:42 +0000] "GET /2018/08/05/simple-ideas-for-a-clear-complexion/?share=facebook HTTP/1.1" 302 - "-" "Mozilla/5.0 (compatible; SERankingBacklinksBot/1.0; +https://seranking.com/backlinks-crawler)"
144.76.32.187 - - [19/May/2026:23:52:47 +0000] "GET /2018/08/23/the-easy-way-to-attain-perfect-skin/?share=facebook HTTP/1.1" 302 - "-" "Mozilla/5.0 (compatible; SERankingBacklinksBot/1.0; +https://seranking.com/backlinks-crawler)"
144.76.32.187 - - [19/May/2026:23:52:52 +0000] "GET /2018/12/16/amazing-skin-care-advice-you-should-follow/?share=x HTTP/1.1" 302 - "-" "Mozilla/5.0 (compatible; SERankingBacklinksBot/1.0; +https://seranking.com/backlinks-crawler)"
144.76.32.187 - - [19/May/2026:23:52:57 +0000] "GET /2019/02/06/simple-tips-to-help-you-get-healthy-skin-2/?share=x HTTP/1.1" 302 - "-" "Mozilla/5.0 (compatible; SERankingBacklinksBot/1.0; +https://seranking.com/backlinks-crawler)"
144.76.32.187 - - [19/May/2026:23:53:02 +0000] "GET /2019/02/17/simple-tips-to-help-you-care-for-your-skin/?share=x HTTP/1.1" 302 - "-" "Mozilla/5.0 (compatible; SERankingBacklinksBot/1.0; +https://seranking.com/backlinks-crawler)"
144.76.32.187 - - [19/May/2026:23:53:07 +0000] "GET /2019/03/01/skin-care-tips-and-tricks-that-really-work/?share=x HTTP/1.1" 302 - "-" "Mozilla/5.0 (compatible; SERankingBacklinksBot/1.0; +https://seranking.com/backlinks-crawler)"
184.94.212.206 - - [19/May/2026:23:53:13 +0000] "POST /wp-cron.php?doing_wp_cron=1779234793.2663960456848144531250 HTTP/1.1" 200 - "-" "WordPress/6.9.4; https://www.wrinkledskinrepair.com"
144.76.32.187 - - [19/May/2026:23:53:12 +0000] "GET /2019/03/04/everything-you-should-know-about-skin-care/?share=x HTTP/1.1" 302 - "-" "Mozilla/5.0 (compatible; SERankingBacklinksBot/1.0; +https://seranking.com/backlinks-crawler)"
184.94.212.206 - - [19/May/2026:23:53:18 +0000] "POST /wp-cron.php?doing_wp_cron=1779234798.5091569423675537109375 HTTP/1.1" 200 - "-" "WordPress/6.9.4; https://www.wrinkledskinrepair.com"
144.76.32.187 - - [19/May/2026:23:53:17 +0000] "GET /2018/06/14/give-skin-the-tender-loving-care-it-deserves-with-these-skin-care-tips/?share=x HTTP/1.1" 302 - "-" "Mozilla/5.0 (compatible; SERankingBacklinksBot/1.0; +https://seranking.com/backlinks-crawler)"
144.76.32.187 - - [19/May/2026:23:53:22 +0000] "GET /2019/04/12/look-your-best-with-these-skin-tips/?share=facebook HTTP/1.1" 302 - "-" "Mozilla/5.0 (compatible; SERankingBacklinksBot/1.0; +https://seranking.com/backlinks-crawler)"
144.76.32.187 - - [19/May/2026:23:53:27 +0000] "GET /2019/06/01/our-best-and-easiest-skin-care-tips/?share=facebook HTTP/1.1" 302 - "-" "Mozilla/5.0 (compatible; SERankingBacklinksBot/1.0; +https://seranking.com/backlinks-crawler)"
144.76.32.187 - - [19/May/2026:23:53:32 +0000] "GET /2019/06/03/use-these-tips-to-get-a-glowing-complexion/?share=x HTTP/1.1" 302 - "-" "Mozilla/5.0 (compatible; SERankingBacklinksBot/1.0; +https://seranking.com/backlinks-crawler)"
144.76.32.187 - - [19/May/2026:23:53:36 +0000] "GET /2019/06/26/tips-and-tricks-for-beautiful-radiant-skin/?share=x HTTP/1.1" 302 - "-" "Mozilla/5.0 (compatible; SERankingBacklinksBot/1.0; +https://seranking.com/backlinks-crawler)"
144.76.32.187 - - [19/May/2026:23:53:41 +0000] "GET /2019/07/02/need-skin-care-tips-weve-got-them-2/?share=facebook HTTP/1.1" 302 - "-" "Mozilla/5.0 (compatible; SERankingBacklinksBot/1.0; +https://seranking.com/backlinks-crawler)"
43.153.135.208 - - [19/May/2026:23:53:41 +0000] "GET /2025/10/ HTTP/1.1" 200 46873 "-" "Mozilla/5.0 (iPhone; CPU iPhone OS 13_2_3 like Mac OS X) AppleWebKit/605.1.15 (KHTML, like Gecko) Version/13.0.3 Mobile/15E148 Safari/604.1"
144.76.32.187 - - [19/May/2026:23:53:46 +0000] "GET /2020/04/07/ideas-for-getting-and-keeping-perfect-skin/?share=x HTTP/1.1" 302 - "-" "Mozilla/5.0 (compatible; SERankingBacklinksBot/1.0; +https://seranking.com/backlinks-crawler)"
144.76.32.187 - - [19/May/2026:23:53:51 +0000] "GET /2020/04/12/caring-for-your-skin-has-never-been-easier/?share=x HTTP/1.1" 302 - "-" "Mozilla/5.0 (compatible; SERankingBacklinksBot/1.0; +https://seranking.com/backlinks-crawler)"
144.76.32.187 - - [19/May/2026:23:53:56 +0000] "GET /2018/12/05/stop-wishing-you-had-great-skin-and-get-it-thanks-to-these-tips/?share=facebook HTTP/1.1" 302 - "-" "Mozilla/5.0 (compatible; SERankingBacklinksBot/1.0; +https://seranking.com/backlinks-crawler)"
144.76.32.187 - - [19/May/2026:23:54:01 +0000] "GET /2020/04/16/skin-care-advice-that-will-help-at-any-age/?share=x HTTP/1.1" 302 - "-" "Mozilla/5.0 (compatible; SERankingBacklinksBot/1.0; +https://seranking.com/backlinks-crawler)"
144.76.32.187 - - [19/May/2026:23:54:06 +0000] "GET /2020/04/18/tips-and-advice-for-your-skin-care-regimen/?share=x HTTP/1.1" 302 - "-" "Mozilla/5.0 (compatible; SERankingBacklinksBot/1.0; +https://seranking.com/backlinks-crawler)"
144.76.32.187 - - [19/May/2026:23:54:11 +0000] "GET /2020/04/19/be-successful-with-your-skin-care-2/?share=facebook HTTP/1.1" 302 - "-" "Mozilla/5.0 (compatible; SERankingBacklinksBot/1.0; +https://seranking.com/backlinks-crawler)"
144.76.32.187 - - [19/May/2026:23:54:15 +0000] "GET /2020/04/21/tips-to-keep-your-skin-care-routine-simple/?share=x HTTP/1.1" 302 - "-" "Mozilla/5.0 (compatible; SERankingBacklinksBot/1.0; +https://seranking.com/backlinks-crawler)"
184.94.212.206 - - [19/May/2026:23:54:21 +0000] "POST /wp-cron.php?doing_wp_cron=1779234861.9323101043701171875000 HTTP/1.1" 200 - "-" "WordPress/6.9.4; https://www.wrinkledskinrepair.com"
144.76.32.187 - - [19/May/2026:23:54:20 +0000] "GET /2020/05/04/skin-care-tips-everyone-can-benefit-from-2/?share=x HTTP/1.1" 302 - "-" "Mozilla/5.0 (compatible; SERankingBacklinksBot/1.0; +https://seranking.com/backlinks-crawler)"
144.76.32.187 - - [19/May/2026:23:54:25 +0000] "GET /2020/05/07/care-for-your-skin-by-following-these-tips/?share=x HTTP/1.1" 302 - "-" "Mozilla/5.0 (compatible; SERankingBacklinksBot/1.0; +https://seranking.com/backlinks-crawler)"
144.76.32.187 - - [19/May/2026:23:54:30 +0000] "GET /2020/05/13/great-skin-care-tips-for-beauty-and-health/?share=x HTTP/1.1" 302 - "-" "Mozilla/5.0 (compatible; SERankingBacklinksBot/1.0; +https://seranking.com/backlinks-crawler)"
144.76.32.187 - - [19/May/2026:23:54:35 +0000] "GET /2019/04/28/skin-care-basics-great-tips-and-advice-for-healthy-looking-skin/?share=facebook HTTP/1.1" 302 - "-" "Mozilla/5.0 (compatible; SERankingBacklinksBot/1.0; +https://seranking.com/backlinks-crawler)"
192.0.102.146 - - [19/May/2026:23:54:38 +0000] "HEAD / HTTP/1.1" 200 - "-" "jetmon/1.0 (Jetpack Site Uptime Monitor by WordPress.com)"
144.76.32.187 - - [19/May/2026:23:54:40 +0000] "GET /2020/05/14/caring-for-your-skin-with-a-few-great-tips/?share=x HTTP/1.1" 302 - "-" "Mozilla/5.0 (compatible; SERankingBacklinksBot/1.0; +https://seranking.com/backlinks-crawler)"
184.94.212.206 - - [19/May/2026:23:54:46 +0000] "POST /wp-cron.php?doing_wp_cron=1779234886.3493471145629882812500 HTTP/1.1" 200 - "-" "WordPress/6.9.4; https://www.wrinkledskinrepair.com"
144.76.32.187 - - [19/May/2026:23:54:45 +0000] "GET /2020/05/15/want-healthy-skin-its-easy-with-these-tips/?share=x HTTP/1.1" 302 - "-" "Mozilla/5.0 (compatible; SERankingBacklinksBot/1.0; +https://seranking.com/backlinks-crawler)"
144.76.32.187 - - [19/May/2026:23:54:50 +0000] "GET /2020/06/25/tips-on-how-to-achieve-radiant-skin/?share=facebook HTTP/1.1" 302 - "-" "Mozilla/5.0 (compatible; SERankingBacklinksBot/1.0; +https://seranking.com/backlinks-crawler)"
144.76.32.187 - - [19/May/2026:23:54:57 +0000] "GET /2013/06/08/skin-care-tips-to-avoid-developing-wrinkles/?share=x HTTP/1.1" 302 - "-" "Mozilla/5.0 (compatible; SERankingBacklinksBot/1.0; +https://seranking.com/backlinks-crawler)"
144.76.32.187 - - [19/May/2026:23:55:02 +0000] "GET /2017/06/08/modern-approaches-to-skin-wrinkle-treatment/?share=x HTTP/1.1" 302 - "-" "Mozilla/5.0 (compatible; SERankingBacklinksBot/1.0; +https://seranking.com/backlinks-crawler)"
184.94.212.206 - - [19/May/2026:23:55:08 +0000] "POST /wp-cron.php?doing_wp_cron=1779234908.9545800685882568359375 HTTP/1.1" 200 - "-" "WordPress/6.9.4; https://www.wrinkledskinrepair.com"
144.76.32.187 - - [19/May/2026:23:55:07 +0000] "GET /2018/05/23/skin-care-advice-for-a-beautiful-complexion/?share=x HTTP/1.1" 302 - "-" "Mozilla/5.0 (compatible; SERankingBacklinksBot/1.0; +https://seranking.com/backlinks-crawler)"
144.76.32.187 - - [19/May/2026:23:55:12 +0000] "GET /2018/06/10/easy-ways-to-get-beautiful-and-healthy-skin/?share=x HTTP/1.1" 302 - "-" "Mozilla/5.0 (compatible; SERankingBacklinksBot/1.0; +https://seranking.com/backlinks-crawler)"
184.94.212.206 - - [19/May/2026:23:55:18 +0000] "POST /wp-cron.php?doing_wp_cron=1779234918.8997058868408203125000 HTTP/1.1" 200 - "-" "WordPress/6.9.4; https://www.wrinkledskinrepair.com"
144.76.32.187 - - [19/May/2026:23:55:17 +0000] "GET /2019/05/10/keep-your-skin-fresh-clean-and-clear-with-this-helpful-advice-2/?share=facebook HTTP/1.1" 302 - "-" "Mozilla/5.0 (compatible; SERankingBacklinksBot/1.0; +https://seranking.com/backlinks-crawler)"
144.76.32.187 - - [19/May/2026:23:55:22 +0000] "GET /2018/06/19/best-skin-care-tips-you-can-start-using-now/?share=x HTTP/1.1" 302 - "-" "Mozilla/5.0 (compatible; SERankingBacklinksBot/1.0; +https://seranking.com/backlinks-crawler)"
144.76.32.187 - - [19/May/2026:23:55:27 +0000] "GET /2018/06/20/easy-steps-for-solving-common-skin-problems/?share=x HTTP/1.1" 302 - "-" "Mozilla/5.0 (compatible; SERankingBacklinksBot/1.0; +https://seranking.com/backlinks-crawler)"
144.76.32.187 - - [19/May/2026:23:55:32 +0000] "GET /2018/07/10/easy-ways-to-improve-your-skin-care-routine/?share=x HTTP/1.1" 302 - "-" "Mozilla/5.0 (compatible; SERankingBacklinksBot/1.0; +https://seranking.com/backlinks-crawler)"
144.76.32.187 - - [19/May/2026:23:55:37 +0000] "GET /2018/08/16/how-to-keep-your-skin-healthy-and-beautiful/?share=x HTTP/1.1" 302 - "-" "Mozilla/5.0 (compatible; SERankingBacklinksBot/1.0; +https://seranking.com/backlinks-crawler)"
144.76.32.187 - - [19/May/2026:23:55:42 +0000] "GET /2018/09/06/proven-skin-care-tips-that-work-immediately/?share=x HTTP/1.1" 302 - "-" "Mozilla/5.0 (compatible; SERankingBacklinksBot/1.0; +https://seranking.com/backlinks-crawler)"
144.76.32.187 - - [19/May/2026:23:55:47 +0000] "GET /2018/09/14/tips-to-care-for-your-skin-perfectly/?share=facebook HTTP/1.1" 302 - "-" "Mozilla/5.0 (compatible; SERankingBacklinksBot/1.0; +https://seranking.com/backlinks-crawler)"
144.76.32.187 - - [19/May/2026:23:55:52 +0000] "GET /2018/09/16/great-ideas-for-a-successful-skin-care-plan/?share=x HTTP/1.1" 302 - "-" "Mozilla/5.0 (compatible; SERankingBacklinksBot/1.0; +https://seranking.com/backlinks-crawler)"
144.76.32.187 - - [19/May/2026:23:55:56 +0000] "GET /2020/04/28/advice-and-ideas-to-help-you-keep-your-skin-healthy-and-glowing/?share=facebook HTTP/1.1" 302 - "-" "Mozilla/5.0 (compatible; SERankingBacklinksBot/1.0; +https://seranking.com/backlinks-crawler)"
144.76.32.187 - - [19/May/2026:23:56:01 +0000] "GET /2018/10/04/great-advice-for-every-day-skin-care/?share=facebook HTTP/1.1" 302 - "-" "Mozilla/5.0 (compatible; SERankingBacklinksBot/1.0; +https://seranking.com/backlinks-crawler)"
144.76.32.187 - - [19/May/2026:23:56:07 +0000] "GET /2018/10/07/the-best-skin-care-tips-you-can-find/?share=facebook HTTP/1.1" 302 - "-" "Mozilla/5.0 (compatible; SERankingBacklinksBot/1.0; +https://seranking.com/backlinks-crawler)"
144.76.32.187 - - [19/May/2026:23:56:12 +0000] "GET /2018/11/22/look-great-with-these-skin-care-tips/?share=facebook HTTP/1.1" 302 - "-" "Mozilla/5.0 (compatible; SERankingBacklinksBot/1.0; +https://seranking.com/backlinks-crawler)"
184.94.212.206 - - [19/May/2026:23:56:18 +0000] "POST /wp-cron.php?doing_wp_cron=1779234978.9016211032867431640625 HTTP/1.1" 200 - "-" "WordPress/6.9.4; https://www.wrinkledskinrepair.com"
144.76.32.187 - - [19/May/2026:23:56:17 +0000] "GET /2018/12/26/skin-care-tips-that-will-make-you-beautiful/?share=x HTTP/1.1" 302 - "-" "Mozilla/5.0 (compatible; SERankingBacklinksBot/1.0; +https://seranking.com/backlinks-crawler)"
144.76.32.187 - - [19/May/2026:23:56:22 +0000] "GET /2019/02/08/easy-to-use-skin-care-tips-starting-today-2/?share=x HTTP/1.1" 302 - "-" "Mozilla/5.0 (compatible; SERankingBacklinksBot/1.0; +https://seranking.com/backlinks-crawler)"
144.76.32.187 - - [19/May/2026:23:56:27 +0000] "GET /2019/02/12/care-for-your-skin-easily-with-these-tips-2/?share=x HTTP/1.1" 302 - "-" "Mozilla/5.0 (compatible; SERankingBacklinksBot/1.0; +https://seranking.com/backlinks-crawler)"
144.76.32.187 - - [19/May/2026:23:56:32 +0000] "GET /2019/04/03/skin-care-advice-for-better-skin-now/?share=facebook HTTP/1.1" 302 - "-" "Mozilla/5.0 (compatible; SERankingBacklinksBot/1.0; +https://seranking.com/backlinks-crawler)"
144.76.32.187 - - [19/May/2026:23:56:37 +0000] "GET /2018/05/21/how-to-use-nutrition-to-look-and-feel-years-younger-than-you-are/?share=facebook HTTP/1.1" 302 - "-" "Mozilla/5.0 (compatible; SERankingBacklinksBot/1.0; +https://seranking.com/backlinks-crawler)"
144.76.32.187 - - [19/May/2026:23:56:41 +0000] "GET /2019/04/14/tips-to-make-your-skin-perfect-again/?share=facebook HTTP/1.1" 302 - "-" "Mozilla/5.0 (compatible; SERankingBacklinksBot/1.0; +https://seranking.com/backlinks-crawler)"
195.234.109.72 - - [19/May/2026:23:56:42 +0000] "GET /wp-content/uploads/2018/06/e832b10e21f2053ed1584d05fb1d4390e277e2c818b413489cf3c47ea3ec_640.jpg HTTP/1.1" 301 - "-" "Photon/1.0"
195.234.109.72 - - [19/May/2026:23:56:43 +0000] "GET /wp-content/uploads/2018/06/e832b10e21f2053ed1584d05fb1d4390e277e2c818b413489cf3c47ea3ec_640.jpg HTTP/1.1" 404 131909 "-" "Photon/1.0"
144.76.32.187 - - [19/May/2026:23:56:46 +0000] "GET /2019/04/16/revitalize-your-skin-with-these-simple-tips/?share=x HTTP/1.1" 302 - "-" "Mozilla/5.0 (compatible; SERankingBacklinksBot/1.0; +https://seranking.com/backlinks-crawler)"
144.76.32.187 - - [19/May/2026:23:56:52 +0000] "GET /2019/04/27/for-skin-care-problems-read-this-now/?share=facebook HTTP/1.1" 302 - "-" "Mozilla/5.0 (compatible; SERankingBacklinksBot/1.0; +https://seranking.com/backlinks-crawler)"
144.76.32.187 - - [19/May/2026:23:56:56 +0000] "GET /2019/05/02/easy-skin-care-tips-anyone-can-benefit-from/?share=x HTTP/1.1" 302 - "-" "Mozilla/5.0 (compatible; SERankingBacklinksBot/1.0; +https://seranking.com/backlinks-crawler)"
144.76.32.187 - - [19/May/2026:23:57:01 +0000] "GET /2019/05/14/try-these-skin-care-tips-for-healthier-skin/?share=x HTTP/1.1" 302 - "-" "Mozilla/5.0 (compatible; SERankingBacklinksBot/1.0; +https://seranking.com/backlinks-crawler)"
144.76.32.187 - - [19/May/2026:23:57:06 +0000] "GET /2019/05/20/skin-care-tips-that-your-mom-never-told-you/?share=x HTTP/1.1" 302 - "-" "Mozilla/5.0 (compatible; SERankingBacklinksBot/1.0; +https://seranking.com/backlinks-crawler)"
144.76.32.187 - - [19/May/2026:23:57:11 +0000] "GET /2019/05/25/easy-to-use-skin-care-tips-starting-today-3/?share=x HTTP/1.1" 302 - "-" "Mozilla/5.0 (compatible; SERankingBacklinksBot/1.0; +https://seranking.com/backlinks-crawler)"
184.94.212.206 - - [19/May/2026:23:57:17 +0000] "POST /wp-cron.php?doing_wp_cron=1779235037.8939540386199951171875 HTTP/1.1" 200 - "-" "WordPress/6.9.4; https://www.wrinkledskinrepair.com"
144.76.32.187 - - [19/May/2026:23:57:16 +0000] "GET /2018/07/09/skin-care-shouldnt-have-to-be-difficult-follow-these-simple-tips/?share=facebook HTTP/1.1" 302 - "-" "Mozilla/5.0 (compatible; SERankingBacklinksBot/1.0; +https://seranking.com/backlinks-crawler)"
106.255.253.74 - - [19/May/2026:23:57:17 +0000] "GET / HTTP/1.1" 301 - "-" "Python/3.9 aiohttp/3.13.3"
106.255.253.74 - - [19/May/2026:23:57:19 +0000] "GET / HTTP/1.1" 200 47731 "-" "Python/3.9 aiohttp/3.13.3"
144.76.32.187 - - [19/May/2026:23:57:21 +0000] "GET /2019/06/27/tips-and-tricks-for-healthy-youthful-skin-2/?share=x HTTP/1.1" 302 - "-" "Mozilla/5.0 (compatible; SERankingBacklinksBot/1.0; +https://seranking.com/backlinks-crawler)"
144.76.32.187 - - [19/May/2026:23:57:26 +0000] "GET /2019/06/30/your-skin-and-how-to-take-care-of-it/?share=facebook HTTP/1.1" 302 - "-" "Mozilla/5.0 (compatible; SERankingBacklinksBot/1.0; +https://seranking.com/backlinks-crawler)"
144.76.32.187 - - [19/May/2026:23:57:31 +0000] "GET /2019/07/18/care-for-your-skin-easily-with-these-tips-3/?share=x HTTP/1.1" 302 - "-" "Mozilla/5.0 (compatible; SERankingBacklinksBot/1.0; +https://seranking.com/backlinks-crawler)"
144.76.32.187 - - [19/May/2026:23:57:36 +0000] "GET /2020/04/02/easy-to-use-skin-care-tips-starting-today-4/?share=x HTTP/1.1" 302 - "-" "Mozilla/5.0 (compatible; SERankingBacklinksBot/1.0; +https://seranking.com/backlinks-crawler)"
144.76.32.187 - - [19/May/2026:23:57:41 +0000] "GET /2020/04/27/easy-tips-to-have-perfect-skin-now-2/?share=facebook HTTP/1.1" 302 - "-" "Mozilla/5.0 (compatible; SERankingBacklinksBot/1.0; +https://seranking.com/backlinks-crawler)"
144.76.32.187 - - [19/May/2026:23:57:45 +0000] "GET /2020/04/29/healthy-glowing-skin-is-within-your-reach-2/?share=x HTTP/1.1" 302 - "-" "Mozilla/5.0 (compatible; SERankingBacklinksBot/1.0; +https://seranking.com/backlinks-crawler)"
144.76.32.187 - - [19/May/2026:23:57:50 +0000] "GET /2020/05/06/learn-about-caring-for-your-skin-now/?share=facebook HTTP/1.1" 302 - "-" "Mozilla/5.0 (compatible; SERankingBacklinksBot/1.0; +https://seranking.com/backlinks-crawler)"
144.76.32.187 - - [19/May/2026:23:57:55 +0000] "GET /2019/01/09/no-need-to-pay-to-see-an-expensive-dermatoligst-use-this-great-advice-2/?share=x HTTP/1.1" 302 - "-" "Mozilla/5.0 (compatible; SERankingBacklinksBot/1.0; +https://seranking.com/backlinks-crawler)"
144.76.32.187 - - [19/May/2026:23:58:01 +0000] "GET /2020/05/23/tips-to-easy-and-effective-skin-care/?share=facebook HTTP/1.1" 302 - "-" "Mozilla/5.0 (compatible; SERankingBacklinksBot/1.0; +https://seranking.com/backlinks-crawler)"
144.76.32.187 - - [19/May/2026:23:58:06 +0000] "GET /2020/05/26/keep-your-skin-at-its-best-with-this-advice/?share=x HTTP/1.1" 302 - "-" "Mozilla/5.0 (compatible; SERankingBacklinksBot/1.0; +https://seranking.com/backlinks-crawler)"
184.94.212.206 - - [19/May/2026:23:58:12 +0000] "POST /wp-cron.php?doing_wp_cron=1779235092.4402139186859130859375 HTTP/1.1" 200 - "-" "WordPress/6.9.4; https://www.wrinkledskinrepair.com"
144.76.32.187 - - [19/May/2026:23:58:11 +0000] "GET /2020/06/06/skin-care-advice-for-everyone-in-the-family/?share=x HTTP/1.1" 302 - "-" "Mozilla/5.0 (compatible; SERankingBacklinksBot/1.0; +https://seranking.com/backlinks-crawler)"
144.76.32.187 - - [19/May/2026:23:58:16 +0000] "GET /wrinkle-treatment/best-skin-care-tips-you-can-start-using-now/ HTTP/1.1" 301 - "-" "Mozilla/5.0 (compatible; SERankingBacklinksBot/1.0; +https://seranking.com/backlinks-crawler)"
184.94.212.206 - - [19/May/2026:23:58:18 +0000] "POST /wp-cron.php?doing_wp_cron=1779235098.5751469135284423828125 HTTP/1.1" 200 - "-" "WordPress/6.9.4; https://www.wrinkledskinrepair.com"
144.76.32.187 - - [19/May/2026:23:58:17 +0000] "GET /2018/06/19/best-skin-care-tips-you-can-start-using-now/ HTTP/1.1" 200 53836 "-" "Mozilla/5.0 (compatible; SERankingBacklinksBot/1.0; +https://seranking.com/backlinks-crawler)"
144.76.32.187 - - [19/May/2026:23:58:23 +0000] "GET /2013/06/08/different-treatments-for-eye-wrinkles/?share=facebook HTTP/1.1" 302 - "-" "Mozilla/5.0 (compatible; SERankingBacklinksBot/1.0; +https://seranking.com/backlinks-crawler)"
184.94.212.206 - - [19/May/2026:23:58:28 +0000] "POST /wp-cron.php?doing_wp_cron=1779235108.9818708896636962890625 HTTP/1.1" 200 - "-" "WordPress/6.9.4; https://www.wrinkledskinrepair.com"
144.76.32.187 - - [19/May/2026:23:58:27 +0000] "GET /2018/06/16/care-for-your-skin-with-these-steps-2/?share=facebook HTTP/1.1" 302 - "-" "Mozilla/5.0 (compatible; SERankingBacklinksBot/1.0; +https://seranking.com/backlinks-crawler)"
144.76.32.187 - - [19/May/2026:23:58:32 +0000] "GET /2018/07/28/look-more-youthful-with-a-few-skin-care-tips/?share=x HTTP/1.1" 302 - "-" "Mozilla/5.0 (compatible; SERankingBacklinksBot/1.0; +https://seranking.com/backlinks-crawler)"
144.76.32.187 - - [19/May/2026:23:58:37 +0000] "GET /2019/07/05/basic-skin-care-advice-that-will-bring-on-better-than-basic-skin/?share=facebook HTTP/1.1" 302 - "-" "Mozilla/5.0 (compatible; SERankingBacklinksBot/1.0; +https://seranking.com/backlinks-crawler)"
144.76.32.187 - - [19/May/2026:23:58:42 +0000] "GET /2018/08/08/skin-care-techniques-that-really-work/?share=facebook HTTP/1.1" 302 - "-" "Mozilla/5.0 (compatible; SERankingBacklinksBot/1.0; +https://seranking.com/backlinks-crawler)"
144.76.32.187 - - [19/May/2026:23:58:49 +0000] "GET /2018/08/18/tips-for-solving-all-your-skin-care-problems/?share=x HTTP/1.1" 302 - "-" "Mozilla/5.0 (compatible; SERankingBacklinksBot/1.0; +https://seranking.com/backlinks-crawler)"
144.76.32.187 - - [19/May/2026:23:58:54 +0000] "GET /2018/08/29/learn-how-to-take-care-of-your-skin-properly/?share=x HTTP/1.1" 302 - "-" "Mozilla/5.0 (compatible; SERankingBacklinksBot/1.0; +https://seranking.com/backlinks-crawler)"
184.94.212.206 - - [19/May/2026:23:59:40 +0000] "POST /wp-cron.php?doing_wp_cron=1779235180.5813250541687011718750 HTTP/1.1" 200 - "-" "WordPress/6.9.4; https://www.wrinkledskinrepair.com"
192.0.102.146 - - [19/May/2026:23:59:39 +0000] "HEAD / HTTP/1.1" 200 - "-" "jetmon/1.0 (Jetpack Site Uptime Monitor by WordPress.com)"
184.94.212.206 - - [20/May/2026:00:01:54 +0000] "POST /wp-cron.php?doing_wp_cron=1779235314.1542129516601562500000 HTTP/1.1" 200 - "-" "WordPress/6.9.4; https://www.wrinkledskinrepair.com"
47.128.42.107 - - [20/May/2026:00:01:52 +0000] "GET /tag/skin-cells/ HTTP/1.1" 200 49130 "-" "Mozilla/5.0 (Linux; Android 5.0) AppleWebKit/537.36 (KHTML, like Gecko) Mobile Safari/537.36 (compatible; Bytespider; spider-feedback@bytedance.com)"
47.128.42.107 - - [20/May/2026:00:01:54 +0000] "GET /wp-content/plugins/complianz-gdpr/assets/css/cookieblocker.min.css?ver=1741710170 HTTP/1.1" 200 723 "https://www.wrinkledskinrepair.com/tag/skin-cells/" "Mozilla/5.0 (Linux; Android 5.0) AppleWebKit/537.36 (KHTML, like Gecko) Mobile Safari/537.36 (compatible; Bytespider; spider-feedback@bytedance.com)"
47.128.42.107 - - [20/May/2026:00:01:55 +0000] "GET /wp-content/themes/spa-and-salon/css/perfect-scrollbar.min.css?ver=6.9.4 HTTP/1.1" 200 494 "https://www.wrinkledskinrepair.com/tag/skin-cells/" "Mozilla/5.0 (Linux; Android 5.0) AppleWebKit/537.36 (KHTML, like Gecko) Mobile Safari/537.36 (compatible; Bytespider; spider-feedback@bytedance.com)"
47.128.42.107 - - [20/May/2026:00:01:55 +0000] "GET /wp-content/themes/medical-spa/style.css?ver=1.0.7 HTTP/1.1" 200 5745 "https://www.wrinkledskinrepair.com/tag/skin-cells/" "Mozilla/5.0 (Linux; Android 5.0) AppleWebKit/537.36 (KHTML, like Gecko) Mobile Safari/537.36 (compatible; Bytespider; spider-feedback@bytedance.com)"
47.128.42.107 - - [20/May/2026:00:01:55 +0000] "GET /wp-content/themes/spa-and-salon/style.css?ver=6.9.4 HTTP/1.1" 200 13994 "https://www.wrinkledskinrepair.com/tag/skin-cells/" "Mozilla/5.0 (Linux; Android 5.0) AppleWebKit/537.36 (KHTML, like Gecko) Mobile Safari/537.36 (compatible; Bytespider; spider-feedback@bytedance.com)"
47.128.42.107 - - [20/May/2026:00:01:55 +0000] "GET /wp-content/themes/spa-and-salon/css/slick.min.css?ver=6.9.4 HTTP/1.1" 200 490 "https://www.wrinkledskinrepair.com/tag/skin-cells/" "Mozilla/5.0 (Linux; Android 5.0) AppleWebKit/537.36 (KHTML, like Gecko) Mobile Safari/537.36 (compatible; Bytespider; spider-feedback@bytedance.com)"
