184.94.212.206 - - [19/May/2026:23:09:45 +0000] "POST /wp-cron.php?doing_wp_cron=1779232185.3685629367828369140625 HTTP/1.1" 200 - "-" "WordPress/6.9.4; https://www.wrinkledskinrepair.com"
192.0.102.146 - - [19/May/2026:23:09:43 +0000] "HEAD / HTTP/1.1" 200 - "-" "jetmon/1.0 (Jetpack Site Uptime Monitor by WordPress.com)"
43.157.188.74 - - [19/May/2026:23:09:58 +0000] "GET / HTTP/1.1" 301 - "http://wrinkledskinrepair.com" "Mozilla/5.0 (iPhone; CPU iPhone OS 13_2_3 like Mac OS X) AppleWebKit/605.1.15 (KHTML, like Gecko) Version/13.0.3 Mobile/15E148 Safari/604.1"
43.157.188.74 - - [19/May/2026:23:10:00 +0000] "GET / HTTP/1.1" 200 47731 "https://wrinkledskinrepair.com/" "Mozilla/5.0 (iPhone; CPU iPhone OS 13_2_3 like Mac OS X) AppleWebKit/605.1.15 (KHTML, like Gecko) Version/13.0.3 Mobile/15E148 Safari/604.1"
52.60.135.78 - - [19/May/2026:23:13:13 +0000] "GET /wp-login.php HTTP/1.1" 200 4400 "-" "Mozilla/5.0 (X11; CrOS x86_64 14541.0.0) AppleWebKit/537.36 (KHTML, like Gecko) Chrome/133.0.0.0 Safari/537.36"
52.60.135.78 - - [19/May/2026:23:13:14 +0000] "POST /wp-login.php HTTP/1.1" 200 4400 "https://www.wrinkledskinrepair.com/wp-login.php" "Mozilla/5.0 (X11; CrOS x86_64 14541.0.0) AppleWebKit/537.36 (KHTML, like Gecko) Chrome/133.0.0.0 Safari/537.36"
184.94.212.206 - - [19/May/2026:23:14:04 +0000] "POST /wp-cron.php?doing_wp_cron=1779232444.4795870780944824218750 HTTP/1.1" 200 - "-" "WordPress/6.9.4; https://www.wrinkledskinrepair.com"
114.119.142.210 - - [19/May/2026:23:14:02 +0000] "GET /2020/03/26/skin-care-tips-to-keep-you-looking-your-best/?share=facebook HTTP/1.1" 302 - "https://www.wrinkledskinrepair.com/2020/03/26/skin-care-tips-to-keep-you-looking-your-best/" "Mozilla/5.0 (Linux; Android 7.0;) AppleWebKit/537.36 (HTML, like Gecko) Mobile Safari/537.36 (compatible; PetalBot;+https://webmaster.petalsearch.com/site/petalbot)"
184.94.212.206 - - [19/May/2026:23:14:43 +0000] "POST /wp-cron.php?doing_wp_cron=1779232483.7593638896942138671875 HTTP/1.1" 200 - "-" "WordPress/6.9.4; https://www.wrinkledskinrepair.com"
192.0.102.146 - - [19/May/2026:23:14:42 +0000] "HEAD / HTTP/1.1" 200 - "-" "jetmon/1.0 (Jetpack Site Uptime Monitor by WordPress.com)"
109.105.209.15 - - [19/May/2026:23:16:17 +0000] "GET / HTTP/1.1" 301 - "http://wrinkledskinrepair.com/" "Mozilla/5.0 AppleWebKit/537.36 (KHTML, like Gecko) Chrome/123.0.6312.86 Safari/537.36"
17.22.237.224 - - [19/May/2026:23:16:18 +0000] "GET /robots.txt HTTP/1.1" 200 127 "-" "Mozilla/5.0 (Macintosh; Intel Mac OS X 10_15_7) AppleWebKit/605.1.15 (KHTML, like Gecko) Version/17.4 Safari/605.1.15 (Applebot/0.1; +http://www.apple.com/go/applebot)"
109.105.209.15 - - [19/May/2026:23:16:19 +0000] "GET / HTTP/1.1" 200 47731 "https://wrinkledskinrepair.com/" "Mozilla/5.0 AppleWebKit/537.36 (KHTML, like Gecko) Chrome/123.0.6312.86 Safari/537.36"
17.22.237.224 - - [19/May/2026:23:16:20 +0000] "GET /2018/11/24/skin-care-tricks-that-improve-your-skin/ HTTP/1.1" 200 53545 "-" "Mozilla/5.0 (Macintosh; Intel Mac OS X 10_15_7) AppleWebKit/605.1.15 (KHTML, like Gecko) Version/17.4 Safari/605.1.15 (Applebot/0.1; +http://www.apple.com/go/applebot)"
17.22.237.92 - - [19/May/2026:23:16:22 +0000] "GET /robots.txt HTTP/1.1" 200 127 "-" "Mozilla/5.0 (Macintosh; Intel Mac OS X 10_15_7) AppleWebKit/605.1.15 (KHTML, like Gecko) Version/17.4 Safari/605.1.15 (Applebot/0.1; +http://www.apple.com/go/applebot)"
17.22.237.92 - - [19/May/2026:23:16:24 +0000] "GET /robots.txt HTTP/1.1" 200 127 "-" "Mozilla/5.0 (Macintosh; Intel Mac OS X 10_15_7) AppleWebKit/605.1.15 (KHTML, like Gecko) Version/17.4 Safari/605.1.15 (Applebot/0.1; +http://www.apple.com/go/applebot)"
17.22.237.92 - - [19/May/2026:23:16:25 +0000] "GET /robots.txt HTTP/1.1" 200 127 "-" "Mozilla/5.0 (Macintosh; Intel Mac OS X 10_15_7) AppleWebKit/605.1.15 (KHTML, like Gecko) Version/17.4 Safari/605.1.15 (Applebot/0.1; +http://www.apple.com/go/applebot)"
17.22.237.92 - - [19/May/2026:23:16:27 +0000] "GET /robots.txt HTTP/1.1" 200 127 "-" "Mozilla/5.0 (Macintosh; Intel Mac OS X 10_15_7) AppleWebKit/605.1.15 (KHTML, like Gecko) Version/17.4 Safari/605.1.15 (Applebot/0.1; +http://www.apple.com/go/applebot)"
17.22.237.92 - - [19/May/2026:23:16:28 +0000] "GET /robots.txt HTTP/1.1" 200 127 "-" "Mozilla/5.0 (Macintosh; Intel Mac OS X 10_15_7) AppleWebKit/605.1.15 (KHTML, like Gecko) Version/17.4 Safari/605.1.15 (Applebot/0.1; +http://www.apple.com/go/applebot)"
109.105.209.12 - - [19/May/2026:23:16:29 +0000] "POST /mcp HTTP/1.1" 404 41272 "-" "python-httpx/0.28.1"
17.22.237.92 - - [19/May/2026:23:16:30 +0000] "GET /robots.txt HTTP/1.1" 200 127 "-" "Mozilla/5.0 (Macintosh; Intel Mac OS X 10_15_7) AppleWebKit/605.1.15 (KHTML, like Gecko) Version/17.4 Safari/605.1.15 (Applebot/0.1; +http://www.apple.com/go/applebot)"
109.105.209.12 - - [19/May/2026:23:16:30 +0000] "GET /sse HTTP/1.1" 404 41270 "-" "python-httpx/0.28.1"
17.22.237.92 - - [19/May/2026:23:16:32 +0000] "GET /robots.txt HTTP/1.1" 200 127 "-" "Mozilla/5.0 (Macintosh; Intel Mac OS X 10_15_7) AppleWebKit/605.1.15 (KHTML, like Gecko) Version/17.4 Safari/605.1.15 (Applebot/0.1; +http://www.apple.com/go/applebot)"
109.105.209.12 - - [19/May/2026:23:16:33 +0000] "GET /favicon.ico HTTP/1.1" 302 - "http://wrinkledskinrepair.com/favicon.ico" "Mozilla/5.0 AppleWebKit/537.36 (KHTML, like Gecko) Chrome/123.0.6312.86 Safari/537.36"
184.94.212.206 - - [19/May/2026:23:19:40 +0000] "POST /wp-cron.php?doing_wp_cron=1779232780.3360950946807861328125 HTTP/1.1" 200 - "-" "WordPress/6.9.4; https://www.wrinkledskinrepair.com"
192.0.102.146 - - [19/May/2026:23:19:38 +0000] "HEAD / HTTP/1.1" 200 - "-" "jetmon/1.0 (Jetpack Site Uptime Monitor by WordPress.com)"
45.173.110.195 - - [19/May/2026:23:21:57 +0000] "GET /wrinkle-treatment/the-easy-way-to-attain-perfect-skin/ HTTP/1.1" 301 - "-" "Mozilla/5.0 (Macintosh; Intel Mac OS X 14.6; rv:132.0) Gecko/20100101 Firefox/132.0"
45.173.110.195 - - [19/May/2026:23:21:59 +0000] "GET /2018/08/23/the-easy-way-to-attain-perfect-skin/ HTTP/1.1" 200 53964 "-" "Mozilla/5.0 (Macintosh; Intel Mac OS X 14.6; rv:132.0) Gecko/20100101 Firefox/132.0"
195.234.109.100 - - [19/May/2026:23:22:08 +0000] "GET /wp-content/uploads/2020/06/image-3.png HTTP/1.1" 200 1047672 "-" "Photon/1.0"
184.94.212.206 - - [19/May/2026:23:22:22 +0000] "POST /wp-cron.php?doing_wp_cron=1779232942.0900099277496337890625 HTTP/1.1" 200 - "-" "WordPress/6.9.4; https://www.wrinkledskinrepair.com"
146.174.161.229 - - [19/May/2026:23:22:20 +0000] "GET /tag/lip-balm/ HTTP/1.1" 301 - "-" "Mozilla/5.0 (Macintosh; Intel Mac OS X 10.15; rv:135.0) Gecko/20100101 Firefox/135.0"
202.76.130.212 - - [19/May/2026:23:22:23 +0000] "GET /tag/lip-balm/ HTTP/1.1" 200 48885 "-" "Mozilla/5.0 (Macintosh; Intel Mac OS X 10.15; rv:135.0) Gecko/20100101 Firefox/135.0"
17.22.245.54 - - [19/May/2026:23:22:25 +0000] "GET /wp-content/plugins/recent-posts-widget-with-thumbnails/public.css?ver=7.1.1 HTTP/1.1" 200 487 "https://www.wrinkledskinrepair.com/2018/11/24/skin-care-tricks-that-improve-your-skin/" "Mozilla/5.0 (Macintosh; Intel Mac OS X 10_15_7) AppleWebKit/605.1.15 (KHTML, like Gecko) Version/17.4 Safari/605.1.15 (Applebot/0.1; +http://www.apple.com/go/applebot)"
17.22.245.54 - - [19/May/2026:23:22:26 +0000] "GET /wp-content/plugins/complianz-gdpr/assets/css/cookieblocker.min.css?ver=1741710170 HTTP/1.1" 200 723 "https://www.wrinkledskinrepair.com/2018/11/24/skin-care-tricks-that-improve-your-skin/" "Mozilla/5.0 (Macintosh; Intel Mac OS X 10_15_7) AppleWebKit/605.1.15 (KHTML, like Gecko) Version/17.4 Safari/605.1.15 (Applebot/0.1; +http://www.apple.com/go/applebot)"
17.22.245.54 - - [19/May/2026:23:22:28 +0000] "GET /wp-content/themes/spa-and-salon/css/slick.min.css?ver=6.9.4 HTTP/1.1" 200 490 "https://www.wrinkledskinrepair.com/2018/11/24/skin-care-tricks-that-improve-your-skin/" "Mozilla/5.0 (Macintosh; Intel Mac OS X 10_15_7) AppleWebKit/605.1.15 (KHTML, like Gecko) Version/17.4 Safari/605.1.15 (Applebot/0.1; +http://www.apple.com/go/applebot)"
17.22.245.54 - - [19/May/2026:23:22:29 +0000] "GET /wp-content/themes/spa-and-salon/css/perfect-scrollbar.min.css?ver=6.9.4 HTTP/1.1" 200 494 "https://www.wrinkledskinrepair.com/2018/11/24/skin-care-tricks-that-improve-your-skin/" "Mozilla/5.0 (Macintosh; Intel Mac OS X 10_15_7) AppleWebKit/605.1.15 (KHTML, like Gecko) Version/17.4 Safari/605.1.15 (Applebot/0.1; +http://www.apple.com/go/applebot)"
17.22.245.54 - - [19/May/2026:23:22:31 +0000] "GET /wp-content/themes/medical-spa/style.css?ver=1.0.7 HTTP/1.1" 200 5745 "https://www.wrinkledskinrepair.com/2018/11/24/skin-care-tricks-that-improve-your-skin/" "Mozilla/5.0 (Macintosh; Intel Mac OS X 10_15_7) AppleWebKit/605.1.15 (KHTML, like Gecko) Version/17.4 Safari/605.1.15 (Applebot/0.1; +http://www.apple.com/go/applebot)"
17.22.245.54 - - [19/May/2026:23:22:33 +0000] "GET /wp-content/themes/spa-and-salon/style.css?ver=6.9.4 HTTP/1.1" 200 13994 "https://www.wrinkledskinrepair.com/2018/11/24/skin-care-tricks-that-improve-your-skin/" "Mozilla/5.0 (Macintosh; Intel Mac OS X 10_15_7) AppleWebKit/605.1.15 (KHTML, like Gecko) Version/17.4 Safari/605.1.15 (Applebot/0.1; +http://www.apple.com/go/applebot)"
17.22.245.54 - - [19/May/2026:23:22:34 +0000] "GET /wp-content/plugins/tablepress/css/build/default.css?ver=3.3 HTTP/1.1" 200 1767 "https://www.wrinkledskinrepair.com/2018/11/24/skin-care-tricks-that-improve-your-skin/" "Mozilla/5.0 (Macintosh; Intel Mac OS X 10_15_7) AppleWebKit/605.1.15 (KHTML, like Gecko) Version/17.4 Safari/605.1.15 (Applebot/0.1; +http://www.apple.com/go/applebot)"
17.22.245.54 - - [19/May/2026:23:22:36 +0000] "GET /wp-content/plugins/jetpack/jetpack_vendor/automattic/jetpack-classic-theme-helper/dist/responsive-videos/responsive-videos.css?minify=false&ver=1a16f71f21c6d197f51b HTTP/1.1" 200 101 "https://www.wrinkledskinrepair.com/2018/11/24/skin-care-tricks-that-improve-your-skin/" "Mozilla/5.0 (Macintosh; Intel Mac OS X 10_15_7) AppleWebKit/605.1.15 (KHTML, like Gecko) Version/17.4 Safari/605.1.15 (Applebot/0.1; +http://www.apple.com/go/applebot)"
17.22.245.54 - - [19/May/2026:23:22:37 +0000] "GET /wp-content/plugins/wp-meta-and-date-remover/assets/js/inspector.js?ver=1.1 HTTP/1.1" 200 1455 "https://www.wrinkledskinrepair.com/2018/11/24/skin-care-tricks-that-improve-your-skin/" "Mozilla/5.0 (Macintosh; Intel Mac OS X 10_15_7) AppleWebKit/605.1.15 (KHTML, like Gecko) Version/17.4 Safari/605.1.15 (Applebot/0.1; +http://www.apple.com/go/applebot)"
17.22.245.54 - - [19/May/2026:23:22:39 +0000] "GET /wp-content/themes/spa-and-salon/js/all.min.js?ver=6.5.1 HTTP/1.1" 200 542300 "https://www.wrinkledskinrepair.com/2018/11/24/skin-care-tricks-that-improve-your-skin/" "Mozilla/5.0 (Macintosh; Intel Mac OS X 10_15_7) AppleWebKit/605.1.15 (KHTML, like Gecko) Version/17.4 Safari/605.1.15 (Applebot/0.1; +http://www.apple.com/go/applebot)"
17.22.245.54 - - [19/May/2026:23:22:41 +0000] "GET /wp-content/themes/spa-and-salon/js/v4-shims.min.js?ver=6.5.1 HTTP/1.1" 200 7909 "https://www.wrinkledskinrepair.com/2018/11/24/skin-care-tricks-that-improve-your-skin/" "Mozilla/5.0 (Macintosh; Intel Mac OS X 10_15_7) AppleWebKit/605.1.15 (KHTML, like Gecko) Version/17.4 Safari/605.1.15 (Applebot/0.1; +http://www.apple.com/go/applebot)"
17.22.245.54 - - [19/May/2026:23:22:42 +0000] "GET /wp-content/themes/spa-and-salon/js/modal-accessibility.min.js?ver=1.0.7 HTTP/1.1" 200 2033 "https://www.wrinkledskinrepair.com/2018/11/24/skin-care-tricks-that-improve-your-skin/" "Mozilla/5.0 (Macintosh; Intel Mac OS X 10_15_7) AppleWebKit/605.1.15 (KHTML, like Gecko) Version/17.4 Safari/605.1.15 (Applebot/0.1; +http://www.apple.com/go/applebot)"
17.22.245.54 - - [19/May/2026:23:22:44 +0000] "GET /wp-content/themes/spa-and-salon/js/slick.min.js?ver=2.6.0 HTTP/1.1" 200 10445 "https://www.wrinkledskinrepair.com/2018/11/24/skin-care-tricks-that-improve-your-skin/" "Mozilla/5.0 (Macintosh; Intel Mac OS X 10_15_7) AppleWebKit/605.1.15 (KHTML, like Gecko) Version/17.4 Safari/605.1.15 (Applebot/0.1; +http://www.apple.com/go/applebot)"
17.22.245.54 - - [19/May/2026:23:22:46 +0000] "GET /wp-content/themes/spa-and-salon/js/perfect-scrollbar.min.js?ver=1.0.7 HTTP/1.1" 200 5954 "https://www.wrinkledskinrepair.com/2018/11/24/skin-care-tricks-that-improve-your-skin/" "Mozilla/5.0 (Macintosh; Intel Mac OS X 10_15_7) AppleWebKit/605.1.15 (KHTML, like Gecko) Version/17.4 Safari/605.1.15 (Applebot/0.1; +http://www.apple.com/go/applebot)"
17.22.245.54 - - [19/May/2026:23:22:47 +0000] "GET /wp-content/themes/spa-and-salon/js/custom.min.js?ver=1.0.7 HTTP/1.1" 200 567 "https://www.wrinkledskinrepair.com/2018/11/24/skin-care-tricks-that-improve-your-skin/" "Mozilla/5.0 (Macintosh; Intel Mac OS X 10_15_7) AppleWebKit/605.1.15 (KHTML, like Gecko) Version/17.4 Safari/605.1.15 (Applebot/0.1; +http://www.apple.com/go/applebot)"
17.22.245.54 - - [19/May/2026:23:22:49 +0000] "GET /wp-content/plugins/google-site-kit/dist/assets/js/googlesitekit-consent-mode-da15714e8829855bb7ce.js HTTP/1.1" 200 25462 "https://www.wrinkledskinrepair.com/2018/11/24/skin-care-tricks-that-improve-your-skin/" "Mozilla/5.0 (Macintosh; Intel Mac OS X 10_15_7) AppleWebKit/605.1.15 (KHTML, like Gecko) Version/17.4 Safari/605.1.15 (Applebot/0.1; +http://www.apple.com/go/applebot)"
17.22.245.54 - - [19/May/2026:23:22:50 +0000] "GET /wp-content/plugins/wp-consent-api/assets/js/wp-consent-api.min.js?ver=2.0.1 HTTP/1.1" 200 822 "https://www.wrinkledskinrepair.com/2018/11/24/skin-care-tricks-that-improve-your-skin/" "Mozilla/5.0 (Macintosh; Intel Mac OS X 10_15_7) AppleWebKit/605.1.15 (KHTML, like Gecko) Version/17.4 Safari/605.1.15 (Applebot/0.1; +http://www.apple.com/go/applebot)"
17.22.245.54 - - [19/May/2026:23:22:52 +0000] "GET /wp-content/plugins/jetpack/_inc/blocks/subscriptions/view.js?minify=false&ver=15.8 HTTP/1.1" 200 2286 "https://www.wrinkledskinrepair.com/2018/11/24/skin-care-tricks-that-improve-your-skin/" "Mozilla/5.0 (Macintosh; Intel Mac OS X 10_15_7) AppleWebKit/605.1.15 (KHTML, like Gecko) Version/17.4 Safari/605.1.15 (Applebot/0.1; +http://www.apple.com/go/applebot)"
17.22.245.54 - - [19/May/2026:23:22:54 +0000] "GET /wp-content/plugins/jetpack/jetpack_vendor/automattic/jetpack-classic-theme-helper/dist/responsive-videos/responsive-videos.js?minify=false&ver=1a16f71f21c6d197f51b HTTP/1.1" 200 645 "https://www.wrinkledskinrepair.com/2018/11/24/skin-care-tricks-that-improve-your-skin/" "Mozilla/5.0 (Macintosh; Intel Mac OS X 10_15_7) AppleWebKit/605.1.15 (KHTML, like Gecko) Version/17.4 Safari/605.1.15 (Applebot/0.1; +http://www.apple.com/go/applebot)"
17.22.237.187 - - [19/May/2026:23:22:57 +0000] "GET /wp-includes/js/wp-emoji-release.min.js?ver=6.9.4 HTTP/1.1" 200 5375 "https://www.wrinkledskinrepair.com/2018/11/24/skin-care-tricks-that-improve-your-skin/" "Mozilla/5.0 (Macintosh; Intel Mac OS X 10_15_7) AppleWebKit/605.1.15 (KHTML, like Gecko) Version/17.4 Safari/605.1.15 (Applebot/0.1; +http://www.apple.com/go/applebot)"
184.94.212.206 - - [19/May/2026:23:23:03 +0000] "POST /wp-cron.php?doing_wp_cron=1779232982.9960470199584960937500 HTTP/1.1" 200 - "-" "WordPress/6.9.4; https://www.wrinkledskinrepair.com"
17.22.245.54 - - [19/May/2026:23:22:55 +0000] "POST /wp-admin/admin-ajax.php HTTP/1.1" 200 62 "https://www.wrinkledskinrepair.com/2018/11/24/skin-care-tricks-that-improve-your-skin/" "Mozilla/5.0 (Macintosh; Intel Mac OS X 10_15_7) AppleWebKit/605.1.15 (KHTML, like Gecko) Version/17.4 Safari/605.1.15 (Applebot/0.1; +http://www.apple.com/go/applebot)"
17.22.237.187 - - [19/May/2026:23:22:58 +0000] "GET /2018/11/24/skin-care-tricks-that-improve-your-skin/?relatedposts=1 HTTP/1.1" 200 1150 "https://www.wrinkledskinrepair.com/2018/11/24/skin-care-tricks-that-improve-your-skin/" "Mozilla/5.0 (Macintosh; Intel Mac OS X 10_15_7) AppleWebKit/605.1.15 (KHTML, like Gecko) Version/17.4 Safari/605.1.15 (Applebot/0.1; +http://www.apple.com/go/applebot)"
184.94.212.206 - - [19/May/2026:23:24:08 +0000] "POST /wp-cron.php?doing_wp_cron=1779233048.6091639995574951171875 HTTP/1.1" 200 - "-" "WordPress/6.9.4; https://www.wrinkledskinrepair.com"
114.119.157.239 - - [19/May/2026:23:24:06 +0000] "GET /2019/07/20/care-for-your-skin-better-with-these-tips/?share=facebook HTTP/1.1" 302 - "https://www.wrinkledskinrepair.com/2019/07/20/care-for-your-skin-better-with-these-tips" "Mozilla/5.0 (Linux; Android 7.0;) AppleWebKit/537.36 (HTML, like Gecko) Mobile Safari/537.36 (compatible; PetalBot;+https://webmaster.petalsearch.com/site/petalbot)"
212.47.73.67 - - [19/May/2026:23:24:15 +0000] "GET /wp-login.php HTTP/1.1" 200 4400 "-" "Mozilla/5.0 (X11; Linux x86_64) AppleWebKit/537.36 (KHTML, like Gecko) Chrome/133.0.0.0 Safari/537.36"
212.47.73.67 - - [19/May/2026:23:24:16 +0000] "POST /wp-login.php HTTP/1.1" 200 4400 "https://wrinkledskinrepair.com/wp-login.php" "Mozilla/5.0 (X11; Linux x86_64) AppleWebKit/537.36 (KHTML, like Gecko) Chrome/133.0.0.0 Safari/537.36"
184.94.212.206 - - [19/May/2026:23:24:38 +0000] "POST /wp-cron.php?doing_wp_cron=1779233078.1847589015960693359375 HTTP/1.1" 200 - "-" "WordPress/6.9.4; https://www.wrinkledskinrepair.com"
192.0.102.146 - - [19/May/2026:23:24:37 +0000] "HEAD / HTTP/1.1" 200 - "-" "jetmon/1.0 (Jetpack Site Uptime Monitor by WordPress.com)"
195.234.109.82 - - [19/May/2026:23:27:41 +0000] "GET /wp-content/uploads/2019/02/e831b70e2bf7033ed1584d05fb1d4390e277e2c818b4154892f7c379a3ef_640.jpg HTTP/1.1" 301 - "-" "Photon/1.0"
195.234.109.82 - - [19/May/2026:23:27:42 +0000] "GET /wp-content/uploads/2019/02/e831b70e2bf7033ed1584d05fb1d4390e277e2c818b4154892f7c379a3ef_640.jpg HTTP/1.1" 404 131909 "-" "Photon/1.0"
184.94.212.206 - - [19/May/2026:23:29:28 +0000] "POST /wp-cron.php?doing_wp_cron=1779233368.5826940536499023437500 HTTP/1.1" 200 - "-" "WordPress/6.9.4; https://www.wrinkledskinrepair.com"
47.128.41.76 - - [19/May/2026:23:29:26 +0000] "GET /tag/wrinkle-reducer/ HTTP/1.1" 200 45553 "-" "Mozilla/5.0 (compatible; Bytespider; spider-feedback@bytedance.com) AppleWebKit/537.36 (KHTML, like Gecko) Chrome/70.0.0.0 Safari/537.36"
47.128.41.76 - - [19/May/2026:23:29:31 +0000] "GET /wp-content/themes/medical-spa/style.css?ver=1.0.7 HTTP/1.1" 200 5745 "https://www.wrinkledskinrepair.com/tag/wrinkle-reducer/" "Mozilla/5.0 (compatible; Bytespider; spider-feedback@bytedance.com) AppleWebKit/537.36 (KHTML, like Gecko) Chrome/70.0.0.0 Safari/537.36"
47.128.41.76 - - [19/May/2026:23:29:32 +0000] "GET /wp-content/plugins/complianz-gdpr/assets/css/cookieblocker.min.css?ver=1741710170 HTTP/1.1" 200 723 "https://www.wrinkledskinrepair.com/tag/wrinkle-reducer/" "Mozilla/5.0 (compatible; Bytespider; spider-feedback@bytedance.com) AppleWebKit/537.36 (KHTML, like Gecko) Chrome/70.0.0.0 Safari/537.36"
47.128.41.76 - - [19/May/2026:23:29:32 +0000] "GET /wp-content/plugins/tablepress/css/build/default.css?ver=3.3 HTTP/1.1" 200 1767 "https://www.wrinkledskinrepair.com/tag/wrinkle-reducer/" "Mozilla/5.0 (compatible; Bytespider; spider-feedback@bytedance.com) AppleWebKit/537.36 (KHTML, like Gecko) Chrome/70.0.0.0 Safari/537.36"
47.128.41.76 - - [19/May/2026:23:29:32 +0000] "GET /wp-content/themes/spa-and-salon/style.css?ver=6.9.4 HTTP/1.1" 200 13994 "https://www.wrinkledskinrepair.com/tag/wrinkle-reducer/" "Mozilla/5.0 (compatible; Bytespider; spider-feedback@bytedance.com) AppleWebKit/537.36 (KHTML, like Gecko) Chrome/70.0.0.0 Safari/537.36"
47.128.41.76 - - [19/May/2026:23:29:32 +0000] "GET /wp-content/themes/spa-and-salon/css/slick.min.css?ver=6.9.4 HTTP/1.1" 200 490 "https://www.wrinkledskinrepair.com/tag/wrinkle-reducer/" "Mozilla/5.0 (compatible; Bytespider; spider-feedback@bytedance.com) AppleWebKit/537.36 (KHTML, like Gecko) Chrome/70.0.0.0 Safari/537.36"
47.128.41.76 - - [19/May/2026:23:29:32 +0000] "GET /wp-content/themes/spa-and-salon/css/perfect-scrollbar.min.css?ver=6.9.4 HTTP/1.1" 200 494 "https://www.wrinkledskinrepair.com/tag/wrinkle-reducer/" "Mozilla/5.0 (compatible; Bytespider; spider-feedback@bytedance.com) AppleWebKit/537.36 (KHTML, like Gecko) Chrome/70.0.0.0 Safari/537.36"
47.128.41.76 - - [19/May/2026:23:29:32 +0000] "GET /wp-content/plugins/jetpack/jetpack_vendor/automattic/jetpack-classic-theme-helper/dist/responsive-videos/responsive-videos.css?minify=false&ver=1a16f71f21c6d197f51b HTTP/1.1" 200 101 "https://www.wrinkledskinrepair.com/tag/wrinkle-reducer/" "Mozilla/5.0 (compatible; Bytespider; spider-feedback@bytedance.com) AppleWebKit/537.36 (KHTML, like Gecko) Chrome/70.0.0.0 Safari/537.36"
47.128.41.76 - - [19/May/2026:23:29:32 +0000] "GET /wp-content/plugins/recent-posts-widget-with-thumbnails/public.css?ver=7.1.1 HTTP/1.1" 200 487 "https://www.wrinkledskinrepair.com/tag/wrinkle-reducer/" "Mozilla/5.0 (compatible; Bytespider; spider-feedback@bytedance.com) AppleWebKit/537.36 (KHTML, like Gecko) Chrome/70.0.0.0 Safari/537.36"
216.73.217.80 - - [19/May/2026:23:29:34 +0000] "GET /robots.txt HTTP/1.1" 200 127 "-" "Mozilla/5.0 AppleWebKit/537.36 (KHTML, like Gecko; compatible; ClaudeBot/1.0; +claudebot@anthropic.com)"
216.73.217.80 - - [19/May/2026:23:29:35 +0000] "GET /contact/ HTTP/1.1" 200 46567 "-" "Mozilla/5.0 AppleWebKit/537.36 (KHTML, like Gecko; compatible; ClaudeBot/1.0; +claudebot@anthropic.com)"
216.73.217.80 - - [19/May/2026:23:29:36 +0000] "GET /tag/avoid-shaving/ HTTP/1.1" 200 45495 "-" "Mozilla/5.0 AppleWebKit/537.36 (KHTML, like Gecko; compatible; ClaudeBot/1.0; +claudebot@anthropic.com)"
192.0.102.146 - - [19/May/2026:23:29:36 +0000] "HEAD / HTTP/1.1" 200 - "-" "jetmon/1.0 (Jetpack Site Uptime Monitor by WordPress.com)"
184.94.212.206 - - [19/May/2026:23:29:47 +0000] "POST /wp-cron.php?doing_wp_cron=1779233387.9097390174865722656250 HTTP/1.1" 200 - "-" "WordPress/6.9.4; https://www.wrinkledskinrepair.com"
216.73.217.80 - - [19/May/2026:23:29:46 +0000] "GET /tag/broad-spectrum/ HTTP/1.1" 200 45517 "-" "Mozilla/5.0 AppleWebKit/537.36 (KHTML, like Gecko; compatible; ClaudeBot/1.0; +claudebot@anthropic.com)"
216.73.217.80 - - [19/May/2026:23:29:46 +0000] "GET /tag/chapped-lips/ HTTP/1.1" 200 47658 "-" "Mozilla/5.0 AppleWebKit/537.36 (KHTML, like Gecko; compatible; ClaudeBot/1.0; +claudebot@anthropic.com)"
47.128.42.12 - - [19/May/2026:23:29:52 +0000] "GET /category/wrinkle-reducer/ HTTP/1.1" 200 46238 "-" "Mozilla/5.0 (compatible; Bytespider; spider-feedback@bytedance.com) AppleWebKit/537.36 (KHTML, like Gecko) Chrome/70.0.0.0 Safari/537.36"
47.128.42.12 - - [19/May/2026:23:29:54 +0000] "GET /wp-content/plugins/complianz-gdpr/assets/css/cookieblocker.min.css?ver=1741710170 HTTP/1.1" 200 723 "https://www.wrinkledskinrepair.com/category/wrinkle-reducer/" "Mozilla/5.0 (compatible; Bytespider; spider-feedback@bytedance.com) AppleWebKit/537.36 (KHTML, like Gecko) Chrome/70.0.0.0 Safari/537.36"
47.128.42.12 - - [19/May/2026:23:29:54 +0000] "GET /wp-content/themes/medical-spa/style.css?ver=1.0.7 HTTP/1.1" 200 5745 "https://www.wrinkledskinrepair.com/category/wrinkle-reducer/" "Mozilla/5.0 (compatible; Bytespider; spider-feedback@bytedance.com) AppleWebKit/537.36 (KHTML, like Gecko) Chrome/70.0.0.0 Safari/537.36"
47.128.42.12 - - [19/May/2026:23:29:55 +0000] "GET /wp-content/themes/spa-and-salon/style.css?ver=6.9.4 HTTP/1.1" 200 13994 "https://www.wrinkledskinrepair.com/category/wrinkle-reducer/" "Mozilla/5.0 (compatible; Bytespider; spider-feedback@bytedance.com) AppleWebKit/537.36 (KHTML, like Gecko) Chrome/70.0.0.0 Safari/537.36"
47.128.42.12 - - [19/May/2026:23:29:55 +0000] "GET /wp-content/themes/spa-and-salon/css/perfect-scrollbar.min.css?ver=6.9.4 HTTP/1.1" 200 494 "https://www.wrinkledskinrepair.com/category/wrinkle-reducer/" "Mozilla/5.0 (compatible; Bytespider; spider-feedback@bytedance.com) AppleWebKit/537.36 (KHTML, like Gecko) Chrome/70.0.0.0 Safari/537.36"
47.128.42.12 - - [19/May/2026:23:29:55 +0000] "GET /wp-content/themes/spa-and-salon/css/slick.min.css?ver=6.9.4 HTTP/1.1" 200 490 "https://www.wrinkledskinrepair.com/category/wrinkle-reducer/" "Mozilla/5.0 (compatible; Bytespider; spider-feedback@bytedance.com) AppleWebKit/537.36 (KHTML, like Gecko) Chrome/70.0.0.0 Safari/537.36"
47.128.42.12 - - [19/May/2026:23:29:55 +0000] "GET /wp-content/plugins/tablepress/css/build/default.css?ver=3.3 HTTP/1.1" 200 1767 "https://www.wrinkledskinrepair.com/category/wrinkle-reducer/" "Mozilla/5.0 (compatible; Bytespider; spider-feedback@bytedance.com) AppleWebKit/537.36 (KHTML, like Gecko) Chrome/70.0.0.0 Safari/537.36"
47.128.42.12 - - [19/May/2026:23:29:55 +0000] "GET /wp-content/plugins/jetpack/jetpack_vendor/automattic/jetpack-classic-theme-helper/dist/responsive-videos/responsive-videos.css?minify=false&ver=1a16f71f21c6d197f51b HTTP/1.1" 200 101 "https://www.wrinkledskinrepair.com/category/wrinkle-reducer/" "Mozilla/5.0 (compatible; Bytespider; spider-feedback@bytedance.com) AppleWebKit/537.36 (KHTML, like Gecko) Chrome/70.0.0.0 Safari/537.36"
216.73.217.80 - - [19/May/2026:23:30:00 +0000] "GET /category/wrinkle-removal/ HTTP/1.1" 200 46250 "-" "Mozilla/5.0 AppleWebKit/537.36 (KHTML, like Gecko; compatible; ClaudeBot/1.0; +claudebot@anthropic.com)"
216.73.217.80 - - [19/May/2026:23:30:01 +0000] "GET /blog/page/13/ HTTP/1.1" 200 49979 "-" "Mozilla/5.0 AppleWebKit/537.36 (KHTML, like Gecko; compatible; ClaudeBot/1.0; +claudebot@anthropic.com)"
184.94.212.206 - - [19/May/2026:23:30:17 +0000] "POST /wp-cron.php?doing_wp_cron=1779233417.9613790512084960937500 HTTP/1.1" 200 - "-" "WordPress/6.9.4; https://www.wrinkledskinrepair.com"
216.73.217.80 - - [19/May/2026:23:30:16 +0000] "GET /tag/protein-bonds/ HTTP/1.1" 200 48024 "-" "Mozilla/5.0 AppleWebKit/537.36 (KHTML, like Gecko; compatible; ClaudeBot/1.0; +claudebot@anthropic.com)"
216.73.217.80 - - [19/May/2026:23:30:17 +0000] "GET /blog/page/14/ HTTP/1.1" 200 50137 "-" "Mozilla/5.0 AppleWebKit/537.36 (KHTML, like Gecko; compatible; ClaudeBot/1.0; +claudebot@anthropic.com)"
195.234.109.80 - - [19/May/2026:23:30:51 +0000] "GET /wp-content/uploads/2020/05/skin_care_has_never_been_this_easy.jpg HTTP/1.1" 301 - "-" "Photon/1.0"
195.234.109.80 - - [19/May/2026:23:30:52 +0000] "GET /wp-content/uploads/2020/05/skin_care_has_never_been_this_easy.jpg HTTP/1.1" 404 131699 "-" "Photon/1.0"
216.73.217.80 - - [19/May/2026:23:30:54 +0000] "GET /blog/page/12/ HTTP/1.1" 200 50084 "-" "Mozilla/5.0 AppleWebKit/537.36 (KHTML, like Gecko; compatible; ClaudeBot/1.0; +claudebot@anthropic.com)"
216.73.217.80 - - [19/May/2026:23:30:54 +0000] "GET /tag/damaged-skin/ HTTP/1.1" 200 48570 "-" "Mozilla/5.0 AppleWebKit/537.36 (KHTML, like Gecko; compatible; ClaudeBot/1.0; +claudebot@anthropic.com)"
216.73.217.80 - - [19/May/2026:23:31:12 +0000] "GET /tag/oily-skin/ HTTP/1.1" 200 49409 "-" "Mozilla/5.0 AppleWebKit/537.36 (KHTML, like Gecko; compatible; ClaudeBot/1.0; +claudebot@anthropic.com)"
216.73.217.80 - - [19/May/2026:23:31:13 +0000] "GET /category/wrinkle-treatment/ HTTP/1.1" 200 49019 "-" "Mozilla/5.0 AppleWebKit/537.36 (KHTML, like Gecko; compatible; ClaudeBot/1.0; +claudebot@anthropic.com)"
184.94.212.206 - - [19/May/2026:23:31:21 +0000] "POST /wp-cron.php?doing_wp_cron=1779233481.5463559627532958984375 HTTP/1.1" 200 - "-" "WordPress/6.9.4; https://www.wrinkledskinrepair.com"
216.73.217.80 - - [19/May/2026:23:31:20 +0000] "GET /tag/healthy-skin/ HTTP/1.1" 200 49787 "-" "Mozilla/5.0 AppleWebKit/537.36 (KHTML, like Gecko; compatible; ClaudeBot/1.0; +claudebot@anthropic.com)"
216.73.217.80 - - [19/May/2026:23:31:20 +0000] "GET /2019/07/05/basic-skin-care-advice-that-will-bring-on-better-than-basic-skin/ HTTP/1.1" 200 53769 "-" "Mozilla/5.0 AppleWebKit/537.36 (KHTML, like Gecko; compatible; ClaudeBot/1.0; +claudebot@anthropic.com)"
216.73.217.80 - - [19/May/2026:23:31:38 +0000] "GET /category/wrinkle-cream/face-cream/ HTTP/1.1" 200 46312 "-" "Mozilla/5.0 AppleWebKit/537.36 (KHTML, like Gecko; compatible; ClaudeBot/1.0; +claudebot@anthropic.com)"
216.73.217.80 - - [19/May/2026:23:31:45 +0000] "GET /2019/07/02/need-skin-care-tips-weve-got-them-2/ HTTP/1.1" 200 53717 "-" "Mozilla/5.0 AppleWebKit/537.36 (KHTML, like Gecko; compatible; ClaudeBot/1.0; +claudebot@anthropic.com)"
184.94.212.206 - - [19/May/2026:23:32:14 +0000] "POST /wp-cron.php?doing_wp_cron=1779233534.0075430870056152343750 HTTP/1.1" 200 - "-" "WordPress/6.9.4; https://www.wrinkledskinrepair.com"
216.73.217.80 - - [19/May/2026:23:32:12 +0000] "GET /2019/07/04/skin-care-tips-everyone-must-try-once/ HTTP/1.1" 200 54033 "-" "Mozilla/5.0 AppleWebKit/537.36 (KHTML, like Gecko; compatible; ClaudeBot/1.0; +claudebot@anthropic.com)"
184.94.212.206 - - [19/May/2026:23:32:21 +0000] "POST /wp-cron.php?doing_wp_cron=1779233541.5622789859771728515625 HTTP/1.1" 200 - "-" "WordPress/6.9.4; https://www.wrinkledskinrepair.com"
216.73.217.80 - - [19/May/2026:23:32:20 +0000] "GET /2025/12/29/what-causes-wrinkled-skin-around-mouth-and-how-to-fix/ HTTP/1.1" 200 55017 "-" "Mozilla/5.0 AppleWebKit/537.36 (KHTML, like Gecko; compatible; ClaudeBot/1.0; +claudebot@anthropic.com)"
216.73.217.80 - - [19/May/2026:23:32:41 +0000] "GET /2025/12/29/wrinkled-skin-on-hands-aging-signs-and-solutions-your-ultimate-guide-to-reversal/ HTTP/1.1" 200 56473 "-" "Mozilla/5.0 AppleWebKit/537.36 (KHTML, like Gecko; compatible; ClaudeBot/1.0; +claudebot@anthropic.com)"
184.94.212.206 - - [19/May/2026:23:33:10 +0000] "POST /wp-cron.php?doing_wp_cron=1779233590.1841099262237548828125 HTTP/1.1" 200 - "-" "WordPress/6.9.4; https://www.wrinkledskinrepair.com"
191.233.1.119 - - [19/May/2026:23:33:09 +0000] "GET / HTTP/1.1" 301 - "-" "Mozilla/5.0 AppleWebKit/537.36 (KHTML, like Gecko); compatible; ChatGPT-User/1.0; +https://openai.com/bot"
184.94.212.206 - - [19/May/2026:23:33:53 +0000] "POST /wp-cron.php?doing_wp_cron=1779233633.8972430229187011718750 HTTP/1.1" 200 - "-" "WordPress/6.9.4; https://www.wrinkledskinrepair.com"
187.95.235.146 - - [19/May/2026:23:33:52 +0000] "GET /robots.txt HTTP/1.1" 301 - "-" "Mozilla/5.0 (Macintosh; Intel Mac OS X 10_15_7) AppleWebKit/605.1.15 (KHTML, like Gecko) Version/17.4 Safari/605.1.15"
43.167.241.46 - - [19/May/2026:23:33:58 +0000] "GET /about/ HTTP/1.1" 200 47975 "-" "Mozilla/5.0 (iPhone; CPU iPhone OS 13_2_3 like Mac OS X) AppleWebKit/605.1.15 (KHTML, like Gecko) Version/13.0.3 Mobile/15E148 Safari/604.1"
184.94.212.206 - - [19/May/2026:23:34:40 +0000] "POST /wp-cron.php?doing_wp_cron=1779233680.3560729026794433593750 HTTP/1.1" 200 - "-" "WordPress/6.9.4; https://www.wrinkledskinrepair.com"
192.0.102.146 - - [19/May/2026:23:34:38 +0000] "HEAD / HTTP/1.1" 200 - "-" "jetmon/1.0 (Jetpack Site Uptime Monitor by WordPress.com)"
184.94.212.206 - - [19/May/2026:23:34:43 +0000] "POST /wp-cron.php?doing_wp_cron=1779233683.7679820060729980468750 HTTP/1.1" 200 - "-" "WordPress/6.9.4; https://www.wrinkledskinrepair.com"
114.119.144.64 - - [19/May/2026:23:34:42 +0000] "GET /2019/07/14/skin-care-advice-that-you-can-use/ HTTP/1.1" 200 53200 "https://www.wrinkledskinrepair.com/tag/skin-type/" "Mozilla/5.0 (Linux; Android 7.0;) AppleWebKit/537.36 (HTML, like Gecko) Mobile Safari/537.36 (compatible; PetalBot;+https://webmaster.petalsearch.com/site/petalbot)"
160.250.186.220 - - [19/May/2026:23:37:30 +0000] "GET /wp-login.php HTTP/1.1" 200 4402 "-" "Mozilla/5.0 (Windows NT 10.0) AppleWebKit/537.36 (KHTML, like Gecko) Chrome/133.0.0.0 Safari/537.36"
160.250.186.220 - - [19/May/2026:23:37:32 +0000] "POST /wp-login.php HTTP/1.1" 200 4402 "https://www.wrinkledskinrepair.com/wp-login.php" "Mozilla/5.0 (Windows NT 10.0) AppleWebKit/537.36 (KHTML, like Gecko) Chrome/133.0.0.0 Safari/537.36"
184.94.212.206 - - [19/May/2026:23:39:36 +0000] "POST /wp-cron.php?doing_wp_cron=1779233976.6671121120452880859375 HTTP/1.1" 200 - "-" "WordPress/6.9.4; https://www.wrinkledskinrepair.com"
192.0.102.146 - - [19/May/2026:23:39:34 +0000] "HEAD / HTTP/1.1" 200 - "-" "jetmon/1.0 (Jetpack Site Uptime Monitor by WordPress.com)"
64.227.2.63 - - [19/May/2026:23:40:06 +0000] "GET /2019/04/30/basic-skin-care-tips-that-everyone-should-be-using/R0lGODlhAQABAIAAAAAAAP/yH5BAEAAAAALAAAAAABAAEAAAIBRAA7 HTTP/1.1" 404 41443 "https://www.wrinkledskinrepair.com/" "Mozilla/5.0 (Windows NT 10.0; Win64; x64) AppleWebKit/537.36 (KHTML, like Gecko) Chrome/103.0.0.0 Safari/537.36"
67.205.161.180 - - [19/May/2026:23:40:06 +0000] "GET /2018/12/14/skin-care-tips-that-work-for-busy-people/R0lGODlhAQABAIAAAAAAAP/yH5BAEAAAAALAAAAAABAAEAAAIBRAA7 HTTP/1.1" 404 41428 "https://www.wrinkledskinrepair.com/" "Mozilla/5.0 (Windows NT 10.0; Win64; x64) AppleWebKit/537.36 (KHTML, like Gecko) Chrome/116.0.0.0 Safari/537.36"
159.89.93.40 - - [19/May/2026:23:40:06 +0000] "GET /2018/07/21/make-your-skin-glow-with-these-tips/R0lGODlhAQABAIAAAAAAAP/yH5BAEAAAAALAAAAAABAAEAAAIBRAA7 HTTP/1.1" 404 41415 "https://www.wrinkledskinrepair.com/" "Mozilla/5.0 (Windows NT 10.0; Win64; x64) AppleWebKit/537.36 (KHTML, like Gecko) Chrome/116.0.0.0 Safari/537.36"
64.227.2.63 - - [19/May/2026:23:40:06 +0000] "GET /2018/08/30/solid-skin-care-tips-that-wont-break-the-bank/R0lGODlhAQABAIAAAAAAAP/yH5BAEAAAAALAAAAAABAAEAAAIBRAA7 HTTP/1.1" 404 41433 "https://www.wrinkledskinrepair.com/" "Mozilla/5.0 (Windows NT 10.0; Win64; x64) AppleWebKit/537.36 (KHTML, like Gecko) Chrome/107.0.0.0 Safari/537.36"
192.0.99.250 - - [19/May/2026:23:40:08 +0000] "GET /wp-content/uploads/2018/08/ea37b60f2af1023ed1584d05fb1d4390e277e2c818b4124493f6c178a2ef_640.png HTTP/1.1" 301 - "-" "Photon/1.0"
192.0.99.34 - - [19/May/2026:23:40:09 +0000] "GET /wp-content/uploads/2018/12/ea35b1092dfc093ed1584d05fb1d4390e277e2c818b415459df3c87aa2e5_640.jpg HTTP/1.1" 301 - "-" "Photon/1.0"
192.0.101.168 - - [19/May/2026:23:40:09 +0000] "GET /wp-content/uploads/2019/04/ea35b90c21f2093ed1584d05fb1d4390e277e2c818b4144793f1c979a1ea_640.jpg HTTP/1.1" 301 - "-" "Photon/1.0"
192.0.99.83 - - [19/May/2026:23:40:09 +0000] "GET /wp-content/uploads/2018/07/e835b50628f3013ed1584d05fb1d4390e277e2c818b4124397f3c079a4ec_640.jpg HTTP/1.1" 301 - "-" "Photon/1.0"
192.0.99.250 - - [19/May/2026:23:40:10 +0000] "GET /wp-content/uploads/2018/08/ea37b60f2af1023ed1584d05fb1d4390e277e2c818b4124493f6c178a2ef_640.png HTTP/1.1" 404 131909 "-" "Photon/1.0"
192.0.99.34 - - [19/May/2026:23:40:10 +0000] "GET /wp-content/uploads/2018/12/ea35b1092dfc093ed1584d05fb1d4390e277e2c818b415459df3c87aa2e5_640.jpg HTTP/1.1" 404 131909 "-" "Photon/1.0"
14.172.62.244 - - [19/May/2026:23:40:10 +0000] "GET /2019/04/30/basic-skin-care-tips-that-everyone-should-be-using/R0lGODlhAQABAIAAAAAAAP/yH5BAEAAAAALAAAAAABAAEAAAIBRAA7 HTTP/1.1" 404 41443 "https://www.wrinkledskinrepair.com/" "Mozilla/5.0 (Windows NT 10.0; Win64; x64) AppleWebKit/537.36 (KHTML, like Gecko) Chrome/103.0.0.0 Safari/537.36"
113.170.180.45 - - [19/May/2026:23:40:10 +0000] "GET /2018/12/14/skin-care-tips-that-work-for-busy-people/R0lGODlhAQABAIAAAAAAAP/yH5BAEAAAAALAAAAAABAAEAAAIBRAA7 HTTP/1.1" 404 41428 "https://www.wrinkledskinrepair.com/" "Mozilla/5.0 (Windows NT 10.0; Win64; x64) AppleWebKit/537.36 (KHTML, like Gecko) Chrome/116.0.0.0 Safari/537.36"
192.0.101.168 - - [19/May/2026:23:40:11 +0000] "GET /wp-content/uploads/2019/04/ea35b90c21f2093ed1584d05fb1d4390e277e2c818b4144793f1c979a1ea_640.jpg HTTP/1.1" 404 131909 "-" "Photon/1.0"
14.188.230.88 - - [19/May/2026:23:40:12 +0000] "GET /2018/07/21/make-your-skin-glow-with-these-tips/R0lGODlhAQABAIAAAAAAAP/yH5BAEAAAAALAAAAAABAAEAAAIBRAA7 HTTP/1.1" 404 41415 "https://www.wrinkledskinrepair.com/" "Mozilla/5.0 (Windows NT 10.0; Win64; x64) AppleWebKit/537.36 (KHTML, like Gecko) Chrome/116.0.0.0 Safari/537.36"
192.0.99.83 - - [19/May/2026:23:40:12 +0000] "GET /wp-content/uploads/2018/07/e835b50628f3013ed1584d05fb1d4390e277e2c818b4124397f3c079a4ec_640.jpg HTTP/1.1" 404 131909 "-" "Photon/1.0"
115.74.104.116 - - [19/May/2026:23:40:12 +0000] "GET /2018/08/30/solid-skin-care-tips-that-wont-break-the-bank/R0lGODlhAQABAIAAAAAAAP/yH5BAEAAAAALAAAAAABAAEAAAIBRAA7 HTTP/1.1" 404 41433 "https://www.wrinkledskinrepair.com/" "Mozilla/5.0 (Windows NT 10.0; Win64; x64) AppleWebKit/537.36 (KHTML, like Gecko) Chrome/107.0.0.0 Safari/537.36"
192.0.118.148 - - [19/May/2026:23:40:14 +0000] "GET /wp-content/uploads/2018/12/ea35b1092dfc093ed1584d05fb1d4390e277e2c818b415459df3c87aa2e5_640.jpg HTTP/1.1" 301 - "-" "Photon/1.0"
192.0.116.50 - - [19/May/2026:23:40:14 +0000] "GET /wp-content/uploads/2018/08/ea37b60f2af1023ed1584d05fb1d4390e277e2c818b4124493f6c178a2ef_640.png HTTP/1.1" 301 - "-" "Photon/1.0"
192.0.114.18 - - [19/May/2026:23:40:15 +0000] "GET /wp-content/uploads/2019/04/ea35b90c21f2093ed1584d05fb1d4390e277e2c818b4144793f1c979a1ea_640.jpg HTTP/1.1" 301 - "-" "Photon/1.0"
192.0.118.148 - - [19/May/2026:23:40:15 +0000] "GET /wp-content/uploads/2018/12/ea35b1092dfc093ed1584d05fb1d4390e277e2c818b415459df3c87aa2e5_640.jpg HTTP/1.1" 404 131909 "-" "Photon/1.0"
192.0.116.50 - - [19/May/2026:23:40:16 +0000] "GET /wp-content/uploads/2018/08/ea37b60f2af1023ed1584d05fb1d4390e277e2c818b4124493f6c178a2ef_640.png HTTP/1.1" 404 131909 "-" "Photon/1.0"
192.0.114.18 - - [19/May/2026:23:40:16 +0000] "GET /wp-content/uploads/2019/04/ea35b90c21f2093ed1584d05fb1d4390e277e2c818b4144793f1c979a1ea_640.jpg HTTP/1.1" 404 131909 "-" "Photon/1.0"
192.0.113.177 - - [19/May/2026:23:40:21 +0000] "GET /wp-content/uploads/2018/07/e835b50628f3013ed1584d05fb1d4390e277e2c818b4124397f3c079a4ec_640.jpg HTTP/1.1" 301 - "-" "Photon/1.0"
192.0.113.177 - - [19/May/2026:23:40:23 +0000] "GET /wp-content/uploads/2018/07/e835b50628f3013ed1584d05fb1d4390e277e2c818b4124397f3c079a4ec_640.jpg HTTP/1.1" 404 131909 "-" "Photon/1.0"
118.107.44.96 - - [19/May/2026:23:41:05 +0000] "GET / HTTP/1.1" 301 - "https://www.facebook.com/" "Mozilla/5.0 (X11; Linux x86_64) AppleWebKit/537.36 (KHTML, like Gecko) Chrome/145.0.0.0 Safari/537.36"
118.107.44.123 - - [19/May/2026:23:41:07 +0000] "GET / HTTP/1.1" 200 47731 "https://www.facebook.com/" "Mozilla/5.0 (X11; Linux x86_64) AppleWebKit/537.36 (KHTML, like Gecko) Chrome/145.0.0.0 Safari/537.36"
118.107.44.96 - - [19/May/2026:23:41:09 +0000] "GET / HTTP/1.1" 301 - "https://search.yahoo.com/" "Mozilla/5.0 (Windows NT 10.0; Win64; x64) AppleWebKit/537.36 (KHTML, like Gecko) Chrome/145.0.0.0 Safari/537.36 Edg/145.0.0.0"
118.107.44.76 - - [19/May/2026:23:41:11 +0000] "GET / HTTP/1.1" 200 47731 "https://search.yahoo.com/" "Mozilla/5.0 (Windows NT 10.0; Win64; x64) AppleWebKit/537.36 (KHTML, like Gecko) Chrome/145.0.0.0 Safari/537.36 Edg/145.0.0.0"
118.107.44.96 - - [19/May/2026:23:41:13 +0000] "GET /wp-json/wp/v2/users/ HTTP/1.1" 401 110 "https://www.linkedin.com/" "Mozilla/5.0 (Windows NT 10.0; Win64; x64) AppleWebKit/537.36 (KHTML, like Gecko) Chrome/146.0.0.0 Safari/537.36 Edg/146.0.0.0"
118.107.44.89 - - [19/May/2026:23:41:16 +0000] "GET /wp-json/wp/v2/users/ HTTP/1.1" 401 110 "https://www.youtube.com/" "Mozilla/5.0 (Windows NT 10.0; Win64; x64) AppleWebKit/537.36 (KHTML, like Gecko) Chrome/146.0.0.0 Safari/537.36"
184.94.212.206 - - [19/May/2026:23:41:19 +0000] "POST /wp-cron.php?doing_wp_cron=1779234079.7299358844757080078125 HTTP/1.1" 200 - "-" "WordPress/6.9.4; https://www.wrinkledskinrepair.com"
118.107.44.116 - - [19/May/2026:23:41:18 +0000] "GET /?rest_route=/wp/v2/users HTTP/1.1" 401 110 "-" "Mozilla/5.0 (Macintosh; Intel Mac OS X 14.7; rv:149.0) Gecko/20100101 Firefox/149.0"
118.107.44.120 - - [19/May/2026:23:41:21 +0000] "GET /?rest_route=/wp/v2/users HTTP/1.1" 401 110 "https://www.facebook.com/" "Mozilla/5.0 (Windows NT 10.0; Win64; x64; rv:148.0) Gecko/20100101 Firefox/148.0"
118.107.44.122 - - [19/May/2026:23:41:24 +0000] "GET /?author=1 HTTP/1.1" 404 9063 "https://twitter.com/" "Mozilla/5.0 (Windows NT 10.0; Win64; x64) AppleWebKit/537.36 (KHTML, like Gecko) Chrome/146.0.0.0 Safari/537.36"
118.107.44.122 - - [19/May/2026:23:41:26 +0000] "GET /?author=2 HTTP/1.1" 404 9063 "-" "Mozilla/5.0 (Macintosh; Intel Mac OS X 10_15_7) AppleWebKit/537.36 (KHTML, like Gecko) Chrome/146.0.0.0 Safari/537.36"
118.107.44.120 - - [19/May/2026:23:41:28 +0000] "GET /?author=3 HTTP/1.1" 404 9063 "https://search.yahoo.com/search?p=blog+post%!(EXTRA string=blog+post)" "Mozilla/5.0 (Windows NT 10.0; Win64; x64; rv:149.0) Gecko/20100101 Firefox/149.0"
118.107.44.116 - - [19/May/2026:23:41:30 +0000] "GET /?author=4 HTTP/1.1" 404 9063 "https://duckduckgo.com/?q=website+builder%!(EXTRA string=website+builder)" "Mozilla/5.0 (Macintosh; Intel Mac OS X 14.7; rv:149.0) Gecko/20100101 Firefox/149.0"
118.107.44.122 - - [19/May/2026:23:41:31 +0000] "GET /?author=5 HTTP/1.1" 404 9063 "https://www.linkedin.com/" "Mozilla/5.0 (Windows NT 10.0; Win64; x64; rv:149.0) Gecko/20100101 Firefox/149.0"
118.107.44.76 - - [19/May/2026:23:41:33 +0000] "HEAD /xmlrpc.php HTTP/1.1" 404 - "https://duckduckgo.com/?q=how+to+create+a+website%!(EXTRA string=how+to+create+a+website)" "Mozilla/5.0 (Windows NT 10.0; Win64; x64) AppleWebKit/537.36 (KHTML, like Gecko) Chrome/145.0.0.0 Safari/537.36"
118.107.44.96 - - [19/May/2026:23:41:35 +0000] "POST /wp-admin/admin-ajax.php HTTP/1.1" 403 6627 "-" "Mozilla/5.0 (Windows NT 10.0; Win64; x64) AppleWebKit/537.36 (KHTML, like Gecko) Chrome/146.0.0.0 Safari/537.36 Edg/146.0.0.0"
118.107.44.76 - - [19/May/2026:23:41:34 +0000] "POST /wp-content/plugins/wp-automatic/inc/csv.php HTTP/1.1" 404 41302 "https://www.linkedin.com/" "Mozilla/5.0 (X11; Linux x86_64; rv:149.0) Gecko/20100101 Firefox/149.0"
118.107.44.123 - - [19/May/2026:23:41:35 +0000] "GET /wp-content/plugins/essential-addons-for-elementor-lite/readme.txt HTTP/1.1" 404 41330 "-" "Mozilla/5.0 (Windows NT 10.0; Win64; x64) AppleWebKit/537.36 (KHTML, like Gecko) Chrome/146.0.0.0 Safari/537.36 Edg/146.0.0.0"
118.107.44.76 - - [19/May/2026:23:41:35 +0000] "GET /wp-content/plugins/indeed-wp-superbackup/readme.txt HTTP/1.1" 404 41318 "https://www.youtube.com/" "Mozilla/5.0 (Macintosh; Intel Mac OS X 10_15_7) AppleWebKit/605.1.15 (KHTML, like Gecko) Version/26.4 Safari/605.1.15"
184.94.212.206 - - [19/May/2026:23:41:36 +0000] "POST /?wordfence_syncAttackData=1779234096.7693 HTTP/1.1" 200 - "-" "WordPress/6.9.4; https://www.wrinkledskinrepair.com"
118.107.44.96 - - [19/May/2026:23:41:35 +0000] "GET /wp-content/plugins/wp-file-upload/readme.txt HTTP/1.1" 404 41302 "https://www.bing.com/search?q=wp+security%!(EXTRA string=wp+security)" "Mozilla/5.0 (X11; Linux x86_64; rv:148.0) Gecko/20100101 Firefox/148.0"
118.107.44.122 - - [19/May/2026:23:41:35 +0000] "GET /wp-content/plugins/s2member/readme.txt HTTP/1.1" 404 41299 "https://search.yahoo.com/search?p=wordpress+plugins%!(EXTRA string=wordpress+plugins)" "Mozilla/5.0 (X11; Linux x86_64; rv:149.0) Gecko/20100101 Firefox/149.0"
184.94.212.206 - - [19/May/2026:23:41:36 +0000] "POST /?wordfence_syncAttackData=1779234096.6414 HTTP/1.1" 200 47766 "-" "WordPress/6.9.4; https://www.wrinkledskinrepair.com"
118.107.44.76 - - [19/May/2026:23:41:39 +0000] "GET / HTTP/1.1" 301 - "https://twitter.com/" "Mozilla/5.0 (Macintosh; Intel Mac OS X 10_15_7) AppleWebKit/537.36 (KHTML, like Gecko) Chrome/145.0.0.0 Safari/537.36"
118.107.44.79 - - [19/May/2026:23:41:42 +0000] "GET / HTTP/1.1" 200 47731 "https://t.co/" "Mozilla/5.0 (X11; Linux x86_64) AppleWebKit/537.36 (KHTML, like Gecko) Chrome/145.0.0.0 Safari/537.36"
118.107.44.76 - - [19/May/2026:23:41:44 +0000] "HEAD /xmlrpc.php HTTP/1.1" 404 - "https://twitter.com/" "Mozilla/5.0 (Windows NT 10.0; Win64; x64) AppleWebKit/537.36 (KHTML, like Gecko) Chrome/146.0.0.0 Safari/537.36"
118.107.44.76 - - [19/May/2026:23:41:45 +0000] "GET /wp-login.php HTTP/1.1" 200 4401 "-" "Mozilla/5.0 (X11; Linux x86_64) AppleWebKit/537.36 (KHTML, like Gecko) Chrome/145.0.0.0 Safari/537.36"
118.107.44.76 - - [19/May/2026:23:41:46 +0000] "GET /wp-json/wp/v2/users/ HTTP/1.1" 401 110 "-" "Mozilla/5.0 (Macintosh; Intel Mac OS X 10_15_7) AppleWebKit/605.1.15 (KHTML, like Gecko) Version/26.3.1 Safari/605.1.15"
118.107.44.96 - - [19/May/2026:23:41:49 +0000] "GET /wp-json/wp/v2/users/ HTTP/1.1" 401 110 "-" "Mozilla/5.0 (Macintosh; Intel Mac OS X 10_15_7) AppleWebKit/605.1.15 (KHTML, like Gecko) Version/26.3.1 Safari/605.1.15"
118.107.44.116 - - [19/May/2026:23:41:52 +0000] "GET /?rest_route=/wp/v2/users HTTP/1.1" 401 110 "-" "Mozilla/5.0 (X11; Linux x86_64) AppleWebKit/537.36 (KHTML, like Gecko) Chrome/145.0.0.0 Safari/537.36"
118.107.44.123 - - [19/May/2026:23:41:54 +0000] "GET /?rest_route=/wp/v2/users HTTP/1.1" 401 110 "https://www.pinterest.com/" "Mozilla/5.0 (Macintosh; Intel Mac OS X 14.7; rv:149.0) Gecko/20100101 Firefox/149.0"
118.107.44.89 - - [19/May/2026:23:41:56 +0000] "GET /?author=1 HTTP/1.1" 404 9062 "-" "Mozilla/5.0 (X11; Linux x86_64; rv:148.0) Gecko/20100101 Firefox/148.0"
118.107.44.76 - - [19/May/2026:23:41:58 +0000] "GET /?author=2 HTTP/1.1" 404 9062 "https://search.yahoo.com/search?p=seo+tips%!(EXTRA string=seo+tips)" "Mozilla/5.0 (Windows NT 10.0; Win64; x64) AppleWebKit/537.36 (KHTML, like Gecko) Chrome/146.0.0.0 Safari/537.36"
118.107.44.96 - - [19/May/2026:23:42:00 +0000] "GET /?author=3 HTTP/1.1" 404 9062 "https://www.google.com/search?q=content+management+system&oq=content+management+system" "Mozilla/5.0 (Macintosh; Intel Mac OS X 10_15_7) AppleWebKit/605.1.15 (KHTML, like Gecko) Version/26.3.1 Safari/605.1.15"
118.107.44.89 - - [19/May/2026:23:42:02 +0000] "GET /?author=4 HTTP/1.1" 404 9062 "-" "Mozilla/5.0 (Macintosh; Intel Mac OS X 10_15_7) AppleWebKit/537.36 (KHTML, like Gecko) Chrome/146.0.0.0 Safari/537.36"
118.107.44.122 - - [19/May/2026:23:42:04 +0000] "GET /?author=5 HTTP/1.1" 404 9062 "https://www.instagram.com/" "Mozilla/5.0 (X11; Linux x86_64; rv:149.0) Gecko/20100101 Firefox/149.0"
118.107.44.123 - - [19/May/2026:23:42:07 +0000] "POST /wp-login.php HTTP/1.1" 200 4401 "-" "Mozilla/5.0 (Macintosh; Intel Mac OS X 10_15_7) AppleWebKit/537.36 (KHTML, like Gecko) Chrome/146.0.0.0 Safari/537.36 Edg/146.0.0.0"
118.107.44.123 - - [19/May/2026:23:42:08 +0000] "POST /wp-login.php HTTP/1.1" 200 4401 "https://www.bing.com/" "Mozilla/5.0 (Windows NT 10.0; Win64; x64) AppleWebKit/537.36 (KHTML, like Gecko) Chrome/145.0.0.0 Safari/537.36"
118.107.44.123 - - [19/May/2026:23:42:09 +0000] "POST /wp-login.php HTTP/1.1" 200 4401 "https://www.pinterest.com/" "Mozilla/5.0 (Macintosh; Intel Mac OS X 10_15_7) AppleWebKit/605.1.15 (KHTML, like Gecko) Version/26.3.1 Safari/605.1.15"
118.107.44.123 - - [19/May/2026:23:42:11 +0000] "POST /wp-login.php HTTP/1.1" 200 4401 "https://www.linkedin.com/" "Mozilla/5.0 (Windows NT 10.0; Win64; x64) AppleWebKit/537.36 (KHTML, like Gecko) Chrome/146.0.0.0 Safari/537.36"
118.107.44.123 - - [19/May/2026:23:42:12 +0000] "POST /wp-login.php HTTP/1.1" 200 4401 "https://www.pinterest.com/" "Mozilla/5.0 (Windows NT 10.0; Win64; x64) AppleWebKit/537.36 (KHTML, like Gecko) Chrome/145.0.0.0 Safari/537.36"
118.107.44.123 - - [19/May/2026:23:42:13 +0000] "POST /wp-login.php HTTP/1.1" 200 4401 "-" "Mozilla/5.0 (Windows NT 10.0; Win64; x64) AppleWebKit/537.36 (KHTML, like Gecko) Chrome/146.0.0.0 Safari/537.36"
118.107.44.123 - - [19/May/2026:23:42:15 +0000] "POST /wp-login.php HTTP/1.1" 200 4401 "https://www.youtube.com/" "Mozilla/5.0 (Windows NT 10.0; Win64; x64) AppleWebKit/537.36 (KHTML, like Gecko) Chrome/146.0.0.0 Safari/537.36"
118.107.44.123 - - [19/May/2026:23:42:16 +0000] "POST /wp-login.php HTTP/1.1" 200 4401 "https://www.bing.com/search?q=content+management+system%!(EXTRA string=content+management+system)" "Mozilla/5.0 (X11; Linux x86_64) AppleWebKit/537.36 (KHTML, like Gecko) Chrome/145.0.0.0 Safari/537.36"
118.107.44.123 - - [19/May/2026:23:42:17 +0000] "POST /wp-login.php HTTP/1.1" 200 4401 "-" "Mozilla/5.0 (Macintosh; Intel Mac OS X 10_15_7) AppleWebKit/537.36 (KHTML, like Gecko) Chrome/146.0.0.0 Safari/537.36"
118.107.44.123 - - [19/May/2026:23:42:19 +0000] "POST /wp-login.php HTTP/1.1" 200 4401 "https://search.yahoo.com/" "Mozilla/5.0 (Windows NT 10.0; Win64; x64; rv:148.0) Gecko/20100101 Firefox/148.0"
118.107.44.123 - - [19/May/2026:23:42:20 +0000] "POST /wp-login.php HTTP/1.1" 200 4401 "-" "Mozilla/5.0 (Macintosh; Intel Mac OS X 10_15_7) AppleWebKit/537.36 (KHTML, like Gecko) Chrome/146.0.0.0 Safari/537.36 Edg/146.0.0.0"
184.94.212.206 - - [19/May/2026:23:42:22 +0000] "POST /wp-cron.php?doing_wp_cron=1779234142.3703010082244873046875 HTTP/1.1" 200 - "-" "WordPress/6.9.4; https://www.wrinkledskinrepair.com"
146.174.178.102 - - [19/May/2026:23:42:21 +0000] "GET / HTTP/1.1" 301 - "-" "Mozilla/5.0 (Windows NT 10.0; Win64; x64) AppleWebKit/537.36 (KHTML, like Gecko) Chrome/128.0.6613.84 Safari/537.36"
118.107.44.123 - - [19/May/2026:23:42:21 +0000] "POST /wp-login.php HTTP/1.1" 200 4401 "https://search.yahoo.com/" "Mozilla/5.0 (Macintosh; Intel Mac OS X 10_15_7) AppleWebKit/537.36 (KHTML, like Gecko) Chrome/145.0.0.0 Safari/537.36"
118.107.44.123 - - [19/May/2026:23:42:23 +0000] "POST /wp-login.php HTTP/1.1" 200 4401 "-" "Mozilla/5.0 (Windows NT 10.0; Win64; x64) AppleWebKit/537.36 (KHTML, like Gecko) Chrome/145.0.0.0 Safari/537.36"
202.76.190.203 - - [19/May/2026:23:42:23 +0000] "GET / HTTP/1.1" 200 47731 "-" "Mozilla/5.0 (Windows NT 10.0; Win64; x64) AppleWebKit/537.36 (KHTML, like Gecko) Chrome/128.0.6613.84 Safari/537.36"
118.107.44.123 - - [19/May/2026:23:42:24 +0000] "POST /wp-login.php HTTP/1.1" 200 4401 "https://search.yahoo.com/search?p=seo+tips%!(EXTRA string=seo+tips)" "Mozilla/5.0 (Windows NT 10.0; Win64; x64) AppleWebKit/537.36 (KHTML, like Gecko) Chrome/146.0.0.0 Safari/537.36"
118.107.44.123 - - [19/May/2026:23:42:25 +0000] "POST /wp-login.php HTTP/1.1" 200 4401 "https://www.pinterest.com/" "Mozilla/5.0 (X11; Linux x86_64; rv:149.0) Gecko/20100101 Firefox/149.0"
118.107.44.123 - - [19/May/2026:23:42:27 +0000] "POST /wp-login.php HTTP/1.1" 200 4401 "-" "Mozilla/5.0 (Macintosh; Intel Mac OS X 10_15_7) AppleWebKit/537.36 (KHTML, like Gecko) Chrome/146.0.0.0 Safari/537.36"
118.107.44.123 - - [19/May/2026:23:42:28 +0000] "POST /wp-login.php HTTP/1.1" 200 4401 "https://duckduckgo.com/?q=hosting+comparison%!(EXTRA string=hosting+comparison)" "Mozilla/5.0 (Macintosh; Intel Mac OS X 14.7; rv:149.0) Gecko/20100101 Firefox/149.0"
118.107.44.123 - - [19/May/2026:23:42:29 +0000] "POST /wp-login.php HTTP/1.1" 200 4401 "-" "Mozilla/5.0 (X11; Linux x86_64) AppleWebKit/537.36 (KHTML, like Gecko) Chrome/146.0.0.0 Safari/537.36"
