File: /home/primrwxj/access-logs/wrinkledskinrepair.primemusicproductions.com-ssl_log
66.249.66.68 - - [19/May/2026:18:18:02 +0000] "GET /robots.txt HTTP/1.1" 301 - "-" "Mozilla/5.0 (compatible; Googlebot/2.1; +http://www.google.com/bot.html)"
66.249.66.37 - - [19/May/2026:18:18:16 +0000] "GET /robots.txt HTTP/1.1" 200 127 "-" "Mozilla/5.0 (compatible; Googlebot/2.1; +http://www.google.com/bot.html)"
192.0.113.241 - - [19/May/2026:18:18:27 +0000] "GET /wp-content/uploads/2025/11/Best-Serums-for-Deep-Facial-Wrinkles-2025.png HTTP/1.1" 200 2075068 "-" "Photon/1.0"
184.94.212.206 - - [19/May/2026:18:18:24 +0000] "GET /2026/02/25/multi-collagen-protein-benefits-review/?amp=1&_validate%5Bnonce%5D=2a2397a58e92505dc19f0cd9495d6b00&_validate%5Bcache_bust%5D=3507928993 HTTP/1.1" 200 21193 "-" "WordPress/6.9.4; https://www.wrinkledskinrepair.com"
184.94.212.206 - - [19/May/2026:18:18:40 +0000] "GET /?wp_scrape_key=a6ee8e14f5e6836c0a1a4e7e33482f79&wp_scrape_nonce=1779214718 HTTP/1.1" 200 47860 "-" "WordPress/6.9.4; https://www.wrinkledskinrepair.com"
184.94.212.206 - - [19/May/2026:18:18:49 +0000] "GET /wp-json/jetpack/v4/sync/spawn-sync?time=1779214728&request_lock_id=be4fedb3-8304-4e32-aea2-6ab01c649e95 HTTP/1.1" 503 686 "-" "WordPress/6.9.4; https://www.wrinkledskinrepair.com"
184.94.212.206 - - [19/May/2026:18:18:47 +0000] "GET /?wp_scrape_key=7afa34f6c887945063729744e962662f&wp_scrape_nonce=1779214725 HTTP/1.1" 200 47859 "-" "WordPress/6.9.4; https://www.wrinkledskinrepair.com"
184.94.212.206 - - [19/May/2026:18:18:53 +0000] "GET /?wp_scrape_key=6f43664863df9d76a138198a2123c33f&wp_scrape_nonce=1779214731 HTTP/1.1" 200 47859 "-" "WordPress/6.9.4; https://www.wrinkledskinrepair.com"
184.94.212.206 - - [19/May/2026:18:18:58 +0000] "GET /?wp_scrape_key=8563cea73917c4d03c9092a26dd5ffd7&wp_scrape_nonce=1779214736 HTTP/1.1" 200 47857 "-" "WordPress/6.9.4; https://www.wrinkledskinrepair.com"
184.94.212.206 - - [19/May/2026:18:19:04 +0000] "GET /?wp_scrape_key=6abc3e59b6f54ed25ad2ed11e222b53f&wp_scrape_nonce=1779214742 HTTP/1.1" 200 47854 "-" "WordPress/6.9.4; https://www.wrinkledskinrepair.com"
184.94.212.206 - - [19/May/2026:22:19:36 +0000] "POST /wp-cron.php?doing_wp_cron=1779229176.1417970657348632812500 HTTP/1.1" 200 - "-" "WordPress/6.9.4; https://www.wrinkledskinrepair.com"
184.94.212.206 - - [19/May/2026:22:19:36 +0000] "GET /wp-json/jetpack/v4/sync/spawn-sync?time=1779229176 HTTP/1.1" 200 37 "-" "WordPress/6.9.4; https://www.wrinkledskinrepair.com"
192.0.102.146 - - [19/May/2026:22:19:35 +0000] "HEAD / HTTP/1.1" 200 - "-" "jetmon/1.0 (Jetpack Site Uptime Monitor by WordPress.com)"
192.0.86.161 - - [19/May/2026:22:19:39 +0000] "POST /?for=jetpack&jetpack=comms&token=5suushFlI%5Ewrhay%2AQika2F7AQUeRs2xS%3A1%3A1×tamp=1779229179&nonce=jXTCROpeaZ&body-hash=e9EVk%2B6zum54oqZ43u%2Bs%2By1z7SQ%3D&signature=Otknr7pS9avUYIZawSEJpcRiYgo%3D HTTP/1.1" 200 669 "https://www.wrinkledskinrepair.com/?for=jetpack&jetpack=comms&token=5suushFlI%5Ewrhay%2AQika2F7AQUeRs2xS%3A1%3A1×tamp=1779229179&nonce=jXTCROpeaZ&body-hash=e9EVk%2B6zum54oqZ43u%2Bs%2By1z7SQ%3D&signature=Otknr7pS9avUYIZawSEJpcRiYgo%3D" "Jetpack by WordPress.com"
192.0.86.161 - - [19/May/2026:22:19:41 +0000] "POST /?for=jetpack&jetpack=comms&token=5suushFlI%5Ewrhay%2AQika2F7AQUeRs2xS%3A1%3A1×tamp=1779229180&nonce=6h8qPTOf8W&body-hash=lN5sZXmX4ylowzgP4TLuGwpVK2c%3D&signature=JTAh3jjRPrDFazvI77E3fK9tNjM%3D HTTP/1.1" 200 614 "https://www.wrinkledskinrepair.com/?for=jetpack&jetpack=comms&token=5suushFlI%5Ewrhay%2AQika2F7AQUeRs2xS%3A1%3A1×tamp=1779229180&nonce=6h8qPTOf8W&body-hash=lN5sZXmX4ylowzgP4TLuGwpVK2c%3D&signature=JTAh3jjRPrDFazvI77E3fK9tNjM%3D" "Jetpack by WordPress.com"
192.0.86.161 - - [19/May/2026:22:19:42 +0000] "POST /?for=jetpack&jetpack=comms&token=5suushFlI%5Ewrhay%2AQika2F7AQUeRs2xS%3A1%3A1×tamp=1779229182&nonce=lSAZl40nOn&body-hash=zf6qv3lBlPonGcdblnTnXviy97w%3D&signature=P8R6aYWSy7%2FQLr1JnL96wKDvLjE%3D HTTP/1.1" 200 706 "https://www.wrinkledskinrepair.com/?for=jetpack&jetpack=comms&token=5suushFlI%5Ewrhay%2AQika2F7AQUeRs2xS%3A1%3A1×tamp=1779229182&nonce=lSAZl40nOn&body-hash=zf6qv3lBlPonGcdblnTnXviy97w%3D&signature=P8R6aYWSy7%2FQLr1JnL96wKDvLjE%3D" "Jetpack by WordPress.com"
192.0.86.161 - - [19/May/2026:22:19:43 +0000] "POST /?for=jetpack&jetpack=comms&token=5suushFlI%5Ewrhay%2AQika2F7AQUeRs2xS%3A1%3A1×tamp=1779229183&nonce=i2XNNATCs0&body-hash=exLhjC4zWXlGrQ3eazBEa%2FCAZo0%3D&signature=ee27%2FUX%2FzOyXklgZgJeFpMnIFfk%3D HTTP/1.1" 503 686 "https://www.wrinkledskinrepair.com/?for=jetpack&jetpack=comms&token=5suushFlI%5Ewrhay%2AQika2F7AQUeRs2xS%3A1%3A1×tamp=1779229183&nonce=i2XNNATCs0&body-hash=exLhjC4zWXlGrQ3eazBEa%2FCAZo0%3D&signature=ee27%2FUX%2FzOyXklgZgJeFpMnIFfk%3D" "Jetpack by WordPress.com"
192.0.86.161 - - [19/May/2026:22:19:43 +0000] "POST /?for=jetpack&jetpack=comms&token=5suushFlI%5Ewrhay%2AQika2F7AQUeRs2xS%3A1%3A1×tamp=1779229183&nonce=ueTPN2a7NP&body-hash=VUwPy9SH5Y50NKPGlTLc5MeA970%3D&signature=wdB5SxaAt0Li4ySKdHBZZP4Tyyg%3D HTTP/1.1" 503 686 "https://www.wrinkledskinrepair.com/?for=jetpack&jetpack=comms&token=5suushFlI%5Ewrhay%2AQika2F7AQUeRs2xS%3A1%3A1×tamp=1779229183&nonce=ueTPN2a7NP&body-hash=VUwPy9SH5Y50NKPGlTLc5MeA970%3D&signature=wdB5SxaAt0Li4ySKdHBZZP4Tyyg%3D" "Jetpack by WordPress.com"
192.0.86.161 - - [19/May/2026:22:19:44 +0000] "POST /?for=jetpack&jetpack=comms&token=5suushFlI%5Ewrhay%2AQika2F7AQUeRs2xS%3A1%3A1×tamp=1779229183&nonce=G77pQBR0ql&body-hash=j%2BQXhL7szI6SYOiytFKMihj6AV8%3D&signature=nlJadD1gpUa%2B86L0YplaWkToXN0%3D HTTP/1.1" 503 686 "https://www.wrinkledskinrepair.com/?for=jetpack&jetpack=comms&token=5suushFlI%5Ewrhay%2AQika2F7AQUeRs2xS%3A1%3A1×tamp=1779229183&nonce=G77pQBR0ql&body-hash=j%2BQXhL7szI6SYOiytFKMihj6AV8%3D&signature=nlJadD1gpUa%2B86L0YplaWkToXN0%3D" "Jetpack by WordPress.com"
192.0.86.161 - - [19/May/2026:22:19:44 +0000] "POST /?for=jetpack&jetpack=comms&token=5suushFlI%5Ewrhay%2AQika2F7AQUeRs2xS%3A1%3A1×tamp=1779229184&nonce=u9tmpNISkL&body-hash=mgOh5FGWWgh4cHkqQfGga05ucNM%3D&signature=XHN%2Fw2h4GZ3Ksn9PAm1D0HXEeps%3D HTTP/1.1" 503 686 "https://www.wrinkledskinrepair.com/?for=jetpack&jetpack=comms&token=5suushFlI%5Ewrhay%2AQika2F7AQUeRs2xS%3A1%3A1×tamp=1779229184&nonce=u9tmpNISkL&body-hash=mgOh5FGWWgh4cHkqQfGga05ucNM%3D&signature=XHN%2Fw2h4GZ3Ksn9PAm1D0HXEeps%3D" "Jetpack by WordPress.com"
192.0.86.161 - - [19/May/2026:22:19:44 +0000] "POST /?for=jetpack&jetpack=comms&token=5suushFlI%5Ewrhay%2AQika2F7AQUeRs2xS%3A1%3A1×tamp=1779229184&nonce=TdLrKLWnYU&body-hash=icsxwvfpaWbxQKeuM8k8jqG8O2M%3D&signature=2KP1q%2B2xnhU4QIx8Wq%2ByxUxBP8Y%3D HTTP/1.1" 503 686 "https://www.wrinkledskinrepair.com/?for=jetpack&jetpack=comms&token=5suushFlI%5Ewrhay%2AQika2F7AQUeRs2xS%3A1%3A1×tamp=1779229184&nonce=TdLrKLWnYU&body-hash=icsxwvfpaWbxQKeuM8k8jqG8O2M%3D&signature=2KP1q%2B2xnhU4QIx8Wq%2ByxUxBP8Y%3D" "Jetpack by WordPress.com"
192.0.86.161 - - [19/May/2026:22:19:44 +0000] "POST /?for=jetpack&jetpack=comms&token=5suushFlI%5Ewrhay%2AQika2F7AQUeRs2xS%3A1%3A1×tamp=1779229184&nonce=K0E8nZKrnI&body-hash=%2Fj7sqVf7mC1XCc3Pk1t0X1JqrmM%3D&signature=pphVuIhx%2FhwjiYO1js6NqL1eKjk%3D HTTP/1.1" 503 686 "https://www.wrinkledskinrepair.com/?for=jetpack&jetpack=comms&token=5suushFlI%5Ewrhay%2AQika2F7AQUeRs2xS%3A1%3A1×tamp=1779229184&nonce=K0E8nZKrnI&body-hash=%2Fj7sqVf7mC1XCc3Pk1t0X1JqrmM%3D&signature=pphVuIhx%2FhwjiYO1js6NqL1eKjk%3D" "Jetpack by WordPress.com"
192.0.86.161 - - [19/May/2026:22:19:44 +0000] "POST /?for=jetpack&jetpack=comms&token=5suushFlI%5Ewrhay%2AQika2F7AQUeRs2xS%3A1%3A1×tamp=1779229184&nonce=iI8giuma0Y&body-hash=2rE6Oz6pXieI0x0uIN8vy95fUzE%3D&signature=mkYfcMZHaHASCGjGkxyuBi3cDCY%3D HTTP/1.1" 503 686 "https://www.wrinkledskinrepair.com/?for=jetpack&jetpack=comms&token=5suushFlI%5Ewrhay%2AQika2F7AQUeRs2xS%3A1%3A1×tamp=1779229184&nonce=iI8giuma0Y&body-hash=2rE6Oz6pXieI0x0uIN8vy95fUzE%3D&signature=mkYfcMZHaHASCGjGkxyuBi3cDCY%3D" "Jetpack by WordPress.com"
54.68.32.247 - - [19/May/2026:22:19:49 +0000] "POST /?_wfsf=detectProxy HTTP/1.1" 503 1972 "-" "Wordfence API/1.0 (+https://www.wordfence.com/help/api-callbacks/)"
184.94.212.206 - - [19/May/2026:22:19:47 +0000] "GET /?wp_scrape_key=d3952326ed9b973b81bd752f1a0d3e71&wp_scrape_nonce=1779229185 HTTP/1.1" 200 47856 "-" "WordPress/6.9.4; https://www.wrinkledskinrepair.com"
184.94.212.206 - - [19/May/2026:22:19:53 +0000] "GET /?wp_scrape_key=0f25a9fd253034c7335079ab31fcb487&wp_scrape_nonce=1779229191 HTTP/1.1" 200 47856 "-" "WordPress/6.9.4; https://www.wrinkledskinrepair.com"
184.94.212.206 - - [19/May/2026:22:19:55 +0000] "GET / HTTP/1.1" 200 168945 "-" "-"
184.94.212.206 - - [19/May/2026:22:19:58 +0000] "POST /wp-cron.php HTTP/1.1" 200 - "-" "WordPress/6.9.4; https://www.wrinkledskinrepair.com"
184.94.212.206 - - [19/May/2026:22:19:58 +0000] "GET / HTTP/1.1" 200 47731 "-" "WordPress/6.9.4; https://www.wrinkledskinrepair.com"
184.94.212.206 - - [19/May/2026:22:19:59 +0000] "GET / HTTP/1.1" 200 47731 "-" "WordPress/6.9.4; https://www.wrinkledskinrepair.com"
184.94.212.206 - - [19/May/2026:22:20:00 +0000] "GET / HTTP/1.1" 200 47731 "-" "WordPress/6.9.4; https://www.wrinkledskinrepair.com"
184.94.212.206 - - [19/May/2026:22:20:02 +0000] "GET /?timestamp=1779229202 HTTP/1.1" 200 47746 "-" "WordPress/6.9.4; https://www.wrinkledskinrepair.com"
184.94.212.206 - - [19/May/2026:22:20:05 +0000] "GET /?timestamp=1779229204 HTTP/1.1" 200 47747 "-" "WordPress/6.9.4; https://www.wrinkledskinrepair.com"
184.94.212.206 - - [19/May/2026:22:20:07 +0000] "GET /?timestamp=1779229207 HTTP/1.1" 200 47747 "-" "WordPress/6.9.4; https://www.wrinkledskinrepair.com"
184.94.212.206 - - [19/May/2026:22:20:09 +0000] "GET /wp-login.php?timestamp=1779229209 HTTP/1.1" 200 3115 "-" "WordPress/6.9.4; https://www.wrinkledskinrepair.com"
184.94.212.206 - - [19/May/2026:22:20:44 +0000] "GET /wp-json/jetpack/v4/sync/spawn-sync?time=1779229244&request_lock_id=fb8c09e2-93a5-4359-af2d-44938d72fa13 HTTP/1.1" 200 37 "-" "WordPress/6.9.4; https://www.wrinkledskinrepair.com"
202.46.62.93 - - [19/May/2026:22:20:47 +0000] "GET /robots.txt HTTP/1.1" 200 127 "-" "Mozilla/5.0 (Windows NT 10.0; Win64; x64) AppleWebKit/537.36 (KHTML, like Gecko) Chrome/133.0.6943.141 Safari/537.36"
184.94.212.206 - - [19/May/2026:22:20:46 +0000] "GET /2026/02/25/multi-collagen-protein-benefits-review/?amp=1&_validate%5Bnonce%5D=2a2397a58e92505dc19f0cd9495d6b00&_validate%5Bcache_bust%5D=1444076718 HTTP/1.1" 200 21183 "-" "WordPress/6.9.4; https://www.wrinkledskinrepair.com"
184.94.212.206 - - [19/May/2026:22:20:49 +0000] "POST /wp-admin/admin-ajax.php?action=wordfence_testAjax HTTP/1.1" 200 32 "-" "WordPress/6.9.4; https://www.wrinkledskinrepair.com"
184.94.212.206 - - [19/May/2026:22:20:51 +0000] "GET /wp-admin/admin-ajax.php?action=wordfence_doScan&isFork=0&scanMode=quick&cronKey=a1f02770ee9446cc8773598b4fe9cbb3&signature=95ea72332c37c7400a4b2009730e86a39dc8f2687bd0e6e15f642ef9ceacfcdc HTTP/1.1" 200 - "-" "WordPress/6.9.4; https://www.wrinkledskinrepair.com"
184.94.212.206 - - [19/May/2026:22:21:05 +0000] "POST /wp-cron.php?doing_wp_cron=1779229265.8053090572357177734375 HTTP/1.1" 200 - "-" "WordPress/6.9.4; https://www.wrinkledskinrepair.com"
66.249.66.68 - - [19/May/2026:22:21:02 +0000] "GET /robots.txt HTTP/1.1" 301 - "-" "Mozilla/5.0 (compatible; Googlebot/2.1; +http://www.google.com/bot.html)"
184.94.212.206 - - [19/May/2026:22:22:41 +0000] "POST /wp-cron.php?doing_wp_cron=1779229361.8795509338378906250000 HTTP/1.1" 200 - "-" "WordPress/6.9.4; https://www.wrinkledskinrepair.com"
77.75.76.163 - - [19/May/2026:22:22:40 +0000] "GET /robots.txt HTTP/1.1" 200 127 "-" "Mozilla/5.0 (compatible; SeznamBot/4.0; +https://o-seznam.cz/napoveda/vyhledavani/en/seznambot-crawler/)"
77.75.76.163 - - [19/May/2026:22:22:41 +0000] "GET /post-sitemap.xml HTTP/1.1" 200 17733 "-" "Mozilla/5.0 (compatible; SeznamBot/4.0; +https://o-seznam.cz/napoveda/vyhledavani/en/seznambot-crawler/)"
184.94.212.206 - - [19/May/2026:22:23:44 +0000] "POST /wp-cron.php?doing_wp_cron=1779229424.9767680168151855468750 HTTP/1.1" 200 - "-" "WordPress/6.9.4; https://www.wrinkledskinrepair.com"
114.119.145.116 - - [19/May/2026:22:23:43 +0000] "GET /2020/04/04/skin-care-advice-for-achieving-radiant-healthy-skin-3/ HTTP/1.1" 200 53700 "https://www.wrinkledskinrepair.com/2020/04/03/keep-your-skin-clear-and-healthy-with-these-tips" "Mozilla/5.0 (Linux; Android 7.0;) AppleWebKit/537.36 (HTML, like Gecko) Mobile Safari/537.36 (compatible; PetalBot;+https://webmaster.petalsearch.com/site/petalbot)"
14.182.58.34 - - [19/May/2026:22:23:51 +0000] "GET /tag/skin-type HTTP/1.1" 301 - "-" "Mozilla/5.0 (Windows NT 10.0; Win64; x64) AppleWebKit/537.36 (KHTML, like Gecko) Chrome/134.0.6998.88 Safari/537.36"
14.186.124.187 - - [19/May/2026:22:23:54 +0000] "GET /tag/skin-type/ HTTP/1.1" 200 48952 "-" "Mozilla/5.0 (Windows NT 10.0; Win64; x64) AppleWebKit/537.36 (KHTML, like Gecko) Chrome/134.0.6998.88 Safari/537.36"
66.249.66.69 - - [19/May/2026:22:24:02 +0000] "GET /ads.txt HTTP/1.1" 200 58 "-" "Google-adstxt"
220.181.108.114 - - [19/May/2026:22:24:02 +0000] "GET /tag/skin-care-regimen/ HTTP/1.1" 200 48828 "-" "Mozilla/5.0 (compatible; Baiduspider/2.0; +http://www.baidu.com/search/spider.html)"
184.94.212.206 - - [19/May/2026:22:24:39 +0000] "POST /wp-cron.php?doing_wp_cron=1779229479.0708799362182617187500 HTTP/1.1" 200 - "-" "WordPress/6.9.4; https://www.wrinkledskinrepair.com"
192.0.102.146 - - [19/May/2026:22:24:37 +0000] "HEAD / HTTP/1.1" 200 - "-" "jetmon/1.0 (Jetpack Site Uptime Monitor by WordPress.com)"
184.94.212.206 - - [19/May/2026:22:25:30 +0000] "POST /wp-cron.php?doing_wp_cron=1779229530.9006080627441406250000 HTTP/1.1" 200 - "-" "WordPress/6.9.4; https://www.wrinkledskinrepair.com"
91.92.243.201 - - [19/May/2026:22:25:28 +0000] "POST /customer/address_file/upload HTTP/1.1" 404 41302 "https://www.google.com/" "Mozilla/5.0 (Windows NT 10.0; Win64; x64) AppleWebKit/537.36 (KHTML, like Gecko) Chrome/120.0.0.0 Safari/537.36"
20.215.214.16 - - [19/May/2026:22:25:54 +0000] "GET / HTTP/1.1" 301 - "-" "Mozilla/5.0 AppleWebKit/537.36 (KHTML, like Gecko); compatible; ChatGPT-User/1.0; +https://openai.com/bot"
20.215.214.23 - - [19/May/2026:22:25:57 +0000] "GET / HTTP/1.1" 200 47731 "-" "Mozilla/5.0 AppleWebKit/537.36 (KHTML, like Gecko); compatible; ChatGPT-User/1.0; +https://openai.com/bot"
184.94.212.206 - - [19/May/2026:22:27:20 +0000] "GET /wp-json/jetpack/v4/sync/spawn-sync?time=1779229640&request_lock_id=6b47a92e-7f3a-40fa-bbbc-18cead0baf9c HTTP/1.1" 200 37 "-" "WordPress/6.9.4; https://www.wrinkledskinrepair.com"
184.94.212.206 - - [19/May/2026:22:29:35 +0000] "POST /wp-cron.php?doing_wp_cron=1779229775.2934288978576660156250 HTTP/1.1" 200 - "-" "WordPress/6.9.4; https://www.wrinkledskinrepair.com"
192.0.102.146 - - [19/May/2026:22:29:33 +0000] "HEAD / HTTP/1.1" 200 - "-" "jetmon/1.0 (Jetpack Site Uptime Monitor by WordPress.com)"
184.94.212.206 - - [19/May/2026:22:29:36 +0000] "GET /contact/?amp=1&_validate%5Bnonce%5D=2a2397a58e92505dc19f0cd9495d6b00&_validate%5Bcache_bust%5D=2098924590 HTTP/1.1" 200 15993 "-" "WordPress/6.9.4; https://www.wrinkledskinrepair.com"
184.94.212.206 - - [19/May/2026:22:29:56 +0000] "POST /wp-cron.php?doing_wp_cron=1779229796.2142310142517089843750 HTTP/1.1" 200 - "-" "WordPress/6.9.4; https://www.wrinkledskinrepair.com"
144.76.32.187 - - [19/May/2026:22:29:55 +0000] "GET /robots.txt HTTP/1.1" 200 127 "-" "Mozilla/5.0 (compatible; SERankingBacklinksBot/1.0; +https://seranking.com/backlinks-crawler)"
144.76.32.187 - - [19/May/2026:22:29:56 +0000] "GET /tag/skin-cells/page/3/ HTTP/1.1" 200 48083 "-" "Mozilla/5.0 (compatible; SERankingBacklinksBot/1.0; +https://seranking.com/backlinks-crawler)"
144.76.32.187 - - [19/May/2026:22:30:01 +0000] "GET /tag/vitamin-b3/page/3/ HTTP/1.1" 200 46759 "-" "Mozilla/5.0 (compatible; SERankingBacklinksBot/1.0; +https://seranking.com/backlinks-crawler)"
184.94.212.206 - - [19/May/2026:22:30:08 +0000] "POST /wp-cron.php?doing_wp_cron=1779229808.4193959236145019531250 HTTP/1.1" 200 - "-" "WordPress/6.9.4; https://www.wrinkledskinrepair.com"
144.76.32.187 - - [19/May/2026:22:30:07 +0000] "GET /tag/baking-soda/page/3/ HTTP/1.1" 200 47475 "-" "Mozilla/5.0 (compatible; SERankingBacklinksBot/1.0; +https://seranking.com/backlinks-crawler)"
144.76.32.187 - - [19/May/2026:22:30:12 +0000] "GET /tag/lemon-juice/page/3/ HTTP/1.1" 200 48890 "-" "Mozilla/5.0 (compatible; SERankingBacklinksBot/1.0; +https://seranking.com/backlinks-crawler)"
184.94.212.206 - - [19/May/2026:22:30:19 +0000] "POST /wp-cron.php?doing_wp_cron=1779229819.0520749092102050781250 HTTP/1.1" 200 - "-" "WordPress/6.9.4; https://www.wrinkledskinrepair.com"
144.76.32.187 - - [19/May/2026:22:30:17 +0000] "GET /2018/09/27/keep-your-skin-fresh-clean-and-clear-with-this-helpful-advice/?share=x HTTP/1.1" 302 - "-" "Mozilla/5.0 (compatible; SERankingBacklinksBot/1.0; +https://seranking.com/backlinks-crawler)"
144.76.32.187 - - [19/May/2026:22:30:23 +0000] "GET /tag/healthy-skin/page/3/ HTTP/1.1" 200 49005 "-" "Mozilla/5.0 (compatible; SERankingBacklinksBot/1.0; +https://seranking.com/backlinks-crawler)"
144.76.32.187 - - [19/May/2026:22:30:28 +0000] "GET /category/skin-care/page/3/ HTTP/1.1" 200 48727 "-" "Mozilla/5.0 (compatible; SERankingBacklinksBot/1.0; +https://seranking.com/backlinks-crawler)"
144.76.32.187 - - [19/May/2026:22:30:34 +0000] "GET /tag/sensitive-skin/page/3/ HTTP/1.1" 200 48301 "-" "Mozilla/5.0 (compatible; SERankingBacklinksBot/1.0; +https://seranking.com/backlinks-crawler)"
144.76.32.187 - - [19/May/2026:22:30:39 +0000] "GET /tag/dead-skin-cells/page/3/ HTTP/1.1" 200 48623 "-" "Mozilla/5.0 (compatible; SERankingBacklinksBot/1.0; +https://seranking.com/backlinks-crawler)"
5.102.173.71 - - [19/May/2026:22:30:42 +0000] "GET /robots.txt HTTP/1.1" 200 127 "-" "Mozilla/5.0 (compatible; MojeekBot/0.11; +https://www.mojeek.com/bot.html)"
5.102.173.71 - - [19/May/2026:22:30:43 +0000] "GET /best-creams-over-50 HTTP/1.1" 301 - "-" "Mozilla/5.0 (compatible; MojeekBot/0.11; +https://www.mojeek.com/bot.html)"
144.76.32.187 - - [19/May/2026:22:30:45 +0000] "GET /tag/jasmine-extract/page/3/ HTTP/1.1" 200 48557 "-" "Mozilla/5.0 (compatible; SERankingBacklinksBot/1.0; +https://seranking.com/backlinks-crawler)"
20.215.220.216 - - [19/May/2026:22:30:48 +0000] "GET / HTTP/1.1" 301 - "-" "Mozilla/5.0 AppleWebKit/537.36 (KHTML, like Gecko); compatible; ChatGPT-User/1.0; +https://openai.com/bot"
20.215.220.222 - - [19/May/2026:22:30:50 +0000] "GET / HTTP/1.1" 200 47731 "-" "Mozilla/5.0 AppleWebKit/537.36 (KHTML, like Gecko); compatible; ChatGPT-User/1.0; +https://openai.com/bot"
144.76.32.187 - - [19/May/2026:22:30:51 +0000] "GET /tag/skin-care-regimen/page/2/ HTTP/1.1" 200 45724 "-" "Mozilla/5.0 (compatible; SERankingBacklinksBot/1.0; +https://seranking.com/backlinks-crawler)"
144.76.32.187 - - [19/May/2026:22:30:56 +0000] "GET /tag/skin-care-routine/page/2/ HTTP/1.1" 200 47401 "-" "Mozilla/5.0 (compatible; SERankingBacklinksBot/1.0; +https://seranking.com/backlinks-crawler)"
144.76.32.187 - - [19/May/2026:22:31:02 +0000] "GET /2020/06/27/easy-skin-care-tips-to-achieve-the-great-skin-you-yearn-for-2/?share=x HTTP/1.1" 302 - "-" "Mozilla/5.0 (compatible; SERankingBacklinksBot/1.0; +https://seranking.com/backlinks-crawler)"
144.76.32.187 - - [19/May/2026:22:31:07 +0000] "GET /tag/skin-care-products/page/3/ HTTP/1.1" 200 48638 "-" "Mozilla/5.0 (compatible; SERankingBacklinksBot/1.0; +https://seranking.com/backlinks-crawler)"
144.76.32.187 - - [19/May/2026:22:31:13 +0000] "GET /author/beautyoftheworld/page/3/ HTTP/1.1" 200 49219 "-" "Mozilla/5.0 (compatible; SERankingBacklinksBot/1.0; +https://seranking.com/backlinks-crawler)"
184.94.212.206 - - [19/May/2026:22:31:19 +0000] "POST /wp-cron.php?doing_wp_cron=1779229879.2579720020294189453125 HTTP/1.1" 200 - "-" "WordPress/6.9.4; https://www.wrinkledskinrepair.com"
144.76.32.187 - - [19/May/2026:22:31:18 +0000] "GET /category/wrinkle-treatment/page/3/ HTTP/1.1" 200 48688 "-" "Mozilla/5.0 (compatible; SERankingBacklinksBot/1.0; +https://seranking.com/backlinks-crawler)"
144.76.32.187 - - [19/May/2026:22:31:23 +0000] "GET /2017/08/06/the-aging-process/?share=x HTTP/1.1" 302 - "-" "Mozilla/5.0 (compatible; SERankingBacklinksBot/1.0; +https://seranking.com/backlinks-crawler)"
144.76.32.187 - - [19/May/2026:22:31:29 +0000] "GET /2018/08/12/advice-for-skin-care/?share=x HTTP/1.1" 302 - "-" "Mozilla/5.0 (compatible; SERankingBacklinksBot/1.0; +https://seranking.com/backlinks-crawler)"
144.76.32.187 - - [19/May/2026:22:31:34 +0000] "GET /2018/08/13/advice-for-skin-care-2/?share=x HTTP/1.1" 302 - "-" "Mozilla/5.0 (compatible; SERankingBacklinksBot/1.0; +https://seranking.com/backlinks-crawler)"
144.76.32.187 - - [19/May/2026:22:31:39 +0000] "GET /2017/07/23/getting-rid-of-wrinkles/?share=x HTTP/1.1" 302 - "-" "Mozilla/5.0 (compatible; SERankingBacklinksBot/1.0; +https://seranking.com/backlinks-crawler)"
144.76.32.187 - - [19/May/2026:22:31:45 +0000] "GET /2020/05/25/keep-your-skin-healthy-and-beautiful-with-these-helpful-tips-2/?share=x HTTP/1.1" 302 - "-" "Mozilla/5.0 (compatible; SERankingBacklinksBot/1.0; +https://seranking.com/backlinks-crawler)"
144.76.32.187 - - [19/May/2026:22:31:50 +0000] "GET /2018/07/05/creating-beautiful-skin/?share=x HTTP/1.1" 302 - "-" "Mozilla/5.0 (compatible; SERankingBacklinksBot/1.0; +https://seranking.com/backlinks-crawler)"
144.76.32.187 - - [19/May/2026:22:31:58 +0000] "GET /2017/08/06/the-aging-process/?share=facebook HTTP/1.1" 302 - "-" "Mozilla/5.0 (compatible; SERankingBacklinksBot/1.0; +https://seranking.com/backlinks-crawler)"
144.76.32.187 - - [19/May/2026:22:32:04 +0000] "GET /2019/06/10/proper-skin-care-for-you/?share=x HTTP/1.1" 302 - "-" "Mozilla/5.0 (compatible; SERankingBacklinksBot/1.0; +https://seranking.com/backlinks-crawler)"
144.76.32.187 - - [19/May/2026:22:32:09 +0000] "GET /2013/06/08/home-remedies-for-wrinkles/?share=x HTTP/1.1" 302 - "-" "Mozilla/5.0 (compatible; SERankingBacklinksBot/1.0; +https://seranking.com/backlinks-crawler)"
184.94.212.206 - - [19/May/2026:22:32:19 +0000] "POST /wp-cron.php?doing_wp_cron=1779229939.4366838932037353515625 HTTP/1.1" 200 - "-" "WordPress/6.9.4; https://www.wrinkledskinrepair.com"
144.76.32.187 - - [19/May/2026:22:32:18 +0000] "GET /2018/09/20/skin-care-rules-to-live-by/?share=x HTTP/1.1" 302 - "-" "Mozilla/5.0 (compatible; SERankingBacklinksBot/1.0; +https://seranking.com/backlinks-crawler)"
144.76.32.187 - - [19/May/2026:22:32:23 +0000] "GET /2017/10/24/look-and-feel-more-youthful/?share=x HTTP/1.1" 302 - "-" "Mozilla/5.0 (compatible; SERankingBacklinksBot/1.0; +https://seranking.com/backlinks-crawler)"
144.76.32.187 - - [19/May/2026:22:32:30 +0000] "GET /2018/05/18/strategies-for-gentle-aging/?share=x HTTP/1.1" 302 - "-" "Mozilla/5.0 (compatible; SERankingBacklinksBot/1.0; +https://seranking.com/backlinks-crawler)"
144.76.32.187 - - [19/May/2026:22:32:37 +0000] "GET /2018/12/05/stop-wishing-you-had-great-skin-and-get-it-thanks-to-these-tips/?share=x HTTP/1.1" 302 - "-" "Mozilla/5.0 (compatible; SERankingBacklinksBot/1.0; +https://seranking.com/backlinks-crawler)"
144.76.32.187 - - [19/May/2026:22:32:42 +0000] "GET /2018/08/12/advice-for-skin-care/?share=facebook HTTP/1.1" 302 - "-" "Mozilla/5.0 (compatible; SERankingBacklinksBot/1.0; +https://seranking.com/backlinks-crawler)"
40.77.167.101 - - [19/May/2026:22:32:45 +0000] "GET /robots.txt HTTP/1.1" 301 - "-" "Mozilla/5.0 AppleWebKit/537.36 (KHTML, like Gecko; compatible; bingbot/2.0; +http://www.bing.com/bingbot.htm) Chrome/116.0.1938.76 Safari/537.36"
40.77.167.101 - - [19/May/2026:22:32:46 +0000] "GET /robots.txt HTTP/1.1" 200 127 "-" "Mozilla/5.0 AppleWebKit/537.36 (KHTML, like Gecko; compatible; bingbot/2.0; +http://www.bing.com/bingbot.htm) Chrome/116.0.1938.76 Safari/537.36"
144.76.32.187 - - [19/May/2026:22:32:47 +0000] "GET /2019/04/18/easy-ways-to-love-your-skin/?share=x HTTP/1.1" 302 - "-" "Mozilla/5.0 (compatible; SERankingBacklinksBot/1.0; +https://seranking.com/backlinks-crawler)"
144.76.32.187 - - [19/May/2026:22:32:52 +0000] "GET /2013/06/08/can-we-prevent-wrinkled-skin/?share=x HTTP/1.1" 302 - "-" "Mozilla/5.0 (compatible; SERankingBacklinksBot/1.0; +https://seranking.com/backlinks-crawler)"
4.197.64.16 - - [19/May/2026:22:32:57 +0000] "GET / HTTP/1.1" 301 - "-" "Mozilla/5.0 AppleWebKit/537.36 (KHTML, like Gecko); compatible; ChatGPT-User/1.0; +https://openai.com/bot"
144.76.32.187 - - [19/May/2026:22:32:57 +0000] "GET /2017/08/03/short-term-wrinkle-solutions/?share=x HTTP/1.1" 302 - "-" "Mozilla/5.0 (compatible; SERankingBacklinksBot/1.0; +https://seranking.com/backlinks-crawler)"
40.77.167.35 - - [19/May/2026:22:32:59 +0000] "GET /sitemap.xml HTTP/1.1" 200 407 "-" "Mozilla/5.0 AppleWebKit/537.36 (KHTML, like Gecko; compatible; bingbot/2.0; +http://www.bing.com/bingbot.htm) Chrome/116.0.1938.76 Safari/537.36"
4.197.64.17 - - [19/May/2026:22:32:59 +0000] "GET / HTTP/1.1" 200 47731 "-" "Mozilla/5.0 AppleWebKit/537.36 (KHTML, like Gecko); compatible; ChatGPT-User/1.0; +https://openai.com/bot"
144.76.32.187 - - [19/May/2026:22:33:02 +0000] "GET /2019/07/11/skin-care-rules-to-live-by-2/?share=x HTTP/1.1" 302 - "-" "Mozilla/5.0 (compatible; SERankingBacklinksBot/1.0; +https://seranking.com/backlinks-crawler)"
144.76.32.187 - - [19/May/2026:22:33:06 +0000] "GET /2018/08/13/advice-for-skin-care-2/?share=facebook HTTP/1.1" 302 - "-" "Mozilla/5.0 (compatible; SERankingBacklinksBot/1.0; +https://seranking.com/backlinks-crawler)"
184.94.212.206 - - [19/May/2026:22:33:12 +0000] "POST /wp-cron.php?doing_wp_cron=1779229992.4402840137481689453125 HTTP/1.1" 200 - "-" "WordPress/6.9.4; https://www.wrinkledskinrepair.com"
144.76.32.187 - - [19/May/2026:22:33:11 +0000] "GET /2017/07/23/getting-rid-of-wrinkles/?share=facebook HTTP/1.1" 302 - "-" "Mozilla/5.0 (compatible; SERankingBacklinksBot/1.0; +https://seranking.com/backlinks-crawler)"
144.76.32.187 - - [19/May/2026:22:33:16 +0000] "GET /2019/04/28/skin-care-basics-great-tips-and-advice-for-healthy-looking-skin/?share=x HTTP/1.1" 302 - "-" "Mozilla/5.0 (compatible; SERankingBacklinksBot/1.0; +https://seranking.com/backlinks-crawler)"
184.94.212.206 - - [19/May/2026:22:33:22 +0000] "POST /wp-cron.php?doing_wp_cron=1779230002.2386870384216308593750 HTTP/1.1" 200 - "-" "WordPress/6.9.4; https://www.wrinkledskinrepair.com"
144.76.32.187 - - [19/May/2026:22:33:21 +0000] "GET /2018/07/05/creating-beautiful-skin/?share=facebook HTTP/1.1" 302 - "-" "Mozilla/5.0 (compatible; SERankingBacklinksBot/1.0; +https://seranking.com/backlinks-crawler)"
144.76.32.187 - - [19/May/2026:22:33:26 +0000] "GET /2018/08/27/easy-tips-to-improve-your-skin/?share=x HTTP/1.1" 302 - "-" "Mozilla/5.0 (compatible; SERankingBacklinksBot/1.0; +https://seranking.com/backlinks-crawler)"
144.76.32.187 - - [19/May/2026:22:33:30 +0000] "GET /2018/12/04/how-to-best-care-for-your-skin/?share=x HTTP/1.1" 302 - "-" "Mozilla/5.0 (compatible; SERankingBacklinksBot/1.0; +https://seranking.com/backlinks-crawler)"
144.76.32.187 - - [19/May/2026:22:33:36 +0000] "GET /2018/06/11/tricks-to-get-the-skin-you-want/?share=x HTTP/1.1" 302 - "-" "Mozilla/5.0 (compatible; SERankingBacklinksBot/1.0; +https://seranking.com/backlinks-crawler)"
144.76.32.187 - - [19/May/2026:22:33:41 +0000] "GET /2019/05/06/why-be-embarrassed-by-your-skin/?share=x HTTP/1.1" 302 - "-" "Mozilla/5.0 (compatible; SERankingBacklinksBot/1.0; +https://seranking.com/backlinks-crawler)"
144.76.32.187 - - [19/May/2026:22:33:46 +0000] "GET /2019/06/10/proper-skin-care-for-you/?share=facebook HTTP/1.1" 302 - "-" "Mozilla/5.0 (compatible; SERankingBacklinksBot/1.0; +https://seranking.com/backlinks-crawler)"
144.76.32.187 - - [19/May/2026:22:33:50 +0000] "GET /2020/05/05/easy-tips-to-care-for-your-skin/?share=x HTTP/1.1" 302 - "-" "Mozilla/5.0 (compatible; SERankingBacklinksBot/1.0; +https://seranking.com/backlinks-crawler)"
144.76.32.187 - - [19/May/2026:22:33:55 +0000] "GET /2019/05/10/keep-your-skin-fresh-clean-and-clear-with-this-helpful-advice-2/?share=x HTTP/1.1" 302 - "-" "Mozilla/5.0 (compatible; SERankingBacklinksBot/1.0; +https://seranking.com/backlinks-crawler)"
144.76.32.187 - - [19/May/2026:22:34:00 +0000] "GET /2020/06/05/easy-ways-to-care-for-your-skin/?share=x HTTP/1.1" 302 - "-" "Mozilla/5.0 (compatible; SERankingBacklinksBot/1.0; +https://seranking.com/backlinks-crawler)"
144.76.32.187 - - [19/May/2026:22:34:05 +0000] "GET /2013/06/08/list-of-good-anti-wrinkle-creams/?share=x HTTP/1.1" 302 - "-" "Mozilla/5.0 (compatible; SERankingBacklinksBot/1.0; +https://seranking.com/backlinks-crawler)"
144.76.32.187 - - [19/May/2026:22:34:10 +0000] "GET /2013/06/08/home-remedies-for-wrinkles/?share=facebook HTTP/1.1" 302 - "-" "Mozilla/5.0 (compatible; SERankingBacklinksBot/1.0; +https://seranking.com/backlinks-crawler)"
144.76.32.187 - - [19/May/2026:22:34:14 +0000] "GET /2013/06/08/over-the-counter-wrinkle-removers/?share=x HTTP/1.1" 302 - "-" "Mozilla/5.0 (compatible; SERankingBacklinksBot/1.0; +https://seranking.com/backlinks-crawler)"
184.94.212.206 - - [19/May/2026:22:34:20 +0000] "POST /wp-cron.php?doing_wp_cron=1779230060.6662929058074951171875 HTTP/1.1" 200 - "-" "WordPress/6.9.4; https://www.wrinkledskinrepair.com"
144.76.32.187 - - [19/May/2026:22:34:19 +0000] "GET /2018/05/24/make-bad-skin-a-thing-of-the-past/?share=x HTTP/1.1" 302 - "-" "Mozilla/5.0 (compatible; SERankingBacklinksBot/1.0; +https://seranking.com/backlinks-crawler)"
144.76.32.187 - - [19/May/2026:22:34:24 +0000] "GET /2018/06/01/easy-ways-to-get-that-lovely-skin/?share=x HTTP/1.1" 302 - "-" "Mozilla/5.0 (compatible; SERankingBacklinksBot/1.0; +https://seranking.com/backlinks-crawler)"
144.76.32.187 - - [19/May/2026:22:34:29 +0000] "GET /2018/07/18/be-successful-with-your-skin-care/?share=x HTTP/1.1" 302 - "-" "Mozilla/5.0 (compatible; SERankingBacklinksBot/1.0; +https://seranking.com/backlinks-crawler)"
144.76.32.187 - - [19/May/2026:22:34:33 +0000] "GET /2020/04/28/advice-and-ideas-to-help-you-keep-your-skin-healthy-and-glowing/?share=x HTTP/1.1" 302 - "-" "Mozilla/5.0 (compatible; SERankingBacklinksBot/1.0; +https://seranking.com/backlinks-crawler)"
192.0.102.146 - - [19/May/2026:22:34:35 +0000] "HEAD / HTTP/1.1" 200 - "-" "jetmon/1.0 (Jetpack Site Uptime Monitor by WordPress.com)"
47.128.41.41 - - [19/May/2026:22:34:37 +0000] "GET /robots.txt HTTP/1.1" 200 127 "-" "Mozilla/5.0 (Linux; Android 5.0) AppleWebKit/537.36 (KHTML, like Gecko) Mobile Safari/537.36 (compatible; Bytespider; spider-feedback@bytedance.com)"
144.76.32.187 - - [19/May/2026:22:34:38 +0000] "GET /2018/07/24/get-on-the-road-to-beautiful-skin/?share=x HTTP/1.1" 302 - "-" "Mozilla/5.0 (compatible; SERankingBacklinksBot/1.0; +https://seranking.com/backlinks-crawler)"
184.94.212.206 - - [19/May/2026:22:34:44 +0000] "POST /wp-cron.php?doing_wp_cron=1779230084.3652389049530029296875 HTTP/1.1" 200 - "-" "WordPress/6.9.4; https://www.wrinkledskinrepair.com"
144.76.32.187 - - [19/May/2026:22:34:43 +0000] "GET /2018/09/20/skin-care-rules-to-live-by/?share=facebook HTTP/1.1" 302 - "-" "Mozilla/5.0 (compatible; SERankingBacklinksBot/1.0; +https://seranking.com/backlinks-crawler)"
144.76.32.187 - - [19/May/2026:22:34:48 +0000] "GET /2018/09/23/need-skin-care-tips-weve-got-them/?share=x HTTP/1.1" 302 - "-" "Mozilla/5.0 (compatible; SERankingBacklinksBot/1.0; +https://seranking.com/backlinks-crawler)"
144.76.32.187 - - [19/May/2026:22:34:52 +0000] "GET /2018/09/27/skin-care-advice-you-have-to-have/?share=x HTTP/1.1" 302 - "-" "Mozilla/5.0 (compatible; SERankingBacklinksBot/1.0; +https://seranking.com/backlinks-crawler)"
144.76.32.187 - - [19/May/2026:22:34:57 +0000] "GET /2019/07/13/a-list-of-the-best-skin-care-tips/?share=x HTTP/1.1" 302 - "-" "Mozilla/5.0 (compatible; SERankingBacklinksBot/1.0; +https://seranking.com/backlinks-crawler)"
144.76.32.187 - - [19/May/2026:22:35:02 +0000] "GET /2019/07/14/skin-care-advice-that-you-can-use/?share=x HTTP/1.1" 302 - "-" "Mozilla/5.0 (compatible; SERankingBacklinksBot/1.0; +https://seranking.com/backlinks-crawler)"
184.94.212.206 - - [19/May/2026:22:35:08 +0000] "POST /wp-cron.php?doing_wp_cron=1779230108.1503798961639404296875 HTTP/1.1" 200 - "-" "WordPress/6.9.4; https://www.wrinkledskinrepair.com"
144.76.32.187 - - [19/May/2026:22:35:07 +0000] "GET /2020/03/26/tend-to-your-skin-with-these-tips/?share=x HTTP/1.1" 302 - "-" "Mozilla/5.0 (compatible; SERankingBacklinksBot/1.0; +https://seranking.com/backlinks-crawler)"
144.76.32.187 - - [19/May/2026:22:35:11 +0000] "GET /2017/06/08/natural-ways-to-go-about-wrinkle-reduction-and-prevention/?share=facebook HTTP/1.1" 302 - "-" "Mozilla/5.0 (compatible; SERankingBacklinksBot/1.0; +https://seranking.com/backlinks-crawler)"
144.76.32.187 - - [19/May/2026:22:35:16 +0000] "GET /2017/10/24/look-and-feel-more-youthful/?share=facebook HTTP/1.1" 302 - "-" "Mozilla/5.0 (compatible; SERankingBacklinksBot/1.0; +https://seranking.com/backlinks-crawler)"
184.94.212.206 - - [19/May/2026:22:35:22 +0000] "POST /wp-cron.php?doing_wp_cron=1779230122.3831870555877685546875 HTTP/1.1" 200 - "-" "WordPress/6.9.4; https://www.wrinkledskinrepair.com"
144.76.32.187 - - [19/May/2026:22:35:21 +0000] "GET /2018/05/18/strategies-for-gentle-aging/?share=facebook HTTP/1.1" 302 - "-" "Mozilla/5.0 (compatible; SERankingBacklinksBot/1.0; +https://seranking.com/backlinks-crawler)"
144.76.32.187 - - [19/May/2026:22:35:26 +0000] "GET /2018/11/08/the-basics-of-caring-for-your-skin/?share=x HTTP/1.1" 302 - "-" "Mozilla/5.0 (compatible; SERankingBacklinksBot/1.0; +https://seranking.com/backlinks-crawler)"
144.76.32.187 - - [19/May/2026:22:35:30 +0000] "GET /2018/12/29/easy-tips-to-have-perfect-skin-now/?share=x HTTP/1.1" 302 - "-" "Mozilla/5.0 (compatible; SERankingBacklinksBot/1.0; +https://seranking.com/backlinks-crawler)"
144.76.32.187 - - [19/May/2026:22:35:35 +0000] "GET /2019/04/18/easy-ways-to-love-your-skin/?share=facebook HTTP/1.1" 302 - "-" "Mozilla/5.0 (compatible; SERankingBacklinksBot/1.0; +https://seranking.com/backlinks-crawler)"
144.76.32.187 - - [19/May/2026:22:35:40 +0000] "GET /2019/05/11/clear-skin-is-just-an-article-away/?share=x HTTP/1.1" 302 - "-" "Mozilla/5.0 (compatible; SERankingBacklinksBot/1.0; +https://seranking.com/backlinks-crawler)"
144.76.32.187 - - [19/May/2026:22:35:46 +0000] "GET /2019/06/19/how-to-have-skin-that-simply-glows/?share=x HTTP/1.1" 302 - "-" "Mozilla/5.0 (compatible; SERankingBacklinksBot/1.0; +https://seranking.com/backlinks-crawler)"
144.76.32.187 - - [19/May/2026:22:35:50 +0000] "GET /2018/05/21/how-to-use-nutrition-to-look-and-feel-years-younger-than-you-are/?share=x HTTP/1.1" 302 - "-" "Mozilla/5.0 (compatible; SERankingBacklinksBot/1.0; +https://seranking.com/backlinks-crawler)"
144.76.32.187 - - [19/May/2026:22:35:55 +0000] "GET /2020/04/08/how-to-properly-care-for-your-skin/?share=x HTTP/1.1" 302 - "-" "Mozilla/5.0 (compatible; SERankingBacklinksBot/1.0; +https://seranking.com/backlinks-crawler)"
144.76.32.187 - - [19/May/2026:22:36:00 +0000] "GET /2020/04/25/how-to-improve-the-skin-you-are-in/?share=x HTTP/1.1" 302 - "-" "Mozilla/5.0 (compatible; SERankingBacklinksBot/1.0; +https://seranking.com/backlinks-crawler)"
144.76.32.187 - - [19/May/2026:22:36:05 +0000] "GET /2020/05/29/skin-care-has-never-been-this-easy/?share=x HTTP/1.1" 302 - "-" "Mozilla/5.0 (compatible; SERankingBacklinksBot/1.0; +https://seranking.com/backlinks-crawler)"
144.76.32.187 - - [19/May/2026:22:36:10 +0000] "GET /2013/06/08/can-we-prevent-wrinkled-skin/?share=facebook HTTP/1.1" 302 - "-" "Mozilla/5.0 (compatible; SERankingBacklinksBot/1.0; +https://seranking.com/backlinks-crawler)"
144.76.32.187 - - [19/May/2026:22:36:14 +0000] "GET /2017/08/03/short-term-wrinkle-solutions/?share=facebook HTTP/1.1" 302 - "-" "Mozilla/5.0 (compatible; SERankingBacklinksBot/1.0; +https://seranking.com/backlinks-crawler)"
184.94.212.206 - - [19/May/2026:22:36:20 +0000] "POST /wp-cron.php?doing_wp_cron=1779230180.4760639667510986328125 HTTP/1.1" 200 - "-" "WordPress/6.9.4; https://www.wrinkledskinrepair.com"
144.76.32.187 - - [19/May/2026:22:36:19 +0000] "GET /2018/06/15/care-for-your-skin-with-these-steps/?share=x HTTP/1.1" 302 - "-" "Mozilla/5.0 (compatible; SERankingBacklinksBot/1.0; +https://seranking.com/backlinks-crawler)"
144.76.32.187 - - [19/May/2026:22:36:24 +0000] "GET /2018/07/17/easy-tips-for-curing-your-skin-woes/?share=x HTTP/1.1" 302 - "-" "Mozilla/5.0 (compatible; SERankingBacklinksBot/1.0; +https://seranking.com/backlinks-crawler)"
144.76.32.187 - - [19/May/2026:22:36:29 +0000] "GET /2018/07/09/skin-care-shouldnt-have-to-be-difficult-follow-these-simple-tips/?share=x HTTP/1.1" 302 - "-" "Mozilla/5.0 (compatible; SERankingBacklinksBot/1.0; +https://seranking.com/backlinks-crawler)"
144.76.32.187 - - [19/May/2026:22:36:33 +0000] "GET /2018/07/21/make-your-skin-glow-with-these-tips/?share=x HTTP/1.1" 302 - "-" "Mozilla/5.0 (compatible; SERankingBacklinksBot/1.0; +https://seranking.com/backlinks-crawler)"
144.76.32.187 - - [19/May/2026:22:36:38 +0000] "GET /2018/08/05/simple-ideas-for-a-clear-complexion/?share=x HTTP/1.1" 302 - "-" "Mozilla/5.0 (compatible; SERankingBacklinksBot/1.0; +https://seranking.com/backlinks-crawler)"
144.76.32.187 - - [19/May/2026:22:36:42 +0000] "GET /2018/08/23/the-easy-way-to-attain-perfect-skin/?share=x HTTP/1.1" 302 - "-" "Mozilla/5.0 (compatible; SERankingBacklinksBot/1.0; +https://seranking.com/backlinks-crawler)"
144.76.32.187 - - [19/May/2026:22:36:47 +0000] "GET /2019/04/12/look-your-best-with-these-skin-tips/?share=x HTTP/1.1" 302 - "-" "Mozilla/5.0 (compatible; SERankingBacklinksBot/1.0; +https://seranking.com/backlinks-crawler)"
144.76.32.187 - - [19/May/2026:22:36:52 +0000] "GET /2019/06/01/our-best-and-easiest-skin-care-tips/?share=x HTTP/1.1" 302 - "-" "Mozilla/5.0 (compatible; SERankingBacklinksBot/1.0; +https://seranking.com/backlinks-crawler)"
144.76.32.187 - - [19/May/2026:22:36:57 +0000] "GET /2019/07/02/need-skin-care-tips-weve-got-them-2/?share=x HTTP/1.1" 302 - "-" "Mozilla/5.0 (compatible; SERankingBacklinksBot/1.0; +https://seranking.com/backlinks-crawler)"
144.76.32.187 - - [19/May/2026:22:37:02 +0000] "GET /2019/07/11/skin-care-rules-to-live-by-2/?share=facebook HTTP/1.1" 302 - "-" "Mozilla/5.0 (compatible; SERankingBacklinksBot/1.0; +https://seranking.com/backlinks-crawler)"
144.76.32.187 - - [19/May/2026:22:37:06 +0000] "GET /2018/07/19/read-this-article-to-learn-how-to-maintain-healthy-skin-2/?share=facebook HTTP/1.1" 302 - "-" "Mozilla/5.0 (compatible; SERankingBacklinksBot/1.0; +https://seranking.com/backlinks-crawler)"
144.76.32.187 - - [19/May/2026:22:37:11 +0000] "GET /2020/04/19/be-successful-with-your-skin-care-2/?share=x HTTP/1.1" 302 - "-" "Mozilla/5.0 (compatible; SERankingBacklinksBot/1.0; +https://seranking.com/backlinks-crawler)"
184.94.212.206 - - [19/May/2026:22:37:17 +0000] "POST /wp-cron.php?doing_wp_cron=1779230237.0554609298706054687500 HTTP/1.1" 200 - "-" "WordPress/6.9.4; https://www.wrinkledskinrepair.com"
144.76.32.187 - - [19/May/2026:22:37:16 +0000] "GET /2020/06/25/tips-on-how-to-achieve-radiant-skin/?share=x HTTP/1.1" 302 - "-" "Mozilla/5.0 (compatible; SERankingBacklinksBot/1.0; +https://seranking.com/backlinks-crawler)"
144.76.32.187 - - [19/May/2026:22:37:20 +0000] "GET /2018/09/14/tips-to-care-for-your-skin-perfectly/?share=x HTTP/1.1" 302 - "-" "Mozilla/5.0 (compatible; SERankingBacklinksBot/1.0; +https://seranking.com/backlinks-crawler)"
144.76.32.187 - - [19/May/2026:22:37:25 +0000] "GET /2018/10/04/great-advice-for-every-day-skin-care/?share=x HTTP/1.1" 302 - "-" "Mozilla/5.0 (compatible; SERankingBacklinksBot/1.0; +https://seranking.com/backlinks-crawler)"
144.76.32.187 - - [19/May/2026:22:37:30 +0000] "GET /2018/10/07/the-best-skin-care-tips-you-can-find/?share=x HTTP/1.1" 302 - "-" "Mozilla/5.0 (compatible; SERankingBacklinksBot/1.0; +https://seranking.com/backlinks-crawler)"
184.94.212.206 - - [19/May/2026:22:37:35 +0000] "POST /wp-cron.php?doing_wp_cron=1779230255.8685879707336425781250 HTTP/1.1" 200 - "-" "WordPress/6.9.4; https://www.wrinkledskinrepair.com"
144.76.32.187 - - [19/May/2026:22:37:34 +0000] "GET /2018/11/22/look-great-with-these-skin-care-tips/?share=x HTTP/1.1" 302 - "-" "Mozilla/5.0 (compatible; SERankingBacklinksBot/1.0; +https://seranking.com/backlinks-crawler)"
144.76.32.187 - - [19/May/2026:22:37:39 +0000] "GET /2019/04/03/skin-care-advice-for-better-skin-now/?share=x HTTP/1.1" 302 - "-" "Mozilla/5.0 (compatible; SERankingBacklinksBot/1.0; +https://seranking.com/backlinks-crawler)"
144.76.32.187 - - [19/May/2026:22:37:44 +0000] "GET /2019/07/05/basic-skin-care-advice-that-will-bring-on-better-than-basic-skin/?share=x HTTP/1.1" 302 - "-" "Mozilla/5.0 (compatible; SERankingBacklinksBot/1.0; +https://seranking.com/backlinks-crawler)"
144.76.32.187 - - [19/May/2026:22:37:49 +0000] "GET /2019/04/14/tips-to-make-your-skin-perfect-again/?share=x HTTP/1.1" 302 - "-" "Mozilla/5.0 (compatible; SERankingBacklinksBot/1.0; +https://seranking.com/backlinks-crawler)"
144.76.32.187 - - [19/May/2026:22:37:53 +0000] "GET /2019/04/27/for-skin-care-problems-read-this-now/?share=x HTTP/1.1" 302 - "-" "Mozilla/5.0 (compatible; SERankingBacklinksBot/1.0; +https://seranking.com/backlinks-crawler)"
144.76.32.187 - - [19/May/2026:22:37:58 +0000] "GET /2019/06/30/your-skin-and-how-to-take-care-of-it/?share=x HTTP/1.1" 302 - "-" "Mozilla/5.0 (compatible; SERankingBacklinksBot/1.0; +https://seranking.com/backlinks-crawler)"
216.73.217.80 - - [19/May/2026:22:38:02 +0000] "GET /robots.txt HTTP/1.1" 301 - "-" "Mozilla/5.0 AppleWebKit/537.36 (KHTML, like Gecko; compatible; ClaudeBot/1.0; +claudebot@anthropic.com)"
144.76.32.187 - - [19/May/2026:22:38:03 +0000] "GET /2020/04/27/easy-tips-to-have-perfect-skin-now-2/?share=x HTTP/1.1" 302 - "-" "Mozilla/5.0 (compatible; SERankingBacklinksBot/1.0; +https://seranking.com/backlinks-crawler)"
216.73.217.80 - - [19/May/2026:22:38:03 +0000] "GET /robots.txt HTTP/1.1" 200 127 "https://wrinkledskinrepair.com/robots.txt" "Mozilla/5.0 AppleWebKit/537.36 (KHTML, like Gecko; compatible; ClaudeBot/1.0; +claudebot@anthropic.com)"
216.73.217.80 - - [19/May/2026:22:38:04 +0000] "GET /blog/page/13 HTTP/1.1" 301 - "-" "Mozilla/5.0 AppleWebKit/537.36 (KHTML, like Gecko; compatible; ClaudeBot/1.0; +claudebot@anthropic.com)"
216.73.217.80 - - [19/May/2026:22:38:05 +0000] "GET /blog/page/13/ HTTP/1.1" 200 49979 "https://wrinkledskinrepair.com/blog/page/13" "Mozilla/5.0 AppleWebKit/537.36 (KHTML, like Gecko; compatible; ClaudeBot/1.0; +claudebot@anthropic.com)"
184.94.212.206 - - [19/May/2026:22:38:09 +0000] "POST /wp-cron.php?doing_wp_cron=1779230289.6095719337463378906250 HTTP/1.1" 200 - "-" "WordPress/6.9.4; https://www.wrinkledskinrepair.com"
144.76.32.187 - - [19/May/2026:22:38:08 +0000] "GET /2020/05/06/learn-about-caring-for-your-skin-now/?share=x HTTP/1.1" 302 - "-" "Mozilla/5.0 (compatible; SERankingBacklinksBot/1.0; +https://seranking.com/backlinks-crawler)"
144.76.32.187 - - [19/May/2026:22:38:13 +0000] "GET /2020/05/23/tips-to-easy-and-effective-skin-care/?share=x HTTP/1.1" 302 - "-" "Mozilla/5.0 (compatible; SERankingBacklinksBot/1.0; +https://seranking.com/backlinks-crawler)"
184.94.212.206 - - [19/May/2026:22:38:19 +0000] "POST /wp-cron.php?doing_wp_cron=1779230299.1189599037170410156250 HTTP/1.1" 200 - "-" "WordPress/6.9.4; https://www.wrinkledskinrepair.com"
144.76.32.187 - - [19/May/2026:22:38:18 +0000] "GET /2013/06/08/different-treatments-for-eye-wrinkles/?share=x HTTP/1.1" 302 - "-" "Mozilla/5.0 (compatible; SERankingBacklinksBot/1.0; +https://seranking.com/backlinks-crawler)"
144.76.32.187 - - [19/May/2026:22:38:22 +0000] "GET /2019/07/17/read-this-article-to-learn-how-to-maintain-healthy-skin-3/?share=facebook HTTP/1.1" 302 - "-" "Mozilla/5.0 (compatible; SERankingBacklinksBot/1.0; +https://seranking.com/backlinks-crawler)"
144.76.32.187 - - [19/May/2026:22:38:27 +0000] "GET /2018/06/16/care-for-your-skin-with-these-steps-2/?share=x HTTP/1.1" 302 - "-" "Mozilla/5.0 (compatible; SERankingBacklinksBot/1.0; +https://seranking.com/backlinks-crawler)"
144.76.32.187 - - [19/May/2026:22:38:32 +0000] "GET /2018/08/08/skin-care-techniques-that-really-work/?share=x HTTP/1.1" 302 - "-" "Mozilla/5.0 (compatible; SERankingBacklinksBot/1.0; +https://seranking.com/backlinks-crawler)"
144.76.32.187 - - [19/May/2026:22:38:37 +0000] "GET /2018/08/27/easy-tips-to-improve-your-skin/?share=facebook HTTP/1.1" 302 - "-" "Mozilla/5.0 (compatible; SERankingBacklinksBot/1.0; +https://seranking.com/backlinks-crawler)"
144.76.32.187 - - [19/May/2026:22:38:42 +0000] "GET /2018/09/03/great-skin-care-tips-for-perfect-skin/?share=x HTTP/1.1" 302 - "-" "Mozilla/5.0 (compatible; SERankingBacklinksBot/1.0; +https://seranking.com/backlinks-crawler)"
144.76.32.187 - - [19/May/2026:22:38:47 +0000] "GET /2018/09/09/how-to-care-for-your-skin-effectively/?share=x HTTP/1.1" 302 - "-" "Mozilla/5.0 (compatible; SERankingBacklinksBot/1.0; +https://seranking.com/backlinks-crawler)"
144.76.32.187 - - [19/May/2026:22:38:52 +0000] "GET /2018/09/12/easy-ways-to-transform-imperfect-skin/?share=x HTTP/1.1" 302 - "-" "Mozilla/5.0 (compatible; SERankingBacklinksBot/1.0; +https://seranking.com/backlinks-crawler)"
144.76.32.187 - - [19/May/2026:22:38:57 +0000] "GET /2018/09/28/the-easy-way-to-attain-perfect-skin-2/?share=x HTTP/1.1" 302 - "-" "Mozilla/5.0 (compatible; SERankingBacklinksBot/1.0; +https://seranking.com/backlinks-crawler)"
144.76.32.187 - - [19/May/2026:22:39:01 +0000] "GET /2019/07/21/get-a-glowing-complexion-from-some-great-skin-care-advice/?share=facebook HTTP/1.1" 302 - "-" "Mozilla/5.0 (compatible; SERankingBacklinksBot/1.0; +https://seranking.com/backlinks-crawler)"
144.76.32.187 - - [19/May/2026:22:39:06 +0000] "GET /2018/11/09/care-for-your-skin-with-these-steps-3/?share=x HTTP/1.1" 302 - "-" "Mozilla/5.0 (compatible; SERankingBacklinksBot/1.0; +https://seranking.com/backlinks-crawler)"
144.76.32.187 - - [19/May/2026:22:39:12 +0000] "GET /2018/11/20/no-longer-be-embarrassed-by-your-skin/?share=x HTTP/1.1" 302 - "-" "Mozilla/5.0 (compatible; SERankingBacklinksBot/1.0; +https://seranking.com/backlinks-crawler)"
144.76.32.187 - - [19/May/2026:22:39:16 +0000] "GET /2018/12/04/how-to-best-care-for-your-skin/?share=facebook HTTP/1.1" 302 - "-" "Mozilla/5.0 (compatible; SERankingBacklinksBot/1.0; +https://seranking.com/backlinks-crawler)"
184.94.212.206 - - [19/May/2026:22:39:22 +0000] "POST /wp-cron.php?doing_wp_cron=1779230362.7478189468383789062500 HTTP/1.1" 200 - "-" "WordPress/6.9.4; https://www.wrinkledskinrepair.com"
144.76.32.187 - - [19/May/2026:22:39:21 +0000] "GET /2018/12/24/skin-care-tips-for-great-looking-skin/?share=x HTTP/1.1" 302 - "-" "Mozilla/5.0 (compatible; SERankingBacklinksBot/1.0; +https://seranking.com/backlinks-crawler)"
144.76.32.187 - - [19/May/2026:22:39:26 +0000] "GET /2019/02/26/handy-ideas-to-try-for-easy-skin-care/?share=x HTTP/1.1" 302 - "-" "Mozilla/5.0 (compatible; SERankingBacklinksBot/1.0; +https://seranking.com/backlinks-crawler)"
144.76.32.187 - - [19/May/2026:22:39:31 +0000] "GET /2019/03/22/great-skin-care-tips-for-healthy-skin/?share=x HTTP/1.1" 302 - "-" "Mozilla/5.0 (compatible; SERankingBacklinksBot/1.0; +https://seranking.com/backlinks-crawler)"
192.0.102.146 - - [19/May/2026:22:39:35 +0000] "HEAD / HTTP/1.1" 200 - "-" "jetmon/1.0 (Jetpack Site Uptime Monitor by WordPress.com)"
144.76.32.187 - - [19/May/2026:22:39:36 +0000] "GET /2019/04/17/get-glowing-with-these-skin-care-tips/?share=x HTTP/1.1" 302 - "-" "Mozilla/5.0 (compatible; SERankingBacklinksBot/1.0; +https://seranking.com/backlinks-crawler)"
144.76.32.187 - - [19/May/2026:22:39:40 +0000] "GET /2018/07/06/revitalize-your-look-advice-for-reducing-skincare-problems/?share=facebook HTTP/1.1" 302 - "-" "Mozilla/5.0 (compatible; SERankingBacklinksBot/1.0; +https://seranking.com/backlinks-crawler)"
144.76.32.187 - - [19/May/2026:22:39:47 +0000] "GET /2019/06/17/get-the-skin-you-want-with-these-tips/?share=x HTTP/1.1" 302 - "-" "Mozilla/5.0 (compatible; SERankingBacklinksBot/1.0; +https://seranking.com/backlinks-crawler)"
144.76.32.187 - - [19/May/2026:22:39:52 +0000] "GET /2019/07/04/skin-care-tips-everyone-must-try-once/?share=x HTTP/1.1" 302 - "-" "Mozilla/5.0 (compatible; SERankingBacklinksBot/1.0; +https://seranking.com/backlinks-crawler)"
144.76.32.187 - - [19/May/2026:22:39:56 +0000] "GET /2020/04/11/tips-to-take-care-of-your-skin-better/?share=x HTTP/1.1" 302 - "-" "Mozilla/5.0 (compatible; SERankingBacklinksBot/1.0; +https://seranking.com/backlinks-crawler)"
144.76.32.187 - - [19/May/2026:22:40:01 +0000] "GET /2020/06/18/care-for-your-skin-with-these-steps-4/?share=x HTTP/1.1" 302 - "-" "Mozilla/5.0 (compatible; SERankingBacklinksBot/1.0; +https://seranking.com/backlinks-crawler)"
184.94.212.206 - - [19/May/2026:22:40:07 +0000] "POST /wp-cron.php?doing_wp_cron=1779230407.8462839126586914062500 HTTP/1.1" 200 - "-" "WordPress/6.9.4; https://www.wrinkledskinrepair.com"
144.76.32.187 - - [19/May/2026:22:40:06 +0000] "GET /2018/06/11/tricks-to-get-the-skin-you-want/?share=facebook HTTP/1.1" 302 - "-" "Mozilla/5.0 (compatible; SERankingBacklinksBot/1.0; +https://seranking.com/backlinks-crawler)"
144.76.32.187 - - [19/May/2026:22:40:11 +0000] "GET /2018/07/29/skin-care-information-you-need-to-read/?share=x HTTP/1.1" 302 - "-" "Mozilla/5.0 (compatible; SERankingBacklinksBot/1.0; +https://seranking.com/backlinks-crawler)"
144.76.32.187 - - [19/May/2026:22:40:16 +0000] "GET /2018/07/30/easy-tips-for-regular-skin-maintenance/?share=x HTTP/1.1" 302 - "-" "Mozilla/5.0 (compatible; SERankingBacklinksBot/1.0; +https://seranking.com/backlinks-crawler)"
184.94.212.206 - - [19/May/2026:22:40:22 +0000] "POST /wp-cron.php?doing_wp_cron=1779230422.0821740627288818359375 HTTP/1.1" 200 - "-" "WordPress/6.9.4; https://www.wrinkledskinrepair.com"
