144.76.32.187 - - [20/May/2026:01:27:24 +0000] "GET /2018/06/05/helpful-tips-on-how-to-care-for-your-skin/?share=facebook HTTP/1.1" 302 - "-" "Mozilla/5.0 (compatible; SERankingBacklinksBot/1.0; +https://seranking.com/backlinks-crawler)"
144.76.32.187 - - [20/May/2026:01:27:29 +0000] "GET /2018/06/22/beautiful-skin-can-be-yours-with-our-tips/?share=facebook HTTP/1.1" 302 - "-" "Mozilla/5.0 (compatible; SERankingBacklinksBot/1.0; +https://seranking.com/backlinks-crawler)"
144.76.32.187 - - [20/May/2026:01:27:34 +0000] "GET /2018/07/24/tips-for-a-healthy-and-vibrant-complexion/?share=facebook HTTP/1.1" 302 - "-" "Mozilla/5.0 (compatible; SERankingBacklinksBot/1.0; +https://seranking.com/backlinks-crawler)"
184.94.212.206 - - [20/May/2026:01:27:40 +0000] "POST /wp-cron.php?doing_wp_cron=1779240460.4233009815216064453125 HTTP/1.1" 200 - "-" "WordPress/6.9.4; https://www.wrinkledskinrepair.com"
144.76.32.187 - - [20/May/2026:01:27:39 +0000] "GET /2018/08/04/advice-for-taking-care-of-your-skincare-problems/?share=x HTTP/1.1" 302 - "-" "Mozilla/5.0 (compatible; SERankingBacklinksBot/1.0; +https://seranking.com/backlinks-crawler)"
66.249.92.192 - - [20/May/2026:01:27:39 +0000] "GET / HTTP/1.1" 200 47730 "-" "Mediapartners-Google"
144.76.32.187 - - [20/May/2026:01:27:44 +0000] "GET /2018/08/20/easy-to-use-skin-care-tips-starting-today/?share=facebook HTTP/1.1" 302 - "-" "Mozilla/5.0 (compatible; SERankingBacklinksBot/1.0; +https://seranking.com/backlinks-crawler)"
144.76.32.187 - - [20/May/2026:01:27:49 +0000] "GET /2018/08/25/basic-tips-for-getting-beautifully-flawless-skin/?share=x HTTP/1.1" 302 - "-" "Mozilla/5.0 (compatible; SERankingBacklinksBot/1.0; +https://seranking.com/backlinks-crawler)"
144.76.32.187 - - [20/May/2026:01:27:53 +0000] "GET /2018/09/12/use-these-proven-techniques-to-improve-your-skin/?share=x HTTP/1.1" 302 - "-" "Mozilla/5.0 (compatible; SERankingBacklinksBot/1.0; +https://seranking.com/backlinks-crawler)"
144.76.32.187 - - [20/May/2026:01:27:58 +0000] "GET /2018/09/17/simple-tips-to-follow-regarding-skin-care/?share=facebook HTTP/1.1" 302 - "-" "Mozilla/5.0 (compatible; SERankingBacklinksBot/1.0; +https://seranking.com/backlinks-crawler)"
5.102.173.71 - - [20/May/2026:01:27:59 +0000] "GET /robots.txt HTTP/1.1" 200 127 "-" "Mozilla/5.0 (compatible; MojeekBot/0.11; +https://www.mojeek.com/bot.html)"
5.102.173.71 - - [20/May/2026:01:28:00 +0000] "GET /2018/07/17/easy-tips-for-curing-your-skin-woes/ HTTP/1.1" 200 53504 "-" "Mozilla/5.0 (compatible; MojeekBot/0.11; +https://www.mojeek.com/bot.html)"
144.76.32.187 - - [20/May/2026:01:28:03 +0000] "GET /2018/09/21/the-best-way-to-overcome-problematic-skin/?share=facebook HTTP/1.1" 302 - "-" "Mozilla/5.0 (compatible; SERankingBacklinksBot/1.0; +https://seranking.com/backlinks-crawler)"
184.94.212.206 - - [20/May/2026:01:28:09 +0000] "POST /wp-cron.php?doing_wp_cron=1779240489.3906600475311279296875 HTTP/1.1" 200 - "-" "WordPress/6.9.4; https://www.wrinkledskinrepair.com"
144.76.32.187 - - [20/May/2026:01:28:08 +0000] "GET /2018/09/30/tips-and-strategies-to-care-for-your-skin/?share=facebook HTTP/1.1" 302 - "-" "Mozilla/5.0 (compatible; SERankingBacklinksBot/1.0; +https://seranking.com/backlinks-crawler)"
144.76.32.187 - - [20/May/2026:01:28:13 +0000] "GET /2018/10/29/healthy-glowing-skin-is-within-your-reach/?share=facebook HTTP/1.1" 302 - "-" "Mozilla/5.0 (compatible; SERankingBacklinksBot/1.0; +https://seranking.com/backlinks-crawler)"
184.94.212.206 - - [20/May/2026:01:28:18 +0000] "POST /wp-cron.php?doing_wp_cron=1779240498.9586410522460937500000 HTTP/1.1" 200 - "-" "WordPress/6.9.4; https://www.wrinkledskinrepair.com"
144.76.32.187 - - [20/May/2026:01:28:17 +0000] "GET /2018/11/10/give-your-skin-some-tlc-with-these-tips-2/?share=facebook HTTP/1.1" 302 - "-" "Mozilla/5.0 (compatible; SERankingBacklinksBot/1.0; +https://seranking.com/backlinks-crawler)"
144.76.32.187 - - [20/May/2026:01:28:22 +0000] "GET /2018/12/10/improve-your-skin-with-these-helpful-tips/?share=facebook HTTP/1.1" 302 - "-" "Mozilla/5.0 (compatible; SERankingBacklinksBot/1.0; +https://seranking.com/backlinks-crawler)"
144.76.32.187 - - [20/May/2026:01:28:28 +0000] "GET /2018/12/18/care-for-your-skin-easily-with-these-tips/?share=facebook HTTP/1.1" 302 - "-" "Mozilla/5.0 (compatible; SERankingBacklinksBot/1.0; +https://seranking.com/backlinks-crawler)"
144.76.32.187 - - [20/May/2026:01:28:33 +0000] "GET /2018/12/24/rules-to-live-by-if-you-want-healthy-skin/?share=facebook HTTP/1.1" 302 - "-" "Mozilla/5.0 (compatible; SERankingBacklinksBot/1.0; +https://seranking.com/backlinks-crawler)"
144.76.32.187 - - [20/May/2026:01:28:37 +0000] "GET /2018/12/28/the-very-best-tips-for-the-very-best-skin/?share=facebook HTTP/1.1" 302 - "-" "Mozilla/5.0 (compatible; SERankingBacklinksBot/1.0; +https://seranking.com/backlinks-crawler)"
144.76.32.187 - - [20/May/2026:01:28:42 +0000] "GET /2018/12/31/does-your-skin-need-help-try-these-tips-2/?share=facebook HTTP/1.1" 302 - "-" "Mozilla/5.0 (compatible; SERankingBacklinksBot/1.0; +https://seranking.com/backlinks-crawler)"
144.76.32.187 - - [20/May/2026:01:28:47 +0000] "GET /2019/01/07/skin-care-tips-that-can-work-for-everyone/?share=facebook HTTP/1.1" 302 - "-" "Mozilla/5.0 (compatible; SERankingBacklinksBot/1.0; +https://seranking.com/backlinks-crawler)"
144.76.32.187 - - [20/May/2026:01:28:52 +0000] "GET /2019/02/15/try-these-tips-for-a-cleaner-fresher-face/?share=facebook HTTP/1.1" 302 - "-" "Mozilla/5.0 (compatible; SERankingBacklinksBot/1.0; +https://seranking.com/backlinks-crawler)"
144.76.32.187 - - [20/May/2026:01:28:56 +0000] "GET /2019/02/19/simple-secrets-and-tips-to-healthier-skin/?share=facebook HTTP/1.1" 302 - "-" "Mozilla/5.0 (compatible; SERankingBacklinksBot/1.0; +https://seranking.com/backlinks-crawler)"
144.76.32.187 - - [20/May/2026:01:29:01 +0000] "GET /2019/03/13/skin-care-advice-that-both-men-and-women-can-use/?share=x HTTP/1.1" 302 - "-" "Mozilla/5.0 (compatible; SERankingBacklinksBot/1.0; +https://seranking.com/backlinks-crawler)"
144.76.32.187 - - [20/May/2026:01:29:06 +0000] "GET /2019/03/26/get-beautiful-skin-everyone-will-notice-2/?share=facebook HTTP/1.1" 302 - "-" "Mozilla/5.0 (compatible; SERankingBacklinksBot/1.0; +https://seranking.com/backlinks-crawler)"
144.76.32.187 - - [20/May/2026:01:29:11 +0000] "GET /2019/03/27/look-after-your-skin-with-this-great-information/?share=x HTTP/1.1" 302 - "-" "Mozilla/5.0 (compatible; SERankingBacklinksBot/1.0; +https://seranking.com/backlinks-crawler)"
144.76.32.187 - - [20/May/2026:01:29:16 +0000] "GET /2019/03/29/skin-advice-to-keep-your-complexion-clear/?share=facebook HTTP/1.1" 302 - "-" "Mozilla/5.0 (compatible; SERankingBacklinksBot/1.0; +https://seranking.com/backlinks-crawler)"
184.94.212.206 - - [20/May/2026:01:29:21 +0000] "POST /wp-cron.php?doing_wp_cron=1779240561.8676340579986572265625 HTTP/1.1" 200 - "-" "WordPress/6.9.4; https://www.wrinkledskinrepair.com"
144.76.32.187 - - [20/May/2026:01:29:20 +0000] "GET /2019/04/10/tips-on-how-to-get-young-and-radiant-skin/?share=facebook HTTP/1.1" 302 - "-" "Mozilla/5.0 (compatible; SERankingBacklinksBot/1.0; +https://seranking.com/backlinks-crawler)"
144.76.32.187 - - [20/May/2026:01:29:26 +0000] "GET /2019/04/11/sound-advice-for-having-skin-care-success/?share=facebook HTTP/1.1" 302 - "-" "Mozilla/5.0 (compatible; SERankingBacklinksBot/1.0; +https://seranking.com/backlinks-crawler)"
144.76.32.187 - - [20/May/2026:01:29:31 +0000] "GET /2019/04/19/skin-care-tips-you-should-try-out-today-2/?share=facebook HTTP/1.1" 302 - "-" "Mozilla/5.0 (compatible; SERankingBacklinksBot/1.0; +https://seranking.com/backlinks-crawler)"
91.231.89.98 - - [20/May/2026:01:29:32 +0000] "GET / HTTP/1.1" 301 - "-" "Mozilla/5.0 (X11; Ubuntu; Linux x86_64; rv:134.0) Gecko/20100101 Firefox/134.0"
144.76.32.187 - - [20/May/2026:01:29:36 +0000] "GET /2019/04/29/healthy-skin-is-possible-with-these-smart-tips-2/?share=x HTTP/1.1" 302 - "-" "Mozilla/5.0 (compatible; SERankingBacklinksBot/1.0; +https://seranking.com/backlinks-crawler)"
144.76.32.187 - - [20/May/2026:01:29:41 +0000] "GET /2019/05/13/improve-your-skin-with-these-great-tips-2/?share=facebook HTTP/1.1" 302 - "-" "Mozilla/5.0 (compatible; SERankingBacklinksBot/1.0; +https://seranking.com/backlinks-crawler)"
192.0.102.146 - - [20/May/2026:01:29:41 +0000] "HEAD / HTTP/1.1" 200 - "-" "jetmon/1.0 (Jetpack Site Uptime Monitor by WordPress.com)"
184.94.212.206 - - [20/May/2026:01:29:47 +0000] "POST /wp-cron.php?doing_wp_cron=1779240587.1588859558105468750000 HTTP/1.1" 200 - "-" "WordPress/6.9.4; https://www.wrinkledskinrepair.com"
144.76.32.187 - - [20/May/2026:01:29:46 +0000] "GET /2019/05/17/do-you-want-flawless-skin-try-these-ideas/?share=facebook HTTP/1.1" 302 - "-" "Mozilla/5.0 (compatible; SERankingBacklinksBot/1.0; +https://seranking.com/backlinks-crawler)"
144.76.32.187 - - [20/May/2026:01:29:50 +0000] "GET /2019/05/21/you-can-have-great-skin-follow-these-tips/?share=facebook HTTP/1.1" 302 - "-" "Mozilla/5.0 (compatible; SERankingBacklinksBot/1.0; +https://seranking.com/backlinks-crawler)"
144.76.32.187 - - [20/May/2026:01:29:55 +0000] "GET /2019/05/31/care-for-your-skin-with-these-simple-tips/?share=facebook HTTP/1.1" 302 - "-" "Mozilla/5.0 (compatible; SERankingBacklinksBot/1.0; +https://seranking.com/backlinks-crawler)"
144.76.32.187 - - [20/May/2026:01:30:00 +0000] "GET /2019/06/04/skin-care-tips-that-you-should-know-about/?share=facebook HTTP/1.1" 302 - "-" "Mozilla/5.0 (compatible; SERankingBacklinksBot/1.0; +https://seranking.com/backlinks-crawler)"
144.76.32.187 - - [20/May/2026:01:30:05 +0000] "GET /2019/06/06/simple-skin-care-tips-for-everyone-to-use/?share=facebook HTTP/1.1" 302 - "-" "Mozilla/5.0 (compatible; SERankingBacklinksBot/1.0; +https://seranking.com/backlinks-crawler)"
184.94.212.206 - - [20/May/2026:01:30:11 +0000] "POST /wp-cron.php?doing_wp_cron=1779240611.3913369178771972656250 HTTP/1.1" 200 - "-" "WordPress/6.9.4; https://www.wrinkledskinrepair.com"
144.76.32.187 - - [20/May/2026:01:30:10 +0000] "GET /2019/06/14/skin-care-that-actually-works-how-you-want-it-to/?share=x HTTP/1.1" 302 - "-" "Mozilla/5.0 (compatible; SERankingBacklinksBot/1.0; +https://seranking.com/backlinks-crawler)"
144.76.32.187 - - [20/May/2026:01:30:15 +0000] "GET /2019/06/15/does-your-skin-need-help-try-these-tips-3/?share=facebook HTTP/1.1" 302 - "-" "Mozilla/5.0 (compatible; SERankingBacklinksBot/1.0; +https://seranking.com/backlinks-crawler)"
34.96.44.77 - - [20/May/2026:01:30:19 +0000] "GET /ads.txt HTTP/1.1" 200 58 "-" "IAB-Tech-Lab"
184.94.212.206 - - [20/May/2026:01:30:20 +0000] "POST /wp-cron.php?doing_wp_cron=1779240620.8672881126403808593750 HTTP/1.1" 200 - "-" "WordPress/6.9.4; https://www.wrinkledskinrepair.com"
144.76.32.187 - - [20/May/2026:01:30:19 +0000] "GET /2019/06/24/tips-to-help-you-improve-the-health-of-your-skin/?share=x HTTP/1.1" 302 - "-" "Mozilla/5.0 (compatible; SERankingBacklinksBot/1.0; +https://seranking.com/backlinks-crawler)"
144.76.32.187 - - [20/May/2026:01:30:24 +0000] "GET /2019/06/29/top-helpful-skin-care-tips-for-everyone-2/?share=facebook HTTP/1.1" 302 - "-" "Mozilla/5.0 (compatible; SERankingBacklinksBot/1.0; +https://seranking.com/backlinks-crawler)"
144.76.32.187 - - [20/May/2026:01:30:29 +0000] "GET /2019/07/19/use-these-skin-care-tips-for-radiant-skin/?share=facebook HTTP/1.1" 302 - "-" "Mozilla/5.0 (compatible; SERankingBacklinksBot/1.0; +https://seranking.com/backlinks-crawler)"
91.196.152.42 - - [20/May/2026:01:30:33 +0000] "GET / HTTP/1.1" 301 - "-" "Mozilla/5.0 (X11; Ubuntu; Linux x86_64; rv:134.0) Gecko/20100101 Firefox/134.0"
144.76.32.187 - - [20/May/2026:01:30:34 +0000] "GET /2019/07/20/care-for-your-skin-better-with-these-tips/?share=facebook HTTP/1.1" 302 - "-" "Mozilla/5.0 (compatible; SERankingBacklinksBot/1.0; +https://seranking.com/backlinks-crawler)"
144.76.32.187 - - [20/May/2026:01:30:38 +0000] "GET /2020/03/28/give-your-skin-some-tlc-with-these-tips-3/?share=facebook HTTP/1.1" 302 - "-" "Mozilla/5.0 (compatible; SERankingBacklinksBot/1.0; +https://seranking.com/backlinks-crawler)"
144.76.32.187 - - [20/May/2026:01:30:43 +0000] "GET /2020/04/03/keep-your-skin-clear-and-healthy-with-these-tips/?share=x HTTP/1.1" 302 - "-" "Mozilla/5.0 (compatible; SERankingBacklinksBot/1.0; +https://seranking.com/backlinks-crawler)"
144.76.32.187 - - [20/May/2026:01:30:48 +0000] "GET /2020/04/23/looking-for-skin-care-tips-check-out-these-ideas/?share=x HTTP/1.1" 302 - "-" "Mozilla/5.0 (compatible; SERankingBacklinksBot/1.0; +https://seranking.com/backlinks-crawler)"
144.76.32.187 - - [20/May/2026:01:30:53 +0000] "GET /2020/06/02/take-care-of-your-beautiful-skin-with-these-tips/?share=x HTTP/1.1" 302 - "-" "Mozilla/5.0 (compatible; SERankingBacklinksBot/1.0; +https://seranking.com/backlinks-crawler)"
144.76.32.187 - - [20/May/2026:01:30:58 +0000] "GET /2018/05/27/beautiful-skin-starts-with-great-skin-care/?share=facebook HTTP/1.1" 302 - "-" "Mozilla/5.0 (compatible; SERankingBacklinksBot/1.0; +https://seranking.com/backlinks-crawler)"
144.76.32.187 - - [20/May/2026:01:31:02 +0000] "GET /2018/06/08/skin-care-advice-that-can-change-your-life/?share=facebook HTTP/1.1" 302 - "-" "Mozilla/5.0 (compatible; SERankingBacklinksBot/1.0; +https://seranking.com/backlinks-crawler)"
144.76.32.187 - - [20/May/2026:01:31:07 +0000] "GET /2018/06/21/everything-you-should-know-about-proper-skin-care/?share=x HTTP/1.1" 302 - "-" "Mozilla/5.0 (compatible; SERankingBacklinksBot/1.0; +https://seranking.com/backlinks-crawler)"
144.76.32.187 - - [20/May/2026:01:31:12 +0000] "GET /2018/07/27/try-these-tips-for-firm-fresh-looking-skin/?share=facebook HTTP/1.1" 302 - "-" "Mozilla/5.0 (compatible; SERankingBacklinksBot/1.0; +https://seranking.com/backlinks-crawler)"
184.94.212.206 - - [20/May/2026:01:31:18 +0000] "POST /wp-cron.php?doing_wp_cron=1779240678.2654690742492675781250 HTTP/1.1" 200 - "-" "WordPress/6.9.4; https://www.wrinkledskinrepair.com"
144.76.32.187 - - [20/May/2026:01:31:17 +0000] "GET /2018/08/01/skin-care-suggestions-that-clearly-pay-off/?share=facebook HTTP/1.1" 302 - "-" "Mozilla/5.0 (compatible; SERankingBacklinksBot/1.0; +https://seranking.com/backlinks-crawler)"
144.76.32.187 - - [20/May/2026:01:31:22 +0000] "GET /2018/10/04/follow-these-great-suggestions-for-beautiful-skin/?share=x HTTP/1.1" 302 - "-" "Mozilla/5.0 (compatible; SERankingBacklinksBot/1.0; +https://seranking.com/backlinks-crawler)"
144.76.32.187 - - [20/May/2026:01:31:26 +0000] "GET /2018/12/06/things-you-can-use-from-home-for-beautiful-skin-2/?share=x HTTP/1.1" 302 - "-" "Mozilla/5.0 (compatible; SERankingBacklinksBot/1.0; +https://seranking.com/backlinks-crawler)"
144.76.32.187 - - [20/May/2026:01:31:31 +0000] "GET /2018/12/16/amazing-skin-care-advice-you-should-follow/?share=facebook HTTP/1.1" 302 - "-" "Mozilla/5.0 (compatible; SERankingBacklinksBot/1.0; +https://seranking.com/backlinks-crawler)"
144.76.32.187 - - [20/May/2026:01:31:36 +0000] "GET /2018/12/17/care-for-your-skin-with-these-easy-to-follow-tips/?share=x HTTP/1.1" 302 - "-" "Mozilla/5.0 (compatible; SERankingBacklinksBot/1.0; +https://seranking.com/backlinks-crawler)"
144.76.32.187 - - [20/May/2026:01:31:41 +0000] "GET /2019/01/06/things-you-can-use-from-home-for-beautiful-skin-3/?share=x HTTP/1.1" 302 - "-" "Mozilla/5.0 (compatible; SERankingBacklinksBot/1.0; +https://seranking.com/backlinks-crawler)"
91.231.89.34 - - [20/May/2026:01:31:43 +0000] "GET / HTTP/1.1" 301 - "-" "Mozilla/5.0 (X11; Ubuntu; Linux x86_64; rv:134.0) Gecko/20100101 Firefox/134.0"
144.76.32.187 - - [20/May/2026:01:31:46 +0000] "GET /2019/02/06/simple-tips-to-help-you-get-healthy-skin-2/?share=facebook HTTP/1.1" 302 - "-" "Mozilla/5.0 (compatible; SERankingBacklinksBot/1.0; +https://seranking.com/backlinks-crawler)"
144.76.32.187 - - [20/May/2026:01:31:51 +0000] "GET /2019/02/17/simple-tips-to-help-you-care-for-your-skin/?share=facebook HTTP/1.1" 302 - "-" "Mozilla/5.0 (compatible; SERankingBacklinksBot/1.0; +https://seranking.com/backlinks-crawler)"
144.76.32.187 - - [20/May/2026:01:31:56 +0000] "GET /2019/02/25/wonderful-and-wise-ways-to-keep-your-skin-shining/?share=x HTTP/1.1" 302 - "-" "Mozilla/5.0 (compatible; SERankingBacklinksBot/1.0; +https://seranking.com/backlinks-crawler)"
144.76.32.187 - - [20/May/2026:01:32:01 +0000] "GET /2019/03/01/skin-care-tips-and-tricks-that-really-work/?share=facebook HTTP/1.1" 302 - "-" "Mozilla/5.0 (compatible; SERankingBacklinksBot/1.0; +https://seranking.com/backlinks-crawler)"
144.76.32.187 - - [20/May/2026:01:32:06 +0000] "GET /2019/03/04/everything-you-should-know-about-skin-care/?share=facebook HTTP/1.1" 302 - "-" "Mozilla/5.0 (compatible; SERankingBacklinksBot/1.0; +https://seranking.com/backlinks-crawler)"
144.76.32.187 - - [20/May/2026:01:32:11 +0000] "GET /2019/04/02/work-with-your-biology-for-personalized-skin-care/?share=x HTTP/1.1" 302 - "-" "Mozilla/5.0 (compatible; SERankingBacklinksBot/1.0; +https://seranking.com/backlinks-crawler)"
184.94.212.206 - - [20/May/2026:01:32:17 +0000] "POST /wp-cron.php?doing_wp_cron=1779240737.2062790393829345703125 HTTP/1.1" 200 - "-" "WordPress/6.9.4; https://www.wrinkledskinrepair.com"
144.76.32.187 - - [20/May/2026:01:32:15 +0000] "GET /2019/05/05/keep-you-skin-healthy-with-these-skin-care-tips-2/?share=x HTTP/1.1" 302 - "-" "Mozilla/5.0 (compatible; SERankingBacklinksBot/1.0; +https://seranking.com/backlinks-crawler)"
144.76.32.187 - - [20/May/2026:01:32:21 +0000] "GET /2019/06/03/use-these-tips-to-get-a-glowing-complexion/?share=facebook HTTP/1.1" 302 - "-" "Mozilla/5.0 (compatible; SERankingBacklinksBot/1.0; +https://seranking.com/backlinks-crawler)"
144.76.32.187 - - [20/May/2026:01:32:26 +0000] "GET /2019/06/22/these-great-skin-care-tips-can-change-your-life-2/?share=x HTTP/1.1" 302 - "-" "Mozilla/5.0 (compatible; SERankingBacklinksBot/1.0; +https://seranking.com/backlinks-crawler)"
144.76.32.187 - - [20/May/2026:01:32:30 +0000] "GET /2019/06/26/tips-and-tricks-for-beautiful-radiant-skin/?share=facebook HTTP/1.1" 302 - "-" "Mozilla/5.0 (compatible; SERankingBacklinksBot/1.0; +https://seranking.com/backlinks-crawler)"
144.76.32.187 - - [20/May/2026:01:32:35 +0000] "GET /2020/03/31/care-for-your-skin-care-problems-using-these-tips/?share=x HTTP/1.1" 302 - "-" "Mozilla/5.0 (compatible; SERankingBacklinksBot/1.0; +https://seranking.com/backlinks-crawler)"
144.76.32.187 - - [20/May/2026:01:32:40 +0000] "GET /2020/04/07/ideas-for-getting-and-keeping-perfect-skin/?share=facebook HTTP/1.1" 302 - "-" "Mozilla/5.0 (compatible; SERankingBacklinksBot/1.0; +https://seranking.com/backlinks-crawler)"
144.76.32.187 - - [20/May/2026:01:32:45 +0000] "GET /2020/04/12/caring-for-your-skin-has-never-been-easier/?share=facebook HTTP/1.1" 302 - "-" "Mozilla/5.0 (compatible; SERankingBacklinksBot/1.0; +https://seranking.com/backlinks-crawler)"
144.76.32.187 - - [20/May/2026:01:32:50 +0000] "GET /2020/04/16/skin-care-advice-that-will-help-at-any-age/?share=facebook HTTP/1.1" 302 - "-" "Mozilla/5.0 (compatible; SERankingBacklinksBot/1.0; +https://seranking.com/backlinks-crawler)"
144.76.32.187 - - [20/May/2026:01:32:55 +0000] "GET /2020/04/18/tips-and-advice-for-your-skin-care-regimen/?share=facebook HTTP/1.1" 302 - "-" "Mozilla/5.0 (compatible; SERankingBacklinksBot/1.0; +https://seranking.com/backlinks-crawler)"
144.76.32.187 - - [20/May/2026:01:33:00 +0000] "GET /2020/04/21/tips-to-keep-your-skin-care-routine-simple/?share=facebook HTTP/1.1" 302 - "-" "Mozilla/5.0 (compatible; SERankingBacklinksBot/1.0; +https://seranking.com/backlinks-crawler)"
144.76.32.187 - - [20/May/2026:01:33:05 +0000] "GET /2020/05/04/skin-care-tips-everyone-can-benefit-from-2/?share=facebook HTTP/1.1" 302 - "-" "Mozilla/5.0 (compatible; SERankingBacklinksBot/1.0; +https://seranking.com/backlinks-crawler)"
184.94.212.206 - - [20/May/2026:01:33:10 +0000] "POST /wp-cron.php?doing_wp_cron=1779240790.5276269912719726562500 HTTP/1.1" 200 - "-" "WordPress/6.9.4; https://www.wrinkledskinrepair.com"
91.196.152.144 - - [20/May/2026:01:33:09 +0000] "GET / HTTP/1.1" 200 168945 "-" "Mozilla/5.0 (X11; Ubuntu; Linux x86_64; rv:134.0) Gecko/20100101 Firefox/134.0"
144.76.32.187 - - [20/May/2026:01:33:10 +0000] "GET /2020/05/07/care-for-your-skin-by-following-these-tips/?share=facebook HTTP/1.1" 302 - "-" "Mozilla/5.0 (compatible; SERankingBacklinksBot/1.0; +https://seranking.com/backlinks-crawler)"
144.76.32.187 - - [20/May/2026:01:33:15 +0000] "GET /2020/05/13/great-skin-care-tips-for-beauty-and-health/?share=facebook HTTP/1.1" 302 - "-" "Mozilla/5.0 (compatible; SERankingBacklinksBot/1.0; +https://seranking.com/backlinks-crawler)"
184.94.212.206 - - [20/May/2026:01:33:21 +0000] "POST /wp-cron.php?doing_wp_cron=1779240801.0868101119995117187500 HTTP/1.1" 200 - "-" "WordPress/6.9.4; https://www.wrinkledskinrepair.com"
144.76.32.187 - - [20/May/2026:01:33:19 +0000] "GET /2020/05/14/caring-for-your-skin-with-a-few-great-tips/?share=facebook HTTP/1.1" 302 - "-" "Mozilla/5.0 (compatible; SERankingBacklinksBot/1.0; +https://seranking.com/backlinks-crawler)"
144.76.32.187 - - [20/May/2026:01:33:24 +0000] "GET /2020/05/15/want-healthy-skin-its-easy-with-these-tips/?share=facebook HTTP/1.1" 302 - "-" "Mozilla/5.0 (compatible; SERankingBacklinksBot/1.0; +https://seranking.com/backlinks-crawler)"
144.76.32.187 - - [20/May/2026:01:33:29 +0000] "GET /2020/06/04/effective-skin-care-solutions-for-everyday-life-2/?share=x HTTP/1.1" 302 - "-" "Mozilla/5.0 (compatible; SERankingBacklinksBot/1.0; +https://seranking.com/backlinks-crawler)"
144.76.32.187 - - [20/May/2026:01:33:34 +0000] "GET /2020/06/11/blast-skin-care-troubles-with-this-helpful-advice/?share=x HTTP/1.1" 302 - "-" "Mozilla/5.0 (compatible; SERankingBacklinksBot/1.0; +https://seranking.com/backlinks-crawler)"
216.73.217.80 - - [20/May/2026:01:33:35 +0000] "GET /tag/taking-care/feed/ HTTP/1.1" 200 11133 "-" "Mozilla/5.0 AppleWebKit/537.36 (KHTML, like Gecko; compatible; ClaudeBot/1.0; +claudebot@anthropic.com)"
144.76.32.187 - - [20/May/2026:01:33:39 +0000] "GET /2020/06/15/your-way-to-better-skin-care-quickly-and-easily-2/?share=x HTTP/1.1" 302 - "-" "Mozilla/5.0 (compatible; SERankingBacklinksBot/1.0; +https://seranking.com/backlinks-crawler)"
144.76.32.187 - - [20/May/2026:01:33:44 +0000] "GET /2020/06/23/have-skincare-issues-give-these-suggestions-a-try/?share=x HTTP/1.1" 302 - "-" "Mozilla/5.0 (compatible; SERankingBacklinksBot/1.0; +https://seranking.com/backlinks-crawler)"
144.76.32.187 - - [20/May/2026:01:33:49 +0000] "GET /2013/06/08/skin-care-tips-to-avoid-developing-wrinkles/?share=facebook HTTP/1.1" 302 - "-" "Mozilla/5.0 (compatible; SERankingBacklinksBot/1.0; +https://seranking.com/backlinks-crawler)"
144.76.32.187 - - [20/May/2026:01:33:54 +0000] "GET /2017/06/08/modern-approaches-to-skin-wrinkle-treatment/?share=facebook HTTP/1.1" 302 - "-" "Mozilla/5.0 (compatible; SERankingBacklinksBot/1.0; +https://seranking.com/backlinks-crawler)"
195.234.109.212 - - [20/May/2026:01:33:55 +0000] "GET /wp-content/uploads/2019/05/57e5d7454c5ba914f6da8c7dda793278143fdef852547441742d73d59f4c_640.jpg HTTP/1.1" 301 - "-" "Photon/1.0"
195.234.109.212 - - [20/May/2026:01:33:57 +0000] "GET /wp-content/uploads/2019/05/57e5d7454c5ba914f6da8c7dda793278143fdef852547441742d73d59f4c_640.jpg HTTP/1.1" 404 131909 "-" "Photon/1.0"
144.76.32.187 - - [20/May/2026:01:33:59 +0000] "GET /2018/05/23/skin-care-advice-for-a-beautiful-complexion/?share=facebook HTTP/1.1" 302 - "-" "Mozilla/5.0 (compatible; SERankingBacklinksBot/1.0; +https://seranking.com/backlinks-crawler)"
144.76.32.187 - - [20/May/2026:01:34:03 +0000] "GET /2018/06/10/easy-ways-to-get-beautiful-and-healthy-skin/?share=facebook HTTP/1.1" 302 - "-" "Mozilla/5.0 (compatible; SERankingBacklinksBot/1.0; +https://seranking.com/backlinks-crawler)"
144.76.32.187 - - [20/May/2026:01:34:08 +0000] "GET /2018/06/17/ideas-for-reducing-and-eliminating-skincare-issues/?share=x HTTP/1.1" 302 - "-" "Mozilla/5.0 (compatible; SERankingBacklinksBot/1.0; +https://seranking.com/backlinks-crawler)"
216.73.217.80 - - [20/May/2026:01:34:11 +0000] "GET /tag/smoking-cigarettes/ HTTP/1.1" 200 45613 "-" "Mozilla/5.0 AppleWebKit/537.36 (KHTML, like Gecko; compatible; ClaudeBot/1.0; +claudebot@anthropic.com)"
43.133.139.6 - - [20/May/2026:01:34:11 +0000] "GET /2025/11/08/best-serums-for-deep-facial-wrinkles-2025/ HTTP/1.1" 200 55101 "-" "Mozilla/5.0 (iPhone; CPU iPhone OS 13_2_3 like Mac OS X) AppleWebKit/605.1.15 (KHTML, like Gecko) Version/13.0.3 Mobile/15E148 Safari/604.1"
144.76.32.187 - - [20/May/2026:01:34:13 +0000] "GET /2018/06/19/best-skin-care-tips-you-can-start-using-now/?share=facebook HTTP/1.1" 302 - "-" "Mozilla/5.0 (compatible; SERankingBacklinksBot/1.0; +https://seranking.com/backlinks-crawler)"
91.196.152.151 - - [20/May/2026:01:34:15 +0000] "GET / HTTP/1.1" 200 168945 "-" "Mozilla/5.0 (X11; Ubuntu; Linux x86_64; rv:134.0) Gecko/20100101 Firefox/134.0"
184.94.212.206 - - [20/May/2026:01:34:19 +0000] "POST /wp-cron.php?doing_wp_cron=1779240859.7898850440979003906250 HTTP/1.1" 200 - "-" "WordPress/6.9.4; https://www.wrinkledskinrepair.com"
144.76.32.187 - - [20/May/2026:01:34:18 +0000] "GET /2018/06/20/easy-steps-for-solving-common-skin-problems/?share=facebook HTTP/1.1" 302 - "-" "Mozilla/5.0 (compatible; SERankingBacklinksBot/1.0; +https://seranking.com/backlinks-crawler)"
144.76.32.187 - - [20/May/2026:01:34:23 +0000] "GET /2018/06/27/maintain-a-youthful-look-with-these-skin-care-tips/?share=x HTTP/1.1" 302 - "-" "Mozilla/5.0 (compatible; SERankingBacklinksBot/1.0; +https://seranking.com/backlinks-crawler)"
144.76.32.187 - - [20/May/2026:01:34:28 +0000] "GET /2018/07/10/easy-ways-to-improve-your-skin-care-routine/?share=facebook HTTP/1.1" 302 - "-" "Mozilla/5.0 (compatible; SERankingBacklinksBot/1.0; +https://seranking.com/backlinks-crawler)"
144.76.32.187 - - [20/May/2026:01:34:33 +0000] "GET /2018/07/26/empowering-tips-to-get-you-in-control-of-your-skin/?share=x HTTP/1.1" 302 - "-" "Mozilla/5.0 (compatible; SERankingBacklinksBot/1.0; +https://seranking.com/backlinks-crawler)"
144.76.32.187 - - [20/May/2026:01:34:37 +0000] "GET /2018/08/10/lose-the-costly-skin-care-regimen-with-this-advice/?share=x HTTP/1.1" 302 - "-" "Mozilla/5.0 (compatible; SERankingBacklinksBot/1.0; +https://seranking.com/backlinks-crawler)"
192.0.102.146 - - [20/May/2026:01:34:39 +0000] "HEAD / HTTP/1.1" 200 - "-" "jetmon/1.0 (Jetpack Site Uptime Monitor by WordPress.com)"
184.94.212.206 - - [20/May/2026:01:34:43 +0000] "POST /wp-cron.php?doing_wp_cron=1779240883.5246710777282714843750 HTTP/1.1" 200 - "-" "WordPress/6.9.4; https://www.wrinkledskinrepair.com"
216.73.217.80 - - [20/May/2026:01:34:42 +0000] "GET /tag/stop-smoking/feed/ HTTP/1.1" 200 6917 "-" "Mozilla/5.0 AppleWebKit/537.36 (KHTML, like Gecko; compatible; ClaudeBot/1.0; +claudebot@anthropic.com)"
144.76.32.187 - - [20/May/2026:01:34:42 +0000] "GET /2018/08/16/how-to-keep-your-skin-healthy-and-beautiful/?share=facebook HTTP/1.1" 302 - "-" "Mozilla/5.0 (compatible; SERankingBacklinksBot/1.0; +https://seranking.com/backlinks-crawler)"
144.76.32.187 - - [20/May/2026:01:34:47 +0000] "GET /2018/09/06/proven-skin-care-tips-that-work-immediately/?share=facebook HTTP/1.1" 302 - "-" "Mozilla/5.0 (compatible; SERankingBacklinksBot/1.0; +https://seranking.com/backlinks-crawler)"
144.76.32.187 - - [20/May/2026:01:34:52 +0000] "GET /2018/09/16/great-ideas-for-a-successful-skin-care-plan/?share=facebook HTTP/1.1" 302 - "-" "Mozilla/5.0 (compatible; SERankingBacklinksBot/1.0; +https://seranking.com/backlinks-crawler)"
144.76.32.187 - - [20/May/2026:01:34:57 +0000] "GET /2018/12/26/skin-care-tips-that-will-make-you-beautiful/?share=facebook HTTP/1.1" 302 - "-" "Mozilla/5.0 (compatible; SERankingBacklinksBot/1.0; +https://seranking.com/backlinks-crawler)"
114.119.142.210 - - [20/May/2026:01:35:00 +0000] "GET /2019/06/16/beautiful-skin-is-yours-with-these-tips?share=facebook HTTP/1.1" 302 - "https://www.wrinkledskinrepair.com/2019/06/16/beautiful-skin-is-yours-with-these-tips?share=facebook" "Mozilla/5.0 (Linux; Android 7.0;) AppleWebKit/537.36 (HTML, like Gecko) Mobile Safari/537.36 (compatible; PetalBot;+https://webmaster.petalsearch.com/site/petalbot)"
144.76.32.187 - - [20/May/2026:01:35:01 +0000] "GET /2019/01/04/simply-skin-care-that-will-make-you-love-your-skin/?share=x HTTP/1.1" 302 - "-" "Mozilla/5.0 (compatible; SERankingBacklinksBot/1.0; +https://seranking.com/backlinks-crawler)"
184.94.212.206 - - [20/May/2026:01:35:08 +0000] "POST /wp-cron.php?doing_wp_cron=1779240908.1888060569763183593750 HTTP/1.1" 200 - "-" "WordPress/6.9.4; https://www.wrinkledskinrepair.com"
144.76.32.187 - - [20/May/2026:01:35:07 +0000] "GET /2019/02/07/smart-ways-to-keep-your-skin-healthy-and-beautiful/?share=x HTTP/1.1" 302 - "-" "Mozilla/5.0 (compatible; SERankingBacklinksBot/1.0; +https://seranking.com/backlinks-crawler)"
144.76.32.187 - - [20/May/2026:01:35:11 +0000] "GET /2019/02/08/easy-to-use-skin-care-tips-starting-today-2/?share=facebook HTTP/1.1" 302 - "-" "Mozilla/5.0 (compatible; SERankingBacklinksBot/1.0; +https://seranking.com/backlinks-crawler)"
144.76.32.187 - - [20/May/2026:01:35:16 +0000] "GET /2019/02/12/care-for-your-skin-easily-with-these-tips-2/?share=facebook HTTP/1.1" 302 - "-" "Mozilla/5.0 (compatible; SERankingBacklinksBot/1.0; +https://seranking.com/backlinks-crawler)"
184.94.212.206 - - [20/May/2026:01:35:22 +0000] "POST /wp-cron.php?doing_wp_cron=1779240922.7555038928985595703125 HTTP/1.1" 200 - "-" "WordPress/6.9.4; https://www.wrinkledskinrepair.com"
144.76.32.187 - - [20/May/2026:01:35:21 +0000] "GET /2019/04/16/revitalize-your-skin-with-these-simple-tips/?share=facebook HTTP/1.1" 302 - "-" "Mozilla/5.0 (compatible; SERankingBacklinksBot/1.0; +https://seranking.com/backlinks-crawler)"
144.76.32.187 - - [20/May/2026:01:35:26 +0000] "GET /2019/04/30/basic-skin-care-tips-that-everyone-should-be-using/?share=x HTTP/1.1" 302 - "-" "Mozilla/5.0 (compatible; SERankingBacklinksBot/1.0; +https://seranking.com/backlinks-crawler)"
91.231.89.124 - - [20/May/2026:01:35:27 +0000] "GET / HTTP/1.1" 200 168945 "-" "Mozilla/5.0 (X11; Ubuntu; Linux x86_64; rv:134.0) Gecko/20100101 Firefox/134.0"
144.76.32.187 - - [20/May/2026:01:35:31 +0000] "GET /2019/05/02/easy-skin-care-tips-anyone-can-benefit-from/?share=facebook HTTP/1.1" 302 - "-" "Mozilla/5.0 (compatible; SERankingBacklinksBot/1.0; +https://seranking.com/backlinks-crawler)"
144.76.32.187 - - [20/May/2026:01:35:36 +0000] "GET /2019/05/14/try-these-skin-care-tips-for-healthier-skin/?share=facebook HTTP/1.1" 302 - "-" "Mozilla/5.0 (compatible; SERankingBacklinksBot/1.0; +https://seranking.com/backlinks-crawler)"
144.76.32.187 - - [20/May/2026:01:35:41 +0000] "GET /2019/05/16/get-on-the-path-to-beautiful-skin-with-these-ideas/?share=x HTTP/1.1" 302 - "-" "Mozilla/5.0 (compatible; SERankingBacklinksBot/1.0; +https://seranking.com/backlinks-crawler)"
144.76.32.187 - - [20/May/2026:01:35:46 +0000] "GET /2019/05/18/basic-tips-for-getting-beautifully-flawless-skin-2/?share=x HTTP/1.1" 302 - "-" "Mozilla/5.0 (compatible; SERankingBacklinksBot/1.0; +https://seranking.com/backlinks-crawler)"
144.76.32.187 - - [20/May/2026:01:35:51 +0000] "GET /2019/05/20/skin-care-tips-that-your-mom-never-told-you/?share=facebook HTTP/1.1" 302 - "-" "Mozilla/5.0 (compatible; SERankingBacklinksBot/1.0; +https://seranking.com/backlinks-crawler)"
216.73.217.80 - - [20/May/2026:01:35:53 +0000] "GET /2019/04/15/anyone-who-wants-great-looking-skin-then-try-these-ideas/ HTTP/1.1" 200 53513 "-" "Mozilla/5.0 AppleWebKit/537.36 (KHTML, like Gecko; compatible; ClaudeBot/1.0; +claudebot@anthropic.com)"
144.76.32.187 - - [20/May/2026:01:35:55 +0000] "GET /2019/05/25/easy-to-use-skin-care-tips-starting-today-3/?share=facebook HTTP/1.1" 302 - "-" "Mozilla/5.0 (compatible; SERankingBacklinksBot/1.0; +https://seranking.com/backlinks-crawler)"
144.76.32.187 - - [20/May/2026:01:36:00 +0000] "GET /2019/06/11/care-for-your-your-skincare-issues-with-these-tips/?share=x HTTP/1.1" 302 - "-" "Mozilla/5.0 (compatible; SERankingBacklinksBot/1.0; +https://seranking.com/backlinks-crawler)"
144.76.32.187 - - [20/May/2026:01:36:05 +0000] "GET /2019/06/13/skin-care-ideas-and-inspiration-to-get-you-glowing/?share=x HTTP/1.1" 302 - "-" "Mozilla/5.0 (compatible; SERankingBacklinksBot/1.0; +https://seranking.com/backlinks-crawler)"
144.76.32.187 - - [20/May/2026:01:36:11 +0000] "GET /2019/06/27/tips-and-tricks-for-healthy-youthful-skin-2/?share=facebook HTTP/1.1" 302 - "-" "Mozilla/5.0 (compatible; SERankingBacklinksBot/1.0; +https://seranking.com/backlinks-crawler)"
144.76.32.187 - - [20/May/2026:01:36:16 +0000] "GET /2019/07/18/care-for-your-skin-easily-with-these-tips-3/?share=facebook HTTP/1.1" 302 - "-" "Mozilla/5.0 (compatible; SERankingBacklinksBot/1.0; +https://seranking.com/backlinks-crawler)"
184.94.212.206 - - [20/May/2026:01:36:22 +0000] "POST /wp-cron.php?doing_wp_cron=1779240982.3006520271301269531250 HTTP/1.1" 200 - "-" "WordPress/6.9.4; https://www.wrinkledskinrepair.com"
144.76.32.187 - - [20/May/2026:01:36:21 +0000] "GET /2020/04/02/easy-to-use-skin-care-tips-starting-today-4/?share=facebook HTTP/1.1" 302 - "-" "Mozilla/5.0 (compatible; SERankingBacklinksBot/1.0; +https://seranking.com/backlinks-crawler)"
144.76.32.187 - - [20/May/2026:01:36:26 +0000] "GET /2020/04/24/tips-to-solve-your-skin-care-woes-once-and-for-all/?share=x HTTP/1.1" 302 - "-" "Mozilla/5.0 (compatible; SERankingBacklinksBot/1.0; +https://seranking.com/backlinks-crawler)"
144.76.32.187 - - [20/May/2026:01:36:30 +0000] "GET /2020/04/29/healthy-glowing-skin-is-within-your-reach-2/?share=facebook HTTP/1.1" 302 - "-" "Mozilla/5.0 (compatible; SERankingBacklinksBot/1.0; +https://seranking.com/backlinks-crawler)"
144.76.32.187 - - [20/May/2026:01:36:35 +0000] "GET /2020/05/08/fight-the-signs-of-aging-with-these-skin-care-tips/?share=x HTTP/1.1" 302 - "-" "Mozilla/5.0 (compatible; SERankingBacklinksBot/1.0; +https://seranking.com/backlinks-crawler)"
144.76.32.187 - - [20/May/2026:01:36:41 +0000] "GET /2020/05/26/keep-your-skin-at-its-best-with-this-advice/?share=facebook HTTP/1.1" 302 - "-" "Mozilla/5.0 (compatible; SERankingBacklinksBot/1.0; +https://seranking.com/backlinks-crawler)"
144.76.32.187 - - [20/May/2026:01:36:46 +0000] "GET /2020/06/06/skin-care-advice-for-everyone-in-the-family/?share=facebook HTTP/1.1" 302 - "-" "Mozilla/5.0 (compatible; SERankingBacklinksBot/1.0; +https://seranking.com/backlinks-crawler)"
144.76.32.187 - - [20/May/2026:01:36:50 +0000] "GET /2020/06/08/look-after-your-skin-with-this-great-information-2/?share=x HTTP/1.1" 302 - "-" "Mozilla/5.0 (compatible; SERankingBacklinksBot/1.0; +https://seranking.com/backlinks-crawler)"
144.76.32.187 - - [20/May/2026:01:36:55 +0000] "GET /2020/06/24/when-your-skin-needs-help-try-these-effective-tips/?share=x HTTP/1.1" 302 - "-" "Mozilla/5.0 (compatible; SERankingBacklinksBot/1.0; +https://seranking.com/backlinks-crawler)"
144.76.32.187 - - [20/May/2026:01:37:00 +0000] "GET /2020/06/26/advice-to-help-bring-about-soft-and-beautiful-skin/?share=x HTTP/1.1" 302 - "-" "Mozilla/5.0 (compatible; SERankingBacklinksBot/1.0; +https://seranking.com/backlinks-crawler)"
144.76.32.187 - - [20/May/2026:01:37:05 +0000] "GET /2018/06/09/restoring-the-natural-clarity-and-tone-of-your-skin/?share=x HTTP/1.1" 302 - "-" "Mozilla/5.0 (compatible; SERankingBacklinksBot/1.0; +https://seranking.com/backlinks-crawler)"
144.76.32.187 - - [20/May/2026:01:37:10 +0000] "GET /2018/06/13/suggestions-for-taking-care-of-your-skincare-issues/?share=x HTTP/1.1" 302 - "-" "Mozilla/5.0 (compatible; SERankingBacklinksBot/1.0; +https://seranking.com/backlinks-crawler)"
184.94.212.206 - - [20/May/2026:01:37:15 +0000] "POST /wp-cron.php?doing_wp_cron=1779241035.9117710590362548828125 HTTP/1.1" 200 - "-" "WordPress/6.9.4; https://www.wrinkledskinrepair.com"
144.76.32.187 - - [20/May/2026:01:37:14 +0000] "GET /2018/06/29/tried-and-true-skin-care-advice-to-battle-blemishes/?share=x HTTP/1.1" 302 - "-" "Mozilla/5.0 (compatible; SERankingBacklinksBot/1.0; +https://seranking.com/backlinks-crawler)"
184.94.212.206 - - [20/May/2026:01:37:20 +0000] "POST /wp-cron.php?doing_wp_cron=1779241040.9228420257568359375000 HTTP/1.1" 200 - "-" "WordPress/6.9.4; https://www.wrinkledskinrepair.com"
144.76.32.187 - - [20/May/2026:01:37:19 +0000] "GET /2018/07/28/look-more-youthful-with-a-few-skin-care-tips/?share=facebook HTTP/1.1" 302 - "-" "Mozilla/5.0 (compatible; SERankingBacklinksBot/1.0; +https://seranking.com/backlinks-crawler)"
144.76.32.187 - - [20/May/2026:01:37:24 +0000] "GET /2018/08/18/tips-for-solving-all-your-skin-care-problems/?share=facebook HTTP/1.1" 302 - "-" "Mozilla/5.0 (compatible; SERankingBacklinksBot/1.0; +https://seranking.com/backlinks-crawler)"
144.76.32.187 - - [20/May/2026:01:37:29 +0000] "GET /2018/08/29/learn-how-to-take-care-of-your-skin-properly/?share=facebook HTTP/1.1" 302 - "-" "Mozilla/5.0 (compatible; SERankingBacklinksBot/1.0; +https://seranking.com/backlinks-crawler)"
184.94.212.206 - - [20/May/2026:01:37:35 +0000] "POST /wp-cron.php?doing_wp_cron=1779241055.3019421100616455078125 HTTP/1.1" 200 - "-" "WordPress/6.9.4; https://www.wrinkledskinrepair.com"
144.76.32.187 - - [20/May/2026:01:37:34 +0000] "GET /2018/08/31/improve-your-skins-health-with-these-skin-care-tips/?share=x HTTP/1.1" 302 - "-" "Mozilla/5.0 (compatible; SERankingBacklinksBot/1.0; +https://seranking.com/backlinks-crawler)"
144.76.32.187 - - [20/May/2026:01:37:39 +0000] "GET /2018/09/26/skin-care-tips-to-put-your-best-face-forward/?share=facebook HTTP/1.1" 302 - "-" "Mozilla/5.0 (compatible; SERankingBacklinksBot/1.0; +https://seranking.com/backlinks-crawler)"
144.76.32.187 - - [20/May/2026:01:37:43 +0000] "GET /2018/11/04/keep-your-skin-looking-young-with-these-tips/?share=facebook HTTP/1.1" 302 - "-" "Mozilla/5.0 (compatible; SERankingBacklinksBot/1.0; +https://seranking.com/backlinks-crawler)"
144.76.32.187 - - [20/May/2026:01:37:48 +0000] "GET /2018/11/13/everything-you-should-know-about-proper-skin-care-2/?share=x HTTP/1.1" 302 - "-" "Mozilla/5.0 (compatible; SERankingBacklinksBot/1.0; +https://seranking.com/backlinks-crawler)"
144.76.32.187 - - [20/May/2026:01:37:53 +0000] "GET /2018/12/21/proven-skin-care-tips-that-anyone-can-follow/?share=facebook HTTP/1.1" 302 - "-" "Mozilla/5.0 (compatible; SERankingBacklinksBot/1.0; +https://seranking.com/backlinks-crawler)"
144.76.32.187 - - [20/May/2026:01:37:58 +0000] "GET /2019/02/09/how-to-keep-your-skin-looking-younger-and-healthier/?share=x HTTP/1.1" 302 - "-" "Mozilla/5.0 (compatible; SERankingBacklinksBot/1.0; +https://seranking.com/backlinks-crawler)"
216.73.217.80 - - [20/May/2026:01:38:01 +0000] "GET /blog/page/9/ HTTP/1.1" 200 51250 "-" "Mozilla/5.0 AppleWebKit/537.36 (KHTML, like Gecko; compatible; ClaudeBot/1.0; +claudebot@anthropic.com)"
216.73.217.80 - - [20/May/2026:01:38:01 +0000] "GET /tag/added-benefit/ HTTP/1.1" 200 45551 "-" "Mozilla/5.0 AppleWebKit/537.36 (KHTML, like Gecko; compatible; ClaudeBot/1.0; +claudebot@anthropic.com)"
144.76.32.187 - - [20/May/2026:01:38:03 +0000] "GET /2019/02/27/skin-care-suggestions-that-clearly-pay-off-2/?share=facebook HTTP/1.1" 302 - "-" "Mozilla/5.0 (compatible; SERankingBacklinksBot/1.0; +https://seranking.com/backlinks-crawler)"
144.76.32.187 - - [20/May/2026:01:38:07 +0000] "GET /2019/03/19/skin-care-advice-for-achieving-radiant-healthy-skin/?share=x HTTP/1.1" 302 - "-" "Mozilla/5.0 (compatible; SERankingBacklinksBot/1.0; +https://seranking.com/backlinks-crawler)"
184.94.212.206 - - [20/May/2026:01:38:13 +0000] "POST /wp-cron.php?doing_wp_cron=1779241093.8263380527496337890625 HTTP/1.1" 200 - "-" "WordPress/6.9.4; https://www.wrinkledskinrepair.com"
144.76.32.187 - - [20/May/2026:01:38:12 +0000] "GET /2019/03/21/tips-to-keep-your-skin-beautiful-and-glowing/?share=facebook HTTP/1.1" 302 - "-" "Mozilla/5.0 (compatible; SERankingBacklinksBot/1.0; +https://seranking.com/backlinks-crawler)"
184.94.212.206 - - [20/May/2026:01:38:18 +0000] "POST /wp-cron.php?doing_wp_cron=1779241098.7189300060272216796875 HTTP/1.1" 200 - "-" "WordPress/6.9.4; https://www.wrinkledskinrepair.com"
144.76.32.187 - - [20/May/2026:01:38:17 +0000] "GET /2019/04/20/pamper-and-protect-your-skin-with-these-tips/?share=facebook HTTP/1.1" 302 - "-" "Mozilla/5.0 (compatible; SERankingBacklinksBot/1.0; +https://seranking.com/backlinks-crawler)"
13.76.115.244 - - [20/May/2026:01:38:17 +0000] "GET / HTTP/1.1" 301 - "-" "Mozilla/5.0 AppleWebKit/537.36 (KHTML, like Gecko); compatible; ChatGPT-User/1.0; +https://openai.com/bot"
216.73.217.80 - - [20/May/2026:01:38:21 +0000] "GET /tag/reduce-stress/ HTTP/1.1" 200 45969 "-" "Mozilla/5.0 AppleWebKit/537.36 (KHTML, like Gecko; compatible; ClaudeBot/1.0; +claudebot@anthropic.com)"
144.76.32.187 - - [20/May/2026:01:38:22 +0000] "GET /2019/05/15/helpful-advice-about-your-skin-care-regiment/?share=facebook HTTP/1.1" 302 - "-" "Mozilla/5.0 (compatible; SERankingBacklinksBot/1.0; +https://seranking.com/backlinks-crawler)"
144.76.32.187 - - [20/May/2026:01:38:27 +0000] "GET /2019/07/08/quick-tricks-to-tackle-your-skin-care-issues/?share=facebook HTTP/1.1" 302 - "-" "Mozilla/5.0 (compatible; SERankingBacklinksBot/1.0; +https://seranking.com/backlinks-crawler)"
144.76.32.187 - - [20/May/2026:01:38:32 +0000] "GET /2019/07/09/beautiful-tips-for-having-healthier-skin-now/?share=facebook HTTP/1.1" 302 - "-" "Mozilla/5.0 (compatible; SERankingBacklinksBot/1.0; +https://seranking.com/backlinks-crawler)"
144.76.32.187 - - [20/May/2026:01:38:36 +0000] "GET /2019/07/12/take-better-care-of-your-skin-starting-today/?share=facebook HTTP/1.1" 302 - "-" "Mozilla/5.0 (compatible; SERankingBacklinksBot/1.0; +https://seranking.com/backlinks-crawler)"
144.76.32.187 - - [20/May/2026:01:38:41 +0000] "GET /2020/03/26/skin-care-tips-to-keep-you-looking-your-best/?share=facebook HTTP/1.1" 302 - "-" "Mozilla/5.0 (compatible; SERankingBacklinksBot/1.0; +https://seranking.com/backlinks-crawler)"
144.76.32.187 - - [20/May/2026:01:38:46 +0000] "GET /2020/04/17/proven-tips-for-getting-healthy-radiant-skin/?share=facebook HTTP/1.1" 302 - "-" "Mozilla/5.0 (compatible; SERankingBacklinksBot/1.0; +https://seranking.com/backlinks-crawler)"
144.76.32.187 - - [20/May/2026:01:38:51 +0000] "GET /2020/04/30/wonderful-and-wise-ways-to-keep-your-skin-shining-2/?share=x HTTP/1.1" 302 - "-" "Mozilla/5.0 (compatible; SERankingBacklinksBot/1.0; +https://seranking.com/backlinks-crawler)"
144.76.32.187 - - [20/May/2026:01:38:55 +0000] "GET /2020/05/02/care-for-your-skin-care-problems-using-these-tips-2/?share=x HTTP/1.1" 302 - "-" "Mozilla/5.0 (compatible; SERankingBacklinksBot/1.0; +https://seranking.com/backlinks-crawler)"
144.76.32.187 - - [20/May/2026:01:39:00 +0000] "GET /2020/05/03/amazing-skin-care-advice-you-should-follow-2/?share=facebook HTTP/1.1" 302 - "-" "Mozilla/5.0 (compatible; SERankingBacklinksBot/1.0; +https://seranking.com/backlinks-crawler)"
144.76.32.187 - - [20/May/2026:01:39:05 +0000] "GET /2020/05/09/tips-to-help-you-achieve-youthful-skin-again/?share=facebook HTTP/1.1" 302 - "-" "Mozilla/5.0 (compatible; SERankingBacklinksBot/1.0; +https://seranking.com/backlinks-crawler)"
144.76.32.187 - - [20/May/2026:01:39:10 +0000] "GET /2020/05/17/the-best-skin-care-advice-you-will-ever-need/?share=facebook HTTP/1.1" 302 - "-" "Mozilla/5.0 (compatible; SERankingBacklinksBot/1.0; +https://seranking.com/backlinks-crawler)"
144.76.32.187 - - [20/May/2026:01:39:15 +0000] "GET /2020/05/22/skin-care-tips-and-tricks-that-really-work-2/?share=facebook HTTP/1.1" 302 - "-" "Mozilla/5.0 (compatible; SERankingBacklinksBot/1.0; +https://seranking.com/backlinks-crawler)"
184.94.212.206 - - [20/May/2026:01:39:20 +0000] "POST /wp-cron.php?doing_wp_cron=1779241160.9580509662628173828125 HTTP/1.1" 200 - "-" "WordPress/6.9.4; https://www.wrinkledskinrepair.com"
144.76.32.187 - - [20/May/2026:01:39:19 +0000] "GET /2020/05/30/everything-you-should-know-about-skin-care-2/?share=facebook HTTP/1.1" 302 - "-" "Mozilla/5.0 (compatible; SERankingBacklinksBot/1.0; +https://seranking.com/backlinks-crawler)"
216.73.217.80 - - [20/May/2026:01:39:23 +0000] "GET /2019/04/27/for-skin-care-problems-read-this-now/ HTTP/1.1" 200 53985 "-" "Mozilla/5.0 AppleWebKit/537.36 (KHTML, like Gecko; compatible; ClaudeBot/1.0; +claudebot@anthropic.com)"
144.76.32.187 - - [20/May/2026:01:39:24 +0000] "GET /2020/05/31/follow-these-tips-to-show-your-skin-you-care/?share=facebook HTTP/1.1" 302 - "-" "Mozilla/5.0 (compatible; SERankingBacklinksBot/1.0; +https://seranking.com/backlinks-crawler)"
144.76.32.187 - - [20/May/2026:01:39:30 +0000] "GET /2020/06/01/tips-for-maintaining-the-health-of-your-skin/?share=facebook HTTP/1.1" 302 - "-" "Mozilla/5.0 (compatible; SERankingBacklinksBot/1.0; +https://seranking.com/backlinks-crawler)"
144.76.32.187 - - [20/May/2026:01:39:34 +0000] "GET /2018/05/19/here-are-some-secrets-to-help-if-you-are-feeling-old/?share=x HTTP/1.1" 302 - "-" "Mozilla/5.0 (compatible; SERankingBacklinksBot/1.0; +https://seranking.com/backlinks-crawler)"
192.0.102.146 - - [20/May/2026:01:39:35 +0000] "HEAD / HTTP/1.1" 200 - "-" "jetmon/1.0 (Jetpack Site Uptime Monitor by WordPress.com)"
216.73.217.80 - - [20/May/2026:01:39:36 +0000] "GET /blog/page/17/ HTTP/1.1" 200 50196 "-" "Mozilla/5.0 AppleWebKit/537.36 (KHTML, like Gecko; compatible; ClaudeBot/1.0; +claudebot@anthropic.com)"
144.76.32.187 - - [20/May/2026:01:39:39 +0000] "GET /2018/06/02/skin-care-that-will-help-you-any-time-of-year/?share=facebook HTTP/1.1" 302 - "-" "Mozilla/5.0 (compatible; SERankingBacklinksBot/1.0; +https://seranking.com/backlinks-crawler)"
144.76.32.187 - - [20/May/2026:01:39:44 +0000] "GET /2018/06/04/follow-this-advice-to-achieve-the-best-skin-possible/?share=x HTTP/1.1" 302 - "-" "Mozilla/5.0 (compatible; SERankingBacklinksBot/1.0; +https://seranking.com/backlinks-crawler)"
144.76.32.187 - - [20/May/2026:01:39:49 +0000] "GET /2018/08/22/tips-to-help-you-uncover-your-healthy-beautiful-skin/?share=x HTTP/1.1" 302 - "-" "Mozilla/5.0 (compatible; SERankingBacklinksBot/1.0; +https://seranking.com/backlinks-crawler)"
144.76.32.187 - - [20/May/2026:01:39:53 +0000] "GET /2018/08/30/solid-skin-care-tips-that-wont-break-the-bank/?share=facebook HTTP/1.1" 302 - "-" "Mozilla/5.0 (compatible; SERankingBacklinksBot/1.0; +https://seranking.com/backlinks-crawler)"
144.76.32.187 - - [20/May/2026:01:39:58 +0000] "GET /2018/09/07/great-skin-care-tips-means-great-skin-for-you/?share=facebook HTTP/1.1" 302 - "-" "Mozilla/5.0 (compatible; SERankingBacklinksBot/1.0; +https://seranking.com/backlinks-crawler)"
216.73.217.80 - - [20/May/2026:01:40:02 +0000] "GET /tag/short-term-wrinkle-solutions/feed/ HTTP/1.1" 200 4211 "-" "Mozilla/5.0 AppleWebKit/537.36 (KHTML, like Gecko; compatible; ClaudeBot/1.0; +claudebot@anthropic.com)"
144.76.32.187 - - [20/May/2026:01:40:03 +0000] "GET /2018/09/26/great-tips-to-achieve-your-own-beautiful-skin/?share=facebook HTTP/1.1" 302 - "-" "Mozilla/5.0 (compatible; SERankingBacklinksBot/1.0; +https://seranking.com/backlinks-crawler)"
184.94.212.206 - - [20/May/2026:01:40:09 +0000] "POST /wp-cron.php?doing_wp_cron=1779241209.4293611049652099609375 HTTP/1.1" 200 - "-" "WordPress/6.9.4; https://www.wrinkledskinrepair.com"
216.73.217.80 - - [20/May/2026:01:40:07 +0000] "GET /2019/05/27/follow-this-advice-to-achieve-the-best-skin-possible-3/ HTTP/1.1" 200 53693 "-" "Mozilla/5.0 AppleWebKit/537.36 (KHTML, like Gecko; compatible; ClaudeBot/1.0; +claudebot@anthropic.com)"
216.73.217.80 - - [20/May/2026:01:40:08 +0000] "GET /2019/06/01/our-best-and-easiest-skin-care-tips/ HTTP/1.1" 200 53216 "-" "Mozilla/5.0 AppleWebKit/537.36 (KHTML, like Gecko; compatible; ClaudeBot/1.0; +claudebot@anthropic.com)"
144.76.32.187 - - [20/May/2026:01:40:08 +0000] "GET /2018/10/06/hot-skin-care-tips-to-help-you-look-better-than-ever/?share=x HTTP/1.1" 302 - "-" "Mozilla/5.0 (compatible; SERankingBacklinksBot/1.0; +https://seranking.com/backlinks-crawler)"
144.76.32.187 - - [20/May/2026:01:40:13 +0000] "GET /2018/11/21/empowering-tips-to-get-you-in-control-of-your-skin-2/?share=x HTTP/1.1" 302 - "-" "Mozilla/5.0 (compatible; SERankingBacklinksBot/1.0; +https://seranking.com/backlinks-crawler)"
184.94.212.206 - - [20/May/2026:01:40:19 +0000] "POST /wp-cron.php?doing_wp_cron=1779241219.6029920578002929687500 HTTP/1.1" 200 - "-" "WordPress/6.9.4; https://www.wrinkledskinrepair.com"
144.76.32.187 - - [20/May/2026:01:40:18 +0000] "GET /2019/03/20/begin-managing-your-skincare-issues-with-these-ideas/?share=x HTTP/1.1" 302 - "-" "Mozilla/5.0 (compatible; SERankingBacklinksBot/1.0; +https://seranking.com/backlinks-crawler)"
144.76.32.187 - - [20/May/2026:01:40:23 +0000] "GET /2019/04/23/revitalize-your-skin-with-these-simple-tips-2/?share=facebook HTTP/1.1" 302 - "-" "Mozilla/5.0 (compatible; SERankingBacklinksBot/1.0; +https://seranking.com/backlinks-crawler)"
144.76.32.187 - - [20/May/2026:01:40:28 +0000] "GET /2019/05/19/skin-care-secrets-that-you-probably-didnt-know-about/?share=x HTTP/1.1" 302 - "-" "Mozilla/5.0 (compatible; SERankingBacklinksBot/1.0; +https://seranking.com/backlinks-crawler)"
144.76.32.187 - - [20/May/2026:01:40:33 +0000] "GET /2019/05/24/confused-about-skin-care-use-these-great-tips/?share=facebook HTTP/1.1" 302 - "-" "Mozilla/5.0 (compatible; SERankingBacklinksBot/1.0; +https://seranking.com/backlinks-crawler)"
144.76.32.187 - - [20/May/2026:01:40:37 +0000] "GET /2019/06/07/learn-to-care-for-your-skin-with-these-tricks/?share=facebook HTTP/1.1" 302 - "-" "Mozilla/5.0 (compatible; SERankingBacklinksBot/1.0; +https://seranking.com/backlinks-crawler)"
144.76.32.187 - - [20/May/2026:01:40:42 +0000] "GET /2019/07/15/take-care-of-your-skin-better-with-these-tips/?share=facebook HTTP/1.1" 302 - "-" "Mozilla/5.0 (compatible; SERankingBacklinksBot/1.0; +https://seranking.com/backlinks-crawler)"
