144.76.32.187 - - [20/May/2026:01:40:47 +0000] "GET /2019/07/16/basic-skin-care-tips-that-wont-break-the-bank/?share=facebook HTTP/1.1" 302 - "-" "Mozilla/5.0 (compatible; SERankingBacklinksBot/1.0; +https://seranking.com/backlinks-crawler)"
144.76.32.187 - - [20/May/2026:01:40:52 +0000] "GET /2020/04/13/get-healthier-skin-with-these-tips-and-tricks/?share=facebook HTTP/1.1" 302 - "-" "Mozilla/5.0 (compatible; SERankingBacklinksBot/1.0; +https://seranking.com/backlinks-crawler)"
144.76.32.187 - - [20/May/2026:01:40:57 +0000] "GET /2020/05/01/create-a-skincare-regimen-that-works-with-these-tips/?share=x HTTP/1.1" 302 - "-" "Mozilla/5.0 (compatible; SERankingBacklinksBot/1.0; +https://seranking.com/backlinks-crawler)"
144.76.32.187 - - [20/May/2026:01:41:02 +0000] "GET /2020/06/21/healthy-skin-with-the-use-of-these-great-tips/?share=facebook HTTP/1.1" 302 - "-" "Mozilla/5.0 (compatible; SERankingBacklinksBot/1.0; +https://seranking.com/backlinks-crawler)"
144.76.32.187 - - [20/May/2026:01:41:06 +0000] "GET /2018/05/29/refresh-your-routine-with-these-skin-care-tips/?share=facebook HTTP/1.1" 302 - "-" "Mozilla/5.0 (compatible; SERankingBacklinksBot/1.0; +https://seranking.com/backlinks-crawler)"
144.76.32.187 - - [20/May/2026:01:41:11 +0000] "GET /2018/06/26/keep-your-skin-healthy-with-these-simple-steps/?share=facebook HTTP/1.1" 302 - "-" "Mozilla/5.0 (compatible; SERankingBacklinksBot/1.0; +https://seranking.com/backlinks-crawler)"
144.76.32.187 - - [20/May/2026:01:41:16 +0000] "GET /2018/07/20/take-care-of-your-skin-with-these-simple-steps/?share=facebook HTTP/1.1" 302 - "-" "Mozilla/5.0 (compatible; SERankingBacklinksBot/1.0; +https://seranking.com/backlinks-crawler)"
184.94.212.206 - - [20/May/2026:01:41:22 +0000] "POST /wp-cron.php?doing_wp_cron=1779241282.2818360328674316406250 HTTP/1.1" 200 - "-" "WordPress/6.9.4; https://www.wrinkledskinrepair.com"
144.76.32.187 - - [20/May/2026:01:41:21 +0000] "GET /2018/07/21/take-care-of-your-skin-follow-these-techniques/?share=facebook HTTP/1.1" 302 - "-" "Mozilla/5.0 (compatible; SERankingBacklinksBot/1.0; +https://seranking.com/backlinks-crawler)"
216.73.217.80 - - [20/May/2026:01:41:22 +0000] "GET /2019/05/29/a-simple-guide-for-caring-for-your-skin/ HTTP/1.1" 200 53289 "-" "Mozilla/5.0 AppleWebKit/537.36 (KHTML, like Gecko; compatible; ClaudeBot/1.0; +claudebot@anthropic.com)"
144.76.32.187 - - [20/May/2026:01:41:26 +0000] "GET /2018/10/27/learn-how-to-take-care-of-your-skin-properly-2/?share=facebook HTTP/1.1" 302 - "-" "Mozilla/5.0 (compatible; SERankingBacklinksBot/1.0; +https://seranking.com/backlinks-crawler)"
144.76.32.187 - - [20/May/2026:01:41:31 +0000] "GET /2019/03/03/healthy-skin-is-possible-with-these-smart-tips/?share=facebook HTTP/1.1" 302 - "-" "Mozilla/5.0 (compatible; SERankingBacklinksBot/1.0; +https://seranking.com/backlinks-crawler)"
144.76.32.187 - - [20/May/2026:01:41:35 +0000] "GET /2019/04/13/look-more-youthful-with-a-few-skin-care-tips-2/?share=facebook HTTP/1.1" 302 - "-" "Mozilla/5.0 (compatible; SERankingBacklinksBot/1.0; +https://seranking.com/backlinks-crawler)"
144.76.32.187 - - [20/May/2026:01:41:40 +0000] "GET /2019/05/30/dont-age-prematurely-how-to-care-for-your-skin/?share=facebook HTTP/1.1" 302 - "-" "Mozilla/5.0 (compatible; SERankingBacklinksBot/1.0; +https://seranking.com/backlinks-crawler)"
144.76.32.187 - - [20/May/2026:01:41:45 +0000] "GET /2019/07/01/tips-for-keeping-your-skin-healthy-and-glowing/?share=facebook HTTP/1.1" 302 - "-" "Mozilla/5.0 (compatible; SERankingBacklinksBot/1.0; +https://seranking.com/backlinks-crawler)"
216.73.217.80 - - [20/May/2026:01:41:45 +0000] "GET /2018/08/27/easy-tips-to-improve-your-skin/ HTTP/1.1" 200 53713 "-" "Mozilla/5.0 AppleWebKit/537.36 (KHTML, like Gecko; compatible; ClaudeBot/1.0; +claudebot@anthropic.com)"
144.76.32.187 - - [20/May/2026:01:41:50 +0000] "GET /2020/04/06/wash-your-stress-away-with-a-skin-care-routine/?share=facebook HTTP/1.1" 302 - "-" "Mozilla/5.0 (compatible; SERankingBacklinksBot/1.0; +https://seranking.com/backlinks-crawler)"
216.73.217.80 - - [20/May/2026:01:41:52 +0000] "GET /2019/05/25/easy-to-use-skin-care-tips-starting-today-3/ HTTP/1.1" 200 54017 "-" "Mozilla/5.0 AppleWebKit/537.36 (KHTML, like Gecko; compatible; ClaudeBot/1.0; +claudebot@anthropic.com)"
216.73.217.80 - - [20/May/2026:01:41:52 +0000] "GET /tag/itchy-skin/feed/ HTTP/1.1" 200 6712 "-" "Mozilla/5.0 AppleWebKit/537.36 (KHTML, like Gecko; compatible; ClaudeBot/1.0; +claudebot@anthropic.com)"
144.76.32.187 - - [20/May/2026:01:41:54 +0000] "GET /2020/04/22/proven-tips-for-getting-healthy-radiant-skin-2/?share=facebook HTTP/1.1" 302 - "-" "Mozilla/5.0 (compatible; SERankingBacklinksBot/1.0; +https://seranking.com/backlinks-crawler)"
144.76.32.187 - - [20/May/2026:01:41:59 +0000] "GET /2020/04/26/tips-to-keep-your-skin-beautiful-and-glowing-2/?share=facebook HTTP/1.1" 302 - "-" "Mozilla/5.0 (compatible; SERankingBacklinksBot/1.0; +https://seranking.com/backlinks-crawler)"
107.174.211.5 - - [20/May/2026:01:42:02 +0000] "GET /2025/11/08/best-creams-over-50 HTTP/1.1" 301 - "-" "Mozilla/5.0 (X11; Linux x86_64) AppleWebKit/537.36 (KHTML, like Gecko) Chrome/124.0.0.0 Safari/537.36"
107.174.211.5 - - [20/May/2026:01:42:03 +0000] "GET /2025/11/08/best-creams-over-50/ HTTP/1.1" 200 56607 "-" "Mozilla/5.0 (X11; Linux x86_64) AppleWebKit/537.36 (KHTML, like Gecko) Chrome/124.0.0.0 Safari/537.36"
144.76.32.187 - - [20/May/2026:01:42:04 +0000] "GET /2020/05/16/an-easy-skin-care-routine-can-change-your-life/?share=facebook HTTP/1.1" 302 - "-" "Mozilla/5.0 (compatible; SERankingBacklinksBot/1.0; +https://seranking.com/backlinks-crawler)"
216.73.217.80 - - [20/May/2026:01:42:06 +0000] "GET /tag/vitamin-b3/page/3/ HTTP/1.1" 200 46759 "-" "Mozilla/5.0 AppleWebKit/537.36 (KHTML, like Gecko; compatible; ClaudeBot/1.0; +claudebot@anthropic.com)"
144.76.32.187 - - [20/May/2026:01:42:09 +0000] "GET /2020/06/20/problems-with-your-skin-try-these-helpful-tips/?share=facebook HTTP/1.1" 302 - "-" "Mozilla/5.0 (compatible; SERankingBacklinksBot/1.0; +https://seranking.com/backlinks-crawler)"
184.94.212.206 - - [20/May/2026:01:42:15 +0000] "POST /wp-cron.php?doing_wp_cron=1779241335.0386428833007812500000 HTTP/1.1" 200 - "-" "WordPress/6.9.4; https://www.wrinkledskinrepair.com"
144.76.32.187 - - [20/May/2026:01:42:13 +0000] "GET /2018/07/01/411-for-your-skin-try-these-easy-skin-care-tips/?share=facebook HTTP/1.1" 302 - "-" "Mozilla/5.0 (compatible; SERankingBacklinksBot/1.0; +https://seranking.com/backlinks-crawler)"
184.94.212.206 - - [20/May/2026:01:42:19 +0000] "POST /wp-cron.php?doing_wp_cron=1779241339.8381009101867675781250 HTTP/1.1" 200 - "-" "WordPress/6.9.4; https://www.wrinkledskinrepair.com"
144.76.32.187 - - [20/May/2026:01:42:18 +0000] "GET /2018/09/22/things-you-can-use-from-home-for-beautiful-skin/?share=facebook HTTP/1.1" 302 - "-" "Mozilla/5.0 (compatible; SERankingBacklinksBot/1.0; +https://seranking.com/backlinks-crawler)"
144.76.32.187 - - [20/May/2026:01:42:23 +0000] "GET /2018/11/12/these-great-skin-care-tips-can-change-your-life/?share=facebook HTTP/1.1" 302 - "-" "Mozilla/5.0 (compatible; SERankingBacklinksBot/1.0; +https://seranking.com/backlinks-crawler)"
144.76.32.187 - - [20/May/2026:01:42:28 +0000] "GET /2019/01/02/your-way-to-better-skin-care-quickly-and-easily/?share=facebook HTTP/1.1" 302 - "-" "Mozilla/5.0 (compatible; SERankingBacklinksBot/1.0; +https://seranking.com/backlinks-crawler)"
144.76.32.187 - - [20/May/2026:01:42:33 +0000] "GET /2019/02/22/take-care-of-your-skin-by-following-these-ideas/?share=facebook HTTP/1.1" 302 - "-" "Mozilla/5.0 (compatible; SERankingBacklinksBot/1.0; +https://seranking.com/backlinks-crawler)"
216.73.217.80 - - [20/May/2026:01:42:37 +0000] "GET /2019/05/18/basic-tips-for-getting-beautifully-flawless-skin-2/ HTTP/1.1" 200 53657 "-" "Mozilla/5.0 AppleWebKit/537.36 (KHTML, like Gecko; compatible; ClaudeBot/1.0; +claudebot@anthropic.com)"
144.76.32.187 - - [20/May/2026:01:42:37 +0000] "GET /2019/04/08/keep-you-skin-healthy-with-these-skin-care-tips/?share=facebook HTTP/1.1" 302 - "-" "Mozilla/5.0 (compatible; SERankingBacklinksBot/1.0; +https://seranking.com/backlinks-crawler)"
144.76.32.187 - - [20/May/2026:01:42:42 +0000] "GET /2019/05/01/skin-care-advice-that-everyone-should-check-out/?share=facebook HTTP/1.1" 302 - "-" "Mozilla/5.0 (compatible; SERankingBacklinksBot/1.0; +https://seranking.com/backlinks-crawler)"
144.76.32.187 - - [20/May/2026:01:42:47 +0000] "GET /2019/05/22/treat-yourself-to-timeless-skin-try-these-ideas/?share=facebook HTTP/1.1" 302 - "-" "Mozilla/5.0 (compatible; SERankingBacklinksBot/1.0; +https://seranking.com/backlinks-crawler)"
43.157.158.178 - - [20/May/2026:01:42:51 +0000] "GET /2025/11/08/best-wrinkle-filling-treatments-for-50-women/ HTTP/1.1" 200 56235 "-" "Mozilla/5.0 (iPhone; CPU iPhone OS 13_2_3 like Mac OS X) AppleWebKit/605.1.15 (KHTML, like Gecko) Version/13.0.3 Mobile/15E148 Safari/604.1"
144.76.32.187 - - [20/May/2026:01:42:52 +0000] "GET /2019/06/09/effective-skin-care-solutions-for-everyday-life/?share=facebook HTTP/1.1" 302 - "-" "Mozilla/5.0 (compatible; SERankingBacklinksBot/1.0; +https://seranking.com/backlinks-crawler)"
157.245.151.142 - - [20/May/2026:01:42:53 +0000] "GET /2018/06/02/skin-care-that-will-help-you-any-time-of-year/R0lGODlhAQABAIAAAAAAAP/yH5BAEAAAAALAAAAAABAAEAAAIBRAA7 HTTP/1.1" 404 41435 "https://www.wrinkledskinrepair.com/" "Mozilla/5.0 (Windows NT 10.0; Win64; x64) AppleWebKit/537.36 (KHTML, like Gecko) Chrome/108.0.0.0 Safari/537.36"
157.230.92.153 - - [20/May/2026:01:42:53 +0000] "GET /2020/04/09/great-ideas-to-help-you-achieve-flawless-looking-skin/R0lGODlhAQABAIAAAAAAAP/yH5BAEAAAAALAAAAAABAAEAAAIBRAA7 HTTP/1.1" 404 41446 "https://www.wrinkledskinrepair.com/" "Mozilla/5.0 (Windows NT 10.0; Win64; x64) AppleWebKit/537.36 (KHTML, like Gecko) Chrome/120.0.0.0 Safari/537.36"
192.0.114.18 - - [20/May/2026:01:42:54 +0000] "GET /wp-content/uploads/2018/06/ea36b8082af3063ed1584d05fb1d4390e277e2c818b413469cf5c67da4ef_640.jpg HTTP/1.1" 301 - "-" "Photon/1.0"
128.199.107.138 - - [20/May/2026:01:42:53 +0000] "GET /2018/08/18/tips-for-solving-all-your-skin-care-problems/R0lGODlhAQABAIAAAAAAAP/yH5BAEAAAAALAAAAAABAAEAAAIBRAA7 HTTP/1.1" 404 41428 "https://www.wrinkledskinrepair.com/" "Mozilla/5.0 (Windows NT 10.0; Win64; x64) AppleWebKit/537.36 (KHTML, like Gecko) Chrome/105.0.0.0 Safari/537.3"
137.184.97.252 - - [20/May/2026:01:42:53 +0000] "GET /2020/05/07/care-for-your-skin-by-following-these-tips/R0lGODlhAQABAIAAAAAAAP/yH5BAEAAAAALAAAAAABAAEAAAIBRAA7 HTTP/1.1" 404 41423 "https://www.wrinkledskinrepair.com/" "Mozilla/5.0 (Windows NT 10.0; Win64; x64) AppleWebKit/537.36 (KHTML, like Gecko) Chrome/111.0.0.0 Safari/537.36"
206.189.195.143 - - [20/May/2026:01:42:53 +0000] "GET /2018/10/06/useful-beauty-tips-for-great-skin-care/R0lGODlhAQABAIAAAAAAAP/yH5BAEAAAAALAAAAAABAAEAAAIBRAA7 HTTP/1.1" 404 41424 "https://www.wrinkledskinrepair.com/" "Mozilla/5.0 (Windows NT 10.0; Win64; x64) AppleWebKit/537.36 (KHTML, like Gecko) Chrome/105.0.0.0 Safari/537.3"
192.0.99.106 - - [20/May/2026:01:42:55 +0000] "GET /wp-content/uploads/2020/04/great_ideas_to_help_you_achieve_flawless_looking_skin-1.jpg HTTP/1.1" 404 131846 "-" "Photon/1.0"
192.0.114.18 - - [20/May/2026:01:42:56 +0000] "GET /wp-content/uploads/2018/06/ea36b8082af3063ed1584d05fb1d4390e277e2c818b413469cf5c67da4ef_640.jpg HTTP/1.1" 404 131909 "-" "Photon/1.0"
144.76.32.187 - - [20/May/2026:01:42:56 +0000] "GET /2019/06/28/effective-solutions-for-your-skin-care-dilemmas/?share=facebook HTTP/1.1" 302 - "-" "Mozilla/5.0 (compatible; SERankingBacklinksBot/1.0; +https://seranking.com/backlinks-crawler)"
192.0.100.82 - - [20/May/2026:01:42:56 +0000] "GET /wp-content/uploads/2020/05/care_for_your_skin_by_following_these_tips-1.jpg HTTP/1.1" 404 131769 "-" "Photon/1.0"
192.0.118.114 - - [20/May/2026:01:43:00 +0000] "GET /wp-content/uploads/2020/04/great_ideas_to_help_you_achieve_flawless_looking_skin-1.jpg HTTP/1.1" 404 131846 "-" "Photon/1.0"
112.208.187.98 - - [20/May/2026:01:43:00 +0000] "GET /2020/04/09/great-ideas-to-help-you-achieve-flawless-looking-skin/R0lGODlhAQABAIAAAAAAAP/yH5BAEAAAAALAAAAAABAAEAAAIBRAA7 HTTP/1.1" 404 41446 "https://www.wrinkledskinrepair.com/" "Mozilla/5.0 (Windows NT 10.0; Win64; x64) AppleWebKit/537.36 (KHTML, like Gecko) Chrome/120.0.0.0 Safari/537.36"
192.0.112.113 - - [20/May/2026:01:43:01 +0000] "GET /wp-content/uploads/2020/05/care_for_your_skin_by_following_these_tips-1.jpg HTTP/1.1" 404 131769 "-" "Photon/1.0"
144.76.32.187 - - [20/May/2026:01:43:02 +0000] "GET /2020/03/30/keep-your-skin-looking-its-best-with-these-tips/?share=facebook HTTP/1.1" 302 - "-" "Mozilla/5.0 (compatible; SERankingBacklinksBot/1.0; +https://seranking.com/backlinks-crawler)"
189.60.81.137 - - [20/May/2026:01:43:06 +0000] "GET /2020/05/07/care-for-your-skin-by-following-these-tips/R0lGODlhAQABAIAAAAAAAP/yH5BAEAAAAALAAAAAABAAEAAAIBRAA7 HTTP/1.1" 404 41423 "https://www.wrinkledskinrepair.com/" "Mozilla/5.0 (Windows NT 10.0; Win64; x64) AppleWebKit/537.36 (KHTML, like Gecko) Chrome/111.0.0.0 Safari/537.36"
144.76.32.187 - - [20/May/2026:01:43:07 +0000] "GET /2020/05/18/confused-about-skin-care-use-these-great-tips-2/?share=facebook HTTP/1.1" 302 - "-" "Mozilla/5.0 (compatible; SERankingBacklinksBot/1.0; +https://seranking.com/backlinks-crawler)"
184.94.212.206 - - [20/May/2026:01:43:11 +0000] "POST /wp-cron.php?doing_wp_cron=1779241391.6560540199279785156250 HTTP/1.1" 200 - "-" "WordPress/6.9.4; https://www.wrinkledskinrepair.com"
216.73.217.80 - - [20/May/2026:01:43:10 +0000] "GET /tag/improve-digestion/ HTTP/1.1" 200 45580 "-" "Mozilla/5.0 AppleWebKit/537.36 (KHTML, like Gecko; compatible; ClaudeBot/1.0; +claudebot@anthropic.com)"
144.76.32.187 - - [20/May/2026:01:43:12 +0000] "GET /2020/06/07/take-care-of-your-skin-with-this-helpful-advice/?share=facebook HTTP/1.1" 302 - "-" "Mozilla/5.0 (compatible; SERankingBacklinksBot/1.0; +https://seranking.com/backlinks-crawler)"
216.73.217.80 - - [20/May/2026:01:43:15 +0000] "GET /?p=1047 HTTP/1.1" 301 - "-" "Mozilla/5.0 AppleWebKit/537.36 (KHTML, like Gecko; compatible; ClaudeBot/1.0; +claudebot@anthropic.com)"
216.73.217.80 - - [20/May/2026:01:43:16 +0000] "GET /2019/05/24/confused-about-skin-care-use-these-great-tips/ HTTP/1.1" 200 54050 "https://www.wrinkledskinrepair.com/?p=1047" "Mozilla/5.0 AppleWebKit/537.36 (KHTML, like Gecko; compatible; ClaudeBot/1.0; +claudebot@anthropic.com)"
184.94.212.206 - - [20/May/2026:01:43:18 +0000] "POST /wp-cron.php?doing_wp_cron=1779241398.4993009567260742187500 HTTP/1.1" 200 - "-" "WordPress/6.9.4; https://www.wrinkledskinrepair.com"
144.76.32.187 - - [20/May/2026:01:43:17 +0000] "GET /2018/08/04/advice-for-taking-care-of-your-skincare-problems/?share=facebook HTTP/1.1" 302 - "-" "Mozilla/5.0 (compatible; SERankingBacklinksBot/1.0; +https://seranking.com/backlinks-crawler)"
144.76.32.187 - - [20/May/2026:01:43:22 +0000] "GET /2018/08/25/basic-tips-for-getting-beautifully-flawless-skin/?share=facebook HTTP/1.1" 302 - "-" "Mozilla/5.0 (compatible; SERankingBacklinksBot/1.0; +https://seranking.com/backlinks-crawler)"
195.234.109.156 - - [20/May/2026:01:43:24 +0000] "GET /wp-content/uploads/2019/01/e03db90929f41c22d2524518b7494097e377ffd41cb5174992f4c97ba2_640.jpg HTTP/1.1" 301 - "-" "Photon/1.0"
216.73.217.80 - - [20/May/2026:01:43:24 +0000] "GET /2018/11/08/the-basics-of-caring-for-your-skin/ HTTP/1.1" 200 53528 "-" "Mozilla/5.0 AppleWebKit/537.36 (KHTML, like Gecko; compatible; ClaudeBot/1.0; +claudebot@anthropic.com)"
195.234.109.156 - - [20/May/2026:01:43:26 +0000] "GET /wp-content/uploads/2019/01/e03db90929f41c22d2524518b7494097e377ffd41cb5174992f4c97ba2_640.jpg HTTP/1.1" 404 131895 "-" "Photon/1.0"
144.76.32.187 - - [20/May/2026:01:43:27 +0000] "GET /2018/09/12/use-these-proven-techniques-to-improve-your-skin/?share=facebook HTTP/1.1" 302 - "-" "Mozilla/5.0 (compatible; SERankingBacklinksBot/1.0; +https://seranking.com/backlinks-crawler)"
144.76.32.187 - - [20/May/2026:01:43:31 +0000] "GET /2019/03/13/skin-care-advice-that-both-men-and-women-can-use/?share=facebook HTTP/1.1" 302 - "-" "Mozilla/5.0 (compatible; SERankingBacklinksBot/1.0; +https://seranking.com/backlinks-crawler)"
144.76.32.187 - - [20/May/2026:01:43:36 +0000] "GET /2019/03/27/look-after-your-skin-with-this-great-information/?share=facebook HTTP/1.1" 302 - "-" "Mozilla/5.0 (compatible; SERankingBacklinksBot/1.0; +https://seranking.com/backlinks-crawler)"
216.73.217.80 - - [20/May/2026:01:43:39 +0000] "GET /?p=1032 HTTP/1.1" 301 - "-" "Mozilla/5.0 AppleWebKit/537.36 (KHTML, like Gecko; compatible; ClaudeBot/1.0; +claudebot@anthropic.com)"
216.73.217.80 - - [20/May/2026:01:43:40 +0000] "GET /2019/05/19/skin-care-secrets-that-you-probably-didnt-know-about/ HTTP/1.1" 200 53442 "https://www.wrinkledskinrepair.com/?p=1032" "Mozilla/5.0 AppleWebKit/537.36 (KHTML, like Gecko; compatible; ClaudeBot/1.0; +claudebot@anthropic.com)"
144.76.32.187 - - [20/May/2026:01:43:41 +0000] "GET /2019/04/29/healthy-skin-is-possible-with-these-smart-tips-2/?share=facebook HTTP/1.1" 302 - "-" "Mozilla/5.0 (compatible; SERankingBacklinksBot/1.0; +https://seranking.com/backlinks-crawler)"
144.76.32.187 - - [20/May/2026:01:43:46 +0000] "GET /2019/06/14/skin-care-that-actually-works-how-you-want-it-to/?share=facebook HTTP/1.1" 302 - "-" "Mozilla/5.0 (compatible; SERankingBacklinksBot/1.0; +https://seranking.com/backlinks-crawler)"
104.56.181.238 - - [20/May/2026:01:43:49 +0000] "GET /2025/11/08/best-creams-over-50/ HTTP/1.1" 200 56607 "https://search.yahoo.com/" "Mozilla/5.0 (iPhone; CPU iPhone OS 18_1_1 like Mac OS X) AppleWebKit/605.1.15 (KHTML, like Gecko) Version/18.1.1 Mobile/15E148 Safari/604.1"
144.76.32.187 - - [20/May/2026:01:43:50 +0000] "GET /2019/06/24/tips-to-help-you-improve-the-health-of-your-skin/?share=facebook HTTP/1.1" 302 - "-" "Mozilla/5.0 (compatible; SERankingBacklinksBot/1.0; +https://seranking.com/backlinks-crawler)"
104.56.181.238 - - [20/May/2026:01:43:52 +0000] "GET /wp-content/plugins/complianz-gdpr/assets/css/cookieblocker.min.css?ver=1741710170 HTTP/1.1" 200 723 "https://www.wrinkledskinrepair.com/2025/11/08/best-creams-over-50/" "Mozilla/5.0 (iPhone; CPU iPhone OS 18_1_1 like Mac OS X) AppleWebKit/605.1.15 (KHTML, like Gecko) Version/18.1.1 Mobile/15E148 Safari/604.1"
104.56.181.238 - - [20/May/2026:01:43:52 +0000] "GET /wp-content/plugins/recent-posts-widget-with-thumbnails/public.css?ver=7.1.1 HTTP/1.1" 200 487 "https://www.wrinkledskinrepair.com/2025/11/08/best-creams-over-50/" "Mozilla/5.0 (iPhone; CPU iPhone OS 18_1_1 like Mac OS X) AppleWebKit/605.1.15 (KHTML, like Gecko) Version/18.1.1 Mobile/15E148 Safari/604.1"
104.56.181.238 - - [20/May/2026:01:43:52 +0000] "GET /wp-content/plugins/tablepress/css/build/default.css?ver=3.3 HTTP/1.1" 200 1767 "https://www.wrinkledskinrepair.com/2025/11/08/best-creams-over-50/" "Mozilla/5.0 (iPhone; CPU iPhone OS 18_1_1 like Mac OS X) AppleWebKit/605.1.15 (KHTML, like Gecko) Version/18.1.1 Mobile/15E148 Safari/604.1"
104.56.181.238 - - [20/May/2026:01:43:52 +0000] "GET /wp-content/plugins/jetpack/jetpack_vendor/automattic/jetpack-classic-theme-helper/dist/responsive-videos/responsive-videos.css?minify=false&ver=1a16f71f21c6d197f51b HTTP/1.1" 200 101 "https://www.wrinkledskinrepair.com/2025/11/08/best-creams-over-50/" "Mozilla/5.0 (iPhone; CPU iPhone OS 18_1_1 like Mac OS X) AppleWebKit/605.1.15 (KHTML, like Gecko) Version/18.1.1 Mobile/15E148 Safari/604.1"
104.56.181.238 - - [20/May/2026:01:43:52 +0000] "GET /wp-content/plugins/wp-meta-and-date-remover/assets/js/inspector.js?ver=1.1 HTTP/1.1" 200 1455 "https://www.wrinkledskinrepair.com/2025/11/08/best-creams-over-50/" "Mozilla/5.0 (iPhone; CPU iPhone OS 18_1_1 like Mac OS X) AppleWebKit/605.1.15 (KHTML, like Gecko) Version/18.1.1 Mobile/15E148 Safari/604.1"
104.56.181.238 - - [20/May/2026:01:43:52 +0000] "GET /wp-content/themes/spa-and-salon/style.css?ver=6.9.4 HTTP/1.1" 200 13994 "https://www.wrinkledskinrepair.com/2025/11/08/best-creams-over-50/" "Mozilla/5.0 (iPhone; CPU iPhone OS 18_1_1 like Mac OS X) AppleWebKit/605.1.15 (KHTML, like Gecko) Version/18.1.1 Mobile/15E148 Safari/604.1"
104.56.181.238 - - [20/May/2026:01:43:52 +0000] "GET /wp-content/themes/spa-and-salon/css/slick.min.css?ver=6.9.4 HTTP/1.1" 200 490 "https://www.wrinkledskinrepair.com/2025/11/08/best-creams-over-50/" "Mozilla/5.0 (iPhone; CPU iPhone OS 18_1_1 like Mac OS X) AppleWebKit/605.1.15 (KHTML, like Gecko) Version/18.1.1 Mobile/15E148 Safari/604.1"
104.56.181.238 - - [20/May/2026:01:43:52 +0000] "GET /wp-content/themes/medical-spa/style.css?ver=1.0.7 HTTP/1.1" 200 5745 "https://www.wrinkledskinrepair.com/2025/11/08/best-creams-over-50/" "Mozilla/5.0 (iPhone; CPU iPhone OS 18_1_1 like Mac OS X) AppleWebKit/605.1.15 (KHTML, like Gecko) Version/18.1.1 Mobile/15E148 Safari/604.1"
104.56.181.238 - - [20/May/2026:01:43:52 +0000] "GET /wp-content/themes/spa-and-salon/css/perfect-scrollbar.min.css?ver=6.9.4 HTTP/1.1" 200 494 "https://www.wrinkledskinrepair.com/2025/11/08/best-creams-over-50/" "Mozilla/5.0 (iPhone; CPU iPhone OS 18_1_1 like Mac OS X) AppleWebKit/605.1.15 (KHTML, like Gecko) Version/18.1.1 Mobile/15E148 Safari/604.1"
104.56.181.238 - - [20/May/2026:01:43:52 +0000] "GET /wp-content/themes/spa-and-salon/js/v4-shims.min.js?ver=6.5.1 HTTP/1.1" 200 7909 "https://www.wrinkledskinrepair.com/2025/11/08/best-creams-over-50/" "Mozilla/5.0 (iPhone; CPU iPhone OS 18_1_1 like Mac OS X) AppleWebKit/605.1.15 (KHTML, like Gecko) Version/18.1.1 Mobile/15E148 Safari/604.1"
104.56.181.238 - - [20/May/2026:01:43:53 +0000] "GET /wp-content/themes/spa-and-salon/js/modal-accessibility.min.js?ver=1.0.7 HTTP/1.1" 200 2033 "https://www.wrinkledskinrepair.com/2025/11/08/best-creams-over-50/" "Mozilla/5.0 (iPhone; CPU iPhone OS 18_1_1 like Mac OS X) AppleWebKit/605.1.15 (KHTML, like Gecko) Version/18.1.1 Mobile/15E148 Safari/604.1"
104.56.181.238 - - [20/May/2026:01:43:53 +0000] "GET /wp-content/themes/spa-and-salon/js/slick.min.js?ver=2.6.0 HTTP/1.1" 200 10445 "https://www.wrinkledskinrepair.com/2025/11/08/best-creams-over-50/" "Mozilla/5.0 (iPhone; CPU iPhone OS 18_1_1 like Mac OS X) AppleWebKit/605.1.15 (KHTML, like Gecko) Version/18.1.1 Mobile/15E148 Safari/604.1"
104.56.181.238 - - [20/May/2026:01:43:53 +0000] "GET /wp-content/themes/spa-and-salon/js/perfect-scrollbar.min.js?ver=1.0.7 HTTP/1.1" 200 5954 "https://www.wrinkledskinrepair.com/2025/11/08/best-creams-over-50/" "Mozilla/5.0 (iPhone; CPU iPhone OS 18_1_1 like Mac OS X) AppleWebKit/605.1.15 (KHTML, like Gecko) Version/18.1.1 Mobile/15E148 Safari/604.1"
104.56.181.238 - - [20/May/2026:01:43:53 +0000] "GET /wp-content/themes/spa-and-salon/js/custom.min.js?ver=1.0.7 HTTP/1.1" 200 567 "https://www.wrinkledskinrepair.com/2025/11/08/best-creams-over-50/" "Mozilla/5.0 (iPhone; CPU iPhone OS 18_1_1 like Mac OS X) AppleWebKit/605.1.15 (KHTML, like Gecko) Version/18.1.1 Mobile/15E148 Safari/604.1"
104.56.181.238 - - [20/May/2026:01:43:53 +0000] "GET /wp-content/plugins/google-site-kit/dist/assets/js/googlesitekit-consent-mode-da15714e8829855bb7ce.js HTTP/1.1" 200 25462 "https://www.wrinkledskinrepair.com/2025/11/08/best-creams-over-50/" "Mozilla/5.0 (iPhone; CPU iPhone OS 18_1_1 like Mac OS X) AppleWebKit/605.1.15 (KHTML, like Gecko) Version/18.1.1 Mobile/15E148 Safari/604.1"
104.56.181.238 - - [20/May/2026:01:43:53 +0000] "GET /wp-content/plugins/wp-consent-api/assets/js/wp-consent-api.min.js?ver=2.0.1 HTTP/1.1" 200 822 "https://www.wrinkledskinrepair.com/2025/11/08/best-creams-over-50/" "Mozilla/5.0 (iPhone; CPU iPhone OS 18_1_1 like Mac OS X) AppleWebKit/605.1.15 (KHTML, like Gecko) Version/18.1.1 Mobile/15E148 Safari/604.1"
104.56.181.238 - - [20/May/2026:01:43:53 +0000] "GET /wp-content/plugins/jetpack/_inc/blocks/subscriptions/view.js?minify=false&ver=15.8 HTTP/1.1" 200 2286 "https://www.wrinkledskinrepair.com/2025/11/08/best-creams-over-50/" "Mozilla/5.0 (iPhone; CPU iPhone OS 18_1_1 like Mac OS X) AppleWebKit/605.1.15 (KHTML, like Gecko) Version/18.1.1 Mobile/15E148 Safari/604.1"
104.56.181.238 - - [20/May/2026:01:43:53 +0000] "GET /wp-content/plugins/jetpack/jetpack_vendor/automattic/jetpack-classic-theme-helper/dist/responsive-videos/responsive-videos.js?minify=false&ver=1a16f71f21c6d197f51b HTTP/1.1" 200 645 "https://www.wrinkledskinrepair.com/2025/11/08/best-creams-over-50/" "Mozilla/5.0 (iPhone; CPU iPhone OS 18_1_1 like Mac OS X) AppleWebKit/605.1.15 (KHTML, like Gecko) Version/18.1.1 Mobile/15E148 Safari/604.1"
104.56.181.238 - - [20/May/2026:01:43:54 +0000] "GET /wp-content/themes/spa-and-salon/images/bg-quote.png HTTP/1.1" 200 1207 "https://www.wrinkledskinrepair.com/2025/11/08/best-creams-over-50/" "Mozilla/5.0 (iPhone; CPU iPhone OS 18_1_1 like Mac OS X) AppleWebKit/605.1.15 (KHTML, like Gecko) Version/18.1.1 Mobile/15E148 Safari/604.1"
144.76.32.187 - - [20/May/2026:01:43:55 +0000] "GET /2020/04/03/keep-your-skin-clear-and-healthy-with-these-tips/?share=facebook HTTP/1.1" 302 - "-" "Mozilla/5.0 (compatible; SERankingBacklinksBot/1.0; +https://seranking.com/backlinks-crawler)"
192.0.116.146 - - [20/May/2026:01:43:57 +0000] "GET /wp-content/uploads/2019/05/54e6d1434c54b108f5d08460962d317f153fc3e45654794f732b7ad090_640.jpg HTTP/1.1" 301 - "-" "Photon/1.0"
192.0.116.146 - - [20/May/2026:01:43:58 +0000] "GET /wp-content/uploads/2019/05/54e6d1434c54b108f5d08460962d317f153fc3e45654794f732b7ad090_640.jpg HTTP/1.1" 404 131895 "-" "Photon/1.0"
216.73.217.80 - - [20/May/2026:01:43:54 +0000] "GET /2019/05/24/confused-about-skin-care-use-these-great-tips/?amp=1 HTTP/1.1" 200 21660 "-" "Mozilla/5.0 AppleWebKit/537.36 (KHTML, like Gecko; compatible; ClaudeBot/1.0; +claudebot@anthropic.com)"
104.56.181.238 - - [20/May/2026:01:43:52 +0000] "GET /wp-content/themes/spa-and-salon/js/all.min.js?ver=6.5.1 HTTP/1.1" 200 542300 "https://www.wrinkledskinrepair.com/2025/11/08/best-creams-over-50/" "Mozilla/5.0 (iPhone; CPU iPhone OS 18_1_1 like Mac OS X) AppleWebKit/605.1.15 (KHTML, like Gecko) Version/18.1.1 Mobile/15E148 Safari/604.1"
144.76.32.187 - - [20/May/2026:01:44:00 +0000] "GET /2020/04/23/looking-for-skin-care-tips-check-out-these-ideas/?share=facebook HTTP/1.1" 302 - "-" "Mozilla/5.0 (compatible; SERankingBacklinksBot/1.0; +https://seranking.com/backlinks-crawler)"
104.56.181.238 - - [20/May/2026:01:44:02 +0000] "GET /wp-includes/js/wp-emoji-release.min.js?ver=6.9.4 HTTP/1.1" 200 5375 "https://www.wrinkledskinrepair.com/2025/11/08/best-creams-over-50/" "Mozilla/5.0 (iPhone; CPU iPhone OS 18_1_1 like Mac OS X) AppleWebKit/605.1.15 (KHTML, like Gecko) Version/18.1.1 Mobile/15E148 Safari/604.1"
104.56.181.238 - - [20/May/2026:01:44:02 +0000] "GET /2025/11/08/best-creams-over-50/?relatedposts=1 HTTP/1.1" 200 1380 "https://www.wrinkledskinrepair.com/2025/11/08/best-creams-over-50/" "Mozilla/5.0 (iPhone; CPU iPhone OS 18_1_1 like Mac OS X) AppleWebKit/605.1.15 (KHTML, like Gecko) Version/18.1.1 Mobile/15E148 Safari/604.1"
104.56.181.238 - - [20/May/2026:01:44:02 +0000] "POST /wp-admin/admin-ajax.php HTTP/1.1" 200 62 "https://www.wrinkledskinrepair.com/2025/11/08/best-creams-over-50/" "Mozilla/5.0 (iPhone; CPU iPhone OS 18_1_1 like Mac OS X) AppleWebKit/605.1.15 (KHTML, like Gecko) Version/18.1.1 Mobile/15E148 Safari/604.1"
144.76.32.187 - - [20/May/2026:01:44:05 +0000] "GET /2020/06/02/take-care-of-your-beautiful-skin-with-these-tips/?share=facebook HTTP/1.1" 302 - "-" "Mozilla/5.0 (compatible; SERankingBacklinksBot/1.0; +https://seranking.com/backlinks-crawler)"
216.73.217.80 - - [20/May/2026:01:44:05 +0000] "GET /2018/08/12/advice-for-skin-care/ HTTP/1.1" 200 53715 "-" "Mozilla/5.0 AppleWebKit/537.36 (KHTML, like Gecko; compatible; ClaudeBot/1.0; +claudebot@anthropic.com)"
144.76.32.187 - - [20/May/2026:01:44:15 +0000] "GET /2018/06/21/everything-you-should-know-about-proper-skin-care/?share=facebook HTTP/1.1" 302 - "-" "Mozilla/5.0 (compatible; SERankingBacklinksBot/1.0; +https://seranking.com/backlinks-crawler)"
184.94.212.206 - - [20/May/2026:01:44:23 +0000] "POST /wp-cron.php?doing_wp_cron=1779241462.9919049739837646484375 HTTP/1.1" 200 - "-" "WordPress/6.9.4; https://www.wrinkledskinrepair.com"
144.76.32.187 - - [20/May/2026:01:44:21 +0000] "GET /2018/10/04/follow-these-great-suggestions-for-beautiful-skin/?share=facebook HTTP/1.1" 302 - "-" "Mozilla/5.0 (compatible; SERankingBacklinksBot/1.0; +https://seranking.com/backlinks-crawler)"
216.73.217.80 - - [20/May/2026:01:44:23 +0000] "GET /?p=50 HTTP/1.1" 301 - "-" "Mozilla/5.0 AppleWebKit/537.36 (KHTML, like Gecko; compatible; ClaudeBot/1.0; +claudebot@anthropic.com)"
216.73.217.80 - - [20/May/2026:01:44:24 +0000] "GET /2017/06/08/modern-approaches-to-skin-wrinkle-treatment/ HTTP/1.1" 200 56350 "https://www.wrinkledskinrepair.com/?p=50" "Mozilla/5.0 AppleWebKit/537.36 (KHTML, like Gecko; compatible; ClaudeBot/1.0; +claudebot@anthropic.com)"
144.76.32.187 - - [20/May/2026:01:44:27 +0000] "GET /2018/12/06/things-you-can-use-from-home-for-beautiful-skin-2/?share=facebook HTTP/1.1" 302 - "-" "Mozilla/5.0 (compatible; SERankingBacklinksBot/1.0; +https://seranking.com/backlinks-crawler)"
144.76.32.187 - - [20/May/2026:01:44:34 +0000] "GET /2018/12/17/care-for-your-skin-with-these-easy-to-follow-tips/?share=facebook HTTP/1.1" 302 - "-" "Mozilla/5.0 (compatible; SERankingBacklinksBot/1.0; +https://seranking.com/backlinks-crawler)"
192.0.102.146 - - [20/May/2026:01:44:35 +0000] "HEAD / HTTP/1.1" 200 - "-" "jetmon/1.0 (Jetpack Site Uptime Monitor by WordPress.com)"
144.76.32.187 - - [20/May/2026:01:44:40 +0000] "GET /2019/01/06/things-you-can-use-from-home-for-beautiful-skin-3/?share=facebook HTTP/1.1" 302 - "-" "Mozilla/5.0 (compatible; SERankingBacklinksBot/1.0; +https://seranking.com/backlinks-crawler)"
184.94.212.206 - - [20/May/2026:01:44:46 +0000] "POST /wp-cron.php?doing_wp_cron=1779241486.4304649829864501953125 HTTP/1.1" 200 - "-" "WordPress/6.9.4; https://www.wrinkledskinrepair.com"
144.76.32.187 - - [20/May/2026:01:44:45 +0000] "GET /2019/02/25/wonderful-and-wise-ways-to-keep-your-skin-shining/?share=facebook HTTP/1.1" 302 - "-" "Mozilla/5.0 (compatible; SERankingBacklinksBot/1.0; +https://seranking.com/backlinks-crawler)"
144.76.32.187 - - [20/May/2026:01:44:50 +0000] "GET /2019/04/02/work-with-your-biology-for-personalized-skin-care/?share=facebook HTTP/1.1" 302 - "-" "Mozilla/5.0 (compatible; SERankingBacklinksBot/1.0; +https://seranking.com/backlinks-crawler)"
216.73.217.80 - - [20/May/2026:01:44:56 +0000] "GET /2017/06/08/modern-approaches-to-skin-wrinkle-treatment/?amp=1 HTTP/1.1" 200 25330 "-" "Mozilla/5.0 AppleWebKit/537.36 (KHTML, like Gecko; compatible; ClaudeBot/1.0; +claudebot@anthropic.com)"
144.76.32.187 - - [20/May/2026:01:44:57 +0000] "GET /2019/05/05/keep-you-skin-healthy-with-these-skin-care-tips-2/?share=facebook HTTP/1.1" 302 - "-" "Mozilla/5.0 (compatible; SERankingBacklinksBot/1.0; +https://seranking.com/backlinks-crawler)"
144.76.32.187 - - [20/May/2026:01:45:01 +0000] "GET /2019/06/22/these-great-skin-care-tips-can-change-your-life-2/?share=facebook HTTP/1.1" 302 - "-" "Mozilla/5.0 (compatible; SERankingBacklinksBot/1.0; +https://seranking.com/backlinks-crawler)"
114.119.157.239 - - [20/May/2026:01:45:04 +0000] "GET / HTTP/1.1" 200 47730 "https://www.wrinkledskinrepair.com/" "Mozilla/5.0 (Linux; Android 7.0;) AppleWebKit/537.36 (HTML, like Gecko) Mobile Safari/537.36 (compatible; PetalBot;+https://webmaster.petalsearch.com/site/petalbot)"
184.94.212.206 - - [20/May/2026:01:45:09 +0000] "POST /wp-cron.php?doing_wp_cron=1779241509.6967101097106933593750 HTTP/1.1" 200 - "-" "WordPress/6.9.4; https://www.wrinkledskinrepair.com"
144.76.32.187 - - [20/May/2026:01:45:08 +0000] "GET /2020/03/31/care-for-your-skin-care-problems-using-these-tips/?share=facebook HTTP/1.1" 302 - "-" "Mozilla/5.0 (compatible; SERankingBacklinksBot/1.0; +https://seranking.com/backlinks-crawler)"
144.76.32.187 - - [20/May/2026:01:45:13 +0000] "GET /2020/06/04/effective-skin-care-solutions-for-everyday-life-2/?share=facebook HTTP/1.1" 302 - "-" "Mozilla/5.0 (compatible; SERankingBacklinksBot/1.0; +https://seranking.com/backlinks-crawler)"
184.94.212.206 - - [20/May/2026:01:45:19 +0000] "POST /wp-cron.php?doing_wp_cron=1779241519.6020729541778564453125 HTTP/1.1" 200 - "-" "WordPress/6.9.4; https://www.wrinkledskinrepair.com"
144.76.32.187 - - [20/May/2026:01:45:18 +0000] "GET /2020/06/11/blast-skin-care-troubles-with-this-helpful-advice/?share=facebook HTTP/1.1" 302 - "-" "Mozilla/5.0 (compatible; SERankingBacklinksBot/1.0; +https://seranking.com/backlinks-crawler)"
144.76.32.187 - - [20/May/2026:01:45:24 +0000] "GET /2020/06/15/your-way-to-better-skin-care-quickly-and-easily-2/?share=facebook HTTP/1.1" 302 - "-" "Mozilla/5.0 (compatible; SERankingBacklinksBot/1.0; +https://seranking.com/backlinks-crawler)"
216.73.217.80 - - [20/May/2026:01:45:28 +0000] "GET /?p=1385 HTTP/1.1" 301 - "-" "Mozilla/5.0 AppleWebKit/537.36 (KHTML, like Gecko; compatible; ClaudeBot/1.0; +claudebot@anthropic.com)"
144.76.32.187 - - [20/May/2026:01:45:29 +0000] "GET /2020/06/23/have-skincare-issues-give-these-suggestions-a-try/?share=facebook HTTP/1.1" 302 - "-" "Mozilla/5.0 (compatible; SERankingBacklinksBot/1.0; +https://seranking.com/backlinks-crawler)"
192.0.113.146 - - [20/May/2026:01:45:29 +0000] "GET /wp-content/uploads/2020/04/looking_for_skin_care_tips__check_out_these_ideas-1.jpg HTTP/1.1" 404 131818 "-" "Photon/1.0"
216.73.217.80 - - [20/May/2026:01:45:29 +0000] "GET /2020/03/28/give-your-skin-some-tlc-with-these-tips-3/ HTTP/1.1" 200 54544 "https://www.wrinkledskinrepair.com/?p=1385" "Mozilla/5.0 AppleWebKit/537.36 (KHTML, like Gecko; compatible; ClaudeBot/1.0; +claudebot@anthropic.com)"
192.0.112.241 - - [20/May/2026:01:45:31 +0000] "GET /wp-content/uploads/2020/03/give_your_skin_some_tlc_with_these_tips.jpg HTTP/1.1" 301 - "-" "Photon/1.0"
192.0.112.241 - - [20/May/2026:01:45:32 +0000] "GET /wp-content/uploads/2020/03/give_your_skin_some_tlc_with_these_tips.jpg HTTP/1.1" 404 131734 "-" "Photon/1.0"
216.73.217.80 - - [20/May/2026:01:45:28 +0000] "GET /2020/03/28/give-your-skin-some-tlc-with-these-tips-3/?amp=1 HTTP/1.1" 200 22352 "-" "Mozilla/5.0 AppleWebKit/537.36 (KHTML, like Gecko; compatible; ClaudeBot/1.0; +claudebot@anthropic.com)"
216.73.217.80 - - [20/May/2026:01:45:34 +0000] "GET /2019/07/21/get-a-glowing-complexion-from-some-great-skin-care-advice/?noamp=mobile HTTP/1.1" 200 58087 "-" "Mozilla/5.0 AppleWebKit/537.36 (KHTML, like Gecko; compatible; ClaudeBot/1.0; +claudebot@anthropic.com)"
144.76.32.187 - - [20/May/2026:01:45:35 +0000] "GET /2017/06/08/natural-ways-to-go-about-wrinkle-reduction-and-prevention/?share=x HTTP/1.1" 302 - "-" "Mozilla/5.0 (compatible; SERankingBacklinksBot/1.0; +https://seranking.com/backlinks-crawler)"
144.76.32.187 - - [20/May/2026:01:45:41 +0000] "GET /2018/06/17/ideas-for-reducing-and-eliminating-skincare-issues/?share=facebook HTTP/1.1" 302 - "-" "Mozilla/5.0 (compatible; SERankingBacklinksBot/1.0; +https://seranking.com/backlinks-crawler)"
144.76.32.187 - - [20/May/2026:01:45:45 +0000] "GET /2018/06/27/maintain-a-youthful-look-with-these-skin-care-tips/?share=facebook HTTP/1.1" 302 - "-" "Mozilla/5.0 (compatible; SERankingBacklinksBot/1.0; +https://seranking.com/backlinks-crawler)"
144.76.32.187 - - [20/May/2026:01:45:50 +0000] "GET /2018/07/19/read-this-article-to-learn-how-to-maintain-healthy-skin-2/?share=x HTTP/1.1" 302 - "-" "Mozilla/5.0 (compatible; SERankingBacklinksBot/1.0; +https://seranking.com/backlinks-crawler)"
144.76.32.187 - - [20/May/2026:01:45:55 +0000] "GET /2018/07/26/empowering-tips-to-get-you-in-control-of-your-skin/?share=facebook HTTP/1.1" 302 - "-" "Mozilla/5.0 (compatible; SERankingBacklinksBot/1.0; +https://seranking.com/backlinks-crawler)"
216.73.217.80 - - [20/May/2026:01:45:56 +0000] "GET /2018/08/30/solid-skin-care-tips-that-wont-break-the-bank/?noamp=mobile HTTP/1.1" 200 53653 "-" "Mozilla/5.0 AppleWebKit/537.36 (KHTML, like Gecko; compatible; ClaudeBot/1.0; +claudebot@anthropic.com)"
216.73.217.80 - - [20/May/2026:01:45:56 +0000] "GET /2018/09/16/great-ideas-for-a-successful-skin-care-plan/ HTTP/1.1" 200 53334 "-" "Mozilla/5.0 AppleWebKit/537.36 (KHTML, like Gecko; compatible; ClaudeBot/1.0; +claudebot@anthropic.com)"
216.73.217.80 - - [20/May/2026:01:45:58 +0000] "GET /2019/01/07/skin-care-tips-that-can-work-for-everyone/ HTTP/1.1" 200 53324 "-" "Mozilla/5.0 AppleWebKit/537.36 (KHTML, like Gecko; compatible; ClaudeBot/1.0; +claudebot@anthropic.com)"
216.73.217.80 - - [20/May/2026:01:45:58 +0000] "GET /?p=645 HTTP/1.1" 301 - "-" "Mozilla/5.0 AppleWebKit/537.36 (KHTML, like Gecko; compatible; ClaudeBot/1.0; +claudebot@anthropic.com)"
216.73.217.80 - - [20/May/2026:01:45:59 +0000] "GET /2019/01/09/no-need-to-pay-to-see-an-expensive-dermatoligst-use-this-great-advice-2/ HTTP/1.1" 200 53838 "https://www.wrinkledskinrepair.com/?p=645" "Mozilla/5.0 AppleWebKit/537.36 (KHTML, like Gecko; compatible; ClaudeBot/1.0; +claudebot@anthropic.com)"
144.76.32.187 - - [20/May/2026:01:46:08 +0000] "GET /2018/08/10/lose-the-costly-skin-care-regimen-with-this-advice/?share=facebook HTTP/1.1" 302 - "-" "Mozilla/5.0 (compatible; SERankingBacklinksBot/1.0; +https://seranking.com/backlinks-crawler)"
144.76.32.187 - - [20/May/2026:01:46:15 +0000] "GET /2019/01/04/simply-skin-care-that-will-make-you-love-your-skin/?share=facebook HTTP/1.1" 302 - "-" "Mozilla/5.0 (compatible; SERankingBacklinksBot/1.0; +https://seranking.com/backlinks-crawler)"
184.94.212.206 - - [20/May/2026:01:46:21 +0000] "POST /wp-cron.php?doing_wp_cron=1779241581.7131550312042236328125 HTTP/1.1" 200 - "-" "WordPress/6.9.4; https://www.wrinkledskinrepair.com"
144.76.32.187 - - [20/May/2026:01:46:20 +0000] "GET /2019/02/07/smart-ways-to-keep-your-skin-healthy-and-beautiful/?share=facebook HTTP/1.1" 302 - "-" "Mozilla/5.0 (compatible; SERankingBacklinksBot/1.0; +https://seranking.com/backlinks-crawler)"
144.76.32.187 - - [20/May/2026:01:46:25 +0000] "GET /2019/04/30/basic-skin-care-tips-that-everyone-should-be-using/?share=facebook HTTP/1.1" 302 - "-" "Mozilla/5.0 (compatible; SERankingBacklinksBot/1.0; +https://seranking.com/backlinks-crawler)"
144.76.32.187 - - [20/May/2026:01:46:30 +0000] "GET /2019/05/16/get-on-the-path-to-beautiful-skin-with-these-ideas/?share=facebook HTTP/1.1" 302 - "-" "Mozilla/5.0 (compatible; SERankingBacklinksBot/1.0; +https://seranking.com/backlinks-crawler)"
144.76.32.187 - - [20/May/2026:01:46:35 +0000] "GET /2019/05/18/basic-tips-for-getting-beautifully-flawless-skin-2/?share=facebook HTTP/1.1" 302 - "-" "Mozilla/5.0 (compatible; SERankingBacklinksBot/1.0; +https://seranking.com/backlinks-crawler)"
216.73.217.80 - - [20/May/2026:01:46:36 +0000] "GET /2019/05/22/treat-yourself-to-timeless-skin-try-these-ideas/ HTTP/1.1" 200 53957 "-" "Mozilla/5.0 AppleWebKit/537.36 (KHTML, like Gecko; compatible; ClaudeBot/1.0; +claudebot@anthropic.com)"
144.76.32.187 - - [20/May/2026:01:46:39 +0000] "GET /2019/06/11/care-for-your-your-skincare-issues-with-these-tips/?share=facebook HTTP/1.1" 302 - "-" "Mozilla/5.0 (compatible; SERankingBacklinksBot/1.0; +https://seranking.com/backlinks-crawler)"
216.73.217.80 - - [20/May/2026:01:46:42 +0000] "GET /tag/pay-attention/feed/ HTTP/1.1" 200 11811 "-" "Mozilla/5.0 AppleWebKit/537.36 (KHTML, like Gecko; compatible; ClaudeBot/1.0; +claudebot@anthropic.com)"
144.76.32.187 - - [20/May/2026:01:46:44 +0000] "GET /2019/06/13/skin-care-ideas-and-inspiration-to-get-you-glowing/?share=facebook HTTP/1.1" 302 - "-" "Mozilla/5.0 (compatible; SERankingBacklinksBot/1.0; +https://seranking.com/backlinks-crawler)"
144.76.32.187 - - [20/May/2026:01:46:49 +0000] "GET /2019/07/17/read-this-article-to-learn-how-to-maintain-healthy-skin-3/?share=x HTTP/1.1" 302 - "-" "Mozilla/5.0 (compatible; SERankingBacklinksBot/1.0; +https://seranking.com/backlinks-crawler)"
144.76.32.187 - - [20/May/2026:01:46:54 +0000] "GET /2019/07/21/get-a-glowing-complexion-from-some-great-skin-care-advice/?share=x HTTP/1.1" 302 - "-" "Mozilla/5.0 (compatible; SERankingBacklinksBot/1.0; +https://seranking.com/backlinks-crawler)"
144.76.32.187 - - [20/May/2026:01:46:59 +0000] "GET /2020/04/24/tips-to-solve-your-skin-care-woes-once-and-for-all/?share=facebook HTTP/1.1" 302 - "-" "Mozilla/5.0 (compatible; SERankingBacklinksBot/1.0; +https://seranking.com/backlinks-crawler)"
144.76.32.187 - - [20/May/2026:01:47:04 +0000] "GET /2020/05/08/fight-the-signs-of-aging-with-these-skin-care-tips/?share=facebook HTTP/1.1" 302 - "-" "Mozilla/5.0 (compatible; SERankingBacklinksBot/1.0; +https://seranking.com/backlinks-crawler)"
144.76.32.187 - - [20/May/2026:01:47:09 +0000] "GET /2020/06/08/look-after-your-skin-with-this-great-information-2/?share=facebook HTTP/1.1" 302 - "-" "Mozilla/5.0 (compatible; SERankingBacklinksBot/1.0; +https://seranking.com/backlinks-crawler)"
184.94.212.206 - - [20/May/2026:01:47:15 +0000] "POST /wp-cron.php?doing_wp_cron=1779241635.0944669246673583984375 HTTP/1.1" 200 - "-" "WordPress/6.9.4; https://www.wrinkledskinrepair.com"
144.76.32.187 - - [20/May/2026:01:47:13 +0000] "GET /2020/06/24/when-your-skin-needs-help-try-these-effective-tips/?share=facebook HTTP/1.1" 302 - "-" "Mozilla/5.0 (compatible; SERankingBacklinksBot/1.0; +https://seranking.com/backlinks-crawler)"
184.94.212.206 - - [20/May/2026:01:47:20 +0000] "POST /wp-cron.php?doing_wp_cron=1779241640.0599191188812255859375 HTTP/1.1" 200 - "-" "WordPress/6.9.4; https://www.wrinkledskinrepair.com"
144.76.32.187 - - [20/May/2026:01:47:18 +0000] "GET /2020/06/26/advice-to-help-bring-about-soft-and-beautiful-skin/?share=facebook HTTP/1.1" 302 - "-" "Mozilla/5.0 (compatible; SERankingBacklinksBot/1.0; +https://seranking.com/backlinks-crawler)"
144.76.32.187 - - [20/May/2026:01:47:23 +0000] "GET /2018/06/09/restoring-the-natural-clarity-and-tone-of-your-skin/?share=facebook HTTP/1.1" 302 - "-" "Mozilla/5.0 (compatible; SERankingBacklinksBot/1.0; +https://seranking.com/backlinks-crawler)"
144.76.32.187 - - [20/May/2026:01:47:28 +0000] "GET /2018/06/13/suggestions-for-taking-care-of-your-skincare-issues/?share=facebook HTTP/1.1" 302 - "-" "Mozilla/5.0 (compatible; SERankingBacklinksBot/1.0; +https://seranking.com/backlinks-crawler)"
144.76.32.187 - - [20/May/2026:01:47:33 +0000] "GET /2018/06/29/tried-and-true-skin-care-advice-to-battle-blemishes/?share=facebook HTTP/1.1" 302 - "-" "Mozilla/5.0 (compatible; SERankingBacklinksBot/1.0; +https://seranking.com/backlinks-crawler)"
144.76.32.187 - - [20/May/2026:01:47:38 +0000] "GET /2018/07/06/revitalize-your-look-advice-for-reducing-skincare-problems/?share=x HTTP/1.1" 302 - "-" "Mozilla/5.0 (compatible; SERankingBacklinksBot/1.0; +https://seranking.com/backlinks-crawler)"
144.76.32.187 - - [20/May/2026:01:47:43 +0000] "GET /2018/08/31/improve-your-skins-health-with-these-skin-care-tips/?share=facebook HTTP/1.1" 302 - "-" "Mozilla/5.0 (compatible; SERankingBacklinksBot/1.0; +https://seranking.com/backlinks-crawler)"
66.249.66.70 - - [20/May/2026:01:47:45 +0000] "GET /blog/ HTTP/1.1" 200 53043 "-" "Mozilla/5.0 AppleWebKit/537.36 (KHTML, like Gecko; compatible; GoogleOther) Chrome/148.0.7778.96 Safari/537.36"
66.249.66.70 - - [20/May/2026:01:47:48 +0000] "GET /wp-content/plugins/jetpack/_inc/blocks/subscriptions/view.css?minify=false&ver=15.8 HTTP/1.1" 200 1072 "https://www.wrinkledskinrepair.com/blog/" "Mozilla/5.0 AppleWebKit/537.36 (KHTML, like Gecko; compatible; GoogleOther) Chrome/148.0.7778.96 Safari/537.36"
144.76.32.187 - - [20/May/2026:01:47:48 +0000] "GET /2018/11/13/everything-you-should-know-about-proper-skin-care-2/?share=facebook HTTP/1.1" 302 - "-" "Mozilla/5.0 (compatible; SERankingBacklinksBot/1.0; +https://seranking.com/backlinks-crawler)"
144.76.32.187 - - [20/May/2026:01:47:53 +0000] "GET /2019/02/09/how-to-keep-your-skin-looking-younger-and-healthier/?share=facebook HTTP/1.1" 302 - "-" "Mozilla/5.0 (compatible; SERankingBacklinksBot/1.0; +https://seranking.com/backlinks-crawler)"
144.76.32.187 - - [20/May/2026:01:47:57 +0000] "GET /2019/02/13/advice-for-skin-care-that-will-help-keep-you-looking-great/?share=x HTTP/1.1" 302 - "-" "Mozilla/5.0 (compatible; SERankingBacklinksBot/1.0; +https://seranking.com/backlinks-crawler)"
144.76.32.187 - - [20/May/2026:01:48:02 +0000] "GET /2019/03/19/skin-care-advice-for-achieving-radiant-healthy-skin/?share=facebook HTTP/1.1" 302 - "-" "Mozilla/5.0 (compatible; SERankingBacklinksBot/1.0; +https://seranking.com/backlinks-crawler)"
184.94.212.206 - - [20/May/2026:01:48:09 +0000] "POST /wp-cron.php?doing_wp_cron=1779241689.1139540672302246093750 HTTP/1.1" 200 - "-" "WordPress/6.9.4; https://www.wrinkledskinrepair.com"
144.76.32.187 - - [20/May/2026:01:48:07 +0000] "GET /2020/04/30/wonderful-and-wise-ways-to-keep-your-skin-shining-2/?share=facebook HTTP/1.1" 302 - "-" "Mozilla/5.0 (compatible; SERankingBacklinksBot/1.0; +https://seranking.com/backlinks-crawler)"
144.76.32.187 - - [20/May/2026:01:48:12 +0000] "GET /2020/05/02/care-for-your-skin-care-problems-using-these-tips-2/?share=facebook HTTP/1.1" 302 - "-" "Mozilla/5.0 (compatible; SERankingBacklinksBot/1.0; +https://seranking.com/backlinks-crawler)"
184.94.212.206 - - [20/May/2026:01:48:19 +0000] "POST /wp-cron.php?doing_wp_cron=1779241698.9913249015808105468750 HTTP/1.1" 200 - "-" "WordPress/6.9.4; https://www.wrinkledskinrepair.com"
144.76.32.187 - - [20/May/2026:01:48:17 +0000] "GET /2020/05/19/keep-your-skin-healthy-and-fresh-with-these-skin-care-tips/?share=x HTTP/1.1" 302 - "-" "Mozilla/5.0 (compatible; SERankingBacklinksBot/1.0; +https://seranking.com/backlinks-crawler)"
144.76.32.187 - - [20/May/2026:01:48:22 +0000] "GET /2020/06/14/ideas-for-reducing-and-getting-rid-of-skin-care-problems-2/?share=x HTTP/1.1" 302 - "-" "Mozilla/5.0 (compatible; SERankingBacklinksBot/1.0; +https://seranking.com/backlinks-crawler)"
144.76.32.187 - - [20/May/2026:01:48:27 +0000] "GET /2018/05/19/here-are-some-secrets-to-help-if-you-are-feeling-old/?share=facebook HTTP/1.1" 302 - "-" "Mozilla/5.0 (compatible; SERankingBacklinksBot/1.0; +https://seranking.com/backlinks-crawler)"
144.76.32.187 - - [20/May/2026:01:48:32 +0000] "GET /2018/06/04/follow-this-advice-to-achieve-the-best-skin-possible/?share=facebook HTTP/1.1" 302 - "-" "Mozilla/5.0 (compatible; SERankingBacklinksBot/1.0; +https://seranking.com/backlinks-crawler)"
144.76.32.187 - - [20/May/2026:01:48:37 +0000] "GET /2018/08/22/tips-to-help-you-uncover-your-healthy-beautiful-skin/?share=facebook HTTP/1.1" 302 - "-" "Mozilla/5.0 (compatible; SERankingBacklinksBot/1.0; +https://seranking.com/backlinks-crawler)"
172.213.21.27 - - [20/May/2026:01:48:40 +0000] "GET / HTTP/1.1" 301 - "-" "Mozilla/5.0 AppleWebKit/537.36 (KHTML, like Gecko); compatible; ChatGPT-User/1.0; +https://openai.com/bot"
144.76.32.187 - - [20/May/2026:01:48:41 +0000] "GET /2018/10/06/hot-skin-care-tips-to-help-you-look-better-than-ever/?share=facebook HTTP/1.1" 302 - "-" "Mozilla/5.0 (compatible; SERankingBacklinksBot/1.0; +https://seranking.com/backlinks-crawler)"
144.76.32.187 - - [20/May/2026:01:48:46 +0000] "GET /2018/11/21/empowering-tips-to-get-you-in-control-of-your-skin-2/?share=facebook HTTP/1.1" 302 - "-" "Mozilla/5.0 (compatible; SERankingBacklinksBot/1.0; +https://seranking.com/backlinks-crawler)"
144.76.32.187 - - [20/May/2026:01:48:51 +0000] "GET /2019/03/20/begin-managing-your-skincare-issues-with-these-ideas/?share=facebook HTTP/1.1" 302 - "-" "Mozilla/5.0 (compatible; SERankingBacklinksBot/1.0; +https://seranking.com/backlinks-crawler)"
144.76.32.187 - - [20/May/2026:01:48:56 +0000] "GET /2019/05/19/skin-care-secrets-that-you-probably-didnt-know-about/?share=facebook HTTP/1.1" 302 - "-" "Mozilla/5.0 (compatible; SERankingBacklinksBot/1.0; +https://seranking.com/backlinks-crawler)"
144.76.32.187 - - [20/May/2026:01:49:01 +0000] "GET /2020/03/27/get-a-glowing-complexion-from-some-great-skin-care-advice-2/?share=x HTTP/1.1" 302 - "-" "Mozilla/5.0 (compatible; SERankingBacklinksBot/1.0; +https://seranking.com/backlinks-crawler)"
144.76.32.187 - - [20/May/2026:01:49:05 +0000] "GET /2020/03/29/easy-skin-care-tips-to-achieve-the-great-skin-you-yearn-for/?share=x HTTP/1.1" 302 - "-" "Mozilla/5.0 (compatible; SERankingBacklinksBot/1.0; +https://seranking.com/backlinks-crawler)"
144.76.32.187 - - [20/May/2026:01:49:10 +0000] "GET /2020/05/01/create-a-skincare-regimen-that-works-with-these-tips/?share=facebook HTTP/1.1" 302 - "-" "Mozilla/5.0 (compatible; SERankingBacklinksBot/1.0; +https://seranking.com/backlinks-crawler)"
144.76.32.187 - - [20/May/2026:01:49:15 +0000] "GET /2019/03/23/revitalize-your-look-advice-for-reducing-skincare-problems-2/?share=x HTTP/1.1" 302 - "-" "Mozilla/5.0 (compatible; SERankingBacklinksBot/1.0; +https://seranking.com/backlinks-crawler)"
184.94.212.206 - - [20/May/2026:01:49:21 +0000] "POST /wp-cron.php?doing_wp_cron=1779241761.4367930889129638671875 HTTP/1.1" 200 - "-" "WordPress/6.9.4; https://www.wrinkledskinrepair.com"
144.76.32.187 - - [20/May/2026:01:49:20 +0000] "GET /2019/03/31/an-excellent-guide-to-keeping-your-skin-in-tip-top-condition/?share=x HTTP/1.1" 302 - "-" "Mozilla/5.0 (compatible; SERankingBacklinksBot/1.0; +https://seranking.com/backlinks-crawler)"
192.0.102.146 - - [20/May/2026:01:49:35 +0000] "HEAD / HTTP/1.1" 200 - "-" "jetmon/1.0 (Jetpack Site Uptime Monitor by WordPress.com)"
47.128.41.86 - - [20/May/2026:01:50:01 +0000] "GET /tag/dry-skin/ HTTP/1.1" 200 49721 "-" "Mozilla/5.0 (compatible; Bytespider; spider-feedback@bytedance.com) AppleWebKit/537.36 (KHTML, like Gecko) Chrome/70.0.0.0 Safari/537.36"
47.128.41.86 - - [20/May/2026:01:50:03 +0000] "GET /wp-content/plugins/complianz-gdpr/assets/css/cookieblocker.min.css?ver=1741710170 HTTP/1.1" 200 723 "https://www.wrinkledskinrepair.com/tag/dry-skin/" "Mozilla/5.0 (compatible; Bytespider; spider-feedback@bytedance.com) AppleWebKit/537.36 (KHTML, like Gecko) Chrome/70.0.0.0 Safari/537.36"
