17.246.23.94 - - [20/May/2026:03:48:18 +0000] "GET /wp-content/plugins/jetpack/_inc/blocks/subscriptions/view.js?minify=false&ver=15.8 HTTP/1.1" 200 2286 "https://www.wrinkledskinrepair.com/2019/04/18/easy-ways-to-love-your-skin/" "Mozilla/5.0 (Macintosh; Intel Mac OS X 10_15_7) AppleWebKit/605.1.15 (KHTML, like Gecko) Version/17.4 Safari/605.1.15 (Applebot/0.1; +http://www.apple.com/go/applebot)"
17.246.23.94 - - [20/May/2026:03:48:20 +0000] "GET /wp-content/plugins/jetpack/jetpack_vendor/automattic/jetpack-classic-theme-helper/dist/responsive-videos/responsive-videos.js?minify=false&ver=1a16f71f21c6d197f51b HTTP/1.1" 200 645 "https://www.wrinkledskinrepair.com/2019/04/18/easy-ways-to-love-your-skin/" "Mozilla/5.0 (Macintosh; Intel Mac OS X 10_15_7) AppleWebKit/605.1.15 (KHTML, like Gecko) Version/17.4 Safari/605.1.15 (Applebot/0.1; +http://www.apple.com/go/applebot)"
184.94.212.206 - - [20/May/2026:03:48:23 +0000] "POST /wp-cron.php?doing_wp_cron=1779248903.7499461174011230468750 HTTP/1.1" 200 - "-" "WordPress/6.9.4; https://www.wrinkledskinrepair.com"
17.246.23.94 - - [20/May/2026:03:48:21 +0000] "GET /2019/04/18/easy-ways-to-love-your-skin/?relatedposts=1 HTTP/1.1" 200 1061 "https://www.wrinkledskinrepair.com/2019/04/18/easy-ways-to-love-your-skin/" "Mozilla/5.0 (Macintosh; Intel Mac OS X 10_15_7) AppleWebKit/605.1.15 (KHTML, like Gecko) Version/17.4 Safari/605.1.15 (Applebot/0.1; +http://www.apple.com/go/applebot)"
17.246.23.94 - - [20/May/2026:03:48:24 +0000] "GET /wp-includes/js/wp-emoji-release.min.js?ver=6.9.4 HTTP/1.1" 200 5375 "https://www.wrinkledskinrepair.com/2019/04/18/easy-ways-to-love-your-skin/" "Mozilla/5.0 (Macintosh; Intel Mac OS X 10_15_7) AppleWebKit/605.1.15 (KHTML, like Gecko) Version/17.4 Safari/605.1.15 (Applebot/0.1; +http://www.apple.com/go/applebot)"
17.246.23.215 - - [20/May/2026:03:48:23 +0000] "POST /wp-admin/admin-ajax.php HTTP/1.1" 200 62 "https://www.wrinkledskinrepair.com/2019/04/18/easy-ways-to-love-your-skin/" "Mozilla/5.0 (Macintosh; Intel Mac OS X 10_15_7) AppleWebKit/605.1.15 (KHTML, like Gecko) Version/17.4 Safari/605.1.15 (Applebot/0.1; +http://www.apple.com/go/applebot)"
184.94.212.206 - - [20/May/2026:03:49:37 +0000] "POST /wp-cron.php?doing_wp_cron=1779248977.0864799022674560546875 HTTP/1.1" 200 - "-" "WordPress/6.9.4; https://www.wrinkledskinrepair.com"
192.0.102.146 - - [20/May/2026:03:49:35 +0000] "HEAD / HTTP/1.1" 200 - "-" "jetmon/1.0 (Jetpack Site Uptime Monitor by WordPress.com)"
184.94.212.206 - - [20/May/2026:03:50:33 +0000] "POST /wp-cron.php?doing_wp_cron=1779249033.9435880184173583984375 HTTP/1.1" 200 - "-" "WordPress/6.9.4; https://www.wrinkledskinrepair.com"
145.223.130.17 - - [20/May/2026:03:50:32 +0000] "GET /2020/06/28/how-to-take-care-of-your-skin/?share=x HTTP/1.1" 302 - "-" "Mozilla/5.0 (Macintosh; Intel Mac OS X 10_15_7) AppleWebKit/537.36 (KHTML, like Gecko) Chrome/131.0.0.0 Safari/537.36"
114.119.145.116 - - [20/May/2026:03:51:11 +0000] "GET /2019/06/06/simple-skin-care-tips-for-everyone-to-use/?share=facebook HTTP/1.1" 302 - "https://www.wrinkledskinrepair.com/2019/06/06/simple-skin-care-tips-for-everyone-to-use/" "Mozilla/5.0 (Linux; Android 7.0;) AppleWebKit/537.36 (HTML, like Gecko) Mobile Safari/537.36 (compatible; PetalBot;+https://webmaster.petalsearch.com/site/petalbot)"
184.94.212.206 - - [20/May/2026:03:51:26 +0000] "POST /wp-cron.php?doing_wp_cron=1779249086.6406009197235107421875 HTTP/1.1" 200 - "-" "WordPress/6.9.4; https://www.wrinkledskinrepair.com"
57.141.2.15 - - [20/May/2026:03:51:25 +0000] "GET /2019/04/02/work-with-your-biology-for-personalized-skin-care/ HTTP/1.1" 200 186488 "-" "meta-externalagent/1.1 (+https://developers.facebook.com/docs/sharing/webmasters/crawler)"
184.94.212.206 - - [20/May/2026:03:53:19 +0000] "POST /wp-cron.php?doing_wp_cron=1779249199.6683609485626220703125 HTTP/1.1" 200 - "-" "WordPress/6.9.4; https://www.wrinkledskinrepair.com"
216.73.216.202 - - [20/May/2026:03:53:17 +0000] "GET /tag/harsh-scrubbing/ HTTP/1.1" 200 45882 "-" "Mozilla/5.0 AppleWebKit/537.36 (KHTML, like Gecko; compatible; ClaudeBot/1.0; +claudebot@anthropic.com)"
184.94.212.206 - - [20/May/2026:03:54:22 +0000] "POST /wp-cron.php?doing_wp_cron=1779249262.9319930076599121093750 HTTP/1.1" 200 - "-" "WordPress/6.9.4; https://www.wrinkledskinrepair.com"
216.73.216.202 - - [20/May/2026:03:54:21 +0000] "GET /2018/12/26/skin-care-tips-that-will-make-you-beautiful/ HTTP/1.1" 200 53136 "-" "Mozilla/5.0 AppleWebKit/537.36 (KHTML, like Gecko; compatible; ClaudeBot/1.0; +claudebot@anthropic.com)"
192.0.102.146 - - [20/May/2026:03:54:34 +0000] "HEAD / HTTP/1.1" 200 - "-" "jetmon/1.0 (Jetpack Site Uptime Monitor by WordPress.com)"
184.94.212.206 - - [20/May/2026:03:55:00 +0000] "POST /wp-cron.php?doing_wp_cron=1779249300.5606939792633056640625 HTTP/1.1" 200 - "-" "WordPress/6.9.4; https://www.wrinkledskinrepair.com"
43.156.117.41 - - [20/May/2026:03:54:59 +0000] "GET /2025/10/27/best-retinol-creams-under-50/best-retinol-creams-under-50/ HTTP/1.1" 301 50020 "-" "Mozilla/5.0 (iPhone; CPU iPhone OS 13_2_3 like Mac OS X) AppleWebKit/605.1.15 (KHTML, like Gecko) Version/13.0.3 Mobile/15E148 Safari/604.1"
43.156.117.41 - - [20/May/2026:03:55:04 +0000] "GET /wp-content/uploads/2025/10/best-retinol-creams-under-50.webp HTTP/1.1" 200 225859 "https://www.wrinkledskinrepair.com/2025/10/27/best-retinol-creams-under-50/best-retinol-creams-under-50/" "Mozilla/5.0 (iPhone; CPU iPhone OS 13_2_3 like Mac OS X) AppleWebKit/605.1.15 (KHTML, like Gecko) Version/13.0.3 Mobile/15E148 Safari/604.1"
184.94.212.206 - - [20/May/2026:03:55:07 +0000] "POST /wp-cron.php?doing_wp_cron=1779249307.5034160614013671875000 HTTP/1.1" 200 - "-" "WordPress/6.9.4; https://www.wrinkledskinrepair.com"
216.73.216.202 - - [20/May/2026:03:55:06 +0000] "GET /tag/oily-skin/page/6/ HTTP/1.1" 200 48525 "-" "Mozilla/5.0 AppleWebKit/537.36 (KHTML, like Gecko; compatible; ClaudeBot/1.0; +claudebot@anthropic.com)"
184.94.212.206 - - [20/May/2026:03:57:38 +0000] "POST /wp-cron.php?doing_wp_cron=1779249458.1765129566192626953125 HTTP/1.1" 200 - "-" "WordPress/6.9.4; https://www.wrinkledskinrepair.com"
146.174.162.32 - - [20/May/2026:03:57:36 +0000] "GET /2018/10/07/the-best-skin-care-tips-you-can-find/?share=x HTTP/1.1" 302 - "-" "Mozilla/5.0 (Macintosh; Intel Mac OS X 14.3; rv:126.0) Gecko/20100101 Firefox/126.0"
106.54.62.156 - - [20/May/2026:03:57:53 +0000] "GET / HTTP/1.1" 301 - "http://wrinkledskinrepair.com" "Mozilla/5.0 (iPhone; CPU iPhone OS 13_2_3 like Mac OS X) AppleWebKit/605.1.15 (KHTML, like Gecko) Version/13.0.3 Mobile/15E148 Safari/604.1"
216.73.216.202 - - [20/May/2026:03:58:01 +0000] "GET /?p=841 HTTP/1.1" 301 - "-" "Mozilla/5.0 AppleWebKit/537.36 (KHTML, like Gecko; compatible; ClaudeBot/1.0; +claudebot@anthropic.com)"
216.73.216.202 - - [20/May/2026:03:58:01 +0000] "GET /tag/antibacterial-soaps/ HTTP/1.1" 200 45955 "-" "Mozilla/5.0 AppleWebKit/537.36 (KHTML, like Gecko; compatible; ClaudeBot/1.0; +claudebot@anthropic.com)"
216.73.216.202 - - [20/May/2026:03:58:03 +0000] "GET /2019/02/26/handy-ideas-to-try-for-easy-skin-care/ HTTP/1.1" 200 53369 "https://www.wrinkledskinrepair.com/?p=841" "Mozilla/5.0 AppleWebKit/537.36 (KHTML, like Gecko; compatible; ClaudeBot/1.0; +claudebot@anthropic.com)"
184.94.212.206 - - [20/May/2026:03:58:29 +0000] "POST /wp-cron.php?doing_wp_cron=1779249509.8548159599304199218750 HTTP/1.1" 200 - "-" "WordPress/6.9.4; https://www.wrinkledskinrepair.com"
216.73.216.202 - - [20/May/2026:03:58:28 +0000] "GET /?p=1008 HTTP/1.1" 301 - "-" "Mozilla/5.0 AppleWebKit/537.36 (KHTML, like Gecko; compatible; ClaudeBot/1.0; +claudebot@anthropic.com)"
216.73.216.202 - - [20/May/2026:03:58:29 +0000] "GET /?p=838 HTTP/1.1" 301 - "-" "Mozilla/5.0 AppleWebKit/537.36 (KHTML, like Gecko; compatible; ClaudeBot/1.0; +claudebot@anthropic.com)"
216.73.216.202 - - [20/May/2026:03:58:30 +0000] "GET /2019/05/10/keep-your-skin-fresh-clean-and-clear-with-this-helpful-advice-2/ HTTP/1.1" 200 53346 "https://www.wrinkledskinrepair.com/?p=1008" "Mozilla/5.0 AppleWebKit/537.36 (KHTML, like Gecko; compatible; ClaudeBot/1.0; +claudebot@anthropic.com)"
216.73.216.202 - - [20/May/2026:03:58:30 +0000] "GET /2019/02/25/wonderful-and-wise-ways-to-keep-your-skin-shining/ HTTP/1.1" 200 53390 "https://www.wrinkledskinrepair.com/?p=838" "Mozilla/5.0 AppleWebKit/537.36 (KHTML, like Gecko; compatible; ClaudeBot/1.0; +claudebot@anthropic.com)"
216.73.216.202 - - [20/May/2026:03:58:49 +0000] "GET /tag/eye-puffiness/feed/ HTTP/1.1" 200 3792 "-" "Mozilla/5.0 AppleWebKit/537.36 (KHTML, like Gecko; compatible; ClaudeBot/1.0; +claudebot@anthropic.com)"
216.73.216.202 - - [20/May/2026:03:58:49 +0000] "GET /blog/page/6/ HTTP/1.1" 200 51405 "-" "Mozilla/5.0 AppleWebKit/537.36 (KHTML, like Gecko; compatible; ClaudeBot/1.0; +claudebot@anthropic.com)"
216.73.216.202 - - [20/May/2026:03:58:53 +0000] "GET /tag/to-protect/feed/ HTTP/1.1" 200 5860 "-" "Mozilla/5.0 AppleWebKit/537.36 (KHTML, like Gecko; compatible; ClaudeBot/1.0; +claudebot@anthropic.com)"
216.73.216.202 - - [20/May/2026:03:58:53 +0000] "GET /blog/page/20/ HTTP/1.1" 200 50084 "-" "Mozilla/5.0 AppleWebKit/537.36 (KHTML, like Gecko; compatible; ClaudeBot/1.0; +claudebot@anthropic.com)"
77.75.78.162 - - [20/May/2026:03:58:55 +0000] "GET /tag/clogged-pores/ HTTP/1.1" 200 47743 "-" "Mozilla/5.0 (compatible; SeznamBot/4.0; +https://o-seznam.cz/napoveda/vyhledavani/en/seznambot-crawler/)"
184.94.212.206 - - [20/May/2026:03:59:19 +0000] "POST /wp-cron.php?doing_wp_cron=1779249559.1867189407348632812500 HTTP/1.1" 200 - "-" "WordPress/6.9.4; https://www.wrinkledskinrepair.com"
216.73.216.202 - - [20/May/2026:03:59:18 +0000] "GET /tag/contain-fragrances/ HTTP/1.1" 200 45928 "-" "Mozilla/5.0 AppleWebKit/537.36 (KHTML, like Gecko; compatible; ClaudeBot/1.0; +claudebot@anthropic.com)"
216.73.216.202 - - [20/May/2026:03:59:18 +0000] "GET /tag/shower-scrubs/feed/ HTTP/1.1" 200 3861 "-" "Mozilla/5.0 AppleWebKit/537.36 (KHTML, like Gecko; compatible; ClaudeBot/1.0; +claudebot@anthropic.com)"
192.0.102.146 - - [20/May/2026:03:59:38 +0000] "HEAD / HTTP/1.1" 200 - "-" "jetmon/1.0 (Jetpack Site Uptime Monitor by WordPress.com)"
216.73.216.202 - - [20/May/2026:03:59:53 +0000] "GET /2018/05/31/get-radiant-skin-using-these-smart-tips/ HTTP/1.1" 200 60109 "-" "Mozilla/5.0 AppleWebKit/537.36 (KHTML, like Gecko; compatible; ClaudeBot/1.0; +claudebot@anthropic.com)"
216.73.216.202 - - [20/May/2026:03:59:55 +0000] "GET /tag/skin-glow/feed/ HTTP/1.1" 200 7470 "-" "Mozilla/5.0 AppleWebKit/537.36 (KHTML, like Gecko; compatible; ClaudeBot/1.0; +claudebot@anthropic.com)"
216.73.216.202 - - [20/May/2026:03:59:59 +0000] "GET /2019/03/29/skin-advice-to-keep-your-complexion-clear/ HTTP/1.1" 200 53177 "-" "Mozilla/5.0 AppleWebKit/537.36 (KHTML, like Gecko; compatible; ClaudeBot/1.0; +claudebot@anthropic.com)"
216.73.216.202 - - [20/May/2026:03:59:59 +0000] "GET /2020/05/02/care-for-your-skin-care-problems-using-these-tips-2/ HTTP/1.1" 200 54340 "-" "Mozilla/5.0 AppleWebKit/537.36 (KHTML, like Gecko; compatible; ClaudeBot/1.0; +claudebot@anthropic.com)"
184.94.212.206 - - [20/May/2026:04:00:08 +0000] "POST /wp-cron.php?doing_wp_cron=1779249608.0617098808288574218750 HTTP/1.1" 200 - "-" "WordPress/6.9.4; https://www.wrinkledskinrepair.com"
216.73.216.202 - - [20/May/2026:04:00:06 +0000] "GET /2019/05/02/easy-skin-care-tips-anyone-can-benefit-from/ HTTP/1.1" 200 53173 "-" "Mozilla/5.0 AppleWebKit/537.36 (KHTML, like Gecko; compatible; ClaudeBot/1.0; +claudebot@anthropic.com)"
216.73.216.202 - - [20/May/2026:04:00:07 +0000] "GET /2018/11/02/maintain-your-great-skin-with-these-tips/ HTTP/1.1" 200 53520 "-" "Mozilla/5.0 AppleWebKit/537.36 (KHTML, like Gecko; compatible; ClaudeBot/1.0; +claudebot@anthropic.com)"
184.94.212.206 - - [20/May/2026:04:00:31 +0000] "POST /wp-cron.php?doing_wp_cron=1779249631.0985300540924072265625 HTTP/1.1" 200 - "-" "WordPress/6.9.4; https://www.wrinkledskinrepair.com"
216.73.216.202 - - [20/May/2026:04:00:29 +0000] "GET /2018/06/21/everything-you-should-know-about-proper-skin-care/?noamp=mobile HTTP/1.1" 200 53817 "-" "Mozilla/5.0 AppleWebKit/537.36 (KHTML, like Gecko; compatible; ClaudeBot/1.0; +claudebot@anthropic.com)"
192.0.113.52 - - [20/May/2026:04:00:33 +0000] "GET /wp-content/uploads/2019/03/ea37b1092af4003ed1584d05fb1d4390e277e2c818b4144091f2c079a5e8_640.jpg HTTP/1.1" 301 - "-" "Photon/1.0"
192.0.113.52 - - [20/May/2026:04:00:34 +0000] "GET /wp-content/uploads/2019/03/ea37b1092af4003ed1584d05fb1d4390e277e2c818b4144091f2c079a5e8_640.jpg HTTP/1.1" 404 131909 "-" "Photon/1.0"
184.94.212.206 - - [20/May/2026:04:00:35 +0000] "POST /wp-cron.php?doing_wp_cron=1779249635.5389211177825927734375 HTTP/1.1" 200 - "-" "WordPress/6.9.4; https://www.wrinkledskinrepair.com"
216.73.216.202 - - [20/May/2026:04:00:30 +0000] "GET /2019/03/01/skin-care-tips-and-tricks-that-really-work/?amp=1 HTTP/1.1" 200 21414 "-" "Mozilla/5.0 AppleWebKit/537.36 (KHTML, like Gecko; compatible; ClaudeBot/1.0; +claudebot@anthropic.com)"
216.73.216.202 - - [20/May/2026:04:00:47 +0000] "GET /2019/02/27/skin-care-suggestions-that-clearly-pay-off-2/ HTTP/1.1" 200 53027 "-" "Mozilla/5.0 AppleWebKit/537.36 (KHTML, like Gecko; compatible; ClaudeBot/1.0; +claudebot@anthropic.com)"
216.73.216.202 - - [20/May/2026:04:00:51 +0000] "GET /2018/12/23/use-this-advice-to-stop-wasting-time-on-skin-care-that-doesnt-work/ HTTP/1.1" 200 53330 "-" "Mozilla/5.0 AppleWebKit/537.36 (KHTML, like Gecko; compatible; ClaudeBot/1.0; +claudebot@anthropic.com)"
114.119.145.116 - - [20/May/2026:04:00:54 +0000] "GET /2019/06/06/simple-skin-care-tips-for-everyone-to-use/ HTTP/1.1" 200 53625 "https://www.wrinkledskinrepair.com/category/wrinkle-treatment/page/5/" "Mozilla/5.0 (Linux; Android 7.0;) AppleWebKit/537.36 (HTML, like Gecko) Mobile Safari/537.36 (compatible; PetalBot;+https://webmaster.petalsearch.com/site/petalbot)"
216.73.216.202 - - [20/May/2026:04:01:14 +0000] "GET /robots.txt HTTP/1.1" 200 127 "-" "Mozilla/5.0 AppleWebKit/537.36 (KHTML, like Gecko; compatible; ClaudeBot/1.0; +claudebot@anthropic.com)"
216.73.216.202 - - [20/May/2026:04:01:15 +0000] "GET /2018/11/09/care-for-your-skin-with-these-steps-3/?noamp=mobile HTTP/1.1" 200 53232 "-" "Mozilla/5.0 AppleWebKit/537.36 (KHTML, like Gecko; compatible; ClaudeBot/1.0; +claudebot@anthropic.com)"
216.73.216.202 - - [20/May/2026:04:01:24 +0000] "GET /2020/04/13/get-healthier-skin-with-these-tips-and-tricks/?noamp=mobile HTTP/1.1" 200 54335 "-" "Mozilla/5.0 AppleWebKit/537.36 (KHTML, like Gecko; compatible; ClaudeBot/1.0; +claudebot@anthropic.com)"
184.94.212.206 - - [20/May/2026:04:01:38 +0000] "POST /wp-cron.php?doing_wp_cron=1779249698.0706439018249511718750 HTTP/1.1" 200 - "-" "WordPress/6.9.4; https://www.wrinkledskinrepair.com"
216.73.216.202 - - [20/May/2026:04:01:36 +0000] "GET /2018/08/14/no-need-to-pay-to-see-an-expensive-dermatoligst-use-this-great-advice/?noamp=mobile HTTP/1.1" 200 53752 "-" "Mozilla/5.0 AppleWebKit/537.36 (KHTML, like Gecko; compatible; ClaudeBot/1.0; +claudebot@anthropic.com)"
216.73.216.202 - - [20/May/2026:04:01:53 +0000] "GET /2020/04/09/great-ideas-to-help-you-achieve-flawless-looking-skin/?noamp=mobile HTTP/1.1" 200 53721 "-" "Mozilla/5.0 AppleWebKit/537.36 (KHTML, like Gecko; compatible; ClaudeBot/1.0; +claudebot@anthropic.com)"
20.215.220.119 - - [20/May/2026:04:01:55 +0000] "GET / HTTP/1.1" 301 - "-" "Mozilla/5.0 AppleWebKit/537.36 (KHTML, like Gecko); compatible; ChatGPT-User/1.0; +https://openai.com/bot"
114.119.141.83 - - [20/May/2026:04:02:09 +0000] "GET /robots.txt HTTP/1.1" 301 - "-" "Mozilla/5.0 (compatible;PetalBot;+https://webmaster.petalsearch.com/site/petalbot)"
184.94.212.206 - - [20/May/2026:04:02:14 +0000] "POST /wp-cron.php?doing_wp_cron=1779249734.1439349651336669921875 HTTP/1.1" 200 - "-" "WordPress/6.9.4; https://www.wrinkledskinrepair.com"
114.119.141.83 - - [20/May/2026:04:02:12 +0000] "GET /robots.txt HTTP/1.1" 200 127 "-" "Mozilla/5.0 (compatible;PetalBot;+https://webmaster.petalsearch.com/site/petalbot)"
45.55.33.147 - - [20/May/2026:04:02:14 +0000] "GET /wp-login.php HTTP/1.1" 200 4400 "-" "Mozilla/5.0 (Macintosh; Intel Mac OS X 10_15_7) AppleWebKit/537.36 (KHTML, like Gecko) Chrome/133.0.0.0 Safari/537.36 Edg/133.0.0.0"
45.55.33.147 - - [20/May/2026:04:02:17 +0000] "POST /wp-login.php HTTP/1.1" 200 4400 "https://www.wrinkledskinrepair.com/wp-login.php" "Mozilla/5.0 (Macintosh; Intel Mac OS X 10_15_7) AppleWebKit/537.36 (KHTML, like Gecko) Chrome/133.0.0.0 Safari/537.36 Edg/133.0.0.0"
192.0.116.50 - - [20/May/2026:04:02:18 +0000] "GET /wp-content/uploads/2019/02/e831b70e2bfd043ed1584d05fb1d4390e277e2c818b4144097f1c77daeed_640.jpg HTTP/1.1" 301 - "-" "Photon/1.0"
192.0.116.50 - - [20/May/2026:04:02:19 +0000] "GET /wp-content/uploads/2019/02/e831b70e2bfd043ed1584d05fb1d4390e277e2c818b4144097f1c77daeed_640.jpg HTTP/1.1" 404 131909 "-" "Photon/1.0"
184.94.212.206 - - [20/May/2026:04:02:20 +0000] "POST /wp-cron.php?doing_wp_cron=1779249740.8112599849700927734375 HTTP/1.1" 200 - "-" "WordPress/6.9.4; https://www.wrinkledskinrepair.com"
216.73.216.202 - - [20/May/2026:04:02:15 +0000] "GET /2019/02/26/handy-ideas-to-try-for-easy-skin-care/?amp=1 HTTP/1.1" 200 21109 "-" "Mozilla/5.0 AppleWebKit/537.36 (KHTML, like Gecko; compatible; ClaudeBot/1.0; +claudebot@anthropic.com)"
192.0.113.177 - - [20/May/2026:04:02:24 +0000] "GET /wp-content/uploads/2019/02/eb36b4072bf7033ed1584d05fb1d4390e277e2c818b4144094f2c678a1ef_640.jpg HTTP/1.1" 301 - "-" "Photon/1.0"
192.0.113.177 - - [20/May/2026:04:02:25 +0000] "GET /wp-content/uploads/2019/02/eb36b4072bf7033ed1584d05fb1d4390e277e2c818b4144094f2c678a1ef_640.jpg HTTP/1.1" 404 131909 "-" "Photon/1.0"
216.73.216.202 - - [20/May/2026:04:02:21 +0000] "GET /2019/02/25/wonderful-and-wise-ways-to-keep-your-skin-shining/?amp=1 HTTP/1.1" 200 21134 "-" "Mozilla/5.0 AppleWebKit/537.36 (KHTML, like Gecko; compatible; ClaudeBot/1.0; +claudebot@anthropic.com)"
43.134.121.208 - - [20/May/2026:04:03:48 +0000] "GET /wp-content/uploads/2025/10/best-retinol-creams-under-50.webp HTTP/1.1" 200 121450 "-" "Mozilla/5.0 (iPhone; CPU iPhone OS 13_2_3 like Mac OS X) AppleWebKit/605.1.15 (KHTML, like Gecko) Version/13.0.3 Mobile/15E148 Safari/604.1"
184.94.212.206 - - [20/May/2026:04:04:37 +0000] "POST /wp-cron.php?doing_wp_cron=1779249877.1848330497741699218750 HTTP/1.1" 200 - "-" "WordPress/6.9.4; https://www.wrinkledskinrepair.com"
192.0.102.146 - - [20/May/2026:04:04:35 +0000] "HEAD / HTTP/1.1" 200 - "-" "jetmon/1.0 (Jetpack Site Uptime Monitor by WordPress.com)"
184.94.212.206 - - [20/May/2026:04:06:14 +0000] "POST /wp-cron.php?doing_wp_cron=1779249974.2352130413055419921875 HTTP/1.1" 200 - "-" "WordPress/6.9.4; https://www.wrinkledskinrepair.com"
195.234.109.214 - - [20/May/2026:04:06:12 +0000] "GET /wp-content/uploads/2020/05/want_healthy_skin_its_easy_with_these_tips-1.jpg HTTP/1.1" 404 131769 "-" "Photon/1.0"
184.94.212.206 - - [20/May/2026:04:06:48 +0000] "POST /wp-cron.php?doing_wp_cron=1779250008.1067719459533691406250 HTTP/1.1" 200 - "-" "WordPress/6.9.4; https://www.wrinkledskinrepair.com"
195.234.109.176 - - [20/May/2026:04:06:46 +0000] "GET /wp-content/uploads/2020/03/beautiful-face-1.jpg HTTP/1.1" 404 131573 "-" "Photon/1.0"
216.73.216.202 - - [20/May/2026:04:07:06 +0000] "GET /2018/08/25/basic-tips-for-getting-beautifully-flawless-skin/?noamp=mobile HTTP/1.1" 200 53326 "-" "Mozilla/5.0 AppleWebKit/537.36 (KHTML, like Gecko; compatible; ClaudeBot/1.0; +claudebot@anthropic.com)"
184.94.212.206 - - [20/May/2026:04:08:43 +0000] "POST /wp-cron.php?doing_wp_cron=1779250123.0924270153045654296875 HTTP/1.1" 200 - "-" "WordPress/6.9.4; https://www.wrinkledskinrepair.com"
216.73.216.202 - - [20/May/2026:04:08:41 +0000] "GET /tag/skin-problem/feed/ HTTP/1.1" 200 3659 "-" "Mozilla/5.0 AppleWebKit/537.36 (KHTML, like Gecko; compatible; ClaudeBot/1.0; +claudebot@anthropic.com)"
184.94.212.206 - - [20/May/2026:04:09:38 +0000] "POST /wp-cron.php?doing_wp_cron=1779250178.6487340927124023437500 HTTP/1.1" 200 - "-" "WordPress/6.9.4; https://www.wrinkledskinrepair.com"
192.0.102.146 - - [20/May/2026:04:09:36 +0000] "HEAD / HTTP/1.1" 200 - "-" "jetmon/1.0 (Jetpack Site Uptime Monitor by WordPress.com)"
184.94.212.206 - - [20/May/2026:04:10:59 +0000] "POST /wp-cron.php?doing_wp_cron=1779250259.4589600563049316406250 HTTP/1.1" 200 - "-" "WordPress/6.9.4; https://www.wrinkledskinrepair.com"
114.119.157.239 - - [20/May/2026:04:10:57 +0000] "GET /2019/06/04/skin-care-tips-that-you-should-know-about?share=x HTTP/1.1" 302 - "https://wrinkledskinrepair.com/wrinkle-treatment/skin-care-tips-that-you-should-know-about/amp" "Mozilla/5.0 (Linux; Android 7.0;) AppleWebKit/537.36 (HTML, like Gecko) Mobile Safari/537.36 (compatible; PetalBot;+https://webmaster.petalsearch.com/site/petalbot)"
184.94.212.206 - - [20/May/2026:04:12:09 +0000] "POST /wp-cron.php?doing_wp_cron=1779250329.1440649032592773437500 HTTP/1.1" 200 - "-" "WordPress/6.9.4; https://www.wrinkledskinrepair.com"
57.141.2.56 - - [20/May/2026:04:12:07 +0000] "GET /tag/skin-cancer/ HTTP/1.1" 200 152750 "-" "meta-externalagent/1.1 (+https://developers.facebook.com/docs/sharing/webmasters/crawler)"
195.234.109.72 - - [20/May/2026:04:12:35 +0000] "GET /wp-content/uploads/2018/07/ea31b40c20f2033ed1584d05fb1d4390e277e2c818b4124193f1c97ca3ee_640.jpg HTTP/1.1" 301 - "-" "Photon/1.0"
195.234.109.72 - - [20/May/2026:04:12:37 +0000] "GET /wp-content/uploads/2018/07/ea31b40c20f2033ed1584d05fb1d4390e277e2c818b4124193f1c97ca3ee_640.jpg HTTP/1.1" 404 131909 "-" "Photon/1.0"
184.94.212.206 - - [20/May/2026:04:13:23 +0000] "POST /wp-cron.php?doing_wp_cron=1779250403.6480851173400878906250 HTTP/1.1" 200 - "-" "WordPress/6.9.4; https://www.wrinkledskinrepair.com"
43.157.156.190 - - [20/May/2026:04:13:21 +0000] "GET /anti-spam-policy/ HTTP/1.1" 200 48107 "-" "Mozilla/5.0 (iPhone; CPU iPhone OS 13_2_3 like Mac OS X) AppleWebKit/605.1.15 (KHTML, like Gecko) Version/13.0.3 Mobile/15E148 Safari/604.1"
184.94.212.206 - - [20/May/2026:04:14:40 +0000] "POST /wp-cron.php?doing_wp_cron=1779250480.7231490612030029296875 HTTP/1.1" 200 - "-" "WordPress/6.9.4; https://www.wrinkledskinrepair.com"
192.0.102.146 - - [20/May/2026:04:14:39 +0000] "HEAD / HTTP/1.1" 200 - "-" "jetmon/1.0 (Jetpack Site Uptime Monitor by WordPress.com)"
184.94.212.206 - - [20/May/2026:04:14:48 +0000] "POST /wp-cron.php?doing_wp_cron=1779250488.6931109428405761718750 HTTP/1.1" 200 - "-" "WordPress/6.9.4; https://www.wrinkledskinrepair.com"
85.208.96.209 - - [20/May/2026:04:14:47 +0000] "GET /robots.txt HTTP/1.1" 200 127 "-" "Mozilla/5.0 (compatible; SemrushBot/7~bl; +http://www.semrush.com/bot.html)"
185.191.171.3 - - [20/May/2026:04:14:49 +0000] "GET /tag/skin-care/ HTTP/1.1" 200 49726 "-" "Mozilla/5.0 (compatible; SemrushBot/7~bl; +http://www.semrush.com/bot.html)"
216.73.216.202 - - [20/May/2026:04:15:03 +0000] "GET /2019/04/17/get-glowing-with-these-skin-care-tips/ HTTP/1.1" 200 53620 "-" "Mozilla/5.0 AppleWebKit/537.36 (KHTML, like Gecko; compatible; ClaudeBot/1.0; +claudebot@anthropic.com)"
184.94.212.206 - - [20/May/2026:04:15:30 +0000] "POST /wp-cron.php?doing_wp_cron=1779250530.5778040885925292968750 HTTP/1.1" 200 - "-" "WordPress/6.9.4; https://www.wrinkledskinrepair.com"
195.234.109.124 - - [20/May/2026:04:15:29 +0000] "GET /wp-content/uploads/2020/05/easy_tips_to_care_for_your_skin-1.jpg HTTP/1.1" 404 131692 "-" "Photon/1.0"
192.0.113.52 - - [20/May/2026:04:15:51 +0000] "GET /wp-content/uploads/2020/04/proven_tips_for_getting_healthy_radiant_skin-1-1.jpg HTTP/1.1" 404 131797 "-" "Photon/1.0"
192.0.113.177 - - [20/May/2026:04:15:52 +0000] "GET /wp-content/uploads/2019/03/eb30b6072cf6093ed1584d05fb1d4390e277e2c818b414439cf5c47ba2ef_640.jpg HTTP/1.1" 301 - "-" "Photon/1.0"
192.0.113.177 - - [20/May/2026:04:15:53 +0000] "GET /wp-content/uploads/2019/03/eb30b6072cf6093ed1584d05fb1d4390e277e2c818b414439cf5c47ba2ef_640.jpg HTTP/1.1" 404 131909 "-" "Photon/1.0"
216.73.216.202 - - [20/May/2026:04:15:49 +0000] "GET /2019/03/19/skin-care-advice-for-achieving-radiant-healthy-skin/?amp=1 HTTP/1.1" 200 21271 "-" "Mozilla/5.0 AppleWebKit/537.36 (KHTML, like Gecko; compatible; ClaudeBot/1.0; +claudebot@anthropic.com)"
184.94.212.206 - - [20/May/2026:04:16:37 +0000] "POST /wp-cron.php?doing_wp_cron=1779250597.7330939769744873046875 HTTP/1.1" 200 - "-" "WordPress/6.9.4; https://www.wrinkledskinrepair.com"
216.73.216.202 - - [20/May/2026:04:16:35 +0000] "GET /2018/09/14/tips-to-care-for-your-skin-perfectly/?noamp=mobile HTTP/1.1" 200 53178 "-" "Mozilla/5.0 AppleWebKit/537.36 (KHTML, like Gecko; compatible; ClaudeBot/1.0; +claudebot@anthropic.com)"
216.73.216.202 - - [20/May/2026:04:16:52 +0000] "GET /tag/healthy-skin/page/7/ HTTP/1.1" 200 48864 "-" "Mozilla/5.0 AppleWebKit/537.36 (KHTML, like Gecko; compatible; ClaudeBot/1.0; +claudebot@anthropic.com)"
184.94.212.206 - - [20/May/2026:04:18:10 +0000] "POST /wp-cron.php?doing_wp_cron=1779250690.1479830741882324218750 HTTP/1.1" 200 - "-" "WordPress/6.9.4; https://www.wrinkledskinrepair.com"
216.73.216.202 - - [20/May/2026:04:18:08 +0000] "GET /?p=879 HTTP/1.1" 301 - "-" "Mozilla/5.0 AppleWebKit/537.36 (KHTML, like Gecko; compatible; ClaudeBot/1.0; +claudebot@anthropic.com)"
216.73.216.202 - - [20/May/2026:04:18:10 +0000] "GET /2019/03/19/skin-care-advice-for-achieving-radiant-healthy-skin/ HTTP/1.1" 200 53333 "https://www.wrinkledskinrepair.com/?p=879" "Mozilla/5.0 AppleWebKit/537.36 (KHTML, like Gecko; compatible; ClaudeBot/1.0; +claudebot@anthropic.com)"
184.94.212.206 - - [20/May/2026:04:19:41 +0000] "POST /wp-cron.php?doing_wp_cron=1779250781.6334969997406005859375 HTTP/1.1" 200 - "-" "WordPress/6.9.4; https://www.wrinkledskinrepair.com"
192.0.102.146 - - [20/May/2026:04:19:39 +0000] "HEAD / HTTP/1.1" 200 - "-" "jetmon/1.0 (Jetpack Site Uptime Monitor by WordPress.com)"
20.215.220.101 - - [20/May/2026:04:19:53 +0000] "GET / HTTP/1.1" 301 - "-" "Mozilla/5.0 AppleWebKit/537.36 (KHTML, like Gecko); compatible; ChatGPT-User/1.0; +https://openai.com/bot"
184.94.212.206 - - [20/May/2026:04:21:04 +0000] "POST /wp-cron.php?doing_wp_cron=1779250864.2975399494171142578125 HTTP/1.1" 200 - "-" "WordPress/6.9.4; https://www.wrinkledskinrepair.com"
114.119.142.140 - - [20/May/2026:04:21:02 +0000] "GET /2019/06/04/skin-care-tips-that-you-should-know-about?share=facebook HTTP/1.1" 302 - "https://wrinkledskinrepair.com/wrinkle-treatment/skin-care-tips-that-you-should-know-about/amp" "Mozilla/5.0 (Linux; Android 7.0;) AppleWebKit/537.36 (HTML, like Gecko) Mobile Safari/537.36 (compatible; PetalBot;+https://webmaster.petalsearch.com/site/petalbot)"
178.104.246.149 - - [20/May/2026:04:22:29 +0000] "GET /wp-login.php HTTP/1.1" 200 4402 "-" "Mozilla/5.0 (Macintosh; Intel Mac OS X 10_15_7) AppleWebKit/605.1.15 (KHTML, like Gecko) Version/18.3 Safari/605.1.15"
178.104.246.149 - - [20/May/2026:04:22:31 +0000] "POST /wp-login.php HTTP/1.1" 200 4402 "https://www.wrinkledskinrepair.com/wp-login.php" "Mozilla/5.0 (Macintosh; Intel Mac OS X 10_15_7) AppleWebKit/605.1.15 (KHTML, like Gecko) Version/18.3 Safari/605.1.15"
184.94.212.206 - - [20/May/2026:04:23:43 +0000] "POST /wp-cron.php?doing_wp_cron=1779251023.4068570137023925781250 HTTP/1.1" 200 - "-" "WordPress/6.9.4; https://www.wrinkledskinrepair.com"
43.157.98.187 - - [20/May/2026:04:23:41 +0000] "GET /2020/07/31/dont-suffer-from-bad-skin-any-longer/ HTTP/1.1" 200 55822 "-" "Mozilla/5.0 (iPhone; CPU iPhone OS 13_2_3 like Mac OS X) AppleWebKit/605.1.15 (KHTML, like Gecko) Version/13.0.3 Mobile/15E148 Safari/604.1"
195.234.109.82 - - [20/May/2026:04:24:26 +0000] "GET /wp-content/uploads/2018/12/e837b90c2df2003ed1584d05fb1d4390e277e2c818b4154595f2c57aa5ee_640.jpg HTTP/1.1" 301 - "-" "Photon/1.0"
195.234.109.82 - - [20/May/2026:04:24:28 +0000] "GET /wp-content/uploads/2018/12/e837b90c2df2003ed1584d05fb1d4390e277e2c818b4154595f2c57aa5ee_640.jpg HTTP/1.1" 404 131909 "-" "Photon/1.0"
192.0.102.146 - - [20/May/2026:04:24:36 +0000] "HEAD / HTTP/1.1" 200 - "-" "jetmon/1.0 (Jetpack Site Uptime Monitor by WordPress.com)"
184.94.212.206 - - [20/May/2026:04:26:53 +0000] "POST /wp-cron.php?doing_wp_cron=1779251213.8362588882446289062500 HTTP/1.1" 200 - "-" "WordPress/6.9.4; https://www.wrinkledskinrepair.com"
68.221.67.164 - - [20/May/2026:04:26:52 +0000] "GET / HTTP/1.1" 301 - "-" "Mozilla/5.0 AppleWebKit/537.36 (KHTML, like Gecko); compatible; ChatGPT-User/1.0; +https://openai.com/bot"
184.94.212.206 - - [20/May/2026:04:28:04 +0000] "POST /wp-cron.php?doing_wp_cron=1779251284.8253450393676757812500 HTTP/1.1" 200 - "-" "WordPress/6.9.4; https://www.wrinkledskinrepair.com"
69.63.184.113 - - [20/May/2026:04:28:03 +0000] "GET /robots.txt HTTP/1.1" 200 185 "-" "facebookexternalhit/1.1 (+http://www.facebook.com/externalhit_uatext.php)"
184.94.212.206 - - [20/May/2026:04:28:04 +0000] "POST /wp-cron.php?doing_wp_cron=1779251284.8251988887786865234375 HTTP/1.1" 200 - "-" "WordPress/6.9.4; https://www.wrinkledskinrepair.com"
69.63.184.21 - - [20/May/2026:04:28:02 +0000] "GET /robots.txt HTTP/1.1" 200 185 "-" "facebookexternalhit/1.1 (+http://www.facebook.com/externalhit_uatext.php)"
184.94.212.206 - - [20/May/2026:04:28:06 +0000] "GET /contact/?amp=1&_validate%5Bnonce%5D=840c3549f0fd6750531a2f5657a7f0f3&_validate%5Bcache_bust%5D=1231071984 HTTP/1.1" 200 15990 "-" "WordPress/6.9.4; https://www.wrinkledskinrepair.com"
184.94.212.206 - - [20/May/2026:04:28:27 +0000] "POST /wp-cron.php?doing_wp_cron=1779251307.5012280941009521484375 HTTP/1.1" 200 - "-" "WordPress/6.9.4; https://www.wrinkledskinrepair.com"
69.63.184.1 - - [20/May/2026:04:28:26 +0000] "GET /robots.txt HTTP/1.1" 200 185 "-" "facebookexternalhit/1.1 (+http://www.facebook.com/externalhit_uatext.php)"
69.63.184.4 - - [20/May/2026:04:28:27 +0000] "GET /robots.txt HTTP/1.1" 200 185 "-" "facebookexternalhit/1.1 (+http://www.facebook.com/externalhit_uatext.php)"
184.94.212.206 - - [20/May/2026:04:29:41 +0000] "POST /wp-cron.php?doing_wp_cron=1779251381.5960900783538818359375 HTTP/1.1" 200 - "-" "WordPress/6.9.4; https://www.wrinkledskinrepair.com"
192.0.102.146 - - [20/May/2026:04:29:39 +0000] "HEAD / HTTP/1.1" 200 - "-" "jetmon/1.0 (Jetpack Site Uptime Monitor by WordPress.com)"
184.94.212.206 - - [20/May/2026:04:30:01 +0000] "POST /wp-cron.php?doing_wp_cron=1779251401.4955439567565917968750 HTTP/1.1" 200 - "-" "WordPress/6.9.4; https://www.wrinkledskinrepair.com"
103.115.197.111 - - [20/May/2026:04:30:00 +0000] "GET / HTTP/1.1" 301 - "-" "Mozilla/5.0 (Macintosh; Intel Mac OS X 11_0_0) AppleWebKit/537.36 (KHTML, like Gecko) Brave Chrome/86.0.4240.183 Safari/537.36"
190.62.86.48 - - [20/May/2026:04:30:03 +0000] "GET / HTTP/1.1" 200 47730 "-" "Mozilla/5.0 (Macintosh; Intel Mac OS X 11_0_0) AppleWebKit/537.36 (KHTML, like Gecko) Brave Chrome/86.0.4240.183 Safari/537.36"
184.94.212.206 - - [20/May/2026:04:31:13 +0000] "POST /wp-cron.php?doing_wp_cron=1779251473.0479180812835693359375 HTTP/1.1" 200 - "-" "WordPress/6.9.4; https://www.wrinkledskinrepair.com"
114.119.143.101 - - [20/May/2026:04:31:11 +0000] "GET /2019/06/04/skin-care-tips-that-you-should-know-about/?share=x HTTP/1.1" 302 - "https://www.wrinkledskinrepair.com/2019/06/04/skin-care-tips-that-you-should-know-about/" "Mozilla/5.0 (Linux; Android 7.0;) AppleWebKit/537.36 (HTML, like Gecko) Mobile Safari/537.36 (compatible; PetalBot;+https://webmaster.petalsearch.com/site/petalbot)"
43.131.36.84 - - [20/May/2026:04:31:25 +0000] "GET / HTTP/1.1" 200 47730 "http://www.wrinkledskinrepair.com" "Mozilla/5.0 (iPhone; CPU iPhone OS 13_2_3 like Mac OS X) AppleWebKit/605.1.15 (KHTML, like Gecko) Version/13.0.3 Mobile/15E148 Safari/604.1"
20.215.220.214 - - [20/May/2026:04:31:27 +0000] "GET /2025/11/08/best-creams-over-50/ HTTP/1.1" 200 56406 "-" "Mozilla/5.0 AppleWebKit/537.36 (KHTML, like Gecko); compatible; ChatGPT-User/1.0; +https://openai.com/bot"
69.63.184.25 - - [20/May/2026:04:31:33 +0000] "GET /robots.txt HTTP/1.1" 200 185 "-" "facebookexternalhit/1.1 (+http://www.facebook.com/externalhit_uatext.php)"
69.63.184.5 - - [20/May/2026:04:31:34 +0000] "GET /robots.txt HTTP/1.1" 200 185 "-" "facebookexternalhit/1.1 (+http://www.facebook.com/externalhit_uatext.php)"
184.94.212.206 - - [20/May/2026:04:33:01 +0000] "POST /wp-cron.php?doing_wp_cron=1779251581.7545580863952636718750 HTTP/1.1" 200 - "-" "WordPress/6.9.4; https://www.wrinkledskinrepair.com"
173.252.70.34 - - [20/May/2026:04:32:59 +0000] "GET /robots.txt HTTP/1.1" 200 185 "-" "facebookexternalhit/1.1 (+http://www.facebook.com/externalhit_uatext.php)"
173.252.70.36 - - [20/May/2026:04:33:00 +0000] "GET /robots.txt HTTP/1.1" 200 185 "-" "facebookexternalhit/1.1 (+http://www.facebook.com/externalhit_uatext.php)"
184.94.212.206 - - [20/May/2026:04:33:21 +0000] "POST /wp-cron.php?doing_wp_cron=1779251601.2632489204406738281250 HTTP/1.1" 200 - "-" "WordPress/6.9.4; https://www.wrinkledskinrepair.com"
17.246.19.132 - - [20/May/2026:04:33:19 +0000] "GET /2019/07/11/skin-care-rules-to-live-by-2/ HTTP/1.1" 200 53650 "-" "Mozilla/5.0 (Macintosh; Intel Mac OS X 10_15_7) AppleWebKit/605.1.15 (KHTML, like Gecko) Version/17.4 Safari/605.1.15 (Applebot/0.1; +http://www.apple.com/go/applebot)"
43.131.36.84 - - [20/May/2026:04:33:43 +0000] "GET /privacy/ HTTP/1.1" 200 47959 "-" "Mozilla/5.0 (iPhone; CPU iPhone OS 13_2_3 like Mac OS X) AppleWebKit/605.1.15 (KHTML, like Gecko) Version/13.0.3 Mobile/15E148 Safari/604.1"
184.94.212.206 - - [20/May/2026:04:34:35 +0000] "POST /wp-cron.php?doing_wp_cron=1779251675.8641328811645507812500 HTTP/1.1" 200 - "-" "WordPress/6.9.4; https://www.wrinkledskinrepair.com"
52.154.22.63 - - [20/May/2026:04:34:34 +0000] "GET / HTTP/1.1" 301 - "-" "Mozilla/5.0 AppleWebKit/537.36 (KHTML, like Gecko); compatible; ChatGPT-User/1.0; +https://openai.com/bot"
52.154.22.52 - - [20/May/2026:04:34:36 +0000] "GET / HTTP/1.1" 200 47730 "-" "Mozilla/5.0 AppleWebKit/537.36 (KHTML, like Gecko); compatible; ChatGPT-User/1.0; +https://openai.com/bot"
192.0.102.146 - - [20/May/2026:04:34:39 +0000] "HEAD / HTTP/1.1" 200 - "-" "jetmon/1.0 (Jetpack Site Uptime Monitor by WordPress.com)"
184.94.212.206 - - [20/May/2026:04:34:57 +0000] "POST /wp-cron.php?doing_wp_cron=1779251697.6963400840759277343750 HTTP/1.1" 200 - "-" "WordPress/6.9.4; https://www.wrinkledskinrepair.com"
216.73.216.202 - - [20/May/2026:04:34:56 +0000] "GET /tag/getting-rid/ HTTP/1.1" 200 47138 "-" "Mozilla/5.0 AppleWebKit/537.36 (KHTML, like Gecko; compatible; ClaudeBot/1.0; +claudebot@anthropic.com)"
216.73.216.202 - - [20/May/2026:04:34:56 +0000] "GET /blog/page/21/ HTTP/1.1" 200 50267 "-" "Mozilla/5.0 AppleWebKit/537.36 (KHTML, like Gecko; compatible; ClaudeBot/1.0; +claudebot@anthropic.com)"
184.94.212.206 - - [20/May/2026:04:35:17 +0000] "POST /wp-cron.php?doing_wp_cron=1779251717.9662609100341796875000 HTTP/1.1" 200 - "-" "WordPress/6.9.4; https://www.wrinkledskinrepair.com"
216.73.216.202 - - [20/May/2026:04:35:16 +0000] "GET /?p=601 HTTP/1.1" 301 - "-" "Mozilla/5.0 AppleWebKit/537.36 (KHTML, like Gecko; compatible; ClaudeBot/1.0; +claudebot@anthropic.com)"
216.73.216.202 - - [20/May/2026:04:35:17 +0000] "GET /tag/daily-routine/ HTTP/1.1" 200 46002 "-" "Mozilla/5.0 AppleWebKit/537.36 (KHTML, like Gecko; compatible; ClaudeBot/1.0; +claudebot@anthropic.com)"
216.73.216.202 - - [20/May/2026:04:35:18 +0000] "GET /2018/12/26/skin-care-tips-that-will-make-you-beautiful/ HTTP/1.1" 200 53135 "https://www.wrinkledskinrepair.com/?p=601" "Mozilla/5.0 AppleWebKit/537.36 (KHTML, like Gecko; compatible; ClaudeBot/1.0; +claudebot@anthropic.com)"
216.73.216.202 - - [20/May/2026:04:35:26 +0000] "GET /?p=181 HTTP/1.1" 301 - "-" "Mozilla/5.0 AppleWebKit/537.36 (KHTML, like Gecko; compatible; ClaudeBot/1.0; +claudebot@anthropic.com)"
216.73.216.202 - - [20/May/2026:04:35:26 +0000] "GET /?p=987 HTTP/1.1" 301 - "-" "Mozilla/5.0 AppleWebKit/537.36 (KHTML, like Gecko; compatible; ClaudeBot/1.0; +claudebot@anthropic.com)"
216.73.216.202 - - [20/May/2026:04:35:27 +0000] "GET /2018/05/31/get-radiant-skin-using-these-smart-tips/ HTTP/1.1" 200 60109 "https://www.wrinkledskinrepair.com/?p=181" "Mozilla/5.0 AppleWebKit/537.36 (KHTML, like Gecko; compatible; ClaudeBot/1.0; +claudebot@anthropic.com)"
216.73.216.202 - - [20/May/2026:04:35:27 +0000] "GET /2019/05/02/easy-skin-care-tips-anyone-can-benefit-from/ HTTP/1.1" 200 53173 "https://www.wrinkledskinrepair.com/?p=987" "Mozilla/5.0 AppleWebKit/537.36 (KHTML, like Gecko; compatible; ClaudeBot/1.0; +claudebot@anthropic.com)"
216.73.216.202 - - [20/May/2026:04:35:57 +0000] "GET /tag/cotton-socks/ HTTP/1.1" 200 46012 "-" "Mozilla/5.0 AppleWebKit/537.36 (KHTML, like Gecko; compatible; ClaudeBot/1.0; +claudebot@anthropic.com)"
216.73.216.202 - - [20/May/2026:04:35:57 +0000] "GET /?p=844 HTTP/1.1" 301 - "-" "Mozilla/5.0 AppleWebKit/537.36 (KHTML, like Gecko; compatible; ClaudeBot/1.0; +claudebot@anthropic.com)"
216.73.216.202 - - [20/May/2026:04:35:59 +0000] "GET /2019/02/27/skin-care-suggestions-that-clearly-pay-off-2/ HTTP/1.1" 200 53027 "https://www.wrinkledskinrepair.com/?p=844" "Mozilla/5.0 AppleWebKit/537.36 (KHTML, like Gecko; compatible; ClaudeBot/1.0; +claudebot@anthropic.com)"
216.73.216.202 - - [20/May/2026:04:35:59 +0000] "GET /?p=509 HTTP/1.1" 301 - "-" "Mozilla/5.0 AppleWebKit/537.36 (KHTML, like Gecko; compatible; ClaudeBot/1.0; +claudebot@anthropic.com)"
216.73.216.202 - - [20/May/2026:04:36:00 +0000] "GET /tag/antibacterial-soaps/feed/ HTTP/1.1" 200 3538 "-" "Mozilla/5.0 AppleWebKit/537.36 (KHTML, like Gecko; compatible; ClaudeBot/1.0; +claudebot@anthropic.com)"
216.73.216.202 - - [20/May/2026:04:36:00 +0000] "GET /2018/11/02/maintain-your-great-skin-with-these-tips/ HTTP/1.1" 200 53520 "https://www.wrinkledskinrepair.com/?p=509" "Mozilla/5.0 AppleWebKit/537.36 (KHTML, like Gecko; compatible; ClaudeBot/1.0; +claudebot@anthropic.com)"
216.73.216.202 - - [20/May/2026:04:36:05 +0000] "GET /blog/page/5/ HTTP/1.1" 200 51226 "-" "Mozilla/5.0 AppleWebKit/537.36 (KHTML, like Gecko; compatible; ClaudeBot/1.0; +claudebot@anthropic.com)"
216.73.216.202 - - [20/May/2026:04:36:06 +0000] "GET /?p=3738 HTTP/1.1" 301 - "-" "Mozilla/5.0 AppleWebKit/537.36 (KHTML, like Gecko; compatible; ClaudeBot/1.0; +claudebot@anthropic.com)"
216.73.216.202 - - [20/May/2026:04:36:07 +0000] "GET /2020/05/02/care-for-your-skin-care-problems-using-these-tips-2/ HTTP/1.1" 200 54340 "https://www.wrinkledskinrepair.com/?p=3738" "Mozilla/5.0 AppleWebKit/537.36 (KHTML, like Gecko; compatible; ClaudeBot/1.0; +claudebot@anthropic.com)"
184.94.212.206 - - [20/May/2026:04:36:44 +0000] "POST /wp-cron.php?doing_wp_cron=1779251804.4537990093231201171875 HTTP/1.1" 200 - "-" "WordPress/6.9.4; https://www.wrinkledskinrepair.com"
17.246.19.8 - - [20/May/2026:04:36:43 +0000] "POST /wp-admin/admin-ajax.php HTTP/1.1" 200 62 "https://www.wrinkledskinrepair.com/2019/07/11/skin-care-rules-to-live-by-2/" "Mozilla/5.0 (Macintosh; Intel Mac OS X 10_15_7) AppleWebKit/605.1.15 (KHTML, like Gecko) Version/17.4 Safari/605.1.15 (Applebot/0.1; +http://www.apple.com/go/applebot)"
17.246.15.199 - - [20/May/2026:04:36:44 +0000] "GET /2019/07/11/skin-care-rules-to-live-by-2/?relatedposts=1 HTTP/1.1" 200 1107 "https://www.wrinkledskinrepair.com/2019/07/11/skin-care-rules-to-live-by-2/" "Mozilla/5.0 (Macintosh; Intel Mac OS X 10_15_7) AppleWebKit/605.1.15 (KHTML, like Gecko) Version/17.4 Safari/605.1.15 (Applebot/0.1; +http://www.apple.com/go/applebot)"
57.141.2.5 - - [20/May/2026:04:36:51 +0000] "GET /2019/03/13/skin-care-advice-that-both-men-and-women-can-use/ HTTP/1.1" 200 186115 "-" "meta-externalagent/1.1 (+https://developers.facebook.com/docs/sharing/webmasters/crawler)"
216.73.216.202 - - [20/May/2026:04:37:09 +0000] "GET /tag/contain-fragrances/feed/ HTTP/1.1" 200 4015 "-" "Mozilla/5.0 AppleWebKit/537.36 (KHTML, like Gecko; compatible; ClaudeBot/1.0; +claudebot@anthropic.com)"
216.73.216.202 - - [20/May/2026:04:37:09 +0000] "GET /tag/harsh-scrubbing/feed/ HTTP/1.1" 200 6266 "-" "Mozilla/5.0 AppleWebKit/537.36 (KHTML, like Gecko; compatible; ClaudeBot/1.0; +claudebot@anthropic.com)"
184.94.212.206 - - [20/May/2026:04:37:18 +0000] "POST /wp-cron.php?doing_wp_cron=1779251838.7636361122131347656250 HTTP/1.1" 200 - "-" "WordPress/6.9.4; https://www.wrinkledskinrepair.com"
216.73.216.202 - - [20/May/2026:04:37:17 +0000] "GET /tag/oily-skin/page/7/ HTTP/1.1" 200 48670 "-" "Mozilla/5.0 AppleWebKit/537.36 (KHTML, like Gecko; compatible; ClaudeBot/1.0; +claudebot@anthropic.com)"
192.0.113.241 - - [20/May/2026:04:37:21 +0000] "GET /wp-content/uploads/2018/05/e832b80d2af2023ed1584d05fb1d4390e277e2c818b4134692f6c578a3ee_640.jpg HTTP/1.1" 301 - "-" "Photon/1.0"
192.0.113.241 - - [20/May/2026:04:37:22 +0000] "GET /wp-content/uploads/2018/05/e832b80d2af2023ed1584d05fb1d4390e277e2c818b4134692f6c578a3ee_640.jpg HTTP/1.1" 404 131909 "-" "Photon/1.0"
184.94.212.206 - - [20/May/2026:04:37:24 +0000] "POST /wp-cron.php?doing_wp_cron=1779251844.0801730155944824218750 HTTP/1.1" 200 - "-" "WordPress/6.9.4; https://www.wrinkledskinrepair.com"
216.73.216.202 - - [20/May/2026:04:37:16 +0000] "GET /2018/05/31/get-radiant-skin-using-these-smart-tips/?amp=1 HTTP/1.1" 200 28880 "-" "Mozilla/5.0 AppleWebKit/537.36 (KHTML, like Gecko; compatible; ClaudeBot/1.0; +claudebot@anthropic.com)"
216.73.216.202 - - [20/May/2026:04:37:27 +0000] "GET /2020/06/16/get-glowing-with-these-skin-care-tips-2/ HTTP/1.1" 200 53768 "-" "Mozilla/5.0 AppleWebKit/537.36 (KHTML, like Gecko; compatible; ClaudeBot/1.0; +claudebot@anthropic.com)"
192.0.114.82 - - [20/May/2026:04:37:29 +0000] "GET /wp-content/uploads/2020/05/care_for_your_skin_care_problems_using_these_tips.jpg HTTP/1.1" 301 - "-" "Photon/1.0"
192.0.114.82 - - [20/May/2026:04:37:30 +0000] "GET /wp-content/uploads/2020/05/care_for_your_skin_care_problems_using_these_tips.jpg HTTP/1.1" 404 131804 "-" "Photon/1.0"
216.73.216.202 - - [20/May/2026:04:37:26 +0000] "GET /2020/05/02/care-for-your-skin-care-problems-using-these-tips-2/?amp=1 HTTP/1.1" 200 22087 "-" "Mozilla/5.0 AppleWebKit/537.36 (KHTML, like Gecko; compatible; ClaudeBot/1.0; +claudebot@anthropic.com)"
51.15.238.45 - - [20/May/2026:04:37:36 +0000] "GET /wp-login.php HTTP/1.1" 200 4400 "-" "Mozilla/5.0 (Macintosh; Intel Mac OS X 10_15_7) AppleWebKit/537.36 (KHTML, like Gecko) Chrome/133.0.0.0 Safari/537.36 Edg/133.0.0.0"
51.15.238.45 - - [20/May/2026:04:37:37 +0000] "POST /wp-login.php HTTP/1.1" 200 4400 "https://wrinkledskinrepair.com/wp-login.php" "Mozilla/5.0 (Macintosh; Intel Mac OS X 10_15_7) AppleWebKit/537.36 (KHTML, like Gecko) Chrome/133.0.0.0 Safari/537.36 Edg/133.0.0.0"
216.73.216.202 - - [20/May/2026:04:37:40 +0000] "GET /2018/05/30/read-this-article-to-learn-how-to-maintain-healthy-skin/ HTTP/1.1" 200 53118 "-" "Mozilla/5.0 AppleWebKit/537.36 (KHTML, like Gecko; compatible; ClaudeBot/1.0; +claudebot@anthropic.com)"
216.73.216.202 - - [20/May/2026:04:37:40 +0000] "GET /2018/09/11/give-your-skin-some-tlc-with-these-tips/ HTTP/1.1" 200 53045 "-" "Mozilla/5.0 AppleWebKit/537.36 (KHTML, like Gecko; compatible; ClaudeBot/1.0; +claudebot@anthropic.com)"
216.73.216.202 - - [20/May/2026:04:37:51 +0000] "GET /2019/03/27/look-after-your-skin-with-this-great-information/ HTTP/1.1" 200 53639 "-" "Mozilla/5.0 AppleWebKit/537.36 (KHTML, like Gecko; compatible; ClaudeBot/1.0; +claudebot@anthropic.com)"
216.73.216.202 - - [20/May/2026:04:37:51 +0000] "GET /2019/03/01/skin-care-tips-and-tricks-that-really-work/?noamp=mobile HTTP/1.1" 200 53684 "-" "Mozilla/5.0 AppleWebKit/537.36 (KHTML, like Gecko; compatible; ClaudeBot/1.0; +claudebot@anthropic.com)"
173.252.83.16 - - [20/May/2026:04:37:57 +0000] "GET /robots.txt HTTP/1.1" 200 185 "-" "facebookexternalhit/1.1 (+http://www.facebook.com/externalhit_uatext.php)"
173.252.83.15 - - [20/May/2026:04:37:58 +0000] "GET /robots.txt HTTP/1.1" 200 185 "-" "facebookexternalhit/1.1 (+http://www.facebook.com/externalhit_uatext.php)"
192.0.114.116 - - [20/May/2026:04:38:10 +0000] "GET /wp-content/uploads/2019/05/eb32b10c2cf6013ed1584d05fb1d4390e277e2c818b4144792f9c679a0ec_640.jpg HTTP/1.1" 301 - "-" "Photon/1.0"
192.0.114.18 - - [20/May/2026:04:38:11 +0000] "GET /wp-content/uploads/2018/11/ea33b80620f2073ed1584d05fb1d4390e277e2c818b4154094f0c67fa0ed_640.jpg HTTP/1.1" 301 - "-" "Photon/1.0"
192.0.114.116 - - [20/May/2026:04:38:11 +0000] "GET /wp-content/uploads/2019/05/eb32b10c2cf6013ed1584d05fb1d4390e277e2c818b4144792f9c679a0ec_640.jpg HTTP/1.1" 404 131909 "-" "Photon/1.0"
216.73.216.202 - - [20/May/2026:04:38:08 +0000] "GET /2019/05/02/easy-skin-care-tips-anyone-can-benefit-from/?amp=1 HTTP/1.1" 200 21123 "-" "Mozilla/5.0 AppleWebKit/537.36 (KHTML, like Gecko; compatible; ClaudeBot/1.0; +claudebot@anthropic.com)"
192.0.114.18 - - [20/May/2026:04:38:12 +0000] "GET /wp-content/uploads/2018/11/ea33b80620f2073ed1584d05fb1d4390e277e2c818b4154094f0c67fa0ed_640.jpg HTTP/1.1" 404 131909 "-" "Photon/1.0"
216.73.216.202 - - [20/May/2026:04:38:08 +0000] "GET /2018/11/02/maintain-your-great-skin-with-these-tips/?amp=1 HTTP/1.1" 200 21262 "-" "Mozilla/5.0 AppleWebKit/537.36 (KHTML, like Gecko; compatible; ClaudeBot/1.0; +claudebot@anthropic.com)"
57.141.2.32 - - [20/May/2026:04:38:20 +0000] "GET /tag/leg-skin/ HTTP/1.1" 200 151720 "-" "meta-externalagent/1.1 (+https://developers.facebook.com/docs/sharing/webmasters/crawler)"
184.94.212.206 - - [20/May/2026:04:39:07 +0000] "POST /wp-cron.php?doing_wp_cron=1779251947.0960741043090820312500 HTTP/1.1" 200 - "-" "WordPress/6.9.4; https://www.wrinkledskinrepair.com"
216.73.216.202 - - [20/May/2026:04:39:05 +0000] "GET /2018/07/21/take-care-of-your-skin-follow-these-techniques/ HTTP/1.1" 200 53308 "-" "Mozilla/5.0 AppleWebKit/537.36 (KHTML, like Gecko; compatible; ClaudeBot/1.0; +claudebot@anthropic.com)"
192.0.113.210 - - [20/May/2026:04:39:08 +0000] "GET /wp-content/uploads/2018/12/e830b3092cf4013ed1584d05fb1d4390e277e2c818b4154492f9c070aee4_640.jpg HTTP/1.1" 301 - "-" "Photon/1.0"
192.0.113.210 - - [20/May/2026:04:39:09 +0000] "GET /wp-content/uploads/2018/12/e830b3092cf4013ed1584d05fb1d4390e277e2c818b4154492f9c070aee4_640.jpg HTTP/1.1" 404 131909 "-" "Photon/1.0"
184.94.212.206 - - [20/May/2026:04:39:10 +0000] "POST /wp-cron.php?doing_wp_cron=1779251950.9219899177551269531250 HTTP/1.1" 200 - "-" "WordPress/6.9.4; https://www.wrinkledskinrepair.com"
216.73.216.202 - - [20/May/2026:04:39:05 +0000] "GET /2018/12/26/skin-care-tips-that-will-make-you-beautiful/?amp=1 HTTP/1.1" 200 20909 "-" "Mozilla/5.0 AppleWebKit/537.36 (KHTML, like Gecko; compatible; ClaudeBot/1.0; +claudebot@anthropic.com)"
216.73.216.202 - - [20/May/2026:04:39:12 +0000] "GET /2018/12/27/some-gentle-remedies-for-great-skin-care/ HTTP/1.1" 200 53590 "-" "Mozilla/5.0 AppleWebKit/537.36 (KHTML, like Gecko; compatible; ClaudeBot/1.0; +claudebot@anthropic.com)"
216.73.216.202 - - [20/May/2026:04:39:13 +0000] "GET /2019/02/27/skin-care-suggestions-that-clearly-pay-off-2/?amp=1 HTTP/1.1" 200 20807 "-" "Mozilla/5.0 AppleWebKit/537.36 (KHTML, like Gecko; compatible; ClaudeBot/1.0; +claudebot@anthropic.com)"
184.94.212.206 - - [20/May/2026:04:39:41 +0000] "POST /wp-cron.php?doing_wp_cron=1779251981.6934020519256591796875 HTTP/1.1" 200 - "-" "WordPress/6.9.4; https://www.wrinkledskinrepair.com"
192.0.102.146 - - [20/May/2026:04:39:40 +0000] "HEAD / HTTP/1.1" 200 - "-" "jetmon/1.0 (Jetpack Site Uptime Monitor by WordPress.com)"
216.73.216.202 - - [20/May/2026:04:39:40 +0000] "GET /2019/02/25/wonderful-and-wise-ways-to-keep-your-skin-shining/?noamp=mobile HTTP/1.1" 200 53400 "-" "Mozilla/5.0 AppleWebKit/537.36 (KHTML, like Gecko; compatible; ClaudeBot/1.0; +claudebot@anthropic.com)"
216.73.216.202 - - [20/May/2026:04:39:49 +0000] "GET /2018/10/31/skin-care-tips-for-you-and-your-family/ HTTP/1.1" 200 53482 "-" "Mozilla/5.0 AppleWebKit/537.36 (KHTML, like Gecko; compatible; ClaudeBot/1.0; +claudebot@anthropic.com)"
216.73.216.202 - - [20/May/2026:04:39:54 +0000] "GET /2018/12/24/rules-to-live-by-if-you-want-healthy-skin/ HTTP/1.1" 200 53790 "-" "Mozilla/5.0 AppleWebKit/537.36 (KHTML, like Gecko; compatible; ClaudeBot/1.0; +claudebot@anthropic.com)"
184.94.212.206 - - [20/May/2026:04:40:28 +0000] "POST /wp-cron.php?doing_wp_cron=1779252028.7136991024017333984375 HTTP/1.1" 200 - "-" "WordPress/6.9.4; https://www.wrinkledskinrepair.com"
216.73.216.202 - - [20/May/2026:04:40:27 +0000] "GET /?p=592 HTTP/1.1" 301 - "-" "Mozilla/5.0 AppleWebKit/537.36 (KHTML, like Gecko; compatible; ClaudeBot/1.0; +claudebot@anthropic.com)"
216.73.216.202 - - [20/May/2026:04:40:28 +0000] "GET /2018/12/23/use-this-advice-to-stop-wasting-time-on-skin-care-that-doesnt-work/ HTTP/1.1" 200 53330 "https://www.wrinkledskinrepair.com/?p=592" "Mozilla/5.0 AppleWebKit/537.36 (KHTML, like Gecko; compatible; ClaudeBot/1.0; +claudebot@anthropic.com)"
195.234.109.214 - - [20/May/2026:04:40:30 +0000] "GET /wp-content/uploads/2019/05/eb32b3092bf3003ed1584d05fb1d4390e277e2c818b4144792f0c97caeec_640.jpg HTTP/1.1" 301 - "-" "Photon/1.0"
195.234.109.214 - - [20/May/2026:04:40:32 +0000] "GET /wp-content/uploads/2019/05/eb32b3092bf3003ed1584d05fb1d4390e277e2c818b4144792f0c97caeec_640.jpg HTTP/1.1" 404 131909 "-" "Photon/1.0"
114.119.157.239 - - [20/May/2026:04:41:10 +0000] "GET /2019/06/04/skin-care-tips-that-you-should-know-about/?share=facebook HTTP/1.1" 302 - "https://www.wrinkledskinrepair.com/2019/06/04/skin-care-tips-that-you-should-know-about/" "Mozilla/5.0 (Linux; Android 7.0;) AppleWebKit/537.36 (HTML, like Gecko) Mobile Safari/537.36 (compatible; PetalBot;+https://webmaster.petalsearch.com/site/petalbot)"
184.94.212.206 - - [20/May/2026:04:42:41 +0000] "POST /wp-cron.php?doing_wp_cron=1779252161.5776560306549072265625 HTTP/1.1" 200 - "-" "WordPress/6.9.4; https://www.wrinkledskinrepair.com"
74.7.175.187 - - [20/May/2026:04:42:39 +0000] "GET /robots.txt HTTP/1.1" 200 127 "-" "Mozilla/5.0 (Macintosh; Intel Mac OS X 10_15_7) AppleWebKit/537.36 (KHTML, like Gecko) Chrome/131.0.0.0 Safari/537.36; compatible; OAI-SearchBot/1.3; robots.txt; +https://openai.com/searchbot"
