47.128.42.107 - - [20/May/2026:00:01:55 +0000] "GET /wp-content/plugins/recent-posts-widget-with-thumbnails/public.css?ver=7.1.1 HTTP/1.1" 200 487 "https://www.wrinkledskinrepair.com/tag/skin-cells/" "Mozilla/5.0 (Linux; Android 5.0) AppleWebKit/537.36 (KHTML, like Gecko) Mobile Safari/537.36 (compatible; Bytespider; spider-feedback@bytedance.com)"
47.128.42.107 - - [20/May/2026:00:01:55 +0000] "GET /wp-content/plugins/jetpack/jetpack_vendor/automattic/jetpack-classic-theme-helper/dist/responsive-videos/responsive-videos.css?minify=false&ver=1a16f71f21c6d197f51b HTTP/1.1" 200 101 "https://www.wrinkledskinrepair.com/tag/skin-cells/" "Mozilla/5.0 (Linux; Android 5.0) AppleWebKit/537.36 (KHTML, like Gecko) Mobile Safari/537.36 (compatible; Bytespider; spider-feedback@bytedance.com)"
47.128.42.107 - - [20/May/2026:00:01:55 +0000] "GET /wp-content/plugins/tablepress/css/build/default.css?ver=3.3 HTTP/1.1" 200 1767 "https://www.wrinkledskinrepair.com/tag/skin-cells/" "Mozilla/5.0 (Linux; Android 5.0) AppleWebKit/537.36 (KHTML, like Gecko) Mobile Safari/537.36 (compatible; Bytespider; spider-feedback@bytedance.com)"
184.94.212.206 - - [20/May/2026:00:04:33 +0000] "POST /wp-cron.php?doing_wp_cron=1779235473.5748310089111328125000 HTTP/1.1" 200 - "-" "WordPress/6.9.4; https://www.wrinkledskinrepair.com"
114.119.143.101 - - [20/May/2026:00:04:31 +0000] "GET /2019/07/11/skin-care-rules-to-live-by-2?share=facebook HTTP/1.1" 302 - "http://www.wrinkledskinrepair.com/wrinkle-treatment/skin-care-rules-to-live-by-2" "Mozilla/5.0 (Linux; Android 7.0;) AppleWebKit/537.36 (HTML, like Gecko) Mobile Safari/537.36 (compatible; PetalBot;+https://webmaster.petalsearch.com/site/petalbot)"
192.0.102.146 - - [20/May/2026:00:04:35 +0000] "HEAD / HTTP/1.1" 200 - "-" "jetmon/1.0 (Jetpack Site Uptime Monitor by WordPress.com)"
184.94.212.206 - - [20/May/2026:00:05:29 +0000] "POST /wp-cron.php?doing_wp_cron=1779235529.5784080028533935546875 HTTP/1.1" 200 - "-" "WordPress/6.9.4; https://www.wrinkledskinrepair.com"
43.153.86.78 - - [20/May/2026:00:05:27 +0000] "GET /2020/03/ HTTP/1.1" 200 47889 "-" "Mozilla/5.0 (iPhone; CPU iPhone OS 13_2_3 like Mac OS X) AppleWebKit/605.1.15 (KHTML, like Gecko) Version/13.0.3 Mobile/15E148 Safari/604.1"
184.94.212.206 - - [20/May/2026:00:09:41 +0000] "POST /wp-cron.php?doing_wp_cron=1779235781.6595649719238281250000 HTTP/1.1" 200 - "-" "WordPress/6.9.4; https://www.wrinkledskinrepair.com"
192.0.102.146 - - [20/May/2026:00:09:39 +0000] "HEAD / HTTP/1.1" 200 - "-" "jetmon/1.0 (Jetpack Site Uptime Monitor by WordPress.com)"
184.94.212.206 - - [20/May/2026:00:11:08 +0000] "POST /wp-cron.php?doing_wp_cron=1779235868.2783110141754150390625 HTTP/1.1" 200 - "-" "WordPress/6.9.4; https://www.wrinkledskinrepair.com"
66.249.66.38 - - [20/May/2026:00:11:06 +0000] "GET /robots.txt HTTP/1.1" 200 127 "-" "Mozilla/5.0 (compatible; Googlebot/2.1; +http://www.google.com/bot.html)"
66.249.92.38 - - [20/May/2026:00:11:08 +0000] "GET /2025/11/08/best-creams-over-50/ HTTP/1.1" 200 56607 "-" "Mozilla/5.0"
66.249.92.39 - - [20/May/2026:00:11:10 +0000] "GET /wp-content/themes/medical-spa/style.css?ver=1.0.7 HTTP/1.1" 200 5745 "https://www.wrinkledskinrepair.com/2025/11/08/best-creams-over-50/" "Mozilla/5.0"
192.0.96.186 - - [20/May/2026:00:11:10 +0000] "GET /wp-content/uploads/2025/11/Best_Creams_Over_50-1.png HTTP/1.1" 200 2246919 "-" "Photon/1.0"
66.249.92.37 - - [20/May/2026:00:11:11 +0000] "GET /wp-content/themes/spa-and-salon/css/slick.min.css?ver=6.9.4 HTTP/1.1" 200 490 "https://www.wrinkledskinrepair.com/2025/11/08/best-creams-over-50/" "Mozilla/5.0"
66.249.92.37 - - [20/May/2026:00:11:12 +0000] "GET /wp-content/plugins/jetpack/jetpack_vendor/automattic/jetpack-classic-theme-helper/dist/responsive-videos/responsive-videos.css?minify=false&ver=1a16f71f21c6d197f51b HTTP/1.1" 200 101 "https://www.wrinkledskinrepair.com/2025/11/08/best-creams-over-50/" "Mozilla/5.0"
66.249.92.37 - - [20/May/2026:00:11:13 +0000] "GET /wp-content/plugins/complianz-gdpr/assets/css/cookieblocker.min.css?ver=1741710170 HTTP/1.1" 200 723 "https://www.wrinkledskinrepair.com/2025/11/08/best-creams-over-50/" "Mozilla/5.0"
66.249.92.37 - - [20/May/2026:00:11:14 +0000] "GET /wp-content/plugins/recent-posts-widget-with-thumbnails/public.css?ver=7.1.1 HTTP/1.1" 200 487 "https://www.wrinkledskinrepair.com/2025/11/08/best-creams-over-50/" "Mozilla/5.0"
66.249.92.37 - - [20/May/2026:00:11:16 +0000] "GET /wp-content/themes/spa-and-salon/css/perfect-scrollbar.min.css?ver=6.9.4 HTTP/1.1" 200 494 "https://www.wrinkledskinrepair.com/2025/11/08/best-creams-over-50/" "Mozilla/5.0"
66.249.92.37 - - [20/May/2026:00:11:17 +0000] "GET /wp-content/plugins/tablepress/css/build/default.css?ver=3.3 HTTP/1.1" 200 1767 "https://www.wrinkledskinrepair.com/2025/11/08/best-creams-over-50/" "Mozilla/5.0"
66.249.92.37 - - [20/May/2026:00:11:19 +0000] "GET /wp-content/themes/spa-and-salon/style.css?ver=6.9.4 HTTP/1.1" 200 13994 "https://www.wrinkledskinrepair.com/2025/11/08/best-creams-over-50/" "Mozilla/5.0"
66.249.92.37 - - [20/May/2026:00:11:20 +0000] "GET /wp-content/plugins/wp-meta-and-date-remover/assets/js/inspector.js?ver=1.1 HTTP/1.1" 200 1455 "https://www.wrinkledskinrepair.com/2025/11/08/best-creams-over-50/" "Mozilla/5.0"
66.249.92.37 - - [20/May/2026:00:11:21 +0000] "GET /wp-content/themes/spa-and-salon/js/all.min.js?ver=6.5.1 HTTP/1.1" 200 542300 "https://www.wrinkledskinrepair.com/2025/11/08/best-creams-over-50/" "Mozilla/5.0"
66.249.92.37 - - [20/May/2026:00:11:23 +0000] "GET /wp-content/themes/spa-and-salon/js/slick.min.js?ver=2.6.0 HTTP/1.1" 200 10445 "https://www.wrinkledskinrepair.com/2025/11/08/best-creams-over-50/" "Mozilla/5.0"
106.117.188.60 - - [20/May/2026:00:11:22 +0000] "GET / HTTP/1.1" 200 47730 "https://www.wrinkledskinrepair.com/" "User-Agent:Mozilla/5.0 (Windows NT 6.1; WOW64) AppleWebKit/537.36 (KHTML, like Gecko) Chrome/50.0.2661.102 Safari/537.36"
66.249.92.37 - - [20/May/2026:00:11:24 +0000] "GET /wp-content/themes/spa-and-salon/js/modal-accessibility.min.js?ver=1.0.7 HTTP/1.1" 200 2033 "https://www.wrinkledskinrepair.com/2025/11/08/best-creams-over-50/" "Mozilla/5.0"
66.249.92.37 - - [20/May/2026:00:11:26 +0000] "GET /wp-content/themes/spa-and-salon/js/v4-shims.min.js?ver=6.5.1 HTTP/1.1" 200 7909 "https://www.wrinkledskinrepair.com/2025/11/08/best-creams-over-50/" "Mozilla/5.0"
195.234.109.20 - - [20/May/2026:00:11:38 +0000] "GET /wp-content/uploads/2025/09/A-before-and-after-split-image-or-confident-older-woman-touching-her-glowing-cheek.png HTTP/1.1" 200 1504981 "-" "Photon/1.0"
14.144.12.38 - - [20/May/2026:00:11:54 +0000] "GET / HTTP/1.1" 200 47730 "https://www.wrinkledskinrepair.com/" "Mozilla/5.0 (Windows NT 6.1; WOW64) AppleWebKit/537.36 (KHTML, like Gecko) Chrome/50.0.2661.102 Safari/537.36"
184.94.212.206 - - [20/May/2026:00:13:10 +0000] "POST /wp-cron.php?doing_wp_cron=1779235990.7984960079193115234375 HTTP/1.1" 200 - "-" "WordPress/6.9.4; https://www.wrinkledskinrepair.com"
54.39.184.46 - - [20/May/2026:00:13:09 +0000] "GET /image-sitemap-2.xml HTTP/1.1" 301 - "-" "Mozilla/5.0 (compatible; YaK/1.0; http://linkfluence.com/; bot@linkfluence.com)"
54.39.184.46 - - [20/May/2026:00:13:12 +0000] "GET /image-sitemap-2.xml HTTP/1.1" 301 - "-" "Mozilla/5.0 (compatible; YaK/1.0; http://linkfluence.com/; bot@linkfluence.com)"
54.39.184.46 - - [20/May/2026:00:13:15 +0000] "GET /image-sitemap-2.xml HTTP/1.1" 301 - "-" "Mozilla/5.0 (compatible; YaK/1.0; http://linkfluence.com/; bot@linkfluence.com)"
184.94.212.206 - - [20/May/2026:00:13:19 +0000] "POST /wp-cron.php?doing_wp_cron=1779235999.4610641002655029296875 HTTP/1.1" 200 - "-" "WordPress/6.9.4; https://www.wrinkledskinrepair.com"
54.39.184.46 - - [20/May/2026:00:13:18 +0000] "GET /image-sitemap-2.xml HTTP/1.1" 301 - "-" "Mozilla/5.0 (compatible; YaK/1.0; http://linkfluence.com/; bot@linkfluence.com)"
191.239.245.17 - - [20/May/2026:00:13:19 +0000] "GET / HTTP/1.1" 301 - "-" "Mozilla/5.0 AppleWebKit/537.36 (KHTML, like Gecko); compatible; ChatGPT-User/1.0; +https://openai.com/bot"
54.39.184.46 - - [20/May/2026:00:13:21 +0000] "GET /image-sitemap-2.xml HTTP/1.1" 301 - "-" "Mozilla/5.0 (compatible; YaK/1.0; http://linkfluence.com/; bot@linkfluence.com)"
54.39.184.46 - - [20/May/2026:00:13:23 +0000] "GET /image-sitemap-2.xml HTTP/1.1" 301 - "-" "Mozilla/5.0 (compatible; YaK/1.0; http://linkfluence.com/; bot@linkfluence.com)"
54.39.184.46 - - [20/May/2026:00:13:26 +0000] "GET /image-sitemap-2.xml HTTP/1.1" 301 - "-" "Mozilla/5.0 (compatible; YaK/1.0; http://linkfluence.com/; bot@linkfluence.com)"
54.39.184.46 - - [20/May/2026:00:13:29 +0000] "GET /image-sitemap-2.xml HTTP/1.1" 301 - "-" "Mozilla/5.0 (compatible; YaK/1.0; http://linkfluence.com/; bot@linkfluence.com)"
184.94.212.206 - - [20/May/2026:00:14:23 +0000] "POST /wp-cron.php?doing_wp_cron=1779236063.9726679325103759765625 HTTP/1.1" 200 - "-" "WordPress/6.9.4; https://www.wrinkledskinrepair.com"
20.169.78.204 - - [20/May/2026:00:14:22 +0000] "GET / HTTP/1.1" 301 - "-" "Mozilla/5.0 AppleWebKit/537.36 (KHTML, like Gecko); compatible; ChatGPT-User/1.0; +https://openai.com/bot"
114.119.143.101 - - [20/May/2026:00:14:26 +0000] "GET /2019/07/10/have-perfect-skin-again-with-these-tips?share=x HTTP/1.1" 302 - "https://www.wrinkledskinrepair.com/wrinkle-treatment/have-perfect-skin-again-with-these-tips?amp=1" "Mozilla/5.0 (Linux; Android 7.0;) AppleWebKit/537.36 (HTML, like Gecko) Mobile Safari/537.36 (compatible; PetalBot;+https://webmaster.petalsearch.com/site/petalbot)"
192.0.102.146 - - [20/May/2026:00:14:37 +0000] "HEAD / HTTP/1.1" 200 - "-" "jetmon/1.0 (Jetpack Site Uptime Monitor by WordPress.com)"
184.94.212.206 - - [20/May/2026:00:15:10 +0000] "POST /wp-cron.php?doing_wp_cron=1779236110.5424120426177978515625 HTTP/1.1" 200 - "-" "WordPress/6.9.4; https://www.wrinkledskinrepair.com"
43.166.246.180 - - [20/May/2026:00:15:08 +0000] "GET /2019/06/ HTTP/1.1" 200 48607 "-" "Mozilla/5.0 (iPhone; CPU iPhone OS 13_2_3 like Mac OS X) AppleWebKit/605.1.15 (KHTML, like Gecko) Version/13.0.3 Mobile/15E148 Safari/604.1"
78.159.107.235 - - [20/May/2026:00:16:12 +0000] "GET /wp-login.php HTTP/1.1" 200 4402 "-" "Mozilla/5.0 (Macintosh; Intel Mac OS X 11_7_10) AppleWebKit/537.36 (KHTML, like Gecko) Chrome/133.0.0.0 Safari/537.36"
184.94.212.206 - - [20/May/2026:00:16:23 +0000] "POST /wp-cron.php?doing_wp_cron=1779236183.9051189422607421875000 HTTP/1.1" 200 - "-" "WordPress/6.9.4; https://www.wrinkledskinrepair.com"
78.159.107.235 - - [20/May/2026:00:16:22 +0000] "GET /wp-json/wp/v2/users/me HTTP/1.1" 401 102 "-" "Mozilla/5.0 (Macintosh; Intel Mac OS X 11_7_10) AppleWebKit/537.36 (KHTML, like Gecko) Chrome/133.0.0.0 Safari/537.36"
216.73.217.80 - - [20/May/2026:00:17:14 +0000] "GET /tag/broad-spectrum/feed/ HTTP/1.1" 200 3714 "-" "Mozilla/5.0 AppleWebKit/537.36 (KHTML, like Gecko; compatible; ClaudeBot/1.0; +claudebot@anthropic.com)"
184.94.212.206 - - [20/May/2026:00:17:16 +0000] "POST /wp-cron.php?doing_wp_cron=1779236236.2905290126800537109375 HTTP/1.1" 200 - "-" "WordPress/6.9.4; https://www.wrinkledskinrepair.com"
216.73.217.80 - - [20/May/2026:00:17:15 +0000] "GET /tag/apply-moisturizer/ HTTP/1.1" 200 45876 "-" "Mozilla/5.0 AppleWebKit/537.36 (KHTML, like Gecko; compatible; ClaudeBot/1.0; +claudebot@anthropic.com)"
216.73.217.80 - - [20/May/2026:00:17:16 +0000] "GET /tag/avoid-products/ HTTP/1.1" 200 45538 "-" "Mozilla/5.0 AppleWebKit/537.36 (KHTML, like Gecko; compatible; ClaudeBot/1.0; +claudebot@anthropic.com)"
216.73.217.80 - - [20/May/2026:00:17:16 +0000] "GET /tag/avoid-shaving/feed/ HTTP/1.1" 200 3440 "-" "Mozilla/5.0 AppleWebKit/537.36 (KHTML, like Gecko; compatible; ClaudeBot/1.0; +claudebot@anthropic.com)"
184.94.212.206 - - [20/May/2026:00:17:18 +0000] "POST /wp-cron.php?doing_wp_cron=1779236238.6094710826873779296875 HTTP/1.1" 200 - "-" "WordPress/6.9.4; https://www.wrinkledskinrepair.com"
52.167.144.160 - - [20/May/2026:00:17:17 +0000] "GET /tag/anti-aging/ HTTP/1.1" 200 46322 "-" "Mozilla/5.0 AppleWebKit/537.36 (KHTML, like Gecko; compatible; bingbot/2.0; +http://www.bing.com/bingbot.htm) Chrome/116.0.1938.76 Safari/537.36"
216.73.217.80 - - [20/May/2026:00:17:32 +0000] "GET /tag/eliminate-excess/ HTTP/1.1" 200 45566 "-" "Mozilla/5.0 AppleWebKit/537.36 (KHTML, like Gecko; compatible; ClaudeBot/1.0; +claudebot@anthropic.com)"
216.73.217.80 - - [20/May/2026:00:17:33 +0000] "GET /?p=4744 HTTP/1.1" 301 - "-" "Mozilla/5.0 AppleWebKit/537.36 (KHTML, like Gecko; compatible; ClaudeBot/1.0; +claudebot@anthropic.com)"
216.73.217.80 - - [20/May/2026:00:17:34 +0000] "GET /?p=4745 HTTP/1.1" 301 - "-" "Mozilla/5.0 AppleWebKit/537.36 (KHTML, like Gecko; compatible; ClaudeBot/1.0; +claudebot@anthropic.com)"
216.73.217.80 - - [20/May/2026:00:17:34 +0000] "GET /2025/12/29/wrinkled-skin-on-hands-aging-signs-and-solutions-your-ultimate-guide-to-reversal/ HTTP/1.1" 200 56473 "https://www.wrinkledskinrepair.com/?p=4744" "Mozilla/5.0 AppleWebKit/537.36 (KHTML, like Gecko; compatible; ClaudeBot/1.0; +claudebot@anthropic.com)"
216.73.217.80 - - [20/May/2026:00:17:36 +0000] "GET /tag/moisturizing-cream/ HTTP/1.1" 200 46177 "-" "Mozilla/5.0 AppleWebKit/537.36 (KHTML, like Gecko; compatible; ClaudeBot/1.0; +claudebot@anthropic.com)"
216.73.217.80 - - [20/May/2026:00:17:36 +0000] "GET /2025/12/29/what-causes-wrinkled-skin-around-mouth-and-how-to-fix/ HTTP/1.1" 200 55012 "https://www.wrinkledskinrepair.com/?p=4745" "Mozilla/5.0 AppleWebKit/537.36 (KHTML, like Gecko; compatible; ClaudeBot/1.0; +claudebot@anthropic.com)"
216.73.217.80 - - [20/May/2026:00:17:41 +0000] "GET /?p=1172 HTTP/1.1" 301 - "-" "Mozilla/5.0 AppleWebKit/537.36 (KHTML, like Gecko; compatible; ClaudeBot/1.0; +claudebot@anthropic.com)"
216.73.217.80 - - [20/May/2026:00:17:42 +0000] "GET /tag/reduce-wrinkles/ HTTP/1.1" 200 47853 "-" "Mozilla/5.0 AppleWebKit/537.36 (KHTML, like Gecko; compatible; ClaudeBot/1.0; +claudebot@anthropic.com)"
216.73.217.80 - - [20/May/2026:00:17:42 +0000] "GET /2019/07/05/basic-skin-care-advice-that-will-bring-on-better-than-basic-skin/ HTTP/1.1" 200 53769 "https://www.wrinkledskinrepair.com/?p=1172" "Mozilla/5.0 AppleWebKit/537.36 (KHTML, like Gecko; compatible; ClaudeBot/1.0; +claudebot@anthropic.com)"
216.73.217.80 - - [20/May/2026:00:17:43 +0000] "GET /tag/properly-care/ HTTP/1.1" 200 46221 "-" "Mozilla/5.0 AppleWebKit/537.36 (KHTML, like Gecko; compatible; ClaudeBot/1.0; +claudebot@anthropic.com)"
216.73.217.80 - - [20/May/2026:00:17:44 +0000] "GET /category/wrinkle-removal/feed/ HTTP/1.1" 200 3814 "-" "Mozilla/5.0 AppleWebKit/537.36 (KHTML, like Gecko; compatible; ClaudeBot/1.0; +claudebot@anthropic.com)"
47.128.41.64 - - [20/May/2026:00:17:53 +0000] "GET /2019/03/31/an-excellent-guide-to-keeping-your-skin-in-tip-top-condition/ HTTP/1.1" 200 52881 "-" "Mozilla/5.0 (compatible; Bytespider; spider-feedback@bytedance.com) AppleWebKit/537.36 (KHTML, like Gecko) Chrome/70.0.0.0 Safari/537.36"
47.128.41.64 - - [20/May/2026:00:17:55 +0000] "GET /wp-content/themes/spa-and-salon/css/slick.min.css?ver=6.9.4 HTTP/1.1" 200 490 "https://www.wrinkledskinrepair.com/2019/03/31/an-excellent-guide-to-keeping-your-skin-in-tip-top-condition/" "Mozilla/5.0 (compatible; Bytespider; spider-feedback@bytedance.com) AppleWebKit/537.36 (KHTML, like Gecko) Chrome/70.0.0.0 Safari/537.36"
47.128.41.64 - - [20/May/2026:00:17:55 +0000] "GET /wp-content/themes/spa-and-salon/css/perfect-scrollbar.min.css?ver=6.9.4 HTTP/1.1" 200 494 "https://www.wrinkledskinrepair.com/2019/03/31/an-excellent-guide-to-keeping-your-skin-in-tip-top-condition/" "Mozilla/5.0 (compatible; Bytespider; spider-feedback@bytedance.com) AppleWebKit/537.36 (KHTML, like Gecko) Chrome/70.0.0.0 Safari/537.36"
47.128.41.64 - - [20/May/2026:00:17:55 +0000] "GET /wp-content/themes/medical-spa/style.css?ver=1.0.7 HTTP/1.1" 200 5745 "https://www.wrinkledskinrepair.com/2019/03/31/an-excellent-guide-to-keeping-your-skin-in-tip-top-condition/" "Mozilla/5.0 (compatible; Bytespider; spider-feedback@bytedance.com) AppleWebKit/537.36 (KHTML, like Gecko) Chrome/70.0.0.0 Safari/537.36"
47.128.41.64 - - [20/May/2026:00:17:55 +0000] "GET /wp-content/plugins/tablepress/css/build/default.css?ver=3.3 HTTP/1.1" 200 1767 "https://www.wrinkledskinrepair.com/2019/03/31/an-excellent-guide-to-keeping-your-skin-in-tip-top-condition/" "Mozilla/5.0 (compatible; Bytespider; spider-feedback@bytedance.com) AppleWebKit/537.36 (KHTML, like Gecko) Chrome/70.0.0.0 Safari/537.36"
47.128.41.64 - - [20/May/2026:00:17:55 +0000] "GET /wp-content/plugins/jetpack/jetpack_vendor/automattic/jetpack-classic-theme-helper/dist/responsive-videos/responsive-videos.css?minify=false&ver=1a16f71f21c6d197f51b HTTP/1.1" 200 101 "https://www.wrinkledskinrepair.com/2019/03/31/an-excellent-guide-to-keeping-your-skin-in-tip-top-condition/" "Mozilla/5.0 (compatible; Bytespider; spider-feedback@bytedance.com) AppleWebKit/537.36 (KHTML, like Gecko) Chrome/70.0.0.0 Safari/537.36"
216.73.217.80 - - [20/May/2026:00:17:56 +0000] "GET /tag/strong-smell/ HTTP/1.1" 200 45557 "-" "Mozilla/5.0 AppleWebKit/537.36 (KHTML, like Gecko; compatible; ClaudeBot/1.0; +claudebot@anthropic.com)"
216.73.217.80 - - [20/May/2026:00:17:56 +0000] "GET /tag/vitamin-b3/ HTTP/1.1" 200 48928 "-" "Mozilla/5.0 AppleWebKit/537.36 (KHTML, like Gecko; compatible; ClaudeBot/1.0; +claudebot@anthropic.com)"
216.73.217.80 - - [20/May/2026:00:17:57 +0000] "GET /blog/page/11/ HTTP/1.1" 200 50601 "-" "Mozilla/5.0 AppleWebKit/537.36 (KHTML, like Gecko; compatible; ClaudeBot/1.0; +claudebot@anthropic.com)"
216.73.217.80 - - [20/May/2026:00:17:58 +0000] "GET /tag/damaged-skin/feed/ HTTP/1.1" 200 18790 "-" "Mozilla/5.0 AppleWebKit/537.36 (KHTML, like Gecko; compatible; ClaudeBot/1.0; +claudebot@anthropic.com)"
184.94.212.206 - - [20/May/2026:00:18:10 +0000] "POST /wp-cron.php?doing_wp_cron=1779236290.2654950618743896484375 HTTP/1.1" 200 - "-" "WordPress/6.9.4; https://www.wrinkledskinrepair.com"
216.73.217.80 - - [20/May/2026:00:18:08 +0000] "GET /tag/beautiful-skin/ HTTP/1.1" 200 48925 "-" "Mozilla/5.0 AppleWebKit/537.36 (KHTML, like Gecko; compatible; ClaudeBot/1.0; +claudebot@anthropic.com)"
216.73.217.80 - - [20/May/2026:00:18:09 +0000] "GET /tag/skin-care-routine/ HTTP/1.1" 200 49362 "-" "Mozilla/5.0 AppleWebKit/537.36 (KHTML, like Gecko; compatible; ClaudeBot/1.0; +claudebot@anthropic.com)"
216.73.217.80 - - [20/May/2026:00:18:10 +0000] "GET /?p=1169 HTTP/1.1" 301 - "-" "Mozilla/5.0 AppleWebKit/537.36 (KHTML, like Gecko; compatible; ClaudeBot/1.0; +claudebot@anthropic.com)"
216.73.217.80 - - [20/May/2026:00:18:11 +0000] "GET /blog/page/15/ HTTP/1.1" 200 50194 "-" "Mozilla/5.0 AppleWebKit/537.36 (KHTML, like Gecko; compatible; ClaudeBot/1.0; +claudebot@anthropic.com)"
216.73.217.80 - - [20/May/2026:00:18:11 +0000] "GET /2019/07/04/skin-care-tips-everyone-must-try-once/ HTTP/1.1" 200 54032 "https://www.wrinkledskinrepair.com/?p=1169" "Mozilla/5.0 AppleWebKit/537.36 (KHTML, like Gecko; compatible; ClaudeBot/1.0; +claudebot@anthropic.com)"
184.94.212.206 - - [20/May/2026:00:18:21 +0000] "POST /wp-cron.php?doing_wp_cron=1779236301.1362659931182861328125 HTTP/1.1" 200 - "-" "WordPress/6.9.4; https://www.wrinkledskinrepair.com"
216.73.217.80 - - [20/May/2026:00:18:20 +0000] "GET /category/wrinkle-cream/face-cream/feed/ HTTP/1.1" 200 3447 "-" "Mozilla/5.0 AppleWebKit/537.36 (KHTML, like Gecko; compatible; ClaudeBot/1.0; +claudebot@anthropic.com)"
216.73.217.80 - - [20/May/2026:00:18:20 +0000] "GET /tag/healthy-skin/feed/ HTTP/1.1" 200 22494 "-" "Mozilla/5.0 AppleWebKit/537.36 (KHTML, like Gecko; compatible; ClaudeBot/1.0; +claudebot@anthropic.com)"
216.73.217.80 - - [20/May/2026:00:18:21 +0000] "GET /tag/oily-skin/feed/ HTTP/1.1" 200 25459 "-" "Mozilla/5.0 AppleWebKit/537.36 (KHTML, like Gecko; compatible; ClaudeBot/1.0; +claudebot@anthropic.com)"
216.73.217.80 - - [20/May/2026:00:18:22 +0000] "GET /tag/skin-happy/ HTTP/1.1" 200 45956 "-" "Mozilla/5.0 AppleWebKit/537.36 (KHTML, like Gecko; compatible; ClaudeBot/1.0; +claudebot@anthropic.com)"
216.73.217.80 - - [20/May/2026:00:18:42 +0000] "GET /tag/healthy-skin/page/2/ HTTP/1.1" 200 49595 "-" "Mozilla/5.0 AppleWebKit/537.36 (KHTML, like Gecko; compatible; ClaudeBot/1.0; +claudebot@anthropic.com)"
192.0.113.18 - - [20/May/2026:00:18:43 +0000] "GET /wp-content/uploads/2020/06/image-2.png HTTP/1.1" 200 896845 "-" "Photon/1.0"
216.73.217.80 - - [20/May/2026:00:18:44 +0000] "GET /tag/oily-skin/page/2/ HTTP/1.1" 200 49418 "-" "Mozilla/5.0 AppleWebKit/537.36 (KHTML, like Gecko; compatible; ClaudeBot/1.0; +claudebot@anthropic.com)"
192.0.113.113 - - [20/May/2026:00:18:44 +0000] "GET /wp-content/uploads/2019/07/55e0dd404354a414f6da8c7dda793278143fdef85254774b762a73d3974f_640.jpg HTTP/1.1" 404 131909 "-" "Photon/1.0"
216.73.217.80 - - [20/May/2026:00:18:41 +0000] "GET /2019/07/05/basic-skin-care-advice-that-will-bring-on-better-than-basic-skin/?amp=1 HTTP/1.1" 200 21647 "-" "Mozilla/5.0 AppleWebKit/537.36 (KHTML, like Gecko; compatible; ClaudeBot/1.0; +claudebot@anthropic.com)"
216.73.217.80 - - [20/May/2026:00:18:54 +0000] "GET /2019/07/16/basic-skin-care-tips-that-wont-break-the-bank/ HTTP/1.1" 200 53748 "-" "Mozilla/5.0 AppleWebKit/537.36 (KHTML, like Gecko; compatible; ClaudeBot/1.0; +claudebot@anthropic.com)"
216.73.217.80 - - [20/May/2026:00:18:54 +0000] "GET /2019/07/21/get-a-glowing-complexion-from-some-great-skin-care-advice/ HTTP/1.1" 200 58074 "-" "Mozilla/5.0 AppleWebKit/537.36 (KHTML, like Gecko; compatible; ClaudeBot/1.0; +claudebot@anthropic.com)"
216.73.217.80 - - [20/May/2026:00:18:56 +0000] "GET /2018/08/30/solid-skin-care-tips-that-wont-break-the-bank/ HTTP/1.1" 200 53648 "-" "Mozilla/5.0 AppleWebKit/537.36 (KHTML, like Gecko; compatible; ClaudeBot/1.0; +claudebot@anthropic.com)"
216.73.217.80 - - [20/May/2026:00:18:57 +0000] "GET /2019/06/16/beautiful-skin-is-yours-with-these-tips/ HTTP/1.1" 200 53565 "-" "Mozilla/5.0 AppleWebKit/537.36 (KHTML, like Gecko; compatible; ClaudeBot/1.0; +claudebot@anthropic.com)"
216.73.217.80 - - [20/May/2026:00:18:58 +0000] "GET /2019/06/23/get-great-skin-with-this-amazing-advice/ HTTP/1.1" 200 53355 "-" "Mozilla/5.0 AppleWebKit/537.36 (KHTML, like Gecko; compatible; ClaudeBot/1.0; +claudebot@anthropic.com)"
216.73.217.80 - - [20/May/2026:00:18:59 +0000] "GET /2019/02/06/simple-tips-to-help-you-get-healthy-skin-2/ HTTP/1.1" 200 53792 "-" "Mozilla/5.0 AppleWebKit/537.36 (KHTML, like Gecko; compatible; ClaudeBot/1.0; +claudebot@anthropic.com)"
216.73.217.80 - - [20/May/2026:00:19:11 +0000] "GET /2019/06/19/how-to-have-skin-that-simply-glows/ HTTP/1.1" 200 53383 "-" "Mozilla/5.0 AppleWebKit/537.36 (KHTML, like Gecko; compatible; ClaudeBot/1.0; +claudebot@anthropic.com)"
216.73.217.80 - - [20/May/2026:00:19:11 +0000] "GET /2019/06/22/these-great-skin-care-tips-can-change-your-life-2/ HTTP/1.1" 200 53142 "-" "Mozilla/5.0 AppleWebKit/537.36 (KHTML, like Gecko; compatible; ClaudeBot/1.0; +claudebot@anthropic.com)"
216.73.217.80 - - [20/May/2026:00:19:13 +0000] "GET /2019/06/21/you-dont-need-an-expensive-spa-with-these-skin-care-tips/ HTTP/1.1" 200 53444 "-" "Mozilla/5.0 AppleWebKit/537.36 (KHTML, like Gecko; compatible; ClaudeBot/1.0; +claudebot@anthropic.com)"
192.0.102.146 - - [20/May/2026:00:19:36 +0000] "HEAD / HTTP/1.1" 200 - "-" "jetmon/1.0 (Jetpack Site Uptime Monitor by WordPress.com)"
195.234.109.60 - - [20/May/2026:00:19:36 +0000] "GET /wp-content/uploads/2018/06/eb3db10920f5063ed1584d05fb1d4390e277e2c818b4134897f9c778aeea_640.jpg HTTP/1.1" 301 - "-" "Photon/1.0"
195.234.109.60 - - [20/May/2026:00:19:38 +0000] "GET /wp-content/uploads/2018/06/eb3db10920f5063ed1584d05fb1d4390e277e2c818b4134897f9c778aeea_640.jpg HTTP/1.1" 404 131909 "-" "Photon/1.0"
216.73.217.80 - - [20/May/2026:00:19:40 +0000] "GET /2018/09/05/no-need-for-an-expensive-skin-care-regimen-basic-advice-to-keep-skin-looking-great/ HTTP/1.1" 200 53359 "-" "Mozilla/5.0 AppleWebKit/537.36 (KHTML, like Gecko; compatible; ClaudeBot/1.0; +claudebot@anthropic.com)"
216.73.217.80 - - [20/May/2026:00:19:41 +0000] "GET /2018/08/16/how-to-keep-your-skin-healthy-and-beautiful/ HTTP/1.1" 200 53842 "-" "Mozilla/5.0 AppleWebKit/537.36 (KHTML, like Gecko; compatible; ClaudeBot/1.0; +claudebot@anthropic.com)"
216.73.217.80 - - [20/May/2026:00:19:44 +0000] "GET /2019/03/13/skin-care-advice-that-both-men-and-women-can-use/ HTTP/1.1" 200 53448 "-" "Mozilla/5.0 AppleWebKit/537.36 (KHTML, like Gecko; compatible; ClaudeBot/1.0; +claudebot@anthropic.com)"
216.73.217.80 - - [20/May/2026:00:19:44 +0000] "GET /2020/06/21/healthy-skin-with-the-use-of-these-great-tips/ HTTP/1.1" 200 53527 "-" "Mozilla/5.0 AppleWebKit/537.36 (KHTML, like Gecko; compatible; ClaudeBot/1.0; +claudebot@anthropic.com)"
192.0.113.210 - - [20/May/2026:00:19:45 +0000] "GET /wp-content/uploads/2019/07/55e1d1424251a414f6da8c7dda793278143fdef85254774b77287ad5974c_640.jpg HTTP/1.1" 404 131909 "-" "Photon/1.0"
216.73.217.80 - - [20/May/2026:00:19:42 +0000] "GET /2019/07/04/skin-care-tips-everyone-must-try-once/?amp=1 HTTP/1.1" 200 21649 "-" "Mozilla/5.0 AppleWebKit/537.36 (KHTML, like Gecko; compatible; ClaudeBot/1.0; +claudebot@anthropic.com)"
216.73.217.80 - - [20/May/2026:00:19:46 +0000] "GET /2019/07/15/take-care-of-your-skin-better-with-these-tips/ HTTP/1.1" 200 53830 "-" "Mozilla/5.0 AppleWebKit/537.36 (KHTML, like Gecko; compatible; ClaudeBot/1.0; +claudebot@anthropic.com)"
77.75.77.62 - - [20/May/2026:00:19:51 +0000] "GET /tag/healthy-skin/ HTTP/1.1" 200 49787 "-" "Mozilla/5.0 (compatible; SeznamBot/4.0; +https://o-seznam.cz/napoveda/vyhledavani/en/seznambot-crawler/)"
216.73.217.80 - - [20/May/2026:00:19:59 +0000] "GET /2025/12/29/what-causes-wrinkled-skin-around-mouth-and-how-to-fix/feed/ HTTP/1.1" 200 469 "-" "Mozilla/5.0 AppleWebKit/537.36 (KHTML, like Gecko; compatible; ClaudeBot/1.0; +claudebot@anthropic.com)"
216.73.217.80 - - [20/May/2026:00:19:59 +0000] "GET /2019/07/13/a-list-of-the-best-skin-care-tips/ HTTP/1.1" 200 53410 "-" "Mozilla/5.0 AppleWebKit/537.36 (KHTML, like Gecko; compatible; ClaudeBot/1.0; +claudebot@anthropic.com)"
216.73.217.80 - - [20/May/2026:00:20:00 +0000] "GET /2020/06/02/take-care-of-your-beautiful-skin-with-these-tips/ HTTP/1.1" 200 54481 "-" "Mozilla/5.0 AppleWebKit/537.36 (KHTML, like Gecko; compatible; ClaudeBot/1.0; +claudebot@anthropic.com)"
184.94.212.206 - - [20/May/2026:00:20:22 +0000] "POST /wp-cron.php?doing_wp_cron=1779236422.9327890872955322265625 HTTP/1.1" 200 - "-" "WordPress/6.9.4; https://www.wrinkledskinrepair.com"
216.73.217.80 - - [20/May/2026:00:20:21 +0000] "GET /2025/12/29/wrinkled-skin-on-hands-aging-signs-and-solutions-your-ultimate-guide-to-reversal/feed/ HTTP/1.1" 200 501 "-" "Mozilla/5.0 AppleWebKit/537.36 (KHTML, like Gecko; compatible; ClaudeBot/1.0; +claudebot@anthropic.com)"
216.73.217.80 - - [20/May/2026:00:20:22 +0000] "GET /2020/06/01/tips-for-maintaining-the-health-of-your-skin/ HTTP/1.1" 200 53079 "-" "Mozilla/5.0 AppleWebKit/537.36 (KHTML, like Gecko; compatible; ClaudeBot/1.0; +claudebot@anthropic.com)"
216.73.217.80 - - [20/May/2026:00:20:23 +0000] "GET /2020/06/29/interested-in-improving-the-appearance-of-your-skin-follow-these-hot-tips/ HTTP/1.1" 200 54896 "-" "Mozilla/5.0 AppleWebKit/537.36 (KHTML, like Gecko; compatible; ClaudeBot/1.0; +claudebot@anthropic.com)"
216.73.217.80 - - [20/May/2026:00:20:34 +0000] "GET /2025/12/29/what-causes-wrinkled-skin-around-mouth-and-how-to-fix/?amp=1 HTTP/1.1" 200 21918 "-" "Mozilla/5.0 AppleWebKit/537.36 (KHTML, like Gecko; compatible; ClaudeBot/1.0; +claudebot@anthropic.com)"
216.73.217.80 - - [20/May/2026:00:20:34 +0000] "GET /2025/12/29/wrinkled-skin-on-hands-aging-signs-and-solutions-your-ultimate-guide-to-reversal/?amp=1 HTTP/1.1" 200 23361 "-" "Mozilla/5.0 AppleWebKit/537.36 (KHTML, like Gecko; compatible; ClaudeBot/1.0; +claudebot@anthropic.com)"
216.73.217.80 - - [20/May/2026:00:20:36 +0000] "GET /2020/05/31/follow-these-tips-to-show-your-skin-you-care/ HTTP/1.1" 200 54423 "-" "Mozilla/5.0 AppleWebKit/537.36 (KHTML, like Gecko; compatible; ClaudeBot/1.0; +claudebot@anthropic.com)"
184.94.212.206 - - [20/May/2026:00:22:18 +0000] "POST /wp-cron.php?doing_wp_cron=1779236538.0643570423126220703125 HTTP/1.1" 200 - "-" "WordPress/6.9.4; https://www.wrinkledskinrepair.com"
195.234.109.182 - - [20/May/2026:00:22:16 +0000] "GET /wp-content/uploads/2020/05/keep_your_skin_healthy_and_beautiful_with_these_helpful_tips-1.jpg HTTP/1.1" 404 131895 "-" "Photon/1.0"
184.94.212.206 - - [20/May/2026:00:23:39 +0000] "POST /wp-cron.php?doing_wp_cron=1779236619.0113239288330078125000 HTTP/1.1" 200 - "-" "WordPress/6.9.4; https://www.wrinkledskinrepair.com"
101.32.15.141 - - [20/May/2026:00:23:37 +0000] "GET /store/ HTTP/1.1" 200 46307 "-" "Mozilla/5.0 (iPhone; CPU iPhone OS 13_2_3 like Mac OS X) AppleWebKit/605.1.15 (KHTML, like Gecko) Version/13.0.3 Mobile/15E148 Safari/604.1"
66.249.92.38 - - [20/May/2026:00:24:04 +0000] "GET /wp-content/plugins/jetpack/jetpack_vendor/automattic/jetpack-classic-theme-helper/dist/responsive-videos/responsive-videos.js?minify=false&ver=1a16f71f21c6d197f51b HTTP/1.1" 200 645 "https://www.wrinkledskinrepair.com/2025/11/08/best-creams-over-50/" "Mozilla/5.0"
66.249.92.37 - - [20/May/2026:00:24:06 +0000] "GET /wp-content/themes/spa-and-salon/js/perfect-scrollbar.min.js?ver=1.0.7 HTTP/1.1" 200 5954 "https://www.wrinkledskinrepair.com/2025/11/08/best-creams-over-50/" "Mozilla/5.0"
66.249.92.39 - - [20/May/2026:00:24:06 +0000] "GET /wp-content/themes/spa-and-salon/js/custom.min.js?ver=1.0.7 HTTP/1.1" 200 567 "https://www.wrinkledskinrepair.com/2025/11/08/best-creams-over-50/" "Mozilla/5.0"
66.249.92.38 - - [20/May/2026:00:24:06 +0000] "GET /wp-content/plugins/google-site-kit/dist/assets/js/googlesitekit-consent-mode-da15714e8829855bb7ce.js HTTP/1.1" 200 25462 "https://www.wrinkledskinrepair.com/2025/11/08/best-creams-over-50/" "Mozilla/5.0"
66.249.92.37 - - [20/May/2026:00:24:07 +0000] "GET /wp-content/plugins/wp-consent-api/assets/js/wp-consent-api.min.js?ver=2.0.1 HTTP/1.1" 200 822 "https://www.wrinkledskinrepair.com/2025/11/08/best-creams-over-50/" "Mozilla/5.0"
66.249.92.38 - - [20/May/2026:00:24:07 +0000] "GET /wp-content/plugins/jetpack/_inc/blocks/subscriptions/view.js?minify=false&ver=15.8 HTTP/1.1" 200 2286 "https://www.wrinkledskinrepair.com/2025/11/08/best-creams-over-50/" "Mozilla/5.0"
66.249.92.37 - - [20/May/2026:00:24:08 +0000] "GET /wp-content/themes/spa-and-salon/images/bg-quote.png HTTP/1.1" 200 1207 "https://www.wrinkledskinrepair.com/wp-content/themes/spa-and-salon/style.css?ver=6.9.4" "Mozilla/5.0"
66.249.92.37 - - [20/May/2026:00:24:08 +0000] "POST /wp-admin/admin-ajax.php HTTP/1.1" 200 62 "https://www.wrinkledskinrepair.com/2025/11/08/best-creams-over-50/" "Mozilla/5.0"
66.249.92.38 - - [20/May/2026:00:24:10 +0000] "GET /2025/11/08/best-creams-over-50/?relatedposts=1 HTTP/1.1" 200 1380 "https://www.wrinkledskinrepair.com/2025/11/08/best-creams-over-50/" "Mozilla/5.0"
184.94.212.206 - - [20/May/2026:00:24:18 +0000] "POST /wp-cron.php?doing_wp_cron=1779236658.3548409938812255859375 HTTP/1.1" 200 - "-" "WordPress/6.9.4; https://www.wrinkledskinrepair.com"
52.154.22.63 - - [20/May/2026:00:24:17 +0000] "GET / HTTP/1.1" 301 - "-" "Mozilla/5.0 AppleWebKit/537.36 (KHTML, like Gecko); compatible; ChatGPT-User/1.0; +https://openai.com/bot"
52.154.22.53 - - [20/May/2026:00:24:18 +0000] "GET / HTTP/1.1" 200 47730 "-" "Mozilla/5.0 AppleWebKit/537.36 (KHTML, like Gecko); compatible; ChatGPT-User/1.0; +https://openai.com/bot"
114.119.143.101 - - [20/May/2026:00:24:32 +0000] "GET /2019/07/10/have-perfect-skin-again-with-these-tips HTTP/1.1" 301 - "https://www.wrinkledskinrepair.com/2019/07/09/beautiful-tips-for-having-healthier-skin-now" "Mozilla/5.0 (Linux; Android 7.0;) AppleWebKit/537.36 (HTML, like Gecko) Mobile Safari/537.36 (compatible; PetalBot;+https://webmaster.petalsearch.com/site/petalbot)"
114.119.143.101 - - [20/May/2026:00:24:34 +0000] "GET /2019/07/10/have-perfect-skin-again-with-these-tips/ HTTP/1.1" 200 53574 "https://www.wrinkledskinrepair.com/2019/07/09/beautiful-tips-for-having-healthier-skin-now" "Mozilla/5.0 (Linux; Android 7.0;) AppleWebKit/537.36 (HTML, like Gecko) Mobile Safari/537.36 (compatible; PetalBot;+https://webmaster.petalsearch.com/site/petalbot)"
192.0.102.146 - - [20/May/2026:00:24:35 +0000] "HEAD / HTTP/1.1" 200 - "-" "jetmon/1.0 (Jetpack Site Uptime Monitor by WordPress.com)"
184.94.212.206 - - [20/May/2026:00:25:36 +0000] "POST /wp-cron.php?doing_wp_cron=1779236736.1908309459686279296875 HTTP/1.1" 200 - "-" "WordPress/6.9.4; https://www.wrinkledskinrepair.com"
14.185.230.138 - - [20/May/2026:00:25:34 +0000] "GET /wrinkle-cream/list-of-good-anti-wrinkle-creams/ HTTP/1.1" 301 - "-" "Mozilla/5.0 (Windows NT 10.0; Win64; x64) AppleWebKit/537.36 (KHTML, like Gecko) Chrome/133.0.6943.98 Safari/537.36"
82.36.124.16 - - [20/May/2026:00:25:43 +0000] "GET /2013/06/08/list-of-good-anti-wrinkle-creams/ HTTP/1.1" 200 52266 "-" "Mozilla/5.0 (Windows NT 10.0; Win64; x64) AppleWebKit/537.36 (KHTML, like Gecko) Chrome/133.0.6943.98 Safari/537.36"
184.94.212.206 - - [20/May/2026:00:26:47 +0000] "POST /wp-cron.php?doing_wp_cron=1779236807.7644460201263427734375 HTTP/1.1" 200 - "-" "WordPress/6.9.4; https://www.wrinkledskinrepair.com"
182.1.4.27 - - [20/May/2026:00:26:46 +0000] "GET /2019/03/21/tips-to-keep-your-skin-beautiful-and-glowing/?share=x HTTP/1.1" 302 - "-" "Mozilla/5.0 (Macintosh; Intel Mac OS X 12_7_3) AppleWebKit/537.36 (KHTML, like Gecko) Chrome/124.0.6367.82 Safari/537.36"
195.234.109.72 - - [20/May/2026:00:26:58 +0000] "GET /wp-content/uploads/2020/04/the_right_advice_to_cut_through_your_skin_care_confusion-1.jpg HTTP/1.1" 404 131867 "-" "Photon/1.0"
43.135.145.77 - - [20/May/2026:00:29:39 +0000] "GET / HTTP/1.1" 200 47730 "http://www.wrinkledskinrepair.com" "Mozilla/5.0 (iPhone; CPU iPhone OS 13_2_3 like Mac OS X) AppleWebKit/605.1.15 (KHTML, like Gecko) Version/13.0.3 Mobile/15E148 Safari/604.1"
184.94.212.206 - - [20/May/2026:00:29:44 +0000] "POST /wp-cron.php?doing_wp_cron=1779236984.3660230636596679687500 HTTP/1.1" 200 - "-" "WordPress/6.9.4; https://www.wrinkledskinrepair.com"
192.0.102.146 - - [20/May/2026:00:29:43 +0000] "HEAD / HTTP/1.1" 200 - "-" "jetmon/1.0 (Jetpack Site Uptime Monitor by WordPress.com)"
184.94.212.206 - - [20/May/2026:00:30:07 +0000] "POST /wp-cron.php?doing_wp_cron=1779237007.4017059803009033203125 HTTP/1.1" 200 - "-" "WordPress/6.9.4; https://www.wrinkledskinrepair.com"
66.249.92.38 - - [20/May/2026:00:30:00 +0000] "POST /wp-admin/admin-ajax.php HTTP/1.1" 200 62 "https://www.wrinkledskinrepair.com/2025/11/08/best-creams-over-50/" "Mozilla/5.0"
184.94.212.206 - - [20/May/2026:00:30:40 +0000] "POST /wp-cron.php?doing_wp_cron=1779237040.3464488983154296875000 HTTP/1.1" 200 - "-" "WordPress/6.9.4; https://www.wrinkledskinrepair.com"
47.128.42.12 - - [20/May/2026:00:30:39 +0000] "GET /blog/ HTTP/1.1" 200 53043 "-" "Mozilla/5.0 (Linux; Android 5.0) AppleWebKit/537.36 (KHTML, like Gecko) Mobile Safari/537.36 (compatible; Bytespider; spider-feedback@bytedance.com)"
47.128.42.12 - - [20/May/2026:00:30:41 +0000] "GET /wp-content/themes/spa-and-salon/style.css?ver=6.9.4 HTTP/1.1" 200 13994 "https://www.wrinkledskinrepair.com/blog/" "Mozilla/5.0 (Linux; Android 5.0) AppleWebKit/537.36 (KHTML, like Gecko) Mobile Safari/537.36 (compatible; Bytespider; spider-feedback@bytedance.com)"
47.128.42.12 - - [20/May/2026:00:30:41 +0000] "GET /wp-content/themes/medical-spa/style.css?ver=1.0.7 HTTP/1.1" 200 5745 "https://www.wrinkledskinrepair.com/blog/" "Mozilla/5.0 (Linux; Android 5.0) AppleWebKit/537.36 (KHTML, like Gecko) Mobile Safari/537.36 (compatible; Bytespider; spider-feedback@bytedance.com)"
47.128.42.12 - - [20/May/2026:00:30:41 +0000] "GET /wp-content/themes/spa-and-salon/css/slick.min.css?ver=6.9.4 HTTP/1.1" 200 490 "https://www.wrinkledskinrepair.com/blog/" "Mozilla/5.0 (Linux; Android 5.0) AppleWebKit/537.36 (KHTML, like Gecko) Mobile Safari/537.36 (compatible; Bytespider; spider-feedback@bytedance.com)"
47.128.42.12 - - [20/May/2026:00:30:41 +0000] "GET /wp-content/themes/spa-and-salon/css/perfect-scrollbar.min.css?ver=6.9.4 HTTP/1.1" 200 494 "https://www.wrinkledskinrepair.com/blog/" "Mozilla/5.0 (Linux; Android 5.0) AppleWebKit/537.36 (KHTML, like Gecko) Mobile Safari/537.36 (compatible; Bytespider; spider-feedback@bytedance.com)"
47.128.42.12 - - [20/May/2026:00:30:41 +0000] "GET /wp-content/plugins/tablepress/css/build/default.css?ver=3.3 HTTP/1.1" 200 1767 "https://www.wrinkledskinrepair.com/blog/" "Mozilla/5.0 (Linux; Android 5.0) AppleWebKit/537.36 (KHTML, like Gecko) Mobile Safari/537.36 (compatible; Bytespider; spider-feedback@bytedance.com)"
47.128.42.12 - - [20/May/2026:00:30:41 +0000] "GET /wp-content/plugins/recent-posts-widget-with-thumbnails/public.css?ver=7.1.1 HTTP/1.1" 200 487 "https://www.wrinkledskinrepair.com/blog/" "Mozilla/5.0 (Linux; Android 5.0) AppleWebKit/537.36 (KHTML, like Gecko) Mobile Safari/537.36 (compatible; Bytespider; spider-feedback@bytedance.com)"
47.128.42.12 - - [20/May/2026:00:30:41 +0000] "GET /wp-content/plugins/jetpack/_inc/blocks/subscriptions/view.css?minify=false&ver=15.8 HTTP/1.1" 200 1072 "https://www.wrinkledskinrepair.com/blog/" "Mozilla/5.0 (Linux; Android 5.0) AppleWebKit/537.36 (KHTML, like Gecko) Mobile Safari/537.36 (compatible; Bytespider; spider-feedback@bytedance.com)"
184.94.212.206 - - [20/May/2026:00:31:37 +0000] "POST /wp-cron.php?doing_wp_cron=1779237096.9683620929718017578125 HTTP/1.1" 200 - "-" "WordPress/6.9.4; https://www.wrinkledskinrepair.com"
66.249.92.39 - - [20/May/2026:00:31:35 +0000] "GET /2025/11/08/best-creams-over-50/ HTTP/1.1" 200 56607 "-" "Mediapartners-Google"
184.94.212.206 - - [20/May/2026:00:33:37 +0000] "POST /wp-cron.php?doing_wp_cron=1779237217.0937409400939941406250 HTTP/1.1" 200 - "-" "WordPress/6.9.4; https://www.wrinkledskinrepair.com"
66.249.66.203 - - [20/May/2026:00:33:35 +0000] "GET /2025/11/08/best-creams-over-50/?amp=1 HTTP/1.1" 200 22890 "-" "Mozilla/5.0 (Linux; Android 6.0.1; Nexus 5X Build/MMB29P) AppleWebKit/537.36 (KHTML, like Gecko) Chrome/148.0.7778.96 Mobile Safari/537.36 (compatible; Googlebot/2.1; +http://www.google.com/bot.html)"
66.249.66.204 - - [20/May/2026:00:33:41 +0000] "GET /wp-content/themes/spa-and-salon/css/slick.min.css?ver=6.9.4 HTTP/1.1" 200 490 "https://www.wrinkledskinrepair.com/2025/11/08/best-creams-over-50/" "Mediapartners-Google"
66.249.66.165 - - [20/May/2026:00:33:43 +0000] "GET /wp-content/plugins/complianz-gdpr/assets/css/cookieblocker.min.css?ver=1741710170 HTTP/1.1" 200 723 "https://www.wrinkledskinrepair.com/2025/11/08/best-creams-over-50/" "Mediapartners-Google"
66.249.66.37 - - [20/May/2026:00:33:46 +0000] "GET /wp-content/themes/medical-spa/style.css?ver=1.0.7 HTTP/1.1" 200 5745 "https://www.wrinkledskinrepair.com/2025/11/08/best-creams-over-50/" "Mediapartners-Google"
66.249.66.37 - - [20/May/2026:00:33:48 +0000] "GET /wp-content/themes/spa-and-salon/js/slick.min.js?ver=2.6.0 HTTP/1.1" 200 10445 "https://www.wrinkledskinrepair.com/2025/11/08/best-creams-over-50/" "Mediapartners-Google"
66.249.66.37 - - [20/May/2026:00:33:50 +0000] "GET /wp-content/themes/spa-and-salon/js/perfect-scrollbar.min.js?ver=1.0.7 HTTP/1.1" 200 5954 "https://www.wrinkledskinrepair.com/2025/11/08/best-creams-over-50/" "Mediapartners-Google"
66.249.66.37 - - [20/May/2026:00:33:53 +0000] "GET /wp-content/themes/spa-and-salon/js/custom.min.js?ver=1.0.7 HTTP/1.1" 200 567 "https://www.wrinkledskinrepair.com/2025/11/08/best-creams-over-50/" "Mediapartners-Google"
66.249.66.203 - - [20/May/2026:00:33:57 +0000] "GET /2025/11/08/best-creams-over-50/?relatedposts=1 HTTP/1.1" 200 1380 "https://www.wrinkledskinrepair.com/2025/11/08/best-creams-over-50/" "Mediapartners-Google"
66.249.66.203 - - [20/May/2026:00:33:59 +0000] "POST /wp-admin/admin-ajax.php HTTP/1.1" 200 62 "https://www.wrinkledskinrepair.com/2025/11/08/best-creams-over-50/" "Mediapartners-Google"
66.249.66.37 - - [20/May/2026:00:34:16 +0000] "GET /wp-content/uploads/logo.png HTTP/1.1" 404 41275 "-" "Googlebot-Image/1.0"
184.94.212.206 - - [20/May/2026:00:34:18 +0000] "POST /wp-cron.php?doing_wp_cron=1779237258.7128200531005859375000 HTTP/1.1" 200 - "-" "WordPress/6.9.4; https://www.wrinkledskinrepair.com"
66.249.66.37 - - [20/May/2026:00:34:17 +0000] "GET /wp-content/uploads/jade-emerson.jpg HTTP/1.1" 404 41278 "-" "Googlebot-Image/1.0"
66.249.66.37 - - [20/May/2026:00:34:18 +0000] "GET /2025/11/08/best-creams-over-50/ HTTP/1.1" 200 56607 "-" "Googlebot-Image/1.0"
43.159.138.217 - - [20/May/2026:00:34:19 +0000] "GET /adsense-disclaimer/ HTTP/1.1" 200 47869 "-" "Mozilla/5.0 (iPhone; CPU iPhone OS 13_2_3 like Mac OS X) AppleWebKit/605.1.15 (KHTML, like Gecko) Version/13.0.3 Mobile/15E148 Safari/604.1"
184.94.212.206 - - [20/May/2026:00:34:42 +0000] "POST /wp-cron.php?doing_wp_cron=1779237282.1083080768585205078125 HTTP/1.1" 200 - "-" "WordPress/6.9.4; https://www.wrinkledskinrepair.com"
114.119.143.101 - - [20/May/2026:00:34:40 +0000] "GET /2019/07/09/beautiful-tips-for-having-healthier-skin-now/ HTTP/1.1" 200 53953 "https://www.wrinkledskinrepair.com/category/wrinkle-treatment/page/2" "Mozilla/5.0 (Linux; Android 7.0;) AppleWebKit/537.36 (HTML, like Gecko) Mobile Safari/537.36 (compatible; PetalBot;+https://webmaster.petalsearch.com/site/petalbot)"
192.0.102.146 - - [20/May/2026:00:34:42 +0000] "HEAD / HTTP/1.1" 200 - "-" "jetmon/1.0 (Jetpack Site Uptime Monitor by WordPress.com)"
195.234.109.12 - - [20/May/2026:00:38:05 +0000] "GET /wp-content/uploads/2018/10/e835b50628f3013ed1584d05fb1d4390e277e2c818b415419df1c979a3eb_640.jpg HTTP/1.1" 301 - "-" "Photon/1.0"
195.234.109.12 - - [20/May/2026:00:38:06 +0000] "GET /wp-content/uploads/2018/10/e835b50628f3013ed1584d05fb1d4390e277e2c818b415419df1c979a3eb_640.jpg HTTP/1.1" 404 131909 "-" "Photon/1.0"
184.94.212.206 - - [20/May/2026:00:39:40 +0000] "POST /wp-cron.php?doing_wp_cron=1779237580.2668750286102294921875 HTTP/1.1" 200 - "-" "WordPress/6.9.4; https://www.wrinkledskinrepair.com"
192.0.102.146 - - [20/May/2026:00:39:38 +0000] "HEAD / HTTP/1.1" 200 - "-" "jetmon/1.0 (Jetpack Site Uptime Monitor by WordPress.com)"
184.94.212.206 - - [20/May/2026:00:41:18 +0000] "POST /wp-cron.php?doing_wp_cron=1779237678.1249361038208007812500 HTTP/1.1" 200 - "-" "WordPress/6.9.4; https://www.wrinkledskinrepair.com"
195.234.109.178 - - [20/May/2026:00:41:16 +0000] "GET /wp-content/uploads/2020/04/tips_to_keep_your_skin_care_routine_simple-1.jpg HTTP/1.1" 404 131769 "-" "Photon/1.0"
184.94.212.206 - - [20/May/2026:00:43:02 +0000] "POST /wp-cron.php?doing_wp_cron=1779237782.0245149135589599609375 HTTP/1.1" 200 - "-" "WordPress/6.9.4; https://www.wrinkledskinrepair.com"
77.75.77.62 - - [20/May/2026:00:43:00 +0000] "GET /tag/damaged-skin/ HTTP/1.1" 200 48570 "-" "Mozilla/5.0 (compatible; SeznamBot/4.0; +https://o-seznam.cz/napoveda/vyhledavani/en/seznambot-crawler/)"
184.94.212.206 - - [20/May/2026:00:43:23 +0000] "POST /wp-cron.php?doing_wp_cron=1779237803.6980249881744384765625 HTTP/1.1" 200 - "-" "WordPress/6.9.4; https://www.wrinkledskinrepair.com"
119.28.100.147 - - [20/May/2026:00:43:22 +0000] "GET /2025/10/27/best-retinol-creams-under-50/ HTTP/1.1" 200 58056 "-" "Mozilla/5.0 (iPhone; CPU iPhone OS 13_2_3 like Mac OS X) AppleWebKit/605.1.15 (KHTML, like Gecko) Version/13.0.3 Mobile/15E148 Safari/604.1"
195.234.109.214 - - [20/May/2026:00:43:50 +0000] "GET /wp-content/uploads/2020/04/ideas_for_getting_and_keeping_perfect_skin.jpg HTTP/1.1" 301 - "-" "Photon/1.0"
195.234.109.214 - - [20/May/2026:00:43:51 +0000] "GET /wp-content/uploads/2020/04/ideas_for_getting_and_keeping_perfect_skin.jpg HTTP/1.1" 404 131755 "-" "Photon/1.0"
184.94.212.206 - - [20/May/2026:00:44:43 +0000] "POST /wp-cron.php?doing_wp_cron=1779237883.6284298896789550781250 HTTP/1.1" 200 - "-" "WordPress/6.9.4; https://www.wrinkledskinrepair.com"
192.0.102.146 - - [20/May/2026:00:44:41 +0000] "HEAD / HTTP/1.1" 200 - "-" "jetmon/1.0 (Jetpack Site Uptime Monitor by WordPress.com)"
66.249.66.38 - - [20/May/2026:00:44:49 +0000] "GET /about/ HTTP/1.1" 200 47974 "-" "Mozilla/5.0 (Linux; Android 6.0.1; Nexus 5X Build/MMB29P) AppleWebKit/537.36 (KHTML, like Gecko) Chrome/148.0.7778.96 Mobile Safari/537.36 (compatible; Googlebot/2.1; +http://www.google.com/bot.html)"
114.119.146.179 - - [20/May/2026:00:44:57 +0000] "GET /2019/06/29/top-helpful-skin-care-tips-for-everyone-2?share=facebook HTTP/1.1" 302 - "https://www.wrinkledskinrepair.com/2019/06/29/top-helpful-skin-care-tips-for-everyone-2?share=facebook" "Mozilla/5.0 (Linux; Android 7.0;) AppleWebKit/537.36 (HTML, like Gecko) Mobile Safari/537.36 (compatible; PetalBot;+https://webmaster.petalsearch.com/site/petalbot)"
195.234.109.70 - - [20/May/2026:00:48:44 +0000] "GET /wp-content/uploads/2019/06/54e7d5404e53ab14f6da8c7dda793278143fdef852547748722c7ad09f4d_640.jpg HTTP/1.1" 404 131909 "-" "Photon/1.0"
176.120.22.46 - - [20/May/2026:00:49:36 +0000] "GET / HTTP/1.1" 301 - "http://wrinkledskinrepair.com/" "Mozilla/5.0 (Windows NT 10.0; Win64; x64; rv:147.0) Gecko/20100101 Firefox/147.0"
192.0.102.146 - - [20/May/2026:00:49:37 +0000] "HEAD / HTTP/1.1" 200 - "-" "jetmon/1.0 (Jetpack Site Uptime Monitor by WordPress.com)"
176.120.22.46 - - [20/May/2026:00:49:38 +0000] "GET / HTTP/1.1" 200 47730 "http://wrinkledskinrepair.com/" "Mozilla/5.0 (Windows NT 10.0; Win64; x64; rv:147.0) Gecko/20100101 Firefox/147.0"
176.120.22.46 - - [20/May/2026:00:49:45 +0000] "GET /wp-includes/ HTTP/1.1" 404 41268 "https://www.wrinkledskinrepair.com/wp-includes/" "Mozilla/5.0 (Windows NT 10.0; Win64; x64; rv:147.0) Gecko/20100101 Firefox/147.0"
184.94.212.206 - - [20/May/2026:00:51:21 +0000] "POST /wp-cron.php?doing_wp_cron=1779238281.3322410583496093750000 HTTP/1.1" 200 - "-" "WordPress/6.9.4; https://www.wrinkledskinrepair.com"
195.234.109.16 - - [20/May/2026:00:51:19 +0000] "GET /wp-content/uploads/2020/05/fight_the_signs_of_aging_with_these_skin_care_tips-1.jpg HTTP/1.1" 404 131825 "-" "Photon/1.0"
47.128.41.83 - - [20/May/2026:00:51:57 +0000] "GET /blog/ HTTP/1.1" 200 53043 "-" "Mozilla/5.0 (Linux; Android 5.0) AppleWebKit/537.36 (KHTML, like Gecko) Mobile Safari/537.36 (compatible; Bytespider; spider-feedback@bytedance.com)"
47.128.41.83 - - [20/May/2026:00:52:00 +0000] "GET /wp-content/themes/spa-and-salon/css/slick.min.css?ver=6.9.4 HTTP/1.1" 200 490 "https://www.wrinkledskinrepair.com/blog/" "Mozilla/5.0 (Linux; Android 5.0) AppleWebKit/537.36 (KHTML, like Gecko) Mobile Safari/537.36 (compatible; Bytespider; spider-feedback@bytedance.com)"
47.128.41.83 - - [20/May/2026:00:52:00 +0000] "GET /wp-content/themes/medical-spa/style.css?ver=1.0.7 HTTP/1.1" 200 5745 "https://www.wrinkledskinrepair.com/blog/" "Mozilla/5.0 (Linux; Android 5.0) AppleWebKit/537.36 (KHTML, like Gecko) Mobile Safari/537.36 (compatible; Bytespider; spider-feedback@bytedance.com)"
47.128.41.83 - - [20/May/2026:00:52:00 +0000] "GET /wp-content/themes/spa-and-salon/css/perfect-scrollbar.min.css?ver=6.9.4 HTTP/1.1" 200 494 "https://www.wrinkledskinrepair.com/blog/" "Mozilla/5.0 (Linux; Android 5.0) AppleWebKit/537.36 (KHTML, like Gecko) Mobile Safari/537.36 (compatible; Bytespider; spider-feedback@bytedance.com)"
47.128.41.83 - - [20/May/2026:00:52:00 +0000] "GET /wp-content/plugins/recent-posts-widget-with-thumbnails/public.css?ver=7.1.1 HTTP/1.1" 200 487 "https://www.wrinkledskinrepair.com/blog/" "Mozilla/5.0 (Linux; Android 5.0) AppleWebKit/537.36 (KHTML, like Gecko) Mobile Safari/537.36 (compatible; Bytespider; spider-feedback@bytedance.com)"
47.128.41.83 - - [20/May/2026:00:52:01 +0000] "GET /wp-content/plugins/jetpack/_inc/blocks/subscriptions/view.css?minify=false&ver=15.8 HTTP/1.1" 200 1072 "https://www.wrinkledskinrepair.com/blog/" "Mozilla/5.0 (Linux; Android 5.0) AppleWebKit/537.36 (KHTML, like Gecko) Mobile Safari/537.36 (compatible; Bytespider; spider-feedback@bytedance.com)"
195.234.109.102 - - [20/May/2026:00:54:14 +0000] "GET /wp-content/uploads/2020/05/care_for_your_skin_by_following_these_tips.jpg HTTP/1.1" 301 - "-" "Photon/1.0"
184.94.212.206 - - [20/May/2026:00:54:18 +0000] "POST /wp-cron.php?doing_wp_cron=1779238458.0867440700531005859375 HTTP/1.1" 200 - "-" "WordPress/6.9.4; https://www.wrinkledskinrepair.com"
195.234.109.102 - - [20/May/2026:00:54:16 +0000] "GET /wp-content/uploads/2020/05/care_for_your_skin_by_following_these_tips.jpg HTTP/1.1" 404 131755 "-" "Photon/1.0"
124.156.200.4 - - [20/May/2026:00:54:28 +0000] "GET /ftc-statement/ HTTP/1.1" 200 47566 "-" "Mozilla/5.0 (iPhone; CPU iPhone OS 13_2_3 like Mac OS X) AppleWebKit/605.1.15 (KHTML, like Gecko) Version/13.0.3 Mobile/15E148 Safari/604.1"
192.0.102.146 - - [20/May/2026:00:54:36 +0000] "HEAD / HTTP/1.1" 200 - "-" "jetmon/1.0 (Jetpack Site Uptime Monitor by WordPress.com)"
184.94.212.206 - - [20/May/2026:00:54:44 +0000] "POST /wp-cron.php?doing_wp_cron=1779238484.4478299617767333984375 HTTP/1.1" 200 - "-" "WordPress/6.9.4; https://www.wrinkledskinrepair.com"
114.119.144.64 - - [20/May/2026:00:54:43 +0000] "GET /2019/06/27/tips-and-tricks-for-healthy-youthful-skin-2?share=facebook HTTP/1.1" 302 - "https://www.wrinkledskinrepair.com/2019/06/27/tips-and-tricks-for-healthy-youthful-skin-2?share=facebook" "Mozilla/5.0 (Linux; Android 7.0;) AppleWebKit/537.36 (HTML, like Gecko) Mobile Safari/537.36 (compatible; PetalBot;+https://webmaster.petalsearch.com/site/petalbot)"
202.76.136.63 - - [20/May/2026:00:55:36 +0000] "GET /tag/jasmine-extract HTTP/1.1" 301 - "-" "Mozilla/5.0 (Macintosh; Intel Mac OS X 11.2; rv:136.0) Gecko/20100101 Firefox/136.0"
146.174.172.170 - - [20/May/2026:00:55:38 +0000] "GET /tag/jasmine-extract/ HTTP/1.1" 200 49496 "-" "Mozilla/5.0 (Macintosh; Intel Mac OS X 11.2; rv:136.0) Gecko/20100101 Firefox/136.0"
184.94.212.206 - - [20/May/2026:00:58:09 +0000] "POST /wp-cron.php?doing_wp_cron=1779238689.3499269485473632812500 HTTP/1.1" 200 - "-" "WordPress/6.9.4; https://www.wrinkledskinrepair.com"
