76.13.213.76 - - [20/May/2026:00:58:07 +0000] "GET /wp-login.php HTTP/1.1" 200 3321 "-" "Mozilla/5.0 (Windows NT 10.0) AppleWebKit/537.36 (KHTML, like Gecko) Chrome/133.0.0.0 Safari/537.36"
76.13.213.76 - - [20/May/2026:00:58:10 +0000] "POST /wp-login.php HTTP/1.1" 401 1466 "https://www.wrinkledskinrepair.com/wp-login.php" "Mozilla/5.0 (Windows NT 10.0) AppleWebKit/537.36 (KHTML, like Gecko) Chrome/133.0.0.0 Safari/537.36"
40.116.73.211 - - [20/May/2026:00:58:10 +0000] "GET / HTTP/1.1" 301 - "-" "Mozilla/5.0 AppleWebKit/537.36 (KHTML, like Gecko); compatible; ChatGPT-User/1.0; +https://openai.com/bot"
40.116.73.221 - - [20/May/2026:00:58:11 +0000] "GET / HTTP/1.1" 200 47730 "-" "Mozilla/5.0 AppleWebKit/537.36 (KHTML, like Gecko); compatible; ChatGPT-User/1.0; +https://openai.com/bot"
184.94.212.206 - - [20/May/2026:00:58:26 +0000] "POST /wp-cron.php?doing_wp_cron=1779238706.3214581012725830078125 HTTP/1.1" 200 - "-" "WordPress/6.9.4; https://www.wrinkledskinrepair.com"
216.73.217.80 - - [20/May/2026:00:58:25 +0000] "GET /robots.txt HTTP/1.1" 200 127 "-" "Mozilla/5.0 AppleWebKit/537.36 (KHTML, like Gecko; compatible; ClaudeBot/1.0; +claudebot@anthropic.com)"
216.73.217.80 - - [20/May/2026:00:58:26 +0000] "GET /tag/stop-smoking/ HTTP/1.1" 200 45949 "-" "Mozilla/5.0 AppleWebKit/537.36 (KHTML, like Gecko; compatible; ClaudeBot/1.0; +claudebot@anthropic.com)"
216.73.217.80 - - [20/May/2026:00:58:27 +0000] "GET /tag/taking-care/ HTTP/1.1" 200 47046 "-" "Mozilla/5.0 AppleWebKit/537.36 (KHTML, like Gecko; compatible; ClaudeBot/1.0; +claudebot@anthropic.com)"
216.73.217.80 - - [20/May/2026:00:58:28 +0000] "GET /tag/germicidal-soaps/ HTTP/1.1" 200 45925 "-" "Mozilla/5.0 AppleWebKit/537.36 (KHTML, like Gecko; compatible; ClaudeBot/1.0; +claudebot@anthropic.com)"
216.73.217.80 - - [20/May/2026:00:58:32 +0000] "GET /?p=1220 HTTP/1.1" 301 - "-" "Mozilla/5.0 AppleWebKit/537.36 (KHTML, like Gecko; compatible; ClaudeBot/1.0; +claudebot@anthropic.com)"
216.73.217.80 - - [20/May/2026:00:58:33 +0000] "GET /?p=1205 HTTP/1.1" 301 - "-" "Mozilla/5.0 AppleWebKit/537.36 (KHTML, like Gecko; compatible; ClaudeBot/1.0; +claudebot@anthropic.com)"
216.73.217.80 - - [20/May/2026:00:58:33 +0000] "GET /2019/07/21/get-a-glowing-complexion-from-some-great-skin-care-advice/ HTTP/1.1" 200 58073 "https://www.wrinkledskinrepair.com/?p=1220" "Mozilla/5.0 AppleWebKit/537.36 (KHTML, like Gecko; compatible; ClaudeBot/1.0; +claudebot@anthropic.com)"
216.73.217.80 - - [20/May/2026:00:58:34 +0000] "GET /2019/07/16/basic-skin-care-tips-that-wont-break-the-bank/ HTTP/1.1" 200 53750 "https://www.wrinkledskinrepair.com/?p=1205" "Mozilla/5.0 AppleWebKit/537.36 (KHTML, like Gecko; compatible; ClaudeBot/1.0; +claudebot@anthropic.com)"
216.73.217.80 - - [20/May/2026:00:58:35 +0000] "GET /?p=393 HTTP/1.1" 301 - "-" "Mozilla/5.0 AppleWebKit/537.36 (KHTML, like Gecko; compatible; ClaudeBot/1.0; +claudebot@anthropic.com)"
216.73.217.80 - - [20/May/2026:00:58:36 +0000] "GET /2018/08/30/solid-skin-care-tips-that-wont-break-the-bank/ HTTP/1.1" 200 53647 "https://www.wrinkledskinrepair.com/?p=393" "Mozilla/5.0 AppleWebKit/537.36 (KHTML, like Gecko; compatible; ClaudeBot/1.0; +claudebot@anthropic.com)"
216.73.217.80 - - [20/May/2026:00:58:51 +0000] "GET /tag/properly-care/feed/ HTTP/1.1" 200 5304 "-" "Mozilla/5.0 AppleWebKit/537.36 (KHTML, like Gecko; compatible; ClaudeBot/1.0; +claudebot@anthropic.com)"
216.73.217.80 - - [20/May/2026:00:58:51 +0000] "GET /?p=1136 HTTP/1.1" 301 - "-" "Mozilla/5.0 AppleWebKit/537.36 (KHTML, like Gecko; compatible; ClaudeBot/1.0; +claudebot@anthropic.com)"
216.73.217.80 - - [20/May/2026:00:58:54 +0000] "GET /2019/06/23/get-great-skin-with-this-amazing-advice/ HTTP/1.1" 200 53355 "https://www.wrinkledskinrepair.com/?p=1136" "Mozilla/5.0 AppleWebKit/537.36 (KHTML, like Gecko; compatible; ClaudeBot/1.0; +claudebot@anthropic.com)"
216.73.217.80 - - [20/May/2026:00:58:55 +0000] "GET /tag/pay-attention/ HTTP/1.1" 200 46982 "-" "Mozilla/5.0 AppleWebKit/537.36 (KHTML, like Gecko; compatible; ClaudeBot/1.0; +claudebot@anthropic.com)"
216.73.217.80 - - [20/May/2026:00:58:57 +0000] "GET /tag/short-term-wrinkle-solutions/ HTTP/1.1" 200 45867 "-" "Mozilla/5.0 AppleWebKit/537.36 (KHTML, like Gecko; compatible; ClaudeBot/1.0; +claudebot@anthropic.com)"
216.73.217.80 - - [20/May/2026:00:58:57 +0000] "GET /blog/page/16/ HTTP/1.1" 200 50105 "-" "Mozilla/5.0 AppleWebKit/537.36 (KHTML, like Gecko; compatible; ClaudeBot/1.0; +claudebot@anthropic.com)"
216.73.217.80 - - [20/May/2026:00:58:58 +0000] "GET /tag/stress-levels/ HTTP/1.1" 200 46254 "-" "Mozilla/5.0 AppleWebKit/537.36 (KHTML, like Gecko; compatible; ClaudeBot/1.0; +claudebot@anthropic.com)"
195.234.109.64 - - [20/May/2026:00:59:24 +0000] "GET /wp-content/uploads/2019/07/55e1d1424251a414f6da8c7dda793278143fdef85254774b77287ad5974c_640.jpg HTTP/1.1" 404 131909 "-" "Photon/1.0"
216.73.217.80 - - [20/May/2026:00:59:27 +0000] "GET /tag/facial-skin/ HTTP/1.1" 200 46597 "-" "Mozilla/5.0 AppleWebKit/537.36 (KHTML, like Gecko; compatible; ClaudeBot/1.0; +claudebot@anthropic.com)"
216.73.217.80 - - [20/May/2026:00:59:28 +0000] "GET /blog/page/10/ HTTP/1.1" 200 50002 "-" "Mozilla/5.0 AppleWebKit/537.36 (KHTML, like Gecko; compatible; ClaudeBot/1.0; +claudebot@anthropic.com)"
216.73.217.80 - - [20/May/2026:00:59:29 +0000] "GET /tag/reduce-wrinkles/feed/ HTTP/1.1" 200 13237 "-" "Mozilla/5.0 AppleWebKit/537.36 (KHTML, like Gecko; compatible; ClaudeBot/1.0; +claudebot@anthropic.com)"
216.73.217.80 - - [20/May/2026:00:59:31 +0000] "GET /tag/strong-smell/feed/ HTTP/1.1" 200 3344 "-" "Mozilla/5.0 AppleWebKit/537.36 (KHTML, like Gecko; compatible; ClaudeBot/1.0; +claudebot@anthropic.com)"
216.73.217.80 - - [20/May/2026:00:59:31 +0000] "GET /tag/vitamin-b3/feed/ HTTP/1.1" 200 20374 "-" "Mozilla/5.0 AppleWebKit/537.36 (KHTML, like Gecko; compatible; ClaudeBot/1.0; +claudebot@anthropic.com)"
192.0.102.146 - - [20/May/2026:00:59:36 +0000] "HEAD / HTTP/1.1" 200 - "-" "jetmon/1.0 (Jetpack Site Uptime Monitor by WordPress.com)"
77.75.77.62 - - [20/May/2026:00:59:45 +0000] "GET /tag/avoid-shaving/ HTTP/1.1" 200 45495 "-" "Mozilla/5.0 (compatible; SeznamBot/4.0; +https://o-seznam.cz/napoveda/vyhledavani/en/seznambot-crawler/)"
216.73.217.80 - - [20/May/2026:00:59:48 +0000] "GET /tag/vitamin-b3/page/2/ HTTP/1.1" 200 48631 "-" "Mozilla/5.0 AppleWebKit/537.36 (KHTML, like Gecko; compatible; ClaudeBot/1.0; +claudebot@anthropic.com)"
216.73.217.80 - - [20/May/2026:00:59:49 +0000] "GET /tag/itchy-skin/ HTTP/1.1" 200 45867 "-" "Mozilla/5.0 AppleWebKit/537.36 (KHTML, like Gecko; compatible; ClaudeBot/1.0; +claudebot@anthropic.com)"
184.94.212.206 - - [20/May/2026:01:00:18 +0000] "POST /wp-cron.php?doing_wp_cron=1779238818.4483640193939208984375 HTTP/1.1" 200 - "-" "WordPress/6.9.4; https://www.wrinkledskinrepair.com"
216.73.217.80 - - [20/May/2026:01:00:17 +0000] "GET /tag/skin-happy/feed/ HTTP/1.1" 200 2539 "-" "Mozilla/5.0 AppleWebKit/537.36 (KHTML, like Gecko; compatible; ClaudeBot/1.0; +claudebot@anthropic.com)"
216.73.217.80 - - [20/May/2026:01:00:16 +0000] "GET /2019/06/03/use-these-tips-to-get-a-glowing-complexion/ HTTP/1.1" 200 53508 "-" "Mozilla/5.0 AppleWebKit/537.36 (KHTML, like Gecko; compatible; ClaudeBot/1.0; +claudebot@anthropic.com)"
216.73.217.80 - - [20/May/2026:01:00:18 +0000] "GET /2020/03/26/tend-to-your-skin-with-these-tips/ HTTP/1.1" 200 54565 "-" "Mozilla/5.0 AppleWebKit/537.36 (KHTML, like Gecko; compatible; ClaudeBot/1.0; +claudebot@anthropic.com)"
216.73.217.80 - - [20/May/2026:01:00:19 +0000] "GET /2019/02/13/advice-for-skin-care-that-will-help-keep-you-looking-great/ HTTP/1.1" 200 53882 "-" "Mozilla/5.0 AppleWebKit/537.36 (KHTML, like Gecko; compatible; ClaudeBot/1.0; +claudebot@anthropic.com)"
216.73.217.80 - - [20/May/2026:01:00:55 +0000] "GET /2019/05/19/skin-care-secrets-that-you-probably-didnt-know-about/ HTTP/1.1" 200 53443 "-" "Mozilla/5.0 AppleWebKit/537.36 (KHTML, like Gecko; compatible; ClaudeBot/1.0; +claudebot@anthropic.com)"
216.73.217.80 - - [20/May/2026:01:00:55 +0000] "GET /2019/05/24/confused-about-skin-care-use-these-great-tips/ HTTP/1.1" 200 54050 "-" "Mozilla/5.0 AppleWebKit/537.36 (KHTML, like Gecko; compatible; ClaudeBot/1.0; +claudebot@anthropic.com)"
216.73.217.80 - - [20/May/2026:01:01:02 +0000] "GET /2020/03/28/give-your-skin-some-tlc-with-these-tips-3/ HTTP/1.1" 200 54544 "-" "Mozilla/5.0 AppleWebKit/537.36 (KHTML, like Gecko; compatible; ClaudeBot/1.0; +claudebot@anthropic.com)"
216.73.217.80 - - [20/May/2026:01:01:02 +0000] "GET /2017/06/08/modern-approaches-to-skin-wrinkle-treatment/ HTTP/1.1" 200 56350 "-" "Mozilla/5.0 AppleWebKit/537.36 (KHTML, like Gecko; compatible; ClaudeBot/1.0; +claudebot@anthropic.com)"
192.0.118.114 - - [20/May/2026:01:01:10 +0000] "GET /wp-content/uploads/2020/05/amazing_skin_care_advice_you_should_follow-1.jpg HTTP/1.1" 404 131769 "-" "Photon/1.0"
192.0.112.210 - - [20/May/2026:01:01:11 +0000] "GET /wp-content/uploads/2020/03/Wrinkled-Skin-Repair.jpg HTTP/1.1" 301 - "-" "Photon/1.0"
192.0.116.50 - - [20/May/2026:01:01:12 +0000] "GET /wp-content/uploads/2018/08/ea37b60f2af1023ed1584d05fb1d4390e277e2c818b4124493f6c178a2ef_640.png HTTP/1.1" 301 - "-" "Photon/1.0"
192.0.112.210 - - [20/May/2026:01:01:12 +0000] "GET /wp-content/uploads/2020/03/Wrinkled-Skin-Repair.jpg HTTP/1.1" 404 131601 "-" "Photon/1.0"
216.73.217.80 - - [20/May/2026:01:01:08 +0000] "GET /2019/07/21/get-a-glowing-complexion-from-some-great-skin-care-advice/?amp=1 HTTP/1.1" 200 21500 "-" "Mozilla/5.0 AppleWebKit/537.36 (KHTML, like Gecko; compatible; ClaudeBot/1.0; +claudebot@anthropic.com)"
192.0.116.50 - - [20/May/2026:01:01:13 +0000] "GET /wp-content/uploads/2018/08/ea37b60f2af1023ed1584d05fb1d4390e277e2c818b4124493f6c178a2ef_640.png HTTP/1.1" 404 131909 "-" "Photon/1.0"
216.73.217.80 - - [20/May/2026:01:01:09 +0000] "GET /2018/08/30/solid-skin-care-tips-that-wont-break-the-bank/?amp=1 HTTP/1.1" 200 21372 "-" "Mozilla/5.0 AppleWebKit/537.36 (KHTML, like Gecko; compatible; ClaudeBot/1.0; +claudebot@anthropic.com)"
184.94.212.206 - - [20/May/2026:01:01:24 +0000] "POST /wp-cron.php?doing_wp_cron=1779238884.1458120346069335937500 HTTP/1.1" 200 - "-" "WordPress/6.9.4; https://www.wrinkledskinrepair.com"
216.73.217.80 - - [20/May/2026:01:01:22 +0000] "GET /2020/03/26/skin-care-tips-to-keep-you-looking-your-best/ HTTP/1.1" 200 52339 "-" "Mozilla/5.0 AppleWebKit/537.36 (KHTML, like Gecko; compatible; ClaudeBot/1.0; +claudebot@anthropic.com)"
216.73.217.80 - - [20/May/2026:01:01:22 +0000] "GET /2017/06/08/natural-ways-to-go-about-wrinkle-reduction-and-prevention/ HTTP/1.1" 200 52596 "-" "Mozilla/5.0 AppleWebKit/537.36 (KHTML, like Gecko; compatible; ClaudeBot/1.0; +claudebot@anthropic.com)"
216.73.217.80 - - [20/May/2026:01:01:43 +0000] "GET /2019/05/23/some-bright-ideas-for-healthier-skin-now/ HTTP/1.1" 200 53272 "-" "Mozilla/5.0 AppleWebKit/537.36 (KHTML, like Gecko; compatible; ClaudeBot/1.0; +claudebot@anthropic.com)"
216.73.217.80 - - [20/May/2026:01:01:42 +0000] "GET /2019/01/09/no-need-to-pay-to-see-an-expensive-dermatoligst-use-this-great-advice-2/ HTTP/1.1" 200 53839 "-" "Mozilla/5.0 AppleWebKit/537.36 (KHTML, like Gecko; compatible; ClaudeBot/1.0; +claudebot@anthropic.com)"
23.234.106.102 - - [20/May/2026:01:01:43 +0000] "GET / HTTP/1.1" 301 - "-" "Mozilla/5.0 (Macintosh; Intel Mac OS X 10_15_7) AppleWebKit/537.36 (KHTML, like Gecko) Chrome/146.0.0.0 Safari/537.36"
23.234.106.102 - - [20/May/2026:01:01:46 +0000] "GET / HTTP/1.1" 200 47730 "-" "Mozilla/5.0 (Macintosh; Intel Mac OS X 10_15_7) AppleWebKit/537.36 (KHTML, like Gecko) Chrome/146.0.0.0 Safari/537.36"
167.99.182.39 - - [20/May/2026:01:02:34 +0000] "GET / HTTP/1.1" 500 2431 "-" "Mozilla/5.0 (l9scan/2.0.630323e2231323e24393e2438313; +https://leakix.net)"
206.189.225.181 - - [20/May/2026:01:02:35 +0000] "GET / HTTP/1.1" 500 2431 "-" "Mozilla/5.0 (l9scan/2.0.630323e2231323e24393e2438313; +https://leakix.net)"
103.4.251.120 - - [20/May/2026:01:02:23 +0000] "GET / HTTP/1.1" 500 1004 "-" "Mozilla/5.0 (Windows NT 10.0; Win64; x64) AppleWebKit/537.36 (KHTML, like Gecko) Chrome/131.0.0.0 Safari/537.36"
167.99.182.39 - - [20/May/2026:01:02:36 +0000] "GET /console/ HTTP/1.1" 500 1004 "-" "Mozilla/5.0 (l9scan/2.0.630323e2231323e24393e2438313; +https://leakix.net)"
104.164.126.223 - - [20/May/2026:01:02:23 +0000] "GET / HTTP/1.1" 500 1004 "-" "Mozilla/5.0 (X11; Linux x86_64) AppleWebKit/537.36 (KHTML, like Gecko) Chrome/130.0.0.0 Safari/537.36"
206.189.225.181 - - [20/May/2026:01:02:36 +0000] "GET /console/ HTTP/1.1" 500 1004 "-" "Mozilla/5.0 (l9scan/2.0.630323e2231323e24393e2438313; +https://leakix.net)"
167.99.182.39 - - [20/May/2026:01:02:37 +0000] "GET /server HTTP/1.1" 500 1004 "-" "Mozilla/5.0 (l9scan/2.0.630323e2231323e24393e2438313; +https://leakix.net)"
206.189.225.181 - - [20/May/2026:01:02:37 +0000] "GET /server HTTP/1.1" 500 1004 "-" "Mozilla/5.0 (l9scan/2.0.630323e2231323e24393e2438313; +https://leakix.net)"
167.99.182.39 - - [20/May/2026:01:02:38 +0000] "GET /server-status HTTP/1.1" 500 1004 "-" "Mozilla/5.0 (l9scan/2.0.630323e2231323e24393e2438313; +https://leakix.net)"
206.189.225.181 - - [20/May/2026:01:02:38 +0000] "GET /server-status HTTP/1.1" 500 1004 "-" "Mozilla/5.0 (l9scan/2.0.630323e2231323e24393e2438313; +https://leakix.net)"
216.73.217.80 - - [20/May/2026:01:01:58 +0000] "GET /2019/06/23/get-great-skin-with-this-amazing-advice/?amp=1 HTTP/1.1" 500 1104 "-" "Mozilla/5.0 AppleWebKit/537.36 (KHTML, like Gecko; compatible; ClaudeBot/1.0; +claudebot@anthropic.com)"
216.73.217.80 - - [20/May/2026:01:01:59 +0000] "GET /2019/05/20/skin-care-tips-that-your-mom-never-told-you/ HTTP/1.1" 500 1064 "-" "Mozilla/5.0 AppleWebKit/537.36 (KHTML, like Gecko; compatible; ClaudeBot/1.0; +claudebot@anthropic.com)"
216.73.217.80 - - [20/May/2026:01:02:04 +0000] "GET /2020/05/03/amazing-skin-care-advice-you-should-follow-2/ HTTP/1.1" 503 428 "-" "Mozilla/5.0 AppleWebKit/537.36 (KHTML, like Gecko; compatible; ClaudeBot/1.0; +claudebot@anthropic.com)"
216.73.217.80 - - [20/May/2026:01:02:05 +0000] "GET /2019/06/14/skin-care-that-actually-works-how-you-want-it-to/ HTTP/1.1" 503 428 "-" "Mozilla/5.0 AppleWebKit/537.36 (KHTML, like Gecko; compatible; ClaudeBot/1.0; +claudebot@anthropic.com)"
167.99.182.39 - - [20/May/2026:01:02:40 +0000] "GET /about HTTP/1.1" 503 428 "-" "Mozilla/5.0 (l9scan/2.0.630323e2231323e24393e2438313; +https://leakix.net)"
167.99.182.39 - - [20/May/2026:01:02:42 +0000] "GET /login.action HTTP/1.1" 503 428 "-" "Mozilla/5.0 (l9scan/2.0.630323e2231323e24393e2438313; +https://leakix.net)"
206.189.225.181 - - [20/May/2026:01:02:42 +0000] "GET /login.action HTTP/1.1" 503 428 "-" "Mozilla/5.0 (l9scan/2.0.630323e2231323e24393e2438313; +https://leakix.net)"
43.130.9.111 - - [20/May/2026:01:03:59 +0000] "GET /tag/looking-skin/ HTTP/1.1" 500 1004 "-" "Mozilla/5.0 (iPhone; CPU iPhone OS 13_2_3 like Mac OS X) AppleWebKit/605.1.15 (KHTML, like Gecko) Version/13.0.3 Mobile/15E148 Safari/604.1"
206.189.225.181 - - [20/May/2026:01:02:49 +0000] "GET /___proxy_subdomain_whm/login HTTP/1.1" 500 1036 "-" "Mozilla/5.0 (l9scan/2.0.630323e2231323e24393e2438313; +https://leakix.net)"
216.73.217.80 - - [20/May/2026:01:02:52 +0000] "GET /?p=3906 HTTP/1.1" 500 1036 "-" "Mozilla/5.0 AppleWebKit/537.36 (KHTML, like Gecko; compatible; ClaudeBot/1.0; +claudebot@anthropic.com)"
167.99.182.39 - - [20/May/2026:01:02:45 +0000] "GET / HTTP/1.1" 500 1064 "-" "Mozilla/5.0 (l9scan/2.0.630323e2231323e24393e2438313; +https://leakix.net)"
206.189.225.181 - - [20/May/2026:01:04:12 +0000] "GET /trace.axd HTTP/1.1" 500 1004 "-" "Mozilla/5.0 (l9scan/2.0.630323e2231323e24393e2438313; +https://leakix.net)"
167.99.182.39 - - [20/May/2026:01:04:12 +0000] "GET /trace.axd HTTP/1.1" 500 1004 "-" "Mozilla/5.0 (l9scan/2.0.630323e2231323e24393e2438313; +https://leakix.net)"
104.252.191.93 - - [20/May/2026:01:02:48 +0000] "GET / HTTP/1.1" 500 1075 "-" "Mozilla/5.0 (Macintosh; Intel Mac OS X 10_15_7) AppleWebKit/537.36 (KHTML, like Gecko) Chrome/131.0.0.0 Safari/537.36"
206.189.225.181 - - [20/May/2026:01:02:45 +0000] "GET / HTTP/1.1" 500 1075 "-" "Mozilla/5.0 (l9scan/2.0.630323e2231323e24393e2438313; +https://leakix.net)"
167.99.182.39 - - [20/May/2026:01:02:48 +0000] "GET /___proxy_subdomain_whm/login HTTP/1.1" 500 1075 "-" "Mozilla/5.0 (l9scan/2.0.630323e2231323e24393e2438313; +https://leakix.net)"
206.189.225.181 - - [20/May/2026:01:02:40 +0000] "GET /about HTTP/1.1" 500 1064 "-" "Mozilla/5.0 (l9scan/2.0.630323e2231323e24393e2438313; +https://leakix.net)"
206.189.225.181 - - [20/May/2026:01:04:14 +0000] "GET /@vite/env HTTP/1.1" 301 - "-" "Mozilla/5.0 (l9scan/2.0.630323e2231323e24393e2438313; +https://leakix.net)"
184.94.212.206 - - [20/May/2026:01:04:25 +0000] "POST /wp-cron.php?doing_wp_cron=1779239065.1440770626068115234375 HTTP/1.1" 200 - "-" "WordPress/6.9.4; https://www.wrinkledskinrepair.com"
167.99.182.39 - - [20/May/2026:01:04:14 +0000] "GET /@vite/env HTTP/1.1" 404 41286 "-" "Mozilla/5.0 (l9scan/2.0.630323e2231323e24393e2438313; +https://leakix.net)"
167.99.182.39 - - [20/May/2026:01:04:16 +0000] "GET /.vscode/sftp.json HTTP/1.1" 404 41294 "-" "Mozilla/5.0 (l9scan/2.0.630323e2231323e24393e2438313; +https://leakix.net)"
206.189.225.181 - - [20/May/2026:01:04:16 +0000] "GET /.vscode/sftp.json HTTP/1.1" 301 - "-" "Mozilla/5.0 (l9scan/2.0.630323e2231323e24393e2438313; +https://leakix.net)"
206.189.225.181 - - [20/May/2026:01:04:20 +0000] "OPTIONS / HTTP/1.1" 200 47747 "-" "Mozilla/5.0 (l9scan/2.0.630323e2231323e24393e2438313; +https://leakix.net)"
167.99.182.39 - - [20/May/2026:01:04:19 +0000] "OPTIONS / HTTP/1.1" 200 47749 "-" "Mozilla/5.0 (l9scan/2.0.630323e2231323e24393e2438313; +https://leakix.net)"
167.99.182.39 - - [20/May/2026:01:04:22 +0000] "GET /?rest_route=/wp/v2/users/ HTTP/1.1" 401 110 "-" "Mozilla/5.0 (l9scan/2.0.630323e2231323e24393e2438313; +https://leakix.net)"
206.189.225.181 - - [20/May/2026:01:04:22 +0000] "GET /?rest_route=/wp/v2/users/ HTTP/1.1" 401 110 "-" "Mozilla/5.0 (l9scan/2.0.630323e2231323e24393e2438313; +https://leakix.net)"
167.99.182.39 - - [20/May/2026:01:04:25 +0000] "GET /debug/default/view?panel=config HTTP/1.1" 404 41298 "-" "Mozilla/5.0 (l9scan/2.0.630323e2231323e24393e2438313; +https://leakix.net)"
206.189.225.181 - - [20/May/2026:01:04:25 +0000] "GET /debug/default/view?panel=config HTTP/1.1" 301 - "-" "Mozilla/5.0 (l9scan/2.0.630323e2231323e24393e2438313; +https://leakix.net)"
34.123.170.104 - - [20/May/2026:01:04:32 +0000] "GET / HTTP/1.1" 301 - "-" "Mozilla/5.0 (X11; Linux x86_64) AppleWebKit/537.36 (KHTML, like Gecko) Chrome/125.0.0.0 Safari/537.36"
184.94.212.206 - - [20/May/2026:01:04:43 +0000] "POST /wp-cron.php?doing_wp_cron=1779239083.6972448825836181640625 HTTP/1.1" 200 - "-" "WordPress/6.9.4; https://www.wrinkledskinrepair.com"
192.0.102.146 - - [20/May/2026:01:04:42 +0000] "HEAD / HTTP/1.1" 200 - "-" "jetmon/1.0 (Jetpack Site Uptime Monitor by WordPress.com)"
216.73.217.80 - - [20/May/2026:01:04:51 +0000] "GET /?p=1202 HTTP/1.1" 301 - "-" "Mozilla/5.0 AppleWebKit/537.36 (KHTML, like Gecko; compatible; ClaudeBot/1.0; +claudebot@anthropic.com)"
114.119.144.64 - - [20/May/2026:01:04:52 +0000] "GET /2019/06/25/basic-skin-care-tips-that-will-work-for-any-skin-type?share=facebook HTTP/1.1" 302 - "https://www.wrinkledskinrepair.com/2019/06/25/basic-skin-care-tips-that-will-work-for-any-skin-type" "Mozilla/5.0 (Linux; Android 7.0;) AppleWebKit/537.36 (HTML, like Gecko) Mobile Safari/537.36 (compatible; PetalBot;+https://webmaster.petalsearch.com/site/petalbot)"
216.73.217.80 - - [20/May/2026:01:04:52 +0000] "GET /2019/07/15/take-care-of-your-skin-better-with-these-tips/ HTTP/1.1" 200 53831 "https://www.wrinkledskinrepair.com/?p=1202" "Mozilla/5.0 AppleWebKit/537.36 (KHTML, like Gecko; compatible; ClaudeBot/1.0; +claudebot@anthropic.com)"
65.78.6.168 - - [20/May/2026:01:04:59 +0000] "GET /2018/12/09/everything-you-ever-wanted-to-know-about-taking-care-of-your-skin/?share=x HTTP/1.1" 302 - "-" "Mozilla/5.0 (Macintosh; Intel Mac OS X 13_3_0) AppleWebKit/537.36 (KHTML, like Gecko) Chrome/128.0.6613.84 Safari/537.36"
184.94.212.206 - - [20/May/2026:01:05:11 +0000] "POST /wp-cron.php?doing_wp_cron=1779239111.2439639568328857421875 HTTP/1.1" 200 - "-" "WordPress/6.9.4; https://www.wrinkledskinrepair.com"
34.118.60.86 - - [20/May/2026:01:05:10 +0000] "GET / HTTP/1.1" 301 - "-" "Mozilla/5.0 (iPhone13,2; U; CPU iPhone OS 14_0 like Mac OS X) AppleWebKit/602.1.50 (KHTML, like Gecko) Version/10.0 Mobile/15E148 Safari/602.1"
184.94.212.206 - - [20/May/2026:01:05:18 +0000] "POST /wp-cron.php?doing_wp_cron=1779239118.4195799827575683593750 HTTP/1.1" 200 - "-" "WordPress/6.9.4; https://www.wrinkledskinrepair.com"
34.118.60.86 - - [20/May/2026:01:05:16 +0000] "GET / HTTP/1.1" 200 47730 "-" "Mozilla/5.0 (iPhone13,2; U; CPU iPhone OS 14_0 like Mac OS X) AppleWebKit/602.1.50 (KHTML, like Gecko) Version/10.0 Mobile/15E148 Safari/602.1"
192.0.116.146 - - [20/May/2026:01:05:18 +0000] "GET /wp-content/uploads/2020/05/keep_your_skin_at_its_best_with_this_advice-1.jpg HTTP/1.1" 404 131776 "-" "Photon/1.0"
192.0.116.146 - - [20/May/2026:01:05:19 +0000] "GET /wp-content/uploads/2019/03/ef3db50d2df21c22d2524518b7494097e377ffd41cb4134593f5c57aae_640.jpg HTTP/1.1" 301 - "-" "Photon/1.0"
192.0.118.50 - - [20/May/2026:01:05:19 +0000] "GET /wp-content/uploads/2020/05/an_easy_skin_care_routine_can_change_your_life-1.jpg HTTP/1.1" 404 131797 "-" "Photon/1.0"
192.0.114.20 - - [20/May/2026:01:05:20 +0000] "GET /wp-content/uploads/2020/06/healthy_skin_with_the_use_of_these_great_tips.jpg HTTP/1.1" 301 - "-" "Photon/1.0"
192.0.116.146 - - [20/May/2026:01:05:20 +0000] "GET /wp-content/uploads/2019/03/ef3db50d2df21c22d2524518b7494097e377ffd41cb4134593f5c57aae_640.jpg HTTP/1.1" 404 131895 "-" "Photon/1.0"
184.94.212.206 - - [20/May/2026:01:05:22 +0000] "POST /wp-cron.php?doing_wp_cron=1779239121.9983479976654052734375 HTTP/1.1" 200 - "-" "WordPress/6.9.4; https://www.wrinkledskinrepair.com"
216.73.217.80 - - [20/May/2026:01:05:16 +0000] "GET /2019/03/13/skin-care-advice-that-both-men-and-women-can-use/?amp=1 HTTP/1.1" 200 21220 "-" "Mozilla/5.0 AppleWebKit/537.36 (KHTML, like Gecko; compatible; ClaudeBot/1.0; +claudebot@anthropic.com)"
192.0.114.20 - - [20/May/2026:01:05:21 +0000] "GET /wp-content/uploads/2020/06/healthy_skin_with_the_use_of_these_great_tips.jpg HTTP/1.1" 404 131776 "-" "Photon/1.0"
216.73.217.80 - - [20/May/2026:01:05:17 +0000] "GET /2020/06/21/healthy-skin-with-the-use-of-these-great-tips/?amp=1 HTTP/1.1" 200 21295 "-" "Mozilla/5.0 AppleWebKit/537.36 (KHTML, like Gecko; compatible; ClaudeBot/1.0; +claudebot@anthropic.com)"
216.73.217.80 - - [20/May/2026:01:05:22 +0000] "GET /2018/05/27/beautiful-skin-starts-with-great-skin-care/ HTTP/1.1" 200 53922 "-" "Mozilla/5.0 AppleWebKit/537.36 (KHTML, like Gecko; compatible; ClaudeBot/1.0; +claudebot@anthropic.com)"
216.73.217.80 - - [20/May/2026:01:05:23 +0000] "GET /?p=873 HTTP/1.1" 301 - "-" "Mozilla/5.0 AppleWebKit/537.36 (KHTML, like Gecko; compatible; ClaudeBot/1.0; +claudebot@anthropic.com)"
216.73.217.80 - - [20/May/2026:01:05:24 +0000] "GET /2019/03/13/skin-care-advice-that-both-men-and-women-can-use/ HTTP/1.1" 200 53448 "https://www.wrinkledskinrepair.com/?p=873" "Mozilla/5.0 AppleWebKit/537.36 (KHTML, like Gecko; compatible; ClaudeBot/1.0; +claudebot@anthropic.com)"
195.234.109.16 - - [20/May/2026:01:05:27 +0000] "GET /wp-content/uploads/2025/10/best-retinol-creams-under-50.webp HTTP/1.1" 200 241652 "-" "Photon/1.0"
195.234.109.82 - - [20/May/2026:01:05:27 +0000] "GET /wp-content/uploads/2020/08/pexels-photo-3738349.jpeg HTTP/1.1" 200 129287 "-" "Photon/1.0"
34.118.60.86 - - [20/May/2026:01:05:31 +0000] "GET /wp-content/plugins/complianz-gdpr/assets/css/cookieblocker.min.css?ver=1741710170 HTTP/1.1" 200 723 "https://www.wrinkledskinrepair.com/" "Mozilla/5.0 (iPhone13,2; U; CPU iPhone OS 14_0 like Mac OS X) AppleWebKit/602.1.50 (KHTML, like Gecko) Version/10.0 Mobile/15E148 Safari/602.1"
34.118.60.86 - - [20/May/2026:01:05:32 +0000] "GET /wp-content/themes/spa-and-salon/style.css?ver=6.9.4 HTTP/1.1" 200 13994 "https://www.wrinkledskinrepair.com/" "Mozilla/5.0 (iPhone13,2; U; CPU iPhone OS 14_0 like Mac OS X) AppleWebKit/602.1.50 (KHTML, like Gecko) Version/10.0 Mobile/15E148 Safari/602.1"
34.118.60.86 - - [20/May/2026:01:05:32 +0000] "GET /wp-content/themes/medical-spa/style.css?ver=1.0.7 HTTP/1.1" 200 5745 "https://www.wrinkledskinrepair.com/" "Mozilla/5.0 (iPhone13,2; U; CPU iPhone OS 14_0 like Mac OS X) AppleWebKit/602.1.50 (KHTML, like Gecko) Version/10.0 Mobile/15E148 Safari/602.1"
34.118.60.86 - - [20/May/2026:01:05:32 +0000] "GET /wp-content/themes/spa-and-salon/css/slick.min.css?ver=6.9.4 HTTP/1.1" 200 490 "https://www.wrinkledskinrepair.com/" "Mozilla/5.0 (iPhone13,2; U; CPU iPhone OS 14_0 like Mac OS X) AppleWebKit/602.1.50 (KHTML, like Gecko) Version/10.0 Mobile/15E148 Safari/602.1"
34.118.60.86 - - [20/May/2026:01:05:32 +0000] "GET /wp-content/themes/spa-and-salon/css/perfect-scrollbar.min.css?ver=6.9.4 HTTP/1.1" 200 494 "https://www.wrinkledskinrepair.com/" "Mozilla/5.0 (iPhone13,2; U; CPU iPhone OS 14_0 like Mac OS X) AppleWebKit/602.1.50 (KHTML, like Gecko) Version/10.0 Mobile/15E148 Safari/602.1"
34.118.60.86 - - [20/May/2026:01:05:33 +0000] "GET /wp-content/plugins/recent-posts-widget-with-thumbnails/public.css?ver=7.1.1 HTTP/1.1" 200 487 "https://www.wrinkledskinrepair.com/" "Mozilla/5.0 (iPhone13,2; U; CPU iPhone OS 14_0 like Mac OS X) AppleWebKit/602.1.50 (KHTML, like Gecko) Version/10.0 Mobile/15E148 Safari/602.1"
34.118.60.86 - - [20/May/2026:01:05:33 +0000] "GET /wp-content/plugins/tablepress/css/build/default.css?ver=3.3 HTTP/1.1" 200 1767 "https://www.wrinkledskinrepair.com/" "Mozilla/5.0 (iPhone13,2; U; CPU iPhone OS 14_0 like Mac OS X) AppleWebKit/602.1.50 (KHTML, like Gecko) Version/10.0 Mobile/15E148 Safari/602.1"
34.118.60.86 - - [20/May/2026:01:05:33 +0000] "GET /wp-content/plugins/jetpack/_inc/blocks/subscriptions/view.css?minify=false&ver=15.8 HTTP/1.1" 200 1072 "https://www.wrinkledskinrepair.com/" "Mozilla/5.0 (iPhone13,2; U; CPU iPhone OS 14_0 like Mac OS X) AppleWebKit/602.1.50 (KHTML, like Gecko) Version/10.0 Mobile/15E148 Safari/602.1"
195.234.109.80 - - [20/May/2026:01:05:34 +0000] "GET /wp-content/uploads/2020/07/healthy-skin.jpg HTTP/1.1" 200 340564 "-" "Photon/1.0"
216.73.217.80 - - [20/May/2026:01:05:40 +0000] "GET /2020/05/30/everything-you-should-know-about-skin-care-2/ HTTP/1.1" 200 54480 "-" "Mozilla/5.0 AppleWebKit/537.36 (KHTML, like Gecko; compatible; ClaudeBot/1.0; +claudebot@anthropic.com)"
113.178.96.229 - - [20/May/2026:01:05:41 +0000] "GET /2020/05/20/avoid-skin-issues-with-these-easy-tips/?share=x HTTP/1.1" 302 - "-" "Mozilla/5.0 (Macintosh; Intel Mac OS X 10_15_7) AppleWebKit/537.36 (KHTML, like Gecko) Chrome/120.0.0.0 Safari/537.36"
216.73.217.80 - - [20/May/2026:01:05:46 +0000] "GET /2025/12/29/wrinkled-skin-on-hands-aging-signs-and-solutions-your-ultimate-guide-to-reversal/?noamp=mobile HTTP/1.1" 200 56491 "-" "Mozilla/5.0 AppleWebKit/537.36 (KHTML, like Gecko; compatible; ClaudeBot/1.0; +claudebot@anthropic.com)"
34.118.60.86 - - [20/May/2026:01:05:49 +0000] "GET /wp-content/plugins/wp-meta-and-date-remover/assets/js/inspector.js?ver=1.1 HTTP/1.1" 200 1455 "https://www.wrinkledskinrepair.com/" "Mozilla/5.0 (iPhone13,2; U; CPU iPhone OS 14_0 like Mac OS X) AppleWebKit/602.1.50 (KHTML, like Gecko) Version/10.0 Mobile/15E148 Safari/602.1"
34.118.60.86 - - [20/May/2026:01:05:49 +0000] "GET /wp-content/themes/spa-and-salon/js/v4-shims.min.js?ver=6.5.1 HTTP/1.1" 200 7909 "https://www.wrinkledskinrepair.com/" "Mozilla/5.0 (iPhone13,2; U; CPU iPhone OS 14_0 like Mac OS X) AppleWebKit/602.1.50 (KHTML, like Gecko) Version/10.0 Mobile/15E148 Safari/602.1"
34.118.60.86 - - [20/May/2026:01:05:49 +0000] "GET /wp-content/themes/spa-and-salon/js/all.min.js?ver=6.5.1 HTTP/1.1" 200 542300 "https://www.wrinkledskinrepair.com/" "Mozilla/5.0 (iPhone13,2; U; CPU iPhone OS 14_0 like Mac OS X) AppleWebKit/602.1.50 (KHTML, like Gecko) Version/10.0 Mobile/15E148 Safari/602.1"
195.234.109.174 - - [20/May/2026:01:05:50 +0000] "GET /wp-content/uploads/2020/06/image-1.png HTTP/1.1" 200 1023869 "-" "Photon/1.0"
65.21.124.77 - - [20/May/2026:01:05:49 +0000] "GET / HTTP/1.1" 301 - "-" "Mozilla/5.0 (Windows NT 10.0; Win64; x64) AppleWebKit/537.36 (KHTML, like Gecko) Chrome/124.0.0.0 Safari/537.36"
205.169.39.17 - - [20/May/2026:01:05:48 +0000] "GET / HTTP/1.1" 200 47730 "-" "Mozilla/5.0 (Windows NT 10.0) AppleWebKit/537.36 (KHTML, like Gecko) Chrome/106.0.0.0 Safari/537.36"
65.21.124.77 - - [20/May/2026:01:05:49 +0000] "GET / HTTP/1.1" 301 - "-" "Mozilla/5.0 (Windows NT 10.0; Win64; x64) AppleWebKit/537.36 (KHTML, like Gecko) Chrome/124.0.0.0 Safari/537.36"
34.118.60.86 - - [20/May/2026:01:05:53 +0000] "GET /wp-content/themes/spa-and-salon/js/modal-accessibility.min.js?ver=1.0.7 HTTP/1.1" 200 2033 "https://www.wrinkledskinrepair.com/" "Mozilla/5.0 (iPhone13,2; U; CPU iPhone OS 14_0 like Mac OS X) AppleWebKit/602.1.50 (KHTML, like Gecko) Version/10.0 Mobile/15E148 Safari/602.1"
34.118.60.86 - - [20/May/2026:01:05:53 +0000] "GET /wp-content/themes/spa-and-salon/js/slick.min.js?ver=2.6.0 HTTP/1.1" 200 10445 "https://www.wrinkledskinrepair.com/" "Mozilla/5.0 (iPhone13,2; U; CPU iPhone OS 14_0 like Mac OS X) AppleWebKit/602.1.50 (KHTML, like Gecko) Version/10.0 Mobile/15E148 Safari/602.1"
34.118.60.86 - - [20/May/2026:01:05:53 +0000] "GET /wp-content/themes/spa-and-salon/js/perfect-scrollbar.min.js?ver=1.0.7 HTTP/1.1" 200 5954 "https://www.wrinkledskinrepair.com/" "Mozilla/5.0 (iPhone13,2; U; CPU iPhone OS 14_0 like Mac OS X) AppleWebKit/602.1.50 (KHTML, like Gecko) Version/10.0 Mobile/15E148 Safari/602.1"
34.118.60.86 - - [20/May/2026:01:05:54 +0000] "GET /wp-content/themes/spa-and-salon/js/custom.min.js?ver=1.0.7 HTTP/1.1" 200 567 "https://www.wrinkledskinrepair.com/" "Mozilla/5.0 (iPhone13,2; U; CPU iPhone OS 14_0 like Mac OS X) AppleWebKit/602.1.50 (KHTML, like Gecko) Version/10.0 Mobile/15E148 Safari/602.1"
34.118.60.86 - - [20/May/2026:01:05:54 +0000] "GET /wp-content/plugins/google-site-kit/dist/assets/js/googlesitekit-consent-mode-da15714e8829855bb7ce.js HTTP/1.1" 200 25462 "https://www.wrinkledskinrepair.com/" "Mozilla/5.0 (iPhone13,2; U; CPU iPhone OS 14_0 like Mac OS X) AppleWebKit/602.1.50 (KHTML, like Gecko) Version/10.0 Mobile/15E148 Safari/602.1"
40.160.252.53 - - [20/May/2026:01:05:52 +0000] "GET / HTTP/1.1" 200 47730 "-" "Mozilla/5.0 (Windows NT 10.0; Win64; x64) AppleWebKit/537.36 (KHTML, like Gecko) Chrome/131.0.0.0 Safari/537.36"
34.118.60.86 - - [20/May/2026:01:05:55 +0000] "GET /wp-content/plugins/wp-consent-api/assets/js/wp-consent-api.min.js?ver=2.0.1 HTTP/1.1" 200 822 "https://www.wrinkledskinrepair.com/" "Mozilla/5.0 (iPhone13,2; U; CPU iPhone OS 14_0 like Mac OS X) AppleWebKit/602.1.50 (KHTML, like Gecko) Version/10.0 Mobile/15E148 Safari/602.1"
34.118.60.86 - - [20/May/2026:01:05:55 +0000] "GET /wp-content/plugins/jetpack/_inc/blocks/subscriptions/view.js?minify=false&ver=15.8 HTTP/1.1" 200 2286 "https://www.wrinkledskinrepair.com/" "Mozilla/5.0 (iPhone13,2; U; CPU iPhone OS 14_0 like Mac OS X) AppleWebKit/602.1.50 (KHTML, like Gecko) Version/10.0 Mobile/15E148 Safari/602.1"
195.234.109.60 - - [20/May/2026:01:06:11 +0000] "GET /wp-content/uploads/2020/05/tips_to_easy_and_effective_skin_care-1.jpg HTTP/1.1" 404 131727 "-" "Photon/1.0"
34.118.60.86 - - [20/May/2026:01:06:35 +0000] "GET / HTTP/1.1" 301 - "-" "Mozilla/5.0 (iPhone13,2; U; CPU iPhone OS 14_0 like Mac OS X) AppleWebKit/602.1.50 (KHTML, like Gecko) Version/10.0 Mobile/15E148 Safari/602.1"
216.73.217.80 - - [20/May/2026:01:06:41 +0000] "GET /2025/12/29/what-causes-wrinkled-skin-around-mouth-and-how-to-fix/?noamp=mobile HTTP/1.1" 200 55032 "-" "Mozilla/5.0 AppleWebKit/537.36 (KHTML, like Gecko; compatible; ClaudeBot/1.0; +claudebot@anthropic.com)"
34.118.60.86 - - [20/May/2026:01:06:44 +0000] "GET / HTTP/1.1" 200 47730 "-" "Mozilla/5.0 (iPhone13,2; U; CPU iPhone OS 14_0 like Mac OS X) AppleWebKit/602.1.50 (KHTML, like Gecko) Version/10.0 Mobile/15E148 Safari/602.1"
216.73.217.80 - - [20/May/2026:01:06:46 +0000] "GET /?p=3856 HTTP/1.1" 301 - "-" "Mozilla/5.0 AppleWebKit/537.36 (KHTML, like Gecko; compatible; ClaudeBot/1.0; +claudebot@anthropic.com)"
216.73.217.80 - - [20/May/2026:01:06:47 +0000] "GET /2020/05/31/follow-these-tips-to-show-your-skin-you-care/ HTTP/1.1" 200 54422 "https://www.wrinkledskinrepair.com/?p=3856" "Mozilla/5.0 AppleWebKit/537.36 (KHTML, like Gecko; compatible; ClaudeBot/1.0; +claudebot@anthropic.com)"
34.118.60.86 - - [20/May/2026:01:06:55 +0000] "GET /wp-content/themes/spa-and-salon/style.css?ver=6.9.4 HTTP/1.1" 200 13994 "https://www.wrinkledskinrepair.com/" "Mozilla/5.0 (iPhone13,2; U; CPU iPhone OS 14_0 like Mac OS X) AppleWebKit/602.1.50 (KHTML, like Gecko) Version/10.0 Mobile/15E148 Safari/602.1"
34.118.60.86 - - [20/May/2026:01:06:56 +0000] "GET /wp-content/themes/medical-spa/style.css?ver=1.0.7 HTTP/1.1" 200 5745 "https://www.wrinkledskinrepair.com/" "Mozilla/5.0 (iPhone13,2; U; CPU iPhone OS 14_0 like Mac OS X) AppleWebKit/602.1.50 (KHTML, like Gecko) Version/10.0 Mobile/15E148 Safari/602.1"
34.118.60.86 - - [20/May/2026:01:06:56 +0000] "GET /wp-content/themes/spa-and-salon/css/slick.min.css?ver=6.9.4 HTTP/1.1" 200 490 "https://www.wrinkledskinrepair.com/" "Mozilla/5.0 (iPhone13,2; U; CPU iPhone OS 14_0 like Mac OS X) AppleWebKit/602.1.50 (KHTML, like Gecko) Version/10.0 Mobile/15E148 Safari/602.1"
34.118.60.86 - - [20/May/2026:01:06:56 +0000] "GET /wp-content/themes/spa-and-salon/css/perfect-scrollbar.min.css?ver=6.9.4 HTTP/1.1" 200 494 "https://www.wrinkledskinrepair.com/" "Mozilla/5.0 (iPhone13,2; U; CPU iPhone OS 14_0 like Mac OS X) AppleWebKit/602.1.50 (KHTML, like Gecko) Version/10.0 Mobile/15E148 Safari/602.1"
34.118.60.86 - - [20/May/2026:01:06:57 +0000] "GET /wp-content/plugins/recent-posts-widget-with-thumbnails/public.css?ver=7.1.1 HTTP/1.1" 200 487 "https://www.wrinkledskinrepair.com/" "Mozilla/5.0 (iPhone13,2; U; CPU iPhone OS 14_0 like Mac OS X) AppleWebKit/602.1.50 (KHTML, like Gecko) Version/10.0 Mobile/15E148 Safari/602.1"
34.118.60.86 - - [20/May/2026:01:06:57 +0000] "GET /wp-content/plugins/tablepress/css/build/default.css?ver=3.3 HTTP/1.1" 200 1767 "https://www.wrinkledskinrepair.com/" "Mozilla/5.0 (iPhone13,2; U; CPU iPhone OS 14_0 like Mac OS X) AppleWebKit/602.1.50 (KHTML, like Gecko) Version/10.0 Mobile/15E148 Safari/602.1"
34.118.60.86 - - [20/May/2026:01:06:57 +0000] "GET /wp-content/plugins/jetpack/_inc/blocks/subscriptions/view.css?minify=false&ver=15.8 HTTP/1.1" 200 1072 "https://www.wrinkledskinrepair.com/" "Mozilla/5.0 (iPhone13,2; U; CPU iPhone OS 14_0 like Mac OS X) AppleWebKit/602.1.50 (KHTML, like Gecko) Version/10.0 Mobile/15E148 Safari/602.1"
34.118.60.86 - - [20/May/2026:01:06:58 +0000] "GET /wp-content/plugins/complianz-gdpr/assets/css/cookieblocker.min.css?ver=1741710170 HTTP/1.1" 200 723 "https://www.wrinkledskinrepair.com/" "Mozilla/5.0 (iPhone13,2; U; CPU iPhone OS 14_0 like Mac OS X) AppleWebKit/602.1.50 (KHTML, like Gecko) Version/10.0 Mobile/15E148 Safari/602.1"
34.123.170.104 - - [20/May/2026:01:04:38 +0000] "GET / HTTP/1.1" 200 47730 "-" "Mozilla/5.0 (X11; Linux x86_64) AppleWebKit/537.36 (KHTML, like Gecko) Chrome/125.0.0.0 Safari/537.36"
34.118.60.86 - - [20/May/2026:01:07:10 +0000] "GET /wp-content/plugins/wp-meta-and-date-remover/assets/js/inspector.js?ver=1.1 HTTP/1.1" 200 1455 "https://www.wrinkledskinrepair.com/" "Mozilla/5.0 (iPhone13,2; U; CPU iPhone OS 14_0 like Mac OS X) AppleWebKit/602.1.50 (KHTML, like Gecko) Version/10.0 Mobile/15E148 Safari/602.1"
34.118.60.86 - - [20/May/2026:01:07:10 +0000] "GET /wp-content/themes/spa-and-salon/js/all.min.js?ver=6.5.1 HTTP/1.1" 200 542300 "https://www.wrinkledskinrepair.com/" "Mozilla/5.0 (iPhone13,2; U; CPU iPhone OS 14_0 like Mac OS X) AppleWebKit/602.1.50 (KHTML, like Gecko) Version/10.0 Mobile/15E148 Safari/602.1"
34.118.60.86 - - [20/May/2026:01:07:11 +0000] "GET /wp-content/themes/spa-and-salon/js/v4-shims.min.js?ver=6.5.1 HTTP/1.1" 200 7909 "https://www.wrinkledskinrepair.com/" "Mozilla/5.0 (iPhone13,2; U; CPU iPhone OS 14_0 like Mac OS X) AppleWebKit/602.1.50 (KHTML, like Gecko) Version/10.0 Mobile/15E148 Safari/602.1"
34.118.60.86 - - [20/May/2026:01:07:13 +0000] "GET /wp-content/themes/spa-and-salon/js/modal-accessibility.min.js?ver=1.0.7 HTTP/1.1" 200 2033 "https://www.wrinkledskinrepair.com/" "Mozilla/5.0 (iPhone13,2; U; CPU iPhone OS 14_0 like Mac OS X) AppleWebKit/602.1.50 (KHTML, like Gecko) Version/10.0 Mobile/15E148 Safari/602.1"
34.118.60.86 - - [20/May/2026:01:07:14 +0000] "GET /wp-content/themes/spa-and-salon/js/slick.min.js?ver=2.6.0 HTTP/1.1" 200 10445 "https://www.wrinkledskinrepair.com/" "Mozilla/5.0 (iPhone13,2; U; CPU iPhone OS 14_0 like Mac OS X) AppleWebKit/602.1.50 (KHTML, like Gecko) Version/10.0 Mobile/15E148 Safari/602.1"
34.118.60.86 - - [20/May/2026:01:07:15 +0000] "GET /wp-content/themes/spa-and-salon/js/perfect-scrollbar.min.js?ver=1.0.7 HTTP/1.1" 200 5954 "https://www.wrinkledskinrepair.com/" "Mozilla/5.0 (iPhone13,2; U; CPU iPhone OS 14_0 like Mac OS X) AppleWebKit/602.1.50 (KHTML, like Gecko) Version/10.0 Mobile/15E148 Safari/602.1"
34.118.60.86 - - [20/May/2026:01:07:16 +0000] "GET /wp-content/themes/spa-and-salon/js/custom.min.js?ver=1.0.7 HTTP/1.1" 200 567 "https://www.wrinkledskinrepair.com/" "Mozilla/5.0 (iPhone13,2; U; CPU iPhone OS 14_0 like Mac OS X) AppleWebKit/602.1.50 (KHTML, like Gecko) Version/10.0 Mobile/15E148 Safari/602.1"
34.118.60.86 - - [20/May/2026:01:07:16 +0000] "GET /wp-content/plugins/google-site-kit/dist/assets/js/googlesitekit-consent-mode-da15714e8829855bb7ce.js HTTP/1.1" 200 25462 "https://www.wrinkledskinrepair.com/" "Mozilla/5.0 (iPhone13,2; U; CPU iPhone OS 14_0 like Mac OS X) AppleWebKit/602.1.50 (KHTML, like Gecko) Version/10.0 Mobile/15E148 Safari/602.1"
34.118.60.86 - - [20/May/2026:01:07:17 +0000] "GET /wp-content/plugins/wp-consent-api/assets/js/wp-consent-api.min.js?ver=2.0.1 HTTP/1.1" 200 822 "https://www.wrinkledskinrepair.com/" "Mozilla/5.0 (iPhone13,2; U; CPU iPhone OS 14_0 like Mac OS X) AppleWebKit/602.1.50 (KHTML, like Gecko) Version/10.0 Mobile/15E148 Safari/602.1"
34.118.60.86 - - [20/May/2026:01:07:25 +0000] "GET /wp-content/plugins/jetpack/_inc/blocks/subscriptions/view.js?minify=false&ver=15.8 HTTP/1.1" 200 2286 "https://www.wrinkledskinrepair.com/" "Mozilla/5.0 (iPhone13,2; U; CPU iPhone OS 14_0 like Mac OS X) AppleWebKit/602.1.50 (KHTML, like Gecko) Version/10.0 Mobile/15E148 Safari/602.1"
192.0.118.145 - - [20/May/2026:01:07:40 +0000] "GET /wp-content/uploads/2020/05/follow_these_tips_to_show_your_skin_you_care.jpg HTTP/1.1" 301 - "-" "Photon/1.0"
192.0.118.145 - - [20/May/2026:01:07:42 +0000] "GET /wp-content/uploads/2020/05/follow_these_tips_to_show_your_skin_you_care.jpg HTTP/1.1" 404 131769 "-" "Photon/1.0"
184.94.212.206 - - [20/May/2026:01:07:43 +0000] "POST /wp-cron.php?doing_wp_cron=1779239263.2399890422821044921875 HTTP/1.1" 200 - "-" "WordPress/6.9.4; https://www.wrinkledskinrepair.com"
216.73.217.80 - - [20/May/2026:01:07:37 +0000] "GET /2020/05/31/follow-these-tips-to-show-your-skin-you-care/?amp=1 HTTP/1.1" 200 22065 "-" "Mozilla/5.0 AppleWebKit/537.36 (KHTML, like Gecko; compatible; ClaudeBot/1.0; +claudebot@anthropic.com)"
49.13.171.11 - - [20/May/2026:01:08:06 +0000] "GET /wp-json/wp/v2/users/me HTTP/1.1" 401 102 "-" "Mozilla/5.0 (Macintosh; Intel Mac OS X 10_15_7) AppleWebKit/537.36 (KHTML, like Gecko) Chrome/133.0.0.0 Safari/537.36 Edg/133.0.0.0"
184.94.212.206 - - [20/May/2026:01:09:37 +0000] "POST /wp-cron.php?doing_wp_cron=1779239377.0649399757385253906250 HTTP/1.1" 200 - "-" "WordPress/6.9.4; https://www.wrinkledskinrepair.com"
192.0.102.146 - - [20/May/2026:01:09:35 +0000] "HEAD / HTTP/1.1" 200 - "-" "jetmon/1.0 (Jetpack Site Uptime Monitor by WordPress.com)"
205.169.39.6 - - [20/May/2026:01:09:40 +0000] "GET / HTTP/1.1" 301 - "-" "Mozilla/5.0 (Windows NT 10.0) AppleWebKit/537.36 (KHTML, like Gecko) Chrome/106.0.0.0 Safari/537.36"
205.169.39.6 - - [20/May/2026:01:09:41 +0000] "GET / HTTP/1.1" 200 47730 "https://www.wrinkledskinrepair.primemusicproductions.com" "Mozilla/5.0 (Windows NT 10.0) AppleWebKit/537.36 (KHTML, like Gecko) Chrome/106.0.0.0 Safari/537.36"
141.94.194.132 - - [20/May/2026:01:11:27 +0000] "GET /comments/feed/ HTTP/1.1" 200 404 "-" "Mozilla/5.0 (X11; Linux i686) AppleWebKit/537.36 (KHTML, like Gecko) Chrome/30.0.1599.66 Safari/537.36"
20.194.1.9 - - [20/May/2026:01:12:03 +0000] "GET / HTTP/1.1" 301 - "-" "Mozilla/5.0 AppleWebKit/537.36 (KHTML, like Gecko); compatible; ChatGPT-User/1.0; +https://openai.com/bot"
195.234.109.16 - - [20/May/2026:01:12:06 +0000] "GET /wp-content/uploads/2019/05/54e5d2424f57af14f6da8c7dda793278143fdef852547440742e7bd4944c_640.jpg HTTP/1.1" 404 131909 "-" "Photon/1.0"
184.94.212.206 - - [20/May/2026:01:13:06 +0000] "POST /wp-cron.php?doing_wp_cron=1779239586.0179510116577148437500 HTTP/1.1" 200 - "-" "WordPress/6.9.4; https://www.wrinkledskinrepair.com"
216.73.217.80 - - [20/May/2026:01:13:04 +0000] "GET /?p=1133 HTTP/1.1" 301 - "-" "Mozilla/5.0 AppleWebKit/537.36 (KHTML, like Gecko; compatible; ClaudeBot/1.0; +claudebot@anthropic.com)"
216.73.217.80 - - [20/May/2026:01:13:06 +0000] "GET /2019/06/22/these-great-skin-care-tips-can-change-your-life-2/ HTTP/1.1" 200 53142 "https://www.wrinkledskinrepair.com/?p=1133" "Mozilla/5.0 AppleWebKit/537.36 (KHTML, like Gecko; compatible; ClaudeBot/1.0; +claudebot@anthropic.com)"
192.0.116.82 - - [20/May/2026:01:13:20 +0000] "GET /wp-content/uploads/2019/06/57e5d14a4b51ae14f6da8c7dda793278143fdef85254774874267ad19349_640.jpg HTTP/1.1" 404 131909 "-" "Photon/1.0"
184.94.212.206 - - [20/May/2026:01:13:21 +0000] "POST /wp-cron.php?doing_wp_cron=1779239601.4378449916839599609375 HTTP/1.1" 200 - "-" "WordPress/6.9.4; https://www.wrinkledskinrepair.com"
216.73.217.80 - - [20/May/2026:01:13:17 +0000] "GET /2019/06/22/these-great-skin-care-tips-can-change-your-life-2/?amp=1 HTTP/1.1" 200 20740 "-" "Mozilla/5.0 AppleWebKit/537.36 (KHTML, like Gecko; compatible; ClaudeBot/1.0; +claudebot@anthropic.com)"
192.0.114.49 - - [20/May/2026:01:14:08 +0000] "GET /wp-content/uploads/2020/04/tips_and_advice_for_your_skin_care_regimen-1.jpg HTTP/1.1" 404 131769 "-" "Photon/1.0"
192.0.118.148 - - [20/May/2026:01:14:10 +0000] "GET /wp-content/uploads/2019/07/5ee4d2414a56b108f5d08460962d317f153fc3e4565773407d2b72dc95_640.jpg HTTP/1.1" 404 131895 "-" "Photon/1.0"
216.73.217.80 - - [20/May/2026:01:14:06 +0000] "GET /2019/07/13/a-list-of-the-best-skin-care-tips/?amp=1 HTTP/1.1" 200 21205 "-" "Mozilla/5.0 AppleWebKit/537.36 (KHTML, like Gecko; compatible; ClaudeBot/1.0; +claudebot@anthropic.com)"
184.94.212.206 - - [20/May/2026:01:14:38 +0000] "POST /wp-cron.php?doing_wp_cron=1779239678.8304009437561035156250 HTTP/1.1" 200 - "-" "WordPress/6.9.4; https://www.wrinkledskinrepair.com"
192.0.102.146 - - [20/May/2026:01:14:37 +0000] "HEAD / HTTP/1.1" 200 - "-" "jetmon/1.0 (Jetpack Site Uptime Monitor by WordPress.com)"
184.94.212.206 - - [20/May/2026:01:14:53 +0000] "POST /wp-cron.php?doing_wp_cron=1779239693.4182579517364501953125 HTTP/1.1" 200 - "-" "WordPress/6.9.4; https://www.wrinkledskinrepair.com"
114.119.142.140 - - [20/May/2026:01:14:52 +0000] "GET /2019/06/17/get-the-skin-you-want-with-these-tips?share=facebook HTTP/1.1" 302 - "https://www.wrinkledskinrepair.com/2019/06/17/get-the-skin-you-want-with-these-tips" "Mozilla/5.0 (Linux; Android 7.0;) AppleWebKit/537.36 (HTML, like Gecko) Mobile Safari/537.36 (compatible; PetalBot;+https://webmaster.petalsearch.com/site/petalbot)"
4.198.72.25 - - [20/May/2026:01:14:56 +0000] "GET / HTTP/1.1" 301 - "-" "Mozilla/5.0 AppleWebKit/537.36 (KHTML, like Gecko); compatible; ChatGPT-User/1.0; +https://openai.com/bot"
184.94.212.206 - - [20/May/2026:01:15:07 +0000] "POST /wp-cron.php?doing_wp_cron=1779239707.4807369709014892578125 HTTP/1.1" 200 - "-" "WordPress/6.9.4; https://www.wrinkledskinrepair.com"
216.73.217.80 - - [20/May/2026:01:15:06 +0000] "GET /?p=1196 HTTP/1.1" 301 - "-" "Mozilla/5.0 AppleWebKit/537.36 (KHTML, like Gecko; compatible; ClaudeBot/1.0; +claudebot@anthropic.com)"
216.73.217.80 - - [20/May/2026:01:15:07 +0000] "GET /2019/07/13/a-list-of-the-best-skin-care-tips/ HTTP/1.1" 200 53411 "https://www.wrinkledskinrepair.com/?p=1196" "Mozilla/5.0 AppleWebKit/537.36 (KHTML, like Gecko; compatible; ClaudeBot/1.0; +claudebot@anthropic.com)"
185.191.171.5 - - [20/May/2026:01:15:12 +0000] "GET /robots.txt HTTP/1.1" 200 127 "-" "Mozilla/5.0 (compatible; SemrushBot/7~bl; +http://www.semrush.com/bot.html)"
185.191.171.11 - - [20/May/2026:01:15:14 +0000] "GET /tag/wrinkledskinrepair/ HTTP/1.1" 200 46963 "-" "Mozilla/5.0 (compatible; SemrushBot/7~bl; +http://www.semrush.com/bot.html)"
184.94.212.206 - - [20/May/2026:01:15:20 +0000] "POST /wp-cron.php?doing_wp_cron=1779239720.5356121063232421875000 HTTP/1.1" 200 - "-" "WordPress/6.9.4; https://www.wrinkledskinrepair.com"
43.159.152.187 - - [20/May/2026:01:15:19 +0000] "GET / HTTP/1.1" 301 - "-" "Mozilla/5.0 (iPhone; CPU iPhone OS 13_2_3 like Mac OS X) AppleWebKit/605.1.15 (KHTML, like Gecko) Version/13.0.3 Mobile/15E148 Safari/604.1"
43.159.152.187 - - [20/May/2026:01:15:22 +0000] "GET / HTTP/1.1" 200 47730 "https://wrinkledskinrepair.com" "Mozilla/5.0 (iPhone; CPU iPhone OS 13_2_3 like Mac OS X) AppleWebKit/605.1.15 (KHTML, like Gecko) Version/13.0.3 Mobile/15E148 Safari/604.1"
144.76.32.187 - - [20/May/2026:01:15:29 +0000] "GET /2018/09/09/how-to-care-for-your-skin-effectively/?share=facebook HTTP/1.1" 302 - "-" "Mozilla/5.0 (compatible; SERankingBacklinksBot/1.0; +https://seranking.com/backlinks-crawler)"
216.73.217.80 - - [20/May/2026:01:15:34 +0000] "GET /tag/overall-appearance/ HTTP/1.1" 200 45985 "-" "Mozilla/5.0 AppleWebKit/537.36 (KHTML, like Gecko; compatible; ClaudeBot/1.0; +claudebot@anthropic.com)"
144.76.32.187 - - [20/May/2026:01:15:34 +0000] "GET /2018/09/12/easy-ways-to-transform-imperfect-skin/?share=facebook HTTP/1.1" 302 - "-" "Mozilla/5.0 (compatible; SERankingBacklinksBot/1.0; +https://seranking.com/backlinks-crawler)"
216.73.217.80 - - [20/May/2026:01:15:36 +0000] "GET /tag/largest-organ/ HTTP/1.1" 200 45558 "-" "Mozilla/5.0 AppleWebKit/537.36 (KHTML, like Gecko; compatible; ClaudeBot/1.0; +claudebot@anthropic.com)"
144.76.32.187 - - [20/May/2026:01:15:39 +0000] "GET /2018/09/26/skin-care-tips-to-put-your-best-face-forward/?share=x HTTP/1.1" 302 - "-" "Mozilla/5.0 (compatible; SERankingBacklinksBot/1.0; +https://seranking.com/backlinks-crawler)"
144.76.32.187 - - [20/May/2026:01:15:43 +0000] "GET /2018/12/09/everything-you-ever-wanted-to-know-about-taking-care-of-your-skin/?share=facebook HTTP/1.1" 302 - "-" "Mozilla/5.0 (compatible; SERankingBacklinksBot/1.0; +https://seranking.com/backlinks-crawler)"
144.76.32.187 - - [20/May/2026:01:15:48 +0000] "GET /2018/09/28/the-easy-way-to-attain-perfect-skin-2/?share=facebook HTTP/1.1" 302 - "-" "Mozilla/5.0 (compatible; SERankingBacklinksBot/1.0; +https://seranking.com/backlinks-crawler)"
144.76.32.187 - - [20/May/2026:01:15:53 +0000] "GET /2018/11/04/keep-your-skin-looking-young-with-these-tips/?share=x HTTP/1.1" 302 - "-" "Mozilla/5.0 (compatible; SERankingBacklinksBot/1.0; +https://seranking.com/backlinks-crawler)"
144.76.32.187 - - [20/May/2026:01:15:58 +0000] "GET /2018/11/09/care-for-your-skin-with-these-steps-3/?share=facebook HTTP/1.1" 302 - "-" "Mozilla/5.0 (compatible; SERankingBacklinksBot/1.0; +https://seranking.com/backlinks-crawler)"
144.76.32.187 - - [20/May/2026:01:16:02 +0000] "GET /2018/11/20/no-longer-be-embarrassed-by-your-skin/?share=facebook HTTP/1.1" 302 - "-" "Mozilla/5.0 (compatible; SERankingBacklinksBot/1.0; +https://seranking.com/backlinks-crawler)"
216.73.217.80 - - [20/May/2026:01:16:07 +0000] "GET /tag/healthy-skin/page/3/ HTTP/1.1" 200 49005 "-" "Mozilla/5.0 AppleWebKit/537.36 (KHTML, like Gecko; compatible; ClaudeBot/1.0; +claudebot@anthropic.com)"
144.76.32.187 - - [20/May/2026:01:16:07 +0000] "GET /2018/12/21/proven-skin-care-tips-that-anyone-can-follow/?share=x HTTP/1.1" 302 - "-" "Mozilla/5.0 (compatible; SERankingBacklinksBot/1.0; +https://seranking.com/backlinks-crawler)"
144.76.32.187 - - [20/May/2026:01:16:12 +0000] "GET /2018/12/24/skin-care-tips-for-great-looking-skin/?share=facebook HTTP/1.1" 302 - "-" "Mozilla/5.0 (compatible; SERankingBacklinksBot/1.0; +https://seranking.com/backlinks-crawler)"
184.94.212.206 - - [20/May/2026:01:16:18 +0000] "POST /wp-cron.php?doing_wp_cron=1779239778.1398890018463134765625 HTTP/1.1" 200 - "-" "WordPress/6.9.4; https://www.wrinkledskinrepair.com"
144.76.32.187 - - [20/May/2026:01:16:17 +0000] "GET /2019/02/26/handy-ideas-to-try-for-easy-skin-care/?share=facebook HTTP/1.1" 302 - "-" "Mozilla/5.0 (compatible; SERankingBacklinksBot/1.0; +https://seranking.com/backlinks-crawler)"
144.76.32.187 - - [20/May/2026:01:16:21 +0000] "GET /2018/06/07/skin-care-tips-that-will-help-you-love-your-skin-like-never-before/?share=facebook HTTP/1.1" 302 - "-" "Mozilla/5.0 (compatible; SERankingBacklinksBot/1.0; +https://seranking.com/backlinks-crawler)"
216.73.217.80 - - [20/May/2026:01:16:26 +0000] "GET /tag/oily-skin/page/3/ HTTP/1.1" 200 48853 "-" "Mozilla/5.0 AppleWebKit/537.36 (KHTML, like Gecko; compatible; ClaudeBot/1.0; +claudebot@anthropic.com)"
144.76.32.187 - - [20/May/2026:01:16:26 +0000] "GET /2019/02/27/skin-care-suggestions-that-clearly-pay-off-2/?share=x HTTP/1.1" 302 - "-" "Mozilla/5.0 (compatible; SERankingBacklinksBot/1.0; +https://seranking.com/backlinks-crawler)"
144.76.32.187 - - [20/May/2026:01:16:31 +0000] "GET /2019/03/21/tips-to-keep-your-skin-beautiful-and-glowing/?share=x HTTP/1.1" 302 - "-" "Mozilla/5.0 (compatible; SERankingBacklinksBot/1.0; +https://seranking.com/backlinks-crawler)"
