144.76.32.187 - - [19/May/2026:22:40:21 +0000] "GET /2018/12/09/everything-you-ever-wanted-to-know-about-taking-care-of-your-skin/?share=x HTTP/1.1" 302 - "-" "Mozilla/5.0 (compatible; SERankingBacklinksBot/1.0; +https://seranking.com/backlinks-crawler)"
144.76.32.187 - - [19/May/2026:22:40:25 +0000] "GET /2018/08/15/keep-your-skin-perfect-with-these-tips/?share=x HTTP/1.1" 302 - "-" "Mozilla/5.0 (compatible; SERankingBacklinksBot/1.0; +https://seranking.com/backlinks-crawler)"
144.76.32.187 - - [19/May/2026:22:40:30 +0000] "GET /2018/10/06/useful-beauty-tips-for-great-skin-care/?share=x HTTP/1.1" 302 - "-" "Mozilla/5.0 (compatible; SERankingBacklinksBot/1.0; +https://seranking.com/backlinks-crawler)"
144.76.32.187 - - [19/May/2026:22:40:35 +0000] "GET /2018/10/09/the-best-skin-care-tips-you-can-find-2/?share=x HTTP/1.1" 302 - "-" "Mozilla/5.0 (compatible; SERankingBacklinksBot/1.0; +https://seranking.com/backlinks-crawler)"
144.76.32.187 - - [19/May/2026:22:40:39 +0000] "GET /2018/10/28/quick-tips-for-common-skin-care-issues/?share=x HTTP/1.1" 302 - "-" "Mozilla/5.0 (compatible; SERankingBacklinksBot/1.0; +https://seranking.com/backlinks-crawler)"
144.76.32.187 - - [19/May/2026:22:40:44 +0000] "GET /2018/10/31/skin-care-tips-for-you-and-your-family/?share=x HTTP/1.1" 302 - "-" "Mozilla/5.0 (compatible; SERankingBacklinksBot/1.0; +https://seranking.com/backlinks-crawler)"
144.76.32.187 - - [19/May/2026:22:40:49 +0000] "GET /2018/12/01/skin-care-tips-to-add-to-your-schedule/?share=x HTTP/1.1" 302 - "-" "Mozilla/5.0 (compatible; SERankingBacklinksBot/1.0; +https://seranking.com/backlinks-crawler)"
144.76.32.187 - - [19/May/2026:22:40:54 +0000] "GET /2019/02/18/clear-up-problems-with-your-skin-today/?share=x HTTP/1.1" 302 - "-" "Mozilla/5.0 (compatible; SERankingBacklinksBot/1.0; +https://seranking.com/backlinks-crawler)"
144.76.32.187 - - [19/May/2026:22:40:58 +0000] "GET /2019/02/13/advice-for-skin-care-that-will-help-keep-you-looking-great/?share=facebook HTTP/1.1" 302 - "-" "Mozilla/5.0 (compatible; SERankingBacklinksBot/1.0; +https://seranking.com/backlinks-crawler)"
144.76.32.187 - - [19/May/2026:22:41:03 +0000] "GET /2019/02/23/great-advice-for-every-day-skin-care-2/?share=x HTTP/1.1" 302 - "-" "Mozilla/5.0 (compatible; SERankingBacklinksBot/1.0; +https://seranking.com/backlinks-crawler)"
144.76.32.187 - - [19/May/2026:22:41:08 +0000] "GET /2019/03/02/great-ideas-to-get-that-beautiful-skin/?share=x HTTP/1.1" 302 - "-" "Mozilla/5.0 (compatible; SERankingBacklinksBot/1.0; +https://seranking.com/backlinks-crawler)"
144.76.32.187 - - [19/May/2026:22:41:13 +0000] "GET /2019/03/20/read-these-tips-now-for-healthier-skin/?share=x HTTP/1.1" 302 - "-" "Mozilla/5.0 (compatible; SERankingBacklinksBot/1.0; +https://seranking.com/backlinks-crawler)"
184.94.212.206 - - [19/May/2026:22:41:19 +0000] "POST /wp-cron.php?doing_wp_cron=1779230479.1852960586547851562500 HTTP/1.1" 200 - "-" "WordPress/6.9.4; https://www.wrinkledskinrepair.com"
144.76.32.187 - - [19/May/2026:22:41:18 +0000] "GET /2019/05/06/why-be-embarrassed-by-your-skin/?share=facebook HTTP/1.1" 302 - "-" "Mozilla/5.0 (compatible; SERankingBacklinksBot/1.0; +https://seranking.com/backlinks-crawler)"
144.76.32.187 - - [19/May/2026:22:41:23 +0000] "GET /2019/06/18/great-advice-for-every-day-skin-care-3/?share=x HTTP/1.1" 302 - "-" "Mozilla/5.0 (compatible; SERankingBacklinksBot/1.0; +https://seranking.com/backlinks-crawler)"
144.76.32.187 - - [19/May/2026:22:41:27 +0000] "GET /2019/06/20/tips-to-make-your-skin-perfect-again-2/?share=x HTTP/1.1" 302 - "-" "Mozilla/5.0 (compatible; SERankingBacklinksBot/1.0; +https://seranking.com/backlinks-crawler)"
144.76.32.187 - - [19/May/2026:22:41:32 +0000] "GET /2019/07/03/easy-tips-to-quickly-improve-your-skin/?share=x HTTP/1.1" 302 - "-" "Mozilla/5.0 (compatible; SERankingBacklinksBot/1.0; +https://seranking.com/backlinks-crawler)"
144.76.32.187 - - [19/May/2026:22:41:37 +0000] "GET /2020/05/19/keep-your-skin-healthy-and-fresh-with-these-skin-care-tips/?share=facebook HTTP/1.1" 302 - "-" "Mozilla/5.0 (compatible; SERankingBacklinksBot/1.0; +https://seranking.com/backlinks-crawler)"
144.76.32.187 - - [19/May/2026:22:41:42 +0000] "GET /2019/07/06/how-you-can-maintain-your-perfect-skin/?share=x HTTP/1.1" 302 - "-" "Mozilla/5.0 (compatible; SERankingBacklinksBot/1.0; +https://seranking.com/backlinks-crawler)"
144.76.32.187 - - [19/May/2026:22:41:46 +0000] "GET /2020/05/05/easy-tips-to-care-for-your-skin/?share=facebook HTTP/1.1" 302 - "-" "Mozilla/5.0 (compatible; SERankingBacklinksBot/1.0; +https://seranking.com/backlinks-crawler)"
144.76.32.187 - - [19/May/2026:22:41:51 +0000] "GET /2020/05/20/avoid-skin-issues-with-these-easy-tips/?share=x HTTP/1.1" 302 - "-" "Mozilla/5.0 (compatible; SERankingBacklinksBot/1.0; +https://seranking.com/backlinks-crawler)"
144.76.32.187 - - [19/May/2026:22:41:56 +0000] "GET /2020/06/05/easy-ways-to-care-for-your-skin/?share=facebook HTTP/1.1" 302 - "-" "Mozilla/5.0 (compatible; SERankingBacklinksBot/1.0; +https://seranking.com/backlinks-crawler)"
144.76.32.187 - - [19/May/2026:22:42:06 +0000] "GET /2013/06/08/list-of-good-anti-wrinkle-creams/?share=facebook HTTP/1.1" 302 - "-" "Mozilla/5.0 (compatible; SERankingBacklinksBot/1.0; +https://seranking.com/backlinks-crawler)"
144.76.32.187 - - [19/May/2026:22:42:10 +0000] "GET /2018/05/20/things-to-follow-in-order-to-look-young/?share=x HTTP/1.1" 302 - "-" "Mozilla/5.0 (compatible; SERankingBacklinksBot/1.0; +https://seranking.com/backlinks-crawler)"
184.94.212.206 - - [19/May/2026:22:42:16 +0000] "POST /wp-cron.php?doing_wp_cron=1779230536.6635749340057373046875 HTTP/1.1" 200 - "-" "WordPress/6.9.4; https://www.wrinkledskinrepair.com"
144.76.32.187 - - [19/May/2026:22:42:15 +0000] "GET /2018/05/31/get-radiant-skin-using-these-smart-tips/?share=x HTTP/1.1" 302 - "-" "Mozilla/5.0 (compatible; SERankingBacklinksBot/1.0; +https://seranking.com/backlinks-crawler)"
184.94.212.206 - - [19/May/2026:22:42:21 +0000] "POST /wp-cron.php?doing_wp_cron=1779230541.7429080009460449218750 HTTP/1.1" 200 - "-" "WordPress/6.9.4; https://www.wrinkledskinrepair.com"
144.76.32.187 - - [19/May/2026:22:42:20 +0000] "GET /2020/06/14/ideas-for-reducing-and-getting-rid-of-skin-care-problems-2/?share=facebook HTTP/1.1" 302 - "-" "Mozilla/5.0 (compatible; SERankingBacklinksBot/1.0; +https://seranking.com/backlinks-crawler)"
144.76.32.187 - - [19/May/2026:22:42:25 +0000] "GET /2018/07/03/skin-care-tips-you-should-try-out-today/?share=x HTTP/1.1" 302 - "-" "Mozilla/5.0 (compatible; SERankingBacklinksBot/1.0; +https://seranking.com/backlinks-crawler)"
144.76.32.187 - - [19/May/2026:22:42:30 +0000] "GET /2018/09/11/give-your-skin-some-tlc-with-these-tips/?share=x HTTP/1.1" 302 - "-" "Mozilla/5.0 (compatible; SERankingBacklinksBot/1.0; +https://seranking.com/backlinks-crawler)"
144.76.32.187 - - [19/May/2026:22:42:34 +0000] "GET /2018/11/24/skin-care-tricks-that-improve-your-skin/?share=x HTTP/1.1" 302 - "-" "Mozilla/5.0 (compatible; SERankingBacklinksBot/1.0; +https://seranking.com/backlinks-crawler)"
144.76.32.187 - - [19/May/2026:22:42:39 +0000] "GET /2018/11/30/skin-care-techniques-that-really-work-2/?share=x HTTP/1.1" 302 - "-" "Mozilla/5.0 (compatible; SERankingBacklinksBot/1.0; +https://seranking.com/backlinks-crawler)"
144.76.32.187 - - [19/May/2026:22:42:44 +0000] "GET /2018/12/02/does-your-skin-need-help-try-these-tips/?share=x HTTP/1.1" 302 - "-" "Mozilla/5.0 (compatible; SERankingBacklinksBot/1.0; +https://seranking.com/backlinks-crawler)"
144.76.32.187 - - [19/May/2026:22:42:48 +0000] "GET /2019/01/03/get-beautiful-skin-everyone-will-notice/?share=x HTTP/1.1" 302 - "-" "Mozilla/5.0 (compatible; SERankingBacklinksBot/1.0; +https://seranking.com/backlinks-crawler)"
144.76.32.187 - - [19/May/2026:22:42:53 +0000] "GET /2019/02/14/skin-care-that-actually-works-with-ease/?share=x HTTP/1.1" 302 - "-" "Mozilla/5.0 (compatible; SERankingBacklinksBot/1.0; +https://seranking.com/backlinks-crawler)"
144.76.32.187 - - [19/May/2026:22:42:58 +0000] "GET /2018/06/07/skin-care-tips-that-will-help-you-love-your-skin-like-never-before/?share=x HTTP/1.1" 302 - "-" "Mozilla/5.0 (compatible; SERankingBacklinksBot/1.0; +https://seranking.com/backlinks-crawler)"
195.234.109.172 - - [19/May/2026:22:42:59 +0000] "GET /wp-content/uploads/2020/05/amazing_skin_care_advice_you_should_follow-1.jpg HTTP/1.1" 404 131769 "-" "Photon/1.0"
144.76.32.187 - - [19/May/2026:22:43:02 +0000] "GET /2019/02/16/skin-care-techniques-that-really-work-3/?share=x HTTP/1.1" 302 - "-" "Mozilla/5.0 (compatible; SERankingBacklinksBot/1.0; +https://seranking.com/backlinks-crawler)"
144.76.32.187 - - [19/May/2026:22:43:07 +0000] "GET /2019/02/24/easy-help-for-common-skin-care-problems/?share=x HTTP/1.1" 302 - "-" "Mozilla/5.0 (compatible; SERankingBacklinksBot/1.0; +https://seranking.com/backlinks-crawler)"
184.94.212.206 - - [19/May/2026:22:43:13 +0000] "POST /wp-cron.php?doing_wp_cron=1779230593.2218890190124511718750 HTTP/1.1" 200 - "-" "WordPress/6.9.4; https://www.wrinkledskinrepair.com"
144.76.32.187 - - [19/May/2026:22:43:12 +0000] "GET /2019/03/10/improve-your-skin-with-these-great-tips/?share=x HTTP/1.1" 302 - "-" "Mozilla/5.0 (compatible; SERankingBacklinksBot/1.0; +https://seranking.com/backlinks-crawler)"
184.94.212.206 - - [19/May/2026:22:43:18 +0000] "POST /wp-cron.php?doing_wp_cron=1779230598.0372080802917480468750 HTTP/1.1" 200 - "-" "WordPress/6.9.4; https://www.wrinkledskinrepair.com"
144.76.32.187 - - [19/May/2026:22:43:17 +0000] "GET /2019/03/17/care-for-your-skin-with-these-easy-tips/?share=x HTTP/1.1" 302 - "-" "Mozilla/5.0 (compatible; SERankingBacklinksBot/1.0; +https://seranking.com/backlinks-crawler)"
144.76.32.187 - - [19/May/2026:22:43:21 +0000] "GET /2019/05/03/skin-care-tips-for-great-looking-skin-2/?share=x HTTP/1.1" 302 - "-" "Mozilla/5.0 (compatible; SERankingBacklinksBot/1.0; +https://seranking.com/backlinks-crawler)"
144.76.32.187 - - [19/May/2026:22:43:26 +0000] "GET /2019/05/09/beautiful-skin-is-only-a-few-steps-away/?share=x HTTP/1.1" 302 - "-" "Mozilla/5.0 (compatible; SERankingBacklinksBot/1.0; +https://seranking.com/backlinks-crawler)"
144.76.32.187 - - [19/May/2026:22:43:32 +0000] "GET /2019/05/26/top-helpful-skin-care-tips-for-everyone/?share=x HTTP/1.1" 302 - "-" "Mozilla/5.0 (compatible; SERankingBacklinksBot/1.0; +https://seranking.com/backlinks-crawler)"
144.76.32.187 - - [19/May/2026:22:43:45 +0000] "GET /2018/12/23/use-this-advice-to-stop-wasting-time-on-skin-care-that-doesnt-work/?share=x HTTP/1.1" 302 - "-" "Mozilla/5.0 (compatible; SERankingBacklinksBot/1.0; +https://seranking.com/backlinks-crawler)"
144.76.32.187 - - [19/May/2026:22:43:50 +0000] "GET /2019/05/29/a-simple-guide-for-caring-for-your-skin/?share=x HTTP/1.1" 302 - "-" "Mozilla/5.0 (compatible; SERankingBacklinksBot/1.0; +https://seranking.com/backlinks-crawler)"
144.76.32.187 - - [19/May/2026:22:43:54 +0000] "GET /2019/06/02/handy-ideas-to-try-for-easy-skin-care-2/?share=x HTTP/1.1" 302 - "-" "Mozilla/5.0 (compatible; SERankingBacklinksBot/1.0; +https://seranking.com/backlinks-crawler)"
144.76.32.187 - - [19/May/2026:22:43:59 +0000] "GET /2019/06/16/beautiful-skin-is-yours-with-these-tips/?share=x HTTP/1.1" 302 - "-" "Mozilla/5.0 (compatible; SERankingBacklinksBot/1.0; +https://seranking.com/backlinks-crawler)"
144.76.32.187 - - [19/May/2026:22:44:04 +0000] "GET /2019/06/23/get-great-skin-with-this-amazing-advice/?share=x HTTP/1.1" 302 - "-" "Mozilla/5.0 (compatible; SERankingBacklinksBot/1.0; +https://seranking.com/backlinks-crawler)"
144.76.32.187 - - [19/May/2026:22:44:09 +0000] "GET /2019/07/10/have-perfect-skin-again-with-these-tips/?share=x HTTP/1.1" 302 - "-" "Mozilla/5.0 (compatible; SERankingBacklinksBot/1.0; +https://seranking.com/backlinks-crawler)"
144.76.32.187 - - [19/May/2026:22:44:14 +0000] "GET /2020/04/01/easy-ways-to-transform-imperfect-skin-2/?share=x HTTP/1.1" 302 - "-" "Mozilla/5.0 (compatible; SERankingBacklinksBot/1.0; +https://seranking.com/backlinks-crawler)"
184.94.212.206 - - [19/May/2026:22:44:20 +0000] "POST /wp-cron.php?doing_wp_cron=1779230660.0650079250335693359375 HTTP/1.1" 200 - "-" "WordPress/6.9.4; https://www.wrinkledskinrepair.com"
144.76.32.187 - - [19/May/2026:22:44:18 +0000] "GET /2020/05/12/skin-care-tips-for-healthy-glowing-skin/?share=x HTTP/1.1" 302 - "-" "Mozilla/5.0 (compatible; SERankingBacklinksBot/1.0; +https://seranking.com/backlinks-crawler)"
144.76.32.187 - - [19/May/2026:22:44:23 +0000] "GET /2020/03/27/get-a-glowing-complexion-from-some-great-skin-care-advice-2/?share=facebook HTTP/1.1" 302 - "-" "Mozilla/5.0 (compatible; SERankingBacklinksBot/1.0; +https://seranking.com/backlinks-crawler)"
82.38.180.163 - - [19/May/2026:22:44:26 +0000] "GET /2019/05/06/why-be-embarrassed-by-your-skin/?share=x HTTP/1.1" 302 - "-" "Mozilla/5.0 (Macintosh; Intel Mac OS X 10_15_7) AppleWebKit/537.36 (KHTML, like Gecko) Chrome/131.0.0.0 Safari/537.36"
144.76.32.187 - - [19/May/2026:22:44:28 +0000] "GET /2020/06/16/get-glowing-with-these-skin-care-tips-2/?share=x HTTP/1.1" 302 - "-" "Mozilla/5.0 (compatible; SERankingBacklinksBot/1.0; +https://seranking.com/backlinks-crawler)"
144.76.32.187 - - [19/May/2026:22:44:33 +0000] "GET /natural-ways-to-go-about-wrinkle-reduction-and-prevention/ HTTP/1.1" 301 - "-" "Mozilla/5.0 (compatible; SERankingBacklinksBot/1.0; +https://seranking.com/backlinks-crawler)"
144.76.32.187 - - [19/May/2026:22:44:35 +0000] "GET /2017/06/08/natural-ways-to-go-about-wrinkle-reduction-and-prevention/ HTTP/1.1" 200 52598 "-" "Mozilla/5.0 (compatible; SERankingBacklinksBot/1.0; +https://seranking.com/backlinks-crawler)"
192.0.102.146 - - [19/May/2026:22:44:38 +0000] "HEAD / HTTP/1.1" 200 - "-" "jetmon/1.0 (Jetpack Site Uptime Monitor by WordPress.com)"
144.76.32.187 - - [19/May/2026:22:44:39 +0000] "GET /2013/06/08/over-the-counter-wrinkle-removers/?share=facebook HTTP/1.1" 302 - "-" "Mozilla/5.0 (compatible; SERankingBacklinksBot/1.0; +https://seranking.com/backlinks-crawler)"
184.94.212.206 - - [19/May/2026:22:44:45 +0000] "POST /wp-cron.php?doing_wp_cron=1779230685.7378160953521728515625 HTTP/1.1" 200 - "-" "WordPress/6.9.4; https://www.wrinkledskinrepair.com"
144.76.32.187 - - [19/May/2026:22:44:44 +0000] "GET /2018/05/24/make-bad-skin-a-thing-of-the-past/?share=facebook HTTP/1.1" 302 - "-" "Mozilla/5.0 (compatible; SERankingBacklinksBot/1.0; +https://seranking.com/backlinks-crawler)"
144.76.32.187 - - [19/May/2026:22:44:49 +0000] "GET /2018/06/01/easy-ways-to-get-that-lovely-skin/?share=facebook HTTP/1.1" 302 - "-" "Mozilla/5.0 (compatible; SERankingBacklinksBot/1.0; +https://seranking.com/backlinks-crawler)"
144.76.32.187 - - [19/May/2026:22:44:54 +0000] "GET /2018/06/03/defy-your-age-with-these-skin-care-ideas/?share=x HTTP/1.1" 302 - "-" "Mozilla/5.0 (compatible; SERankingBacklinksBot/1.0; +https://seranking.com/backlinks-crawler)"
144.76.32.187 - - [19/May/2026:22:44:59 +0000] "GET /2018/06/24/proven-skin-care-advice-for-healthy-skin/?share=x HTTP/1.1" 302 - "-" "Mozilla/5.0 (compatible; SERankingBacklinksBot/1.0; +https://seranking.com/backlinks-crawler)"
144.76.32.187 - - [19/May/2026:22:45:03 +0000] "GET /2020/03/29/easy-skin-care-tips-to-achieve-the-great-skin-you-yearn-for/?share=facebook HTTP/1.1" 302 - "-" "Mozilla/5.0 (compatible; SERankingBacklinksBot/1.0; +https://seranking.com/backlinks-crawler)"
184.94.212.206 - - [19/May/2026:22:45:10 +0000] "POST /wp-cron.php?doing_wp_cron=1779230710.0906920433044433593750 HTTP/1.1" 200 - "-" "WordPress/6.9.4; https://www.wrinkledskinrepair.com"
144.76.32.187 - - [19/May/2026:22:45:08 +0000] "GET /2018/07/18/be-successful-with-your-skin-care/?share=facebook HTTP/1.1" 302 - "-" "Mozilla/5.0 (compatible; SERankingBacklinksBot/1.0; +https://seranking.com/backlinks-crawler)"
144.76.32.187 - - [19/May/2026:22:45:14 +0000] "GET /2018/07/24/get-on-the-road-to-beautiful-skin/?share=facebook HTTP/1.1" 302 - "-" "Mozilla/5.0 (compatible; SERankingBacklinksBot/1.0; +https://seranking.com/backlinks-crawler)"
184.94.212.206 - - [19/May/2026:22:45:20 +0000] "POST /wp-cron.php?doing_wp_cron=1779230720.0308499336242675781250 HTTP/1.1" 200 - "-" "WordPress/6.9.4; https://www.wrinkledskinrepair.com"
144.76.32.187 - - [19/May/2026:22:45:18 +0000] "GET /2018/08/18/got-skin-problems-get-the-solutions-here/?share=x HTTP/1.1" 302 - "-" "Mozilla/5.0 (compatible; SERankingBacklinksBot/1.0; +https://seranking.com/backlinks-crawler)"
144.76.32.187 - - [19/May/2026:22:45:23 +0000] "GET /2018/09/23/need-skin-care-tips-weve-got-them/?share=facebook HTTP/1.1" 302 - "-" "Mozilla/5.0 (compatible; SERankingBacklinksBot/1.0; +https://seranking.com/backlinks-crawler)"
144.76.32.187 - - [19/May/2026:22:45:28 +0000] "GET /2018/09/27/skin-care-advice-you-have-to-have/?share=facebook HTTP/1.1" 302 - "-" "Mozilla/5.0 (compatible; SERankingBacklinksBot/1.0; +https://seranking.com/backlinks-crawler)"
144.76.32.187 - - [19/May/2026:22:45:33 +0000] "GET /2018/11/02/maintain-your-great-skin-with-these-tips/?share=x HTTP/1.1" 302 - "-" "Mozilla/5.0 (compatible; SERankingBacklinksBot/1.0; +https://seranking.com/backlinks-crawler)"
144.76.32.187 - - [19/May/2026:22:45:38 +0000] "GET /2018/11/26/simple-tips-to-help-you-get-healthy-skin/?share=x HTTP/1.1" 302 - "-" "Mozilla/5.0 (compatible; SERankingBacklinksBot/1.0; +https://seranking.com/backlinks-crawler)"
144.76.32.187 - - [19/May/2026:22:45:43 +0000] "GET /2019/03/23/revitalize-your-look-advice-for-reducing-skincare-problems-2/?share=facebook HTTP/1.1" 302 - "-" "Mozilla/5.0 (compatible; SERankingBacklinksBot/1.0; +https://seranking.com/backlinks-crawler)"
144.76.32.187 - - [19/May/2026:22:45:47 +0000] "GET /2018/12/14/skin-care-tips-that-work-for-busy-people/?share=x HTTP/1.1" 302 - "-" "Mozilla/5.0 (compatible; SERankingBacklinksBot/1.0; +https://seranking.com/backlinks-crawler)"
144.76.32.187 - - [19/May/2026:22:45:52 +0000] "GET /2018/12/19/skin-care-tips-everyone-can-benefit-from/?share=x HTTP/1.1" 302 - "-" "Mozilla/5.0 (compatible; SERankingBacklinksBot/1.0; +https://seranking.com/backlinks-crawler)"
144.76.32.187 - - [19/May/2026:22:45:57 +0000] "GET /2018/12/27/some-gentle-remedies-for-great-skin-care/?share=x HTTP/1.1" 302 - "-" "Mozilla/5.0 (compatible; SERankingBacklinksBot/1.0; +https://seranking.com/backlinks-crawler)"
144.76.32.187 - - [19/May/2026:22:46:02 +0000] "GET /2019/01/05/stop-the-constant-skin-care-struggle-now/?share=x HTTP/1.1" 302 - "-" "Mozilla/5.0 (compatible; SERankingBacklinksBot/1.0; +https://seranking.com/backlinks-crawler)"
144.76.32.187 - - [19/May/2026:22:46:07 +0000] "GET /2019/02/11/great-skin-starts-with-these-great-ideas/?share=x HTTP/1.1" 302 - "-" "Mozilla/5.0 (compatible; SERankingBacklinksBot/1.0; +https://seranking.com/backlinks-crawler)"
144.76.32.187 - - [19/May/2026:22:46:12 +0000] "GET /2019/02/21/useful-beauty-tips-for-great-skin-care-2/?share=x HTTP/1.1" 302 - "-" "Mozilla/5.0 (compatible; SERankingBacklinksBot/1.0; +https://seranking.com/backlinks-crawler)"
184.94.212.206 - - [19/May/2026:22:46:18 +0000] "POST /wp-cron.php?doing_wp_cron=1779230778.0595281124114990234375 HTTP/1.1" 200 - "-" "WordPress/6.9.4; https://www.wrinkledskinrepair.com"
144.76.32.187 - - [19/May/2026:22:46:16 +0000] "GET /2019/03/13/how-to-maintain-your-glow-with-skin-care/?share=x HTTP/1.1" 302 - "-" "Mozilla/5.0 (compatible; SERankingBacklinksBot/1.0; +https://seranking.com/backlinks-crawler)"
144.76.32.187 - - [19/May/2026:22:46:21 +0000] "GET /2019/03/31/an-excellent-guide-to-keeping-your-skin-in-tip-top-condition/?share=facebook HTTP/1.1" 302 - "-" "Mozilla/5.0 (compatible; SERankingBacklinksBot/1.0; +https://seranking.com/backlinks-crawler)"
144.76.32.187 - - [19/May/2026:22:46:26 +0000] "GET /2019/04/07/you-can-save-time-and-money-on-skin-care/?share=x HTTP/1.1" 302 - "-" "Mozilla/5.0 (compatible; SERankingBacklinksBot/1.0; +https://seranking.com/backlinks-crawler)"
144.76.32.187 - - [19/May/2026:22:46:31 +0000] "GET /2019/05/23/some-bright-ideas-for-healthier-skin-now/?share=x HTTP/1.1" 302 - "-" "Mozilla/5.0 (compatible; SERankingBacklinksBot/1.0; +https://seranking.com/backlinks-crawler)"
144.76.32.187 - - [19/May/2026:22:46:36 +0000] "GET /2019/07/13/a-list-of-the-best-skin-care-tips/?share=facebook HTTP/1.1" 302 - "-" "Mozilla/5.0 (compatible; SERankingBacklinksBot/1.0; +https://seranking.com/backlinks-crawler)"
144.76.32.187 - - [19/May/2026:22:46:41 +0000] "GET /2019/07/14/skin-care-advice-that-you-can-use/?share=facebook HTTP/1.1" 302 - "-" "Mozilla/5.0 (compatible; SERankingBacklinksBot/1.0; +https://seranking.com/backlinks-crawler)"
144.76.32.187 - - [19/May/2026:22:46:46 +0000] "GET /2020/03/26/tend-to-your-skin-with-these-tips/?share=facebook HTTP/1.1" 302 - "-" "Mozilla/5.0 (compatible; SERankingBacklinksBot/1.0; +https://seranking.com/backlinks-crawler)"
144.76.32.187 - - [19/May/2026:22:46:51 +0000] "GET /2020/04/10/the-best-skin-care-tips-for-healthy-skin/?share=x HTTP/1.1" 302 - "-" "Mozilla/5.0 (compatible; SERankingBacklinksBot/1.0; +https://seranking.com/backlinks-crawler)"
144.76.32.187 - - [19/May/2026:22:46:55 +0000] "GET /2020/06/10/quick-tips-for-common-skin-care-issues-2/?share=x HTTP/1.1" 302 - "-" "Mozilla/5.0 (compatible; SERankingBacklinksBot/1.0; +https://seranking.com/backlinks-crawler)"
144.76.32.187 - - [19/May/2026:22:47:00 +0000] "GET /2019/07/11/keep-your-skin-healthy-and-beautiful-with-these-helpful-tips/?share=facebook HTTP/1.1" 302 - "-" "Mozilla/5.0 (compatible; SERankingBacklinksBot/1.0; +https://seranking.com/backlinks-crawler)"
144.76.32.187 - - [19/May/2026:22:47:05 +0000] "GET /2018/05/25/easy-tips-to-achieve-healthy-glowing-skin/?share=x HTTP/1.1" 302 - "-" "Mozilla/5.0 (compatible; SERankingBacklinksBot/1.0; +https://seranking.com/backlinks-crawler)"
144.76.32.187 - - [19/May/2026:22:47:10 +0000] "GET /2018/05/26/tips-and-tricks-for-healthy-youthful-skin/?share=x HTTP/1.1" 302 - "-" "Mozilla/5.0 (compatible; SERankingBacklinksBot/1.0; +https://seranking.com/backlinks-crawler)"
184.94.212.206 - - [19/May/2026:22:47:16 +0000] "POST /wp-cron.php?doing_wp_cron=1779230836.6120109558105468750000 HTTP/1.1" 200 - "-" "WordPress/6.9.4; https://www.wrinkledskinrepair.com"
144.76.32.187 - - [19/May/2026:22:47:15 +0000] "GET /2018/06/05/helpful-tips-on-how-to-care-for-your-skin/?share=x HTTP/1.1" 302 - "-" "Mozilla/5.0 (compatible; SERankingBacklinksBot/1.0; +https://seranking.com/backlinks-crawler)"
184.94.212.206 - - [19/May/2026:22:47:21 +0000] "POST /wp-cron.php?doing_wp_cron=1779230841.6517250537872314453125 HTTP/1.1" 200 - "-" "WordPress/6.9.4; https://www.wrinkledskinrepair.com"
144.76.32.187 - - [19/May/2026:22:47:20 +0000] "GET /2018/06/22/beautiful-skin-can-be-yours-with-our-tips/?share=x HTTP/1.1" 302 - "-" "Mozilla/5.0 (compatible; SERankingBacklinksBot/1.0; +https://seranking.com/backlinks-crawler)"
144.76.32.187 - - [19/May/2026:22:47:41 +0000] "GET /2018/07/24/tips-for-a-healthy-and-vibrant-complexion/?share=x HTTP/1.1" 302 - "-" "Mozilla/5.0 (compatible; SERankingBacklinksBot/1.0; +https://seranking.com/backlinks-crawler)"
144.76.32.187 - - [19/May/2026:22:47:46 +0000] "GET /2018/08/20/easy-to-use-skin-care-tips-starting-today/?share=x HTTP/1.1" 302 - "-" "Mozilla/5.0 (compatible; SERankingBacklinksBot/1.0; +https://seranking.com/backlinks-crawler)"
144.76.32.187 - - [19/May/2026:22:47:51 +0000] "GET /2018/09/17/simple-tips-to-follow-regarding-skin-care/?share=x HTTP/1.1" 302 - "-" "Mozilla/5.0 (compatible; SERankingBacklinksBot/1.0; +https://seranking.com/backlinks-crawler)"
144.76.32.187 - - [19/May/2026:22:47:56 +0000] "GET /2018/06/16/learn-how-to-better-take-care-of-your-skin-by-using-these-great-tips/?share=x HTTP/1.1" 302 - "-" "Mozilla/5.0 (compatible; SERankingBacklinksBot/1.0; +https://seranking.com/backlinks-crawler)"
144.76.32.187 - - [19/May/2026:22:48:00 +0000] "GET /2018/09/21/the-best-way-to-overcome-problematic-skin/?share=x HTTP/1.1" 302 - "-" "Mozilla/5.0 (compatible; SERankingBacklinksBot/1.0; +https://seranking.com/backlinks-crawler)"
144.76.32.187 - - [19/May/2026:22:48:05 +0000] "GET /2018/09/30/tips-and-strategies-to-care-for-your-skin/?share=x HTTP/1.1" 302 - "-" "Mozilla/5.0 (compatible; SERankingBacklinksBot/1.0; +https://seranking.com/backlinks-crawler)"
184.94.212.206 - - [19/May/2026:22:48:12 +0000] "POST /wp-cron.php?doing_wp_cron=1779230892.4129850864410400390625 HTTP/1.1" 200 - "-" "WordPress/6.9.4; https://www.wrinkledskinrepair.com"
144.76.32.187 - - [19/May/2026:22:48:11 +0000] "GET /2018/10/29/healthy-glowing-skin-is-within-your-reach/?share=x HTTP/1.1" 302 - "-" "Mozilla/5.0 (compatible; SERankingBacklinksBot/1.0; +https://seranking.com/backlinks-crawler)"
144.76.32.187 - - [19/May/2026:22:48:16 +0000] "GET /2018/11/08/the-basics-of-caring-for-your-skin/?share=facebook HTTP/1.1" 302 - "-" "Mozilla/5.0 (compatible; SERankingBacklinksBot/1.0; +https://seranking.com/backlinks-crawler)"
184.94.212.206 - - [19/May/2026:22:48:21 +0000] "POST /wp-cron.php?doing_wp_cron=1779230901.8403990268707275390625 HTTP/1.1" 200 - "-" "WordPress/6.9.4; https://www.wrinkledskinrepair.com"
144.76.32.187 - - [19/May/2026:22:48:20 +0000] "GET /2018/11/10/give-your-skin-some-tlc-with-these-tips-2/?share=x HTTP/1.1" 302 - "-" "Mozilla/5.0 (compatible; SERankingBacklinksBot/1.0; +https://seranking.com/backlinks-crawler)"
144.76.32.187 - - [19/May/2026:22:48:25 +0000] "GET /2018/12/10/improve-your-skin-with-these-helpful-tips/?share=x HTTP/1.1" 302 - "-" "Mozilla/5.0 (compatible; SERankingBacklinksBot/1.0; +https://seranking.com/backlinks-crawler)"
144.76.32.187 - - [19/May/2026:22:48:30 +0000] "GET /2018/12/18/care-for-your-skin-easily-with-these-tips/?share=x HTTP/1.1" 302 - "-" "Mozilla/5.0 (compatible; SERankingBacklinksBot/1.0; +https://seranking.com/backlinks-crawler)"
144.76.32.187 - - [19/May/2026:22:48:34 +0000] "GET /2018/09/27/keep-your-skin-fresh-clean-and-clear-with-this-helpful-advice/?share=facebook HTTP/1.1" 302 - "-" "Mozilla/5.0 (compatible; SERankingBacklinksBot/1.0; +https://seranking.com/backlinks-crawler)"
184.94.212.206 - - [19/May/2026:22:49:36 +0000] "POST /wp-cron.php?doing_wp_cron=1779230976.4210720062255859375000 HTTP/1.1" 200 - "-" "WordPress/6.9.4; https://www.wrinkledskinrepair.com"
192.0.102.146 - - [19/May/2026:22:49:34 +0000] "HEAD / HTTP/1.1" 200 - "-" "jetmon/1.0 (Jetpack Site Uptime Monitor by WordPress.com)"
184.94.212.206 - - [19/May/2026:22:51:32 +0000] "POST /wp-cron.php?doing_wp_cron=1779231092.1563711166381835937500 HTTP/1.1" 200 - "-" "WordPress/6.9.4; https://www.wrinkledskinrepair.com"
77.75.76.163 - - [19/May/2026:22:51:30 +0000] "GET /tag/stay-healthy/ HTTP/1.1" 200 46580 "-" "Mozilla/5.0 (compatible; SeznamBot/4.0; +https://o-seznam.cz/napoveda/vyhledavani/en/seznambot-crawler/)"
184.94.212.206 - - [19/May/2026:22:53:56 +0000] "POST /wp-cron.php?doing_wp_cron=1779231236.7280790805816650390625 HTTP/1.1" 200 - "-" "WordPress/6.9.4; https://www.wrinkledskinrepair.com"
114.119.144.64 - - [19/May/2026:22:53:55 +0000] "GET /2020/03/29/easy-skin-care-tips-to-achieve-the-great-skin-you-yearn-for/?share=facebook HTTP/1.1" 302 - "https://www.wrinkledskinrepair.com/skin-care/easy-skin-care-tips-to-achieve-the-great-skin-you-yearn-for" "Mozilla/5.0 (Linux; Android 7.0;) AppleWebKit/537.36 (HTML, like Gecko) Mobile Safari/537.36 (compatible; PetalBot;+https://webmaster.petalsearch.com/site/petalbot)"
184.94.212.206 - - [19/May/2026:22:54:37 +0000] "POST /wp-cron.php?doing_wp_cron=1779231277.0272059440612792968750 HTTP/1.1" 200 - "-" "WordPress/6.9.4; https://www.wrinkledskinrepair.com"
192.0.102.146 - - [19/May/2026:22:54:35 +0000] "HEAD / HTTP/1.1" 200 - "-" "jetmon/1.0 (Jetpack Site Uptime Monitor by WordPress.com)"
184.94.212.206 - - [19/May/2026:22:55:02 +0000] "POST /wp-cron.php?doing_wp_cron=1779231302.8091390132904052734375 HTTP/1.1" 200 - "-" "WordPress/6.9.4; https://www.wrinkledskinrepair.com"
40.122.235.127 - - [19/May/2026:22:55:01 +0000] "GET / HTTP/1.1" 301 - "-" "Mozilla/5.0 AppleWebKit/537.36 (KHTML, like Gecko); compatible; ChatGPT-User/1.0; +https://openai.com/bot"
184.94.212.206 - - [19/May/2026:22:55:55 +0000] "POST /wp-cron.php?doing_wp_cron=1779231355.4569621086120605468750 HTTP/1.1" 200 - "-" "WordPress/6.9.4; https://www.wrinkledskinrepair.com"
173.214.157.54 - - [19/May/2026:22:55:53 +0000] "GET /2025/11/08/best-creams-over-50 HTTP/1.1" 301 - "-" "Mozilla/5.0 (Windows NT 10.0; Win64; x64) AppleWebKit/537.36 (KHTML, like Gecko) Chrome/143.0.0.0 Safari/537.36"
173.214.157.54 - - [19/May/2026:22:55:55 +0000] "GET /2025/11/08/best-creams-over-50/ HTTP/1.1" 200 56607 "-" "Mozilla/5.0 (Windows NT 10.0; Win64; x64) AppleWebKit/537.36 (KHTML, like Gecko) Chrome/143.0.0.0 Safari/537.36"
173.214.157.54 - - [19/May/2026:22:55:57 +0000] "GET /wp-content/plugins/wp-meta-and-date-remover/assets/js/inspector.js?ver=1.1 HTTP/1.1" 200 1455 "https://www.wrinkledskinrepair.com/2025/11/08/best-creams-over-50/" "Mozilla/5.0 (Windows NT 10.0; Win64; x64) AppleWebKit/537.36 (KHTML, like Gecko) Chrome/143.0.0.0 Safari/537.36"
73.151.130.200 - - [19/May/2026:22:55:58 +0000] "GET /wp-content/themes/spa-and-salon/js/v4-shims.min.js?ver=6.5.1 HTTP/1.1" 200 7909 "https://www.wrinkledskinrepair.com/2025/11/08/best-creams-over-50/" "Mozilla/5.0 (Windows NT 10.0; Win64; x64) AppleWebKit/537.36 (KHTML, like Gecko) Chrome/143.0.0.0 Safari/537.36"
173.214.157.54 - - [19/May/2026:22:55:58 +0000] "GET /wp-content/themes/spa-and-salon/js/modal-accessibility.min.js?ver=1.0.7 HTTP/1.1" 200 2033 "https://www.wrinkledskinrepair.com/2025/11/08/best-creams-over-50/" "Mozilla/5.0 (Windows NT 10.0; Win64; x64) AppleWebKit/537.36 (KHTML, like Gecko) Chrome/143.0.0.0 Safari/537.36"
76.124.153.81 - - [19/May/2026:22:55:58 +0000] "GET /wp-content/themes/spa-and-salon/js/slick.min.js?ver=2.6.0 HTTP/1.1" 200 10445 "https://www.wrinkledskinrepair.com/2025/11/08/best-creams-over-50/" "Mozilla/5.0 (Windows NT 10.0; Win64; x64) AppleWebKit/537.36 (KHTML, like Gecko) Chrome/143.0.0.0 Safari/537.36"
73.151.130.200 - - [19/May/2026:22:55:58 +0000] "GET /wp-content/themes/spa-and-salon/js/perfect-scrollbar.min.js?ver=1.0.7 HTTP/1.1" 200 5954 "https://www.wrinkledskinrepair.com/2025/11/08/best-creams-over-50/" "Mozilla/5.0 (Windows NT 10.0; Win64; x64) AppleWebKit/537.36 (KHTML, like Gecko) Chrome/143.0.0.0 Safari/537.36"
24.115.115.9 - - [19/May/2026:22:55:58 +0000] "GET /wp-content/themes/spa-and-salon/js/all.min.js?ver=6.5.1 HTTP/1.1" 200 542300 "https://www.wrinkledskinrepair.com/2025/11/08/best-creams-over-50/" "Mozilla/5.0 (Windows NT 10.0; Win64; x64) AppleWebKit/537.36 (KHTML, like Gecko) Chrome/143.0.0.0 Safari/537.36"
73.151.130.200 - - [19/May/2026:22:55:58 +0000] "GET /wp-content/plugins/wp-consent-api/assets/js/wp-consent-api.min.js?ver=2.0.1 HTTP/1.1" 200 822 "https://www.wrinkledskinrepair.com/2025/11/08/best-creams-over-50/" "Mozilla/5.0 (Windows NT 10.0; Win64; x64) AppleWebKit/537.36 (KHTML, like Gecko) Chrome/143.0.0.0 Safari/537.36"
76.124.153.81 - - [19/May/2026:22:55:58 +0000] "GET /wp-content/plugins/google-site-kit/dist/assets/js/googlesitekit-consent-mode-da15714e8829855bb7ce.js HTTP/1.1" 200 25462 "https://www.wrinkledskinrepair.com/2025/11/08/best-creams-over-50/" "Mozilla/5.0 (Windows NT 10.0; Win64; x64) AppleWebKit/537.36 (KHTML, like Gecko) Chrome/143.0.0.0 Safari/537.36"
73.151.130.200 - - [19/May/2026:22:55:58 +0000] "GET /wp-content/plugins/jetpack/_inc/blocks/subscriptions/view.js?minify=false&ver=15.8 HTTP/1.1" 200 2286 "https://www.wrinkledskinrepair.com/2025/11/08/best-creams-over-50/" "Mozilla/5.0 (Windows NT 10.0; Win64; x64) AppleWebKit/537.36 (KHTML, like Gecko) Chrome/143.0.0.0 Safari/537.36"
73.6.100.156 - - [19/May/2026:22:55:58 +0000] "GET /wp-content/themes/spa-and-salon/js/custom.min.js?ver=1.0.7 HTTP/1.1" 200 567 "https://www.wrinkledskinrepair.com/2025/11/08/best-creams-over-50/" "Mozilla/5.0 (Windows NT 10.0; Win64; x64) AppleWebKit/537.36 (KHTML, like Gecko) Chrome/143.0.0.0 Safari/537.36"
173.214.157.54 - - [19/May/2026:22:55:58 +0000] "GET /wp-content/plugins/jetpack/jetpack_vendor/automattic/jetpack-classic-theme-helper/dist/responsive-videos/responsive-videos.js?minify=false&ver=1a16f71f21c6d197f51b HTTP/1.1" 200 645 "https://www.wrinkledskinrepair.com/2025/11/08/best-creams-over-50/" "Mozilla/5.0 (Windows NT 10.0; Win64; x64) AppleWebKit/537.36 (KHTML, like Gecko) Chrome/143.0.0.0 Safari/537.36"
73.151.130.200 - - [19/May/2026:22:55:59 +0000] "GET /wp-includes/js/wp-emoji-release.min.js?ver=6.9.4 HTTP/1.1" 200 5375 "https://www.wrinkledskinrepair.com/2025/11/08/best-creams-over-50/" "Mozilla/5.0 (Windows NT 10.0; Win64; x64) AppleWebKit/537.36 (KHTML, like Gecko) Chrome/143.0.0.0 Safari/537.36"
173.214.157.54 - - [19/May/2026:22:55:59 +0000] "POST /wp-admin/admin-ajax.php HTTP/1.1" 200 62 "https://www.wrinkledskinrepair.com/2025/11/08/best-creams-over-50/" "Mozilla/5.0 (Windows NT 10.0; Win64; x64) AppleWebKit/537.36 (KHTML, like Gecko) Chrome/143.0.0.0 Safari/537.36"
84.233.195.151 - - [19/May/2026:22:56:01 +0000] "GET / HTTP/1.1" 301 - "-" "Go-http-client/1.1"
84.233.195.150 - - [19/May/2026:22:56:03 +0000] "GET / HTTP/1.1" 301 - "-" "Go-http-client/1.1"
84.233.195.159 - - [19/May/2026:22:56:03 +0000] "GET / HTTP/1.1" 301 - "-" "Go-http-client/1.1"
84.233.195.151 - - [19/May/2026:22:56:03 +0000] "GET / HTTP/1.1" 200 47731 "https://www.wrinkledskinrepair.com:443" "Go-http-client/1.1"
84.233.195.150 - - [19/May/2026:22:56:05 +0000] "GET / HTTP/1.1" 200 47731 "https://www.wrinkledskinrepair.com:443" "Go-http-client/1.1"
84.233.195.155 - - [19/May/2026:22:56:05 +0000] "GET / HTTP/1.1" 301 - "-" "Go-http-client/1.1"
84.233.195.159 - - [19/May/2026:22:56:05 +0000] "GET / HTTP/1.1" 200 47731 "https://www.wrinkledskinrepair.com:443" "Go-http-client/1.1"
84.233.195.162 - - [19/May/2026:22:56:07 +0000] "GET / HTTP/1.1" 301 - "-" "Go-http-client/1.1"
149.102.230.119 - - [19/May/2026:22:56:07 +0000] "GET / HTTP/1.1" 301 - "-" "Go-http-client/1.1"
84.233.195.155 - - [19/May/2026:22:56:07 +0000] "GET / HTTP/1.1" 200 47731 "https://www.wrinkledskinrepair.com:443" "Go-http-client/1.1"
84.233.195.159 - - [19/May/2026:22:56:08 +0000] "GET / HTTP/1.1" 301 - "-" "Go-http-client/1.1"
149.102.230.119 - - [19/May/2026:22:56:08 +0000] "GET / HTTP/1.1" 200 47731 "https://www.wrinkledskinrepair.com:443" "Go-http-client/1.1"
84.233.195.162 - - [19/May/2026:22:56:08 +0000] "GET / HTTP/1.1" 200 47731 "https://www.wrinkledskinrepair.com:443" "Go-http-client/1.1"
84.233.195.150 - - [19/May/2026:22:56:10 +0000] "GET / HTTP/1.1" 301 - "-" "Go-http-client/1.1"
84.233.195.159 - - [19/May/2026:22:56:10 +0000] "GET / HTTP/1.1" 200 47731 "https://www.wrinkledskinrepair.com:443" "Go-http-client/1.1"
84.233.195.153 - - [19/May/2026:22:56:10 +0000] "GET / HTTP/1.1" 301 - "-" "Go-http-client/1.1"
84.233.195.162 - - [19/May/2026:22:56:11 +0000] "GET / HTTP/1.1" 301 - "-" "Go-http-client/1.1"
84.233.195.150 - - [19/May/2026:22:56:11 +0000] "GET / HTTP/1.1" 200 47731 "https://www.wrinkledskinrepair.com:443" "Go-http-client/1.1"
84.233.195.153 - - [19/May/2026:22:56:12 +0000] "GET / HTTP/1.1" 200 47731 "https://www.wrinkledskinrepair.com:443" "Go-http-client/1.1"
84.233.195.162 - - [19/May/2026:22:56:13 +0000] "GET / HTTP/1.1" 200 47731 "https://www.wrinkledskinrepair.com:443" "Go-http-client/1.1"
84.233.195.152 - - [19/May/2026:22:56:13 +0000] "GET / HTTP/1.1" 301 - "-" "Go-http-client/1.1"
84.233.195.157 - - [19/May/2026:22:56:13 +0000] "GET / HTTP/1.1" 301 - "-" "Go-http-client/1.1"
84.233.195.149 - - [19/May/2026:22:56:14 +0000] "GET / HTTP/1.1" 301 - "-" "Go-http-client/1.1"
84.233.195.152 - - [19/May/2026:22:56:15 +0000] "GET / HTTP/1.1" 200 47731 "https://www.wrinkledskinrepair.com:443" "Go-http-client/1.1"
84.233.195.157 - - [19/May/2026:22:56:15 +0000] "GET / HTTP/1.1" 200 47731 "https://www.wrinkledskinrepair.com:443" "Go-http-client/1.1"
84.233.195.149 - - [19/May/2026:22:56:16 +0000] "GET / HTTP/1.1" 200 47731 "https://www.wrinkledskinrepair.com:443" "Go-http-client/1.1"
84.233.195.154 - - [19/May/2026:22:56:16 +0000] "GET / HTTP/1.1" 301 - "-" "Go-http-client/1.1"
184.94.212.206 - - [19/May/2026:22:56:18 +0000] "POST /wp-cron.php?doing_wp_cron=1779231378.8189280033111572265625 HTTP/1.1" 200 - "-" "WordPress/6.9.4; https://www.wrinkledskinrepair.com"
84.233.195.157 - - [19/May/2026:22:56:17 +0000] "GET / HTTP/1.1" 301 - "-" "Go-http-client/1.1"
84.233.195.154 - - [19/May/2026:22:56:18 +0000] "GET / HTTP/1.1" 200 47731 "https://www.wrinkledskinrepair.com:443" "Go-http-client/1.1"
84.233.195.151 - - [19/May/2026:22:56:19 +0000] "GET / HTTP/1.1" 301 - "-" "Go-http-client/1.1"
84.233.195.157 - - [19/May/2026:22:56:19 +0000] "GET / HTTP/1.1" 200 47731 "https://www.wrinkledskinrepair.com:443" "Go-http-client/1.1"
84.233.195.153 - - [19/May/2026:22:56:20 +0000] "GET / HTTP/1.1" 301 - "-" "Go-http-client/1.1"
84.233.195.151 - - [19/May/2026:22:56:21 +0000] "GET / HTTP/1.1" 200 47731 "https://www.wrinkledskinrepair.com:443" "Go-http-client/1.1"
84.233.195.155 - - [19/May/2026:22:56:22 +0000] "GET / HTTP/1.1" 301 - "-" "Go-http-client/1.1"
84.233.195.153 - - [19/May/2026:22:56:22 +0000] "GET / HTTP/1.1" 200 47731 "https://www.wrinkledskinrepair.com:443" "Go-http-client/1.1"
84.233.195.155 - - [19/May/2026:22:56:23 +0000] "GET / HTTP/1.1" 200 47731 "https://www.wrinkledskinrepair.com:443" "Go-http-client/1.1"
138.199.39.134 - - [19/May/2026:22:57:03 +0000] "GET /f1812576.com/d6a383d777 HTTP/1.1" 404 41303 "-" "Mozilla/5.0 (Linux; arm_64; Android 16; SM-S938B) AppleWebKit/537.36 (KHTML, like Gecko) Chrome/146.0.7680.288 YaBrowser/26.4.0.288.00 Mobile Safari/537.36"
138.199.39.134 - - [19/May/2026:22:57:06 +0000] "GET /wp-content/plugins/complianz-gdpr/assets/css/cookieblocker.min.css?ver=1741710170 HTTP/1.1" 200 723 "https://www.wrinkledskinrepair.com/f1812576.com/d6a383d777" "Mozilla/5.0 (Linux; arm_64; Android 16; SM-S938B) AppleWebKit/537.36 (KHTML, like Gecko) Chrome/146.0.7680.288 YaBrowser/26.4.0.288.00 Mobile Safari/537.36"
138.199.39.134 - - [19/May/2026:22:57:06 +0000] "GET /wp-content/themes/spa-and-salon/style.css?ver=6.9.4 HTTP/1.1" 200 13994 "https://www.wrinkledskinrepair.com/f1812576.com/d6a383d777" "Mozilla/5.0 (Linux; arm_64; Android 16; SM-S938B) AppleWebKit/537.36 (KHTML, like Gecko) Chrome/146.0.7680.288 YaBrowser/26.4.0.288.00 Mobile Safari/537.36"
138.199.39.134 - - [19/May/2026:22:57:06 +0000] "GET /wp-content/themes/medical-spa/style.css?ver=1.0.7 HTTP/1.1" 200 5745 "https://www.wrinkledskinrepair.com/f1812576.com/d6a383d777" "Mozilla/5.0 (Linux; arm_64; Android 16; SM-S938B) AppleWebKit/537.36 (KHTML, like Gecko) Chrome/146.0.7680.288 YaBrowser/26.4.0.288.00 Mobile Safari/537.36"
138.199.39.134 - - [19/May/2026:22:57:06 +0000] "GET /wp-content/themes/spa-and-salon/css/slick.min.css?ver=6.9.4 HTTP/1.1" 200 490 "https://www.wrinkledskinrepair.com/f1812576.com/d6a383d777" "Mozilla/5.0 (Linux; arm_64; Android 16; SM-S938B) AppleWebKit/537.36 (KHTML, like Gecko) Chrome/146.0.7680.288 YaBrowser/26.4.0.288.00 Mobile Safari/537.36"
138.199.39.134 - - [19/May/2026:22:57:07 +0000] "GET /wp-content/themes/spa-and-salon/css/perfect-scrollbar.min.css?ver=6.9.4 HTTP/1.1" 200 494 "https://www.wrinkledskinrepair.com/f1812576.com/d6a383d777" "Mozilla/5.0 (Linux; arm_64; Android 16; SM-S938B) AppleWebKit/537.36 (KHTML, like Gecko) Chrome/146.0.7680.288 YaBrowser/26.4.0.288.00 Mobile Safari/537.36"
138.199.39.134 - - [19/May/2026:22:57:07 +0000] "GET /wp-content/plugins/recent-posts-widget-with-thumbnails/public.css?ver=7.1.1 HTTP/1.1" 200 487 "https://www.wrinkledskinrepair.com/f1812576.com/d6a383d777" "Mozilla/5.0 (Linux; arm_64; Android 16; SM-S938B) AppleWebKit/537.36 (KHTML, like Gecko) Chrome/146.0.7680.288 YaBrowser/26.4.0.288.00 Mobile Safari/537.36"
138.199.39.134 - - [19/May/2026:22:57:07 +0000] "GET /wp-content/plugins/tablepress/css/build/default.css?ver=3.3 HTTP/1.1" 200 1767 "https://www.wrinkledskinrepair.com/f1812576.com/d6a383d777" "Mozilla/5.0 (Linux; arm_64; Android 16; SM-S938B) AppleWebKit/537.36 (KHTML, like Gecko) Chrome/146.0.7680.288 YaBrowser/26.4.0.288.00 Mobile Safari/537.36"
138.199.39.134 - - [19/May/2026:22:57:07 +0000] "GET /wp-content/plugins/wp-meta-and-date-remover/assets/js/inspector.js?ver=1.1 HTTP/1.1" 200 1455 "https://www.wrinkledskinrepair.com/f1812576.com/d6a383d777" "Mozilla/5.0 (Linux; arm_64; Android 16; SM-S938B) AppleWebKit/537.36 (KHTML, like Gecko) Chrome/146.0.7680.288 YaBrowser/26.4.0.288.00 Mobile Safari/537.36"
138.199.39.134 - - [19/May/2026:22:57:07 +0000] "GET /wp-content/themes/spa-and-salon/js/v4-shims.min.js?ver=6.5.1 HTTP/1.1" 200 7909 "https://www.wrinkledskinrepair.com/f1812576.com/d6a383d777" "Mozilla/5.0 (Linux; arm_64; Android 16; SM-S938B) AppleWebKit/537.36 (KHTML, like Gecko) Chrome/146.0.7680.288 YaBrowser/26.4.0.288.00 Mobile Safari/537.36"
138.199.39.134 - - [19/May/2026:22:57:07 +0000] "GET /wp-content/themes/spa-and-salon/js/modal-accessibility.min.js?ver=1.0.7 HTTP/1.1" 200 2033 "https://www.wrinkledskinrepair.com/f1812576.com/d6a383d777" "Mozilla/5.0 (Linux; arm_64; Android 16; SM-S938B) AppleWebKit/537.36 (KHTML, like Gecko) Chrome/146.0.7680.288 YaBrowser/26.4.0.288.00 Mobile Safari/537.36"
138.199.39.134 - - [19/May/2026:22:57:08 +0000] "GET /wp-content/themes/spa-and-salon/js/slick.min.js?ver=2.6.0 HTTP/1.1" 200 10445 "https://www.wrinkledskinrepair.com/f1812576.com/d6a383d777" "Mozilla/5.0 (Linux; arm_64; Android 16; SM-S938B) AppleWebKit/537.36 (KHTML, like Gecko) Chrome/146.0.7680.288 YaBrowser/26.4.0.288.00 Mobile Safari/537.36"
138.199.39.134 - - [19/May/2026:22:57:08 +0000] "GET /wp-content/themes/spa-and-salon/js/custom.min.js?ver=1.0.7 HTTP/1.1" 200 567 "https://www.wrinkledskinrepair.com/f1812576.com/d6a383d777" "Mozilla/5.0 (Linux; arm_64; Android 16; SM-S938B) AppleWebKit/537.36 (KHTML, like Gecko) Chrome/146.0.7680.288 YaBrowser/26.4.0.288.00 Mobile Safari/537.36"
138.199.39.134 - - [19/May/2026:22:57:08 +0000] "GET /wp-content/plugins/wp-consent-api/assets/js/wp-consent-api.min.js?ver=2.0.1 HTTP/1.1" 200 822 "https://www.wrinkledskinrepair.com/f1812576.com/d6a383d777" "Mozilla/5.0 (Linux; arm_64; Android 16; SM-S938B) AppleWebKit/537.36 (KHTML, like Gecko) Chrome/146.0.7680.288 YaBrowser/26.4.0.288.00 Mobile Safari/537.36"
138.199.39.134 - - [19/May/2026:22:57:08 +0000] "GET /wp-content/themes/spa-and-salon/js/perfect-scrollbar.min.js?ver=1.0.7 HTTP/1.1" 200 5954 "https://www.wrinkledskinrepair.com/f1812576.com/d6a383d777" "Mozilla/5.0 (Linux; arm_64; Android 16; SM-S938B) AppleWebKit/537.36 (KHTML, like Gecko) Chrome/146.0.7680.288 YaBrowser/26.4.0.288.00 Mobile Safari/537.36"
138.199.39.134 - - [19/May/2026:22:57:08 +0000] "GET /wp-content/plugins/google-site-kit/dist/assets/js/googlesitekit-consent-mode-da15714e8829855bb7ce.js HTTP/1.1" 200 25462 "https://www.wrinkledskinrepair.com/f1812576.com/d6a383d777" "Mozilla/5.0 (Linux; arm_64; Android 16; SM-S938B) AppleWebKit/537.36 (KHTML, like Gecko) Chrome/146.0.7680.288 YaBrowser/26.4.0.288.00 Mobile Safari/537.36"
138.199.39.134 - - [19/May/2026:22:57:09 +0000] "GET /wp-content/themes/spa-and-salon/images/bg-error.png HTTP/1.1" 200 2648 "https://www.wrinkledskinrepair.com/wp-content/themes/spa-and-salon/style.css?ver=6.9.4" "Mozilla/5.0 (Linux; arm_64; Android 16; SM-S938B) AppleWebKit/537.36 (KHTML, like Gecko) Chrome/146.0.7680.288 YaBrowser/26.4.0.288.00 Mobile Safari/537.36"
138.199.39.134 - - [19/May/2026:22:57:08 +0000] "GET /wp-content/themes/spa-and-salon/js/all.min.js?ver=6.5.1 HTTP/1.1" 200 542300 "https://www.wrinkledskinrepair.com/f1812576.com/d6a383d777" "Mozilla/5.0 (Linux; arm_64; Android 16; SM-S938B) AppleWebKit/537.36 (KHTML, like Gecko) Chrome/146.0.7680.288 YaBrowser/26.4.0.288.00 Mobile Safari/537.36"
104.43.48.106 - - [19/May/2026:22:58:24 +0000] "GET /wp-login.php HTTP/1.1" 200 4400 "-" "Mozilla/5.0 (X11; Ubuntu; Linux x86_64) AppleWebKit/537.36 (KHTML, like Gecko) Chrome/133.0.0.0 Safari/537.36"
104.43.48.106 - - [19/May/2026:22:58:26 +0000] "POST /wp-login.php HTTP/1.1" 200 4400 "https://wrinkledskinrepair.com/wp-login.php" "Mozilla/5.0 (X11; Ubuntu; Linux x86_64) AppleWebKit/537.36 (KHTML, like Gecko) Chrome/133.0.0.0 Safari/537.36"
184.94.212.206 - - [19/May/2026:22:58:39 +0000] "POST /wp-cron.php?doing_wp_cron=1779231519.8565568923950195312500 HTTP/1.1" 200 - "-" "WordPress/6.9.4; https://www.wrinkledskinrepair.com"
165.227.255.184 - - [19/May/2026:22:58:38 +0000] "GET /f1812576.com/d6a383d777 HTTP/1.1" 404 41303 "-" "Mozilla/5.0 (Windows NT 10.0; Win64; x64) AppleWebKit/537.36 (KHTML, like Gecko) Chrome/148.0.0.0 Safari/537.36"
184.94.212.206 - - [19/May/2026:22:59:39 +0000] "POST /wp-cron.php?doing_wp_cron=1779231579.7424659729003906250000 HTTP/1.1" 200 - "-" "WordPress/6.9.4; https://www.wrinkledskinrepair.com"
192.0.102.146 - - [19/May/2026:22:59:38 +0000] "HEAD / HTTP/1.1" 200 - "-" "jetmon/1.0 (Jetpack Site Uptime Monitor by WordPress.com)"
184.94.212.206 - - [19/May/2026:23:00:07 +0000] "POST /wp-cron.php?doing_wp_cron=1779231607.7849159240722656250000 HTTP/1.1" 200 - "-" "WordPress/6.9.4; https://www.wrinkledskinrepair.com"
195.234.109.74 - - [19/May/2026:23:00:06 +0000] "GET /wp-content/uploads/2019/05/e830b80729fc033ed1584d05fb1d4390e277e2c818b4144696f2c771a3ec_640.jpg HTTP/1.1" 301 - "-" "Photon/1.0"
195.234.109.74 - - [19/May/2026:23:00:08 +0000] "GET /wp-content/uploads/2019/05/e830b80729fc033ed1584d05fb1d4390e277e2c818b4144696f2c771a3ec_640.jpg HTTP/1.1" 404 131909 "-" "Photon/1.0"
138.199.39.134 - - [19/May/2026:23:00:16 +0000] "GET /f1812576.com/d6a383d777 HTTP/1.1" 404 41303 "-" "Mozilla/5.0 (iPhone; CPU iPhone OS 16_0 like Mac OS X) AppleWebKit/605.1.15 (KHTML, like Gecko) Version/16.0 Mobile/15E148 Safari/604.1"
138.199.39.134 - - [19/May/2026:23:00:16 +0000] "GET /f1812576.com/d6a383d777 HTTP/1.1" 404 41303 "-" "Mozilla/5.0 (Linux, Android 10, K) AppleWebKit/537.36 (KHTML, like Gecko) Chrome/148.0.0.0 Mobile Safari/537.36"
184.94.212.206 - - [19/May/2026:23:00:34 +0000] "POST /wp-cron.php?doing_wp_cron=1779231634.3709070682525634765625 HTTP/1.1" 200 - "-" "WordPress/6.9.4; https://www.wrinkledskinrepair.com"
40.77.167.101 - - [19/May/2026:23:00:33 +0000] "GET /robots.txt HTTP/1.1" 200 127 "-" "Mozilla/5.0 AppleWebKit/537.36 (KHTML, like Gecko; compatible; bingbot/2.0; +http://www.bing.com/bingbot.htm) Chrome/116.0.1938.76 Safari/537.36"
52.167.144.16 - - [19/May/2026:23:00:40 +0000] "GET /sitemap.xml.gz HTTP/1.1" 200 406 "-" "Mozilla/5.0 AppleWebKit/537.36 (KHTML, like Gecko; compatible; bingbot/2.0; +http://www.bing.com/bingbot.htm) Chrome/116.0.1938.76 Safari/537.36"
138.199.39.134 - - [19/May/2026:23:00:51 +0000] "GET /favicon.ico HTTP/1.1" 302 - "-" "Mozilla/5.0 (Linux; arm_64; Android 16; SM-S938B) AppleWebKit/537.36 (KHTML, like Gecko) Chrome/146.0.7680.288 YaBrowser/26.4.0.288.00 Mobile Safari/537.36"
184.94.212.206 - - [19/May/2026:23:02:23 +0000] "POST /wp-cron.php?doing_wp_cron=1779231743.5108900070190429687500 HTTP/1.1" 200 - "-" "WordPress/6.9.4; https://www.wrinkledskinrepair.com"
38.210.186.3 - - [19/May/2026:23:02:21 +0000] "GET /tag/healthy-glow/ HTTP/1.1" 301 - "-" "Mozilla/5.0 (Macintosh; Intel Mac OS X 15.2; rv:132.0) Gecko/20100101 Firefox/132.0"
80.103.180.133 - - [19/May/2026:23:02:25 +0000] "GET /tag/healthy-glow/ HTTP/1.1" 200 48110 "-" "Mozilla/5.0 (Macintosh; Intel Mac OS X 15.2; rv:132.0) Gecko/20100101 Firefox/132.0"
184.94.212.206 - - [19/May/2026:23:04:00 +0000] "POST /wp-cron.php?doing_wp_cron=1779231840.5030529499053955078125 HTTP/1.1" 200 - "-" "WordPress/6.9.4; https://www.wrinkledskinrepair.com"
114.119.142.210 - - [19/May/2026:23:03:58 +0000] "GET /2020/03/27/get-a-glowing-complexion-from-some-great-skin-care-advice-2/ HTTP/1.1" 200 53419 "https://www.wrinkledskinrepair.com/blog/page/11" "Mozilla/5.0 (Linux; Android 7.0;) AppleWebKit/537.36 (HTML, like Gecko) Mobile Safari/537.36 (compatible; PetalBot;+https://webmaster.petalsearch.com/site/petalbot)"
184.94.212.206 - - [19/May/2026:23:04:38 +0000] "POST /wp-cron.php?doing_wp_cron=1779231878.7423770427703857421875 HTTP/1.1" 200 - "-" "WordPress/6.9.4; https://www.wrinkledskinrepair.com"
192.0.102.146 - - [19/May/2026:23:04:37 +0000] "HEAD / HTTP/1.1" 200 - "-" "jetmon/1.0 (Jetpack Site Uptime Monitor by WordPress.com)"
184.94.212.206 - - [19/May/2026:23:05:39 +0000] "POST /wp-cron.php?doing_wp_cron=1779231939.8955779075622558593750 HTTP/1.1" 200 - "-" "WordPress/6.9.4; https://www.wrinkledskinrepair.com"
40.77.167.18 - - [19/May/2026:23:05:38 +0000] "GET /sitemap.xml HTTP/1.1" 200 407 "-" "Mozilla/5.0 AppleWebKit/537.36 (KHTML, like Gecko; compatible; bingbot/2.0; +http://www.bing.com/bingbot.htm) Chrome/116.0.1938.76 Safari/537.36"
184.94.212.206 - - [19/May/2026:23:06:45 +0000] "POST /wp-cron.php?doing_wp_cron=1779232005.6472730636596679687500 HTTP/1.1" 200 - "-" "WordPress/6.9.4; https://www.wrinkledskinrepair.com"
195.234.109.78 - - [19/May/2026:23:06:43 +0000] "GET /wp-content/uploads/2020/04/how_to_improve_the_skin_you_are_in-1.jpg HTTP/1.1" 404 131713 "-" "Photon/1.0"
44.210.190.63 - - [19/May/2026:23:06:55 +0000] "GET /2025/11/08/best-creams-over-50 HTTP/1.1" 301 - "https://www.bing.com/" "Mozilla/5.0 (Macintosh; Intel Mac OS X 10_15_7) AppleWebKit/537.36 (KHTML, like Gecko) Chrome/120.0.0.0 Safari/537.36"
44.210.190.63 - - [19/May/2026:23:06:58 +0000] "GET /2025/11/08/best-creams-over-50/ HTTP/1.1" 200 56607 "https://www.bing.com/" "Mozilla/5.0 (Macintosh; Intel Mac OS X 10_15_7) AppleWebKit/537.36 (KHTML, like Gecko) Chrome/120.0.0.0 Safari/537.36"
184.94.212.206 - - [19/May/2026:23:08:49 +0000] "POST /wp-cron.php?doing_wp_cron=1779232129.8006041049957275390625 HTTP/1.1" 200 - "-" "WordPress/6.9.4; https://www.wrinkledskinrepair.com"
4.197.64.18 - - [19/May/2026:23:08:48 +0000] "GET / HTTP/1.1" 301 - "-" "Mozilla/5.0 AppleWebKit/537.36 (KHTML, like Gecko); compatible; ChatGPT-User/1.0; +https://openai.com/bot"
