123.16.97.121 - - [20/May/2026:02:55:06 +0000] "GET /robots.txt HTTP/1.1" 200 127 "-" "Mozilla/5.0 (Windows NT 10.0; Win64; x64) AppleWebKit/537.36 (KHTML, like Gecko) Chrome/132.0.6834.83 Safari/537.36"
152.42.212.193 - - [20/May/2026:02:55:07 +0000] "POST /wp-login.php HTTP/1.1" 200 4400 "https://wrinkledskinrepair.com/wp-login.php" "Mozilla/5.0 (Macintosh; Intel Mac OS X 10.15) Gecko/20100101 Firefox/120.0.1"
195.234.109.176 - - [20/May/2026:02:55:23 +0000] "GET /wp-content/uploads/2020/04/easy_ways_to_transform_imperfect_skin.jpg HTTP/1.1" 301 - "-" "Photon/1.0"
216.73.217.80 - - [20/May/2026:02:55:24 +0000] "GET /2018/05/27/beautiful-skin-starts-with-great-skin-care/?noamp=mobile HTTP/1.1" 200 53736 "-" "Mozilla/5.0 AppleWebKit/537.36 (KHTML, like Gecko; compatible; ClaudeBot/1.0; +claudebot@anthropic.com)"
195.234.109.176 - - [20/May/2026:02:55:25 +0000] "GET /wp-content/uploads/2020/04/easy_ways_to_transform_imperfect_skin.jpg HTTP/1.1" 404 131720 "-" "Photon/1.0"
184.94.212.206 - - [20/May/2026:02:58:09 +0000] "POST /wp-cron.php?doing_wp_cron=1779245889.4629609584808349609375 HTTP/1.1" 200 - "-" "WordPress/6.9.4; https://www.wrinkledskinrepair.com"
52.173.235.83 - - [20/May/2026:02:58:07 +0000] "GET / HTTP/1.1" 301 - "-" "Mozilla/5.0 AppleWebKit/537.36 (KHTML, like Gecko); compatible; ChatGPT-User/1.0; +https://openai.com/bot"
195.234.109.64 - - [20/May/2026:02:58:24 +0000] "GET /wp-content/uploads/2019/01/ea33b80620f3063ed1584d05fb1d4390e277e2c818b4154791f8c571a6ea_640.jpg HTTP/1.1" 301 - "-" "Photon/1.0"
184.94.212.206 - - [20/May/2026:02:58:27 +0000] "POST /wp-cron.php?doing_wp_cron=1779245907.4268119335174560546875 HTTP/1.1" 200 - "-" "WordPress/6.9.4; https://www.wrinkledskinrepair.com"
195.234.109.64 - - [20/May/2026:02:58:26 +0000] "GET /wp-content/uploads/2019/01/ea33b80620f3063ed1584d05fb1d4390e277e2c818b4154791f8c571a6ea_640.jpg HTTP/1.1" 404 131909 "-" "Photon/1.0"
20.215.220.221 - - [20/May/2026:02:58:26 +0000] "GET / HTTP/1.1" 301 - "-" "Mozilla/5.0 AppleWebKit/537.36 (KHTML, like Gecko); compatible; ChatGPT-User/1.0; +https://openai.com/bot"
20.215.220.213 - - [20/May/2026:02:58:29 +0000] "GET / HTTP/1.1" 200 47730 "-" "Mozilla/5.0 AppleWebKit/537.36 (KHTML, like Gecko); compatible; ChatGPT-User/1.0; +https://openai.com/bot"
216.73.217.80 - - [20/May/2026:02:58:52 +0000] "GET /2020/05/30/everything-you-should-know-about-skin-care-2/?noamp=mobile HTTP/1.1" 200 54277 "-" "Mozilla/5.0 AppleWebKit/537.36 (KHTML, like Gecko; compatible; ClaudeBot/1.0; +claudebot@anthropic.com)"
20.169.73.183 - - [20/May/2026:02:59:13 +0000] "GET / HTTP/1.1" 301 - "-" "Mozilla/5.0 AppleWebKit/537.36 (KHTML, like Gecko); compatible; ChatGPT-User/1.0; +https://openai.com/bot"
20.169.73.188 - - [20/May/2026:02:59:15 +0000] "GET / HTTP/1.1" 200 47730 "-" "Mozilla/5.0 AppleWebKit/537.36 (KHTML, like Gecko); compatible; ChatGPT-User/1.0; +https://openai.com/bot"
184.94.212.206 - - [20/May/2026:02:59:38 +0000] "POST /wp-cron.php?doing_wp_cron=1779245978.0029780864715576171875 HTTP/1.1" 200 - "-" "WordPress/6.9.4; https://www.wrinkledskinrepair.com"
192.0.102.146 - - [20/May/2026:02:59:36 +0000] "HEAD / HTTP/1.1" 200 - "-" "jetmon/1.0 (Jetpack Site Uptime Monitor by WordPress.com)"
184.94.212.206 - - [20/May/2026:03:00:09 +0000] "POST /wp-cron.php?doing_wp_cron=1779246009.0297069549560546875000 HTTP/1.1" 200 - "-" "WordPress/6.9.4; https://www.wrinkledskinrepair.com"
46.105.42.135 - - [20/May/2026:03:00:07 +0000] "GET /robots.txt HTTP/1.1" 200 127 "-" "Mozilla/5.0 (compatible; MJ12bot/v2.0.5; http://mj12bot.com/)"
46.105.42.135 - - [20/May/2026:03:00:09 +0000] "GET / HTTP/1.1" 403 47730 "-" "Mozilla/5.0 (compatible; MJ12bot/v2.0.5; http://mj12bot.com/)"
184.94.212.206 - - [20/May/2026:03:00:34 +0000] "POST /wp-cron.php?doing_wp_cron=1779246034.0397500991821289062500 HTTP/1.1" 200 - "-" "WordPress/6.9.4; https://www.wrinkledskinrepair.com"
114.119.144.17 - - [20/May/2026:03:00:32 +0000] "GET /2019/06/13/skin-care-ideas-and-inspiration-to-get-you-glowing?share=x HTTP/1.1" 302 - "https://www.wrinkledskinrepair.com/2019/06/13/skin-care-ideas-and-inspiration-to-get-you-glowing?share=x" "Mozilla/5.0 (Linux; Android 7.0;) AppleWebKit/537.36 (HTML, like Gecko) Mobile Safari/537.36 (compatible; PetalBot;+https://webmaster.petalsearch.com/site/petalbot)"
216.73.217.80 - - [20/May/2026:03:01:04 +0000] "GET /robots.txt HTTP/1.1" 200 127 "-" "Mozilla/5.0 AppleWebKit/537.36 (KHTML, like Gecko; compatible; ClaudeBot/1.0; +claudebot@anthropic.com)"
192.0.118.209 - - [20/May/2026:03:01:08 +0000] "GET /wp-content/uploads/2020/04/great_ideas_to_help_you_achieve_flawless_looking_skin.jpg HTTP/1.1" 301 - "-" "Photon/1.0"
192.0.118.209 - - [20/May/2026:03:01:09 +0000] "GET /wp-content/uploads/2020/04/great_ideas_to_help_you_achieve_flawless_looking_skin.jpg HTTP/1.1" 404 131832 "-" "Photon/1.0"
216.73.217.80 - - [20/May/2026:03:01:05 +0000] "GET /2020/04/09/great-ideas-to-help-you-achieve-flawless-looking-skin/?amp=1 HTTP/1.1" 200 21422 "-" "Mozilla/5.0 AppleWebKit/537.36 (KHTML, like Gecko; compatible; ClaudeBot/1.0; +claudebot@anthropic.com)"
184.94.212.206 - - [20/May/2026:03:02:00 +0000] "POST /wp-cron.php?doing_wp_cron=1779246120.0449070930480957031250 HTTP/1.1" 200 - "-" "WordPress/6.9.4; https://www.wrinkledskinrepair.com"
216.73.217.80 - - [20/May/2026:03:01:58 +0000] "GET /2018/08/15/keep-your-skin-perfect-with-these-tips/?noamp=mobile HTTP/1.1" 200 53665 "-" "Mozilla/5.0 AppleWebKit/537.36 (KHTML, like Gecko; compatible; ClaudeBot/1.0; +claudebot@anthropic.com)"
184.94.212.206 - - [20/May/2026:03:03:17 +0000] "POST /wp-cron.php?doing_wp_cron=1779246197.0522289276123046875000 HTTP/1.1" 200 - "-" "WordPress/6.9.4; https://www.wrinkledskinrepair.com"
216.73.217.80 - - [20/May/2026:03:03:15 +0000] "GET /2017/06/08/natural-ways-to-go-about-wrinkle-reduction-and-prevention/?noamp=mobile HTTP/1.1" 200 52401 "-" "Mozilla/5.0 AppleWebKit/537.36 (KHTML, like Gecko; compatible; ClaudeBot/1.0; +claudebot@anthropic.com)"
192.0.116.241 - - [20/May/2026:03:03:44 +0000] "GET /wp-content/uploads/2018/08/e831b70e2bf7043ed1584d05fb1d4390e277e2c818b4124597f4c571a1ef_640.jpg HTTP/1.1" 301 - "-" "Photon/1.0"
192.0.116.241 - - [20/May/2026:03:03:46 +0000] "GET /wp-content/uploads/2018/08/e831b70e2bf7043ed1584d05fb1d4390e277e2c818b4124597f4c571a1ef_640.jpg HTTP/1.1" 404 131909 "-" "Photon/1.0"
216.73.217.80 - - [20/May/2026:03:03:42 +0000] "GET /2018/08/14/no-need-to-pay-to-see-an-expensive-dermatoligst-use-this-great-advice/?amp=1 HTTP/1.1" 200 21756 "-" "Mozilla/5.0 AppleWebKit/537.36 (KHTML, like Gecko; compatible; ClaudeBot/1.0; +claudebot@anthropic.com)"
216.73.217.80 - - [20/May/2026:03:03:59 +0000] "GET /2020/04/24/tips-to-solve-your-skin-care-woes-once-and-for-all/?noamp=mobile HTTP/1.1" 200 53371 "-" "Mozilla/5.0 AppleWebKit/537.36 (KHTML, like Gecko; compatible; ClaudeBot/1.0; +claudebot@anthropic.com)"
216.73.217.80 - - [20/May/2026:03:03:59 +0000] "GET /?p=360 HTTP/1.1" 301 - "-" "Mozilla/5.0 AppleWebKit/537.36 (KHTML, like Gecko; compatible; ClaudeBot/1.0; +claudebot@anthropic.com)"
216.73.217.80 - - [20/May/2026:03:04:01 +0000] "GET /2018/08/14/no-need-to-pay-to-see-an-expensive-dermatoligst-use-this-great-advice/ HTTP/1.1" 200 53742 "https://www.wrinkledskinrepair.com/?p=360" "Mozilla/5.0 AppleWebKit/537.36 (KHTML, like Gecko; compatible; ClaudeBot/1.0; +claudebot@anthropic.com)"
184.94.212.206 - - [20/May/2026:03:04:19 +0000] "POST /wp-cron.php?doing_wp_cron=1779246259.8413059711456298828125 HTTP/1.1" 200 - "-" "WordPress/6.9.4; https://www.wrinkledskinrepair.com"
45.185.226.168 - - [20/May/2026:03:04:18 +0000] "GET / HTTP/1.1" 301 - "-" "Go-http-client/1.1"
45.185.226.168 - - [20/May/2026:03:04:18 +0000] "GET / HTTP/1.1" 301 - "-" "Go-http-client/1.1"
51.116.2.87 - - [20/May/2026:03:04:37 +0000] "GET / HTTP/1.1" 301 - "-" "Mozilla/5.0 AppleWebKit/537.36 (KHTML, like Gecko); compatible; ChatGPT-User/1.0; +https://openai.com/bot"
192.0.102.146 - - [20/May/2026:03:04:40 +0000] "HEAD / HTTP/1.1" 200 - "-" "jetmon/1.0 (Jetpack Site Uptime Monitor by WordPress.com)"
184.94.212.206 - - [20/May/2026:03:04:52 +0000] "POST /wp-cron.php?doing_wp_cron=1779246292.9200110435485839843750 HTTP/1.1" 200 - "-" "WordPress/6.9.4; https://www.wrinkledskinrepair.com"
43.173.175.140 - - [20/May/2026:03:04:51 +0000] "GET /category/skin-care HTTP/1.1" 301 - "-" "Mozilla/5.0 (Windows NT 10.0; Win64; x64) AppleWebKit/537.36 (KHTML, like Gecko) Chrome/133.0.0.0 Safari/537.36"
43.173.175.140 - - [20/May/2026:03:04:54 +0000] "GET /category/skin-care/ HTTP/1.1" 200 50171 "https://www.wrinkledskinrepair.com/category/skin-care" "Mozilla/5.0 (Windows NT 10.0; Win64; x64) AppleWebKit/537.36 (KHTML, like Gecko) Chrome/133.0.0.0 Safari/537.36"
184.94.212.206 - - [20/May/2026:03:05:45 +0000] "POST /wp-cron.php?doing_wp_cron=1779246345.2765250205993652343750 HTTP/1.1" 200 - "-" "WordPress/6.9.4; https://www.wrinkledskinrepair.com"
216.73.217.80 - - [20/May/2026:03:05:43 +0000] "GET /2019/05/06/why-be-embarrassed-by-your-skin/ HTTP/1.1" 200 53374 "-" "Mozilla/5.0 AppleWebKit/537.36 (KHTML, like Gecko; compatible; ClaudeBot/1.0; +claudebot@anthropic.com)"
216.73.217.80 - - [20/May/2026:03:05:55 +0000] "GET /2019/02/26/handy-ideas-to-try-for-easy-skin-care/ HTTP/1.1" 200 53369 "-" "Mozilla/5.0 AppleWebKit/537.36 (KHTML, like Gecko; compatible; ClaudeBot/1.0; +claudebot@anthropic.com)"
184.94.212.206 - - [20/May/2026:03:06:30 +0000] "POST /wp-cron.php?doing_wp_cron=1779246390.6480228900909423828125 HTTP/1.1" 200 - "-" "WordPress/6.9.4; https://www.wrinkledskinrepair.com"
216.73.217.80 - - [20/May/2026:03:06:28 +0000] "GET /2019/03/19/skin-care-advice-for-achieving-radiant-healthy-skin/ HTTP/1.1" 200 53332 "-" "Mozilla/5.0 AppleWebKit/537.36 (KHTML, like Gecko; compatible; ClaudeBot/1.0; +claudebot@anthropic.com)"
216.73.217.80 - - [20/May/2026:03:07:11 +0000] "GET /tag/oily-skin/page/5/ HTTP/1.1" 200 48679 "-" "Mozilla/5.0 AppleWebKit/537.36 (KHTML, like Gecko; compatible; ClaudeBot/1.0; +claudebot@anthropic.com)"
184.94.212.206 - - [20/May/2026:03:07:41 +0000] "POST /wp-cron.php?doing_wp_cron=1779246461.4066689014434814453125 HTTP/1.1" 200 - "-" "WordPress/6.9.4; https://www.wrinkledskinrepair.com"
216.73.217.80 - - [20/May/2026:03:07:40 +0000] "GET /2019/03/01/skin-care-tips-and-tricks-that-really-work/ HTTP/1.1" 200 53679 "-" "Mozilla/5.0 AppleWebKit/537.36 (KHTML, like Gecko; compatible; ClaudeBot/1.0; +claudebot@anthropic.com)"
184.94.212.206 - - [20/May/2026:03:09:42 +0000] "POST /wp-cron.php?doing_wp_cron=1779246582.9043068885803222656250 HTTP/1.1" 200 - "-" "WordPress/6.9.4; https://www.wrinkledskinrepair.com"
192.0.102.146 - - [20/May/2026:03:09:41 +0000] "HEAD / HTTP/1.1" 200 - "-" "jetmon/1.0 (Jetpack Site Uptime Monitor by WordPress.com)"
184.94.212.206 - - [20/May/2026:03:10:35 +0000] "POST /wp-cron.php?doing_wp_cron=1779246635.7942109107971191406250 HTTP/1.1" 200 - "-" "WordPress/6.9.4; https://www.wrinkledskinrepair.com"
114.119.157.239 - - [20/May/2026:03:10:34 +0000] "GET /2019/06/10/proper-skin-care-for-you HTTP/1.1" 301 - "https://www.wrinkledskinrepair.com/category/wrinkle-treatment/page/5" "Mozilla/5.0 (Linux; Android 7.0;) AppleWebKit/537.36 (HTML, like Gecko) Mobile Safari/537.36 (compatible; PetalBot;+https://webmaster.petalsearch.com/site/petalbot)"
114.119.157.239 - - [20/May/2026:03:10:36 +0000] "GET /2019/06/10/proper-skin-care-for-you/ HTTP/1.1" 200 53225 "https://www.wrinkledskinrepair.com/category/wrinkle-treatment/page/5" "Mozilla/5.0 (Linux; Android 7.0;) AppleWebKit/537.36 (HTML, like Gecko) Mobile Safari/537.36 (compatible; PetalBot;+https://webmaster.petalsearch.com/site/petalbot)"
184.94.212.206 - - [20/May/2026:03:12:10 +0000] "POST /wp-cron.php?doing_wp_cron=1779246730.8683869838714599609375 HTTP/1.1" 200 - "-" "WordPress/6.9.4; https://www.wrinkledskinrepair.com"
192.0.114.116 - - [20/May/2026:03:12:09 +0000] "GET /wp-content/uploads/2020/03/beautiful-face-1.jpg HTTP/1.1" 404 131573 "-" "Photon/1.0"
192.0.118.209 - - [20/May/2026:03:12:09 +0000] "GET /wp-content/uploads/2020/03/Wrinkled-Skin-Repair-1.jpg HTTP/1.1" 404 131615 "-" "Photon/1.0"
184.94.212.206 - - [20/May/2026:03:12:18 +0000] "POST /wp-cron.php?doing_wp_cron=1779246738.6434729099273681640625 HTTP/1.1" 200 - "-" "WordPress/6.9.4; https://www.wrinkledskinrepair.com"
47.128.41.56 - - [20/May/2026:03:12:17 +0000] "GET /tag/wrinkle-treatment/ HTTP/1.1" 200 45827 "-" "Mozilla/5.0 (compatible; Bytespider; spider-feedback@bytedance.com) AppleWebKit/537.36 (KHTML, like Gecko) Chrome/70.0.0.0 Safari/537.36"
47.128.41.56 - - [20/May/2026:03:12:19 +0000] "GET /wp-content/plugins/complianz-gdpr/assets/css/cookieblocker.min.css?ver=1741710170 HTTP/1.1" 200 723 "https://www.wrinkledskinrepair.com/tag/wrinkle-treatment/" "Mozilla/5.0 (compatible; Bytespider; spider-feedback@bytedance.com) AppleWebKit/537.36 (KHTML, like Gecko) Chrome/70.0.0.0 Safari/537.36"
47.128.41.56 - - [20/May/2026:03:12:20 +0000] "GET /wp-content/themes/spa-and-salon/css/slick.min.css?ver=6.9.4 HTTP/1.1" 200 490 "https://www.wrinkledskinrepair.com/tag/wrinkle-treatment/" "Mozilla/5.0 (compatible; Bytespider; spider-feedback@bytedance.com) AppleWebKit/537.36 (KHTML, like Gecko) Chrome/70.0.0.0 Safari/537.36"
195.234.109.118 - - [20/May/2026:03:12:35 +0000] "GET /wp-content/uploads/2020/03/thumb_5SWLw92OIJ8-1.jpg HTTP/1.1" 404 131594 "-" "Photon/1.0"
184.94.212.206 - - [20/May/2026:03:14:39 +0000] "POST /wp-cron.php?doing_wp_cron=1779246879.3988571166992187500000 HTTP/1.1" 200 - "-" "WordPress/6.9.4; https://www.wrinkledskinrepair.com"
192.0.102.146 - - [20/May/2026:03:14:37 +0000] "HEAD / HTTP/1.1" 200 - "-" "jetmon/1.0 (Jetpack Site Uptime Monitor by WordPress.com)"
184.94.212.206 - - [20/May/2026:03:15:17 +0000] "POST /wp-cron.php?doing_wp_cron=1779246917.8898930549621582031250 HTTP/1.1" 200 - "-" "WordPress/6.9.4; https://www.wrinkledskinrepair.com"
216.73.217.80 - - [20/May/2026:03:15:16 +0000] "GET /robots.txt HTTP/1.1" 301 - "-" "Mozilla/5.0 AppleWebKit/537.36 (KHTML, like Gecko; compatible; ClaudeBot/1.0; +claudebot@anthropic.com)"
216.73.217.80 - - [20/May/2026:03:15:18 +0000] "GET /robots.txt HTTP/1.1" 200 127 "https://wrinkledskinrepair.com/robots.txt" "Mozilla/5.0 AppleWebKit/537.36 (KHTML, like Gecko; compatible; ClaudeBot/1.0; +claudebot@anthropic.com)"
216.73.217.80 - - [20/May/2026:03:15:19 +0000] "GET / HTTP/1.1" 301 - "-" "Mozilla/5.0 AppleWebKit/537.36 (KHTML, like Gecko; compatible; ClaudeBot/1.0; +claudebot@anthropic.com)"
216.73.217.80 - - [20/May/2026:03:15:20 +0000] "GET / HTTP/1.1" 200 47730 "https://wrinkledskinrepair.com/" "Mozilla/5.0 AppleWebKit/537.36 (KHTML, like Gecko; compatible; ClaudeBot/1.0; +claudebot@anthropic.com)"
216.73.217.80 - - [20/May/2026:03:15:21 +0000] "GET /tag/skin-problem/ HTTP/1.1" 200 45573 "-" "Mozilla/5.0 AppleWebKit/537.36 (KHTML, like Gecko; compatible; ClaudeBot/1.0; +claudebot@anthropic.com)"
216.73.217.80 - - [20/May/2026:03:15:35 +0000] "GET /?p=241 HTTP/1.1" 301 - "-" "Mozilla/5.0 AppleWebKit/537.36 (KHTML, like Gecko; compatible; ClaudeBot/1.0; +claudebot@anthropic.com)"
216.73.217.80 - - [20/May/2026:03:15:36 +0000] "GET /?p=384 HTTP/1.1" 301 - "-" "Mozilla/5.0 AppleWebKit/537.36 (KHTML, like Gecko; compatible; ClaudeBot/1.0; +claudebot@anthropic.com)"
216.73.217.80 - - [20/May/2026:03:15:36 +0000] "GET /2018/06/21/everything-you-should-know-about-proper-skin-care/ HTTP/1.1" 200 53809 "https://www.wrinkledskinrepair.com/?p=241" "Mozilla/5.0 AppleWebKit/537.36 (KHTML, like Gecko; compatible; ClaudeBot/1.0; +claudebot@anthropic.com)"
216.73.217.80 - - [20/May/2026:03:15:37 +0000] "GET /2018/08/25/basic-tips-for-getting-beautifully-flawless-skin/ HTTP/1.1" 200 53318 "https://www.wrinkledskinrepair.com/?p=384" "Mozilla/5.0 AppleWebKit/537.36 (KHTML, like Gecko; compatible; ClaudeBot/1.0; +claudebot@anthropic.com)"
184.94.212.206 - - [20/May/2026:03:16:18 +0000] "POST /wp-cron.php?doing_wp_cron=1779246978.3124558925628662109375 HTTP/1.1" 200 - "-" "WordPress/6.9.4; https://www.wrinkledskinrepair.com"
216.73.217.80 - - [20/May/2026:03:16:16 +0000] "GET /blog/page/7/ HTTP/1.1" 200 51453 "-" "Mozilla/5.0 AppleWebKit/537.36 (KHTML, like Gecko; compatible; ClaudeBot/1.0; +claudebot@anthropic.com)"
216.73.217.80 - - [20/May/2026:03:16:17 +0000] "GET /tag/eye-puffiness/ HTTP/1.1" 200 45586 "-" "Mozilla/5.0 AppleWebKit/537.36 (KHTML, like Gecko; compatible; ClaudeBot/1.0; +claudebot@anthropic.com)"
216.73.217.80 - - [20/May/2026:03:16:33 +0000] "GET /tag/to-protect/ HTTP/1.1" 200 45919 "-" "Mozilla/5.0 AppleWebKit/537.36 (KHTML, like Gecko; compatible; ClaudeBot/1.0; +claudebot@anthropic.com)"
216.73.217.80 - - [20/May/2026:03:16:34 +0000] "GET /?p=3431 HTTP/1.1" 301 - "-" "Mozilla/5.0 AppleWebKit/537.36 (KHTML, like Gecko; compatible; ClaudeBot/1.0; +claudebot@anthropic.com)"
216.73.217.80 - - [20/May/2026:03:16:36 +0000] "GET /2020/04/13/get-healthier-skin-with-these-tips-and-tricks/ HTTP/1.1" 200 54328 "https://www.wrinkledskinrepair.com/?p=3431" "Mozilla/5.0 AppleWebKit/537.36 (KHTML, like Gecko; compatible; ClaudeBot/1.0; +claudebot@anthropic.com)"
216.73.217.80 - - [20/May/2026:03:17:09 +0000] "GET /?p=518 HTTP/1.1" 301 - "-" "Mozilla/5.0 AppleWebKit/537.36 (KHTML, like Gecko; compatible; ClaudeBot/1.0; +claudebot@anthropic.com)"
216.73.217.80 - - [20/May/2026:03:17:11 +0000] "GET /tag/aging-creams/feed/ HTTP/1.1" 200 7935 "-" "Mozilla/5.0 AppleWebKit/537.36 (KHTML, like Gecko; compatible; ClaudeBot/1.0; +claudebot@anthropic.com)"
216.73.217.80 - - [20/May/2026:03:17:11 +0000] "GET /2018/11/09/care-for-your-skin-with-these-steps-3/ HTTP/1.1" 200 53225 "https://www.wrinkledskinrepair.com/?p=518" "Mozilla/5.0 AppleWebKit/537.36 (KHTML, like Gecko; compatible; ClaudeBot/1.0; +claudebot@anthropic.com)"
184.94.212.206 - - [20/May/2026:03:17:19 +0000] "POST /wp-cron.php?doing_wp_cron=1779247039.3148970603942871093750 HTTP/1.1" 200 - "-" "WordPress/6.9.4; https://www.wrinkledskinrepair.com"
216.73.217.80 - - [20/May/2026:03:17:18 +0000] "GET /tag/shower-scrubs/ HTTP/1.1" 200 45588 "-" "Mozilla/5.0 AppleWebKit/537.36 (KHTML, like Gecko; compatible; ClaudeBot/1.0; +claudebot@anthropic.com)"
216.73.217.80 - - [20/May/2026:03:17:19 +0000] "GET /blog/page/19/ HTTP/1.1" 200 49975 "-" "Mozilla/5.0 AppleWebKit/537.36 (KHTML, like Gecko; compatible; ClaudeBot/1.0; +claudebot@anthropic.com)"
216.73.217.80 - - [20/May/2026:03:17:21 +0000] "GET /tag/skin-glow/ HTTP/1.1" 200 46761 "-" "Mozilla/5.0 AppleWebKit/537.36 (KHTML, like Gecko; compatible; ClaudeBot/1.0; +claudebot@anthropic.com)"
4.197.64.64 - - [20/May/2026:03:17:38 +0000] "GET /2025/11/08/best-creams-over-50/ HTTP/1.1" 200 56406 "-" "Mozilla/5.0 AppleWebKit/537.36 (KHTML, like Gecko); compatible; ChatGPT-User/1.0; +https://openai.com/bot"
103.145.62.145 - - [20/May/2026:03:18:02 +0000] "GET /wp-login.php HTTP/1.1" 200 4400 "-" "Mozilla/5.0 (X11; Linux x86_64) AppleWebKit/537.36 (KHTML, like Gecko) Chrome/133.0.0.0 Safari/537.36"
103.145.62.145 - - [20/May/2026:03:18:04 +0000] "POST /wp-login.php HTTP/1.1" 200 4400 "https://wrinkledskinrepair.com/wp-login.php" "Mozilla/5.0 (X11; Linux x86_64) AppleWebKit/537.36 (KHTML, like Gecko) Chrome/133.0.0.0 Safari/537.36"
184.94.212.206 - - [20/May/2026:03:18:12 +0000] "POST /wp-cron.php?doing_wp_cron=1779247092.5593109130859375000000 HTTP/1.1" 200 - "-" "WordPress/6.9.4; https://www.wrinkledskinrepair.com"
216.73.217.80 - - [20/May/2026:03:18:11 +0000] "GET /tag/skin-stay/feed/ HTTP/1.1" 200 6629 "-" "Mozilla/5.0 AppleWebKit/537.36 (KHTML, like Gecko; compatible; ClaudeBot/1.0; +claudebot@anthropic.com)"
192.0.112.50 - - [20/May/2026:03:18:22 +0000] "GET /wp-content/uploads/2020/05/care_for_your_skin_by_following_these_tips-1.jpg HTTP/1.1" 404 131769 "-" "Photon/1.0"
192.0.113.210 - - [20/May/2026:03:18:24 +0000] "GET /wp-content/uploads/2018/08/e832b10e21fc023ed1584d05fb1d4390e277e2c818b4124497f5c77baee9_640.jpg HTTP/1.1" 301 - "-" "Photon/1.0"
192.0.113.210 - - [20/May/2026:03:18:25 +0000] "GET /wp-content/uploads/2018/08/e832b10e21fc023ed1584d05fb1d4390e277e2c818b4124497f5c77baee9_640.jpg HTTP/1.1" 404 131909 "-" "Photon/1.0"
184.94.212.206 - - [20/May/2026:03:18:26 +0000] "POST /wp-cron.php?doing_wp_cron=1779247106.5812299251556396484375 HTTP/1.1" 200 - "-" "WordPress/6.9.4; https://www.wrinkledskinrepair.com"
216.73.217.80 - - [20/May/2026:03:18:21 +0000] "GET /2018/08/25/basic-tips-for-getting-beautifully-flawless-skin/?amp=1 HTTP/1.1" 200 21241 "-" "Mozilla/5.0 AppleWebKit/537.36 (KHTML, like Gecko; compatible; ClaudeBot/1.0; +claudebot@anthropic.com)"
192.0.114.116 - - [20/May/2026:03:18:53 +0000] "GET /wp-content/uploads/2020/03/beautiful-face-1.jpg HTTP/1.1" 404 131573 "-" "Photon/1.0"
192.0.116.113 - - [20/May/2026:03:18:53 +0000] "GET /wp-content/uploads/2020/04/easy_tips_to_have_perfect_skin_now-1.jpg HTTP/1.1" 404 131713 "-" "Photon/1.0"
192.0.113.146 - - [20/May/2026:03:18:54 +0000] "GET /wp-content/uploads/2018/06/ea35b9092dfd073ed1584d05fb1d4390e277e2c818b4134890f9c078afed_640.jpg HTTP/1.1" 301 - "-" "Photon/1.0"
192.0.113.146 - - [20/May/2026:03:18:55 +0000] "GET /wp-content/uploads/2018/06/ea35b9092dfd073ed1584d05fb1d4390e277e2c818b4134890f9c078afed_640.jpg HTTP/1.1" 404 131909 "-" "Photon/1.0"
216.73.217.80 - - [20/May/2026:03:18:51 +0000] "GET /2018/06/21/everything-you-should-know-about-proper-skin-care/?amp=1 HTTP/1.1" 200 21848 "-" "Mozilla/5.0 AppleWebKit/537.36 (KHTML, like Gecko; compatible; ClaudeBot/1.0; +claudebot@anthropic.com)"
216.73.217.80 - - [20/May/2026:03:19:00 +0000] "GET /2019/05/10/keep-your-skin-fresh-clean-and-clear-with-this-helpful-advice-2/ HTTP/1.1" 200 53348 "-" "Mozilla/5.0 AppleWebKit/537.36 (KHTML, like Gecko; compatible; ClaudeBot/1.0; +claudebot@anthropic.com)"
216.73.217.80 - - [20/May/2026:03:19:11 +0000] "GET /2018/08/27/easy-tips-to-improve-your-skin/?noamp=mobile HTTP/1.1" 200 53519 "-" "Mozilla/5.0 AppleWebKit/537.36 (KHTML, like Gecko; compatible; ClaudeBot/1.0; +claudebot@anthropic.com)"
43.134.186.61 - - [20/May/2026:03:19:19 +0000] "GET / HTTP/1.1" 301 - "http://wrinkledskinrepair.com" "Mozilla/5.0 (iPhone; CPU iPhone OS 13_2_3 like Mac OS X) AppleWebKit/605.1.15 (KHTML, like Gecko) Version/13.0.3 Mobile/15E148 Safari/604.1"
43.134.186.61 - - [20/May/2026:03:19:21 +0000] "GET / HTTP/1.1" 200 47730 "https://wrinkledskinrepair.com/" "Mozilla/5.0 (iPhone; CPU iPhone OS 13_2_3 like Mac OS X) AppleWebKit/605.1.15 (KHTML, like Gecko) Version/13.0.3 Mobile/15E148 Safari/604.1"
184.94.212.206 - - [20/May/2026:03:19:27 +0000] "POST /wp-cron.php?doing_wp_cron=1779247167.0896379947662353515625 HTTP/1.1" 200 - "-" "WordPress/6.9.4; https://www.wrinkledskinrepair.com"
216.73.217.80 - - [20/May/2026:03:19:25 +0000] "GET /2018/06/22/beautiful-skin-can-be-yours-with-our-tips/ HTTP/1.1" 200 53831 "-" "Mozilla/5.0 AppleWebKit/537.36 (KHTML, like Gecko; compatible; ClaudeBot/1.0; +claudebot@anthropic.com)"
192.0.102.146 - - [20/May/2026:03:19:36 +0000] "HEAD / HTTP/1.1" 200 - "-" "jetmon/1.0 (Jetpack Site Uptime Monitor by WordPress.com)"
216.73.217.80 - - [20/May/2026:03:20:02 +0000] "GET /2019/02/25/wonderful-and-wise-ways-to-keep-your-skin-shining/ HTTP/1.1" 200 53391 "-" "Mozilla/5.0 AppleWebKit/537.36 (KHTML, like Gecko; compatible; ClaudeBot/1.0; +claudebot@anthropic.com)"
192.0.113.177 - - [20/May/2026:03:20:26 +0000] "GET /wp-content/uploads/2018/11/ea33b80620f2073ed1584d05fb1d4390e277e2c818b4154092f9c070afec_640.jpg HTTP/1.1" 301 - "-" "Photon/1.0"
192.0.113.177 - - [20/May/2026:03:20:27 +0000] "GET /wp-content/uploads/2018/11/ea33b80620f2073ed1584d05fb1d4390e277e2c818b4154092f9c070afec_640.jpg HTTP/1.1" 404 131909 "-" "Photon/1.0"
184.94.212.206 - - [20/May/2026:03:20:29 +0000] "POST /wp-cron.php?doing_wp_cron=1779247229.1248829364776611328125 HTTP/1.1" 200 - "-" "WordPress/6.9.4; https://www.wrinkledskinrepair.com"
216.73.217.80 - - [20/May/2026:03:20:23 +0000] "GET /2018/11/09/care-for-your-skin-with-these-steps-3/?amp=1 HTTP/1.1" 200 21260 "-" "Mozilla/5.0 AppleWebKit/537.36 (KHTML, like Gecko; compatible; ClaudeBot/1.0; +claudebot@anthropic.com)"
114.119.144.64 - - [20/May/2026:03:20:37 +0000] "GET /2019/06/07/learn-to-care-for-your-skin-with-these-tricks?share=facebook HTTP/1.1" 302 - "https://www.wrinkledskinrepair.com/2019/06/07/learn-to-care-for-your-skin-with-these-tricks" "Mozilla/5.0 (Linux; Android 7.0;) AppleWebKit/537.36 (HTML, like Gecko) Mobile Safari/537.36 (compatible; PetalBot;+https://webmaster.petalsearch.com/site/petalbot)"
216.73.217.80 - - [20/May/2026:03:20:44 +0000] "GET /2019/04/15/anyone-who-wants-great-looking-skin-then-try-these-ideas/?noamp=mobile HTTP/1.1" 200 53316 "-" "Mozilla/5.0 AppleWebKit/537.36 (KHTML, like Gecko; compatible; ClaudeBot/1.0; +claudebot@anthropic.com)"
192.0.113.113 - - [20/May/2026:03:20:53 +0000] "GET /wp-content/uploads/2020/04/get_healthier_skin_with_these_tips_and_tricks.jpg HTTP/1.1" 301 - "-" "Photon/1.0"
192.0.113.113 - - [20/May/2026:03:20:54 +0000] "GET /wp-content/uploads/2020/04/get_healthier_skin_with_these_tips_and_tricks.jpg HTTP/1.1" 404 131776 "-" "Photon/1.0"
216.73.217.80 - - [20/May/2026:03:20:50 +0000] "GET /2020/04/13/get-healthier-skin-with-these-tips-and-tricks/?amp=1 HTTP/1.1" 200 22300 "-" "Mozilla/5.0 AppleWebKit/537.36 (KHTML, like Gecko; compatible; ClaudeBot/1.0; +claudebot@anthropic.com)"
78.47.58.82 - - [20/May/2026:03:21:57 +0000] "GET /wp-login.php HTTP/1.1" 200 4399 "-" "Mozilla/5.0 (X11; Linux i686) AppleWebKit/537.36 (KHTML, like Gecko) Chrome/133.0.0.0 Safari/537.36"
78.47.58.82 - - [20/May/2026:03:21:59 +0000] "POST /wp-login.php HTTP/1.1" 200 4399 "https://www.wrinkledskinrepair.com/wp-login.php" "Mozilla/5.0 (X11; Linux i686) AppleWebKit/537.36 (KHTML, like Gecko) Chrome/133.0.0.0 Safari/537.36"
184.94.212.206 - - [20/May/2026:03:23:40 +0000] "POST /wp-cron.php?doing_wp_cron=1779247420.8660080432891845703125 HTTP/1.1" 200 - "-" "WordPress/6.9.4; https://www.wrinkledskinrepair.com"
179.0.58.207 - - [20/May/2026:03:23:39 +0000] "GET /2019/02/22/take-care-of-your-skin-by-following-these-ideas/?share=x HTTP/1.1" 302 - "-" "Mozilla/5.0 (Windows NT 6.1) AppleWebKit/537.36 (KHTML, like Gecko) Chrome/100.0.4896.127 Safari/537.36"
77.75.76.162 - - [20/May/2026:03:23:54 +0000] "GET /tag/wearing-gloves/ HTTP/1.1" 200 46223 "-" "Mozilla/5.0 (compatible; SeznamBot/4.0; +https://o-seznam.cz/napoveda/vyhledavani/en/seznambot-crawler/)"
184.94.212.206 - - [20/May/2026:03:24:40 +0000] "POST /wp-cron.php?doing_wp_cron=1779247480.0649850368499755859375 HTTP/1.1" 200 - "-" "WordPress/6.9.4; https://www.wrinkledskinrepair.com"
192.0.102.146 - - [20/May/2026:03:24:38 +0000] "HEAD / HTTP/1.1" 200 - "-" "jetmon/1.0 (Jetpack Site Uptime Monitor by WordPress.com)"
184.94.212.206 - - [20/May/2026:03:25:59 +0000] "POST /wp-cron.php?doing_wp_cron=1779247559.8151459693908691406250 HTTP/1.1" 200 - "-" "WordPress/6.9.4; https://www.wrinkledskinrepair.com"
195.234.109.48 - - [20/May/2026:03:25:58 +0000] "GET /wp-content/uploads/2020/05/great_skin_care_tips_for_beauty_and_health-1.jpg HTTP/1.1" 404 131769 "-" "Photon/1.0"
184.94.212.206 - - [20/May/2026:03:27:34 +0000] "POST /wp-cron.php?doing_wp_cron=1779247653.9924581050872802734375 HTTP/1.1" 200 - "-" "WordPress/6.9.4; https://www.wrinkledskinrepair.com"
216.73.217.80 - - [20/May/2026:03:27:32 +0000] "GET /2019/06/01/our-best-and-easiest-skin-care-tips/?noamp=mobile HTTP/1.1" 200 53020 "-" "Mozilla/5.0 AppleWebKit/537.36 (KHTML, like Gecko; compatible; ClaudeBot/1.0; +claudebot@anthropic.com)"
192.0.113.177 - - [20/May/2026:03:27:58 +0000] "GET /wp-content/uploads/2020/06/image-1.png HTTP/1.1" 200 1023869 "-" "Photon/1.0"
192.0.113.146 - - [20/May/2026:03:27:58 +0000] "GET /wp-content/uploads/2020/05/important_things_to_consider_before_buying_anymore_skincare_products-1.jpg HTTP/1.1" 404 131951 "-" "Photon/1.0"
192.0.114.82 - - [20/May/2026:03:27:59 +0000] "GET /wp-content/uploads/2018/09/e137b40929fd1c22d2524518b7494097e377ffd41cb2174892f8c07da4_640.jpg HTTP/1.1" 301 - "-" "Photon/1.0"
192.0.114.82 - - [20/May/2026:03:28:01 +0000] "GET /wp-content/uploads/2018/09/e137b40929fd1c22d2524518b7494097e377ffd41cb2174892f8c07da4_640.jpg HTTP/1.1" 404 131895 "-" "Photon/1.0"
216.73.217.80 - - [20/May/2026:03:27:57 +0000] "GET /2018/09/14/tips-to-care-for-your-skin-perfectly/?amp=1 HTTP/1.1" 200 21266 "-" "Mozilla/5.0 AppleWebKit/537.36 (KHTML, like Gecko; compatible; ClaudeBot/1.0; +claudebot@anthropic.com)"
184.94.212.206 - - [20/May/2026:03:28:01 +0000] "GET /2026/02/25/multi-collagen-protein-benefits-review/?amp=1&_validate%5Bnonce%5D=840c3549f0fd6750531a2f5657a7f0f3&_validate%5Bcache_bust%5D=491448018 HTTP/1.1" 200 21189 "-" "WordPress/6.9.4; https://www.wrinkledskinrepair.com"
184.94.212.206 - - [20/May/2026:03:28:48 +0000] "POST /wp-cron.php?doing_wp_cron=1779247728.0193510055541992187500 HTTP/1.1" 200 - "-" "WordPress/6.9.4; https://www.wrinkledskinrepair.com"
216.73.217.80 - - [20/May/2026:03:28:46 +0000] "GET /?p=422 HTTP/1.1" 301 - "-" "Mozilla/5.0 AppleWebKit/537.36 (KHTML, like Gecko; compatible; ClaudeBot/1.0; +claudebot@anthropic.com)"
216.73.217.80 - - [20/May/2026:03:28:48 +0000] "GET /2018/09/14/tips-to-care-for-your-skin-perfectly/ HTTP/1.1" 200 53174 "https://www.wrinkledskinrepair.com/?p=422" "Mozilla/5.0 AppleWebKit/537.36 (KHTML, like Gecko; compatible; ClaudeBot/1.0; +claudebot@anthropic.com)"
82.38.180.19 - - [20/May/2026:03:28:59 +0000] "GET /2020/06/04/effective-skin-care-solutions-for-everyday-life-2/?share=x HTTP/1.1" 302 - "-" "Mozilla/5.0 (Windows NT 10.0; rv:145.0) Gecko/20100101 Firefox/145.0"
184.94.212.206 - - [20/May/2026:03:29:35 +0000] "POST /wp-cron.php?doing_wp_cron=1779247775.9093101024627685546875 HTTP/1.1" 200 - "-" "WordPress/6.9.4; https://www.wrinkledskinrepair.com"
192.0.102.146 - - [20/May/2026:03:29:34 +0000] "HEAD / HTTP/1.1" 200 - "-" "jetmon/1.0 (Jetpack Site Uptime Monitor by WordPress.com)"
184.94.212.206 - - [20/May/2026:03:30:44 +0000] "POST /wp-cron.php?doing_wp_cron=1779247843.9906389713287353515625 HTTP/1.1" 200 - "-" "WordPress/6.9.4; https://www.wrinkledskinrepair.com"
114.119.144.64 - - [20/May/2026:03:30:42 +0000] "GET /2019/06/06/simple-skin-care-tips-for-everyone-to-use?share=facebook HTTP/1.1" 302 - "http://www.wrinkledskinrepair.com/wrinkle-treatment/simple-skin-care-tips-for-everyone-to-use" "Mozilla/5.0 (Linux; Android 7.0;) AppleWebKit/537.36 (HTML, like Gecko) Mobile Safari/537.36 (compatible; PetalBot;+https://webmaster.petalsearch.com/site/petalbot)"
216.73.217.80 - - [20/May/2026:03:31:04 +0000] "GET /2019/05/27/follow-this-advice-to-achieve-the-best-skin-possible-3/?noamp=mobile HTTP/1.1" 200 53507 "-" "Mozilla/5.0 AppleWebKit/537.36 (KHTML, like Gecko; compatible; ClaudeBot/1.0; +claudebot@anthropic.com)"
184.94.212.206 - - [20/May/2026:03:33:25 +0000] "POST /wp-cron.php?doing_wp_cron=1779248005.3785269260406494140625 HTTP/1.1" 200 - "-" "WordPress/6.9.4; https://www.wrinkledskinrepair.com"
145.223.132.137 - - [20/May/2026:03:33:23 +0000] "GET /2018/05/31/get-radiant-skin-using-these-smart-tips/%5C%26quot%3Bhttps%3A%5C/%5C/www.wrinkledskinrepair.com%5C/category%5C/wrinkle-cream%5C/face-cream%5C/%5C%26quot HTTP/1.1" 404 41418 "-" "Mozilla/5.0 (iPhone; CPU iPhone OS 17_0 like Mac OS X) AppleWebKit/605.1.15 (KHTML, like Gecko) Version/17.0 Mobile/15E148 Safari/260.1"
184.94.212.206 - - [20/May/2026:03:34:24 +0000] "POST /wp-cron.php?doing_wp_cron=1779248064.5459439754486083984375 HTTP/1.1" 200 - "-" "WordPress/6.9.4; https://www.wrinkledskinrepair.com"
47.128.41.45 - - [20/May/2026:03:34:22 +0000] "GET /robots.txt HTTP/1.1" 200 127 "-" "Mozilla/5.0 (Linux; Android 5.0) AppleWebKit/537.36 (KHTML, like Gecko) Mobile Safari/537.36 (compatible; Bytespider; spider-feedback@bytedance.com)"
192.0.102.146 - - [20/May/2026:03:34:36 +0000] "HEAD / HTTP/1.1" 200 - "-" "jetmon/1.0 (Jetpack Site Uptime Monitor by WordPress.com)"
184.94.212.206 - - [20/May/2026:03:34:46 +0000] "POST /wp-cron.php?doing_wp_cron=1779248086.9633879661560058593750 HTTP/1.1" 200 - "-" "WordPress/6.9.4; https://www.wrinkledskinrepair.com"
43.165.195.234 - - [20/May/2026:03:34:45 +0000] "GET /xmlrpc.php HTTP/1.1" 404 41272 "-" "Mozilla/5.0 (iPhone; CPU iPhone OS 13_2_3 like Mac OS X) AppleWebKit/605.1.15 (KHTML, like Gecko) Version/13.0.3 Mobile/15E148 Safari/604.1"
184.94.212.206 - - [20/May/2026:03:36:25 +0000] "POST /wp-cron.php?doing_wp_cron=1779248185.7330539226531982421875 HTTP/1.1" 200 - "-" "WordPress/6.9.4; https://www.wrinkledskinrepair.com"
82.38.180.199 - - [20/May/2026:03:36:23 +0000] "GET /2020/05/08/fight-the-signs-of-aging-with-these-skin-care-tips/?share=facebook HTTP/1.1" 302 - "-" "Mozilla/5.0 (Macintosh; Intel Mac OS X 13_5) AppleWebKit/605.1.15 (KHTML, like Gecko) Version/17.0 Safari/170.1"
93.89.6.6 - - [20/May/2026:03:38:29 +0000] "GET /wp-login.php HTTP/1.1" 200 4398 "-" "Mozilla/5.0 (Macintosh; Intel Mac OS X 10_15_7) AppleWebKit/605.1.15 (KHTML, like Gecko) Version/18.3 Safari/605.1.15"
93.89.6.6 - - [20/May/2026:03:38:31 +0000] "POST /wp-login.php HTTP/1.1" 200 4398 "https://wrinkledskinrepair.com/wp-login.php" "Mozilla/5.0 (Macintosh; Intel Mac OS X 10_15_7) AppleWebKit/605.1.15 (KHTML, like Gecko) Version/18.3 Safari/605.1.15"
195.234.109.22 - - [20/May/2026:03:39:11 +0000] "GET /wp-content/uploads/2019/03/ea33b80620f2083ed1584d05fb1d4390e277e2c818b4144090f1c77fa4ef_640.jpg HTTP/1.1" 301 - "-" "Photon/1.0"
195.234.109.22 - - [20/May/2026:03:39:13 +0000] "GET /wp-content/uploads/2019/03/ea33b80620f2083ed1584d05fb1d4390e277e2c818b4144090f1c77fa4ef_640.jpg HTTP/1.1" 404 131909 "-" "Photon/1.0"
184.94.212.206 - - [20/May/2026:03:39:32 +0000] "POST /wp-cron.php?doing_wp_cron=1779248372.7524049282073974609375 HTTP/1.1" 200 - "-" "WordPress/6.9.4; https://www.wrinkledskinrepair.com"
66.249.66.39 - - [20/May/2026:03:39:31 +0000] "GET /2020/06/ HTTP/1.1" 200 49432 "-" "Mozilla/5.0 (Linux; Android 6.0.1; Nexus 5X Build/MMB29P) AppleWebKit/537.36 (KHTML, like Gecko) Chrome/148.0.7778.96 Mobile Safari/537.36 (compatible; Googlebot/2.1; +http://www.google.com/bot.html)"
192.0.102.146 - - [20/May/2026:03:39:36 +0000] "HEAD / HTTP/1.1" 200 - "-" "jetmon/1.0 (Jetpack Site Uptime Monitor by WordPress.com)"
184.94.212.206 - - [20/May/2026:03:41:00 +0000] "POST /wp-cron.php?doing_wp_cron=1779248459.9969820976257324218750 HTTP/1.1" 200 - "-" "WordPress/6.9.4; https://www.wrinkledskinrepair.com"
216.73.216.202 - - [20/May/2026:03:40:58 +0000] "GET /2019/01/07/skin-care-tips-that-can-work-for-everyone/?noamp=mobile HTTP/1.1" 200 53135 "-" "Mozilla/5.0 AppleWebKit/537.36 (KHTML, like Gecko; compatible; ClaudeBot/1.0; +claudebot@anthropic.com)"
184.94.212.206 - - [20/May/2026:03:41:19 +0000] "POST /wp-cron.php?doing_wp_cron=1779248479.7155969142913818359375 HTTP/1.1" 200 - "-" "WordPress/6.9.4; https://www.wrinkledskinrepair.com"
114.119.145.116 - - [20/May/2026:03:41:18 +0000] "GET /2019/06/06/simple-skin-care-tips-for-everyone-to-use/?share=x HTTP/1.1" 302 - "https://www.wrinkledskinrepair.com/2019/06/06/simple-skin-care-tips-for-everyone-to-use/" "Mozilla/5.0 (Linux; Android 7.0;) AppleWebKit/537.36 (HTML, like Gecko) Mobile Safari/537.36 (compatible; PetalBot;+https://webmaster.petalsearch.com/site/petalbot)"
195.234.109.122 - - [20/May/2026:03:42:17 +0000] "GET /wp-content/uploads/2018/12/e137b60e2df71c22d2524518b7494097e377ffd41cb5144695f4c179a7_640.jpg HTTP/1.1" 301 - "-" "Photon/1.0"
195.234.109.122 - - [20/May/2026:03:42:19 +0000] "GET /wp-content/uploads/2018/12/e137b60e2df71c22d2524518b7494097e377ffd41cb5144695f4c179a7_640.jpg HTTP/1.1" 404 131895 "-" "Photon/1.0"
216.73.216.202 - - [20/May/2026:03:42:29 +0000] "GET /tag/healthy-skin/page/6/ HTTP/1.1" 200 48654 "-" "Mozilla/5.0 AppleWebKit/537.36 (KHTML, like Gecko; compatible; ClaudeBot/1.0; +claudebot@anthropic.com)"
123.25.202.169 - - [20/May/2026:03:42:48 +0000] "GET / HTTP/1.1" 301 - "-" "Mozilla/5.0 (Macintosh; Intel Mac OS X 10_15_7) AppleWebKit/537.36 (KHTML, like Gecko) Chrome/145.0.0.0 Safari/537.36"
189.142.157.189 - - [20/May/2026:03:42:49 +0000] "GET / HTTP/1.1" 301 - "-" "Mozilla/5.0 (Macintosh; Intel Mac OS X 10.15; rv:133.0) Gecko/20100101 Firefox/133.0"
103.203.47.71 - - [20/May/2026:03:42:49 +0000] "GET / HTTP/1.1" 301 - "-" "Mozilla/5.0 (Macintosh; Intel Mac OS X 10.15; rv:133.0) Gecko/20100101 Firefox/133.0"
182.252.76.35 - - [20/May/2026:03:42:49 +0000] "GET / HTTP/1.1" 301 - "-" "Mozilla/5.0 (Macintosh; Intel Mac OS X 10_15_7) AppleWebKit/537.36 (KHTML, like Gecko) Chrome/146.0.0.0 Safari/537.36"
27.43.162.38 - - [20/May/2026:03:42:50 +0000] "GET / HTTP/1.1" 301 - "-" "Mozilla/5.0 (Macintosh; Intel Mac OS X 10.15; rv:135.0) Gecko/20100101 Firefox/135.0"
195.234.109.6 - - [20/May/2026:03:42:52 +0000] "GET /wp-content/uploads/2020/06/skin_care_advice_for_everyone_in_the_family.jpg HTTP/1.1" 301 - "-" "Photon/1.0"
14.249.67.230 - - [20/May/2026:03:42:52 +0000] "GET / HTTP/1.1" 200 47730 "-" "Mozilla/5.0 (Macintosh; Intel Mac OS X 10_15_7) AppleWebKit/537.36 (KHTML, like Gecko) Chrome/145.0.0.0 Safari/537.36"
189.216.183.119 - - [20/May/2026:03:42:53 +0000] "GET / HTTP/1.1" 200 47730 "-" "Mozilla/5.0 (Macintosh; Intel Mac OS X 10.15; rv:133.0) Gecko/20100101 Firefox/133.0"
195.234.109.6 - - [20/May/2026:03:42:53 +0000] "GET /wp-content/uploads/2020/06/skin_care_advice_for_everyone_in_the_family.jpg HTTP/1.1" 404 131762 "-" "Photon/1.0"
160.187.117.212 - - [20/May/2026:03:42:55 +0000] "GET / HTTP/1.1" 301 - "-" "Mozilla/5.0 (Macintosh; Intel Mac OS X 10_15_7) AppleWebKit/537.36 (KHTML, like Gecko) Chrome/146.0.0.0 Safari/537.36"
39.128.222.98 - - [20/May/2026:03:42:56 +0000] "GET / HTTP/1.1" 301 - "-" "Mozilla/5.0 (Macintosh; Intel Mac OS X 10.15; rv:135.0) Gecko/20100101 Firefox/135.0"
209.101.29.68 - - [20/May/2026:03:42:56 +0000] "GET / HTTP/1.1" 301 - "-" "Mozilla/5.0 (Macintosh; Intel Mac OS X 10.15; rv:133.0) Gecko/20100101 Firefox/133.0"
103.214.83.39 - - [20/May/2026:03:42:59 +0000] "GET / HTTP/1.1" 200 47730 "-" "Mozilla/5.0 (Macintosh; Intel Mac OS X 10_15_7) AppleWebKit/537.36 (KHTML, like Gecko) Chrome/146.0.0.0 Safari/537.36"
39.148.134.10 - - [20/May/2026:03:42:59 +0000] "GET / HTTP/1.1" 200 47730 "-" "Mozilla/5.0 (Macintosh; Intel Mac OS X 10.15; rv:135.0) Gecko/20100101 Firefox/135.0"
110.39.156.143 - - [20/May/2026:03:43:00 +0000] "GET / HTTP/1.1" 200 47730 "-" "Mozilla/5.0 (Macintosh; Intel Mac OS X 10.15; rv:133.0) Gecko/20100101 Firefox/133.0"
116.98.249.71 - - [20/May/2026:03:43:02 +0000] "GET /robots.txt HTTP/1.1" 301 - "-" "Mozilla/5.0 (Macintosh; Intel Mac OS X 10_15_7) AppleWebKit/537.36 (KHTML, like Gecko) Chrome/145.0.0.0 Safari/537.36"
123.23.126.0 - - [20/May/2026:03:43:06 +0000] "GET /robots.txt HTTP/1.1" 301 - "-" "Mozilla/5.0 (Macintosh; Intel Mac OS X 10_15_7) AppleWebKit/537.36 (KHTML, like Gecko) Chrome/145.0.0.0 Safari/537.36"
184.94.212.206 - - [20/May/2026:03:43:55 +0000] "POST /wp-cron.php?doing_wp_cron=1779248635.0240609645843505859375 HTTP/1.1" 200 - "-" "WordPress/6.9.4; https://www.wrinkledskinrepair.com"
17.246.19.36 - - [20/May/2026:03:43:53 +0000] "GET /robots.txt HTTP/1.1" 200 127 "-" "Mozilla/5.0 (Macintosh; Intel Mac OS X 10_15_7) AppleWebKit/605.1.15 (KHTML, like Gecko) Version/17.4 Safari/605.1.15 (Applebot/0.1; +http://www.apple.com/go/applebot)"
17.246.19.36 - - [20/May/2026:03:43:55 +0000] "GET /2019/04/18/easy-ways-to-love-your-skin/ HTTP/1.1" 200 53354 "-" "Mozilla/5.0 (Macintosh; Intel Mac OS X 10_15_7) AppleWebKit/605.1.15 (KHTML, like Gecko) Version/17.4 Safari/605.1.15 (Applebot/0.1; +http://www.apple.com/go/applebot)"
17.246.23.196 - - [20/May/2026:03:43:57 +0000] "GET /robots.txt HTTP/1.1" 200 127 "-" "Mozilla/5.0 (Macintosh; Intel Mac OS X 10_15_7) AppleWebKit/605.1.15 (KHTML, like Gecko) Version/17.4 Safari/605.1.15 (Applebot/0.1; +http://www.apple.com/go/applebot)"
17.246.23.196 - - [20/May/2026:03:43:58 +0000] "GET /robots.txt HTTP/1.1" 200 127 "-" "Mozilla/5.0 (Macintosh; Intel Mac OS X 10_15_7) AppleWebKit/605.1.15 (KHTML, like Gecko) Version/17.4 Safari/605.1.15 (Applebot/0.1; +http://www.apple.com/go/applebot)"
17.246.23.196 - - [20/May/2026:03:44:00 +0000] "GET /robots.txt HTTP/1.1" 200 127 "-" "Mozilla/5.0 (Macintosh; Intel Mac OS X 10_15_7) AppleWebKit/605.1.15 (KHTML, like Gecko) Version/17.4 Safari/605.1.15 (Applebot/0.1; +http://www.apple.com/go/applebot)"
17.246.23.196 - - [20/May/2026:03:44:01 +0000] "GET /robots.txt HTTP/1.1" 200 127 "-" "Mozilla/5.0 (Macintosh; Intel Mac OS X 10_15_7) AppleWebKit/605.1.15 (KHTML, like Gecko) Version/17.4 Safari/605.1.15 (Applebot/0.1; +http://www.apple.com/go/applebot)"
17.246.23.196 - - [20/May/2026:03:44:03 +0000] "GET /robots.txt HTTP/1.1" 200 127 "-" "Mozilla/5.0 (Macintosh; Intel Mac OS X 10_15_7) AppleWebKit/605.1.15 (KHTML, like Gecko) Version/17.4 Safari/605.1.15 (Applebot/0.1; +http://www.apple.com/go/applebot)"
17.246.23.196 - - [20/May/2026:03:44:04 +0000] "GET /robots.txt HTTP/1.1" 200 127 "-" "Mozilla/5.0 (Macintosh; Intel Mac OS X 10_15_7) AppleWebKit/605.1.15 (KHTML, like Gecko) Version/17.4 Safari/605.1.15 (Applebot/0.1; +http://www.apple.com/go/applebot)"
17.246.23.196 - - [20/May/2026:03:44:06 +0000] "GET /robots.txt HTTP/1.1" 200 127 "-" "Mozilla/5.0 (Macintosh; Intel Mac OS X 10_15_7) AppleWebKit/605.1.15 (KHTML, like Gecko) Version/17.4 Safari/605.1.15 (Applebot/0.1; +http://www.apple.com/go/applebot)"
184.94.212.206 - - [20/May/2026:03:44:33 +0000] "POST /wp-cron.php?doing_wp_cron=1779248673.4855608940124511718750 HTTP/1.1" 200 - "-" "WordPress/6.9.4; https://www.wrinkledskinrepair.com"
192.0.102.146 - - [20/May/2026:03:44:32 +0000] "HEAD / HTTP/1.1" 200 - "-" "jetmon/1.0 (Jetpack Site Uptime Monitor by WordPress.com)"
184.94.212.206 - - [20/May/2026:03:46:14 +0000] "POST /wp-cron.php?doing_wp_cron=1779248774.9752130508422851562500 HTTP/1.1" 200 - "-" "WordPress/6.9.4; https://www.wrinkledskinrepair.com"
57.141.2.48 - - [20/May/2026:03:46:13 +0000] "GET /tag/skin-problems/ HTTP/1.1" 200 174161 "-" "meta-externalagent/1.1 (+https://developers.facebook.com/docs/sharing/webmasters/crawler)"
3.91.89.222 - - [20/May/2026:03:46:33 +0000] "GET /ads.txt HTTP/1.1" 200 58 "-" "Mozilla/5.0 (Windows NT 10.0; Win64; x64) AppleWebKit/537.36 (KHTML, like Gecko) Chrome/124.0.0.0 Safari/537.36"
184.94.212.206 - - [20/May/2026:03:46:42 +0000] "POST /wp-cron.php?doing_wp_cron=1779248802.9416270256042480468750 HTTP/1.1" 200 - "-" "WordPress/6.9.4; https://www.wrinkledskinrepair.com"
20.169.73.35 - - [20/May/2026:03:46:41 +0000] "GET / HTTP/1.1" 301 - "-" "Mozilla/5.0 AppleWebKit/537.36 (KHTML, like Gecko); compatible; ChatGPT-User/1.0; +https://openai.com/bot"
20.169.73.42 - - [20/May/2026:03:46:43 +0000] "GET / HTTP/1.1" 200 47730 "-" "Mozilla/5.0 AppleWebKit/537.36 (KHTML, like Gecko); compatible; ChatGPT-User/1.0; +https://openai.com/bot"
17.246.23.94 - - [20/May/2026:03:47:50 +0000] "GET /wp-content/themes/spa-and-salon/style.css?ver=6.9.4 HTTP/1.1" 200 13994 "https://www.wrinkledskinrepair.com/2019/04/18/easy-ways-to-love-your-skin/" "Mozilla/5.0 (Macintosh; Intel Mac OS X 10_15_7) AppleWebKit/605.1.15 (KHTML, like Gecko) Version/17.4 Safari/605.1.15 (Applebot/0.1; +http://www.apple.com/go/applebot)"
17.246.23.94 - - [20/May/2026:03:47:52 +0000] "GET /wp-content/themes/spa-and-salon/css/slick.min.css?ver=6.9.4 HTTP/1.1" 200 490 "https://www.wrinkledskinrepair.com/2019/04/18/easy-ways-to-love-your-skin/" "Mozilla/5.0 (Macintosh; Intel Mac OS X 10_15_7) AppleWebKit/605.1.15 (KHTML, like Gecko) Version/17.4 Safari/605.1.15 (Applebot/0.1; +http://www.apple.com/go/applebot)"
17.246.23.94 - - [20/May/2026:03:47:53 +0000] "GET /wp-content/plugins/recent-posts-widget-with-thumbnails/public.css?ver=7.1.1 HTTP/1.1" 200 487 "https://www.wrinkledskinrepair.com/2019/04/18/easy-ways-to-love-your-skin/" "Mozilla/5.0 (Macintosh; Intel Mac OS X 10_15_7) AppleWebKit/605.1.15 (KHTML, like Gecko) Version/17.4 Safari/605.1.15 (Applebot/0.1; +http://www.apple.com/go/applebot)"
17.246.23.94 - - [20/May/2026:03:47:55 +0000] "GET /wp-content/plugins/complianz-gdpr/assets/css/cookieblocker.min.css?ver=1741710170 HTTP/1.1" 200 723 "https://www.wrinkledskinrepair.com/2019/04/18/easy-ways-to-love-your-skin/" "Mozilla/5.0 (Macintosh; Intel Mac OS X 10_15_7) AppleWebKit/605.1.15 (KHTML, like Gecko) Version/17.4 Safari/605.1.15 (Applebot/0.1; +http://www.apple.com/go/applebot)"
17.246.23.94 - - [20/May/2026:03:47:56 +0000] "GET /wp-content/themes/spa-and-salon/css/perfect-scrollbar.min.css?ver=6.9.4 HTTP/1.1" 200 494 "https://www.wrinkledskinrepair.com/2019/04/18/easy-ways-to-love-your-skin/" "Mozilla/5.0 (Macintosh; Intel Mac OS X 10_15_7) AppleWebKit/605.1.15 (KHTML, like Gecko) Version/17.4 Safari/605.1.15 (Applebot/0.1; +http://www.apple.com/go/applebot)"
17.246.23.94 - - [20/May/2026:03:47:58 +0000] "GET /wp-content/themes/medical-spa/style.css?ver=1.0.7 HTTP/1.1" 200 5745 "https://www.wrinkledskinrepair.com/2019/04/18/easy-ways-to-love-your-skin/" "Mozilla/5.0 (Macintosh; Intel Mac OS X 10_15_7) AppleWebKit/605.1.15 (KHTML, like Gecko) Version/17.4 Safari/605.1.15 (Applebot/0.1; +http://www.apple.com/go/applebot)"
17.246.23.94 - - [20/May/2026:03:47:59 +0000] "GET /wp-content/plugins/tablepress/css/build/default.css?ver=3.3 HTTP/1.1" 200 1767 "https://www.wrinkledskinrepair.com/2019/04/18/easy-ways-to-love-your-skin/" "Mozilla/5.0 (Macintosh; Intel Mac OS X 10_15_7) AppleWebKit/605.1.15 (KHTML, like Gecko) Version/17.4 Safari/605.1.15 (Applebot/0.1; +http://www.apple.com/go/applebot)"
17.246.23.94 - - [20/May/2026:03:48:01 +0000] "GET /wp-content/plugins/jetpack/jetpack_vendor/automattic/jetpack-classic-theme-helper/dist/responsive-videos/responsive-videos.css?minify=false&ver=1a16f71f21c6d197f51b HTTP/1.1" 200 101 "https://www.wrinkledskinrepair.com/2019/04/18/easy-ways-to-love-your-skin/" "Mozilla/5.0 (Macintosh; Intel Mac OS X 10_15_7) AppleWebKit/605.1.15 (KHTML, like Gecko) Version/17.4 Safari/605.1.15 (Applebot/0.1; +http://www.apple.com/go/applebot)"
17.246.23.94 - - [20/May/2026:03:48:03 +0000] "GET /wp-content/plugins/advanced-post-block/public/js/tracker.js?ver=2.2.0 HTTP/1.1" 200 328 "https://www.wrinkledskinrepair.com/2019/04/18/easy-ways-to-love-your-skin/" "Mozilla/5.0 (Macintosh; Intel Mac OS X 10_15_7) AppleWebKit/605.1.15 (KHTML, like Gecko) Version/17.4 Safari/605.1.15 (Applebot/0.1; +http://www.apple.com/go/applebot)"
17.246.23.94 - - [20/May/2026:03:48:04 +0000] "GET /wp-content/plugins/wp-meta-and-date-remover/assets/js/inspector.js?ver=1.1 HTTP/1.1" 200 1455 "https://www.wrinkledskinrepair.com/2019/04/18/easy-ways-to-love-your-skin/" "Mozilla/5.0 (Macintosh; Intel Mac OS X 10_15_7) AppleWebKit/605.1.15 (KHTML, like Gecko) Version/17.4 Safari/605.1.15 (Applebot/0.1; +http://www.apple.com/go/applebot)"
17.246.23.94 - - [20/May/2026:03:48:06 +0000] "GET /wp-content/themes/spa-and-salon/js/all.min.js?ver=6.5.1 HTTP/1.1" 200 542300 "https://www.wrinkledskinrepair.com/2019/04/18/easy-ways-to-love-your-skin/" "Mozilla/5.0 (Macintosh; Intel Mac OS X 10_15_7) AppleWebKit/605.1.15 (KHTML, like Gecko) Version/17.4 Safari/605.1.15 (Applebot/0.1; +http://www.apple.com/go/applebot)"
17.246.23.94 - - [20/May/2026:03:48:07 +0000] "GET /wp-content/themes/spa-and-salon/js/v4-shims.min.js?ver=6.5.1 HTTP/1.1" 200 7909 "https://www.wrinkledskinrepair.com/2019/04/18/easy-ways-to-love-your-skin/" "Mozilla/5.0 (Macintosh; Intel Mac OS X 10_15_7) AppleWebKit/605.1.15 (KHTML, like Gecko) Version/17.4 Safari/605.1.15 (Applebot/0.1; +http://www.apple.com/go/applebot)"
17.246.23.94 - - [20/May/2026:03:48:09 +0000] "GET /wp-content/themes/spa-and-salon/js/modal-accessibility.min.js?ver=1.0.7 HTTP/1.1" 200 2033 "https://www.wrinkledskinrepair.com/2019/04/18/easy-ways-to-love-your-skin/" "Mozilla/5.0 (Macintosh; Intel Mac OS X 10_15_7) AppleWebKit/605.1.15 (KHTML, like Gecko) Version/17.4 Safari/605.1.15 (Applebot/0.1; +http://www.apple.com/go/applebot)"
17.246.23.94 - - [20/May/2026:03:48:10 +0000] "GET /wp-content/themes/spa-and-salon/js/slick.min.js?ver=2.6.0 HTTP/1.1" 200 10445 "https://www.wrinkledskinrepair.com/2019/04/18/easy-ways-to-love-your-skin/" "Mozilla/5.0 (Macintosh; Intel Mac OS X 10_15_7) AppleWebKit/605.1.15 (KHTML, like Gecko) Version/17.4 Safari/605.1.15 (Applebot/0.1; +http://www.apple.com/go/applebot)"
17.246.23.94 - - [20/May/2026:03:48:12 +0000] "GET /wp-content/themes/spa-and-salon/js/perfect-scrollbar.min.js?ver=1.0.7 HTTP/1.1" 200 5954 "https://www.wrinkledskinrepair.com/2019/04/18/easy-ways-to-love-your-skin/" "Mozilla/5.0 (Macintosh; Intel Mac OS X 10_15_7) AppleWebKit/605.1.15 (KHTML, like Gecko) Version/17.4 Safari/605.1.15 (Applebot/0.1; +http://www.apple.com/go/applebot)"
17.246.23.94 - - [20/May/2026:03:48:13 +0000] "GET /wp-content/themes/spa-and-salon/js/custom.min.js?ver=1.0.7 HTTP/1.1" 200 567 "https://www.wrinkledskinrepair.com/2019/04/18/easy-ways-to-love-your-skin/" "Mozilla/5.0 (Macintosh; Intel Mac OS X 10_15_7) AppleWebKit/605.1.15 (KHTML, like Gecko) Version/17.4 Safari/605.1.15 (Applebot/0.1; +http://www.apple.com/go/applebot)"
17.246.23.94 - - [20/May/2026:03:48:15 +0000] "GET /wp-content/plugins/google-site-kit/dist/assets/js/googlesitekit-consent-mode-da15714e8829855bb7ce.js HTTP/1.1" 200 25462 "https://www.wrinkledskinrepair.com/2019/04/18/easy-ways-to-love-your-skin/" "Mozilla/5.0 (Macintosh; Intel Mac OS X 10_15_7) AppleWebKit/605.1.15 (KHTML, like Gecko) Version/17.4 Safari/605.1.15 (Applebot/0.1; +http://www.apple.com/go/applebot)"
17.246.23.94 - - [20/May/2026:03:48:17 +0000] "GET /wp-content/plugins/wp-consent-api/assets/js/wp-consent-api.min.js?ver=2.0.1 HTTP/1.1" 200 822 "https://www.wrinkledskinrepair.com/2019/04/18/easy-ways-to-love-your-skin/" "Mozilla/5.0 (Macintosh; Intel Mac OS X 10_15_7) AppleWebKit/605.1.15 (KHTML, like Gecko) Version/17.4 Safari/605.1.15 (Applebot/0.1; +http://www.apple.com/go/applebot)"
