File: /home/primrwxj/access-logs/instadigitalphotography.primemusicproductions.com-ssl_log
184.94.212.206 - - [19/May/2026:18:17:57 +0000] "POST /wp-cron.php?doing_wp_cron=1779214677.9112129211425781250000 HTTP/1.1" 200 - "-" "WordPress/6.9.4; https://instadigitalphotography.com"
66.249.66.73 - - [19/May/2026:18:17:55 +0000] "GET /robots.txt HTTP/1.1" 200 155 "-" "Mozilla/5.0 (compatible; Googlebot/2.1; +http://www.google.com/bot.html)"
20.10.88.227 - - [19/May/2026:18:17:59 +0000] "GET /robots.txt HTTP/1.1" 200 304 "-" "ClarityBot/1.0"
184.94.212.206 - - [19/May/2026:18:18:25 +0000] "GET /wp-json/jetpack/v4/sync/spawn-sync?time=1779214704&request_lock_id=640b6fb1-b346-4ae8-8726-e3492d193caf HTTP/1.1" 503 657 "-" "WordPress/6.9.4; https://instadigitalphotography.com"
184.94.212.206 - - [19/May/2026:18:18:23 +0000] "GET /?wp_scrape_key=d77cb2f3cb889a95c938dae75dc7388d&wp_scrape_nonce=1779214701 HTTP/1.1" 200 12525 "-" "WordPress/6.9.4; https://instadigitalphotography.com"
184.94.212.206 - - [19/May/2026:18:18:28 +0000] "GET /?wp_scrape_key=fe38940f064eeb6c179142ac04d9e790&wp_scrape_nonce=1779214706 HTTP/1.1" 200 12525 "-" "WordPress/6.9.4; https://instadigitalphotography.com"
184.94.212.206 - - [19/May/2026:18:18:33 +0000] "GET /?wp_scrape_key=de0d674dd157810edf948c33176ffa68&wp_scrape_nonce=1779214711 HTTP/1.1" 200 12524 "-" "WordPress/6.9.4; https://instadigitalphotography.com"
192.0.102.146 - - [19/May/2026:18:18:34 +0000] "HEAD / HTTP/1.1" 503 - "-" "jetmon/1.0 (Jetpack Site Uptime Monitor by WordPress.com)"
184.94.212.206 - - [19/May/2026:18:18:38 +0000] "GET /?wp_scrape_key=7762f48f62a63270e8b35eaa0ff5ef02&wp_scrape_nonce=1779214716 HTTP/1.1" 200 12523 "-" "WordPress/6.9.4; https://instadigitalphotography.com"
184.94.212.206 - - [19/May/2026:18:18:43 +0000] "GET /?wp_scrape_key=aabb27d5a23d9376203a0cce71b0bf86&wp_scrape_nonce=1779214721 HTTP/1.1" 200 12523 "-" "WordPress/6.9.4; https://instadigitalphotography.com"
184.94.212.206 - - [19/May/2026:18:18:48 +0000] "GET /?wp_scrape_key=1c35bd8b81845309f0337c29923bac95&wp_scrape_nonce=1779214726 HTTP/1.1" 200 12525 "-" "WordPress/6.9.4; https://instadigitalphotography.com"
184.94.212.206 - - [19/May/2026:18:18:52 +0000] "GET /?wp_scrape_key=06c0a99b1d29a52d076e64c90f4c9c48&wp_scrape_nonce=1779214730 HTTP/1.1" 200 12523 "-" "WordPress/6.9.4; https://instadigitalphotography.com"
184.94.212.206 - - [19/May/2026:18:18:58 +0000] "POST /wp-cron.php?doing_wp_cron=1779214738.5137081146240234375000 HTTP/1.1" 200 - "-" "WordPress/6.9.4; https://instadigitalphotography.com"
184.94.212.206 - - [19/May/2026:18:18:57 +0000] "GET /?wp_scrape_key=00031fbbb208241b126b1e496e417a0b&wp_scrape_nonce=1779214735 HTTP/1.1" 200 12523 "-" "WordPress/6.9.4; https://instadigitalphotography.com"
184.94.212.206 - - [19/May/2026:18:19:02 +0000] "GET /?wp_scrape_key=f6f5b6be205b934fca23b40d515d7567&wp_scrape_nonce=1779214740 HTTP/1.1" 200 12523 "-" "WordPress/6.9.4; https://instadigitalphotography.com"
184.94.212.206 - - [19/May/2026:22:20:59 +0000] "POST /wp-cron.php?doing_wp_cron=1779229258.9618330001831054687500 HTTP/1.1" 200 - "-" "WordPress/6.9.4; https://instadigitalphotography.com"
184.94.212.206 - - [19/May/2026:22:20:59 +0000] "GET /wp-json/jetpack/v4/sync/spawn-sync?time=1779229259 HTTP/1.1" 200 37 "-" "WordPress/6.9.4; https://instadigitalphotography.com"
66.249.66.73 - - [19/May/2026:22:20:55 +0000] "GET /robots.txt HTTP/1.1" 200 155 "-" "Mozilla/5.0 (compatible; Googlebot/2.1; +http://www.google.com/bot.html)"
184.94.212.206 - - [19/May/2026:22:21:01 +0000] "GET / HTTP/1.1" 200 53720 "-" "-"
184.94.212.206 - - [19/May/2026:22:21:05 +0000] "POST /wp-cron.php HTTP/1.1" 200 - "-" "WordPress/6.9.4; https://instadigitalphotography.com"
184.94.212.206 - - [19/May/2026:22:21:05 +0000] "GET / HTTP/1.1" 200 12471 "-" "WordPress/6.9.4; https://instadigitalphotography.com"
184.94.212.206 - - [19/May/2026:22:21:07 +0000] "GET / HTTP/1.1" 200 12472 "-" "WordPress/6.9.4; https://instadigitalphotography.com"
184.94.212.206 - - [19/May/2026:22:21:09 +0000] "GET / HTTP/1.1" 200 12471 "-" "WordPress/6.9.4; https://instadigitalphotography.com"
184.94.212.206 - - [19/May/2026:22:21:11 +0000] "GET /?timestamp=1779229271 HTTP/1.1" 200 12462 "-" "WordPress/6.9.4; https://instadigitalphotography.com"
184.94.212.206 - - [19/May/2026:22:21:12 +0000] "GET /?timestamp=1779229272 HTTP/1.1" 200 12462 "-" "WordPress/6.9.4; https://instadigitalphotography.com"
184.94.212.206 - - [19/May/2026:22:21:13 +0000] "GET /?timestamp=1779229273 HTTP/1.1" 200 12462 "-" "WordPress/6.9.4; https://instadigitalphotography.com"
184.94.212.206 - - [19/May/2026:22:21:14 +0000] "GET /wp-login.php?timestamp=1779229274 HTTP/1.1" 200 3318 "-" "WordPress/6.9.4; https://instadigitalphotography.com"
184.94.212.206 - - [19/May/2026:22:23:34 +0000] "POST /wp-cron.php?doing_wp_cron=1779229414.9626889228820800781250 HTTP/1.1" 200 - "-" "WordPress/6.9.4; https://instadigitalphotography.com"
184.94.212.206 - - [19/May/2026:22:23:35 +0000] "GET /wp-json/jetpack/v4/sync/spawn-sync?time=1779229415&request_lock_id=794dc4b4-f904-427a-ac29-5b54db4d4e69 HTTP/1.1" 200 37 "-" "WordPress/6.9.4; https://instadigitalphotography.com"
192.0.102.146 - - [19/May/2026:22:23:33 +0000] "HEAD / HTTP/1.1" 200 - "-" "jetmon/1.0 (Jetpack Site Uptime Monitor by WordPress.com)"
20.10.88.201 - - [19/May/2026:22:23:36 +0000] "GET /robots.txt HTTP/1.1" 200 304 "-" "ClarityBot/1.0"
66.249.66.75 - - [19/May/2026:22:23:56 +0000] "GET /ads.txt HTTP/1.1" 200 58 "-" "Google-adstxt"
184.94.212.206 - - [19/May/2026:22:27:09 +0000] "POST /wp-cron.php?doing_wp_cron=1779229629.0293209552764892578125 HTTP/1.1" 200 - "-" "WordPress/6.9.4; https://instadigitalphotography.com"
184.94.212.206 - - [19/May/2026:22:27:09 +0000] "GET /wp-json/jetpack/v4/sync/spawn-sync?time=1779229629&request_lock_id=7568d0a4-9d78-4e69-a321-1badb3117997 HTTP/1.1" 200 37 "-" "WordPress/6.9.4; https://instadigitalphotography.com"
100.54.33.228 - - [19/May/2026:22:27:07 +0000] "GET / HTTP/1.1" 200 12472 "http://instadigitalphotography.com/" "Go-http-client/1.1"
100.54.33.228 - - [19/May/2026:22:27:10 +0000] "GET /wp-includes/css/buttons.css HTTP/1.1" 200 2495 "http://instadigitalphotography.com/wp-includes/css/buttons.css" "Go-http-client/1.1"
184.94.212.206 - - [19/May/2026:22:28:40 +0000] "POST /wp-cron.php?doing_wp_cron=1779229720.0795760154724121093750 HTTP/1.1" 200 - "-" "WordPress/6.9.4; https://instadigitalphotography.com"
184.94.212.206 - - [19/May/2026:22:28:40 +0000] "GET /wp-json/jetpack/v4/sync/spawn-sync?time=1779229720&request_lock_id=2d815482-8aa2-4d47-b200-e0296083d3f5 HTTP/1.1" 200 37 "-" "WordPress/6.9.4; https://instadigitalphotography.com"
192.0.102.146 - - [19/May/2026:22:28:38 +0000] "HEAD / HTTP/1.1" 200 - "-" "jetmon/1.0 (Jetpack Site Uptime Monitor by WordPress.com)"
20.10.88.201 - - [19/May/2026:22:28:41 +0000] "GET /robots.txt HTTP/1.1" 200 304 "-" "ClarityBot/1.0"
184.94.212.206 - - [19/May/2026:22:31:22 +0000] "POST /wp-cron.php?doing_wp_cron=1779229882.4115080833435058593750 HTTP/1.1" 200 - "-" "WordPress/6.9.4; https://instadigitalphotography.com"
184.94.212.206 - - [19/May/2026:22:31:22 +0000] "GET /wp-json/jetpack/v4/sync/spawn-sync?time=1779229882&request_lock_id=63d0fe89-91a3-4b03-adb4-d1593d9adb27 HTTP/1.1" 200 37 "-" "WordPress/6.9.4; https://instadigitalphotography.com"
170.106.113.159 - - [19/May/2026:22:31:21 +0000] "GET / HTTP/1.1" 200 12471 "http://instadigitalphotography.com" "Mozilla/5.0 (iPhone; CPU iPhone OS 13_2_3 like Mac OS X) AppleWebKit/605.1.15 (KHTML, like Gecko) Version/13.0.3 Mobile/15E148 Safari/604.1"
184.94.212.206 - - [19/May/2026:22:33:36 +0000] "POST /wp-cron.php?doing_wp_cron=1779230016.0818181037902832031250 HTTP/1.1" 200 - "-" "WordPress/6.9.4; https://instadigitalphotography.com"
184.94.212.206 - - [19/May/2026:22:33:36 +0000] "GET /wp-json/jetpack/v4/sync/spawn-sync?time=1779230016&request_lock_id=8d63f3a9-3ba2-477c-b6e9-c1b1aa31882d HTTP/1.1" 200 37 "-" "WordPress/6.9.4; https://instadigitalphotography.com"
192.0.102.146 - - [19/May/2026:22:33:34 +0000] "HEAD / HTTP/1.1" 200 - "-" "jetmon/1.0 (Jetpack Site Uptime Monitor by WordPress.com)"
157.55.39.225 - - [19/May/2026:22:34:05 +0000] "GET /robots.txt HTTP/1.1" 200 155 "-" "Mozilla/5.0 AppleWebKit/537.36 (KHTML, like Gecko; compatible; bingbot/2.0; +http://www.bing.com/bingbot.htm) Chrome/116.0.1938.76 Safari/537.36"
40.77.167.3 - - [19/May/2026:22:34:15 +0000] "GET /sitemap.xml HTTP/1.1" 200 310 "-" "Mozilla/5.0 AppleWebKit/537.36 (KHTML, like Gecko; compatible; bingbot/2.0; +http://www.bing.com/bingbot.htm) Chrome/116.0.1938.76 Safari/537.36"
184.94.212.206 - - [19/May/2026:22:38:08 +0000] "POST /wp-cron.php?doing_wp_cron=1779230288.5366630554199218750000 HTTP/1.1" 200 - "-" "WordPress/6.9.4; https://instadigitalphotography.com"
177.10.23.94 - - [19/May/2026:22:38:07 +0000] "GET /the-best-in-professional-photography-tips-and-tricks/?share=facebook HTTP/1.1" 302 - "-" "Mozilla/5.0 (Macintosh; Intel Mac OS X 10_14_3) AppleWebKit/537.36 (KHTML, like Gecko) Chrome/73.0.3683.103 Safari/537.36"
184.94.212.206 - - [19/May/2026:22:38:08 +0000] "GET /wp-json/jetpack/v4/sync/spawn-sync?time=1779230288&request_lock_id=69f2bc8e-c73a-4ca0-b578-c7ed8093e476 HTTP/1.1" 200 37 "-" "WordPress/6.9.4; https://instadigitalphotography.com"
192.0.102.146 - - [19/May/2026:22:38:33 +0000] "HEAD / HTTP/1.1" 200 - "-" "jetmon/1.0 (Jetpack Site Uptime Monitor by WordPress.com)"
184.94.212.206 - - [19/May/2026:22:42:02 +0000] "POST /wp-cron.php?doing_wp_cron=1779230522.8283429145812988281250 HTTP/1.1" 200 - "-" "WordPress/6.9.4; https://instadigitalphotography.com"
47.128.58.61 - - [19/May/2026:22:41:57 +0000] "GET /blog/ HTTP/1.1" 200 34227 "-" "Mozilla/5.0 (Linux; Android 5.0) AppleWebKit/537.36 (KHTML, like Gecko) Mobile Safari/537.36 (compatible; Bytespider; spider-feedback@bytedance.com)"
184.94.212.206 - - [19/May/2026:22:42:02 +0000] "GET /wp-json/jetpack/v4/sync/spawn-sync?time=1779230522&request_lock_id=c8c745d3-1744-49f2-a6e0-9ec86690783f HTTP/1.1" 200 37 "-" "WordPress/6.9.4; https://instadigitalphotography.com"
47.128.58.61 - - [19/May/2026:22:42:05 +0000] "GET /wp-content/plugins/contact-form-7/includes/css/styles.css?ver=6.1.6 HTTP/1.1" 200 1036 "https://instadigitalphotography.com/blog/" "Mozilla/5.0 (Linux; Android 5.0) AppleWebKit/537.36 (KHTML, like Gecko) Mobile Safari/537.36 (compatible; Bytespider; spider-feedback@bytedance.com)"
47.128.58.61 - - [19/May/2026:22:42:06 +0000] "GET /wp-content/themes/essence-pro/style.css?ver=1.1.0 HTTP/1.1" 200 10682 "https://instadigitalphotography.com/blog/" "Mozilla/5.0 (Linux; Android 5.0) AppleWebKit/537.36 (KHTML, like Gecko) Mobile Safari/537.36 (compatible; Bytespider; spider-feedback@bytedance.com)"
47.128.58.61 - - [19/May/2026:22:42:06 +0000] "GET /wp-content/plugins/simple-social-icons/css/style.css?ver=4.0.0 HTTP/1.1" 200 461 "https://instadigitalphotography.com/blog/" "Mozilla/5.0 (Linux; Android 5.0) AppleWebKit/537.36 (KHTML, like Gecko) Mobile Safari/537.36 (compatible; Bytespider; spider-feedback@bytedance.com)"
47.128.58.61 - - [19/May/2026:22:42:06 +0000] "GET /wp-content/themes/essence-pro/lib/gutenberg/front-end.css?ver=1.1.0 HTTP/1.1" 200 1712 "https://instadigitalphotography.com/blog/" "Mozilla/5.0 (Linux; Android 5.0) AppleWebKit/537.36 (KHTML, like Gecko) Mobile Safari/537.36 (compatible; Bytespider; spider-feedback@bytedance.com)"
47.128.58.61 - - [19/May/2026:22:42:08 +0000] "GET /wp-content/uploads/2020/02/cropped-Photography-Equipment-e1581712271328.jpg HTTP/1.1" 206 500 "https://instadigitalphotography.com/blog/" "Mozilla/5.0 (Linux; Android 5.0) AppleWebKit/537.36 (KHTML, like Gecko) Mobile Safari/537.36 (compatible; Bytespider; spider-feedback@bytedance.com)"
47.128.58.61 - - [19/May/2026:22:42:09 +0000] "GET /wp-content/uploads/2020/02/cropped-Photography-Equipment-e1581712271328.jpg HTTP/1.1" 304 - "https://instadigitalphotography.com/blog/" "Mozilla/5.0 (Linux; Android 5.0) AppleWebKit/537.36 (KHTML, like Gecko) Mobile Safari/537.36 (compatible; Bytespider; spider-feedback@bytedance.com)"
47.128.58.61 - - [19/May/2026:22:42:09 +0000] "GET /wp-content/uploads/2020/02/cropped-Photography-Equipment-e1581712271328.jpg HTTP/1.1" 206 103686 "https://instadigitalphotography.com/blog/" "Mozilla/5.0 (Linux; Android 5.0) AppleWebKit/537.36 (KHTML, like Gecko) Mobile Safari/537.36 (compatible; Bytespider; spider-feedback@bytedance.com)"
47.128.58.61 - - [19/May/2026:22:42:09 +0000] "GET /wp-content/plugins/simple-social-icons/symbol-defs.svg HTTP/1.1" 206 500 "https://instadigitalphotography.com/blog/" "Mozilla/5.0 (Linux; Android 5.0) AppleWebKit/537.36 (KHTML, like Gecko) Mobile Safari/537.36 (compatible; Bytespider; spider-feedback@bytedance.com)"
47.128.58.61 - - [19/May/2026:22:42:10 +0000] "GET /wp-content/plugins/simple-social-icons/symbol-defs.svg HTTP/1.1" 200 17203 "https://instadigitalphotography.com/blog/" "Mozilla/5.0 (Linux; Android 5.0) AppleWebKit/537.36 (KHTML, like Gecko) Mobile Safari/537.36 (compatible; Bytespider; spider-feedback@bytedance.com)"
184.94.212.206 - - [19/May/2026:22:43:33 +0000] "POST /wp-cron.php?doing_wp_cron=1779230613.1637730598449707031250 HTTP/1.1" 200 - "-" "WordPress/6.9.4; https://instadigitalphotography.com"
184.94.212.206 - - [19/May/2026:22:43:33 +0000] "GET /wp-json/jetpack/v4/sync/spawn-sync?time=1779230613&request_lock_id=3045b139-4001-4373-8c1c-236bd0c19c14 HTTP/1.1" 200 37 "-" "WordPress/6.9.4; https://instadigitalphotography.com"
192.0.102.146 - - [19/May/2026:22:43:31 +0000] "HEAD / HTTP/1.1" 200 - "-" "jetmon/1.0 (Jetpack Site Uptime Monitor by WordPress.com)"
20.10.88.201 - - [19/May/2026:22:43:34 +0000] "GET /robots.txt HTTP/1.1" 200 304 "-" "ClarityBot/1.0"
184.94.212.206 - - [19/May/2026:22:45:47 +0000] "POST /wp-cron.php?doing_wp_cron=1779230747.1159451007843017578125 HTTP/1.1" 200 - "-" "WordPress/6.9.4; https://instadigitalphotography.com"
184.94.212.206 - - [19/May/2026:22:45:47 +0000] "GET /wp-json/jetpack/v4/sync/spawn-sync?time=1779230747&request_lock_id=399aa554-77d1-489c-bba0-3714cd18dca1 HTTP/1.1" 200 37 "-" "WordPress/6.9.4; https://instadigitalphotography.com"
43.160.219.138 - - [19/May/2026:22:45:45 +0000] "GET / HTTP/1.1" 200 12472 "-" "Mozilla/5.0 (iPhone; CPU iPhone OS 13_2_3 like Mac OS X) AppleWebKit/605.1.15 (KHTML, like Gecko) Version/13.0.3 Mobile/15E148 Safari/604.1"
184.94.212.206 - - [19/May/2026:22:48:31 +0000] "POST /wp-cron.php?doing_wp_cron=1779230911.7079141139984130859375 HTTP/1.1" 200 - "-" "WordPress/6.9.4; https://instadigitalphotography.com"
184.94.212.206 - - [19/May/2026:22:48:31 +0000] "GET /wp-json/jetpack/v4/sync/spawn-sync?time=1779230911&request_lock_id=031b2feb-7b04-4dcb-adc9-526373e55b13 HTTP/1.1" 200 37 "-" "WordPress/6.9.4; https://instadigitalphotography.com"
192.0.102.146 - - [19/May/2026:22:48:30 +0000] "HEAD / HTTP/1.1" 200 - "-" "jetmon/1.0 (Jetpack Site Uptime Monitor by WordPress.com)"
184.94.212.206 - - [19/May/2026:22:53:34 +0000] "POST /wp-cron.php?doing_wp_cron=1779231214.6197810173034667968750 HTTP/1.1" 200 - "-" "WordPress/6.9.4; https://instadigitalphotography.com"
184.94.212.206 - - [19/May/2026:22:53:34 +0000] "GET /wp-json/jetpack/v4/sync/spawn-sync?time=1779231214&request_lock_id=156a130c-8808-41d4-a38d-1f57d1cb0e34 HTTP/1.1" 200 37 "-" "WordPress/6.9.4; https://instadigitalphotography.com"
192.0.102.146 - - [19/May/2026:22:53:33 +0000] "HEAD / HTTP/1.1" 200 - "-" "jetmon/1.0 (Jetpack Site Uptime Monitor by WordPress.com)"
20.10.88.201 - - [19/May/2026:22:53:36 +0000] "GET /robots.txt HTTP/1.1" 200 304 "-" "ClarityBot/1.0"
43.163.206.70 - - [19/May/2026:22:54:31 +0000] "GET /blog/ HTTP/1.1" 200 34228 "-" "Mozilla/5.0 (iPhone; CPU iPhone OS 13_2_3 like Mac OS X) AppleWebKit/605.1.15 (KHTML, like Gecko) Version/13.0.3 Mobile/15E148 Safari/604.1"
184.94.212.206 - - [19/May/2026:22:55:09 +0000] "POST /wp-cron.php?doing_wp_cron=1779231309.5742950439453125000000 HTTP/1.1" 200 - "-" "WordPress/6.9.4; https://instadigitalphotography.com"
190.92.203.97 - - [19/May/2026:22:55:08 +0000] "GET /category/equipment/page/2/ HTTP/1.1" 200 24568 "https://instadigitalphotography.com/category/equipment/page/2/" "Mozilla/5.0 (Macintosh; Intel Mac OS X 10_15_7) AppleWebKit/537.36 (KHTML, like Gecko) Chrome/120.0.0.0 Safari/537.36"
184.94.212.206 - - [19/May/2026:22:55:09 +0000] "GET /wp-json/jetpack/v4/sync/spawn-sync?time=1779231309&request_lock_id=6acc51db-3ec2-4de0-8fbb-d96e2fb66ca0 HTTP/1.1" 200 37 "-" "WordPress/6.9.4; https://instadigitalphotography.com"
184.94.212.206 - - [19/May/2026:22:58:31 +0000] "POST /wp-cron.php?doing_wp_cron=1779231511.9356999397277832031250 HTTP/1.1" 200 - "-" "WordPress/6.9.4; https://instadigitalphotography.com"
184.94.212.206 - - [19/May/2026:22:58:31 +0000] "GET /wp-json/jetpack/v4/sync/spawn-sync?time=1779231511&request_lock_id=b5f55193-f0d9-4db9-bb65-842dd99b6d70 HTTP/1.1" 200 37 "-" "WordPress/6.9.4; https://instadigitalphotography.com"
192.0.102.146 - - [19/May/2026:22:58:30 +0000] "HEAD / HTTP/1.1" 200 - "-" "jetmon/1.0 (Jetpack Site Uptime Monitor by WordPress.com)"
20.10.88.227 - - [19/May/2026:22:58:34 +0000] "GET /robots.txt HTTP/1.1" 200 304 "-" "ClarityBot/1.0"
184.94.212.206 - - [19/May/2026:23:03:34 +0000] "POST /wp-cron.php?doing_wp_cron=1779231814.0344259738922119140625 HTTP/1.1" 200 - "-" "WordPress/6.9.4; https://instadigitalphotography.com"
192.0.102.146 - - [19/May/2026:23:03:32 +0000] "HEAD / HTTP/1.1" 200 - "-" "jetmon/1.0 (Jetpack Site Uptime Monitor by WordPress.com)"
184.94.212.206 - - [19/May/2026:23:03:34 +0000] "GET /wp-json/jetpack/v4/sync/spawn-sync?time=1779231814&request_lock_id=db04ad40-4d56-44fa-8318-488a2b0538f2 HTTP/1.1" 200 37 "-" "WordPress/6.9.4; https://instadigitalphotography.com"
184.94.212.206 - - [19/May/2026:23:05:47 +0000] "POST /wp-cron.php?doing_wp_cron=1779231947.3311390876770019531250 HTTP/1.1" 200 - "-" "WordPress/6.9.4; https://instadigitalphotography.com"
184.94.212.206 - - [19/May/2026:23:05:47 +0000] "GET /wp-json/jetpack/v4/sync/spawn-sync?time=1779231947&request_lock_id=949a8bb2-6319-4d75-9836-100c049701b3 HTTP/1.1" 200 37 "-" "WordPress/6.9.4; https://instadigitalphotography.com"
43.166.240.231 - - [19/May/2026:23:05:45 +0000] "GET /the-best-in-professional-photography-tips-and-tricks/ HTTP/1.1" 200 16799 "-" "Mozilla/5.0 (iPhone; CPU iPhone OS 13_2_3 like Mac OS X) AppleWebKit/605.1.15 (KHTML, like Gecko) Version/13.0.3 Mobile/15E148 Safari/604.1"
184.94.212.206 - - [19/May/2026:23:08:34 +0000] "POST /wp-cron.php?doing_wp_cron=1779232114.3872230052947998046875 HTTP/1.1" 200 - "-" "WordPress/6.9.4; https://instadigitalphotography.com"
184.94.212.206 - - [19/May/2026:23:08:34 +0000] "GET /wp-json/jetpack/v4/sync/spawn-sync?time=1779232114&request_lock_id=bd0c9667-169e-4b25-b307-644ce8cbf9df HTTP/1.1" 200 37 "-" "WordPress/6.9.4; https://instadigitalphotography.com"
192.0.102.146 - - [19/May/2026:23:08:33 +0000] "HEAD / HTTP/1.1" 200 - "-" "jetmon/1.0 (Jetpack Site Uptime Monitor by WordPress.com)"
184.94.212.206 - - [19/May/2026:23:09:43 +0000] "GET /wp-json/jetpack/v4/sync/spawn-sync?time=1779232183&request_lock_id=6fcfccb3-1da4-45da-8540-b0a89469fa04 HTTP/1.1" 200 37 "-" "WordPress/6.9.4; https://instadigitalphotography.com"
114.119.140.190 - - [19/May/2026:23:09:41 +0000] "GET /the-best-lighting-equipment-for-digital-photography?share=reddit& HTTP/1.1" 302 - "https://instadigitalphotography.com/author/h0tn1ch3s/page/5?amp" "Mozilla/5.0 (Linux; Android 7.0;) AppleWebKit/537.36 (HTML, like Gecko) Mobile Safari/537.36 (compatible; PetalBot;+https://webmaster.petalsearch.com/site/petalbot)"
184.94.212.206 - - [19/May/2026:23:11:34 +0000] "POST /wp-cron.php?doing_wp_cron=1779232294.9101879596710205078125 HTTP/1.1" 200 - "-" "WordPress/6.9.4; https://instadigitalphotography.com"
209.99.189.98 - - [19/May/2026:23:11:33 +0000] "GET /images/images/cache.php HTTP/1.1" 404 11307 "www.google.com" "Mozlila/5.0 (Linux; Android 7.0; SM-G892A Bulid/NRD90M; wv) AppleWebKit/537.36 (KHTML, like Gecko) Version/4.0 Chrome/60.0.3112.107 Moblie Safari/537.36"
184.94.212.206 - - [19/May/2026:23:11:34 +0000] "GET /wp-json/jetpack/v4/sync/spawn-sync?time=1779232294&request_lock_id=331a4aad-94eb-433d-83fa-5f46cb388954 HTTP/1.1" 200 37 "-" "WordPress/6.9.4; https://instadigitalphotography.com"
209.99.189.98 - - [19/May/2026:23:11:45 +0000] "GET /images/images/cache.php HTTP/1.1" 404 11307 "www.google.com" "Mozlila/5.0 (Linux; Android 7.0; SM-G892A Bulid/NRD90M; wv) AppleWebKit/537.36 (KHTML, like Gecko) Version/4.0 Chrome/60.0.3112.107 Moblie Safari/537.36"
145.223.130.125 - - [19/May/2026:23:12:03 +0000] "GET /simple-photography-solutions-are-right-here-in-this-article/?share=twitter HTTP/1.1" 302 - "-" "Mozilla/5.0 (Macintosh; Intel Mac OS X 13_5) AppleWebKit/605.1.15 (KHTML, like Gecko) Version/17.0 Safari/260.1"
184.94.212.206 - - [19/May/2026:23:13:36 +0000] "POST /wp-cron.php?doing_wp_cron=1779232416.2797639369964599609375 HTTP/1.1" 200 - "-" "WordPress/6.9.4; https://instadigitalphotography.com"
184.94.212.206 - - [19/May/2026:23:13:36 +0000] "GET /wp-json/jetpack/v4/sync/spawn-sync?time=1779232416&request_lock_id=ccf6ea9e-97b9-4357-b9f6-7c70cdcf5f97 HTTP/1.1" 200 37 "-" "WordPress/6.9.4; https://instadigitalphotography.com"
192.0.102.146 - - [19/May/2026:23:13:34 +0000] "HEAD / HTTP/1.1" 200 - "-" "jetmon/1.0 (Jetpack Site Uptime Monitor by WordPress.com)"
20.10.88.201 - - [19/May/2026:23:13:37 +0000] "GET /robots.txt HTTP/1.1" 200 304 "-" "ClarityBot/1.0"
184.94.212.206 - - [19/May/2026:23:14:59 +0000] "GET /wp-json/jetpack/v4/sync/spawn-sync?time=1779232499&request_lock_id=7bc2a0f7-551a-436d-9b87-2c683861082d HTTP/1.1" 200 37 "-" "WordPress/6.9.4; https://instadigitalphotography.com"
43.135.144.81 - - [19/May/2026:23:14:58 +0000] "GET /adsense-disclaimer/ HTTP/1.1" 200 13637 "-" "Mozilla/5.0 (iPhone; CPU iPhone OS 13_2_3 like Mac OS X) AppleWebKit/605.1.15 (KHTML, like Gecko) Version/13.0.3 Mobile/15E148 Safari/604.1"
184.94.212.206 - - [19/May/2026:23:18:37 +0000] "POST /wp-cron.php?doing_wp_cron=1779232717.8929450511932373046875 HTTP/1.1" 200 - "-" "WordPress/6.9.4; https://instadigitalphotography.com"
192.0.102.146 - - [19/May/2026:23:18:36 +0000] "HEAD / HTTP/1.1" 200 - "-" "jetmon/1.0 (Jetpack Site Uptime Monitor by WordPress.com)"
184.94.212.206 - - [19/May/2026:23:18:37 +0000] "GET /wp-json/jetpack/v4/sync/spawn-sync?time=1779232717&request_lock_id=0b9212eb-5865-49ad-b4c1-d6de6ecbe9e2 HTTP/1.1" 200 37 "-" "WordPress/6.9.4; https://instadigitalphotography.com"
184.94.212.206 - - [19/May/2026:23:23:36 +0000] "POST /wp-cron.php?doing_wp_cron=1779233016.7409510612487792968750 HTTP/1.1" 200 - "-" "WordPress/6.9.4; https://instadigitalphotography.com"
184.94.212.206 - - [19/May/2026:23:23:36 +0000] "GET /wp-json/jetpack/v4/sync/spawn-sync?time=1779233016 HTTP/1.1" 200 37 "-" "WordPress/6.9.4; https://instadigitalphotography.com"
192.0.102.146 - - [19/May/2026:23:23:35 +0000] "HEAD / HTTP/1.1" 200 - "-" "jetmon/1.0 (Jetpack Site Uptime Monitor by WordPress.com)"
20.10.88.227 - - [19/May/2026:23:23:38 +0000] "GET /robots.txt HTTP/1.1" 200 304 "-" "ClarityBot/1.0"
43.156.66.8 - - [19/May/2026:23:24:36 +0000] "GET /copyright-dcma-notice/ HTTP/1.1" 200 15838 "-" "Mozilla/5.0 (iPhone; CPU iPhone OS 13_2_3 like Mac OS X) AppleWebKit/605.1.15 (KHTML, like Gecko) Version/13.0.3 Mobile/15E148 Safari/604.1"
184.94.212.206 - - [19/May/2026:23:26:47 +0000] "POST /wp-cron.php?doing_wp_cron=1779233207.4354920387268066406250 HTTP/1.1" 200 - "-" "WordPress/6.9.4; https://instadigitalphotography.com"
77.75.76.166 - - [19/May/2026:23:26:46 +0000] "GET /robots.txt HTTP/1.1" 200 155 "-" "Mozilla/5.0 (compatible; SeznamBot/4.0; +https://o-seznam.cz/napoveda/vyhledavani/en/seznambot-crawler/)"
184.94.212.206 - - [19/May/2026:23:26:47 +0000] "GET /wp-json/jetpack/v4/sync/spawn-sync?time=1779233207&request_lock_id=b8d286d1-e215-4da5-95d1-1c7dae2e273b HTTP/1.1" 200 37 "-" "WordPress/6.9.4; https://instadigitalphotography.com"
77.75.76.166 - - [19/May/2026:23:26:46 +0000] "GET /tag/sony-alpha-a6600/ HTTP/1.1" 200 23977 "-" "Mozilla/5.0 (compatible; SeznamBot/4.0; +https://o-seznam.cz/napoveda/vyhledavani/en/seznambot-crawler/)"
184.94.212.206 - - [19/May/2026:23:28:36 +0000] "POST /wp-cron.php?doing_wp_cron=1779233316.9269690513610839843750 HTTP/1.1" 200 - "-" "WordPress/6.9.4; https://instadigitalphotography.com"
184.94.212.206 - - [19/May/2026:23:28:36 +0000] "GET /wp-json/jetpack/v4/sync/spawn-sync?time=1779233316&request_lock_id=782596f8-0906-4fb5-8327-f554b355573c HTTP/1.1" 200 37 "-" "WordPress/6.9.4; https://instadigitalphotography.com"
192.0.102.146 - - [19/May/2026:23:28:35 +0000] "HEAD / HTTP/1.1" 200 - "-" "jetmon/1.0 (Jetpack Site Uptime Monitor by WordPress.com)"
20.10.88.201 - - [19/May/2026:23:28:38 +0000] "GET /robots.txt HTTP/1.1" 200 304 "-" "ClarityBot/1.0"
184.94.212.206 - - [19/May/2026:23:33:32 +0000] "POST /wp-cron.php?doing_wp_cron=1779233612.7586948871612548828125 HTTP/1.1" 200 - "-" "WordPress/6.9.4; https://instadigitalphotography.com"
184.94.212.206 - - [19/May/2026:23:33:32 +0000] "GET /wp-json/jetpack/v4/sync/spawn-sync?time=1779233612&request_lock_id=09a96bbb-5f48-4f69-8350-569d3e3e7b2d HTTP/1.1" 200 37 "-" "WordPress/6.9.4; https://instadigitalphotography.com"
192.0.102.146 - - [19/May/2026:23:33:31 +0000] "HEAD / HTTP/1.1" 200 - "-" "jetmon/1.0 (Jetpack Site Uptime Monitor by WordPress.com)"
173.239.240.21 - - [19/May/2026:23:34:13 +0000] "GET /wp-login.php HTTP/1.1" 200 3318 "-" "Mozilla/5.0"
43.156.71.177 - - [19/May/2026:23:34:15 +0000] "GET /contact/ HTTP/1.1" 301 - "-" "Mozilla/5.0 (iPhone; CPU iPhone OS 13_2_3 like Mac OS X) AppleWebKit/605.1.15 (KHTML, like Gecko) Version/13.0.3 Mobile/15E148 Safari/604.1"
173.239.240.21 - - [19/May/2026:23:34:18 +0000] "GET /?author=1 HTTP/1.1" 500 1081 "-" "Mozilla/5.0"
173.239.240.15 - - [19/May/2026:23:34:19 +0000] "GET /?rest_route=/wp/v2/users HTTP/1.1" 401 128 "-" "Mozilla/5.0"
43.156.71.177 - - [19/May/2026:23:34:20 +0000] "GET /contact-us/ HTTP/1.1" 200 12880 "https://instadigitalphotography.com/contact/" "Mozilla/5.0 (iPhone; CPU iPhone OS 13_2_3 like Mac OS X) AppleWebKit/605.1.15 (KHTML, like Gecko) Version/13.0.3 Mobile/15E148 Safari/604.1"
173.239.240.15 - - [19/May/2026:23:34:20 +0000] "GET /feed HTTP/1.1" 301 - "-" "Mozilla/5.0"
173.239.240.15 - - [19/May/2026:23:34:21 +0000] "GET /feed/ HTTP/1.1" 200 27063 "-" "Mozilla/5.0"
184.94.212.206 - - [19/May/2026:23:38:35 +0000] "POST /wp-cron.php?doing_wp_cron=1779233915.1973459720611572265625 HTTP/1.1" 200 - "-" "WordPress/6.9.4; https://instadigitalphotography.com"
184.94.212.206 - - [19/May/2026:23:38:35 +0000] "GET /wp-json/jetpack/v4/sync/spawn-sync?time=1779233915&request_lock_id=0c9955c3-4f3e-4573-ba8b-8ba06d2346a7 HTTP/1.1" 200 37 "-" "WordPress/6.9.4; https://instadigitalphotography.com"
192.0.102.146 - - [19/May/2026:23:38:33 +0000] "HEAD / HTTP/1.1" 200 - "-" "jetmon/1.0 (Jetpack Site Uptime Monitor by WordPress.com)"
184.94.212.206 - - [19/May/2026:23:39:56 +0000] "GET /wp-json/jetpack/v4/sync/spawn-sync?time=1779233996&request_lock_id=ee040b62-b823-404b-b66b-7d1d36866381 HTTP/1.1" 200 37 "-" "WordPress/6.9.4; https://instadigitalphotography.com"
103.168.67.107 - - [19/May/2026:23:39:54 +0000] "POST / HTTP/1.1" 200 12419 "-" "Mozilla/5.0 (Windows NT 10.0; Win64; x64) AppleWebKit/537.36"
103.168.67.107 - - [19/May/2026:23:39:57 +0000] "POST / HTTP/1.1" 200 12419 "-" "Mozilla/5.0 (Windows NT 10.0; Win64; x64) AppleWebKit/537.36"
184.94.212.206 - - [19/May/2026:23:39:58 +0000] "GET /wp-json/jetpack/v4/sync/spawn-sync?time=1779233998&request_lock_id=2d63d5da-f12d-4903-ac96-97a36a1a330a HTTP/1.1" 200 37 "-" "WordPress/6.9.4; https://instadigitalphotography.com"
184.94.212.206 - - [19/May/2026:23:42:28 +0000] "POST /wp-cron.php?doing_wp_cron=1779234148.0192921161651611328125 HTTP/1.1" 200 - "-" "WordPress/6.9.4; https://instadigitalphotography.com"
114.119.140.190 - - [19/May/2026:23:42:26 +0000] "GET /the-best-lighting-equipment-for-digital-photography HTTP/1.1" 301 - "https://instadigitalphotography.com/author/h0tn1ch3s/page/5?noamp=mobile" "Mozilla/5.0 (Linux; Android 7.0;) AppleWebKit/537.36 (HTML, like Gecko) Mobile Safari/537.36 (compatible; PetalBot;+https://webmaster.petalsearch.com/site/petalbot)"
184.94.212.206 - - [19/May/2026:23:42:28 +0000] "GET /wp-json/jetpack/v4/sync/spawn-sync?time=1779234148&request_lock_id=62fb2089-ab5a-4f8d-9998-73c90a124bb4 HTTP/1.1" 200 37 "-" "WordPress/6.9.4; https://instadigitalphotography.com"
20.10.88.201 - - [19/May/2026:23:42:29 +0000] "GET /robots.txt HTTP/1.1" 200 304 "-" "ClarityBot/1.0"
114.119.140.190 - - [19/May/2026:23:42:29 +0000] "GET /the-best-lighting-equipment-for-digital-photography/ HTTP/1.1" 200 15611 "https://instadigitalphotography.com/author/h0tn1ch3s/page/5?noamp=mobile" "Mozilla/5.0 (Linux; Android 7.0;) AppleWebKit/537.36 (HTML, like Gecko) Mobile Safari/537.36 (compatible; PetalBot;+https://webmaster.petalsearch.com/site/petalbot)"
184.94.212.206 - - [19/May/2026:23:43:32 +0000] "POST /wp-cron.php?doing_wp_cron=1779234212.9307610988616943359375 HTTP/1.1" 200 - "-" "WordPress/6.9.4; https://instadigitalphotography.com"
184.94.212.206 - - [19/May/2026:23:43:32 +0000] "POST /wp-cron.php?doing_wp_cron=1779234212.9308118820190429687500 HTTP/1.1" 200 - "-" "WordPress/6.9.4; https://instadigitalphotography.com"
20.151.104.6 - - [19/May/2026:23:43:31 +0000] "GET /wp-content/themes/seotheme/db.php?u HTTP/1.1" 404 45745 "www.google.com" "Mozlila/5.0 (Linux; Android 7.0; SM-G892A Bulid/NRD90M; wv) AppleWebKit/537.36 (KHTML, like Gecko) Version/4.0 Chrome/60.0.3112.107 Moblie Safari/537.36"
20.151.104.6 - - [19/May/2026:23:43:31 +0000] "GET / HTTP/1.1" 200 53720 "-" "Mozlila/5.0 (Linux; Android 7.0; SM-G892A Bulid/NRD90M; wv) AppleWebKit/537.36 (KHTML, like Gecko) Version/4.0 Chrome/60.0.3112.107 Moblie Safari/537.36"
20.151.104.6 - - [19/May/2026:23:43:31 +0000] "POST /wp-plain.php HTTP/1.1" 404 45129 "www.google.com" "Mozilla/5.0 (Linux; Android 7.0; SM-G892A Bulid/NRD90M; wv) AppleWebKit/537.36 (KHTML, like Gecko) Version/4.0 Chrome/60.0.3112.107 Moblie Safari/537.36"
192.0.102.146 - - [19/May/2026:23:43:32 +0000] "HEAD / HTTP/1.1" 200 - "-" "jetmon/1.0 (Jetpack Site Uptime Monitor by WordPress.com)"
184.94.212.206 - - [19/May/2026:23:43:33 +0000] "GET /wp-json/jetpack/v4/sync/spawn-sync?time=1779234213&request_lock_id=997d37d4-7ced-4a8b-be0c-287c5fa5d704 HTTP/1.1" 200 37 "-" "WordPress/6.9.4; https://instadigitalphotography.com"
184.94.212.206 - - [19/May/2026:23:43:33 +0000] "GET /wp-json/jetpack/v4/sync/spawn-sync?time=1779234213&request_lock_id=85cffc7d-593f-48ca-82f3-af5b327a46e5 HTTP/1.1" 200 37 "-" "WordPress/6.9.4; https://instadigitalphotography.com"
20.151.104.6 - - [19/May/2026:23:43:34 +0000] "GET /wp-content/plugins/apikey/apikey.php?test=hello HTTP/1.1" 404 45757 "-" "Mozlila/5.0 (Linux; Android 7.0; SM-G892A Bulid/NRD90M; wv) AppleWebKit/537.36 (KHTML, like Gecko) Version/4.0 Chrome/60.0.3112.107 Moblie Safari/537.36"
20.151.104.6 - - [19/May/2026:23:43:34 +0000] "GET /pglbvigp.php?Fox=d3wL7 HTTP/1.1" 404 45212 "www.google.com" "Mozilla/5.0 (Linux; Android 7.0; SM-G892A Bulid/NRD90M; wv) AppleWebKit/537.36 (KHTML, like Gecko) Version/4.0 Chrome/60.0.3112.107 Moblie Safari/537.36"
20.151.104.6 - - [19/May/2026:23:43:34 +0000] "GET /wp-content/themes/seotheme/db.php?u HTTP/1.1" 404 45745 "www.google.com" "Mozlila/5.0 (Linux; Android 7.0; SM-G892A Bulid/NRD90M; wv) AppleWebKit/537.36 (KHTML, like Gecko) Version/4.0 Chrome/60.0.3112.107 Moblie Safari/537.36"
20.151.104.6 - - [19/May/2026:23:43:35 +0000] "GET /plugins/content/apismtp/apismtp.php?test=hello HTTP/1.1" 404 45756 "-" "Mozlila/5.0 (Linux; Android 7.0; SM-G892A Bulid/NRD90M; wv) AppleWebKit/537.36 (KHTML, like Gecko) Version/4.0 Chrome/60.0.3112.107 Moblie Safari/537.36"
20.151.104.6 - - [19/May/2026:23:43:36 +0000] "GET /wp-content/plugins/apikey/apikey.php.suspected?test=hello HTTP/1.1" 404 45767 "-" "Mozlila/5.0 (Linux; Android 7.0; SM-G892A Bulid/NRD90M; wv) AppleWebKit/537.36 (KHTML, like Gecko) Version/4.0 Chrome/60.0.3112.107 Moblie Safari/537.36"
20.151.104.6 - - [19/May/2026:23:43:37 +0000] "GET /plugins/content/apismtp/apismtp.php.suspected?test=hello HTTP/1.1" 404 45766 "-" "Mozlila/5.0 (Linux; Android 7.0; SM-G892A Bulid/NRD90M; wv) AppleWebKit/537.36 (KHTML, like Gecko) Version/4.0 Chrome/60.0.3112.107 Moblie Safari/537.36"
109.107.187.219 - - [19/May/2026:23:44:07 +0000] "GET / HTTP/1.0" 200 53720 "https://instadigitalphotography.com/" "Mozilla/5.0 (Windows NT 10.0; Win64; x64) AppleWebKit/537.36 (KHTML, like Gecko) Chrome/131.0.0.0 Safari/537.36 Avast/131.0.0.0"
109.107.187.219 - - [19/May/2026:23:44:09 +0000] "GET /blog/ HTTP/1.0" 200 153181 "https://instadigitalphotography.com/blog/" "Mozilla/5.0 (Windows NT 10.0; Win64; x64) AppleWebKit/537.36 (KHTML, like Gecko) Chrome/131.0.0.0 Safari/537.36 Avast/131.0.0.0"
109.107.187.219 - - [19/May/2026:23:44:11 +0000] "GET /blog/page/2/ HTTP/1.0" 200 107918 "https://instadigitalphotography.com/blog/page/2/" "Mozilla/5.0 (Windows NT 10.0; Win64; x64) AppleWebKit/537.36 (KHTML, like Gecko) Chrome/131.0.0.0 Safari/537.36 Avast/131.0.0.0"
109.107.187.219 - - [19/May/2026:23:44:13 +0000] "GET /blog/page/3/ HTTP/1.0" 200 107489 "https://instadigitalphotography.com/blog/page/3/" "Mozilla/5.0 (Windows NT 10.0; Win64; x64) AppleWebKit/537.36 (KHTML, like Gecko) Chrome/131.0.0.0 Safari/537.36 Avast/131.0.0.0"
109.107.187.219 - - [19/May/2026:23:44:15 +0000] "GET /contact-us/ HTTP/1.0" 200 55460 "https://instadigitalphotography.com/contact-us/" "Mozilla/5.0 (Windows NT 10.0; Win64; x64) AppleWebKit/537.36 (KHTML, like Gecko) Chrome/131.0.0.0 Safari/537.36 Avast/131.0.0.0"
184.94.212.206 - - [19/May/2026:23:45:27 +0000] "POST /wp-cron.php?doing_wp_cron=1779234327.5931990146636962890625 HTTP/1.1" 200 - "-" "WordPress/6.9.4; https://instadigitalphotography.com"
170.106.165.186 - - [19/May/2026:23:45:25 +0000] "GET /wp-login.php HTTP/1.1" 200 3318 "-" "Mozilla/5.0 (iPhone; CPU iPhone OS 13_2_3 like Mac OS X) AppleWebKit/605.1.15 (KHTML, like Gecko) Version/13.0.3 Mobile/15E148 Safari/604.1"
184.94.212.206 - - [19/May/2026:23:45:27 +0000] "GET /wp-json/jetpack/v4/sync/spawn-sync?time=1779234327&request_lock_id=dd751104-b5b0-4bc8-8b35-f0326238fb43 HTTP/1.1" 200 37 "-" "WordPress/6.9.4; https://instadigitalphotography.com"
184.94.212.206 - - [19/May/2026:23:48:33 +0000] "POST /wp-cron.php?doing_wp_cron=1779234512.9907760620117187500000 HTTP/1.1" 200 - "-" "WordPress/6.9.4; https://instadigitalphotography.com"
184.94.212.206 - - [19/May/2026:23:48:33 +0000] "GET /wp-json/jetpack/v4/sync/spawn-sync?time=1779234513&request_lock_id=4da053c6-9460-438d-8e71-f62b032e613d HTTP/1.1" 200 37 "-" "WordPress/6.9.4; https://instadigitalphotography.com"
192.0.102.146 - - [19/May/2026:23:48:31 +0000] "HEAD / HTTP/1.1" 200 - "-" "jetmon/1.0 (Jetpack Site Uptime Monitor by WordPress.com)"
184.94.212.206 - - [19/May/2026:23:49:56 +0000] "GET /wp-json/jetpack/v4/sync/spawn-sync?time=1779234596&request_lock_id=c26f7a85-bb93-41a6-a58b-c79782c61a6f HTTP/1.1" 200 37 "-" "WordPress/6.9.4; https://instadigitalphotography.com"
173.239.240.8 - - [19/May/2026:23:49:54 +0000] "POST /wp-login.php HTTP/1.1" 200 11493 "-" "Mozilla/5.0"
184.94.212.206 - - [19/May/2026:23:53:35 +0000] "POST /wp-cron.php?doing_wp_cron=1779234815.2706439495086669921875 HTTP/1.1" 200 - "-" "WordPress/6.9.4; https://instadigitalphotography.com"
184.94.212.206 - - [19/May/2026:23:53:35 +0000] "GET /wp-json/jetpack/v4/sync/spawn-sync?time=1779234815&request_lock_id=672674cc-b6cd-464b-ad05-3d88eec1c5db HTTP/1.1" 200 37 "-" "WordPress/6.9.4; https://instadigitalphotography.com"
192.0.102.146 - - [19/May/2026:23:53:33 +0000] "HEAD / HTTP/1.1" 200 - "-" "jetmon/1.0 (Jetpack Site Uptime Monitor by WordPress.com)"
20.10.88.201 - - [19/May/2026:23:53:36 +0000] "GET /robots.txt HTTP/1.1" 200 304 "-" "ClarityBot/1.0"
43.157.181.189 - - [19/May/2026:23:54:12 +0000] "GET /blog/ HTTP/1.1" 200 34228 "-" "Mozilla/5.0 (iPhone; CPU iPhone OS 13_2_3 like Mac OS X) AppleWebKit/605.1.15 (KHTML, like Gecko) Version/13.0.3 Mobile/15E148 Safari/604.1"
184.94.212.206 - - [19/May/2026:23:55:59 +0000] "POST /wp-cron.php?doing_wp_cron=1779234959.3030130863189697265625 HTTP/1.1" 200 - "-" "WordPress/6.9.4; https://instadigitalphotography.com"
184.94.212.206 - - [19/May/2026:23:55:59 +0000] "GET /wp-json/jetpack/v4/sync/spawn-sync?time=1779234959&request_lock_id=5c4e56ad-db05-484d-a3a6-0ceafd5ecb43 HTTP/1.1" 200 37 "-" "WordPress/6.9.4; https://instadigitalphotography.com"
79.107.57.252 - - [19/May/2026:23:55:57 +0000] "GET / HTTP/1.1" 200 12472 "-" "Mozilla/5.0 (Linux; Android 14; Pixel 7) AppleWebKit/537.36 (KHTML, like Gecko) Chrome/124.0.0.0 Mobile Safari/537.36"
184.94.212.206 - - [19/May/2026:23:58:25 +0000] "POST /wp-cron.php?doing_wp_cron=1779235105.8824300765991210937500 HTTP/1.1" 200 - "-" "WordPress/6.9.4; https://instadigitalphotography.com"
184.94.212.206 - - [19/May/2026:23:58:25 +0000] "GET /wp-json/jetpack/v4/sync/spawn-sync?time=1779235105&request_lock_id=9696ead9-179a-4884-a8fe-f3b49d2d1417 HTTP/1.1" 200 37 "-" "WordPress/6.9.4; https://instadigitalphotography.com"
173.239.240.10 - - [19/May/2026:23:58:24 +0000] "POST /wp-login.php HTTP/1.1" 401 3474 "-" "Mozilla/5.0"
184.94.212.206 - - [19/May/2026:23:58:30 +0000] "POST /wp-cron.php?doing_wp_cron=1779235110.2485458850860595703125 HTTP/1.1" 200 - "-" "WordPress/6.9.4; https://instadigitalphotography.com"
192.0.102.146 - - [19/May/2026:23:58:29 +0000] "HEAD / HTTP/1.1" 200 - "-" "jetmon/1.0 (Jetpack Site Uptime Monitor by WordPress.com)"
184.94.212.206 - - [20/May/2026:00:00:24 +0000] "POST /wp-cron.php?doing_wp_cron=1779235224.1802279949188232421875 HTTP/1.1" 200 - "-" "WordPress/6.9.4; https://instadigitalphotography.com"
184.94.212.206 - - [20/May/2026:00:00:24 +0000] "GET /wp-json/jetpack/v4/sync/spawn-sync?time=1779235224&request_lock_id=5e24b52a-976c-4e4a-96de-007c11939fd2 HTTP/1.1" 200 37 "-" "WordPress/6.9.4; https://instadigitalphotography.com"
120.240.178.170 - - [20/May/2026:00:00:22 +0000] "GET /robots.txt HTTP/1.1" 200 155 "-" "Mozilla/5.0 (Windows NT 10.0; Win64; x64) AppleWebKit/537.36 (KHTML, like Gecko) Chrome/71.0.3557.53 Safari/537.36 Edge/18.18362"
184.94.212.206 - - [20/May/2026:00:03:34 +0000] "POST /wp-cron.php?doing_wp_cron=1779235414.4675829410552978515625 HTTP/1.1" 200 - "-" "WordPress/6.9.4; https://instadigitalphotography.com"
192.0.102.146 - - [20/May/2026:00:03:32 +0000] "HEAD / HTTP/1.1" 200 - "-" "jetmon/1.0 (Jetpack Site Uptime Monitor by WordPress.com)"
184.94.212.206 - - [20/May/2026:00:03:34 +0000] "GET /wp-json/jetpack/v4/sync/spawn-sync?time=1779235414&request_lock_id=89ac18bf-7662-4b49-bacc-3d7994df6999 HTTP/1.1" 200 37 "-" "WordPress/6.9.4; https://instadigitalphotography.com"
184.94.212.206 - - [20/May/2026:00:06:15 +0000] "POST /wp-cron.php?doing_wp_cron=1779235575.8050229549407958984375 HTTP/1.1" 200 - "-" "WordPress/6.9.4; https://instadigitalphotography.com"
184.94.212.206 - - [20/May/2026:00:06:15 +0000] "GET /wp-json/jetpack/v4/sync/spawn-sync?time=1779235575&request_lock_id=90604132-fc2b-4f9a-aa87-e20f9fac2cee HTTP/1.1" 200 37 "-" "WordPress/6.9.4; https://instadigitalphotography.com"
101.32.15.141 - - [20/May/2026:00:06:14 +0000] "GET /expert-advice-for-making-photography-fun-again/ HTTP/1.1" 200 16372 "-" "Mozilla/5.0 (iPhone; CPU iPhone OS 13_2_3 like Mac OS X) AppleWebKit/605.1.15 (KHTML, like Gecko) Version/13.0.3 Mobile/15E148 Safari/604.1"
145.223.130.105 - - [20/May/2026:00:06:22 +0000] "GET /know-these-ideas-when-you-reach-for-a-camera/?share=pinterest&%3Bamp= HTTP/1.1" 302 - "-" "Mozilla/5.0 (Linux; Android 13; Pixel 7) AppleWebKit/537.36 (KHTML, like Gecko) Chrome/131.0.0.0 Mobile Safari/537.36"
184.94.212.206 - - [20/May/2026:00:07:31 +0000] "POST /wp-cron.php?doing_wp_cron=1779235651.4680769443511962890625 HTTP/1.1" 200 - "-" "WordPress/6.9.4; https://instadigitalphotography.com"
184.94.212.206 - - [20/May/2026:00:07:31 +0000] "GET /wp-json/jetpack/v4/sync/spawn-sync?time=1779235651&request_lock_id=21264c0b-f0dd-4aa3-9d83-41110fe69b09 HTTP/1.1" 200 37 "-" "WordPress/6.9.4; https://instadigitalphotography.com"
173.239.240.25 - - [20/May/2026:00:07:29 +0000] "POST /wp-login.php HTTP/1.1" 401 3474 "-" "Mozilla/5.0"
184.94.212.206 - - [20/May/2026:00:08:36 +0000] "POST /wp-cron.php?doing_wp_cron=1779235716.8865129947662353515625 HTTP/1.1" 200 - "-" "WordPress/6.9.4; https://instadigitalphotography.com"
184.94.212.206 - - [20/May/2026:00:08:36 +0000] "GET /wp-json/jetpack/v4/sync/spawn-sync?time=1779235716&request_lock_id=eec68e9a-7139-4cb1-a98b-a4ccc283b341 HTTP/1.1" 200 37 "-" "WordPress/6.9.4; https://instadigitalphotography.com"
192.0.102.146 - - [20/May/2026:00:08:35 +0000] "HEAD / HTTP/1.1" 200 - "-" "jetmon/1.0 (Jetpack Site Uptime Monitor by WordPress.com)"
184.94.212.206 - - [20/May/2026:00:13:35 +0000] "POST /wp-cron.php?doing_wp_cron=1779236015.5021560192108154296875 HTTP/1.1" 200 - "-" "WordPress/6.9.4; https://instadigitalphotography.com"
184.94.212.206 - - [20/May/2026:00:13:35 +0000] "GET /wp-json/jetpack/v4/sync/spawn-sync?time=1779236015&request_lock_id=6d706e01-8d0f-462f-b2df-8d9eb7f03747 HTTP/1.1" 200 37 "-" "WordPress/6.9.4; https://instadigitalphotography.com"
192.0.102.146 - - [20/May/2026:00:13:34 +0000] "HEAD / HTTP/1.1" 200 - "-" "jetmon/1.0 (Jetpack Site Uptime Monitor by WordPress.com)"
184.94.212.206 - - [20/May/2026:00:15:51 +0000] "POST /wp-cron.php?doing_wp_cron=1779236151.1311790943145751953125 HTTP/1.1" 200 - "-" "WordPress/6.9.4; https://instadigitalphotography.com"
184.94.212.206 - - [20/May/2026:00:15:51 +0000] "GET /wp-json/jetpack/v4/sync/spawn-sync?time=1779236151&request_lock_id=818e4680-5e70-4673-9fdc-566e82b6c7a2 HTTP/1.1" 200 37 "-" "WordPress/6.9.4; https://instadigitalphotography.com"
114.119.145.140 - - [20/May/2026:00:15:49 +0000] "GET /terms-of-use?share=pinterest HTTP/1.1" 302 - "https://instadigitalphotography.com/terms-of-use" "Mozilla/5.0 (Linux; Android 7.0;) AppleWebKit/537.36 (HTML, like Gecko) Mobile Safari/537.36 (compatible; PetalBot;+https://webmaster.petalsearch.com/site/petalbot)"
43.166.255.122 - - [20/May/2026:00:16:02 +0000] "GET / HTTP/1.1" 200 12472 "-" "Mozilla/5.0 (iPhone; CPU iPhone OS 13_2_3 like Mac OS X) AppleWebKit/605.1.15 (KHTML, like Gecko) Version/13.0.3 Mobile/15E148 Safari/604.1"
184.94.212.206 - - [20/May/2026:00:16:22 +0000] "POST /wp-cron.php?doing_wp_cron=1779236182.0905709266662597656250 HTTP/1.1" 200 - "-" "WordPress/6.9.4; https://instadigitalphotography.com"
104.210.140.140 - - [20/May/2026:00:16:21 +0000] "GET /robots.txt HTTP/1.1" 200 155 "-" "Mozilla/5.0 (Macintosh; Intel Mac OS X 10_15_7) AppleWebKit/537.36 (KHTML, like Gecko) Chrome/131.0.0.0 Safari/537.36; compatible; OAI-SearchBot/1.0; +https://openai.com/searchbot"
173.239.240.16 - - [20/May/2026:00:16:21 +0000] "POST /wp-login.php HTTP/1.1" 401 3474 "-" "Mozilla/5.0"
184.94.212.206 - - [20/May/2026:00:18:31 +0000] "POST /wp-cron.php?doing_wp_cron=1779236311.1128990650177001953125 HTTP/1.1" 200 - "-" "WordPress/6.9.4; https://instadigitalphotography.com"
184.94.212.206 - - [20/May/2026:00:18:31 +0000] "GET /wp-json/jetpack/v4/sync/spawn-sync?time=1779236311&request_lock_id=fa0fbf98-5a6a-410c-a12f-c33389ef5f7a HTTP/1.1" 200 37 "-" "WordPress/6.9.4; https://instadigitalphotography.com"
192.0.102.146 - - [20/May/2026:00:18:29 +0000] "HEAD / HTTP/1.1" 200 - "-" "jetmon/1.0 (Jetpack Site Uptime Monitor by WordPress.com)"
20.10.88.201 - - [20/May/2026:00:18:32 +0000] "GET /robots.txt HTTP/1.1" 200 304 "-" "ClarityBot/1.0"
184.94.212.206 - - [20/May/2026:00:23:35 +0000] "POST /wp-cron.php?doing_wp_cron=1779236615.4166119098663330078125 HTTP/1.1" 200 - "-" "WordPress/6.9.4; https://instadigitalphotography.com"
184.94.212.206 - - [20/May/2026:00:23:35 +0000] "GET /wp-json/jetpack/v4/sync/spawn-sync?time=1779236615&request_lock_id=7936e49a-9d5a-4e2a-83fc-9d9f4c45580c HTTP/1.1" 200 37 "-" "WordPress/6.9.4; https://instadigitalphotography.com"
192.0.102.146 - - [20/May/2026:00:23:33 +0000] "HEAD / HTTP/1.1" 200 - "-" "jetmon/1.0 (Jetpack Site Uptime Monitor by WordPress.com)"
184.94.212.206 - - [20/May/2026:00:25:25 +0000] "POST /wp-cron.php?doing_wp_cron=1779236725.6311719417572021484375 HTTP/1.1" 200 - "-" "WordPress/6.9.4; https://instadigitalphotography.com"
43.135.130.202 - - [20/May/2026:00:25:24 +0000] "GET /copyright-dcma-notice/ HTTP/1.1" 200 15838 "-" "Mozilla/5.0 (iPhone; CPU iPhone OS 13_2_3 like Mac OS X) AppleWebKit/605.1.15 (KHTML, like Gecko) Version/13.0.3 Mobile/15E148 Safari/604.1"
184.94.212.206 - - [20/May/2026:00:25:25 +0000] "GET /wp-json/jetpack/v4/sync/spawn-sync?time=1779236725 HTTP/1.1" 200 37 "-" "WordPress/6.9.4; https://instadigitalphotography.com"
173.239.240.13 - - [20/May/2026:00:25:24 +0000] "POST /wp-login.php HTTP/1.1" 401 3474 "-" "Mozilla/5.0"
184.94.212.206 - - [20/May/2026:00:26:59 +0000] "POST /wp-cron.php?doing_wp_cron=1779236819.7071719169616699218750 HTTP/1.1" 200 - "-" "WordPress/6.9.4; https://instadigitalphotography.com"
74.7.230.33 - - [20/May/2026:00:26:58 +0000] "GET /robots.txt HTTP/1.1" 200 155 "-" "Mozilla/5.0 (Macintosh; Intel Mac OS X 10_15_7) AppleWebKit/537.36 (KHTML, like Gecko) Chrome/131.0.0.0 Safari/537.36; compatible; OAI-SearchBot/1.3; robots.txt; +https://openai.com/searchbot"
184.94.212.206 - - [20/May/2026:00:26:59 +0000] "GET /wp-json/jetpack/v4/sync/spawn-sync?time=1779236819&request_lock_id=657cbff1-9946-4d2f-b706-7963764212d9 HTTP/1.1" 200 37 "-" "WordPress/6.9.4; https://instadigitalphotography.com"
184.94.212.206 - - [20/May/2026:00:28:37 +0000] "POST /wp-cron.php?doing_wp_cron=1779236917.9535980224609375000000 HTTP/1.1" 200 - "-" "WordPress/6.9.4; https://instadigitalphotography.com"
184.94.212.206 - - [20/May/2026:00:28:37 +0000] "GET /wp-json/jetpack/v4/sync/spawn-sync?time=1779236917&request_lock_id=2f97b1fb-1cc2-4f40-aff5-e234e7f0e457 HTTP/1.1" 200 37 "-" "WordPress/6.9.4; https://instadigitalphotography.com"
192.0.102.146 - - [20/May/2026:00:28:36 +0000] "HEAD / HTTP/1.1" 200 - "-" "jetmon/1.0 (Jetpack Site Uptime Monitor by WordPress.com)"
184.94.212.206 - - [20/May/2026:00:33:06 +0000] "POST /wp-cron.php?doing_wp_cron=1779237186.8125009536743164062500 HTTP/1.1" 200 - "-" "WordPress/6.9.4; https://instadigitalphotography.com"
184.94.212.206 - - [20/May/2026:00:33:06 +0000] "GET /wp-json/jetpack/v4/sync/spawn-sync?time=1779237186&request_lock_id=f8567cf2-cdfb-48e8-a391-1da08d60d6e8 HTTP/1.1" 200 37 "-" "WordPress/6.9.4; https://instadigitalphotography.com"
43.135.107.144 - - [20/May/2026:00:33:05 +0000] "GET /blog HTTP/1.1" 301 - "-" "Mozilla/5.0 (Windows NT 10.0; Win64; x64; rv:123.0) Gecko/20100101 Firefox/123.0"
43.135.107.144 - - [20/May/2026:00:33:07 +0000] "GET /blog/ HTTP/1.1" 200 34228 "-" "Mozilla/5.0 (Windows NT 10.0; Win64; x64; rv:123.0) Gecko/20100101 Firefox/123.0"
20.10.88.227 - - [20/May/2026:00:33:08 +0000] "GET /robots.txt HTTP/1.1" 200 304 "-" "ClarityBot/1.0"
192.0.102.146 - - [20/May/2026:00:33:31 +0000] "HEAD / HTTP/1.1" 200 - "-" "jetmon/1.0 (Jetpack Site Uptime Monitor by WordPress.com)"
184.94.212.206 - - [20/May/2026:00:34:22 +0000] "GET /wp-json/jetpack/v4/sync/spawn-sync?time=1779237262&request_lock_id=71cade84-cb94-41d4-8a98-f9483f2a6bf1 HTTP/1.1" 200 37 "-" "WordPress/6.9.4; https://instadigitalphotography.com"
173.239.240.16 - - [20/May/2026:00:34:20 +0000] "POST /wp-login.php HTTP/1.1" 401 3474 "-" "Mozilla/5.0"
49.51.166.228 - - [20/May/2026:00:34:58 +0000] "GET /category/equipment/ HTTP/1.1" 200 34717 "-" "Mozilla/5.0 (iPhone; CPU iPhone OS 13_2_3 like Mac OS X) AppleWebKit/605.1.15 (KHTML, like Gecko) Version/13.0.3 Mobile/15E148 Safari/604.1"
184.94.212.206 - - [20/May/2026:00:34:59 +0000] "GET /wp-json/jetpack/v4/sync/spawn-sync?time=1779237299&request_lock_id=92795e50-4acf-4e3e-bf6e-8bfa20aed85a HTTP/1.1" 200 37 "-" "WordPress/6.9.4; https://instadigitalphotography.com"
184.94.212.206 - - [20/May/2026:00:35:25 +0000] "POST /wp-cron.php?doing_wp_cron=1779237325.1623721122741699218750 HTTP/1.1" 200 - "-" "WordPress/6.9.4; https://instadigitalphotography.com"
66.249.66.73 - - [20/May/2026:00:35:24 +0000] "GET /how-to-find-the-perfect-spot-for-photos/ HTTP/1.1" 200 16402 "-" "Mozilla/5.0 (Linux; Android 6.0.1; Nexus 5X Build/MMB29P) AppleWebKit/537.36 (KHTML, like Gecko) Chrome/148.0.7778.96 Mobile Safari/537.36 (compatible; GoogleOther)"
66.249.66.75 - - [20/May/2026:00:35:27 +0000] "GET /wp-content/themes/essence-pro/style.css?ver=1.1.0 HTTP/1.1" 200 10682 "https://instadigitalphotography.com/how-to-find-the-perfect-spot-for-photos/" "Mozilla/5.0 (Linux; Android 6.0.1; Nexus 5X Build/MMB29P) AppleWebKit/537.36 (KHTML, like Gecko) Chrome/148.0.7778.96 Mobile Safari/537.36 (compatible; GoogleOther)"
66.249.66.74 - - [20/May/2026:00:35:29 +0000] "GET /wp-content/plugins/simple-social-icons/css/style.css?ver=4.0.0 HTTP/1.1" 200 461 "https://instadigitalphotography.com/how-to-find-the-perfect-spot-for-photos/" "Mozilla/5.0 (Linux; Android 6.0.1; Nexus 5X Build/MMB29P) AppleWebKit/537.36 (KHTML, like Gecko) Chrome/148.0.7778.96 Mobile Safari/537.36 (compatible; GoogleOther)"
66.249.66.73 - - [20/May/2026:00:35:31 +0000] "GET /wp-content/plugins/simple-social-icons/symbol-defs.svg HTTP/1.1" 200 17203 "https://instadigitalphotography.com/how-to-find-the-perfect-spot-for-photos/" "Mozilla/5.0 (Linux; Android 6.0.1; Nexus 5X Build/MMB29P) AppleWebKit/537.36 (KHTML, like Gecko) Chrome/148.0.7778.96 Mobile Safari/537.36 (compatible; GoogleOther)"
66.249.66.73 - - [20/May/2026:00:35:33 +0000] "GET /wp-content/themes/essence-pro/lib/gutenberg/front-end.css?ver=1.1.0 HTTP/1.1" 200 1712 "https://instadigitalphotography.com/how-to-find-the-perfect-spot-for-photos/" "Mozilla/5.0 (Linux; Android 6.0.1; Nexus 5X Build/MMB29P) AppleWebKit/537.36 (KHTML, like Gecko) Chrome/148.0.7778.96 Mobile Safari/537.36 (compatible; GoogleOther)"
