74.249.173.207 - - [20/May/2026:02:10:23 +0000] "GET /xmrlpc.php HTTP/1.1" 404 45265 "-" "-"
74.249.173.207 - - [20/May/2026:02:10:24 +0000] "GET /class.php HTTP/1.1" 404 45264 "-" "-"
74.249.173.207 - - [20/May/2026:02:10:25 +0000] "GET /goods.php HTTP/1.1" 404 45264 "-" "-"
74.249.173.207 - - [20/May/2026:02:10:26 +0000] "GET /info.php HTTP/1.1" 404 45263 "-" "-"
74.249.173.207 - - [20/May/2026:02:10:27 +0000] "GET /as.php HTTP/1.1" 404 45261 "-" "-"
74.249.173.207 - - [20/May/2026:02:10:29 +0000] "GET /aw.php HTTP/1.1" 404 45261 "-" "-"
74.249.173.207 - - [20/May/2026:02:10:30 +0000] "GET /bb.php HTTP/1.1" 404 45261 "-" "-"
74.249.173.207 - - [20/May/2026:02:10:31 +0000] "GET /about.php HTTP/1.1" 404 45264 "-" "-"
74.249.173.207 - - [20/May/2026:02:10:32 +0000] "GET /222.php HTTP/1.1" 404 45262 "-" "-"
74.249.173.207 - - [20/May/2026:02:10:33 +0000] "GET /test1.php HTTP/1.1" 404 45264 "-" "-"
74.249.173.207 - - [20/May/2026:02:10:34 +0000] "GET /wp-mail.php HTTP/1.1" 403 2556 "-" "-"
74.249.173.207 - - [20/May/2026:02:10:35 +0000] "GET /wp.php HTTP/1.1" 404 45261 "-" "-"
74.249.173.207 - - [20/May/2026:02:10:36 +0000] "GET /adminfuns.php HTTP/1.1" 404 45268 "-" "-"
74.249.173.207 - - [20/May/2026:02:10:37 +0000] "GET /php8.php HTTP/1.1" 404 45263 "-" "-"
74.249.173.207 - - [20/May/2026:02:10:38 +0000] "GET /ioxi-o.php HTTP/1.1" 404 45265 "-" "-"
74.249.173.207 - - [20/May/2026:02:10:39 +0000] "GET /edit.php HTTP/1.1" 404 45263 "-" "-"
74.249.173.207 - - [20/May/2026:02:10:40 +0000] "GET /sid3.php HTTP/1.1" 404 45263 "-" "-"
74.249.173.207 - - [20/May/2026:02:10:41 +0000] "GET /load.php HTTP/1.1" 404 45263 "-" "-"
74.249.173.207 - - [20/May/2026:02:10:42 +0000] "GET /166.php HTTP/1.1" 404 45262 "-" "-"
74.249.173.207 - - [20/May/2026:02:10:43 +0000] "GET /test.php HTTP/1.1" 404 45263 "-" "-"
74.249.173.207 - - [20/May/2026:02:10:44 +0000] "GET /phpinfo/info.php HTTP/1.1" 404 45271 "-" "-"
184.94.212.206 - - [20/May/2026:02:10:46 +0000] "POST /wp-cron.php?doing_wp_cron=1779243046.3234560489654541015625 HTTP/1.1" 200 - "-" "WordPress/6.9.4; https://instadigitalphotography.com"
74.249.173.207 - - [20/May/2026:02:10:45 +0000] "GET /wp-the.php HTTP/1.1" 404 45265 "-" "-"
74.249.173.207 - - [20/May/2026:02:10:46 +0000] "GET /CDX2.php HTTP/1.1" 404 45263 "-" "-"
74.249.173.207 - - [20/May/2026:02:10:47 +0000] "GET /profile.php HTTP/1.1" 404 45266 "-" "-"
74.249.173.207 - - [20/May/2026:02:10:48 +0000] "GET /ws80.php HTTP/1.1" 404 45263 "-" "-"
74.249.173.207 - - [20/May/2026:02:10:49 +0000] "GET /a4.php HTTP/1.1" 404 45261 "-" "-"
74.249.173.207 - - [20/May/2026:02:10:50 +0000] "GET /app.php HTTP/1.1" 404 45262 "-" "-"
74.249.173.207 - - [20/May/2026:02:10:51 +0000] "GET /buy.php HTTP/1.1" 404 45262 "-" "-"
74.249.173.207 - - [20/May/2026:02:10:52 +0000] "GET /core.php HTTP/1.1" 404 45263 "-" "-"
74.249.173.207 - - [20/May/2026:02:10:53 +0000] "GET /lock360.php HTTP/1.1" 404 45266 "-" "-"
74.249.173.207 - - [20/May/2026:02:10:54 +0000] "GET /bc.php HTTP/1.1" 404 45261 "-" "-"
74.249.173.207 - - [20/May/2026:02:10:55 +0000] "GET /av.php HTTP/1.1" 404 45261 "-" "-"
74.249.173.207 - - [20/May/2026:02:10:56 +0000] "GET /casp1.php HTTP/1.1" 404 45264 "-" "-"
74.249.173.207 - - [20/May/2026:02:10:57 +0000] "GET /file6.php HTTP/1.1" 404 45264 "-" "-"
74.249.173.207 - - [20/May/2026:02:10:58 +0000] "GET /xs.php HTTP/1.1" 404 45261 "-" "-"
74.249.173.207 - - [20/May/2026:02:10:59 +0000] "GET /xxa.php HTTP/1.1" 404 45262 "-" "-"
74.249.173.207 - - [20/May/2026:02:11:00 +0000] "GET /index0.php HTTP/1.1" 404 45265 "-" "-"
74.249.173.207 - - [20/May/2026:02:11:01 +0000] "GET /wp-kz.php HTTP/1.1" 404 45264 "-" "-"
74.249.173.207 - - [20/May/2026:02:11:02 +0000] "GET /19.php HTTP/1.1" 404 45261 "-" "-"
74.249.173.207 - - [20/May/2026:02:11:03 +0000] "GET /11.php HTTP/1.1" 404 45261 "-" "-"
74.249.173.207 - - [20/May/2026:02:11:04 +0000] "GET /w.php HTTP/1.1" 404 45260 "-" "-"
74.249.173.207 - - [20/May/2026:02:11:05 +0000] "GET /ws78.php HTTP/1.1" 404 45263 "-" "-"
74.249.173.207 - - [20/May/2026:02:11:06 +0000] "GET /xxx.php HTTP/1.1" 404 45262 "-" "-"
74.249.173.207 - - [20/May/2026:02:11:08 +0000] "GET /a7.php HTTP/1.1" 404 45261 "-" "-"
74.249.173.207 - - [20/May/2026:02:11:09 +0000] "GET /BDKR28WP.php HTTP/1.1" 404 45267 "-" "-"
74.249.173.207 - - [20/May/2026:02:11:10 +0000] "GET /a1.php HTTP/1.1" 404 45261 "-" "-"
74.249.173.207 - - [20/May/2026:02:11:11 +0000] "GET /d.php HTTP/1.1" 404 45260 "-" "-"
74.249.173.207 - - [20/May/2026:02:11:12 +0000] "GET /xff.php HTTP/1.1" 404 45262 "-" "-"
74.249.173.207 - - [20/May/2026:02:11:12 +0000] "GET /bal.php HTTP/1.1" 404 45262 "-" "-"
184.94.212.206 - - [20/May/2026:02:11:14 +0000] "GET /wp-json/jetpack/v4/sync/spawn-sync?time=1779243074&request_lock_id=9881319c-79a1-4c76-bad9-d115a289a475 HTTP/1.1" 200 37 "-" "WordPress/6.9.4; https://instadigitalphotography.com"
74.249.173.207 - - [20/May/2026:02:11:13 +0000] "GET /xltt.php HTTP/1.1" 404 45263 "-" "-"
74.249.173.207 - - [20/May/2026:02:11:15 +0000] "GET /son.php HTTP/1.1" 404 45262 "-" "-"
184.94.212.206 - - [20/May/2026:02:11:16 +0000] "GET /wp-json/jetpack/v4/sync/spawn-sync?time=1779243076&request_lock_id=88902a1b-fbbd-409c-bed0-5f793f014a81 HTTP/1.1" 200 37 "-" "WordPress/6.9.4; https://instadigitalphotography.com"
74.249.173.207 - - [20/May/2026:02:11:17 +0000] "GET /doc.php HTTP/1.1" 404 45262 "-" "-"
74.249.173.207 - - [20/May/2026:02:11:18 +0000] "GET /zo.php HTTP/1.1" 404 45261 "-" "-"
74.249.173.207 - - [20/May/2026:02:11:19 +0000] "GET /xper1.php HTTP/1.1" 404 45264 "-" "-"
74.249.173.207 - - [20/May/2026:02:11:20 +0000] "GET /tiny.php HTTP/1.1" 404 45263 "-" "-"
74.249.173.207 - - [20/May/2026:02:11:21 +0000] "GET /s1.php HTTP/1.1" 404 45261 "-" "-"
74.249.173.207 - - [20/May/2026:02:11:22 +0000] "GET /de.php HTTP/1.1" 404 45261 "-" "-"
74.249.173.207 - - [20/May/2026:02:11:23 +0000] "GET /1a.php HTTP/1.1" 404 45261 "-" "-"
74.249.173.207 - - [20/May/2026:02:11:24 +0000] "GET /2.php HTTP/1.1" 404 45260 "-" "-"
74.249.173.207 - - [20/May/2026:02:11:25 +0000] "GET /f35.php HTTP/1.1" 404 45262 "-" "-"
74.249.173.207 - - [20/May/2026:02:11:26 +0000] "GET /sky.php HTTP/1.1" 404 45262 "-" "-"
74.249.173.207 - - [20/May/2026:02:11:27 +0000] "GET /man.php HTTP/1.1" 404 45262 "-" "-"
74.249.173.207 - - [20/May/2026:02:11:28 +0000] "GET /ms-edit.php HTTP/1.1" 404 45266 "-" "-"
74.249.173.207 - - [20/May/2026:02:11:29 +0000] "GET /7.php HTTP/1.1" 404 45260 "-" "-"
74.249.173.207 - - [20/May/2026:02:11:30 +0000] "GET /pp.php HTTP/1.1" 404 45261 "-" "-"
74.249.173.207 - - [20/May/2026:02:11:32 +0000] "GET /mar.php HTTP/1.1" 404 45262 "-" "-"
74.249.173.207 - - [20/May/2026:02:11:33 +0000] "GET /themes.php HTTP/1.1" 404 45265 "-" "-"
74.249.173.207 - - [20/May/2026:02:11:34 +0000] "GET /acp.php HTTP/1.1" 404 45262 "-" "-"
74.249.173.207 - - [20/May/2026:02:11:35 +0000] "GET /zdd.php HTTP/1.1" 404 45262 "-" "-"
74.249.173.207 - - [20/May/2026:02:11:36 +0000] "GET /link.php HTTP/1.1" 404 45263 "-" "-"
74.249.173.207 - - [20/May/2026:02:11:37 +0000] "GET /sallu.php HTTP/1.1" 404 45264 "-" "-"
74.249.173.207 - - [20/May/2026:02:11:38 +0000] "GET /aboute.php HTTP/1.1" 404 45265 "-" "-"
74.249.173.207 - - [20/May/2026:02:11:39 +0000] "GET /ayk.php HTTP/1.1" 404 45262 "-" "-"
74.249.173.207 - - [20/May/2026:02:11:40 +0000] "GET /one.php HTTP/1.1" 404 45262 "-" "-"
74.249.173.207 - - [20/May/2026:02:11:41 +0000] "GET /tx79.php HTTP/1.1" 404 45263 "-" "-"
74.249.173.207 - - [20/May/2026:02:11:42 +0000] "GET /wp-class.php HTTP/1.1" 404 45267 "-" "-"
74.249.173.207 - - [20/May/2026:02:11:43 +0000] "GET /8.php HTTP/1.1" 404 45260 "-" "-"
74.249.173.207 - - [20/May/2026:02:11:44 +0000] "GET /options.php HTTP/1.1" 404 45266 "-" "-"
74.249.173.207 - - [20/May/2026:02:11:45 +0000] "GET /f5.php HTTP/1.1" 404 45261 "-" "-"
82.38.180.199 - - [20/May/2026:02:11:47 +0000] "GET /want-professional-quality-photos-these-tips-can-help/?share=reddit HTTP/1.1" 302 - "-" "Mozilla/5.0 (Macintosh; Intel Mac OS X 10_15_7) AppleWebKit/537.36 (KHTML, like Gecko) Chrome/133.0.0.0 Safari/537.36"
74.249.173.207 - - [20/May/2026:02:11:47 +0000] "GET /alpha.php HTTP/1.1" 404 45264 "-" "-"
74.249.173.207 - - [20/May/2026:02:11:48 +0000] "GET /son1.php HTTP/1.1" 404 45263 "-" "-"
74.249.173.207 - - [20/May/2026:02:11:49 +0000] "GET /ggb.php HTTP/1.1" 404 45262 "-" "-"
74.249.173.207 - - [20/May/2026:02:11:50 +0000] "GET /amxloxxr.php HTTP/1.1" 404 45267 "-" "-"
74.249.173.207 - - [20/May/2026:02:11:51 +0000] "GET /ss.php HTTP/1.1" 404 45261 "-" "-"
74.249.173.207 - - [20/May/2026:02:11:52 +0000] "GET /sadcut1.php HTTP/1.1" 404 45266 "-" "-"
74.249.173.207 - - [20/May/2026:02:11:53 +0000] "GET /rh.php HTTP/1.1" 404 45261 "-" "-"
74.249.173.207 - - [20/May/2026:02:11:54 +0000] "GET /99.php HTTP/1.1" 404 45261 "-" "-"
74.249.173.207 - - [20/May/2026:02:11:56 +0000] "GET /layout.php HTTP/1.1" 404 45265 "-" "-"
74.249.173.207 - - [20/May/2026:02:11:57 +0000] "GET /12.php HTTP/1.1" 404 45261 "-" "-"
74.249.173.207 - - [20/May/2026:02:11:58 +0000] "GET /fs.php HTTP/1.1" 404 45261 "-" "-"
74.249.173.207 - - [20/May/2026:02:11:59 +0000] "GET /aaa.php HTTP/1.1" 404 45262 "-" "-"
74.249.173.207 - - [20/May/2026:02:12:01 +0000] "GET /Ov-Simple1.php HTTP/1.1" 404 45269 "-" "-"
74.249.173.207 - - [20/May/2026:02:12:02 +0000] "GET /a5.php HTTP/1.1" 404 45261 "-" "-"
74.249.173.207 - - [20/May/2026:02:12:03 +0000] "GET /hplfuns.php HTTP/1.1" 404 45266 "-" "-"
74.249.173.207 - - [20/May/2026:02:12:04 +0000] "GET /bolt.php HTTP/1.1" 404 45263 "-" "-"
74.249.173.207 - - [20/May/2026:02:12:06 +0000] "GET /inputs.php HTTP/1.1" 404 45265 "-" "-"
74.249.173.207 - - [20/May/2026:02:12:07 +0000] "GET /file2.php HTTP/1.1" 404 45264 "-" "-"
74.249.173.207 - - [20/May/2026:02:12:08 +0000] "GET /index/function.php HTTP/1.1" 404 45273 "-" "-"
74.249.173.207 - - [20/May/2026:02:12:09 +0000] "GET /wk/index.php HTTP/1.1" 301 - "-" "-"
74.249.173.207 - - [20/May/2026:02:12:10 +0000] "GET /wk/ HTTP/1.1" 404 45258 "-" "-"
74.249.173.207 - - [20/May/2026:02:12:11 +0000] "GET /alfa.php HTTP/1.1" 404 45263 "-" "-"
74.249.173.207 - - [20/May/2026:02:12:12 +0000] "GET /wp-theme.php HTTP/1.1" 404 45267 "-" "-"
74.249.173.207 - - [20/May/2026:02:12:13 +0000] "GET /wp-file.php HTTP/1.1" 404 45266 "-" "-"
184.94.212.206 - - [20/May/2026:02:12:15 +0000] "POST /wp-cron.php?doing_wp_cron=1779243135.0487139225006103515625 HTTP/1.1" 200 - "-" "WordPress/6.9.4; https://instadigitalphotography.com"
74.249.173.207 - - [20/May/2026:02:12:14 +0000] "GET /default.php HTTP/1.1" 404 45266 "-" "-"
74.249.173.207 - - [20/May/2026:02:12:15 +0000] "GET /mah.php HTTP/1.1" 404 45262 "-" "-"
20.10.88.201 - - [20/May/2026:02:12:16 +0000] "GET /robots.txt HTTP/1.1" 200 304 "-" "ClarityBot/1.0"
74.249.173.207 - - [20/May/2026:02:12:16 +0000] "GET /plugins.php HTTP/1.1" 404 45266 "-" "-"
184.94.212.206 - - [20/May/2026:02:12:17 +0000] "GET /wp-json/jetpack/v4/sync/spawn-sync?time=1779243137&request_lock_id=928344bb-6416-419f-85aa-c9e7d5eaf671 HTTP/1.1" 200 37 "-" "WordPress/6.9.4; https://instadigitalphotography.com"
74.249.173.207 - - [20/May/2026:02:12:18 +0000] "GET /sf.php HTTP/1.1" 404 45261 "-" "-"
74.249.173.207 - - [20/May/2026:02:12:19 +0000] "GET /a.php HTTP/1.1" 404 45260 "-" "-"
74.249.173.207 - - [20/May/2026:02:12:20 +0000] "GET /k.php HTTP/1.1" 404 45260 "-" "-"
74.249.173.207 - - [20/May/2026:02:12:21 +0000] "GET /ini.php HTTP/1.1" 404 45262 "-" "-"
74.249.173.207 - - [20/May/2026:02:12:22 +0000] "GET /ca4.php HTTP/1.1" 404 45262 "-" "-"
74.249.173.207 - - [20/May/2026:02:12:24 +0000] "GET /wp-admin/includes/index.php HTTP/1.1" 301 - "-" "-"
74.249.173.207 - - [20/May/2026:02:12:24 +0000] "GET /wp-admin/includes/ HTTP/1.1" 404 45273 "-" "-"
74.249.173.207 - - [20/May/2026:02:12:25 +0000] "GET /wp-info.php HTTP/1.1" 404 45266 "-" "-"
74.249.173.207 - - [20/May/2026:02:12:26 +0000] "GET /init.php HTTP/1.1" 404 45263 "-" "-"
74.249.173.207 - - [20/May/2026:02:12:27 +0000] "GET /100.php HTTP/1.1" 404 45262 "-" "-"
74.249.173.207 - - [20/May/2026:02:12:29 +0000] "GET /fm.php HTTP/1.1" 404 45261 "-" "-"
74.249.173.207 - - [20/May/2026:02:12:30 +0000] "GET /z.ph HTTP/1.1" 404 45259 "-" "-"
173.239.240.5 - - [20/May/2026:02:12:39 +0000] "POST /wp-login.php HTTP/1.1" 401 3474 "-" "Mozilla/5.0"
184.94.212.206 - - [20/May/2026:02:13:36 +0000] "POST /wp-cron.php?doing_wp_cron=1779243216.8966069221496582031250 HTTP/1.1" 200 - "-" "WordPress/6.9.4; https://instadigitalphotography.com"
184.94.212.206 - - [20/May/2026:02:13:36 +0000] "GET /wp-json/jetpack/v4/sync/spawn-sync?time=1779243216&request_lock_id=687dae78-61b4-4131-84af-50d7f3cbc0a3 HTTP/1.1" 200 37 "-" "WordPress/6.9.4; https://instadigitalphotography.com"
192.0.102.146 - - [20/May/2026:02:13:35 +0000] "HEAD / HTTP/1.1" 200 - "-" "jetmon/1.0 (Jetpack Site Uptime Monitor by WordPress.com)"
184.94.212.206 - - [20/May/2026:02:15:11 +0000] "POST /wp-cron.php?doing_wp_cron=1779243311.4888489246368408203125 HTTP/1.1" 200 - "-" "WordPress/6.9.4; https://instadigitalphotography.com"
184.94.212.206 - - [20/May/2026:02:15:11 +0000] "GET /wp-json/jetpack/v4/sync/spawn-sync?time=1779243311&request_lock_id=cbf9a3eb-0b3b-414f-82d9-3e1bd132af33 HTTP/1.1" 200 37 "-" "WordPress/6.9.4; https://instadigitalphotography.com"
77.75.76.162 - - [20/May/2026:02:15:09 +0000] "GET /tag/lighting/ HTTP/1.1" 200 14215 "-" "Mozilla/5.0 (compatible; SeznamBot/4.0; +https://o-seznam.cz/napoveda/vyhledavani/en/seznambot-crawler/)"
184.94.212.206 - - [20/May/2026:02:18:29 +0000] "POST /wp-cron.php?doing_wp_cron=1779243509.8621020317077636718750 HTTP/1.1" 200 - "-" "WordPress/6.9.4; https://instadigitalphotography.com"
184.94.212.206 - - [20/May/2026:02:18:29 +0000] "GET /wp-json/jetpack/v4/sync/spawn-sync?time=1779243509&request_lock_id=f106b8a9-ec24-4cfc-98e6-d173183fa2a7 HTTP/1.1" 200 37 "-" "WordPress/6.9.4; https://instadigitalphotography.com"
192.0.102.146 - - [20/May/2026:02:18:28 +0000] "HEAD / HTTP/1.1" 200 - "-" "jetmon/1.0 (Jetpack Site Uptime Monitor by WordPress.com)"
43.156.228.27 - - [20/May/2026:02:18:52 +0000] "GET /wp-json/oembed/1.0/embed?url=https%3A%2F%2Finstadigitalphotography.com%2Fhow-to-find-the-perfect-spot-for-photos%2F&format=xml HTTP/1.1" 200 1501 "-" "Mozilla/5.0 (iPhone; CPU iPhone OS 13_2_3 like Mac OS X) AppleWebKit/605.1.15 (KHTML, like Gecko) Version/13.0.3 Mobile/15E148 Safari/604.1"
184.94.212.206 - - [20/May/2026:02:21:31 +0000] "POST /wp-cron.php?doing_wp_cron=1779243691.0369150638580322265625 HTTP/1.1" 200 - "-" "WordPress/6.9.4; https://instadigitalphotography.com"
184.94.212.206 - - [20/May/2026:02:21:31 +0000] "GET /wp-json/jetpack/v4/sync/spawn-sync?time=1779243691&request_lock_id=ef431fbf-b780-400b-a2df-52f451114ece HTTP/1.1" 200 37 "-" "WordPress/6.9.4; https://instadigitalphotography.com"
173.239.240.27 - - [20/May/2026:02:21:29 +0000] "POST /wp-login.php HTTP/1.1" 401 3474 "-" "Mozilla/5.0"
188.239.13.233 - - [20/May/2026:02:22:01 +0000] "GET /category/equipment/page/5/?noamp=mobile HTTP/1.1" 200 17709 "https://instadigitalphotography.com/category/equipment/page/5/?noamp=mobile" "Mozilla/5.0 (Macintosh; Intel Mac OS X 10_15_7) AppleWebKit/537.36 (KHTML, like Gecko) Chrome/120.0.0.0 Safari/537.36"
184.94.212.206 - - [20/May/2026:02:23:35 +0000] "POST /wp-cron.php?doing_wp_cron=1779243815.9207949638366699218750 HTTP/1.1" 200 - "-" "WordPress/6.9.4; https://instadigitalphotography.com"
192.0.102.146 - - [20/May/2026:02:23:34 +0000] "HEAD / HTTP/1.1" 200 - "-" "jetmon/1.0 (Jetpack Site Uptime Monitor by WordPress.com)"
184.94.212.206 - - [20/May/2026:02:23:35 +0000] "GET /wp-json/jetpack/v4/sync/spawn-sync?time=1779243815&request_lock_id=954107a8-e75b-4d1f-9810-32832b8d9297 HTTP/1.1" 200 37 "-" "WordPress/6.9.4; https://instadigitalphotography.com"
66.249.66.75 - - [20/May/2026:02:23:56 +0000] "GET /ads.txt HTTP/1.1" 304 - "-" "Google-adstxt"
66.249.66.73 - - [20/May/2026:02:24:00 +0000] "GET /ads.txt HTTP/1.1" 304 - "-" "Google-adstxt"
136.124.34.126 - - [20/May/2026:02:25:03 +0000] "GET /ads.txt HTTP/1.1" 200 58 "-" "IAB-Tech-Lab"
184.94.212.206 - - [20/May/2026:02:27:38 +0000] "POST /wp-cron.php?doing_wp_cron=1779244058.1008300781250000000000 HTTP/1.1" 200 - "-" "WordPress/6.9.4; https://instadigitalphotography.com"
190.69.231.187 - - [20/May/2026:02:27:36 +0000] "GET /learn-photography-and-capture-the-moment/ HTTP/1.1" 200 15516 "-" "Mozilla/5.0 (Windows NT 10.0; Win64; x64) AppleWebKit/537.36 (KHTML, like Gecko) Chrome/73.0.3683.86 Safari/537.36"
184.94.212.206 - - [20/May/2026:02:27:38 +0000] "GET /wp-json/jetpack/v4/sync/spawn-sync?time=1779244058&request_lock_id=58e10972-18a1-48d3-a4e9-6f744e3d58be HTTP/1.1" 200 37 "-" "WordPress/6.9.4; https://instadigitalphotography.com"
184.94.212.206 - - [20/May/2026:02:28:37 +0000] "POST /wp-cron.php?doing_wp_cron=1779244117.8584609031677246093750 HTTP/1.1" 200 - "-" "WordPress/6.9.4; https://instadigitalphotography.com"
192.0.102.146 - - [20/May/2026:02:28:36 +0000] "HEAD / HTTP/1.1" 200 - "-" "jetmon/1.0 (Jetpack Site Uptime Monitor by WordPress.com)"
184.94.212.206 - - [20/May/2026:02:28:49 +0000] "GET /wp-json/jetpack/v4/sync/spawn-sync?time=1779244129 HTTP/1.1" 200 37 "-" "WordPress/6.9.4; https://instadigitalphotography.com"
43.163.5.216 - - [20/May/2026:02:28:48 +0000] "GET /dont-look-anywhere-else-until-you-read-these-great-tips-about-photography/ HTTP/1.1" 200 16212 "-" "Mozilla/5.0 (iPhone; CPU iPhone OS 13_2_3 like Mac OS X) AppleWebKit/605.1.15 (KHTML, like Gecko) Version/13.0.3 Mobile/15E148 Safari/604.1"
184.94.212.206 - - [20/May/2026:02:31:25 +0000] "POST /wp-cron.php?doing_wp_cron=1779244285.3380091190338134765625 HTTP/1.1" 200 - "-" "WordPress/6.9.4; https://instadigitalphotography.com"
173.239.240.17 - - [20/May/2026:02:31:23 +0000] "POST /wp-login.php HTTP/1.1" 401 3474 "-" "Mozilla/5.0"
184.94.212.206 - - [20/May/2026:02:31:25 +0000] "GET /wp-json/jetpack/v4/sync/spawn-sync?time=1779244285&request_lock_id=94b38eb6-803e-4a7b-9d61-b46b9dfd73de HTTP/1.1" 200 37 "-" "WordPress/6.9.4; https://instadigitalphotography.com"
184.94.212.206 - - [20/May/2026:02:33:32 +0000] "POST /wp-cron.php?doing_wp_cron=1779244412.4202530384063720703125 HTTP/1.1" 200 - "-" "WordPress/6.9.4; https://instadigitalphotography.com"
184.94.212.206 - - [20/May/2026:02:33:32 +0000] "GET /wp-json/jetpack/v4/sync/spawn-sync?time=1779244412&request_lock_id=fe37250e-b865-43f7-81f3-2ea6463660a4 HTTP/1.1" 200 37 "-" "WordPress/6.9.4; https://instadigitalphotography.com"
192.0.102.146 - - [20/May/2026:02:33:30 +0000] "HEAD / HTTP/1.1" 200 - "-" "jetmon/1.0 (Jetpack Site Uptime Monitor by WordPress.com)"
20.10.88.227 - - [20/May/2026:02:33:34 +0000] "GET /robots.txt HTTP/1.1" 200 304 "-" "ClarityBot/1.0"
114.119.145.140 - - [20/May/2026:02:33:56 +0000] "GET / HTTP/1.1" 200 12471 "https://instadigitalphotography.com/" "Mozilla/5.0 (Linux; Android 7.0;) AppleWebKit/537.36 (HTML, like Gecko) Mobile Safari/537.36 (compatible; PetalBot;+https://webmaster.petalsearch.com/site/petalbot)"
184.94.212.206 - - [20/May/2026:02:38:01 +0000] "POST /wp-cron.php?doing_wp_cron=1779244681.4271969795227050781250 HTTP/1.1" 200 - "-" "WordPress/6.9.4; https://instadigitalphotography.com"
77.75.76.162 - - [20/May/2026:02:37:59 +0000] "GET /easy-solutions-to-photography-that-are-simple-to-follow/ HTTP/1.1" 200 17057 "-" "Mozilla/5.0 (compatible; SeznamBot/4.0; +https://o-seznam.cz/napoveda/vyhledavani/en/seznambot-crawler/)"
184.94.212.206 - - [20/May/2026:02:38:01 +0000] "GET /wp-json/jetpack/v4/sync/spawn-sync?time=1779244681&request_lock_id=6cbb6c70-d084-4e75-9259-bc9df9a5f00b HTTP/1.1" 200 37 "-" "WordPress/6.9.4; https://instadigitalphotography.com"
192.0.102.146 - - [20/May/2026:02:38:32 +0000] "HEAD / HTTP/1.1" 200 - "-" "jetmon/1.0 (Jetpack Site Uptime Monitor by WordPress.com)"
184.94.212.206 - - [20/May/2026:02:43:31 +0000] "POST /wp-cron.php?doing_wp_cron=1779245011.8500208854675292968750 HTTP/1.1" 200 - "-" "WordPress/6.9.4; https://instadigitalphotography.com"
184.94.212.206 - - [20/May/2026:02:43:31 +0000] "GET /wp-json/jetpack/v4/sync/spawn-sync?time=1779245011&request_lock_id=5132a04f-ecc2-4192-9e2b-298ca0767676 HTTP/1.1" 200 37 "-" "WordPress/6.9.4; https://instadigitalphotography.com"
192.0.102.146 - - [20/May/2026:02:43:30 +0000] "HEAD / HTTP/1.1" 200 - "-" "jetmon/1.0 (Jetpack Site Uptime Monitor by WordPress.com)"
184.94.212.206 - - [20/May/2026:02:48:31 +0000] "POST /wp-cron.php?doing_wp_cron=1779245311.8208639621734619140625 HTTP/1.1" 200 - "-" "WordPress/6.9.4; https://instadigitalphotography.com"
184.94.212.206 - - [20/May/2026:02:48:31 +0000] "GET /wp-json/jetpack/v4/sync/spawn-sync?time=1779245311&request_lock_id=5dc1943f-e8f9-44c0-bc24-d722be87357a HTTP/1.1" 200 37 "-" "WordPress/6.9.4; https://instadigitalphotography.com"
192.0.102.146 - - [20/May/2026:02:48:30 +0000] "HEAD / HTTP/1.1" 200 - "-" "jetmon/1.0 (Jetpack Site Uptime Monitor by WordPress.com)"
43.163.5.216 - - [20/May/2026:02:48:37 +0000] "GET /ftc-statement/ HTTP/1.1" 200 13349 "-" "Mozilla/5.0 (iPhone; CPU iPhone OS 13_2_3 like Mac OS X) AppleWebKit/605.1.15 (KHTML, like Gecko) Version/13.0.3 Mobile/15E148 Safari/604.1"
173.239.240.21 - - [20/May/2026:02:49:14 +0000] "POST /wp-login.php HTTP/1.1" 401 3474 "-" "Mozilla/5.0"
184.94.212.206 - - [20/May/2026:02:50:15 +0000] "POST /wp-cron.php?doing_wp_cron=1779245415.0829420089721679687500 HTTP/1.1" 200 - "-" "WordPress/6.9.4; https://instadigitalphotography.com"
77.75.76.162 - - [20/May/2026:02:50:12 +0000] "GET /blog/page/2/ HTTP/1.1" 200 24783 "-" "Mozilla/5.0 (compatible; SeznamBot/4.0; +https://o-seznam.cz/napoveda/vyhledavani/en/seznambot-crawler/)"
184.94.212.206 - - [20/May/2026:02:50:15 +0000] "GET /wp-json/jetpack/v4/sync/spawn-sync?time=1779245415&request_lock_id=faf3e7c4-35b2-420b-8d5f-a3c7ce99f65d HTTP/1.1" 200 37 "-" "WordPress/6.9.4; https://instadigitalphotography.com"
184.94.212.206 - - [20/May/2026:02:53:15 +0000] "POST /wp-cron.php?doing_wp_cron=1779245595.7461619377136230468750 HTTP/1.1" 200 - "-" "WordPress/6.9.4; https://instadigitalphotography.com"
184.94.212.206 - - [20/May/2026:02:53:11 +0000] "GET / HTTP/1.1" 200 53720 "-" "Mozilla/5.0 (Windows NT 10.0; Win64; x64; rv:122.0) Gecko/20100101 Firefox/122.0"
184.94.212.206 - - [20/May/2026:02:53:15 +0000] "GET /wp-json/jetpack/v4/sync/spawn-sync?time=1779245595&request_lock_id=998042c1-ea58-4676-bba9-573ec548b57c HTTP/1.1" 200 37 "-" "WordPress/6.9.4; https://instadigitalphotography.com"
192.0.102.146 - - [20/May/2026:02:53:29 +0000] "HEAD / HTTP/1.1" 200 - "-" "jetmon/1.0 (Jetpack Site Uptime Monitor by WordPress.com)"
184.94.212.206 - - [20/May/2026:02:53:36 +0000] "GET / HTTP/1.1" 200 53720 "-" "Softaculous"
184.94.212.206 - - [20/May/2026:02:53:38 +0000] "GET / HTTP/1.1" 200 53720 "-" "Mozilla/5.0 (Windows NT 10.0; Win64; x64; rv:122.0) Gecko/20100101 Firefox/122.0"
43.156.225.86 - - [20/May/2026:02:54:19 +0000] "GET / HTTP/1.1" 200 12471 "http://instadigitalphotography.com" "Mozilla/5.0 (iPhone; CPU iPhone OS 13_2_3 like Mac OS X) AppleWebKit/605.1.15 (KHTML, like Gecko) Version/13.0.3 Mobile/15E148 Safari/604.1"
184.94.212.206 - - [20/May/2026:02:54:20 +0000] "GET /wp-json/jetpack/v4/sync/spawn-sync?time=1779245660&request_lock_id=d4992d58-4ddd-498c-a132-37186ddb480a HTTP/1.1" 200 37 "-" "WordPress/6.9.4; https://instadigitalphotography.com"
104.194.9.138 - - [20/May/2026:02:54:34 +0000] "GET /x-cp-JPH0FshK.php HTTP/1.1" 200 4095 "-" "Mozilla/5.0 (X11; Linux x86_64) AppleWebKit/537.36 (KHTML, like Gecko) Chrome/143.0.0.0 Safari/537.36"
184.94.212.206 - - [20/May/2026:02:58:07 +0000] "POST /wp-cron.php?doing_wp_cron=1779245887.3139851093292236328125 HTTP/1.1" 200 - "-" "WordPress/6.9.4; https://instadigitalphotography.com"
173.239.240.13 - - [20/May/2026:02:58:05 +0000] "POST /wp-login.php HTTP/1.1" 401 3474 "-" "Mozilla/5.0"
184.94.212.206 - - [20/May/2026:02:58:07 +0000] "GET /wp-json/jetpack/v4/sync/spawn-sync?time=1779245887&request_lock_id=ec7e71b7-94dc-41f4-b914-1319efc4cdee HTTP/1.1" 200 37 "-" "WordPress/6.9.4; https://instadigitalphotography.com"
20.10.88.227 - - [20/May/2026:02:58:20 +0000] "GET /robots.txt HTTP/1.1" 200 304 "-" "ClarityBot/1.0"
184.94.212.206 - - [20/May/2026:02:58:34 +0000] "POST /wp-cron.php?doing_wp_cron=1779245914.1547899246215820312500 HTTP/1.1" 200 - "-" "WordPress/6.9.4; https://instadigitalphotography.com"
192.0.102.146 - - [20/May/2026:02:58:33 +0000] "HEAD / HTTP/1.1" 200 - "-" "jetmon/1.0 (Jetpack Site Uptime Monitor by WordPress.com)"
184.94.212.206 - - [20/May/2026:02:59:29 +0000] "GET /wp-json/jetpack/v4/sync/spawn-sync?time=1779245969&request_lock_id=9123902a-0e7a-43a4-a971-4dbccda9bee7 HTTP/1.1" 200 37 "-" "WordPress/6.9.4; https://instadigitalphotography.com"
43.130.16.140 - - [20/May/2026:02:59:27 +0000] "GET /get-your-photography-questions-answered-here/ HTTP/1.1" 200 16262 "-" "Mozilla/5.0 (iPhone; CPU iPhone OS 13_2_3 like Mac OS X) AppleWebKit/605.1.15 (KHTML, like Gecko) Version/13.0.3 Mobile/15E148 Safari/604.1"
184.94.212.206 - - [20/May/2026:03:02:37 +0000] "POST /wp-cron.php?doing_wp_cron=1779246157.1796600818634033203125 HTTP/1.1" 200 - "-" "WordPress/6.9.4; https://instadigitalphotography.com"
89.243.26.54 - - [20/May/2026:03:02:35 +0000] "GET / HTTP/1.1" 200 12471 "-" "Mozilla/5.0 (Macintosh; Intel Mac OS X 12.7; rv:125.0) Gecko/20100101 Firefox/125.0"
184.94.212.206 - - [20/May/2026:03:02:37 +0000] "GET /wp-json/jetpack/v4/sync/spawn-sync?time=1779246157&request_lock_id=696ad6b4-aa0e-4744-ba31-cf1417bdb8cb HTTP/1.1" 200 37 "-" "WordPress/6.9.4; https://instadigitalphotography.com"
20.10.88.201 - - [20/May/2026:03:02:49 +0000] "GET /robots.txt HTTP/1.1" 200 304 "-" "ClarityBot/1.0"
184.94.212.206 - - [20/May/2026:03:03:31 +0000] "POST /wp-cron.php?doing_wp_cron=1779246211.1983609199523925781250 HTTP/1.1" 200 - "-" "WordPress/6.9.4; https://instadigitalphotography.com"
192.0.102.146 - - [20/May/2026:03:03:29 +0000] "HEAD / HTTP/1.1" 200 - "-" "jetmon/1.0 (Jetpack Site Uptime Monitor by WordPress.com)"
184.94.212.206 - - [20/May/2026:03:06:11 +0000] "POST /wp-cron.php?doing_wp_cron=1779246371.2416450977325439453125 HTTP/1.1" 200 - "-" "WordPress/6.9.4; https://instadigitalphotography.com"
184.94.212.206 - - [20/May/2026:03:06:11 +0000] "GET /wp-json/jetpack/v4/sync/spawn-sync?time=1779246371&request_lock_id=70d49834-27b8-4b78-87e1-5a02f97d91eb HTTP/1.1" 200 37 "-" "WordPress/6.9.4; https://instadigitalphotography.com"
47.128.58.254 - - [20/May/2026:03:06:09 +0000] "GET /blog/ HTTP/1.1" 200 34227 "-" "Mozilla/5.0 (Linux; Android 5.0) AppleWebKit/537.36 (KHTML, like Gecko) Mobile Safari/537.36 (compatible; Bytespider; spider-feedback@bytedance.com)"
47.128.58.254 - - [20/May/2026:03:06:12 +0000] "GET /wp-content/themes/essence-pro/style.css?ver=1.1.0 HTTP/1.1" 200 10682 "https://instadigitalphotography.com/blog/" "Mozilla/5.0 (Linux; Android 5.0) AppleWebKit/537.36 (KHTML, like Gecko) Mobile Safari/537.36 (compatible; Bytespider; spider-feedback@bytedance.com)"
47.128.58.254 - - [20/May/2026:03:06:13 +0000] "GET /wp-content/plugins/simple-social-icons/css/style.css?ver=4.0.0 HTTP/1.1" 200 461 "https://instadigitalphotography.com/blog/" "Mozilla/5.0 (Linux; Android 5.0) AppleWebKit/537.36 (KHTML, like Gecko) Mobile Safari/537.36 (compatible; Bytespider; spider-feedback@bytedance.com)"
47.128.58.254 - - [20/May/2026:03:06:13 +0000] "GET /wp-content/themes/essence-pro/lib/gutenberg/front-end.css?ver=1.1.0 HTTP/1.1" 200 1712 "https://instadigitalphotography.com/blog/" "Mozilla/5.0 (Linux; Android 5.0) AppleWebKit/537.36 (KHTML, like Gecko) Mobile Safari/537.36 (compatible; Bytespider; spider-feedback@bytedance.com)"
47.128.58.254 - - [20/May/2026:03:06:13 +0000] "GET /wp-content/plugins/simple-social-icons/symbol-defs.svg HTTP/1.1" 206 500 "https://instadigitalphotography.com/blog/" "Mozilla/5.0 (Linux; Android 5.0) AppleWebKit/537.36 (KHTML, like Gecko) Mobile Safari/537.36 (compatible; Bytespider; spider-feedback@bytedance.com)"
47.128.58.254 - - [20/May/2026:03:06:13 +0000] "GET /wp-content/uploads/2020/02/cropped-Photography-Equipment-e1581712271328.jpg HTTP/1.1" 206 500 "https://instadigitalphotography.com/blog/" "Mozilla/5.0 (Linux; Android 5.0) AppleWebKit/537.36 (KHTML, like Gecko) Mobile Safari/537.36 (compatible; Bytespider; spider-feedback@bytedance.com)"
47.128.58.254 - - [20/May/2026:03:06:14 +0000] "GET /wp-content/plugins/simple-social-icons/symbol-defs.svg HTTP/1.1" 200 17203 "https://instadigitalphotography.com/blog/" "Mozilla/5.0 (Linux; Android 5.0) AppleWebKit/537.36 (KHTML, like Gecko) Mobile Safari/537.36 (compatible; Bytespider; spider-feedback@bytedance.com)"
47.128.58.254 - - [20/May/2026:03:06:14 +0000] "GET /wp-content/uploads/2020/02/cropped-Photography-Equipment-e1581712271328.jpg HTTP/1.1" 304 - "https://instadigitalphotography.com/blog/" "Mozilla/5.0 (Linux; Android 5.0) AppleWebKit/537.36 (KHTML, like Gecko) Mobile Safari/537.36 (compatible; Bytespider; spider-feedback@bytedance.com)"
47.128.58.254 - - [20/May/2026:03:06:14 +0000] "GET /wp-content/uploads/2020/02/cropped-Photography-Equipment-e1581712271328.jpg HTTP/1.1" 206 103686 "https://instadigitalphotography.com/blog/" "Mozilla/5.0 (Linux; Android 5.0) AppleWebKit/537.36 (KHTML, like Gecko) Mobile Safari/537.36 (compatible; Bytespider; spider-feedback@bytedance.com)"
173.239.240.29 - - [20/May/2026:03:06:57 +0000] "POST /wp-login.php HTTP/1.1" 401 3474 "-" "Mozilla/5.0"
114.119.137.95 - - [20/May/2026:03:07:10 +0000] "GET /simple-tips-to-help-you-take-great-pictures?share=reddit& HTTP/1.1" 302 - "https://instadigitalphotography.com/category/equipment/page/4?amp" "Mozilla/5.0 (Linux; Android 7.0;) AppleWebKit/537.36 (HTML, like Gecko) Mobile Safari/537.36 (compatible; PetalBot;+https://webmaster.petalsearch.com/site/petalbot)"
184.94.212.206 - - [20/May/2026:03:08:35 +0000] "POST /wp-cron.php?doing_wp_cron=1779246515.8039610385894775390625 HTTP/1.1" 200 - "-" "WordPress/6.9.4; https://instadigitalphotography.com"
192.0.102.146 - - [20/May/2026:03:08:34 +0000] "HEAD / HTTP/1.1" 200 - "-" "jetmon/1.0 (Jetpack Site Uptime Monitor by WordPress.com)"
184.94.212.206 - - [20/May/2026:03:08:35 +0000] "GET /wp-json/jetpack/v4/sync/spawn-sync?time=1779246515&request_lock_id=7c5c0127-a24b-4759-a34c-9a6e04404fd0 HTTP/1.1" 200 37 "-" "WordPress/6.9.4; https://instadigitalphotography.com"
184.94.212.206 - - [20/May/2026:03:09:43 +0000] "GET /wp-json/jetpack/v4/sync/spawn-sync?time=1779246583&request_lock_id=61e885cb-10e0-4ffd-bd95-f631b11a0ac8 HTTP/1.1" 200 37 "-" "WordPress/6.9.4; https://instadigitalphotography.com"
43.166.128.86 - - [20/May/2026:03:09:41 +0000] "GET /author/h0tn1ch3s/ HTTP/1.1" 200 34818 "-" "Mozilla/5.0 (iPhone; CPU iPhone OS 13_2_3 like Mac OS X) AppleWebKit/605.1.15 (KHTML, like Gecko) Version/13.0.3 Mobile/15E148 Safari/604.1"
184.94.212.206 - - [20/May/2026:03:13:35 +0000] "POST /wp-cron.php?doing_wp_cron=1779246815.9384670257568359375000 HTTP/1.1" 200 - "-" "WordPress/6.9.4; https://instadigitalphotography.com"
192.0.102.146 - - [20/May/2026:03:13:34 +0000] "HEAD / HTTP/1.1" 200 - "-" "jetmon/1.0 (Jetpack Site Uptime Monitor by WordPress.com)"
184.94.212.206 - - [20/May/2026:03:13:35 +0000] "GET /wp-json/jetpack/v4/sync/spawn-sync?time=1779246815&request_lock_id=877caaa5-d20d-4740-817f-c4ee09df5bf2 HTTP/1.1" 200 37 "-" "WordPress/6.9.4; https://instadigitalphotography.com"
184.94.212.206 - - [20/May/2026:03:15:59 +0000] "POST /wp-cron.php?doing_wp_cron=1779246959.3151109218597412109375 HTTP/1.1" 200 - "-" "WordPress/6.9.4; https://instadigitalphotography.com"
173.239.240.12 - - [20/May/2026:03:15:57 +0000] "POST /wp-login.php HTTP/1.1" 401 3474 "-" "Mozilla/5.0"
184.94.212.206 - - [20/May/2026:03:15:59 +0000] "GET /wp-json/jetpack/v4/sync/spawn-sync?time=1779246959&request_lock_id=90cb9e98-9a5c-4173-848b-5d95cac358b9 HTTP/1.1" 200 37 "-" "WordPress/6.9.4; https://instadigitalphotography.com"
184.94.212.206 - - [20/May/2026:03:18:29 +0000] "POST /wp-cron.php?doing_wp_cron=1779247109.2814381122589111328125 HTTP/1.1" 200 - "-" "WordPress/6.9.4; https://instadigitalphotography.com"
184.94.212.206 - - [20/May/2026:03:18:29 +0000] "GET /wp-json/jetpack/v4/sync/spawn-sync?time=1779247109&request_lock_id=1f995104-bc9a-4f09-bb52-4cd27fd731e8 HTTP/1.1" 200 37 "-" "WordPress/6.9.4; https://instadigitalphotography.com"
192.0.102.146 - - [20/May/2026:03:18:27 +0000] "HEAD / HTTP/1.1" 200 - "-" "jetmon/1.0 (Jetpack Site Uptime Monitor by WordPress.com)"
43.153.207.127 - - [20/May/2026:03:18:47 +0000] "GET /how-to-find-the-perfect-spot-for-photos/embed/ HTTP/1.1" 200 6621 "-" "Mozilla/5.0 (iPhone; CPU iPhone OS 13_2_3 like Mac OS X) AppleWebKit/605.1.15 (KHTML, like Gecko) Version/13.0.3 Mobile/15E148 Safari/604.1"
167.86.78.152 - - [20/May/2026:03:18:51 +0000] "GET /images/images/cache.php HTTP/1.1" 404 11307 "www.google.com" "Mozlila/5.0 (Linux; Android 7.0; SM-G892A Bulid/NRD90M; wv) AppleWebKit/537.36 (KHTML, like Gecko) Version/4.0 Chrome/60.0.3112.107 Moblie Safari/537.36"
167.86.78.152 - - [20/May/2026:03:19:28 +0000] "GET /images/images/cache.php HTTP/1.1" 404 11307 "www.google.com" "Mozlila/5.0 (Linux; Android 7.0; SM-G892A Bulid/NRD90M; wv) AppleWebKit/537.36 (KHTML, like Gecko) Version/4.0 Chrome/60.0.3112.107 Moblie Safari/537.36"
192.0.112.177 - - [20/May/2026:03:22:14 +0000] "GET /wp-content/uploads/2020/04/guidelines_on_how_to_effectively_take_better_photos.jpg HTTP/1.1" 200 - "-" "Photon/1.0"
184.94.212.206 - - [20/May/2026:03:23:30 +0000] "POST /wp-cron.php?doing_wp_cron=1779247410.0018339157104492187500 HTTP/1.1" 200 - "-" "WordPress/6.9.4; https://instadigitalphotography.com"
184.94.212.206 - - [20/May/2026:03:23:30 +0000] "GET /wp-json/jetpack/v4/sync/spawn-sync?time=1779247410&request_lock_id=b0b3e698-53b6-4833-9bfe-1bd49235d54a HTTP/1.1" 200 37 "-" "WordPress/6.9.4; https://instadigitalphotography.com"
192.0.102.146 - - [20/May/2026:03:23:28 +0000] "HEAD / HTTP/1.1" 200 - "-" "jetmon/1.0 (Jetpack Site Uptime Monitor by WordPress.com)"
184.94.212.206 - - [20/May/2026:03:24:55 +0000] "GET /wp-json/jetpack/v4/sync/spawn-sync?time=1779247495&request_lock_id=7cc43fda-7869-47dd-8d1e-4d3446e6a435 HTTP/1.1" 200 37 "-" "WordPress/6.9.4; https://instadigitalphotography.com"
173.239.240.7 - - [20/May/2026:03:24:54 +0000] "POST /wp-login.php HTTP/1.1" 401 3475 "-" "Mozilla/5.0"
184.94.212.206 - - [20/May/2026:03:28:37 +0000] "POST /wp-cron.php?doing_wp_cron=1779247717.0071380138397216796875 HTTP/1.1" 200 - "-" "WordPress/6.9.4; https://instadigitalphotography.com"
192.0.102.146 - - [20/May/2026:03:28:35 +0000] "HEAD / HTTP/1.1" 200 - "-" "jetmon/1.0 (Jetpack Site Uptime Monitor by WordPress.com)"
184.94.212.206 - - [20/May/2026:03:28:37 +0000] "GET /wp-json/jetpack/v4/sync/spawn-sync?time=1779247717&request_lock_id=3013c5fd-724c-4779-b713-ac67b1db6c16 HTTP/1.1" 200 37 "-" "WordPress/6.9.4; https://instadigitalphotography.com"
20.10.88.201 - - [20/May/2026:03:28:49 +0000] "GET /robots.txt HTTP/1.1" 200 304 "-" "ClarityBot/1.0"
43.156.71.177 - - [20/May/2026:03:28:51 +0000] "GET /dont-look-anywhere-else-until-you-read-these-great-tips-about-photography/?share=twitter HTTP/1.1" 302 - "-" "Mozilla/5.0 (iPhone; CPU iPhone OS 13_2_3 like Mac OS X) AppleWebKit/605.1.15 (KHTML, like Gecko) Version/13.0.3 Mobile/15E148 Safari/604.1"
184.94.212.206 - - [20/May/2026:03:31:45 +0000] "POST /wp-cron.php?doing_wp_cron=1779247905.0405108928680419921875 HTTP/1.1" 200 - "-" "WordPress/6.9.4; https://instadigitalphotography.com"
184.94.212.206 - - [20/May/2026:03:31:45 +0000] "GET /wp-json/jetpack/v4/sync/spawn-sync?time=1779247905 HTTP/1.1" 200 37 "-" "WordPress/6.9.4; https://instadigitalphotography.com"
157.180.59.87 - - [20/May/2026:03:31:43 +0000] "GET / HTTP/1.1" 200 12472 "-" "Mozilla/5.0 (compatible; WebTrackrCrawler/1.0; +https://affsignal.com/bot)"
157.180.59.87 - - [20/May/2026:03:31:52 +0000] "GET / HTTP/1.1" 200 12472 "-" "Mozilla/5.0 (compatible; WebTrackrCrawler/1.0; +https://affsignal.com/bot)"
184.94.212.206 - - [20/May/2026:03:33:33 +0000] "POST /wp-cron.php?doing_wp_cron=1779248013.9765288829803466796875 HTTP/1.1" 200 - "-" "WordPress/6.9.4; https://instadigitalphotography.com"
184.94.212.206 - - [20/May/2026:03:33:34 +0000] "GET /wp-json/jetpack/v4/sync/spawn-sync?time=1779248014&request_lock_id=ce4258bf-d036-42c8-b5ab-29b4b009e1b6 HTTP/1.1" 200 37 "-" "WordPress/6.9.4; https://instadigitalphotography.com"
192.0.102.146 - - [20/May/2026:03:33:32 +0000] "HEAD / HTTP/1.1" 200 - "-" "jetmon/1.0 (Jetpack Site Uptime Monitor by WordPress.com)"
20.10.88.201 - - [20/May/2026:03:33:35 +0000] "GET /robots.txt HTTP/1.1" 200 304 "-" "ClarityBot/1.0"
173.239.240.29 - - [20/May/2026:03:34:14 +0000] "POST /wp-login.php HTTP/1.1" 401 3474 "-" "Mozilla/5.0"
184.94.212.206 - - [20/May/2026:03:36:55 +0000] "POST /wp-cron.php?doing_wp_cron=1779248215.0909540653228759765625 HTTP/1.1" 200 - "-" "WordPress/6.9.4; https://instadigitalphotography.com"
184.94.212.206 - - [20/May/2026:03:36:55 +0000] "GET /wp-json/jetpack/v4/sync/spawn-sync?time=1779248215&request_lock_id=27cf5680-1554-463b-b055-280fab7be575 HTTP/1.1" 200 37 "-" "WordPress/6.9.4; https://instadigitalphotography.com"
47.128.58.242 - - [20/May/2026:03:36:53 +0000] "GET /robots.txt HTTP/1.1" 200 155 "-" "Mozilla/5.0 (Linux; Android 5.0) AppleWebKit/537.36 (KHTML, like Gecko) Mobile Safari/537.36 (compatible; Bytespider; spider-feedback@bytedance.com)"
184.94.212.206 - - [20/May/2026:03:37:15 +0000] "POST /wp-cron.php?doing_wp_cron=1779248235.2372300624847412109375 HTTP/1.1" 200 - "-" "WordPress/6.9.4; https://instadigitalphotography.com"
43.166.237.57 - - [20/May/2026:03:37:14 +0000] "GET /contact-us/. HTTP/1.1" 301 - "-" "Mozilla/5.0 (iPhone; CPU iPhone OS 13_2_3 like Mac OS X) AppleWebKit/605.1.15 (KHTML, like Gecko) Version/13.0.3 Mobile/15E148 Safari/604.1"
20.10.88.227 - - [20/May/2026:03:37:16 +0000] "GET /robots.txt HTTP/1.1" 200 304 "-" "ClarityBot/1.0"
43.166.237.57 - - [20/May/2026:03:37:17 +0000] "GET /contact-us/ HTTP/1.1" 200 12880 "https://InstaDigitalPhotography.com/contact-us/." "Mozilla/5.0 (iPhone; CPU iPhone OS 13_2_3 like Mac OS X) AppleWebKit/605.1.15 (KHTML, like Gecko) Version/13.0.3 Mobile/15E148 Safari/604.1"
184.94.212.206 - - [20/May/2026:03:38:30 +0000] "POST /wp-cron.php?doing_wp_cron=1779248310.7124719619750976562500 HTTP/1.1" 200 - "-" "WordPress/6.9.4; https://instadigitalphotography.com"
184.94.212.206 - - [20/May/2026:03:38:30 +0000] "GET /wp-json/jetpack/v4/sync/spawn-sync?time=1779248310&request_lock_id=1121a512-3711-4acd-9d1b-815d97b9da0c HTTP/1.1" 200 37 "-" "WordPress/6.9.4; https://instadigitalphotography.com"
192.0.102.146 - - [20/May/2026:03:38:29 +0000] "HEAD / HTTP/1.1" 200 - "-" "jetmon/1.0 (Jetpack Site Uptime Monitor by WordPress.com)"
145.223.132.122 - - [20/May/2026:03:38:52 +0000] "GET /know-these-ideas-when-you-reach-for-a-camera/?share=twitter HTTP/1.1" 302 - "-" "Mozilla/5.0 (Macintosh; Intel Mac OS X 13_5) AppleWebKit/605.1.15 (KHTML, like Gecko) Version/17.0 Safari/170.1"
184.94.212.206 - - [20/May/2026:03:40:23 +0000] "POST /wp-cron.php?doing_wp_cron=1779248423.2886710166931152343750 HTTP/1.1" 200 - "-" "WordPress/6.9.4; https://instadigitalphotography.com"
184.94.212.206 - - [20/May/2026:03:40:23 +0000] "GET /wp-json/jetpack/v4/sync/spawn-sync?time=1779248423&request_lock_id=86513fb9-297b-4e01-906b-9fe4d54955b6 HTTP/1.1" 200 37 "-" "WordPress/6.9.4; https://instadigitalphotography.com"
114.119.138.98 - - [20/May/2026:03:40:21 +0000] "GET /simple-tips-to-help-you-take-great-pictures?amp HTTP/1.1" 301 - "https://instadigitalphotography.com/guidelines-on-how-to-effectively-take-better-photos?amp" "Mozilla/5.0 (Linux; Android 7.0;) AppleWebKit/537.36 (HTML, like Gecko) Mobile Safari/537.36 (compatible; PetalBot;+https://webmaster.petalsearch.com/site/petalbot)"
114.119.138.98 - - [20/May/2026:03:40:25 +0000] "GET /simple-tips-to-help-you-take-great-pictures/?amp HTTP/1.1" 200 16978 "https://instadigitalphotography.com/guidelines-on-how-to-effectively-take-better-photos?amp" "Mozilla/5.0 (Linux; Android 7.0;) AppleWebKit/537.36 (HTML, like Gecko) Mobile Safari/537.36 (compatible; PetalBot;+https://webmaster.petalsearch.com/site/petalbot)"
184.94.212.206 - - [20/May/2026:03:42:56 +0000] "POST /wp-cron.php?doing_wp_cron=1779248576.1992468833923339843750 HTTP/1.1" 200 - "-" "WordPress/6.9.4; https://instadigitalphotography.com"
173.239.240.17 - - [20/May/2026:03:42:54 +0000] "POST /wp-login.php HTTP/1.1" 401 3474 "-" "Mozilla/5.0"
184.94.212.206 - - [20/May/2026:03:42:56 +0000] "GET /wp-json/jetpack/v4/sync/spawn-sync?time=1779248576&request_lock_id=d2d8f28f-ad76-4d4c-9ed3-0388cf039d4a HTTP/1.1" 200 37 "-" "WordPress/6.9.4; https://instadigitalphotography.com"
20.10.88.201 - - [20/May/2026:03:42:57 +0000] "GET /robots.txt HTTP/1.1" 200 304 "-" "ClarityBot/1.0"
192.0.102.146 - - [20/May/2026:03:43:32 +0000] "HEAD / HTTP/1.1" 200 - "-" "jetmon/1.0 (Jetpack Site Uptime Monitor by WordPress.com)"
184.94.212.206 - - [20/May/2026:03:48:00 +0000] "POST /wp-cron.php?doing_wp_cron=1779248880.3936500549316406250000 HTTP/1.1" 200 - "-" "WordPress/6.9.4; https://instadigitalphotography.com"
184.94.212.206 - - [20/May/2026:03:48:00 +0000] "GET /wp-json/jetpack/v4/sync/spawn-sync?time=1779248880&request_lock_id=b4967488-775d-4072-8a36-c22906b2560e HTTP/1.1" 200 37 "-" "WordPress/6.9.4; https://instadigitalphotography.com"
216.73.216.254 - - [20/May/2026:03:47:58 +0000] "GET /robots.txt HTTP/1.1" 200 155 "-" "Mozilla/5.0 AppleWebKit/537.36 (KHTML, like Gecko; compatible; ClaudeBot/1.0; +claudebot@anthropic.com)"
216.73.216.254 - - [20/May/2026:03:48:01 +0000] "GET / HTTP/1.1" 200 12471 "-" "Mozilla/5.0 AppleWebKit/537.36 (KHTML, like Gecko; compatible; ClaudeBot/1.0; +claudebot@anthropic.com)"
192.0.102.146 - - [20/May/2026:03:48:26 +0000] "HEAD / HTTP/1.1" 200 - "-" "jetmon/1.0 (Jetpack Site Uptime Monitor by WordPress.com)"
184.94.212.206 - - [20/May/2026:03:49:38 +0000] "GET /wp-json/jetpack/v4/sync/spawn-sync?time=1779248978&request_lock_id=64f15c9a-e012-4b1f-b49f-9c5cd9642a03 HTTP/1.1" 200 37 "-" "WordPress/6.9.4; https://instadigitalphotography.com"
43.131.45.213 - - [20/May/2026:03:49:37 +0000] "GET /ftc-statement/ HTTP/1.1" 200 13350 "-" "Mozilla/5.0 (iPhone; CPU iPhone OS 13_2_3 like Mac OS X) AppleWebKit/605.1.15 (KHTML, like Gecko) Version/13.0.3 Mobile/15E148 Safari/604.1"
184.94.212.206 - - [20/May/2026:03:51:37 +0000] "POST /wp-cron.php?doing_wp_cron=1779249097.4026920795440673828125 HTTP/1.1" 200 - "-" "WordPress/6.9.4; https://instadigitalphotography.com"
173.239.240.27 - - [20/May/2026:03:51:35 +0000] "POST /wp-login.php HTTP/1.1" 401 3475 "-" "Mozilla/5.0"
184.94.212.206 - - [20/May/2026:03:51:37 +0000] "GET /wp-json/jetpack/v4/sync/spawn-sync?time=1779249097&request_lock_id=62ac1309-632e-4189-abbf-f2e258237699 HTTP/1.1" 200 37 "-" "WordPress/6.9.4; https://instadigitalphotography.com"
184.94.212.206 - - [20/May/2026:03:53:32 +0000] "POST /wp-cron.php?doing_wp_cron=1779249212.9648840427398681640625 HTTP/1.1" 200 - "-" "WordPress/6.9.4; https://instadigitalphotography.com"
184.94.212.206 - - [20/May/2026:03:53:33 +0000] "GET /wp-json/jetpack/v4/sync/spawn-sync?time=1779249212&request_lock_id=fabc5d6f-818e-4ca0-8e5a-2ec97948404f HTTP/1.1" 200 37 "-" "WordPress/6.9.4; https://instadigitalphotography.com"
192.0.102.146 - - [20/May/2026:03:53:31 +0000] "HEAD / HTTP/1.1" 200 - "-" "jetmon/1.0 (Jetpack Site Uptime Monitor by WordPress.com)"
184.94.212.206 - - [20/May/2026:03:55:37 +0000] "POST /wp-cron.php?doing_wp_cron=1779249337.2038519382476806640625 HTTP/1.1" 200 - "-" "WordPress/6.9.4; https://instadigitalphotography.com"
184.94.212.206 - - [20/May/2026:03:55:37 +0000] "GET /wp-json/jetpack/v4/sync/spawn-sync?time=1779249337&request_lock_id=909ba001-538e-4c0e-a0fd-448fd5ce10d2 HTTP/1.1" 200 37 "-" "WordPress/6.9.4; https://instadigitalphotography.com"
82.38.180.173 - - [20/May/2026:03:55:35 +0000] "GET /see-here-for-the-very-ideas-about-photography/?share=pinterest HTTP/1.1" 302 - "-" "Mozilla/5.0 (Macintosh; Intel Mac OS X 10_15_7) AppleWebKit/537.36 (KHTML, like Gecko) Chrome/120.0.0.0 Safari/537.36"
184.94.212.206 - - [20/May/2026:03:58:35 +0000] "POST /wp-cron.php?doing_wp_cron=1779249515.1291160583496093750000 HTTP/1.1" 200 - "-" "WordPress/6.9.4; https://instadigitalphotography.com"
184.94.212.206 - - [20/May/2026:03:58:35 +0000] "GET /wp-json/jetpack/v4/sync/spawn-sync?time=1779249515&request_lock_id=fdff6c6a-f0e2-4038-8a14-ac797a04e61e HTTP/1.1" 200 37 "-" "WordPress/6.9.4; https://instadigitalphotography.com"
192.0.102.146 - - [20/May/2026:03:58:33 +0000] "HEAD / HTTP/1.1" 200 - "-" "jetmon/1.0 (Jetpack Site Uptime Monitor by WordPress.com)"
184.94.212.206 - - [20/May/2026:03:59:59 +0000] "GET /wp-json/jetpack/v4/sync/spawn-sync?time=1779249599&request_lock_id=dc4a299e-e7f4-4921-b9ac-f58c27ae2652 HTTP/1.1" 200 37 "-" "WordPress/6.9.4; https://instadigitalphotography.com"
173.239.240.26 - - [20/May/2026:03:59:58 +0000] "POST /wp-login.php HTTP/1.1" 401 3474 "-" "Mozilla/5.0"
184.94.212.206 - - [20/May/2026:04:00:16 +0000] "POST /wp-cron.php?doing_wp_cron=1779249616.4996509552001953125000 HTTP/1.1" 200 - "-" "WordPress/6.9.4; https://instadigitalphotography.com"
170.106.180.246 - - [20/May/2026:04:00:15 +0000] "GET /wp-json/wp/v2/posts/130 HTTP/1.1" 200 5564 "-" "Mozilla/5.0 (iPhone; CPU iPhone OS 13_2_3 like Mac OS X) AppleWebKit/605.1.15 (KHTML, like Gecko) Version/13.0.3 Mobile/15E148 Safari/604.1"
184.94.212.206 - - [20/May/2026:04:00:16 +0000] "GET /wp-json/jetpack/v4/sync/spawn-sync?time=1779249616&request_lock_id=77756360-5168-4a8a-a9d4-f7f9b1c209c3 HTTP/1.1" 200 37 "-" "WordPress/6.9.4; https://instadigitalphotography.com"
184.94.212.206 - - [20/May/2026:04:02:33 +0000] "POST /wp-cron.php?doing_wp_cron=1779249753.9616510868072509765625 HTTP/1.1" 200 - "-" "WordPress/6.9.4; https://instadigitalphotography.com"
184.94.212.206 - - [20/May/2026:04:02:34 +0000] "GET /wp-json/jetpack/v4/sync/spawn-sync?time=1779249753&request_lock_id=37d58737-0df8-4a28-a03d-41ac478ea398 HTTP/1.1" 200 37 "-" "WordPress/6.9.4; https://instadigitalphotography.com"
47.128.58.8 - - [20/May/2026:04:02:32 +0000] "GET /robots.txt HTTP/1.1" 200 155 "-" "Mozilla/5.0 (Linux; Android 5.0) AppleWebKit/537.36 (KHTML, like Gecko) Mobile Safari/537.36 (compatible; Bytespider; spider-feedback@bytedance.com)"
184.94.212.206 - - [20/May/2026:04:03:31 +0000] "POST /wp-cron.php?doing_wp_cron=1779249811.0124249458312988281250 HTTP/1.1" 200 - "-" "WordPress/6.9.4; https://instadigitalphotography.com"
192.0.102.146 - - [20/May/2026:04:03:29 +0000] "HEAD / HTTP/1.1" 200 - "-" "jetmon/1.0 (Jetpack Site Uptime Monitor by WordPress.com)"
184.94.212.206 - - [20/May/2026:04:07:40 +0000] "POST /wp-cron.php?doing_wp_cron=1779250060.4473559856414794921875 HTTP/1.1" 200 - "-" "WordPress/6.9.4; https://instadigitalphotography.com"
103.168.67.107 - - [20/May/2026:04:07:38 +0000] "POST / HTTP/1.1" 200 12419 "-" "Mozilla/5.0 (Windows NT 10.0; Win64; x64) AppleWebKit/537.36"
184.94.212.206 - - [20/May/2026:04:07:40 +0000] "GET /wp-json/jetpack/v4/sync/spawn-sync?time=1779250060&request_lock_id=061ce99b-2bdb-429e-b70a-8649a36beaeb HTTP/1.1" 200 37 "-" "WordPress/6.9.4; https://instadigitalphotography.com"
103.168.67.107 - - [20/May/2026:04:07:41 +0000] "POST / HTTP/1.1" 200 12419 "-" "Mozilla/5.0 (Windows NT 10.0; Win64; x64) AppleWebKit/537.36"
184.94.212.206 - - [20/May/2026:04:08:34 +0000] "POST /wp-cron.php?doing_wp_cron=1779250114.4966650009155273437500 HTTP/1.1" 200 - "-" "WordPress/6.9.4; https://instadigitalphotography.com"
192.0.102.146 - - [20/May/2026:04:08:33 +0000] "HEAD / HTTP/1.1" 200 - "-" "jetmon/1.0 (Jetpack Site Uptime Monitor by WordPress.com)"
184.94.212.206 - - [20/May/2026:04:08:44 +0000] "GET /wp-json/jetpack/v4/sync/spawn-sync?time=1779250124&request_lock_id=2dc5767e-69d6-4e33-9c17-d22faf597352 HTTP/1.1" 200 37 "-" "WordPress/6.9.4; https://instadigitalphotography.com"
173.239.240.12 - - [20/May/2026:04:08:42 +0000] "POST /wp-login.php HTTP/1.1" 401 3474 "-" "Mozilla/5.0"
184.94.212.206 - - [20/May/2026:04:13:34 +0000] "POST /wp-cron.php?doing_wp_cron=1779250414.3652369976043701171875 HTTP/1.1" 200 - "-" "WordPress/6.9.4; https://instadigitalphotography.com"
184.94.212.206 - - [20/May/2026:04:13:34 +0000] "GET /wp-json/jetpack/v4/sync/spawn-sync?time=1779250414&request_lock_id=d248cde0-9d52-4b69-869e-d4c0f241735b HTTP/1.1" 200 37 "-" "WordPress/6.9.4; https://instadigitalphotography.com"
192.0.102.146 - - [20/May/2026:04:13:32 +0000] "HEAD / HTTP/1.1" 200 - "-" "jetmon/1.0 (Jetpack Site Uptime Monitor by WordPress.com)"
114.119.159.160 - - [20/May/2026:04:13:34 +0000] "GET /simple-tips-to-help-you-take-great-pictures/?share=reddit& HTTP/1.1" 302 - "https://instadigitalphotography.com/blog/page/4?amp" "Mozilla/5.0 (Linux; Android 7.0;) AppleWebKit/537.36 (HTML, like Gecko) Mobile Safari/537.36 (compatible; PetalBot;+https://webmaster.petalsearch.com/site/petalbot)"
184.94.212.206 - - [20/May/2026:04:17:43 +0000] "POST /wp-cron.php?doing_wp_cron=1779250663.2121620178222656250000 HTTP/1.1" 200 - "-" "WordPress/6.9.4; https://instadigitalphotography.com"
184.94.212.206 - - [20/May/2026:04:17:43 +0000] "GET /wp-json/jetpack/v4/sync/spawn-sync?time=1779250663&request_lock_id=2ae3f4ae-11af-4f86-a064-0d3e9385a7b0 HTTP/1.1" 200 37 "-" "WordPress/6.9.4; https://instadigitalphotography.com"
173.239.240.5 - - [20/May/2026:04:17:41 +0000] "POST /wp-login.php HTTP/1.1" 401 3475 "-" "Mozilla/5.0"
20.10.88.201 - - [20/May/2026:04:17:44 +0000] "GET /robots.txt HTTP/1.1" 200 304 "-" "ClarityBot/1.0"
184.94.212.206 - - [20/May/2026:04:18:36 +0000] "POST /wp-cron.php?doing_wp_cron=1779250716.9001019001007080078125 HTTP/1.1" 200 - "-" "WordPress/6.9.4; https://instadigitalphotography.com"
192.0.102.146 - - [20/May/2026:04:18:35 +0000] "HEAD / HTTP/1.1" 200 - "-" "jetmon/1.0 (Jetpack Site Uptime Monitor by WordPress.com)"
