66.249.66.73 - - [20/May/2026:00:35:35 +0000] "GET /wp-content/plugins/contact-form-7/includes/css/styles.css?ver=6.1.6 HTTP/1.1" 200 1036 "https://instadigitalphotography.com/how-to-find-the-perfect-spot-for-photos/" "Mozilla/5.0 (Linux; Android 6.0.1; Nexus 5X Build/MMB29P) AppleWebKit/537.36 (KHTML, like Gecko) Chrome/148.0.7778.96 Mobile Safari/537.36 (compatible; GoogleOther)"
184.94.212.206 - - [20/May/2026:00:38:37 +0000] "POST /wp-cron.php?doing_wp_cron=1779237517.3479459285736083984375 HTTP/1.1" 200 - "-" "WordPress/6.9.4; https://instadigitalphotography.com"
184.94.212.206 - - [20/May/2026:00:38:37 +0000] "GET /wp-json/jetpack/v4/sync/spawn-sync?time=1779237517&request_lock_id=1fa4250f-1113-48cc-ab45-572a0958b542 HTTP/1.1" 200 37 "-" "WordPress/6.9.4; https://instadigitalphotography.com"
192.0.102.146 - - [20/May/2026:00:38:36 +0000] "HEAD / HTTP/1.1" 200 - "-" "jetmon/1.0 (Jetpack Site Uptime Monitor by WordPress.com)"
184.94.212.206 - - [20/May/2026:00:41:23 +0000] "POST /wp-cron.php?doing_wp_cron=1779237683.1025469303131103515625 HTTP/1.1" 200 - "-" "WordPress/6.9.4; https://instadigitalphotography.com"
213.174.148.161 - - [20/May/2026:00:41:21 +0000] "GET /robots.txt HTTP/1.1" 200 155 "-" "Mozilla/5.0 (X11; Ubuntu; Linux x86_64; rv:140.0) Gecko/20100101 Firefox/140.0"
184.94.212.206 - - [20/May/2026:00:41:23 +0000] "GET /wp-json/jetpack/v4/sync/spawn-sync?time=1779237683&request_lock_id=a9a1edf6-0ae9-45b1-9b41-454e12f52c79 HTTP/1.1" 200 37 "-" "WordPress/6.9.4; https://instadigitalphotography.com"
213.174.148.161 - - [20/May/2026:00:41:24 +0000] "GET /blog/page/2/?amp HTTP/1.1" 200 24789 "-" "Mozilla/5.0 (Windows NT 10.0; Win64; x64) AppleWebKit/537.36 (KHTML, like Gecko) Chrome/120.0.0.0 Safari/537.36"
184.94.212.206 - - [20/May/2026:00:43:31 +0000] "POST /wp-cron.php?doing_wp_cron=1779237811.9040091037750244140625 HTTP/1.1" 200 - "-" "WordPress/6.9.4; https://instadigitalphotography.com"
184.94.212.206 - - [20/May/2026:00:43:31 +0000] "GET /wp-json/jetpack/v4/sync/spawn-sync?time=1779237811&request_lock_id=4cc522b4-568a-49b0-8da6-eb36c3fc530b HTTP/1.1" 200 37 "-" "WordPress/6.9.4; https://instadigitalphotography.com"
173.239.240.21 - - [20/May/2026:00:43:30 +0000] "POST /wp-login.php HTTP/1.1" 401 3474 "-" "Mozilla/5.0"
192.0.102.146 - - [20/May/2026:00:43:38 +0000] "HEAD / HTTP/1.1" 200 - "-" "jetmon/1.0 (Jetpack Site Uptime Monitor by WordPress.com)"
43.134.5.186 - - [20/May/2026:00:44:28 +0000] "GET /wp-login.php?action=lostpassword HTTP/1.1" 200 2657 "-" "Mozilla/5.0 (iPhone; CPU iPhone OS 13_2_3 like Mac OS X) AppleWebKit/605.1.15 (KHTML, like Gecko) Version/13.0.3 Mobile/15E148 Safari/604.1"
184.94.212.206 - - [20/May/2026:00:46:45 +0000] "POST /wp-cron.php?doing_wp_cron=1779238005.0802280902862548828125 HTTP/1.1" 200 - "-" "WordPress/6.9.4; https://instadigitalphotography.com"
184.94.212.206 - - [20/May/2026:00:46:45 +0000] "GET /wp-json/jetpack/v4/sync/spawn-sync?time=1779238005&request_lock_id=cfa1fe5d-d1fc-478f-92eb-c308e16f1c4e HTTP/1.1" 200 37 "-" "WordPress/6.9.4; https://instadigitalphotography.com"
82.38.180.250 - - [20/May/2026:00:46:43 +0000] "GET /tag/photo-editing/?noamp=mobile HTTP/1.1" 200 15038 "-" "Mozilla/5.0 (Macintosh; Intel Mac OS X 10_15_7) AppleWebKit/537.36 (KHTML, like Gecko) Chrome/120.0.0.0 Safari/537.36"
184.94.212.206 - - [20/May/2026:00:48:33 +0000] "POST /wp-cron.php?doing_wp_cron=1779238113.4575819969177246093750 HTTP/1.1" 200 - "-" "WordPress/6.9.4; https://instadigitalphotography.com"
184.94.212.206 - - [20/May/2026:00:48:33 +0000] "GET /wp-json/jetpack/v4/sync/spawn-sync?time=1779238113&request_lock_id=97d6b160-0367-4c47-994e-da768493cbb1 HTTP/1.1" 200 37 "-" "WordPress/6.9.4; https://instadigitalphotography.com"
192.0.102.146 - - [20/May/2026:00:48:32 +0000] "HEAD / HTTP/1.1" 200 - "-" "jetmon/1.0 (Jetpack Site Uptime Monitor by WordPress.com)"
114.119.159.160 - - [20/May/2026:00:49:08 +0000] "GET /terms-of-use?noamp=mobile HTTP/1.1" 301 - "https://instadigitalphotography.com/terms-of-use?amp" "Mozilla/5.0 (Linux; Android 7.0;) AppleWebKit/537.36 (HTML, like Gecko) Mobile Safari/537.36 (compatible; PetalBot;+https://webmaster.petalsearch.com/site/petalbot)"
114.119.159.160 - - [20/May/2026:00:49:10 +0000] "GET /terms-of-use/?noamp=mobile HTTP/1.1" 200 14433 "https://instadigitalphotography.com/terms-of-use?amp" "Mozilla/5.0 (Linux; Android 7.0;) AppleWebKit/537.36 (HTML, like Gecko) Mobile Safari/537.36 (compatible; PetalBot;+https://webmaster.petalsearch.com/site/petalbot)"
184.94.212.206 - - [20/May/2026:00:52:34 +0000] "POST /wp-cron.php?doing_wp_cron=1779238354.4964890480041503906250 HTTP/1.1" 200 - "-" "WordPress/6.9.4; https://instadigitalphotography.com"
43.130.110.130 - - [20/May/2026:00:52:33 +0000] "GET /blog/ HTTP/1.1" 200 34228 "-" "Mozilla/5.0 (iPhone; CPU iPhone OS 13_2_3 like Mac OS X) AppleWebKit/605.1.15 (KHTML, like Gecko) Version/13.0.3 Mobile/15E148 Safari/604.1"
184.94.212.206 - - [20/May/2026:00:52:34 +0000] "GET /wp-json/jetpack/v4/sync/spawn-sync?time=1779238354&request_lock_id=5622df6b-2578-4408-89ee-89dc8da10652 HTTP/1.1" 200 37 "-" "WordPress/6.9.4; https://instadigitalphotography.com"
173.239.240.16 - - [20/May/2026:00:52:33 +0000] "POST /wp-login.php HTTP/1.1" 401 3474 "-" "Mozilla/5.0"
20.10.88.227 - - [20/May/2026:00:52:36 +0000] "GET /robots.txt HTTP/1.1" 200 304 "-" "ClarityBot/1.0"
184.94.212.206 - - [20/May/2026:00:53:34 +0000] "POST /wp-cron.php?doing_wp_cron=1779238414.2029120922088623046875 HTTP/1.1" 200 - "-" "WordPress/6.9.4; https://instadigitalphotography.com"
192.0.102.146 - - [20/May/2026:00:53:32 +0000] "HEAD / HTTP/1.1" 200 - "-" "jetmon/1.0 (Jetpack Site Uptime Monitor by WordPress.com)"
184.94.212.206 - - [20/May/2026:00:53:57 +0000] "GET /wp-json/jetpack/v4/sync/spawn-sync?time=1779238437&request_lock_id=9488722f-a270-47f7-843a-2ce48651b2f5 HTTP/1.1" 200 37 "-" "WordPress/6.9.4; https://instadigitalphotography.com"
43.157.168.43 - - [20/May/2026:00:53:56 +0000] "GET / HTTP/1.1" 301 - "http://www.instadigitalphotography.com" "Mozilla/5.0 (iPhone; CPU iPhone OS 13_2_3 like Mac OS X) AppleWebKit/605.1.15 (KHTML, like Gecko) Version/13.0.3 Mobile/15E148 Safari/604.1"
43.157.168.43 - - [20/May/2026:00:53:59 +0000] "GET / HTTP/1.1" 200 12472 "https://www.instadigitalphotography.com/" "Mozilla/5.0 (iPhone; CPU iPhone OS 13_2_3 like Mac OS X) AppleWebKit/605.1.15 (KHTML, like Gecko) Version/13.0.3 Mobile/15E148 Safari/604.1"
184.94.212.206 - - [20/May/2026:00:54:00 +0000] "GET /wp-json/jetpack/v4/sync/spawn-sync?time=1779238440&request_lock_id=533eb43d-84b5-46e2-b02e-ef79a745ca80 HTTP/1.1" 200 37 "-" "WordPress/6.9.4; https://instadigitalphotography.com"
184.94.212.206 - - [20/May/2026:00:58:34 +0000] "POST /wp-cron.php?doing_wp_cron=1779238714.4698541164398193359375 HTTP/1.1" 200 - "-" "WordPress/6.9.4; https://instadigitalphotography.com"
184.94.212.206 - - [20/May/2026:00:58:34 +0000] "GET /wp-json/jetpack/v4/sync/spawn-sync?time=1779238714&request_lock_id=19a3db9c-bcd3-446d-8872-f5b0273f7e20 HTTP/1.1" 200 37 "-" "WordPress/6.9.4; https://instadigitalphotography.com"
192.0.102.146 - - [20/May/2026:00:58:33 +0000] "HEAD / HTTP/1.1" 200 - "-" "jetmon/1.0 (Jetpack Site Uptime Monitor by WordPress.com)"
20.10.88.201 - - [20/May/2026:00:58:36 +0000] "GET /robots.txt HTTP/1.1" 200 304 "-" "ClarityBot/1.0"
184.94.212.206 - - [20/May/2026:01:01:25 +0000] "POST /wp-cron.php?doing_wp_cron=1779238885.5016970634460449218750 HTTP/1.1" 200 - "-" "WordPress/6.9.4; https://instadigitalphotography.com"
173.239.240.23 - - [20/May/2026:01:01:23 +0000] "POST /wp-login.php HTTP/1.1" 401 3474 "-" "Mozilla/5.0"
184.94.212.206 - - [20/May/2026:01:01:25 +0000] "GET /wp-json/jetpack/v4/sync/spawn-sync?time=1779238885&request_lock_id=75c1809f-b1c0-4f4b-b881-afa646e9fd5f HTTP/1.1" 200 37 "-" "WordPress/6.9.4; https://instadigitalphotography.com"
184.94.212.206 - - [20/May/2026:01:04:54 +0000] "POST /wp-cron.php?doing_wp_cron=1779239094.5805590152740478515625 HTTP/1.1" 200 - "-" "WordPress/6.9.4; https://instadigitalphotography.com"
184.94.212.206 - - [20/May/2026:01:04:54 +0000] "GET /wp-json/jetpack/v4/sync/spawn-sync?time=1779239094&request_lock_id=ff6dbf54-1cb5-424b-b840-cc0549d532a0 HTTP/1.1" 200 37 "-" "WordPress/6.9.4; https://instadigitalphotography.com"
192.0.102.146 - - [20/May/2026:01:04:52 +0000] "HEAD / HTTP/1.1" 200 - "-" "jetmon/1.0 (Jetpack Site Uptime Monitor by WordPress.com)"
20.10.88.201 - - [20/May/2026:01:04:55 +0000] "GET /robots.txt HTTP/1.1" 200 304 "-" "ClarityBot/1.0"
184.94.212.206 - - [20/May/2026:01:08:38 +0000] "POST /wp-cron.php?doing_wp_cron=1779239318.7384390830993652343750 HTTP/1.1" 200 - "-" "WordPress/6.9.4; https://instadigitalphotography.com"
192.0.102.146 - - [20/May/2026:01:08:37 +0000] "HEAD / HTTP/1.1" 200 - "-" "jetmon/1.0 (Jetpack Site Uptime Monitor by WordPress.com)"
184.94.212.206 - - [20/May/2026:01:08:38 +0000] "GET /wp-json/jetpack/v4/sync/spawn-sync?time=1779239318&request_lock_id=22c16c05-5dfc-4857-8898-a28c9f76a3ea HTTP/1.1" 200 37 "-" "WordPress/6.9.4; https://instadigitalphotography.com"
184.94.212.206 - - [20/May/2026:01:10:23 +0000] "POST /wp-cron.php?doing_wp_cron=1779239423.6679739952087402343750 HTTP/1.1" 200 - "-" "WordPress/6.9.4; https://instadigitalphotography.com"
184.94.212.206 - - [20/May/2026:01:10:23 +0000] "GET /wp-json/jetpack/v4/sync/spawn-sync?time=1779239423&request_lock_id=d3e4c50e-81ec-4689-8314-1f1494ed7119 HTTP/1.1" 200 37 "-" "WordPress/6.9.4; https://instadigitalphotography.com"
173.239.240.8 - - [20/May/2026:01:10:22 +0000] "POST /wp-login.php HTTP/1.1" 401 3474 "-" "Mozilla/5.0"
184.94.212.206 - - [20/May/2026:01:13:36 +0000] "POST /wp-cron.php?doing_wp_cron=1779239616.2071590423583984375000 HTTP/1.1" 200 - "-" "WordPress/6.9.4; https://instadigitalphotography.com"
192.0.102.146 - - [20/May/2026:01:13:34 +0000] "HEAD / HTTP/1.1" 200 - "-" "jetmon/1.0 (Jetpack Site Uptime Monitor by WordPress.com)"
184.94.212.206 - - [20/May/2026:01:13:36 +0000] "GET /wp-json/jetpack/v4/sync/spawn-sync?time=1779239616&request_lock_id=33cbe380-f39f-491c-92e0-3763fdac1b97 HTTP/1.1" 200 37 "-" "WordPress/6.9.4; https://instadigitalphotography.com"
43.157.158.178 - - [20/May/2026:01:14:21 +0000] "GET /comments/feed/ HTTP/1.1" 200 378 "-" "Mozilla/5.0 (iPhone; CPU iPhone OS 13_2_3 like Mac OS X) AppleWebKit/605.1.15 (KHTML, like Gecko) Version/13.0.3 Mobile/15E148 Safari/604.1"
184.94.212.206 - - [20/May/2026:01:17:32 +0000] "POST /wp-cron.php?doing_wp_cron=1779239852.1464180946350097656250 HTTP/1.1" 200 - "-" "WordPress/6.9.4; https://instadigitalphotography.com"
184.94.212.206 - - [20/May/2026:01:17:32 +0000] "GET /wp-json/jetpack/v4/sync/spawn-sync?time=1779239852&request_lock_id=ed64edec-5d3c-4f86-b091-efb91ad2ef9b HTTP/1.1" 200 37 "-" "WordPress/6.9.4; https://instadigitalphotography.com"
145.223.130.85 - - [20/May/2026:01:17:30 +0000] "GET /photography-tips-that-can-make-a-big-difference/?share=reddit HTTP/1.1" 302 - "-" "Mozilla/5.0 (Macintosh; Intel Mac OS X 10_15_7) AppleWebKit/537.36 (KHTML, like Gecko) Chrome/131.0.0.0 Safari/537.36"
184.94.212.206 - - [20/May/2026:01:18:33 +0000] "POST /wp-cron.php?doing_wp_cron=1779239913.6495530605316162109375 HTTP/1.1" 200 - "-" "WordPress/6.9.4; https://instadigitalphotography.com"
184.94.212.206 - - [20/May/2026:01:18:33 +0000] "GET /wp-json/jetpack/v4/sync/spawn-sync?time=1779239913&request_lock_id=fbfa73e7-03ca-4a3e-bfdb-3afadc70effd HTTP/1.1" 200 37 "-" "WordPress/6.9.4; https://instadigitalphotography.com"
192.0.102.146 - - [20/May/2026:01:18:32 +0000] "HEAD / HTTP/1.1" 200 - "-" "jetmon/1.0 (Jetpack Site Uptime Monitor by WordPress.com)"
173.239.240.18 - - [20/May/2026:01:19:15 +0000] "POST /wp-login.php HTTP/1.1" 401 3474 "-" "Mozilla/5.0"
184.94.212.206 - - [20/May/2026:01:22:30 +0000] "POST /wp-cron.php?doing_wp_cron=1779240150.1051459312438964843750 HTTP/1.1" 200 - "-" "WordPress/6.9.4; https://instadigitalphotography.com"
184.94.212.206 - - [20/May/2026:01:22:30 +0000] "GET /wp-json/jetpack/v4/sync/spawn-sync?time=1779240150&request_lock_id=58e9059f-cec1-4347-acab-aa25f13f9775 HTTP/1.1" 200 37 "-" "WordPress/6.9.4; https://instadigitalphotography.com"
114.119.150.92 - - [20/May/2026:01:22:28 +0000] "GET /terms-of-use/?share=twitter& HTTP/1.1" 302 - "https://instadigitalphotography.com/terms-of-use?amp" "Mozilla/5.0 (Linux; Android 7.0;) AppleWebKit/537.36 (HTML, like Gecko) Mobile Safari/537.36 (compatible; PetalBot;+https://webmaster.petalsearch.com/site/petalbot)"
184.94.212.206 - - [20/May/2026:01:23:30 +0000] "POST /wp-cron.php?doing_wp_cron=1779240210.5628290176391601562500 HTTP/1.1" 200 - "-" "WordPress/6.9.4; https://instadigitalphotography.com"
192.0.102.146 - - [20/May/2026:01:23:29 +0000] "HEAD / HTTP/1.1" 200 - "-" "jetmon/1.0 (Jetpack Site Uptime Monitor by WordPress.com)"
82.38.180.219 - - [20/May/2026:01:23:55 +0000] "GET /simple-photography-solutions-are-right-here-in-this-article/?share=twitter&%3Bamp= HTTP/1.1" 302 - "-" "Mozilla/5.0 (Macintosh; Intel Mac OS X 10_15_7) AppleWebKit/537.36 (KHTML, like Gecko) Chrome/120.0.0.0 Safari/537.36"
184.94.212.206 - - [20/May/2026:01:23:56 +0000] "GET /wp-json/jetpack/v4/sync/spawn-sync?time=1779240236&request_lock_id=ce53ea0b-0b95-4b8e-963a-e945791c6fe7 HTTP/1.1" 200 37 "-" "WordPress/6.9.4; https://instadigitalphotography.com"
43.157.22.57 - - [20/May/2026:01:24:37 +0000] "GET /wp-json/oembed/1.0/embed?url=https%3A%2F%2Finstadigitalphotography.com%2Fcopyright-dcma-notice%2F HTTP/1.1" 200 1365 "-" "Mozilla/5.0 (iPhone; CPU iPhone OS 13_2_3 like Mac OS X) AppleWebKit/605.1.15 (KHTML, like Gecko) Version/13.0.3 Mobile/15E148 Safari/604.1"
184.94.212.206 - - [20/May/2026:01:28:17 +0000] "POST /wp-cron.php?doing_wp_cron=1779240497.2463989257812500000000 HTTP/1.1" 200 - "-" "WordPress/6.9.4; https://instadigitalphotography.com"
184.94.212.206 - - [20/May/2026:01:28:17 +0000] "GET /wp-json/jetpack/v4/sync/spawn-sync?time=1779240497 HTTP/1.1" 200 37 "-" "WordPress/6.9.4; https://instadigitalphotography.com"
173.239.240.29 - - [20/May/2026:01:28:15 +0000] "POST /wp-login.php HTTP/1.1" 401 3474 "-" "Mozilla/5.0"
20.10.88.227 - - [20/May/2026:01:28:19 +0000] "GET /robots.txt HTTP/1.1" 200 304 "-" "ClarityBot/1.0"
192.0.102.146 - - [20/May/2026:01:28:33 +0000] "HEAD / HTTP/1.1" 200 - "-" "jetmon/1.0 (Jetpack Site Uptime Monitor by WordPress.com)"
184.94.212.206 - - [20/May/2026:01:30:57 +0000] "POST /wp-cron.php?doing_wp_cron=1779240657.8242681026458740234375 HTTP/1.1" 200 - "-" "WordPress/6.9.4; https://instadigitalphotography.com"
191.40.95.61 - - [20/May/2026:01:30:57 +0000] "POST /xmlrpc.php HTTP/1.1" 404 45200 "-" "Jetpack by WordPress.com"
184.94.212.206 - - [20/May/2026:01:30:57 +0000] "GET /wp-json/jetpack/v4/sync/spawn-sync?time=1779240657&request_lock_id=04c3c3f2-1484-4b0d-93f0-7cabdf537961 HTTP/1.1" 200 37 "-" "WordPress/6.9.4; https://instadigitalphotography.com"
35.91.108.65 - - [20/May/2026:01:30:56 +0000] "GET / HTTP/1.1" 200 53720 "-" "Mozilla/5.0 (Macintosh; Intel Mac OS X 10_15_7) AppleWebKit/537.36 (KHTML, like Gecko) Chrome/134.0.0.0 Safari/537.36"
184.94.212.206 - - [20/May/2026:01:31:48 +0000] "POST /wp-cron.php?doing_wp_cron=1779240708.6448891162872314453125 HTTP/1.1" 200 - "-" "WordPress/6.9.4; https://instadigitalphotography.com"
20.58.181.177 - - [20/May/2026:01:31:47 +0000] "GET /wp-content/plugins/admin.php HTTP/1.1" 404 11310 "-" "Mozilla/5.0 (Windows NT 10.0; Win64; x64) AppleWebKit/537.36 (KHTML, like Gecko) Chrome/120.0.0.0 Safari/537.36"
20.58.181.177 - - [20/May/2026:01:31:48 +0000] "GET /admin.php HTTP/1.1" 404 11185 "-" "Mozilla/5.0 (Windows NT 10.0; Win64; x64) AppleWebKit/537.36 (KHTML, like Gecko) Chrome/120.0.0.0 Safari/537.36"
20.58.181.177 - - [20/May/2026:01:31:49 +0000] "GET /wk/index.php HTTP/1.1" 301 - "-" "Mozilla/5.0 (Windows NT 10.0; Win64; x64) AppleWebKit/537.36 (KHTML, like Gecko) Chrome/120.0.0.0 Safari/537.36"
20.58.181.177 - - [20/May/2026:01:31:50 +0000] "GET /supyffqkrnyxagxcjucnCdefault.php HTTP/1.1" 404 11204 "-" "Mozilla/5.0 (Windows NT 10.0; Win64; x64) AppleWebKit/537.36 (KHTML, like Gecko) Chrome/120.0.0.0 Safari/537.36"
20.58.181.177 - - [20/May/2026:01:31:51 +0000] "GET /elp.php HTTP/1.1" 404 11185 "-" "Mozilla/5.0 (Windows NT 10.0; Win64; x64) AppleWebKit/537.36 (KHTML, like Gecko) Chrome/120.0.0.0 Safari/537.36"
20.58.181.177 - - [20/May/2026:01:31:53 +0000] "GET /adminfuns.php HTTP/1.1" 404 11188 "-" "Mozilla/5.0 (Windows NT 10.0; Win64; x64) AppleWebKit/537.36 (KHTML, like Gecko) Chrome/120.0.0.0 Safari/537.36"
20.58.181.177 - - [20/May/2026:01:31:53 +0000] "GET /.tmb/cloud.php HTTP/1.1" 404 11191 "-" "Mozilla/5.0 (Windows NT 10.0; Win64; x64) AppleWebKit/537.36 (KHTML, like Gecko) Chrome/120.0.0.0 Safari/537.36"
20.58.181.177 - - [20/May/2026:01:31:54 +0000] "GET /php8.php HTTP/1.1" 404 11186 "-" "Mozilla/5.0 (Windows NT 10.0; Win64; x64) AppleWebKit/537.36 (KHTML, like Gecko) Chrome/120.0.0.0 Safari/537.36"
20.58.181.177 - - [20/May/2026:01:31:55 +0000] "GET /.well-known HTTP/1.1" 301 261 "-" "Mozilla/5.0 (Windows NT 10.0; Win64; x64) AppleWebKit/537.36 (KHTML, like Gecko) Chrome/120.0.0.0 Safari/537.36"
20.58.181.177 - - [20/May/2026:01:31:56 +0000] "GET /inputs.php HTTP/1.1" 404 11186 "-" "Mozilla/5.0 (Windows NT 10.0; Win64; x64) AppleWebKit/537.36 (KHTML, like Gecko) Chrome/120.0.0.0 Safari/537.36"
20.58.181.177 - - [20/May/2026:01:31:57 +0000] "GET /goods.php HTTP/1.1" 404 11187 "-" "Mozilla/5.0 (Windows NT 10.0; Win64; x64) AppleWebKit/537.36 (KHTML, like Gecko) Chrome/120.0.0.0 Safari/537.36"
20.58.181.177 - - [20/May/2026:01:31:58 +0000] "GET /classwithtostring.php HTTP/1.1" 404 11190 "-" "Mozilla/5.0 (Windows NT 10.0; Win64; x64) AppleWebKit/537.36 (KHTML, like Gecko) Chrome/120.0.0.0 Safari/537.36"
184.94.212.206 - - [20/May/2026:01:31:59 +0000] "GET /wp-json/jetpack/v4/sync/spawn-sync?time=1779240719&request_lock_id=9100feaf-4ff8-4ad4-a458-6c04b7a40e80 HTTP/1.1" 200 37 "-" "WordPress/6.9.4; https://instadigitalphotography.com"
20.58.181.177 - - [20/May/2026:01:31:58 +0000] "GET /simple.php HTTP/1.1" 404 11185 "-" "Mozilla/5.0 (Windows NT 10.0; Win64; x64) AppleWebKit/537.36 (KHTML, like Gecko) Chrome/120.0.0.0 Safari/537.36"
20.58.181.177 - - [20/May/2026:01:32:00 +0000] "GET /wp-mail.php HTTP/1.1" 403 1082 "-" "Mozilla/5.0 (Windows NT 10.0; Win64; x64) AppleWebKit/537.36 (KHTML, like Gecko) Chrome/120.0.0.0 Safari/537.36"
184.94.212.206 - - [20/May/2026:01:32:01 +0000] "GET /wp-json/jetpack/v4/sync/spawn-sync?time=1779240721&request_lock_id=ccbfffde-c703-41cf-9682-8181d49b9ec6 HTTP/1.1" 200 37 "-" "WordPress/6.9.4; https://instadigitalphotography.com"
20.58.181.177 - - [20/May/2026:01:32:02 +0000] "GET /about.php HTTP/1.1" 404 11185 "-" "Mozilla/5.0 (Windows NT 10.0; Win64; x64) AppleWebKit/537.36 (KHTML, like Gecko) Chrome/120.0.0.0 Safari/537.36"
20.58.181.177 - - [20/May/2026:01:32:03 +0000] "GET /1.php HTTP/1.1" 404 11184 "-" "Mozilla/5.0 (Windows NT 10.0; Win64; x64) AppleWebKit/537.36 (KHTML, like Gecko) Chrome/120.0.0.0 Safari/537.36"
20.58.181.177 - - [20/May/2026:01:32:04 +0000] "GET /file.php HTTP/1.1" 404 11184 "-" "Mozilla/5.0 (Windows NT 10.0; Win64; x64) AppleWebKit/537.36 (KHTML, like Gecko) Chrome/120.0.0.0 Safari/537.36"
20.58.181.177 - - [20/May/2026:01:32:05 +0000] "GET /404.php HTTP/1.1" 404 11185 "-" "Mozilla/5.0 (Windows NT 10.0; Win64; x64) AppleWebKit/537.36 (KHTML, like Gecko) Chrome/120.0.0.0 Safari/537.36"
20.58.181.177 - - [20/May/2026:01:32:06 +0000] "GET /wp-login.php HTTP/1.1" 200 3317 "-" "Mozilla/5.0 (Windows NT 10.0; Win64; x64) AppleWebKit/537.36 (KHTML, like Gecko) Chrome/120.0.0.0 Safari/537.36"
20.58.181.177 - - [20/May/2026:01:32:08 +0000] "GET /index.php/feed/atom HTTP/1.1" 301 - "-" "Mozilla/5.0 (Windows NT 10.0; Win64; x64) AppleWebKit/537.36 (KHTML, like Gecko) Chrome/120.0.0.0 Safari/537.36"
20.58.181.177 - - [20/May/2026:01:32:08 +0000] "GET /php.php HTTP/1.1" 404 11185 "-" "Mozilla/5.0 (Windows NT 10.0; Win64; x64) AppleWebKit/537.36 (KHTML, like Gecko) Chrome/120.0.0.0 Safari/537.36"
20.58.181.177 - - [20/May/2026:01:32:10 +0000] "GET /wp-includes/Text/Diff/Engine.php HTTP/1.1" 404 11320 "-" "Mozilla/5.0 (Windows NT 10.0; Win64; x64) AppleWebKit/537.36 (KHTML, like Gecko) Chrome/120.0.0.0 Safari/537.36"
20.58.181.177 - - [20/May/2026:01:32:10 +0000] "GET /wp-content/admin.php HTTP/1.1" 404 11187 "-" "Mozilla/5.0 (Windows NT 10.0; Win64; x64) AppleWebKit/537.36 (KHTML, like Gecko) Chrome/120.0.0.0 Safari/537.36"
20.58.181.177 - - [20/May/2026:01:32:11 +0000] "GET /wp-content/themes/admin.php HTTP/1.1" 404 11310 "-" "Mozilla/5.0 (Windows NT 10.0; Win64; x64) AppleWebKit/537.36 (KHTML, like Gecko) Chrome/120.0.0.0 Safari/537.36"
20.58.181.177 - - [20/May/2026:01:32:12 +0000] "GET /7.php HTTP/1.1" 404 11184 "-" "Mozilla/5.0 (Windows NT 10.0; Win64; x64) AppleWebKit/537.36 (KHTML, like Gecko) Chrome/120.0.0.0 Safari/537.36"
20.58.181.177 - - [20/May/2026:01:32:13 +0000] "GET /wp-content/index.php HTTP/1.1" 301 - "-" "Mozilla/5.0 (Windows NT 10.0; Win64; x64) AppleWebKit/537.36 (KHTML, like Gecko) Chrome/120.0.0.0 Safari/537.36"
184.94.212.206 - - [20/May/2026:01:32:15 +0000] "POST /wp-cron.php?doing_wp_cron=1779240735.7029509544372558593750 HTTP/1.1" 200 - "-" "WordPress/6.9.4; https://instadigitalphotography.com"
20.58.181.177 - - [20/May/2026:01:32:14 +0000] "GET /.well-known/acme-challenge/index.php HTTP/1.1" 301 - "-" "Mozilla/5.0 (Windows NT 10.0; Win64; x64) AppleWebKit/537.36 (KHTML, like Gecko) Chrome/120.0.0.0 Safari/537.36"
20.58.181.177 - - [20/May/2026:01:32:15 +0000] "GET /atomlib.php HTTP/1.1" 404 11188 "-" "Mozilla/5.0 (Windows NT 10.0; Win64; x64) AppleWebKit/537.36 (KHTML, like Gecko) Chrome/120.0.0.0 Safari/537.36"
20.58.181.177 - - [20/May/2026:01:32:16 +0000] "GET /chosen.php HTTP/1.1" 404 11187 "-" "Mozilla/5.0 (Windows NT 10.0; Win64; x64) AppleWebKit/537.36 (KHTML, like Gecko) Chrome/120.0.0.0 Safari/537.36"
20.10.88.201 - - [20/May/2026:01:32:17 +0000] "GET /robots.txt HTTP/1.1" 200 304 "-" "ClarityBot/1.0"
20.58.181.177 - - [20/May/2026:01:32:18 +0000] "GET /css.php HTTP/1.1" 404 11185 "-" "Mozilla/5.0 (Windows NT 10.0; Win64; x64) AppleWebKit/537.36 (KHTML, like Gecko) Chrome/120.0.0.0 Safari/537.36"
20.58.181.177 - - [20/May/2026:01:32:19 +0000] "GET /files.php HTTP/1.1" 404 11186 "-" "Mozilla/5.0 (Windows NT 10.0; Win64; x64) AppleWebKit/537.36 (KHTML, like Gecko) Chrome/120.0.0.0 Safari/537.36"
20.58.181.177 - - [20/May/2026:01:32:20 +0000] "GET /index/function.php HTTP/1.1" 404 11188 "-" "Mozilla/5.0 (Windows NT 10.0; Win64; x64) AppleWebKit/537.36 (KHTML, like Gecko) Chrome/120.0.0.0 Safari/537.36"
20.58.181.177 - - [20/May/2026:01:32:21 +0000] "GET /buy.php HTTP/1.1" 404 11185 "-" "Mozilla/5.0 (Windows NT 10.0; Win64; x64) AppleWebKit/537.36 (KHTML, like Gecko) Chrome/120.0.0.0 Safari/537.36"
20.58.181.177 - - [20/May/2026:01:32:22 +0000] "GET /info.php HTTP/1.1" 404 11186 "-" "Mozilla/5.0 (Windows NT 10.0; Win64; x64) AppleWebKit/537.36 (KHTML, like Gecko) Chrome/120.0.0.0 Safari/537.36"
20.58.181.177 - - [20/May/2026:01:32:23 +0000] "GET /wp.php HTTP/1.1" 404 11185 "-" "Mozilla/5.0 (Windows NT 10.0; Win64; x64) AppleWebKit/537.36 (KHTML, like Gecko) Chrome/120.0.0.0 Safari/537.36"
20.58.181.177 - - [20/May/2026:01:32:24 +0000] "GET /wp-content/uploads/index.php HTTP/1.1" 301 - "-" "Mozilla/5.0 (Windows NT 10.0; Win64; x64) AppleWebKit/537.36 (KHTML, like Gecko) Chrome/120.0.0.0 Safari/537.36"
20.58.181.177 - - [20/May/2026:01:32:25 +0000] "GET /wp-config-sample.php HTTP/1.1" 404 11191 "-" "Mozilla/5.0 (Windows NT 10.0; Win64; x64) AppleWebKit/537.36 (KHTML, like Gecko) Chrome/120.0.0.0 Safari/537.36"
20.58.181.177 - - [20/May/2026:01:32:26 +0000] "GET /wp-content/themes/x/bypass.php HTTP/1.1" 404 11314 "-" "Mozilla/5.0 (Windows NT 10.0; Win64; x64) AppleWebKit/537.36 (KHTML, like Gecko) Chrome/120.0.0.0 Safari/537.36"
20.58.181.177 - - [20/May/2026:01:32:27 +0000] "GET /666.php HTTP/1.1" 404 11185 "-" "Mozilla/5.0 (Windows NT 10.0; Win64; x64) AppleWebKit/537.36 (KHTML, like Gecko) Chrome/120.0.0.0 Safari/537.36"
20.58.181.177 - - [20/May/2026:01:32:28 +0000] "GET /bgymj.php HTTP/1.1" 404 11187 "-" "Mozilla/5.0 (Windows NT 10.0; Win64; x64) AppleWebKit/537.36 (KHTML, like Gecko) Chrome/120.0.0.0 Safari/537.36"
20.58.181.177 - - [20/May/2026:01:32:29 +0000] "GET /control.php HTTP/1.1" 404 11187 "-" "Mozilla/5.0 (Windows NT 10.0; Win64; x64) AppleWebKit/537.36 (KHTML, like Gecko) Chrome/120.0.0.0 Safari/537.36"
20.58.181.177 - - [20/May/2026:01:32:30 +0000] "GET /randkeyword.PhP7 HTTP/1.1" 404 11195 "-" "Mozilla/5.0 (Windows NT 10.0; Win64; x64) AppleWebKit/537.36 (KHTML, like Gecko) Chrome/120.0.0.0 Safari/537.36"
20.58.181.177 - - [20/May/2026:01:32:31 +0000] "GET /wp-content/plugins/core-plugin/include.php HTTP/1.1" 404 11314 "-" "Mozilla/5.0 (Windows NT 10.0; Win64; x64) AppleWebKit/537.36 (KHTML, like Gecko) Chrome/120.0.0.0 Safari/537.36"
20.58.181.177 - - [20/May/2026:01:32:32 +0000] "GET /wp-includes/assets/ty.php HTTP/1.1" 404 11312 "-" "Mozilla/5.0 (Windows NT 10.0; Win64; x64) AppleWebKit/537.36 (KHTML, like Gecko) Chrome/120.0.0.0 Safari/537.36"
20.58.181.177 - - [20/May/2026:01:32:33 +0000] "GET /file61.php HTTP/1.1" 404 11186 "-" "Mozilla/5.0 (Windows NT 10.0; Win64; x64) AppleWebKit/537.36 (KHTML, like Gecko) Chrome/120.0.0.0 Safari/537.36"
20.58.181.177 - - [20/May/2026:01:32:34 +0000] "GET /p.php HTTP/1.1" 404 11183 "-" "Mozilla/5.0 (Windows NT 10.0; Win64; x64) AppleWebKit/537.36 (KHTML, like Gecko) Chrome/120.0.0.0 Safari/537.36"
20.58.181.177 - - [20/May/2026:01:32:35 +0000] "GET /ms-edit.php HTTP/1.1" 404 11188 "-" "Mozilla/5.0 (Windows NT 10.0; Win64; x64) AppleWebKit/537.36 (KHTML, like Gecko) Chrome/120.0.0.0 Safari/537.36"
20.58.181.177 - - [20/May/2026:01:32:36 +0000] "GET /alfanew.PHP7 HTTP/1.1" 404 11193 "-" "Mozilla/5.0 (Windows NT 10.0; Win64; x64) AppleWebKit/537.36 (KHTML, like Gecko) Chrome/120.0.0.0 Safari/537.36"
20.58.181.177 - - [20/May/2026:01:32:37 +0000] "GET /cgi-bin HTTP/1.1" 301 257 "-" "Mozilla/5.0 (Windows NT 10.0; Win64; x64) AppleWebKit/537.36 (KHTML, like Gecko) Chrome/120.0.0.0 Safari/537.36"
20.58.181.177 - - [20/May/2026:01:32:37 +0000] "GET /dx.php HTTP/1.1" 404 11184 "-" "Mozilla/5.0 (Windows NT 10.0; Win64; x64) AppleWebKit/537.36 (KHTML, like Gecko) Chrome/120.0.0.0 Safari/537.36"
20.58.181.177 - - [20/May/2026:01:32:38 +0000] "GET /wp-admin/maint/index.php HTTP/1.1" 301 - "-" "Mozilla/5.0 (Windows NT 10.0; Win64; x64) AppleWebKit/537.36 (KHTML, like Gecko) Chrome/120.0.0.0 Safari/537.36"
20.58.181.177 - - [20/May/2026:01:32:39 +0000] "GET /.well-known/pki-validation HTTP/1.1" 301 276 "-" "Mozilla/5.0 (Windows NT 10.0; Win64; x64) AppleWebKit/537.36 (KHTML, like Gecko) Chrome/120.0.0.0 Safari/537.36"
184.94.212.206 - - [20/May/2026:01:32:40 +0000] "POST /wp-cron.php?doing_wp_cron=1779240760.4397470951080322265625 HTTP/1.1" 200 - "-" "WordPress/6.9.4; https://instadigitalphotography.com"
20.58.181.177 - - [20/May/2026:01:32:39 +0000] "GET /doc.php HTTP/1.1" 404 11185 "-" "Mozilla/5.0 (Windows NT 10.0; Win64; x64) AppleWebKit/537.36 (KHTML, like Gecko) Chrome/120.0.0.0 Safari/537.36"
20.58.181.177 - - [20/May/2026:01:32:40 +0000] "GET /tool.php HTTP/1.1" 404 11185 "-" "Mozilla/5.0 (Windows NT 10.0; Win64; x64) AppleWebKit/537.36 (KHTML, like Gecko) Chrome/120.0.0.0 Safari/537.36"
20.58.181.177 - - [20/May/2026:01:32:41 +0000] "GET /xx.php HTTP/1.1" 404 11185 "-" "Mozilla/5.0 (Windows NT 10.0; Win64; x64) AppleWebKit/537.36 (KHTML, like Gecko) Chrome/120.0.0.0 Safari/537.36"
20.58.181.177 - - [20/May/2026:01:32:42 +0000] "GET /xxx.php HTTP/1.1" 404 11186 "-" "Mozilla/5.0 (Windows NT 10.0; Win64; x64) AppleWebKit/537.36 (KHTML, like Gecko) Chrome/120.0.0.0 Safari/537.36"
20.58.181.177 - - [20/May/2026:01:32:43 +0000] "GET /100.php HTTP/1.1" 404 11185 "-" "Mozilla/5.0 (Windows NT 10.0; Win64; x64) AppleWebKit/537.36 (KHTML, like Gecko) Chrome/120.0.0.0 Safari/537.36"
20.58.181.177 - - [20/May/2026:01:32:44 +0000] "GET /wp-admin/network/about.php HTTP/1.1" 302 - "-" "Mozilla/5.0 (Windows NT 10.0; Win64; x64) AppleWebKit/537.36 (KHTML, like Gecko) Chrome/120.0.0.0 Safari/537.36"
184.94.212.206 - - [20/May/2026:01:32:46 +0000] "POST /wp-cron.php?doing_wp_cron=1779240766.4861240386962890625000 HTTP/1.1" 200 - "-" "WordPress/6.9.4; https://instadigitalphotography.com"
20.58.181.177 - - [20/May/2026:01:32:45 +0000] "GET /wp-blog.php HTTP/1.1" 404 11186 "-" "Mozilla/5.0 (Windows NT 10.0; Win64; x64) AppleWebKit/537.36 (KHTML, like Gecko) Chrome/120.0.0.0 Safari/537.36"
20.58.181.177 - - [20/May/2026:01:32:46 +0000] "GET /wp-content/themes/index.php HTTP/1.1" 301 - "-" "Mozilla/5.0 (Windows NT 10.0; Win64; x64) AppleWebKit/537.36 (KHTML, like Gecko) Chrome/120.0.0.0 Safari/537.36"
20.58.181.177 - - [20/May/2026:01:32:47 +0000] "GET /wp-includes/images HTTP/1.1" 301 268 "-" "Mozilla/5.0 (Windows NT 10.0; Win64; x64) AppleWebKit/537.36 (KHTML, like Gecko) Chrome/120.0.0.0 Safari/537.36"
20.58.181.177 - - [20/May/2026:01:32:47 +0000] "GET /data.php HTTP/1.1" 404 11185 "-" "Mozilla/5.0 (Windows NT 10.0; Win64; x64) AppleWebKit/537.36 (KHTML, like Gecko) Chrome/120.0.0.0 Safari/537.36"
20.58.181.177 - - [20/May/2026:01:32:48 +0000] "GET /ioxi-o.php HTTP/1.1" 404 11187 "-" "Mozilla/5.0 (Windows NT 10.0; Win64; x64) AppleWebKit/537.36 (KHTML, like Gecko) Chrome/120.0.0.0 Safari/537.36"
20.58.181.177 - - [20/May/2026:01:32:49 +0000] "GET /as.php HTTP/1.1" 404 11184 "-" "Mozilla/5.0 (Windows NT 10.0; Win64; x64) AppleWebKit/537.36 (KHTML, like Gecko) Chrome/120.0.0.0 Safari/537.36"
20.58.181.177 - - [20/May/2026:01:32:50 +0000] "GET /term.php HTTP/1.1" 404 11185 "-" "Mozilla/5.0 (Windows NT 10.0; Win64; x64) AppleWebKit/537.36 (KHTML, like Gecko) Chrome/120.0.0.0 Safari/537.36"
20.58.181.177 - - [20/May/2026:01:32:52 +0000] "GET /vx.php HTTP/1.1" 404 11185 "-" "Mozilla/5.0 (Windows NT 10.0; Win64; x64) AppleWebKit/537.36 (KHTML, like Gecko) Chrome/120.0.0.0 Safari/537.36"
20.58.181.177 - - [20/May/2026:01:32:53 +0000] "GET /wp-includes/PHPMailer HTTP/1.1" 301 271 "-" "Mozilla/5.0 (Windows NT 10.0; Win64; x64) AppleWebKit/537.36 (KHTML, like Gecko) Chrome/120.0.0.0 Safari/537.36"
20.58.181.177 - - [20/May/2026:01:32:53 +0000] "GET /a7.php HTTP/1.1" 404 11184 "-" "Mozilla/5.0 (Windows NT 10.0; Win64; x64) AppleWebKit/537.36 (KHTML, like Gecko) Chrome/120.0.0.0 Safari/537.36"
20.58.181.177 - - [20/May/2026:01:32:54 +0000] "GET /wp-admin/css/colors/ectoplasm HTTP/1.1" 301 279 "-" "Mozilla/5.0 (Windows NT 10.0; Win64; x64) AppleWebKit/537.36 (KHTML, like Gecko) Chrome/120.0.0.0 Safari/537.36"
184.94.212.206 - - [20/May/2026:01:32:55 +0000] "POST /wp-cron.php?doing_wp_cron=1779240775.2086310386657714843750 HTTP/1.1" 200 - "-" "WordPress/6.9.4; https://instadigitalphotography.com"
20.58.181.177 - - [20/May/2026:01:32:54 +0000] "GET /wp-content/themes/seotheme/mar.php HTTP/1.1" 404 11314 "-" "Mozilla/5.0 (Windows NT 10.0; Win64; x64) AppleWebKit/537.36 (KHTML, like Gecko) Chrome/120.0.0.0 Safari/537.36"
20.58.181.177 - - [20/May/2026:01:32:55 +0000] "GET /222.php HTTP/1.1" 404 11185 "-" "Mozilla/5.0 (Windows NT 10.0; Win64; x64) AppleWebKit/537.36 (KHTML, like Gecko) Chrome/120.0.0.0 Safari/537.36"
20.58.181.177 - - [20/May/2026:01:32:56 +0000] "GET /7logs.php HTTP/1.1" 404 11186 "-" "Mozilla/5.0 (Windows NT 10.0; Win64; x64) AppleWebKit/537.36 (KHTML, like Gecko) Chrome/120.0.0.0 Safari/537.36"
20.58.181.177 - - [20/May/2026:01:32:57 +0000] "GET /a.php HTTP/1.1" 404 11183 "-" "Mozilla/5.0 (Windows NT 10.0; Win64; x64) AppleWebKit/537.36 (KHTML, like Gecko) Chrome/120.0.0.0 Safari/537.36"
20.58.181.177 - - [20/May/2026:01:32:58 +0000] "GET /abc.php HTTP/1.1" 404 11185 "-" "Mozilla/5.0 (Windows NT 10.0; Win64; x64) AppleWebKit/537.36 (KHTML, like Gecko) Chrome/120.0.0.0 Safari/537.36"
20.58.181.177 - - [20/May/2026:01:32:59 +0000] "GET /fone1.php HTTP/1.1" 404 11187 "-" "Mozilla/5.0 (Windows NT 10.0; Win64; x64) AppleWebKit/537.36 (KHTML, like Gecko) Chrome/120.0.0.0 Safari/537.36"
20.58.181.177 - - [20/May/2026:01:33:00 +0000] "GET /lib.php HTTP/1.1" 404 11185 "-" "Mozilla/5.0 (Windows NT 10.0; Win64; x64) AppleWebKit/537.36 (KHTML, like Gecko) Chrome/120.0.0.0 Safari/537.36"
20.58.181.177 - - [20/May/2026:01:33:01 +0000] "GET /sadcut1.php HTTP/1.1" 404 11188 "-" "Mozilla/5.0 (Windows NT 10.0; Win64; x64) AppleWebKit/537.36 (KHTML, like Gecko) Chrome/120.0.0.0 Safari/537.36"
184.94.212.206 - - [20/May/2026:01:33:03 +0000] "GET /wp-json/jetpack/v4/sync/spawn-sync?time=1779240783&request_lock_id=cd3a9cdf-1d7c-4667-b144-77b487bba182 HTTP/1.1" 200 37 "-" "WordPress/6.9.4; https://instadigitalphotography.com"
20.58.181.177 - - [20/May/2026:01:33:02 +0000] "GET /wp-includes/interactivity-api/index.php HTTP/1.1" 301 - "-" "Mozilla/5.0 (Windows NT 10.0; Win64; x64) AppleWebKit/537.36 (KHTML, like Gecko) Chrome/120.0.0.0 Safari/537.36"
20.58.181.177 - - [20/May/2026:01:33:04 +0000] "GET /xmlrpc.php HTTP/1.1" 404 11188 "-" "Mozilla/5.0 (Windows NT 10.0; Win64; x64) AppleWebKit/537.36 (KHTML, like Gecko) Chrome/120.0.0.0 Safari/537.36"
184.94.212.206 - - [20/May/2026:01:33:05 +0000] "GET /wp-json/jetpack/v4/sync/spawn-sync?time=1779240785&request_lock_id=17dd61d0-82d9-4b6e-853b-385cf2b5069b HTTP/1.1" 200 37 "-" "WordPress/6.9.4; https://instadigitalphotography.com"
20.58.181.177 - - [20/May/2026:01:33:06 +0000] "GET /aa.php HTTP/1.1" 404 11184 "-" "Mozilla/5.0 (Windows NT 10.0; Win64; x64) AppleWebKit/537.36 (KHTML, like Gecko) Chrome/120.0.0.0 Safari/537.36"
20.58.181.177 - - [20/May/2026:01:33:07 +0000] "GET /admin.php/wp-includes/certificates/about.php HTTP/1.1" 404 11323 "-" "Mozilla/5.0 (Windows NT 10.0; Win64; x64) AppleWebKit/537.36 (KHTML, like Gecko) Chrome/120.0.0.0 Safari/537.36"
20.58.181.177 - - [20/May/2026:01:33:08 +0000] "GET /amax.php HTTP/1.1" 404 11186 "-" "Mozilla/5.0 (Windows NT 10.0; Win64; x64) AppleWebKit/537.36 (KHTML, like Gecko) Chrome/120.0.0.0 Safari/537.36"
20.58.181.177 - - [20/May/2026:01:33:09 +0000] "GET /av.php HTTP/1.1" 404 11185 "-" "Mozilla/5.0 (Windows NT 10.0; Win64; x64) AppleWebKit/537.36 (KHTML, like Gecko) Chrome/120.0.0.0 Safari/537.36"
20.58.181.177 - - [20/May/2026:01:33:10 +0000] "GET /function/function.php HTTP/1.1" 404 11187 "-" "Mozilla/5.0 (Windows NT 10.0; Win64; x64) AppleWebKit/537.36 (KHTML, like Gecko) Chrome/120.0.0.0 Safari/537.36"
20.58.181.177 - - [20/May/2026:01:33:11 +0000] "GET /modules/mod_footer/tmpl/index.php HTTP/1.1" 301 - "-" "Mozilla/5.0 (Windows NT 10.0; Win64; x64) AppleWebKit/537.36 (KHTML, like Gecko) Chrome/120.0.0.0 Safari/537.36"
20.58.181.177 - - [20/May/2026:01:33:12 +0000] "GET /wp-admin/js/index.php HTTP/1.1" 301 - "-" "Mozilla/5.0 (Windows NT 10.0; Win64; x64) AppleWebKit/537.36 (KHTML, like Gecko) Chrome/120.0.0.0 Safari/537.36"
20.58.181.177 - - [20/May/2026:01:33:13 +0000] "GET /wp-content/plugins/WordPressCore/include.php HTTP/1.1" 404 11316 "-" "Mozilla/5.0 (Windows NT 10.0; Win64; x64) AppleWebKit/537.36 (KHTML, like Gecko) Chrome/120.0.0.0 Safari/537.36"
20.58.181.177 - - [20/May/2026:01:33:14 +0000] "GET /wp-content/plugins/index.php HTTP/1.1" 301 - "-" "Mozilla/5.0 (Windows NT 10.0; Win64; x64) AppleWebKit/537.36 (KHTML, like Gecko) Chrome/120.0.0.0 Safari/537.36"
20.58.181.177 - - [20/May/2026:01:33:15 +0000] "GET /wp-content/upgrade/index.php HTTP/1.1" 301 - "-" "Mozilla/5.0 (Windows NT 10.0; Win64; x64) AppleWebKit/537.36 (KHTML, like Gecko) Chrome/120.0.0.0 Safari/537.36"
20.58.181.177 - - [20/May/2026:01:33:16 +0000] "GET /ahax.php HTTP/1.1" 404 11186 "-" "Mozilla/5.0 (Windows NT 10.0; Win64; x64) AppleWebKit/537.36 (KHTML, like Gecko) Chrome/120.0.0.0 Safari/537.36"
20.58.181.177 - - [20/May/2026:01:33:17 +0000] "GET /alfa.php HTTP/1.1" 404 11186 "-" "Mozilla/5.0 (Windows NT 10.0; Win64; x64) AppleWebKit/537.36 (KHTML, like Gecko) Chrome/120.0.0.0 Safari/537.36"
20.58.181.177 - - [20/May/2026:01:33:18 +0000] "GET /bolt.php HTTP/1.1" 404 11186 "-" "Mozilla/5.0 (Windows NT 10.0; Win64; x64) AppleWebKit/537.36 (KHTML, like Gecko) Chrome/120.0.0.0 Safari/537.36"
20.58.181.177 - - [20/May/2026:01:33:19 +0000] "GET /wp-content/themes/about.php HTTP/1.1" 404 11310 "-" "Mozilla/5.0 (Windows NT 10.0; Win64; x64) AppleWebKit/537.36 (KHTML, like Gecko) Chrome/120.0.0.0 Safari/537.36"
20.58.181.177 - - [20/May/2026:01:33:20 +0000] "GET /wp-includes/Text/index.php HTTP/1.1" 301 - "-" "Mozilla/5.0 (Windows NT 10.0; Win64; x64) AppleWebKit/537.36 (KHTML, like Gecko) Chrome/120.0.0.0 Safari/537.36"
20.58.181.177 - - [20/May/2026:01:33:21 +0000] "GET /wp-signin.php HTTP/1.1" 404 11186 "-" "Mozilla/5.0 (Windows NT 10.0; Win64; x64) AppleWebKit/537.36 (KHTML, like Gecko) Chrome/120.0.0.0 Safari/537.36"
20.58.181.177 - - [20/May/2026:01:33:22 +0000] "GET /x.php HTTP/1.1" 404 11184 "-" "Mozilla/5.0 (Windows NT 10.0; Win64; x64) AppleWebKit/537.36 (KHTML, like Gecko) Chrome/120.0.0.0 Safari/537.36"
20.58.181.177 - - [20/May/2026:01:33:23 +0000] "GET /about/function.php HTTP/1.1" 404 11188 "-" "Mozilla/5.0 (Windows NT 10.0; Win64; x64) AppleWebKit/537.36 (KHTML, like Gecko) Chrome/120.0.0.0 Safari/537.36"
20.58.181.177 - - [20/May/2026:01:33:24 +0000] "GET /bless.php HTTP/1.1" 404 11186 "-" "Mozilla/5.0 (Windows NT 10.0; Win64; x64) AppleWebKit/537.36 (KHTML, like Gecko) Chrome/120.0.0.0 Safari/537.36"
20.58.181.177 - - [20/May/2026:01:33:25 +0000] "GET /content.php HTTP/1.1" 404 11185 "-" "Mozilla/5.0 (Windows NT 10.0; Win64; x64) AppleWebKit/537.36 (KHTML, like Gecko) Chrome/120.0.0.0 Safari/537.36"
20.58.181.177 - - [20/May/2026:01:33:26 +0000] "GET /radio.php HTTP/1.1" 404 11186 "-" "Mozilla/5.0 (Windows NT 10.0; Win64; x64) AppleWebKit/537.36 (KHTML, like Gecko) Chrome/120.0.0.0 Safari/537.36"
20.58.181.177 - - [20/May/2026:01:33:27 +0000] "GET /wp-content/about.php HTTP/1.1" 404 11187 "-" "Mozilla/5.0 (Windows NT 10.0; Win64; x64) AppleWebKit/537.36 (KHTML, like Gecko) Chrome/120.0.0.0 Safari/537.36"
20.58.181.177 - - [20/May/2026:01:33:28 +0000] "GET /wp-content/uploads/admin.php HTTP/1.1" 404 11311 "-" "Mozilla/5.0 (Windows NT 10.0; Win64; x64) AppleWebKit/537.36 (KHTML, like Gecko) Chrome/120.0.0.0 Safari/537.36"
20.58.181.177 - - [20/May/2026:01:33:29 +0000] "GET /wp-includes/pomo HTTP/1.1" 301 266 "-" "Mozilla/5.0 (Windows NT 10.0; Win64; x64) AppleWebKit/537.36 (KHTML, like Gecko) Chrome/120.0.0.0 Safari/537.36"
20.58.181.177 - - [20/May/2026:01:33:29 +0000] "GET /.dj/index.php HTTP/1.1" 301 - "-" "Mozilla/5.0 (Windows NT 10.0; Win64; x64) AppleWebKit/537.36 (KHTML, like Gecko) Chrome/120.0.0.0 Safari/537.36"
20.58.181.177 - - [20/May/2026:01:33:30 +0000] "GET /aaa.php HTTP/1.1" 404 11186 "-" "Mozilla/5.0 (Windows NT 10.0; Win64; x64) AppleWebKit/537.36 (KHTML, like Gecko) Chrome/120.0.0.0 Safari/537.36"
20.58.181.177 - - [20/May/2026:01:33:31 +0000] "GET /abcd.php HTTP/1.1" 404 11186 "-" "Mozilla/5.0 (Windows NT 10.0; Win64; x64) AppleWebKit/537.36 (KHTML, like Gecko) Chrome/120.0.0.0 Safari/537.36"
20.58.181.177 - - [20/May/2026:01:33:32 +0000] "GET /admin/function.php HTTP/1.1" 404 11187 "-" "Mozilla/5.0 (Windows NT 10.0; Win64; x64) AppleWebKit/537.36 (KHTML, like Gecko) Chrome/120.0.0.0 Safari/537.36"
192.0.102.146 - - [20/May/2026:01:33:34 +0000] "HEAD / HTTP/1.1" 200 - "-" "jetmon/1.0 (Jetpack Site Uptime Monitor by WordPress.com)"
184.94.212.206 - - [20/May/2026:01:34:37 +0000] "GET /wp-json/jetpack/v4/sync/spawn-sync?time=1779240877&request_lock_id=b2cb934f-424a-4dfa-b70e-d5d52950f499 HTTP/1.1" 200 37 "-" "WordPress/6.9.4; https://instadigitalphotography.com"
43.128.104.75 - - [20/May/2026:01:34:35 +0000] "GET /category/equipment/ HTTP/1.1" 200 34717 "-" "Mozilla/5.0 (iPhone; CPU iPhone OS 13_2_3 like Mac OS X) AppleWebKit/605.1.15 (KHTML, like Gecko) Version/13.0.3 Mobile/15E148 Safari/604.1"
184.94.212.206 - - [20/May/2026:01:37:17 +0000] "POST /wp-cron.php?doing_wp_cron=1779241037.3896501064300537109375 HTTP/1.1" 200 - "-" "WordPress/6.9.4; https://instadigitalphotography.com"
184.94.212.206 - - [20/May/2026:01:37:17 +0000] "GET /wp-json/jetpack/v4/sync/spawn-sync?time=1779241037&request_lock_id=42ee4bdb-27de-44d6-984c-ea577a4d3638 HTTP/1.1" 200 37 "-" "WordPress/6.9.4; https://instadigitalphotography.com"
136.144.35.5 - - [20/May/2026:01:37:15 +0000] "POST /wp-login.php HTTP/1.1" 401 3474 "-" "Mozilla/5.0"
20.10.88.201 - - [20/May/2026:01:37:19 +0000] "GET /robots.txt HTTP/1.1" 200 304 "-" "ClarityBot/1.0"
184.94.212.206 - - [20/May/2026:01:38:36 +0000] "POST /wp-cron.php?doing_wp_cron=1779241116.1112430095672607421875 HTTP/1.1" 200 - "-" "WordPress/6.9.4; https://instadigitalphotography.com"
184.94.212.206 - - [20/May/2026:01:38:36 +0000] "GET /wp-json/jetpack/v4/sync/spawn-sync?time=1779241116&request_lock_id=ea06a621-e190-4d33-b56e-59d3d2600310 HTTP/1.1" 200 37 "-" "WordPress/6.9.4; https://instadigitalphotography.com"
192.0.102.146 - - [20/May/2026:01:38:34 +0000] "HEAD / HTTP/1.1" 200 - "-" "jetmon/1.0 (Jetpack Site Uptime Monitor by WordPress.com)"
184.94.212.206 - - [20/May/2026:01:42:17 +0000] "POST /wp-cron.php?doing_wp_cron=1779241337.6123640537261962890625 HTTP/1.1" 200 - "-" "WordPress/6.9.4; https://instadigitalphotography.com"
184.94.212.206 - - [20/May/2026:01:42:17 +0000] "GET /wp-json/jetpack/v4/sync/spawn-sync?time=1779241337&request_lock_id=0c862898-d408-45ed-b0d9-7e3f3a018280 HTTP/1.1" 200 37 "-" "WordPress/6.9.4; https://instadigitalphotography.com"
82.38.180.143 - - [20/May/2026:01:42:16 +0000] "GET /learn-photography-and-capture-the-moment/?share=facebook&%3Bamp= HTTP/1.1" 302 - "-" "Mozilla/5.0 (Macintosh; Intel Mac OS X 10.15; rv:{version}.0) Gecko/20100101 Firefox/133.0"
77.75.76.171 - - [20/May/2026:01:42:22 +0000] "GET /favicon.ico HTTP/1.1" 302 - "-" "Mozilla/5.0 (compatible; SeznamBot/4.0; +https://o-seznam.cz/napoveda/vyhledavani/en/seznambot-crawler/)"
184.94.212.206 - - [20/May/2026:01:43:35 +0000] "POST /wp-cron.php?doing_wp_cron=1779241415.3236908912658691406250 HTTP/1.1" 200 - "-" "WordPress/6.9.4; https://instadigitalphotography.com"
184.94.212.206 - - [20/May/2026:01:43:35 +0000] "GET /wp-json/jetpack/v4/sync/spawn-sync?time=1779241415&request_lock_id=e28a0177-5008-46b3-a5ba-4b2684e86351 HTTP/1.1" 200 37 "-" "WordPress/6.9.4; https://instadigitalphotography.com"
192.0.102.146 - - [20/May/2026:01:43:34 +0000] "HEAD / HTTP/1.1" 200 - "-" "jetmon/1.0 (Jetpack Site Uptime Monitor by WordPress.com)"
69.30.255.34 - - [20/May/2026:01:44:24 +0000] "GET /feed/ HTTP/1.1" 200 27063 "-" "Mozilla/5.0 (Macintosh; Intel Mac OS X 10_15_7) AppleWebKit/605.1.15 (KHTML, like Gecko) Version/18.4 Safari/605.1.15"
184.94.212.206 - - [20/May/2026:01:45:53 +0000] "POST /wp-cron.php?doing_wp_cron=1779241553.4043641090393066406250 HTTP/1.1" 200 - "-" "WordPress/6.9.4; https://instadigitalphotography.com"
184.94.212.206 - - [20/May/2026:01:45:53 +0000] "GET /wp-json/jetpack/v4/sync/spawn-sync?time=1779241553&request_lock_id=12675073-823f-41ff-8684-cbf0f34573e5 HTTP/1.1" 200 37 "-" "WordPress/6.9.4; https://instadigitalphotography.com"
103.168.67.107 - - [20/May/2026:01:45:51 +0000] "POST / HTTP/1.1" 200 12425 "-" "Mozilla/5.0 (Windows NT 10.0; Win64; x64) AppleWebKit/537.36"
103.168.67.107 - - [20/May/2026:01:45:54 +0000] "POST / HTTP/1.1" 200 12425 "-" "Mozilla/5.0 (Windows NT 10.0; Win64; x64) AppleWebKit/537.36"
173.239.240.21 - - [20/May/2026:01:46:13 +0000] "POST /wp-login.php HTTP/1.1" 401 3475 "-" "Mozilla/5.0"
43.153.58.28 - - [20/May/2026:01:46:17 +0000] "GET /wp-json/wp/v2/pages/9 HTTP/1.1" 200 7055 "-" "Mozilla/5.0 (iPhone; CPU iPhone OS 13_2_3 like Mac OS X) AppleWebKit/605.1.15 (KHTML, like Gecko) Version/13.0.3 Mobile/15E148 Safari/604.1"
184.94.212.206 - - [20/May/2026:01:48:34 +0000] "POST /wp-cron.php?doing_wp_cron=1779241714.6849739551544189453125 HTTP/1.1" 200 - "-" "WordPress/6.9.4; https://instadigitalphotography.com"
184.94.212.206 - - [20/May/2026:01:48:34 +0000] "GET /wp-json/jetpack/v4/sync/spawn-sync?time=1779241714&request_lock_id=aef97077-462b-48c8-9417-6952abcc3d5b HTTP/1.1" 200 37 "-" "WordPress/6.9.4; https://instadigitalphotography.com"
192.0.102.146 - - [20/May/2026:01:48:33 +0000] "HEAD / HTTP/1.1" 200 - "-" "jetmon/1.0 (Jetpack Site Uptime Monitor by WordPress.com)"
184.94.212.206 - - [20/May/2026:01:53:33 +0000] "POST /wp-cron.php?doing_wp_cron=1779242013.8857541084289550781250 HTTP/1.1" 200 - "-" "WordPress/6.9.4; https://instadigitalphotography.com"
184.94.212.206 - - [20/May/2026:01:53:33 +0000] "GET /wp-json/jetpack/v4/sync/spawn-sync?time=1779242013&request_lock_id=40fc0567-9d4e-497e-b7c2-0b1165fac294 HTTP/1.1" 200 37 "-" "WordPress/6.9.4; https://instadigitalphotography.com"
192.0.102.146 - - [20/May/2026:01:53:32 +0000] "HEAD / HTTP/1.1" 200 - "-" "jetmon/1.0 (Jetpack Site Uptime Monitor by WordPress.com)"
20.10.88.201 - - [20/May/2026:01:53:35 +0000] "GET /robots.txt HTTP/1.1" 200 304 "-" "ClarityBot/1.0"
43.167.239.66 - - [20/May/2026:01:53:55 +0000] "GET /how-to-find-the-perfect-spot-for-photos/ HTTP/1.1" 200 16380 "-" "Mozilla/5.0 (iPhone; CPU iPhone OS 13_2_3 like Mac OS X) AppleWebKit/605.1.15 (KHTML, like Gecko) Version/13.0.3 Mobile/15E148 Safari/604.1"
184.94.212.206 - - [20/May/2026:01:54:53 +0000] "GET /wp-json/jetpack/v4/sync/spawn-sync?time=1779242093&request_lock_id=13ffca25-7186-4ad4-98ef-0d99642b3357 HTTP/1.1" 200 37 "-" "WordPress/6.9.4; https://instadigitalphotography.com"
173.239.240.14 - - [20/May/2026:01:54:52 +0000] "POST /wp-login.php HTTP/1.1" 401 3475 "-" "Mozilla/5.0"
184.94.212.206 - - [20/May/2026:01:56:28 +0000] "POST /wp-cron.php?doing_wp_cron=1779242188.3793179988861083984375 HTTP/1.1" 200 - "-" "WordPress/6.9.4; https://instadigitalphotography.com"
114.119.159.160 - - [20/May/2026:01:56:26 +0000] "GET /terms-of-use/?noamp=mobile HTTP/1.1" 200 14433 "https://instadigitalphotography.com/terms-of-use?noamp=mobile" "Mozilla/5.0 (Linux; Android 7.0;) AppleWebKit/537.36 (HTML, like Gecko) Mobile Safari/537.36 (compatible; PetalBot;+https://webmaster.petalsearch.com/site/petalbot)"
184.94.212.206 - - [20/May/2026:01:56:28 +0000] "GET /wp-json/jetpack/v4/sync/spawn-sync?time=1779242188&request_lock_id=ed3423d3-2306-4cb1-9acf-2e6015967f2c HTTP/1.1" 200 37 "-" "WordPress/6.9.4; https://instadigitalphotography.com"
184.94.212.206 - - [20/May/2026:01:58:30 +0000] "POST /wp-cron.php?doing_wp_cron=1779242310.0656700134277343750000 HTTP/1.1" 200 - "-" "WordPress/6.9.4; https://instadigitalphotography.com"
184.94.212.206 - - [20/May/2026:01:58:30 +0000] "GET /wp-json/jetpack/v4/sync/spawn-sync?time=1779242310&request_lock_id=9b1c998d-f1d9-447b-b285-f6863725f050 HTTP/1.1" 200 37 "-" "WordPress/6.9.4; https://instadigitalphotography.com"
192.0.102.146 - - [20/May/2026:01:58:28 +0000] "HEAD / HTTP/1.1" 200 - "-" "jetmon/1.0 (Jetpack Site Uptime Monitor by WordPress.com)"
20.10.88.227 - - [20/May/2026:01:58:31 +0000] "GET /robots.txt HTTP/1.1" 200 304 "-" "ClarityBot/1.0"
184.94.212.206 - - [20/May/2026:02:03:32 +0000] "POST /wp-cron.php?doing_wp_cron=1779242612.0911560058593750000000 HTTP/1.1" 200 - "-" "WordPress/6.9.4; https://instadigitalphotography.com"
184.94.212.206 - - [20/May/2026:02:03:32 +0000] "GET /wp-json/jetpack/v4/sync/spawn-sync?time=1779242612&request_lock_id=6e522348-066c-4c55-bd82-e9969d1841d4 HTTP/1.1" 200 37 "-" "WordPress/6.9.4; https://instadigitalphotography.com"
192.0.102.146 - - [20/May/2026:02:03:30 +0000] "HEAD / HTTP/1.1" 200 - "-" "jetmon/1.0 (Jetpack Site Uptime Monitor by WordPress.com)"
173.239.240.8 - - [20/May/2026:02:03:48 +0000] "POST /wp-login.php HTTP/1.1" 401 3474 "-" "Mozilla/5.0"
71.6.134.233 - - [20/May/2026:02:05:07 +0000] "GET / HTTP/1.1" 200 12355 "-" "Mozilla/5.0 (Windows NT 10.0; Win64; x64) AppleWebKit/537.36 (KHTML, like Gecko) Chrome/133.0.0.0 Safari/537.36"
184.94.212.206 - - [20/May/2026:02:08:32 +0000] "POST /wp-cron.php?doing_wp_cron=1779242912.3419930934906005859375 HTTP/1.1" 200 - "-" "WordPress/6.9.4; https://instadigitalphotography.com"
184.94.212.206 - - [20/May/2026:02:08:32 +0000] "GET /wp-json/jetpack/v4/sync/spawn-sync?time=1779242912&request_lock_id=a25e2ad8-0fc5-445b-b9ba-4d37f9e76459 HTTP/1.1" 200 37 "-" "WordPress/6.9.4; https://instadigitalphotography.com"
192.0.102.146 - - [20/May/2026:02:08:30 +0000] "HEAD / HTTP/1.1" 200 - "-" "jetmon/1.0 (Jetpack Site Uptime Monitor by WordPress.com)"
20.10.88.201 - - [20/May/2026:02:08:34 +0000] "GET /robots.txt HTTP/1.1" 200 304 "-" "ClarityBot/1.0"
120.240.178.192 - - [20/May/2026:02:08:53 +0000] "GET /robots.txt HTTP/1.1" 200 155 "-" "Mozilla/5.0 (Windows NT 10.0; Win64; x64) AppleWebKit/537.36 (KHTML, like Gecko) Chrome/65.0.3664.92 Safari/537.36 OPR/63.0.3368.43"
184.94.212.206 - - [20/May/2026:02:10:13 +0000] "POST /wp-cron.php?doing_wp_cron=1779243013.0234429836273193359375 HTTP/1.1" 200 - "-" "WordPress/6.9.4; https://instadigitalphotography.com"
74.249.173.207 - - [20/May/2026:02:10:10 +0000] "GET /wp-content/plugins/hellopress/wp_filemanager.php HTTP/1.1" 404 45823 "-" "-"
184.94.212.206 - - [20/May/2026:02:10:13 +0000] "GET /wp-json/jetpack/v4/sync/spawn-sync?time=1779243013&request_lock_id=f0c361eb-af4a-46f7-9412-22eaebe82dcf HTTP/1.1" 200 37 "-" "WordPress/6.9.4; https://instadigitalphotography.com"
74.249.173.207 - - [20/May/2026:02:10:14 +0000] "GET /r.php HTTP/1.1" 404 45260 "-" "-"
74.249.173.207 - - [20/May/2026:02:10:15 +0000] "GET /ight.php HTTP/1.1" 404 45263 "-" "-"
74.249.173.207 - - [20/May/2026:02:10:16 +0000] "GET /wpns.php HTTP/1.1" 404 45263 "-" "-"
74.249.173.207 - - [20/May/2026:02:10:17 +0000] "GET /er.php HTTP/1.1" 404 45261 "-" "-"
74.249.173.207 - - [20/May/2026:02:10:18 +0000] "GET /sql.php HTTP/1.1" 404 45262 "-" "-"
74.249.173.207 - - [20/May/2026:02:10:19 +0000] "GET /lang/es.php HTTP/1.1" 404 45266 "-" "-"
74.249.173.207 - - [20/May/2026:02:10:20 +0000] "GET /getir.php HTTP/1.1" 404 45264 "-" "-"
74.249.173.207 - - [20/May/2026:02:10:21 +0000] "GET /core/init.php HTTP/1.1" 404 45268 "-" "-"
74.249.173.207 - - [20/May/2026:02:10:22 +0000] "GET /aa.php HTTP/1.1" 404 45261 "-" "-"
