34.208.194.0 - - [19/May/2026:23:24:35 +0000] "GET /wp-content/plugins/contact-form-7/includes/css/styles.css?ver=6.1.6 HTTP/1.1" 200 1036 "https://ideainitself.com/services/" "Mozilla/5.0 (X11; Linux x86_64) AppleWebKit/537.36 (KHTML, like Gecko) Chrome/145.0.0.0 Safari/537.36 (Stripebot/1.0; +https://docs.stripe.com/stripebot-crawler)"
34.208.194.0 - - [19/May/2026:23:24:35 +0000] "GET /wp-content/themes/generatepress/assets/css/components/widget-areas.min.css?ver=3.6.1 HTTP/1.1" 200 693 "https://ideainitself.com/services/" "Mozilla/5.0 (X11; Linux x86_64) AppleWebKit/537.36 (KHTML, like Gecko) Chrome/145.0.0.0 Safari/537.36 (Stripebot/1.0; +https://docs.stripe.com/stripebot-crawler)"
34.208.194.0 - - [19/May/2026:23:24:35 +0000] "GET /wp-content/themes/generatepress/assets/css/main.min.css?ver=3.6.1 HTTP/1.1" 200 4675 "https://ideainitself.com/services/" "Mozilla/5.0 (X11; Linux x86_64) AppleWebKit/537.36 (KHTML, like Gecko) Chrome/145.0.0.0 Safari/537.36 (Stripebot/1.0; +https://docs.stripe.com/stripebot-crawler)"
34.208.194.0 - - [19/May/2026:23:24:35 +0000] "GET /wp-content/plugins/contact-form-7/modules/stripe/style.css?ver=6.1.6 HTTP/1.1" 200 192 "https://ideainitself.com/services/" "Mozilla/5.0 (X11; Linux x86_64) AppleWebKit/537.36 (KHTML, like Gecko) Chrome/145.0.0.0 Safari/537.36 (Stripebot/1.0; +https://docs.stripe.com/stripebot-crawler)"
34.208.194.0 - - [19/May/2026:23:24:35 +0000] "GET /wp-content/plugins/contact-form-7/includes/swv/js/index.js?ver=6.1.6 HTTP/1.1" 200 3503 "https://ideainitself.com/services/" "Mozilla/5.0 (X11; Linux x86_64) AppleWebKit/537.36 (KHTML, like Gecko) Chrome/145.0.0.0 Safari/537.36 (Stripebot/1.0; +https://docs.stripe.com/stripebot-crawler)"
34.208.194.0 - - [19/May/2026:23:24:35 +0000] "GET /wp-content/plugins/contact-form-7/includes/js/index.js?ver=6.1.6 HTTP/1.1" 200 4265 "https://ideainitself.com/services/" "Mozilla/5.0 (X11; Linux x86_64) AppleWebKit/537.36 (KHTML, like Gecko) Chrome/145.0.0.0 Safari/537.36 (Stripebot/1.0; +https://docs.stripe.com/stripebot-crawler)"
34.208.194.0 - - [19/May/2026:23:24:35 +0000] "GET /wp-content/plugins/contact-form-7/modules/stripe/index.js?ver=6.1.6 HTTP/1.1" 200 1278 "https://ideainitself.com/services/" "Mozilla/5.0 (X11; Linux x86_64) AppleWebKit/537.36 (KHTML, like Gecko) Chrome/145.0.0.0 Safari/537.36 (Stripebot/1.0; +https://docs.stripe.com/stripebot-crawler)"
34.208.194.0 - - [19/May/2026:23:24:35 +0000] "GET /wp-content/themes/generatepress/assets/js/menu.min.js?ver=3.6.1 HTTP/1.1" 200 1836 "https://ideainitself.com/services/" "Mozilla/5.0 (X11; Linux x86_64) AppleWebKit/537.36 (KHTML, like Gecko) Chrome/145.0.0.0 Safari/537.36 (Stripebot/1.0; +https://docs.stripe.com/stripebot-crawler)"
34.208.194.0 - - [19/May/2026:23:24:35 +0000] "GET /wp-content/plugins/wp-consent-api/assets/js/wp-consent-api.min.js?ver=2.0.1 HTTP/1.1" 200 822 "https://ideainitself.com/services/" "Mozilla/5.0 (X11; Linux x86_64) AppleWebKit/537.36 (KHTML, like Gecko) Chrome/145.0.0.0 Safari/537.36 (Stripebot/1.0; +https://docs.stripe.com/stripebot-crawler)"
34.208.194.0 - - [19/May/2026:23:24:35 +0000] "GET /wp-content/plugins/contact-form-7/modules/recaptcha/index.js?ver=6.1.6 HTTP/1.1" 200 483 "https://ideainitself.com/services/" "Mozilla/5.0 (X11; Linux x86_64) AppleWebKit/537.36 (KHTML, like Gecko) Chrome/145.0.0.0 Safari/537.36 (Stripebot/1.0; +https://docs.stripe.com/stripebot-crawler)"
34.208.194.0 - - [19/May/2026:23:24:35 +0000] "GET /wp-content/plugins/google-site-kit/dist/assets/js/googlesitekit-consent-mode-da15714e8829855bb7ce.js HTTP/1.1" 200 25462 "https://ideainitself.com/services/" "Mozilla/5.0 (X11; Linux x86_64) AppleWebKit/537.36 (KHTML, like Gecko) Chrome/145.0.0.0 Safari/537.36 (Stripebot/1.0; +https://docs.stripe.com/stripebot-crawler)"
34.208.194.0 - - [19/May/2026:23:24:37 +0000] "GET /wp-includes/js/wp-emoji-release.min.js?ver=6.9.4 HTTP/1.1" 200 5375 "https://ideainitself.com/services/" "Mozilla/5.0 (X11; Linux x86_64) AppleWebKit/537.36 (KHTML, like Gecko) Chrome/145.0.0.0 Safari/537.36 (Stripebot/1.0; +https://docs.stripe.com/stripebot-crawler)"
35.85.76.34 - - [19/May/2026:23:24:43 +0000] "GET /blog/ HTTP/1.1" 200 52639 "https://www.google.com/" "Mozilla/5.0 (X11; Linux x86_64) AppleWebKit/537.36 (KHTML, like Gecko) Chrome/145.0.0.0 Safari/537.36 (Stripebot/1.0; +https://docs.stripe.com/stripebot-crawler)"
35.85.76.34 - - [19/May/2026:23:24:44 +0000] "GET /wp-content/plugins/contact-form-7/modules/stripe/style.css?ver=6.1.6 HTTP/1.1" 200 192 "https://ideainitself.com/blog/" "Mozilla/5.0 (X11; Linux x86_64) AppleWebKit/537.36 (KHTML, like Gecko) Chrome/145.0.0.0 Safari/537.36 (Stripebot/1.0; +https://docs.stripe.com/stripebot-crawler)"
35.85.76.34 - - [19/May/2026:23:24:44 +0000] "GET /wp-content/themes/generatepress/assets/css/components/widget-areas.min.css?ver=3.6.1 HTTP/1.1" 200 693 "https://ideainitself.com/blog/" "Mozilla/5.0 (X11; Linux x86_64) AppleWebKit/537.36 (KHTML, like Gecko) Chrome/145.0.0.0 Safari/537.36 (Stripebot/1.0; +https://docs.stripe.com/stripebot-crawler)"
35.85.76.34 - - [19/May/2026:23:24:44 +0000] "GET /wp-content/plugins/contact-form-7/includes/css/styles.css?ver=6.1.6 HTTP/1.1" 200 1036 "https://ideainitself.com/blog/" "Mozilla/5.0 (X11; Linux x86_64) AppleWebKit/537.36 (KHTML, like Gecko) Chrome/145.0.0.0 Safari/537.36 (Stripebot/1.0; +https://docs.stripe.com/stripebot-crawler)"
35.85.76.34 - - [19/May/2026:23:24:44 +0000] "GET /wp-content/themes/generatepress/assets/css/main.min.css?ver=3.6.1 HTTP/1.1" 200 4675 "https://ideainitself.com/blog/" "Mozilla/5.0 (X11; Linux x86_64) AppleWebKit/537.36 (KHTML, like Gecko) Chrome/145.0.0.0 Safari/537.36 (Stripebot/1.0; +https://docs.stripe.com/stripebot-crawler)"
35.85.76.34 - - [19/May/2026:23:24:44 +0000] "GET /wp-content/plugins/contact-form-7/includes/swv/js/index.js?ver=6.1.6 HTTP/1.1" 200 3503 "https://ideainitself.com/blog/" "Mozilla/5.0 (X11; Linux x86_64) AppleWebKit/537.36 (KHTML, like Gecko) Chrome/145.0.0.0 Safari/537.36 (Stripebot/1.0; +https://docs.stripe.com/stripebot-crawler)"
35.85.76.34 - - [19/May/2026:23:24:44 +0000] "GET /wp-content/plugins/contact-form-7/modules/stripe/index.js?ver=6.1.6 HTTP/1.1" 200 1278 "https://ideainitself.com/blog/" "Mozilla/5.0 (X11; Linux x86_64) AppleWebKit/537.36 (KHTML, like Gecko) Chrome/145.0.0.0 Safari/537.36 (Stripebot/1.0; +https://docs.stripe.com/stripebot-crawler)"
35.85.76.34 - - [19/May/2026:23:24:44 +0000] "GET /wp-content/plugins/contact-form-7/includes/js/index.js?ver=6.1.6 HTTP/1.1" 200 4265 "https://ideainitself.com/blog/" "Mozilla/5.0 (X11; Linux x86_64) AppleWebKit/537.36 (KHTML, like Gecko) Chrome/145.0.0.0 Safari/537.36 (Stripebot/1.0; +https://docs.stripe.com/stripebot-crawler)"
35.85.76.34 - - [19/May/2026:23:24:44 +0000] "GET /wp-content/themes/generatepress/assets/js/menu.min.js?ver=3.6.1 HTTP/1.1" 200 1836 "https://ideainitself.com/blog/" "Mozilla/5.0 (X11; Linux x86_64) AppleWebKit/537.36 (KHTML, like Gecko) Chrome/145.0.0.0 Safari/537.36 (Stripebot/1.0; +https://docs.stripe.com/stripebot-crawler)"
35.85.76.34 - - [19/May/2026:23:24:44 +0000] "GET /wp-content/plugins/google-site-kit/dist/assets/js/googlesitekit-consent-mode-da15714e8829855bb7ce.js HTTP/1.1" 200 25462 "https://ideainitself.com/blog/" "Mozilla/5.0 (X11; Linux x86_64) AppleWebKit/537.36 (KHTML, like Gecko) Chrome/145.0.0.0 Safari/537.36 (Stripebot/1.0; +https://docs.stripe.com/stripebot-crawler)"
35.85.76.34 - - [19/May/2026:23:24:44 +0000] "GET /wp-content/plugins/contact-form-7/modules/recaptcha/index.js?ver=6.1.6 HTTP/1.1" 200 483 "https://ideainitself.com/blog/" "Mozilla/5.0 (X11; Linux x86_64) AppleWebKit/537.36 (KHTML, like Gecko) Chrome/145.0.0.0 Safari/537.36 (Stripebot/1.0; +https://docs.stripe.com/stripebot-crawler)"
35.85.76.34 - - [19/May/2026:23:24:44 +0000] "GET /wp-content/plugins/wp-consent-api/assets/js/wp-consent-api.min.js?ver=2.0.1 HTTP/1.1" 200 822 "https://ideainitself.com/blog/" "Mozilla/5.0 (X11; Linux x86_64) AppleWebKit/537.36 (KHTML, like Gecko) Chrome/145.0.0.0 Safari/537.36 (Stripebot/1.0; +https://docs.stripe.com/stripebot-crawler)"
35.85.76.34 - - [19/May/2026:23:24:45 +0000] "GET /wp-includes/js/wp-emoji-release.min.js?ver=6.9.4 HTTP/1.1" 200 5375 "https://ideainitself.com/blog/" "Mozilla/5.0 (X11; Linux x86_64) AppleWebKit/537.36 (KHTML, like Gecko) Chrome/145.0.0.0 Safari/537.36 (Stripebot/1.0; +https://docs.stripe.com/stripebot-crawler)"
34.208.194.0 - - [19/May/2026:23:24:51 +0000] "GET /web-services/ HTTP/1.1" 200 47847 "https://www.google.com/" "Mozilla/5.0 (X11; Linux x86_64) AppleWebKit/537.36 (KHTML, like Gecko) Chrome/145.0.0.0 Safari/537.36 (Stripebot/1.0; +https://docs.stripe.com/stripebot-crawler)"
34.208.194.0 - - [19/May/2026:23:24:52 +0000] "GET /wp-content/plugins/contact-form-7/modules/stripe/style.css?ver=6.1.6 HTTP/1.1" 200 192 "https://ideainitself.com/web-services/" "Mozilla/5.0 (X11; Linux x86_64) AppleWebKit/537.36 (KHTML, like Gecko) Chrome/145.0.0.0 Safari/537.36 (Stripebot/1.0; +https://docs.stripe.com/stripebot-crawler)"
34.208.194.0 - - [19/May/2026:23:24:52 +0000] "GET /wp-content/plugins/contact-form-7/includes/css/styles.css?ver=6.1.6 HTTP/1.1" 200 1036 "https://ideainitself.com/web-services/" "Mozilla/5.0 (X11; Linux x86_64) AppleWebKit/537.36 (KHTML, like Gecko) Chrome/145.0.0.0 Safari/537.36 (Stripebot/1.0; +https://docs.stripe.com/stripebot-crawler)"
34.208.194.0 - - [19/May/2026:23:24:52 +0000] "GET /wp-content/themes/generatepress/assets/css/components/widget-areas.min.css?ver=3.6.1 HTTP/1.1" 200 693 "https://ideainitself.com/web-services/" "Mozilla/5.0 (X11; Linux x86_64) AppleWebKit/537.36 (KHTML, like Gecko) Chrome/145.0.0.0 Safari/537.36 (Stripebot/1.0; +https://docs.stripe.com/stripebot-crawler)"
34.208.194.0 - - [19/May/2026:23:24:52 +0000] "GET /wp-content/themes/generatepress/assets/css/main.min.css?ver=3.6.1 HTTP/1.1" 200 4675 "https://ideainitself.com/web-services/" "Mozilla/5.0 (X11; Linux x86_64) AppleWebKit/537.36 (KHTML, like Gecko) Chrome/145.0.0.0 Safari/537.36 (Stripebot/1.0; +https://docs.stripe.com/stripebot-crawler)"
34.208.194.0 - - [19/May/2026:23:24:52 +0000] "GET /wp-content/plugins/contact-form-7/includes/swv/js/index.js?ver=6.1.6 HTTP/1.1" 200 3503 "https://ideainitself.com/web-services/" "Mozilla/5.0 (X11; Linux x86_64) AppleWebKit/537.36 (KHTML, like Gecko) Chrome/145.0.0.0 Safari/537.36 (Stripebot/1.0; +https://docs.stripe.com/stripebot-crawler)"
34.208.194.0 - - [19/May/2026:23:24:52 +0000] "GET /wp-content/plugins/contact-form-7/includes/js/index.js?ver=6.1.6 HTTP/1.1" 200 4265 "https://ideainitself.com/web-services/" "Mozilla/5.0 (X11; Linux x86_64) AppleWebKit/537.36 (KHTML, like Gecko) Chrome/145.0.0.0 Safari/537.36 (Stripebot/1.0; +https://docs.stripe.com/stripebot-crawler)"
34.208.194.0 - - [19/May/2026:23:24:52 +0000] "GET /wp-content/plugins/contact-form-7/modules/stripe/index.js?ver=6.1.6 HTTP/1.1" 200 1278 "https://ideainitself.com/web-services/" "Mozilla/5.0 (X11; Linux x86_64) AppleWebKit/537.36 (KHTML, like Gecko) Chrome/145.0.0.0 Safari/537.36 (Stripebot/1.0; +https://docs.stripe.com/stripebot-crawler)"
34.208.194.0 - - [19/May/2026:23:24:52 +0000] "GET /wp-content/themes/generatepress/assets/js/menu.min.js?ver=3.6.1 HTTP/1.1" 200 1836 "https://ideainitself.com/web-services/" "Mozilla/5.0 (X11; Linux x86_64) AppleWebKit/537.36 (KHTML, like Gecko) Chrome/145.0.0.0 Safari/537.36 (Stripebot/1.0; +https://docs.stripe.com/stripebot-crawler)"
34.208.194.0 - - [19/May/2026:23:24:52 +0000] "GET /wp-content/plugins/contact-form-7/modules/recaptcha/index.js?ver=6.1.6 HTTP/1.1" 200 483 "https://ideainitself.com/web-services/" "Mozilla/5.0 (X11; Linux x86_64) AppleWebKit/537.36 (KHTML, like Gecko) Chrome/145.0.0.0 Safari/537.36 (Stripebot/1.0; +https://docs.stripe.com/stripebot-crawler)"
34.208.194.0 - - [19/May/2026:23:24:52 +0000] "GET /wp-content/plugins/google-site-kit/dist/assets/js/googlesitekit-consent-mode-da15714e8829855bb7ce.js HTTP/1.1" 200 25462 "https://ideainitself.com/web-services/" "Mozilla/5.0 (X11; Linux x86_64) AppleWebKit/537.36 (KHTML, like Gecko) Chrome/145.0.0.0 Safari/537.36 (Stripebot/1.0; +https://docs.stripe.com/stripebot-crawler)"
34.208.194.0 - - [19/May/2026:23:24:52 +0000] "GET /wp-content/plugins/wp-consent-api/assets/js/wp-consent-api.min.js?ver=2.0.1 HTTP/1.1" 200 822 "https://ideainitself.com/web-services/" "Mozilla/5.0 (X11; Linux x86_64) AppleWebKit/537.36 (KHTML, like Gecko) Chrome/145.0.0.0 Safari/537.36 (Stripebot/1.0; +https://docs.stripe.com/stripebot-crawler)"
34.208.194.0 - - [19/May/2026:23:24:54 +0000] "GET /wp-includes/js/wp-emoji-release.min.js?ver=6.9.4 HTTP/1.1" 200 5375 "https://ideainitself.com/web-services/" "Mozilla/5.0 (X11; Linux x86_64) AppleWebKit/537.36 (KHTML, like Gecko) Chrome/145.0.0.0 Safari/537.36 (Stripebot/1.0; +https://docs.stripe.com/stripebot-crawler)"
91.92.242.223 - - [19/May/2026:23:27:07 +0000] "POST /wp-login.php?action=register HTTP/1.1" 500 188 "-" "-"
184.94.212.206 - - [19/May/2026:23:27:45 +0000] "POST /wp-cron.php?doing_wp_cron=1779233265.9547560214996337890625 HTTP/1.1" 200 - "-" "WordPress/6.9.4; https://ideainitself.com"
192.0.103.42 - - [19/May/2026:23:27:44 +0000] "HEAD / HTTP/1.1" 200 - "-" "jetmon/1.0 (Jetpack Site Uptime Monitor by WordPress.com)"
184.94.212.206 - - [19/May/2026:23:29:47 +0000] "POST /wp-cron.php?doing_wp_cron=1779233386.9806931018829345703125 HTTP/1.1" 200 - "-" "WordPress/6.9.4; https://ideainitself.com"
91.92.242.223 - - [19/May/2026:23:29:44 +0000] "POST /wp-login.php?action=register HTTP/1.1" 200 30979 "-" "-"
192.0.103.42 - - [19/May/2026:23:32:45 +0000] "HEAD / HTTP/1.1" 200 - "-" "jetmon/1.0 (Jetpack Site Uptime Monitor by WordPress.com)"
170.106.113.159 - - [19/May/2026:23:33:20 +0000] "GET /cookie-policy/ HTTP/1.1" 200 49153 "-" "Mozilla/5.0 (iPhone; CPU iPhone OS 13_2_3 like Mac OS X) AppleWebKit/605.1.15 (KHTML, like Gecko) Version/13.0.3 Mobile/15E148 Safari/604.1"
178.16.52.137 - - [19/May/2026:23:35:52 +0000] "POST /wp-login.php?action=register HTTP/1.1" 500 188 "-" "-"
184.94.212.206 - - [19/May/2026:23:37:45 +0000] "POST /wp-cron.php?doing_wp_cron=1779233865.7065210342407226562500 HTTP/1.1" 200 - "-" "WordPress/6.9.4; https://ideainitself.com"
192.0.103.42 - - [19/May/2026:23:37:44 +0000] "HEAD / HTTP/1.1" 200 - "-" "jetmon/1.0 (Jetpack Site Uptime Monitor by WordPress.com)"
184.94.212.206 - - [19/May/2026:23:42:37 +0000] "POST /wp-cron.php?doing_wp_cron=1779234157.7205049991607666015625 HTTP/1.1" 200 - "-" "WordPress/6.9.4; https://ideainitself.com"
43.165.186.188 - - [19/May/2026:23:42:35 +0000] "GET /how-a-college-dropout-used-military-discipline-to-land-a-slack-job-working-smarter-not-harder/ HTTP/1.1" 200 56168 "-" "Mozilla/5.0 (iPhone; CPU iPhone OS 13_2_3 like Mac OS X) AppleWebKit/605.1.15 (KHTML, like Gecko) Version/13.0.3 Mobile/15E148 Safari/604.1"
192.0.103.42 - - [19/May/2026:23:42:44 +0000] "HEAD / HTTP/1.1" 200 - "-" "jetmon/1.0 (Jetpack Site Uptime Monitor by WordPress.com)"
91.92.242.223 - - [19/May/2026:23:47:01 +0000] "POST /wp-login.php?action=register HTTP/1.1" 500 188 "-" "-"
184.94.212.206 - - [19/May/2026:23:47:46 +0000] "POST /wp-cron.php?doing_wp_cron=1779234466.6944270133972167968750 HTTP/1.1" 200 - "-" "WordPress/6.9.4; https://ideainitself.com"
192.0.103.42 - - [19/May/2026:23:47:45 +0000] "HEAD / HTTP/1.1" 200 - "-" "jetmon/1.0 (Jetpack Site Uptime Monitor by WordPress.com)"
44.208.247.48 - - [19/May/2026:23:51:19 +0000] "GET /robots.txt HTTP/1.1" 200 115 "-" "Mozilla/5.0 (Macintosh; Intel Mac OS X 10_10_1) AppleWebKit/600.2.5 (KHTML, like Gecko) Version/8.0.2 Safari/600.2.5 (Gort)"
184.94.212.206 - - [19/May/2026:23:52:21 +0000] "POST /wp-cron.php?doing_wp_cron=1779234741.0113980770111083984375 HTTP/1.1" 200 - "-" "WordPress/6.9.4; https://ideainitself.com"
43.157.98.187 - - [19/May/2026:23:52:19 +0000] "GET /xmlrpc.php?rsd HTTP/1.1" 404 43943 "-" "Mozilla/5.0 (iPhone; CPU iPhone OS 13_2_3 like Mac OS X) AppleWebKit/605.1.15 (KHTML, like Gecko) Version/13.0.3 Mobile/15E148 Safari/604.1"
91.92.242.223 - - [19/May/2026:23:52:36 +0000] "POST /wp-login.php?action=register HTTP/1.1" 500 188 "-" "-"
192.0.103.42 - - [19/May/2026:23:52:44 +0000] "HEAD / HTTP/1.1" 200 - "-" "jetmon/1.0 (Jetpack Site Uptime Monitor by WordPress.com)"
49.51.132.100 - - [19/May/2026:23:54:45 +0000] "GET / HTTP/1.1" 200 52242 "http://www.ideainitself.com" "Mozilla/5.0 (iPhone; CPU iPhone OS 13_2_3 like Mac OS X) AppleWebKit/605.1.15 (KHTML, like Gecko) Version/13.0.3 Mobile/15E148 Safari/604.1"
184.94.212.206 - - [19/May/2026:23:57:46 +0000] "POST /wp-cron.php?doing_wp_cron=1779235066.0375070571899414062500 HTTP/1.1" 200 - "-" "WordPress/6.9.4; https://ideainitself.com"
192.0.103.42 - - [19/May/2026:23:57:44 +0000] "HEAD / HTTP/1.1" 200 - "-" "jetmon/1.0 (Jetpack Site Uptime Monitor by WordPress.com)"
178.16.52.137 - - [19/May/2026:23:59:02 +0000] "POST /wp-login.php?action=register HTTP/1.1" 500 188 "-" "-"
184.94.212.206 - - [20/May/2026:00:01:06 +0000] "POST /wp-cron.php?doing_wp_cron=1779235266.4710779190063476562500 HTTP/1.1" 200 - "-" "WordPress/6.9.4; https://ideainitself.com"
144.124.230.163 - - [20/May/2026:00:01:04 +0000] "GET /contact-us/ HTTP/1.0" 200 159237 "https://ideainitself.com/contact-us/" "Mozilla/5.0 (Windows NT 10.0; Win64; x64) AppleWebKit/537.36 (KHTML, like Gecko) Chrome/131.0.0.0 Safari/537.36"
192.0.103.42 - - [20/May/2026:00:02:45 +0000] "HEAD / HTTP/1.1" 200 - "-" "jetmon/1.0 (Jetpack Site Uptime Monitor by WordPress.com)"
144.124.230.163 - - [20/May/2026:00:02:45 +0000] "POST /contact-us/ HTTP/1.0" 200 160411 "https://ideainitself.com/contact-us/" "Mozilla/5.0 (Windows NT 10.0; Win64; x64) AppleWebKit/537.36 (KHTML, like Gecko) Chrome/131.0.0.0 Safari/537.36"
43.156.67.44 - - [20/May/2026:00:04:02 +0000] "GET /privacy-policy/ HTTP/1.1" 200 49318 "-" "Mozilla/5.0 (iPhone; CPU iPhone OS 13_2_3 like Mac OS X) AppleWebKit/605.1.15 (KHTML, like Gecko) Version/13.0.3 Mobile/15E148 Safari/604.1"
178.16.52.137 - - [20/May/2026:00:05:29 +0000] "POST /wp-login.php?action=register HTTP/1.1" 500 188 "-" "-"
157.90.94.110 - - [20/May/2026:00:06:39 +0000] "GET /robots.txt HTTP/1.1" 200 115 "-" "Mozilla/5.0 (compatible; SERankingBacklinksBot/1.0; +https://seranking.com/backlinks-crawler)"
184.94.212.206 - - [20/May/2026:00:06:41 +0000] "POST /wp-cron.php?doing_wp_cron=1779235601.3450739383697509765625 HTTP/1.1" 200 - "-" "WordPress/6.9.4; https://ideainitself.com"
157.90.94.110 - - [20/May/2026:00:06:39 +0000] "GET /about/?share=reddit HTTP/1.1" 302 - "-" "Mozilla/5.0 (compatible; SERankingBacklinksBot/1.0; +https://seranking.com/backlinks-crawler)"
157.90.94.110 - - [20/May/2026:00:06:45 +0000] "GET /the-importance-of-taking-breaks/?share=reddit HTTP/1.1" 302 - "-" "Mozilla/5.0 (compatible; SERankingBacklinksBot/1.0; +https://seranking.com/backlinks-crawler)"
157.90.94.110 - - [20/May/2026:00:06:49 +0000] "GET /about/?share=tumblr HTTP/1.1" 302 - "-" "Mozilla/5.0 (compatible; SERankingBacklinksBot/1.0; +https://seranking.com/backlinks-crawler)"
157.90.94.110 - - [20/May/2026:00:06:51 +0000] "GET /about/?share=tumblr HTTP/1.1" 302 - "-" "Mozilla/5.0 (compatible; SERankingBacklinksBot/1.0; +https://seranking.com/backlinks-crawler)"
192.0.103.42 - - [20/May/2026:00:07:44 +0000] "HEAD / HTTP/1.1" 200 - "-" "jetmon/1.0 (Jetpack Site Uptime Monitor by WordPress.com)"
91.92.242.223 - - [20/May/2026:00:08:28 +0000] "POST /wp-login.php?action=register HTTP/1.1" 500 188 "-" "-"
184.94.212.206 - - [20/May/2026:00:12:08 +0000] "POST /wp-cron.php?doing_wp_cron=1779235928.7559258937835693359375 HTTP/1.1" 200 - "-" "WordPress/6.9.4; https://ideainitself.com"
43.157.175.122 - - [20/May/2026:00:12:07 +0000] "GET /affiliate-disclosure/ HTTP/1.1" 200 49019 "-" "Mozilla/5.0 (iPhone; CPU iPhone OS 13_2_3 like Mac OS X) AppleWebKit/605.1.15 (KHTML, like Gecko) Version/13.0.3 Mobile/15E148 Safari/604.1"
43.135.107.144 - - [20/May/2026:00:12:12 +0000] "GET /category/education HTTP/1.1" 301 - "-" "Mozilla/5.0 (Windows NT 10.0; Win64; x64) AppleWebKit/537.36 (KHTML, like Gecko) Chrome/122.0.0.0 Safari/537.36"
43.135.107.144 - - [20/May/2026:00:12:13 +0000] "GET /category/education/ HTTP/1.1" 200 47760 "-" "Mozilla/5.0 (Windows NT 10.0; Win64; x64) AppleWebKit/537.36 (KHTML, like Gecko) Chrome/122.0.0.0 Safari/537.36"
104.210.140.130 - - [20/May/2026:00:12:35 +0000] "GET /robots.txt HTTP/1.1" 200 115 "-" "Mozilla/5.0 (Macintosh; Intel Mac OS X 10_15_7) AppleWebKit/537.36 (KHTML, like Gecko) Chrome/131.0.0.0 Safari/537.36; compatible; OAI-SearchBot/1.0; +https://openai.com/searchbot"
192.0.103.42 - - [20/May/2026:00:12:44 +0000] "HEAD / HTTP/1.1" 200 - "-" "jetmon/1.0 (Jetpack Site Uptime Monitor by WordPress.com)"
91.92.242.223 - - [20/May/2026:00:12:46 +0000] "POST /wp-login.php?action=register HTTP/1.1" 500 188 "-" "-"
178.16.52.137 - - [20/May/2026:00:14:19 +0000] "POST /wp-login.php?action=register HTTP/1.1" 500 188 "-" "-"
184.94.212.206 - - [20/May/2026:00:17:46 +0000] "POST /wp-cron.php?doing_wp_cron=1779236266.8211500644683837890625 HTTP/1.1" 200 - "-" "WordPress/6.9.4; https://ideainitself.com"
192.0.103.42 - - [20/May/2026:00:17:45 +0000] "HEAD / HTTP/1.1" 200 - "-" "jetmon/1.0 (Jetpack Site Uptime Monitor by WordPress.com)"
184.94.212.206 - - [20/May/2026:00:22:30 +0000] "POST /wp-cron.php?doing_wp_cron=1779236550.7358839511871337890625 HTTP/1.1" 200 - "-" "WordPress/6.9.4; https://ideainitself.com"
43.165.186.188 - - [20/May/2026:00:22:28 +0000] "GET /wp-json/wp/v2/pages/10 HTTP/1.1" 200 2448 "-" "Mozilla/5.0 (iPhone; CPU iPhone OS 13_2_3 like Mac OS X) AppleWebKit/605.1.15 (KHTML, like Gecko) Version/13.0.3 Mobile/15E148 Safari/604.1"
192.0.103.42 - - [20/May/2026:00:22:44 +0000] "HEAD / HTTP/1.1" 200 - "-" "jetmon/1.0 (Jetpack Site Uptime Monitor by WordPress.com)"
184.94.212.206 - - [20/May/2026:00:27:46 +0000] "POST /wp-cron.php?doing_wp_cron=1779236866.2008900642395019531250 HTTP/1.1" 200 - "-" "WordPress/6.9.4; https://ideainitself.com"
192.0.103.42 - - [20/May/2026:00:27:44 +0000] "HEAD / HTTP/1.1" 200 - "-" "jetmon/1.0 (Jetpack Site Uptime Monitor by WordPress.com)"
184.94.212.206 - - [20/May/2026:00:31:25 +0000] "POST /wp-cron.php?doing_wp_cron=1779237085.0564429759979248046875 HTTP/1.1" 200 - "-" "WordPress/6.9.4; https://ideainitself.com"
195.178.110.104 - - [20/May/2026:00:31:23 +0000] "POST / HTTP/1.1" 200 52341 "-" "Mozilla/5.0 (Windows NT 10.0; Win64; x64) AppleWebKit/537.36"
192.0.103.42 - - [20/May/2026:00:32:45 +0000] "HEAD / HTTP/1.1" 200 - "-" "jetmon/1.0 (Jetpack Site Uptime Monitor by WordPress.com)"
145.223.131.157 - - [20/May/2026:00:33:04 +0000] "GET /the-importance-of-taking-breaks/?share=pinterest HTTP/1.1" 302 - "-" "Mozilla/5.0 (Macintosh; Intel Mac OS X 10_15_7) AppleWebKit/537.36 (KHTML, like Gecko) Chrome/131.0.0.0 Safari/537.36"
91.92.242.223 - - [20/May/2026:00:33:16 +0000] "POST /wp-login.php?action=register HTTP/1.1" 500 188 "-" "-"
43.166.244.66 - - [20/May/2026:00:33:50 +0000] "GET /wp-json/wp/v2/pages/308 HTTP/1.1" 200 2925 "-" "Mozilla/5.0 (iPhone; CPU iPhone OS 13_2_3 like Mac OS X) AppleWebKit/605.1.15 (KHTML, like Gecko) Version/13.0.3 Mobile/15E148 Safari/604.1"
178.16.52.137 - - [20/May/2026:00:34:51 +0000] "POST /wp-login.php?action=register HTTP/1.1" 500 188 "-" "-"
184.94.212.206 - - [20/May/2026:00:35:08 +0000] "POST /wp-cron.php?doing_wp_cron=1779237308.0818378925323486328125 HTTP/1.1" 200 - "-" "WordPress/6.9.4; https://ideainitself.com"
114.119.133.204 - - [20/May/2026:00:35:06 +0000] "GET / HTTP/1.1" 200 52242 "https://ideainitself.com/" "Mozilla/5.0 (Linux; Android 7.0;) AppleWebKit/537.36 (HTML, like Gecko) Mobile Safari/537.36 (compatible; PetalBot;+https://webmaster.petalsearch.com/site/petalbot)"
192.0.103.42 - - [20/May/2026:00:37:44 +0000] "HEAD / HTTP/1.1" 200 - "-" "jetmon/1.0 (Jetpack Site Uptime Monitor by WordPress.com)"
178.16.52.137 - - [20/May/2026:00:38:44 +0000] "POST /wp-login.php?action=register HTTP/1.1" 500 188 "-" "-"
184.94.212.206 - - [20/May/2026:00:42:12 +0000] "POST /wp-cron.php?doing_wp_cron=1779237732.6503069400787353515625 HTTP/1.1" 200 - "-" "WordPress/6.9.4; https://ideainitself.com"
43.134.33.236 - - [20/May/2026:00:42:11 +0000] "GET /tag/productivity-hacks/ HTTP/1.1" 200 47738 "-" "Mozilla/5.0 (iPhone; CPU iPhone OS 13_2_3 like Mac OS X) AppleWebKit/605.1.15 (KHTML, like Gecko) Version/13.0.3 Mobile/15E148 Safari/604.1"
91.92.242.223 - - [20/May/2026:00:42:28 +0000] "POST /wp-login.php?action=register HTTP/1.1" 500 188 "-" "-"
192.0.103.42 - - [20/May/2026:00:42:44 +0000] "HEAD / HTTP/1.1" 200 - "-" "jetmon/1.0 (Jetpack Site Uptime Monitor by WordPress.com)"
184.94.212.206 - - [20/May/2026:00:47:46 +0000] "POST /wp-cron.php?doing_wp_cron=1779238066.6306440830230712890625 HTTP/1.1" 200 - "-" "WordPress/6.9.4; https://ideainitself.com"
192.0.103.42 - - [20/May/2026:00:47:45 +0000] "HEAD / HTTP/1.1" 200 - "-" "jetmon/1.0 (Jetpack Site Uptime Monitor by WordPress.com)"
91.92.242.223 - - [20/May/2026:00:51:27 +0000] "POST /wp-login.php?action=register HTTP/1.1" 500 188 "-" "-"
178.16.52.137 - - [20/May/2026:00:51:28 +0000] "POST /wp-login.php?action=register HTTP/1.1" 500 188 "-" "-"
184.94.212.206 - - [20/May/2026:00:52:45 +0000] "POST /wp-cron.php?doing_wp_cron=1779238365.5868620872497558593750 HTTP/1.1" 200 - "-" "WordPress/6.9.4; https://ideainitself.com"
192.0.103.42 - - [20/May/2026:00:52:44 +0000] "HEAD / HTTP/1.1" 200 - "-" "jetmon/1.0 (Jetpack Site Uptime Monitor by WordPress.com)"
43.165.174.53 - - [20/May/2026:00:53:26 +0000] "GET /blog/ HTTP/1.1" 200 52543 "-" "Mozilla/5.0 (iPhone; CPU iPhone OS 13_2_3 like Mac OS X) AppleWebKit/605.1.15 (KHTML, like Gecko) Version/13.0.3 Mobile/15E148 Safari/604.1"
184.94.212.206 - - [20/May/2026:00:57:46 +0000] "POST /wp-cron.php?doing_wp_cron=1779238666.2106809616088867187500 HTTP/1.1" 200 - "-" "WordPress/6.9.4; https://ideainitself.com"
192.0.103.42 - - [20/May/2026:00:57:44 +0000] "HEAD / HTTP/1.1" 200 - "-" "jetmon/1.0 (Jetpack Site Uptime Monitor by WordPress.com)"
43.133.41.88 - - [20/May/2026:01:02:22 +0000] "GET /privacy-policy/?share=tumblr HTTP/1.1" 500 1004 "-" "Mozilla/5.0 (iPhone; CPU iPhone OS 13_2_3 like Mac OS X) AppleWebKit/605.1.15 (KHTML, like Gecko) Version/13.0.3 Mobile/15E148 Safari/604.1"
192.0.103.42 - - [20/May/2026:01:02:45 +0000] "HEAD / HTTP/1.1" 500 - "-" "jetmon/1.0 (Jetpack Site Uptime Monitor by WordPress.com)"
91.92.242.223 - - [20/May/2026:01:04:07 +0000] "POST /wp-login.php?action=register HTTP/1.1" 500 2431 "-" "-"
192.0.103.42 - - [20/May/2026:01:04:12 +0000] "HEAD / HTTP/1.1" 500 - "-" "jetmon/1.0 (Jetpack Site Uptime Monitor by WordPress.com)"
122.248.245.244 - - [20/May/2026:01:04:20 +0000] "HEAD / HTTP/1.1" 200 - "-" "jetmon/1.0 (Jetpack Site Uptime Monitor by WordPress.com)"
54.217.201.243 - - [20/May/2026:01:04:20 +0000] "HEAD / HTTP/1.1" 200 - "-" "jetmon/1.0 (Jetpack Site Uptime Monitor by WordPress.com)"
184.94.212.206 - - [20/May/2026:01:04:30 +0000] "POST /wp-cron.php?doing_wp_cron=1779239070.3068919181823730468750 HTTP/1.1" 200 - "-" "WordPress/6.9.4; https://ideainitself.com"
54.232.116.4 - - [20/May/2026:01:04:19 +0000] "HEAD / HTTP/1.1" 200 - "-" "jetmon/1.0 (Jetpack Site Uptime Monitor by WordPress.com)"
34.123.170.104 - - [20/May/2026:01:04:55 +0000] "GET / HTTP/1.1" 200 52336 "-" "Mozilla/5.0 (X11; Linux x86_64) AppleWebKit/537.36 (KHTML, like Gecko) Chrome/125.0.0.0 Safari/537.36"
34.123.170.104 - - [20/May/2026:01:04:59 +0000] "GET /wp-content/plugins/contact-form-7/modules/stripe/style.css?ver=6.1.6 HTTP/1.1" 200 192 "https://ideainitself.com/" "Mozilla/5.0 (X11; Linux x86_64) AppleWebKit/537.36 (KHTML, like Gecko) Chrome/125.0.0.0 Safari/537.36"
34.123.170.104 - - [20/May/2026:01:04:59 +0000] "GET /wp-content/plugins/contact-form-7/includes/css/styles.css?ver=6.1.6 HTTP/1.1" 200 1036 "https://ideainitself.com/" "Mozilla/5.0 (X11; Linux x86_64) AppleWebKit/537.36 (KHTML, like Gecko) Chrome/125.0.0.0 Safari/537.36"
104.197.69.115 - - [20/May/2026:01:04:59 +0000] "GET /wp-content/themes/generatepress/assets/css/components/widget-areas.min.css?ver=3.6.1 HTTP/1.1" 200 693 "https://ideainitself.com/" "Mozilla/5.0 (X11; Linux x86_64) AppleWebKit/537.36 (KHTML, like Gecko) Chrome/125.0.0.0 Safari/537.36"
104.197.69.115 - - [20/May/2026:01:05:00 +0000] "GET /wp-content/themes/generatepress/assets/css/main.min.css?ver=3.6.1 HTTP/1.1" 200 4675 "https://ideainitself.com/" "Mozilla/5.0 (X11; Linux x86_64) AppleWebKit/537.36 (KHTML, like Gecko) Chrome/125.0.0.0 Safari/537.36"
34.123.170.104 - - [20/May/2026:01:05:02 +0000] "GET /wp-content/plugins/contact-form-7/includes/swv/js/index.js?ver=6.1.6 HTTP/1.1" 200 3503 "https://ideainitself.com/" "Mozilla/5.0 (X11; Linux x86_64) AppleWebKit/537.36 (KHTML, like Gecko) Chrome/125.0.0.0 Safari/537.36"
104.197.69.115 - - [20/May/2026:01:05:02 +0000] "GET /wp-content/plugins/contact-form-7/includes/js/index.js?ver=6.1.6 HTTP/1.1" 200 4265 "https://ideainitself.com/" "Mozilla/5.0 (X11; Linux x86_64) AppleWebKit/537.36 (KHTML, like Gecko) Chrome/125.0.0.0 Safari/537.36"
34.72.176.129 - - [20/May/2026:01:05:02 +0000] "GET /wp-content/plugins/contact-form-7/modules/stripe/index.js?ver=6.1.6 HTTP/1.1" 200 1278 "https://ideainitself.com/" "Mozilla/5.0 (X11; Linux x86_64) AppleWebKit/537.36 (KHTML, like Gecko) Chrome/125.0.0.0 Safari/537.36"
34.72.176.129 - - [20/May/2026:01:05:02 +0000] "GET /wp-content/themes/generatepress/assets/js/menu.min.js?ver=3.6.1 HTTP/1.1" 200 1836 "https://ideainitself.com/" "Mozilla/5.0 (X11; Linux x86_64) AppleWebKit/537.36 (KHTML, like Gecko) Chrome/125.0.0.0 Safari/537.36"
34.72.176.129 - - [20/May/2026:01:05:02 +0000] "GET /wp-content/plugins/google-site-kit/dist/assets/js/googlesitekit-consent-mode-da15714e8829855bb7ce.js HTTP/1.1" 200 25462 "https://ideainitself.com/" "Mozilla/5.0 (X11; Linux x86_64) AppleWebKit/537.36 (KHTML, like Gecko) Chrome/125.0.0.0 Safari/537.36"
34.122.147.229 - - [20/May/2026:01:05:02 +0000] "GET /wp-content/plugins/contact-form-7/modules/recaptcha/index.js?ver=6.1.6 HTTP/1.1" 200 483 "https://ideainitself.com/" "Mozilla/5.0 (X11; Linux x86_64) AppleWebKit/537.36 (KHTML, like Gecko) Chrome/125.0.0.0 Safari/537.36"
104.197.69.115 - - [20/May/2026:01:05:02 +0000] "GET /wp-content/plugins/wp-consent-api/assets/js/wp-consent-api.min.js?ver=2.0.1 HTTP/1.1" 200 822 "https://ideainitself.com/" "Mozilla/5.0 (X11; Linux x86_64) AppleWebKit/537.36 (KHTML, like Gecko) Chrome/125.0.0.0 Safari/537.36"
34.122.147.229 - - [20/May/2026:01:05:02 +0000] "GET /wp-content/uploads/2021/10/burstsalesvideo.mp4?_=1 HTTP/1.1" 206 7556515 "https://ideainitself.com/" "Mozilla/5.0 (X11; Linux x86_64) AppleWebKit/537.36 (KHTML, like Gecko) Chrome/125.0.0.0 Safari/537.36"
34.72.176.129 - - [20/May/2026:01:05:21 +0000] "GET / HTTP/1.1" 200 52336 "-" "Mozilla/5.0 (X11; Linux x86_64) AppleWebKit/537.36 (KHTML, like Gecko) Chrome/125.0.0.0 Safari/537.36"
34.72.176.129 - - [20/May/2026:01:05:24 +0000] "GET /wp-content/plugins/contact-form-7/modules/stripe/style.css?ver=6.1.6 HTTP/1.1" 200 192 "https://ideainitself.com/" "Mozilla/5.0 (X11; Linux x86_64) AppleWebKit/537.36 (KHTML, like Gecko) Chrome/125.0.0.0 Safari/537.36"
34.72.176.129 - - [20/May/2026:01:05:24 +0000] "GET /wp-content/plugins/contact-form-7/includes/css/styles.css?ver=6.1.6 HTTP/1.1" 200 1036 "https://ideainitself.com/" "Mozilla/5.0 (X11; Linux x86_64) AppleWebKit/537.36 (KHTML, like Gecko) Chrome/125.0.0.0 Safari/537.36"
34.123.170.104 - - [20/May/2026:01:05:24 +0000] "GET /wp-content/themes/generatepress/assets/css/components/widget-areas.min.css?ver=3.6.1 HTTP/1.1" 200 693 "https://ideainitself.com/" "Mozilla/5.0 (X11; Linux x86_64) AppleWebKit/537.36 (KHTML, like Gecko) Chrome/125.0.0.0 Safari/537.36"
34.123.170.104 - - [20/May/2026:01:05:24 +0000] "GET /wp-content/themes/generatepress/assets/css/main.min.css?ver=3.6.1 HTTP/1.1" 200 4675 "https://ideainitself.com/" "Mozilla/5.0 (X11; Linux x86_64) AppleWebKit/537.36 (KHTML, like Gecko) Chrome/125.0.0.0 Safari/537.36"
34.123.170.104 - - [20/May/2026:01:05:24 +0000] "GET /wp-content/plugins/contact-form-7/includes/swv/js/index.js?ver=6.1.6 HTTP/1.1" 200 3503 "https://ideainitself.com/" "Mozilla/5.0 (X11; Linux x86_64) AppleWebKit/537.36 (KHTML, like Gecko) Chrome/125.0.0.0 Safari/537.36"
34.72.176.129 - - [20/May/2026:01:05:24 +0000] "GET /wp-content/plugins/contact-form-7/includes/js/index.js?ver=6.1.6 HTTP/1.1" 200 4265 "https://ideainitself.com/" "Mozilla/5.0 (X11; Linux x86_64) AppleWebKit/537.36 (KHTML, like Gecko) Chrome/125.0.0.0 Safari/537.36"
34.72.176.129 - - [20/May/2026:01:05:25 +0000] "GET /wp-content/plugins/contact-form-7/modules/stripe/index.js?ver=6.1.6 HTTP/1.1" 200 1278 "https://ideainitself.com/" "Mozilla/5.0 (X11; Linux x86_64) AppleWebKit/537.36 (KHTML, like Gecko) Chrome/125.0.0.0 Safari/537.36"
34.72.176.129 - - [20/May/2026:01:05:25 +0000] "GET /wp-content/themes/generatepress/assets/js/menu.min.js?ver=3.6.1 HTTP/1.1" 200 1836 "https://ideainitself.com/" "Mozilla/5.0 (X11; Linux x86_64) AppleWebKit/537.36 (KHTML, like Gecko) Chrome/125.0.0.0 Safari/537.36"
34.72.176.129 - - [20/May/2026:01:05:25 +0000] "GET /wp-content/plugins/google-site-kit/dist/assets/js/googlesitekit-consent-mode-da15714e8829855bb7ce.js HTTP/1.1" 200 25462 "https://ideainitself.com/" "Mozilla/5.0 (X11; Linux x86_64) AppleWebKit/537.36 (KHTML, like Gecko) Chrome/125.0.0.0 Safari/537.36"
34.72.176.129 - - [20/May/2026:01:05:25 +0000] "GET /wp-content/plugins/contact-form-7/modules/recaptcha/index.js?ver=6.1.6 HTTP/1.1" 200 483 "https://ideainitself.com/" "Mozilla/5.0 (X11; Linux x86_64) AppleWebKit/537.36 (KHTML, like Gecko) Chrome/125.0.0.0 Safari/537.36"
34.72.176.129 - - [20/May/2026:01:05:25 +0000] "GET /wp-content/plugins/wp-consent-api/assets/js/wp-consent-api.min.js?ver=2.0.1 HTTP/1.1" 200 822 "https://ideainitself.com/" "Mozilla/5.0 (X11; Linux x86_64) AppleWebKit/537.36 (KHTML, like Gecko) Chrome/125.0.0.0 Safari/537.36"
34.72.176.129 - - [20/May/2026:01:05:37 +0000] "GET /wp-includes/js/wp-emoji-release.min.js?ver=6.9.4 HTTP/1.1" 200 5375 "https://ideainitself.com/" "Mozilla/5.0 (X11; Linux x86_64) AppleWebKit/537.36 (KHTML, like Gecko) Chrome/125.0.0.0 Safari/537.36"
34.72.176.129 - - [20/May/2026:01:05:25 +0000] "GET /wp-content/uploads/2021/10/burstsalesvideo.mp4?_=1 HTTP/1.1" 206 7556515 "https://ideainitself.com/" "Mozilla/5.0 (X11; Linux x86_64) AppleWebKit/537.36 (KHTML, like Gecko) Chrome/125.0.0.0 Safari/537.36"
185.242.177.56 - - [20/May/2026:01:05:36 +0000] "GET / HTTP/1.1" 200 52336 "-" "Mozilla/5.0 (Windows NT 10.0; Win64; x64; rv:147.0) Gecko/20100101 Firefox/147.0"
185.242.177.56 - - [20/May/2026:01:05:36 +0000] "GET / HTTP/1.1" 200 52336 "-" "Mozilla/5.0 (Windows NT 10.0; Win64; x64; rv:147.0) Gecko/20100101 Firefox/147.0"
34.123.170.104 - - [20/May/2026:01:05:37 +0000] "GET /wp-content/uploads/2021/10/burstsalesvideo.mp4?_=1 HTTP/1.1" 206 7556515 "https://ideainitself.com/" "Mozilla/5.0 (X11; Linux x86_64) AppleWebKit/537.36 (KHTML, like Gecko) Chrome/125.0.0.0 Safari/537.36"
185.242.177.56 - - [20/May/2026:01:05:38 +0000] "GET / HTTP/1.1" 301 - "-" "Mozilla/5.0 (Windows NT 10.0; Win64; x64; rv:147.0) Gecko/20100101 Firefox/147.0"
185.242.177.56 - - [20/May/2026:01:05:38 +0000] "GET / HTTP/1.1" 301 - "-" "Mozilla/5.0 (Windows NT 10.0; Win64; x64; rv:147.0) Gecko/20100101 Firefox/147.0"
185.242.177.56 - - [20/May/2026:01:05:40 +0000] "GET / HTTP/1.1" 200 52336 "-" "Mozilla/5.0 (Windows NT 10.0; Win64; x64; rv:147.0) Gecko/20100101 Firefox/147.0"
185.242.177.57 - - [20/May/2026:01:05:40 +0000] "GET / HTTP/1.1" 200 52336 "-" "Mozilla/5.0 (Windows NT 10.0; Win64; x64; rv:147.0) Gecko/20100101 Firefox/147.0"
107.189.7.156 - - [20/May/2026:01:05:47 +0000] "GET / HTTP/1.1" 200 52336 "-" "Mozilla/5.0 (Windows NT 10.0; Win64; x64) AppleWebKit/537.36 (KHTML, like Gecko) Chrome/124.0.0.0 Safari/537.36"
205.169.39.13 - - [20/May/2026:01:05:50 +0000] "GET / HTTP/1.1" 200 52336 "-" "Mozilla/5.0 (Windows NT 10.0; Win64; x64) AppleWebKit/537.36 (KHTML, like Gecko) Chrome/117.0.5938.132 Safari/537.36"
205.169.39.13 - - [20/May/2026:01:05:54 +0000] "GET /wp-content/plugins/contact-form-7/modules/stripe/style.css?ver=6.1.6 HTTP/1.1" 200 192 "https://ideainitself.com/" "Mozilla/5.0 (Windows NT 10.0; Win64; x64) AppleWebKit/537.36 (KHTML, like Gecko) Chrome/117.0.5938.132 Safari/537.36"
205.169.39.13 - - [20/May/2026:01:05:54 +0000] "GET /wp-content/plugins/contact-form-7/includes/css/styles.css?ver=6.1.6 HTTP/1.1" 200 1036 "https://ideainitself.com/" "Mozilla/5.0 (Windows NT 10.0; Win64; x64) AppleWebKit/537.36 (KHTML, like Gecko) Chrome/117.0.5938.132 Safari/537.36"
205.169.39.13 - - [20/May/2026:01:05:54 +0000] "GET /wp-content/themes/generatepress/assets/css/components/widget-areas.min.css?ver=3.6.1 HTTP/1.1" 200 693 "https://ideainitself.com/" "Mozilla/5.0 (Windows NT 10.0; Win64; x64) AppleWebKit/537.36 (KHTML, like Gecko) Chrome/117.0.5938.132 Safari/537.36"
205.169.39.13 - - [20/May/2026:01:05:54 +0000] "GET /wp-content/themes/generatepress/assets/css/main.min.css?ver=3.6.1 HTTP/1.1" 200 4675 "https://ideainitself.com/" "Mozilla/5.0 (Windows NT 10.0; Win64; x64) AppleWebKit/537.36 (KHTML, like Gecko) Chrome/117.0.5938.132 Safari/537.36"
205.169.39.13 - - [20/May/2026:01:05:54 +0000] "GET /wp-content/plugins/contact-form-7/includes/swv/js/index.js?ver=6.1.6 HTTP/1.1" 200 3503 "https://ideainitself.com/" "Mozilla/5.0 (Windows NT 10.0; Win64; x64) AppleWebKit/537.36 (KHTML, like Gecko) Chrome/117.0.5938.132 Safari/537.36"
205.169.39.13 - - [20/May/2026:01:05:54 +0000] "GET /wp-content/plugins/contact-form-7/includes/js/index.js?ver=6.1.6 HTTP/1.1" 200 4265 "https://ideainitself.com/" "Mozilla/5.0 (Windows NT 10.0; Win64; x64) AppleWebKit/537.36 (KHTML, like Gecko) Chrome/117.0.5938.132 Safari/537.36"
205.169.39.13 - - [20/May/2026:01:05:54 +0000] "GET /wp-content/plugins/contact-form-7/modules/stripe/index.js?ver=6.1.6 HTTP/1.1" 200 1278 "https://ideainitself.com/" "Mozilla/5.0 (Windows NT 10.0; Win64; x64) AppleWebKit/537.36 (KHTML, like Gecko) Chrome/117.0.5938.132 Safari/537.36"
205.169.39.13 - - [20/May/2026:01:05:54 +0000] "GET /wp-content/themes/generatepress/assets/js/menu.min.js?ver=3.6.1 HTTP/1.1" 200 1836 "https://ideainitself.com/" "Mozilla/5.0 (Windows NT 10.0; Win64; x64) AppleWebKit/537.36 (KHTML, like Gecko) Chrome/117.0.5938.132 Safari/537.36"
205.169.39.13 - - [20/May/2026:01:05:54 +0000] "GET /wp-content/plugins/google-site-kit/dist/assets/js/googlesitekit-consent-mode-da15714e8829855bb7ce.js HTTP/1.1" 200 25462 "https://ideainitself.com/" "Mozilla/5.0 (Windows NT 10.0; Win64; x64) AppleWebKit/537.36 (KHTML, like Gecko) Chrome/117.0.5938.132 Safari/537.36"
205.169.39.13 - - [20/May/2026:01:05:54 +0000] "GET /wp-content/plugins/contact-form-7/modules/recaptcha/index.js?ver=6.1.6 HTTP/1.1" 200 483 "https://ideainitself.com/" "Mozilla/5.0 (Windows NT 10.0; Win64; x64) AppleWebKit/537.36 (KHTML, like Gecko) Chrome/117.0.5938.132 Safari/537.36"
205.169.39.13 - - [20/May/2026:01:05:54 +0000] "GET /wp-content/plugins/wp-consent-api/assets/js/wp-consent-api.min.js?ver=2.0.1 HTTP/1.1" 200 822 "https://ideainitself.com/" "Mozilla/5.0 (Windows NT 10.0; Win64; x64) AppleWebKit/537.36 (KHTML, like Gecko) Chrome/117.0.5938.132 Safari/537.36"
205.169.39.58 - - [20/May/2026:01:05:51 +0000] "GET / HTTP/1.1" 200 52336 "-" "Mozilla/5.0 (Windows NT 10.0) AppleWebKit/537.36 (KHTML, like Gecko) Chrome/106.0.0.0 Safari/537.36"
205.169.39.13 - - [20/May/2026:01:05:54 +0000] "GET /wp-content/uploads/2021/10/burstsalesvideo.mp4?_=1 HTTP/1.1" 206 7556515 "https://ideainitself.com/" "Mozilla/5.0 (Windows NT 10.0; Win64; x64) AppleWebKit/537.36 (KHTML, like Gecko) Chrome/117.0.5938.132 Safari/537.36"
74.119.118.25 - - [20/May/2026:01:05:58 +0000] "GET /robots.txt HTTP/1.1" 200 115 "-" "CriteoBot/0.1 (+https://www.criteo.com/criteo-crawler/)"
74.119.118.51 - - [20/May/2026:01:05:58 +0000] "GET /robots.txt HTTP/1.1" 200 115 "-" "CriteoBot/0.1 (+https://www.criteo.com/criteo-crawler/)"
74.119.118.50 - - [20/May/2026:01:05:58 +0000] "GET / HTTP/1.1" 200 52336 "-" "CriteoBot/0.1 (+https://www.criteo.com/criteo-crawler/)"
34.72.176.129 - - [20/May/2026:01:05:38 +0000] "GET /wp-content/uploads/2021/10/burstsalesvideo.mp4?_=1 HTTP/1.1" 206 7294371 "https://ideainitself.com/" "Mozilla/5.0 (X11; Linux x86_64) AppleWebKit/537.36 (KHTML, like Gecko) Chrome/125.0.0.0 Safari/537.36"
205.169.39.13 - - [20/May/2026:01:06:06 +0000] "GET /wp-includes/js/wp-emoji-release.min.js?ver=6.9.4 HTTP/1.1" 200 5375 "https://ideainitself.com/" "Mozilla/5.0 (X11; Linux x86_64) AppleWebKit/537.36 (KHTML, like Gecko) HeadlessChrome/127.0.6533.119 Safari/537.36"
66.249.92.195 - - [20/May/2026:01:07:37 +0000] "GET / HTTP/1.1" 200 52336 "-" "Mediapartners-Google"
66.249.66.168 - - [20/May/2026:01:07:42 +0000] "GET /wp-content/themes/generatepress/assets/css/main.min.css?ver=3.6.1 HTTP/1.1" 200 4675 "https://ideainitself.com/" "Mediapartners-Google"
66.249.66.194 - - [20/May/2026:01:07:44 +0000] "GET /wp-content/themes/generatepress/assets/css/components/widget-areas.min.css?ver=3.6.1 HTTP/1.1" 200 693 "https://ideainitself.com/" "Mediapartners-Google"
192.0.103.42 - - [20/May/2026:01:07:44 +0000] "HEAD / HTTP/1.1" 200 - "-" "jetmon/1.0 (Jetpack Site Uptime Monitor by WordPress.com)"
66.249.66.194 - - [20/May/2026:01:07:46 +0000] "GET /wp-content/plugins/contact-form-7/includes/css/styles.css?ver=6.1.6 HTTP/1.1" 200 1036 "https://ideainitself.com/" "Mediapartners-Google"
66.249.66.194 - - [20/May/2026:01:07:49 +0000] "GET /wp-content/plugins/contact-form-7/includes/swv/js/index.js?ver=6.1.6 HTTP/1.1" 200 3503 "https://ideainitself.com/" "Mediapartners-Google"
66.249.66.194 - - [20/May/2026:01:07:52 +0000] "GET /wp-content/plugins/contact-form-7/modules/stripe/style.css?ver=6.1.6 HTTP/1.1" 200 192 "https://ideainitself.com/" "Mediapartners-Google"
66.249.66.194 - - [20/May/2026:01:07:53 +0000] "GET /wp-content/plugins/contact-form-7/includes/js/index.js?ver=6.1.6 HTTP/1.1" 200 4265 "https://ideainitself.com/" "Mediapartners-Google"
66.249.66.194 - - [20/May/2026:01:07:56 +0000] "GET /wp-content/plugins/contact-form-7/modules/stripe/index.js?ver=6.1.6 HTTP/1.1" 200 1278 "https://ideainitself.com/" "Mediapartners-Google"
66.249.66.194 - - [20/May/2026:01:07:58 +0000] "GET /wp-content/plugins/wp-consent-api/assets/js/wp-consent-api.min.js?ver=2.0.1 HTTP/1.1" 200 822 "https://ideainitself.com/" "Mediapartners-Google"
66.249.66.14 - - [20/May/2026:01:08:01 +0000] "GET /wp-content/plugins/contact-form-7/modules/recaptcha/index.js?ver=6.1.6 HTTP/1.1" 200 483 "https://ideainitself.com/" "Mediapartners-Google"
66.249.66.160 - - [20/May/2026:01:08:03 +0000] "GET /wp-content/plugins/google-site-kit/dist/assets/js/googlesitekit-consent-mode-da15714e8829855bb7ce.js HTTP/1.1" 200 25462 "https://ideainitself.com/" "Mediapartners-Google"
34.116.235.38 - - [20/May/2026:01:08:21 +0000] "GET / HTTP/1.1" 200 52242 "-" "Mozilla/5.0 (iPhone13,2; U; CPU iPhone OS 14_0 like Mac OS X) AppleWebKit/602.1.50 (KHTML, like Gecko) Version/10.0 Mobile/15E148 Safari/602.1"
34.116.235.38 - - [20/May/2026:01:08:25 +0000] "GET /wp-content/plugins/contact-form-7/modules/stripe/style.css?ver=6.1.6 HTTP/1.1" 200 192 "https://ideainitself.com/" "Mozilla/5.0 (iPhone13,2; U; CPU iPhone OS 14_0 like Mac OS X) AppleWebKit/602.1.50 (KHTML, like Gecko) Version/10.0 Mobile/15E148 Safari/602.1"
34.116.235.38 - - [20/May/2026:01:08:25 +0000] "GET /wp-content/plugins/contact-form-7/includes/css/styles.css?ver=6.1.6 HTTP/1.1" 200 1036 "https://ideainitself.com/" "Mozilla/5.0 (iPhone13,2; U; CPU iPhone OS 14_0 like Mac OS X) AppleWebKit/602.1.50 (KHTML, like Gecko) Version/10.0 Mobile/15E148 Safari/602.1"
34.116.235.38 - - [20/May/2026:01:08:26 +0000] "GET /wp-content/themes/generatepress/assets/css/components/widget-areas.min.css?ver=3.6.1 HTTP/1.1" 200 693 "https://ideainitself.com/" "Mozilla/5.0 (iPhone13,2; U; CPU iPhone OS 14_0 like Mac OS X) AppleWebKit/602.1.50 (KHTML, like Gecko) Version/10.0 Mobile/15E148 Safari/602.1"
34.116.235.38 - - [20/May/2026:01:08:26 +0000] "GET /wp-content/themes/generatepress/assets/css/main.min.css?ver=3.6.1 HTTP/1.1" 200 4675 "https://ideainitself.com/" "Mozilla/5.0 (iPhone13,2; U; CPU iPhone OS 14_0 like Mac OS X) AppleWebKit/602.1.50 (KHTML, like Gecko) Version/10.0 Mobile/15E148 Safari/602.1"
66.249.66.42 - - [20/May/2026:01:08:31 +0000] "GET / HTTP/1.1" 200 52336 "-" "Googlebot-Image/1.0"
34.116.235.38 - - [20/May/2026:01:08:36 +0000] "GET /wp-content/plugins/contact-form-7/includes/swv/js/index.js?ver=6.1.6 HTTP/1.1" 200 3503 "https://ideainitself.com/" "Mozilla/5.0 (iPhone13,2; U; CPU iPhone OS 14_0 like Mac OS X) AppleWebKit/602.1.50 (KHTML, like Gecko) Version/10.0 Mobile/15E148 Safari/602.1"
34.116.235.38 - - [20/May/2026:01:08:36 +0000] "GET /wp-content/plugins/contact-form-7/includes/js/index.js?ver=6.1.6 HTTP/1.1" 200 4265 "https://ideainitself.com/" "Mozilla/5.0 (iPhone13,2; U; CPU iPhone OS 14_0 like Mac OS X) AppleWebKit/602.1.50 (KHTML, like Gecko) Version/10.0 Mobile/15E148 Safari/602.1"
34.116.235.38 - - [20/May/2026:01:08:37 +0000] "GET /wp-content/plugins/contact-form-7/modules/stripe/index.js?ver=6.1.6 HTTP/1.1" 200 1278 "https://ideainitself.com/" "Mozilla/5.0 (iPhone13,2; U; CPU iPhone OS 14_0 like Mac OS X) AppleWebKit/602.1.50 (KHTML, like Gecko) Version/10.0 Mobile/15E148 Safari/602.1"
34.116.235.38 - - [20/May/2026:01:08:37 +0000] "GET /wp-content/themes/generatepress/assets/js/menu.min.js?ver=3.6.1 HTTP/1.1" 200 1836 "https://ideainitself.com/" "Mozilla/5.0 (iPhone13,2; U; CPU iPhone OS 14_0 like Mac OS X) AppleWebKit/602.1.50 (KHTML, like Gecko) Version/10.0 Mobile/15E148 Safari/602.1"
34.116.235.38 - - [20/May/2026:01:08:37 +0000] "GET /wp-content/plugins/google-site-kit/dist/assets/js/googlesitekit-consent-mode-da15714e8829855bb7ce.js HTTP/1.1" 200 25462 "https://ideainitself.com/" "Mozilla/5.0 (iPhone13,2; U; CPU iPhone OS 14_0 like Mac OS X) AppleWebKit/602.1.50 (KHTML, like Gecko) Version/10.0 Mobile/15E148 Safari/602.1"
34.116.235.38 - - [20/May/2026:01:08:38 +0000] "GET /wp-content/plugins/contact-form-7/modules/recaptcha/index.js?ver=6.1.6 HTTP/1.1" 200 483 "https://ideainitself.com/" "Mozilla/5.0 (iPhone13,2; U; CPU iPhone OS 14_0 like Mac OS X) AppleWebKit/602.1.50 (KHTML, like Gecko) Version/10.0 Mobile/15E148 Safari/602.1"
34.116.235.38 - - [20/May/2026:01:08:38 +0000] "GET /wp-content/plugins/wp-consent-api/assets/js/wp-consent-api.min.js?ver=2.0.1 HTTP/1.1" 200 822 "https://ideainitself.com/" "Mozilla/5.0 (iPhone13,2; U; CPU iPhone OS 14_0 like Mac OS X) AppleWebKit/602.1.50 (KHTML, like Gecko) Version/10.0 Mobile/15E148 Safari/602.1"
34.116.235.38 - - [20/May/2026:01:08:58 +0000] "GET /wp-includes/js/wp-emoji-release.min.js?ver=6.9.4 HTTP/1.1" 200 5375 "https://ideainitself.com/" "Mozilla/5.0 (iPhone13,2; U; CPU iPhone OS 14_0 like Mac OS X) AppleWebKit/602.1.50 (KHTML, like Gecko) Version/10.0 Mobile/15E148 Safari/602.1"
34.116.235.38 - - [20/May/2026:01:08:50 +0000] "GET /wp-content/uploads/2021/10/burstsalesvideo.mp4?_=1 HTTP/1.1" 206 7556515 "https://ideainitself.com/" "Mozilla/5.0 (iPhone13,2; U; CPU iPhone OS 14_0 like Mac OS X) AppleWebKit/602.1.50 (KHTML, like Gecko) Version/10.0 Mobile/15E148 Safari/602.1"
34.116.235.38 - - [20/May/2026:01:08:58 +0000] "GET /wp-content/uploads/2021/10/burstsalesvideo.mp4?_=1 HTTP/1.1" 206 7556515 "https://ideainitself.com/" "Mozilla/5.0 (iPhone13,2; U; CPU iPhone OS 14_0 like Mac OS X) AppleWebKit/602.1.50 (KHTML, like Gecko) Version/10.0 Mobile/15E148 Safari/602.1"
34.116.235.38 - - [20/May/2026:01:08:58 +0000] "GET /wp-content/uploads/2021/10/burstsalesvideo.mp4?_=1 HTTP/1.1" 206 7327139 "https://ideainitself.com/" "Mozilla/5.0 (iPhone13,2; U; CPU iPhone OS 14_0 like Mac OS X) AppleWebKit/602.1.50 (KHTML, like Gecko) Version/10.0 Mobile/15E148 Safari/602.1"
34.116.235.38 - - [20/May/2026:01:09:58 +0000] "GET / HTTP/1.1" 200 52242 "-" "Mozilla/5.0 (iPhone13,2; U; CPU iPhone OS 14_0 like Mac OS X) AppleWebKit/602.1.50 (KHTML, like Gecko) Version/10.0 Mobile/15E148 Safari/602.1"
34.116.235.38 - - [20/May/2026:01:10:03 +0000] "GET /wp-content/plugins/contact-form-7/modules/stripe/style.css?ver=6.1.6 HTTP/1.1" 200 192 "https://ideainitself.com/" "Mozilla/5.0 (iPhone13,2; U; CPU iPhone OS 14_0 like Mac OS X) AppleWebKit/602.1.50 (KHTML, like Gecko) Version/10.0 Mobile/15E148 Safari/602.1"
34.116.235.38 - - [20/May/2026:01:10:04 +0000] "GET /wp-content/plugins/contact-form-7/includes/css/styles.css?ver=6.1.6 HTTP/1.1" 200 1036 "https://ideainitself.com/" "Mozilla/5.0 (iPhone13,2; U; CPU iPhone OS 14_0 like Mac OS X) AppleWebKit/602.1.50 (KHTML, like Gecko) Version/10.0 Mobile/15E148 Safari/602.1"
34.116.235.38 - - [20/May/2026:01:10:05 +0000] "GET /wp-content/themes/generatepress/assets/css/components/widget-areas.min.css?ver=3.6.1 HTTP/1.1" 200 693 "https://ideainitself.com/" "Mozilla/5.0 (iPhone13,2; U; CPU iPhone OS 14_0 like Mac OS X) AppleWebKit/602.1.50 (KHTML, like Gecko) Version/10.0 Mobile/15E148 Safari/602.1"
34.116.235.38 - - [20/May/2026:01:10:06 +0000] "GET /wp-content/themes/generatepress/assets/css/main.min.css?ver=3.6.1 HTTP/1.1" 200 4675 "https://ideainitself.com/" "Mozilla/5.0 (iPhone13,2; U; CPU iPhone OS 14_0 like Mac OS X) AppleWebKit/602.1.50 (KHTML, like Gecko) Version/10.0 Mobile/15E148 Safari/602.1"
91.92.242.223 - - [20/May/2026:01:10:05 +0000] "POST /wp-login.php?action=register HTTP/1.1" 500 188 "-" "-"
34.116.235.38 - - [20/May/2026:01:10:09 +0000] "GET /wp-content/plugins/contact-form-7/includes/swv/js/index.js?ver=6.1.6 HTTP/1.1" 200 3503 "https://ideainitself.com/" "Mozilla/5.0 (iPhone13,2; U; CPU iPhone OS 14_0 like Mac OS X) AppleWebKit/602.1.50 (KHTML, like Gecko) Version/10.0 Mobile/15E148 Safari/602.1"
