File: /home/primrwxj/access-logs/ideainitself.com.primemusicproductions.com-ssl_log
192.0.103.42 - - [19/May/2026:18:17:44 +0000] "HEAD / HTTP/1.1" 200 - "-" "jetmon/1.0 (Jetpack Site Uptime Monitor by WordPress.com)"
66.249.66.32 - - [19/May/2026:18:18:05 +0000] "GET /robots.txt HTTP/1.1" 200 115 "-" "Mozilla/5.0 (compatible; Googlebot/2.1; +http://www.google.com/bot.html)"
66.249.66.34 - - [19/May/2026:22:21:06 +0000] "GET /ads.txt HTTP/1.1" 200 58 "-" "Google-adstxt"
184.94.212.206 - - [19/May/2026:22:21:45 +0000] "POST /wp-cron.php?doing_wp_cron=1779229305.1905810832977294921875 HTTP/1.1" 200 - "-" "WordPress/6.9.4; https://ideainitself.com"
47.128.52.114 - - [19/May/2026:22:21:43 +0000] "GET / HTTP/1.1" 200 52057 "-" "Mozilla/5.0 (Linux; Android 5.0) AppleWebKit/537.36 (KHTML, like Gecko) Mobile Safari/537.36 (compatible; Bytespider; spider-feedback@bytedance.com)"
47.128.52.114 - - [19/May/2026:22:21:45 +0000] "GET /wp-content/plugins/contact-form-7/modules/stripe/style.css?ver=6.1.5 HTTP/1.1" 200 192 "https://ideainitself.com/" "Mozilla/5.0 (Linux; Android 5.0) AppleWebKit/537.36 (KHTML, like Gecko) Mobile Safari/537.36 (compatible; Bytespider; spider-feedback@bytedance.com)"
47.128.52.114 - - [19/May/2026:22:21:46 +0000] "GET /wp-content/themes/generatepress/assets/css/components/widget-areas.min.css?ver=3.6.1 HTTP/1.1" 200 693 "https://ideainitself.com/" "Mozilla/5.0 (Linux; Android 5.0) AppleWebKit/537.36 (KHTML, like Gecko) Mobile Safari/537.36 (compatible; Bytespider; spider-feedback@bytedance.com)"
47.128.52.114 - - [19/May/2026:22:21:46 +0000] "GET /wp-content/themes/generatepress/assets/css/main.min.css?ver=3.6.1 HTTP/1.1" 200 4675 "https://ideainitself.com/" "Mozilla/5.0 (Linux; Android 5.0) AppleWebKit/537.36 (KHTML, like Gecko) Mobile Safari/537.36 (compatible; Bytespider; spider-feedback@bytedance.com)"
47.128.52.114 - - [19/May/2026:22:21:46 +0000] "GET /wp-content/plugins/contact-form-7/includes/css/styles.css?ver=6.1.5 HTTP/1.1" 200 1031 "https://ideainitself.com/" "Mozilla/5.0 (Linux; Android 5.0) AppleWebKit/537.36 (KHTML, like Gecko) Mobile Safari/537.36 (compatible; Bytespider; spider-feedback@bytedance.com)"
184.94.212.206 - - [19/May/2026:22:22:00 +0000] "GET /wp-json/jetpack/v4/sync/spawn-sync?time=1779229320&request_lock_id=04867a5e-ebd8-4989-9244-6244ae01e190 HTTP/1.1" 503 683 "-" "WordPress/6.9.4; https://ideainitself.com"
184.94.212.206 - - [19/May/2026:22:21:59 +0000] "GET /?wp_scrape_key=c2b3e877c16e98b634c968e0f0fd2e91&wp_scrape_nonce=1779229317 HTTP/1.1" 200 49416 "-" "WordPress/6.9.4; https://ideainitself.com"
184.94.212.206 - - [19/May/2026:22:22:05 +0000] "GET /?wp_scrape_key=35a305c0d68a8b60ba5e02d0269da4fa&wp_scrape_nonce=1779229323 HTTP/1.1" 200 52210 "-" "WordPress/6.9.4; https://ideainitself.com"
47.128.111.145 - - [19/May/2026:22:22:09 +0000] "GET / HTTP/1.1" 503 683 "-" "Mozilla/5.0 (Linux; Android 5.0) AppleWebKit/537.36 (KHTML, like Gecko) Mobile Safari/537.36 (compatible; TikTokSpider; ttspider-feedback@tiktok.com)"
184.94.212.206 - - [19/May/2026:22:22:09 +0000] "GET /?wp_scrape_key=30bd8e6125d7ef743ac6a2b6ce892ced&wp_scrape_nonce=1779229327 HTTP/1.1" 200 52210 "-" "WordPress/6.9.4; https://ideainitself.com"
47.128.111.145 - - [19/May/2026:22:22:10 +0000] "GET /wp-content/maintenance/assets/images/facebook.svg HTTP/1.1" 206 424 "https://ideainitself.com/" "Mozilla/5.0 (Linux; Android 5.0) AppleWebKit/537.36 (KHTML, like Gecko) Mobile Safari/537.36 (compatible; TikTokSpider; ttspider-feedback@tiktok.com)"
47.128.111.145 - - [19/May/2026:22:22:10 +0000] "GET /wp-content/maintenance/assets/styles.css HTTP/1.1" 200 943 "https://ideainitself.com/" "Mozilla/5.0 (Linux; Android 5.0) AppleWebKit/537.36 (KHTML, like Gecko) Mobile Safari/537.36 (compatible; TikTokSpider; ttspider-feedback@tiktok.com)"
47.128.111.145 - - [19/May/2026:22:22:10 +0000] "GET /wp-content/maintenance/assets/images/twitter.svg HTTP/1.1" 206 500 "https://ideainitself.com/" "Mozilla/5.0 (Linux; Android 5.0) AppleWebKit/537.36 (KHTML, like Gecko) Mobile Safari/537.36 (compatible; TikTokSpider; ttspider-feedback@tiktok.com)"
47.128.111.145 - - [19/May/2026:22:22:10 +0000] "GET /wp-content/maintenance/assets/images/facebook.svg HTTP/1.1" 200 290 "https://ideainitself.com/" "Mozilla/5.0 (Linux; Android 5.0) AppleWebKit/537.36 (KHTML, like Gecko) Mobile Safari/537.36 (compatible; TikTokSpider; ttspider-feedback@tiktok.com)"
47.128.111.145 - - [19/May/2026:22:22:10 +0000] "GET /wp-content/maintenance/assets/images/instagram.svg HTTP/1.1" 206 500 "https://ideainitself.com/" "Mozilla/5.0 (Linux; Android 5.0) AppleWebKit/537.36 (KHTML, like Gecko) Mobile Safari/537.36 (compatible; TikTokSpider; ttspider-feedback@tiktok.com)"
47.128.111.145 - - [19/May/2026:22:22:10 +0000] "GET /wp-content/maintenance/assets/images/bg.jpg HTTP/1.1" 206 500 "https://ideainitself.com/wp-content/maintenance/assets/styles.css" "Mozilla/5.0 (Linux; Android 5.0) AppleWebKit/537.36 (KHTML, like Gecko) Mobile Safari/537.36 (compatible; TikTokSpider; ttspider-feedback@tiktok.com)"
47.128.111.145 - - [19/May/2026:22:22:10 +0000] "GET /wp-content/maintenance/assets/images/twitter.svg HTTP/1.1" 200 549 "https://ideainitself.com/" "Mozilla/5.0 (Linux; Android 5.0) AppleWebKit/537.36 (KHTML, like Gecko) Mobile Safari/537.36 (compatible; TikTokSpider; ttspider-feedback@tiktok.com)"
47.128.111.145 - - [19/May/2026:22:22:10 +0000] "GET /wp-content/maintenance/assets/images/instagram.svg HTTP/1.1" 200 522 "https://ideainitself.com/" "Mozilla/5.0 (Linux; Android 5.0) AppleWebKit/537.36 (KHTML, like Gecko) Mobile Safari/537.36 (compatible; TikTokSpider; ttspider-feedback@tiktok.com)"
184.94.212.206 - - [19/May/2026:22:22:14 +0000] "GET /?wp_scrape_key=7339b1056f77b4b1831fbc9cfb581c11&wp_scrape_nonce=1779229332 HTTP/1.1" 200 52394 "-" "WordPress/6.9.4; https://ideainitself.com"
184.94.212.206 - - [19/May/2026:22:22:18 +0000] "GET /?wp_scrape_key=1ebe3346113ca266138b747eac597464&wp_scrape_nonce=1779229336 HTTP/1.1" 200 52394 "-" "WordPress/6.9.4; https://ideainitself.com"
184.94.212.206 - - [19/May/2026:22:22:22 +0000] "GET /?wp_scrape_key=c4117a09f9045fc38d412947d0e48519&wp_scrape_nonce=1779229340 HTTP/1.1" 200 52394 "-" "WordPress/6.9.4; https://ideainitself.com"
184.94.212.206 - - [19/May/2026:22:22:27 +0000] "GET /?wp_scrape_key=deeb99748798b778db8320b62ef41a6d&wp_scrape_nonce=1779229345 HTTP/1.1" 200 52396 "-" "WordPress/6.9.4; https://ideainitself.com"
184.94.212.206 - - [19/May/2026:22:22:31 +0000] "GET /?wp_scrape_key=cbc886b02676bc81c2eb97ab0b152697&wp_scrape_nonce=1779229349 HTTP/1.1" 200 52393 "-" "WordPress/6.9.4; https://ideainitself.com"
43.173.132.92 - - [19/May/2026:22:22:36 +0000] "GET /robots.txt HTTP/1.1" 200 115 "-" "Mozilla/5.0 (Macintosh; Intel Mac OS X 10_15_7) AppleWebKit/537.36 (KHTML, like Gecko) Chrome/129.0.0.0 Safari/537.36"
44.235.211.232 - - [19/May/2026:22:22:37 +0000] "POST /?_wfsf=detectProxy HTTP/1.1" 503 1898 "-" "Wordfence API/1.0 (+https://www.wordfence.com/help/api-callbacks/)"
184.94.212.206 - - [19/May/2026:22:22:36 +0000] "GET /?wp_scrape_key=540e1f865ed05a75b8cfd2c3e62da85e&wp_scrape_nonce=1779229354 HTTP/1.1" 200 52394 "-" "WordPress/6.9.4; https://ideainitself.com"
184.94.212.206 - - [19/May/2026:22:22:42 +0000] "GET /?wp_scrape_key=ecc3a32df661ed79ac7c94f6d9814ec1&wp_scrape_nonce=1779229360 HTTP/1.1" 200 52394 "-" "WordPress/6.9.4; https://ideainitself.com"
192.0.103.42 - - [19/May/2026:22:22:44 +0000] "HEAD / HTTP/1.1" 200 - "-" "jetmon/1.0 (Jetpack Site Uptime Monitor by WordPress.com)"
184.94.212.206 - - [19/May/2026:22:22:47 +0000] "POST /wp-cron.php?doing_wp_cron=1779229367.4073150157928466796875 HTTP/1.1" 200 - "-" "WordPress/6.9.4; https://ideainitself.com"
184.94.212.206 - - [19/May/2026:22:22:46 +0000] "POST /wp-admin/admin-ajax.php?action=wordfence_testAjax HTTP/1.1" 200 32 "-" "WordPress/6.9.4; https://ideainitself.com"
184.94.212.206 - - [19/May/2026:22:22:48 +0000] "GET /wp-admin/admin-ajax.php?action=wordfence_doScan&isFork=0&scanMode=standard&cronKey=325ca8afe05ca3766242a28c99060775&signature=034fab82671667dd39c5ef4f2200e4ba59ff8b400e257aa4eda7482c5cf6d732 HTTP/1.1" 200 - "-" "WordPress/6.9.4; https://ideainitself.com"
184.94.212.206 - - [19/May/2026:22:22:49 +0000] "POST /wp-cron.php HTTP/1.1" 200 - "-" "WordPress/6.9.4; https://ideainitself.com"
184.94.212.206 - - [19/May/2026:22:22:49 +0000] "GET / HTTP/1.1" 200 52336 "-" "WordPress/6.9.4; https://ideainitself.com"
184.94.212.206 - - [19/May/2026:22:22:50 +0000] "GET / HTTP/1.1" 200 52336 "-" "WordPress/6.9.4; https://ideainitself.com"
184.94.212.206 - - [19/May/2026:22:22:52 +0000] "GET / HTTP/1.1" 200 52336 "-" "WordPress/6.9.4; https://ideainitself.com"
184.94.212.206 - - [19/May/2026:22:22:53 +0000] "GET / HTTP/1.1" 200 52336 "-" "WordPress/6.9.4; https://ideainitself.com"
184.94.212.206 - - [19/May/2026:22:22:54 +0000] "GET /?timestamp=1779229374 HTTP/1.1" 200 52333 "-" "WordPress/6.9.4; https://ideainitself.com"
184.94.212.206 - - [19/May/2026:22:22:54 +0000] "GET /?timestamp=1779229374 HTTP/1.1" 200 52333 "-" "WordPress/6.9.4; https://ideainitself.com"
184.94.212.206 - - [19/May/2026:22:22:56 +0000] "GET /?timestamp=1779229376 HTTP/1.1" 200 52333 "-" "WordPress/6.9.4; https://ideainitself.com"
184.94.212.206 - - [19/May/2026:22:22:57 +0000] "GET /wp-login.php?timestamp=1779229377 HTTP/1.1" 200 3809 "-" "WordPress/6.9.4; https://ideainitself.com"
184.94.212.206 - - [19/May/2026:22:22:59 +0000] "POST /wp-admin/admin-ajax.php?action=wordfence_testAjax HTTP/1.1" 200 32 "-" "WordPress/6.9.4; https://ideainitself.com"
184.94.212.206 - - [19/May/2026:22:23:00 +0000] "GET /wp-admin/admin-ajax.php?action=wordfence_doScan&isFork=0&scanMode=quick&cronKey=089653459f256d15dc29e10b209326e9&signature=861730c95d928fca12835e5c913ebb5b57ad3cc0c11392cd4af3ee6934aacbba HTTP/1.1" 200 - "-" "WordPress/6.9.4; https://ideainitself.com"
184.94.212.206 - - [19/May/2026:22:23:40 +0000] "POST /wp-cron.php?doing_wp_cron=1779229420.1949830055236816406250 HTTP/1.1" 200 - "-" "WordPress/6.9.4; https://ideainitself.com"
64.227.4.91 - - [19/May/2026:22:23:38 +0000] "GET /privacy-policy/busy10 HTTP/1.1" 301 - "https://ideainitself.com/" "Mozilla/5.0 (Windows NT 10.0; Win64; x64) AppleWebKit/537.36 (KHTML, like Gecko) Chrome/103.0.0.0 Safari/537.36"
64.227.4.91 - - [19/May/2026:22:23:41 +0000] "GET /wp-content/uploads/2021/10/busy10.jpg HTTP/1.1" 200 46237 "https://ideainitself.com/" "Mozilla/5.0 (Windows NT 10.0; Win64; x64) AppleWebKit/537.36 (KHTML, like Gecko) Chrome/103.0.0.0 Safari/537.36"
47.128.110.91 - - [19/May/2026:22:26:10 +0000] "GET /robots.txt HTTP/1.1" 200 117 "-" "-"
184.94.212.206 - - [19/May/2026:22:27:46 +0000] "POST /wp-cron.php?doing_wp_cron=1779229666.1067941188812255859375 HTTP/1.1" 200 - "-" "WordPress/6.9.4; https://ideainitself.com"
192.0.103.42 - - [19/May/2026:22:27:44 +0000] "HEAD / HTTP/1.1" 200 - "-" "jetmon/1.0 (Jetpack Site Uptime Monitor by WordPress.com)"
91.92.242.223 - - [19/May/2026:22:27:47 +0000] "POST /wp-login.php?action=register HTTP/1.1" 500 188 "-" "-"
184.94.212.206 - - [19/May/2026:22:30:42 +0000] "POST /wp-cron.php?doing_wp_cron=1779229842.9635250568389892578125 HTTP/1.1" 200 - "-" "WordPress/6.9.4; https://ideainitself.com"
66.229.190.204 - - [19/May/2026:22:30:41 +0000] "GET / HTTP/1.1" 301 - "-" "Mozilla/5.0 (iPhone; CPU iPhone OS 15_5 like Mac OS X) AppleWebKit/605.1.15 (KHTML, like Gecko) Version/15_5 Mobile/15E148 Safari/604.1"
66.229.190.204 - - [19/May/2026:22:30:43 +0000] "GET / HTTP/1.1" 200 52242 "https://www.ideainitself.com/" "Mozilla/5.0 (iPhone; CPU iPhone OS 15_5 like Mac OS X) AppleWebKit/605.1.15 (KHTML, like Gecko) Version/15_5 Mobile/15E148 Safari/604.1"
184.94.212.206 - - [19/May/2026:22:30:47 +0000] "POST /wp-cron.php?doing_wp_cron=1779229847.7779629230499267578125 HTTP/1.1" 200 - "-" "WordPress/6.9.4; https://ideainitself.com"
66.229.190.204 - - [19/May/2026:22:30:46 +0000] "GET / HTTP/1.1" 301 - "https://ideainitself.com/" "Mozilla/5.0 (iPhone; CPU iPhone OS 15_5 like Mac OS X) AppleWebKit/605.1.15 (KHTML, like Gecko) Version/15_5 Mobile/15E148 Safari/604.1"
23.104.78.8 - - [19/May/2026:22:30:49 +0000] "GET / HTTP/1.1" 301 - "https://www.google.com/" "Mozilla/5.0 (iPhone; CPU iPhone OS 17_5 like Mac OS X) AppleWebKit/605.1.15 (KHTML, like Gecko) CriOS/124.0.6367.88 Mobile/15E148 Safari/604.1"
149.18.166.78 - - [19/May/2026:22:30:53 +0000] "GET / HTTP/1.1" 301 - "https://www.bing.com/" "Mozilla/5.0 (iPhone; CPU iPhone OS 17_3_1 like Mac OS X) AppleWebKit/605.1.15 (KHTML, like Gecko) Version/17.3.1 Mobile/15E148 Safari/604.1"
167.142.240.195 - - [19/May/2026:22:31:19 +0000] "GET / HTTP/1.1" 301 - "-" "Mozilla/5.0 (iPhone; CPU iPhone OS 17_3_1 like Mac OS X) AppleWebKit/605.1.15 (KHTML, like Gecko) FxiOS/124.0 Mobile/15E148 Safari/605.1.15"
209.51.40.19 - - [19/May/2026:22:31:28 +0000] "GET / HTTP/1.1" 301 - "https://www.yandex.com/" "Mozilla/5.0 (iPhone; CPU iPhone OS 26_0 like Mac OS X) AppleWebKit/605.1.15 (KHTML, like Gecko) Version/26.0 Mobile/15E148 Safari/604.1"
107.175.110.204 - - [19/May/2026:22:31:32 +0000] "GET / HTTP/1.1" 301 - "https://ideainitself.com/" "Mozilla/5.0 (iPhone; CPU iPhone OS 17_3_1 like Mac OS X) AppleWebKit/605.1.15 (KHTML, like Gecko) FxiOS/124.0 Mobile/15E148 Safari/605.1.15"
107.175.110.204 - - [19/May/2026:22:31:34 +0000] "GET / HTTP/1.1" 200 52242 "https://ideainitself.com/" "Mozilla/5.0 (iPhone; CPU iPhone OS 17_3_1 like Mac OS X) AppleWebKit/605.1.15 (KHTML, like Gecko) FxiOS/124.0 Mobile/15E148 Safari/605.1.15"
107.175.110.204 - - [19/May/2026:22:31:36 +0000] "GET / HTTP/1.1" 301 - "https://ideainitself.com/" "Mozilla/5.0 (iPhone; CPU iPhone OS 17_3_1 like Mac OS X) AppleWebKit/605.1.15 (KHTML, like Gecko) FxiOS/124.0 Mobile/15E148 Safari/605.1.15"
73.52.29.82 - - [19/May/2026:22:32:05 +0000] "GET / HTTP/1.1" 301 - "http://www.baidu.com/" "Mozilla/5.0 (iPhone; CPU iPhone OS 17_4_1 like Mac OS X) AppleWebKit/605.1.15 (KHTML, like Gecko) Version/17.4.1 Mobile/15E148 Safari/604.1"
68.2.33.19 - - [19/May/2026:22:32:11 +0000] "GET / HTTP/1.1" 301 - "-" "Mozilla/5.0 (iPhone; CPU iPhone OS 17_6_1 like Mac OS X) AppleWebKit/605.1.15 (KHTML, like Gecko) Version/17.6 Mobile/15E148 Safari/604.1 OPT/5.3.0"
68.2.33.19 - - [19/May/2026:22:32:13 +0000] "GET / HTTP/1.1" 200 52242 "https://www.ideainitself.com/" "Mozilla/5.0 (iPhone; CPU iPhone OS 17_6_1 like Mac OS X) AppleWebKit/605.1.15 (KHTML, like Gecko) Version/17.6 Mobile/15E148 Safari/604.1 OPT/5.3.0"
68.2.33.19 - - [19/May/2026:22:32:15 +0000] "GET / HTTP/1.1" 301 - "https://ideainitself.com/" "Mozilla/5.0 (iPhone; CPU iPhone OS 17_6_1 like Mac OS X) AppleWebKit/605.1.15 (KHTML, like Gecko) Version/17.6 Mobile/15E148 Safari/604.1 OPT/5.3.0"
178.16.52.137 - - [19/May/2026:22:32:37 +0000] "POST /wp-login.php?action=register HTTP/1.1" 500 188 "-" "-"
192.0.103.42 - - [19/May/2026:22:32:45 +0000] "HEAD / HTTP/1.1" 200 - "-" "jetmon/1.0 (Jetpack Site Uptime Monitor by WordPress.com)"
192.241.144.247 - - [19/May/2026:22:32:47 +0000] "GET / HTTP/1.1" 200 52336 "-" "Mozilla/5.0 (X11; Linux x86_64) AppleWebKit/537.36 (KHTML, like Gecko) Chrome/55.0.2883.87 Safari/537.36"
91.92.242.223 - - [19/May/2026:22:34:21 +0000] "POST /wp-login.php?action=register HTTP/1.1" 500 188 "-" "-"
184.94.212.206 - - [19/May/2026:22:37:45 +0000] "POST /wp-cron.php?doing_wp_cron=1779230265.6192839145660400390625 HTTP/1.1" 200 - "-" "WordPress/6.9.4; https://ideainitself.com"
192.0.103.42 - - [19/May/2026:22:37:44 +0000] "HEAD / HTTP/1.1" 200 - "-" "jetmon/1.0 (Jetpack Site Uptime Monitor by WordPress.com)"
119.28.89.249 - - [19/May/2026:22:38:42 +0000] "GET / HTTP/1.1" 200 52242 "http://ideainitself.com" "Mozilla/5.0 (iPhone; CPU iPhone OS 13_2_3 like Mac OS X) AppleWebKit/605.1.15 (KHTML, like Gecko) Version/13.0.3 Mobile/15E148 Safari/604.1"
113.161.32.51 - - [19/May/2026:22:39:06 +0000] "POST /wp-comments-post.php HTTP/1.1" 302 - "-" "Mozilla/5.0 (Windows NT 10.0; Win64; x64) AppleWebKit/537.36 (KHTML, like Gecko) Chrome/120.0.0.0 Safari/537.36"
184.94.212.206 - - [19/May/2026:22:39:07 +0000] "GET /wp-json/jetpack/v4/sync/spawn-sync?time=1779230347&request_lock_id=81e4cfea-65e1-480d-9295-f5cb47d663cc HTTP/1.1" 200 37 "-" "WordPress/6.9.4; https://ideainitself.com"
113.161.32.51 - - [19/May/2026:22:39:09 +0000] "POST /wp-comments-post.php HTTP/1.1" 429 1090 "-" "Mozilla/5.0 (Windows NT 10.0; Win64; x64) AppleWebKit/537.36 (KHTML, like Gecko) Chrome/120.0.0.0 Safari/537.36"
113.161.32.51 - - [19/May/2026:22:39:12 +0000] "POST /wp-comments-post.php HTTP/1.1" 429 1090 "-" "Mozilla/5.0 (Windows NT 10.0; Win64; x64) AppleWebKit/537.36 (KHTML, like Gecko) Chrome/120.0.0.0 Safari/537.36"
113.161.32.51 - - [19/May/2026:22:39:15 +0000] "POST /wp-comments-post.php HTTP/1.1" 429 1090 "-" "Mozilla/5.0 (Windows NT 10.0; Win64; x64) AppleWebKit/537.36 (KHTML, like Gecko) Chrome/120.0.0.0 Safari/537.36"
113.161.32.51 - - [19/May/2026:22:39:20 +0000] "POST /wp-comments-post.php HTTP/1.1" 302 - "-" "Mozilla/5.0 (Windows NT 10.0; Win64; x64) AppleWebKit/537.36 (KHTML, like Gecko) Chrome/120.0.0.0 Safari/537.36"
113.161.32.51 - - [19/May/2026:22:39:24 +0000] "POST /wp-comments-post.php HTTP/1.1" 429 1090 "-" "Mozilla/5.0 (Windows NT 10.0; Win64; x64) AppleWebKit/537.36 (KHTML, like Gecko) Chrome/120.0.0.0 Safari/537.36"
184.94.212.206 - - [19/May/2026:22:39:21 +0000] "GET /wp-json/jetpack/v4/sync/spawn-sync?time=1779230361&request_lock_id=83d721ea-1424-4981-aab5-b33400eea3cd HTTP/1.1" 200 37 "-" "WordPress/6.9.4; https://ideainitself.com"
184.94.212.206 - - [19/May/2026:22:39:27 +0000] "POST /wp-cron.php?doing_wp_cron=1779230367.1862480640411376953125 HTTP/1.1" 200 - "-" "WordPress/6.9.4; https://ideainitself.com"
113.161.32.51 - - [19/May/2026:22:39:26 +0000] "POST /wp-comments-post.php HTTP/1.1" 429 1090 "-" "Mozilla/5.0 (Windows NT 10.0; Win64; x64) AppleWebKit/537.36 (KHTML, like Gecko) Chrome/120.0.0.0 Safari/537.36"
113.161.32.51 - - [19/May/2026:22:39:28 +0000] "POST /wp-comments-post.php HTTP/1.1" 429 1090 "-" "Mozilla/5.0 (Windows NT 10.0; Win64; x64) AppleWebKit/537.36 (KHTML, like Gecko) Chrome/120.0.0.0 Safari/537.36"
113.161.32.51 - - [19/May/2026:22:39:30 +0000] "POST /wp-comments-post.php HTTP/1.1" 429 1090 "-" "Mozilla/5.0 (Windows NT 10.0; Win64; x64) AppleWebKit/537.36 (KHTML, like Gecko) Chrome/120.0.0.0 Safari/537.36"
113.161.32.51 - - [19/May/2026:22:39:33 +0000] "POST /wp-comments-post.php HTTP/1.1" 429 1090 "-" "Mozilla/5.0 (Windows NT 10.0; Win64; x64) AppleWebKit/537.36 (KHTML, like Gecko) Chrome/120.0.0.0 Safari/537.36"
192.0.103.42 - - [19/May/2026:22:42:44 +0000] "HEAD / HTTP/1.1" 200 - "-" "jetmon/1.0 (Jetpack Site Uptime Monitor by WordPress.com)"
178.16.52.137 - - [19/May/2026:22:43:48 +0000] "POST /wp-login.php?action=register HTTP/1.1" 500 188 "-" "-"
184.94.212.206 - - [19/May/2026:22:46:28 +0000] "POST /wp-cron.php?doing_wp_cron=1779230788.2113680839538574218750 HTTP/1.1" 200 - "-" "WordPress/6.9.4; https://ideainitself.com"
109.166.41.233 - - [19/May/2026:22:46:26 +0000] "GET / HTTP/1.1" 301 - "-" "Mozilla/5.0 (Windows NT 10.0; Win64; x64) AppleWebKit/537.36 (KHTML, like Gecko) Chrome/145.0.0.0 Safari/537.36"
128.79.188.200 - - [19/May/2026:22:46:57 +0000] "GET / HTTP/1.1" 200 52336 "-" "Mozilla/5.0 (Macintosh; Intel Mac OS X 14_7_0) AppleWebKit/537.36 (KHTML, like Gecko) Chrome/134.0.6998.45 Safari/537.36"
192.0.103.42 - - [19/May/2026:22:47:45 +0000] "HEAD / HTTP/1.1" 200 - "-" "jetmon/1.0 (Jetpack Site Uptime Monitor by WordPress.com)"
184.94.212.206 - - [19/May/2026:22:47:52 +0000] "POST /wp-cron.php?doing_wp_cron=1779230872.8917429447174072265625 HTTP/1.1" 200 - "-" "WordPress/6.9.4; https://ideainitself.com"
66.249.92.128 - - [19/May/2026:22:47:51 +0000] "GET / HTTP/1.1" 200 52336 "-" "Mozilla/5.0 (Macintosh; Intel Mac OS X 10_7_3) AppleWebKit/537.36 (KHTML, like Gecko, Mediapartners-Google) Chrome/148.0.7778.96 Safari/537.36"
66.249.92.160 - - [19/May/2026:22:47:53 +0000] "GET /wp-content/themes/generatepress/assets/css/main.min.css?ver=3.6.1 HTTP/1.1" 200 4675 "https://ideainitself.com/" "Mozilla/5.0 (Macintosh; Intel Mac OS X 10_7_3) AppleWebKit/537.36 (KHTML, like Gecko, Mediapartners-Google) Chrome/148.0.7778.96 Safari/537.36"
66.249.92.32 - - [19/May/2026:22:47:53 +0000] "GET /wp-content/plugins/contact-form-7/includes/css/styles.css?ver=6.1.6 HTTP/1.1" 200 1036 "https://ideainitself.com/" "Mozilla/5.0 (Macintosh; Intel Mac OS X 10_7_3) AppleWebKit/537.36 (KHTML, like Gecko, Mediapartners-Google) Chrome/148.0.7778.96 Safari/537.36"
66.249.92.142 - - [19/May/2026:22:47:53 +0000] "GET /wp-content/themes/generatepress/assets/css/components/widget-areas.min.css?ver=3.6.1 HTTP/1.1" 200 693 "https://ideainitself.com/" "Mozilla/5.0 (Macintosh; Intel Mac OS X 10_7_3) AppleWebKit/537.36 (KHTML, like Gecko, Mediapartners-Google) Chrome/148.0.7778.96 Safari/537.36"
66.249.92.34 - - [19/May/2026:22:47:53 +0000] "GET /wp-content/plugins/contact-form-7/modules/stripe/style.css?ver=6.1.6 HTTP/1.1" 200 192 "https://ideainitself.com/" "Mozilla/5.0 (Macintosh; Intel Mac OS X 10_7_3) AppleWebKit/537.36 (KHTML, like Gecko, Mediapartners-Google) Chrome/148.0.7778.96 Safari/537.36"
192.0.102.90 - - [19/May/2026:22:47:53 +0000] "GET /wp-content/uploads/2021/10/busy11.jpg HTTP/1.1" 200 43512 "-" "Photon/1.0"
66.249.92.168 - - [19/May/2026:22:47:51 +0000] "GET / HTTP/1.1" 200 52242 "-" "Mozilla/5.0 (Linux; Android 4.0.4; Galaxy Nexus Build/IMM76B) AppleWebKit/[WEBKIT_VERSION] (KHTML, like Gecko; Mediapartners-Google) Chrome/[CHROME_VERSION] Mobile Safari/[WEBKIT_VERSION]"
192.0.99.179 - - [19/May/2026:22:47:53 +0000] "GET /wp-content/uploads/2021/10/busy4.jpg HTTP/1.1" 200 72503 "-" "Photon/1.0"
66.249.92.32 - - [19/May/2026:22:47:53 +0000] "GET /wp-content/plugins/contact-form-7/includes/swv/js/index.js?ver=6.1.6 HTTP/1.1" 200 3503 "https://ideainitself.com/" "Mozilla/5.0 (Macintosh; Intel Mac OS X 10_7_3) AppleWebKit/537.36 (KHTML, like Gecko, Mediapartners-Google) Chrome/148.0.7778.96 Safari/537.36"
66.249.92.34 - - [19/May/2026:22:47:53 +0000] "GET /wp-content/plugins/contact-form-7/modules/recaptcha/index.js?ver=6.1.6 HTTP/1.1" 200 483 "https://ideainitself.com/" "Mozilla/5.0 (Macintosh; Intel Mac OS X 10_7_3) AppleWebKit/537.36 (KHTML, like Gecko, Mediapartners-Google) Chrome/148.0.7778.96 Safari/537.36"
66.249.92.169 - - [19/May/2026:22:47:51 +0000] "GET / HTTP/1.1" 200 52242 "-" "Mozilla/5.0 (Linux; Android 4.0.4; Galaxy Nexus Build/IMM76B) AppleWebKit/537.36 (KHTML, like Gecko; Mediapartners-Google) Chrome/148.0.7778.96 Mobile Safari/537.36"
66.249.92.194 - - [19/May/2026:22:47:53 +0000] "GET /wp-content/themes/generatepress/assets/js/menu.min.js?ver=3.6.1 HTTP/1.1" 200 1836 "https://ideainitself.com/" "Mozilla/5.0 (Macintosh; Intel Mac OS X 10_7_3) AppleWebKit/537.36 (KHTML, like Gecko, Mediapartners-Google) Chrome/148.0.7778.96 Safari/537.36"
66.249.92.141 - - [19/May/2026:22:47:53 +0000] "GET /wp-content/plugins/google-site-kit/dist/assets/js/googlesitekit-consent-mode-da15714e8829855bb7ce.js HTTP/1.1" 200 25462 "https://ideainitself.com/" "Mozilla/5.0 (Macintosh; Intel Mac OS X 10_7_3) AppleWebKit/537.36 (KHTML, like Gecko, Mediapartners-Google) Chrome/148.0.7778.96 Safari/537.36"
66.249.92.168 - - [19/May/2026:22:47:53 +0000] "GET /wp-content/plugins/contact-form-7/includes/js/index.js?ver=6.1.6 HTTP/1.1" 200 4265 "https://ideainitself.com/" "Mozilla/5.0 (Macintosh; Intel Mac OS X 10_7_3) AppleWebKit/537.36 (KHTML, like Gecko, Mediapartners-Google) Chrome/148.0.7778.96 Safari/537.36"
66.249.92.169 - - [19/May/2026:22:47:53 +0000] "GET /wp-content/plugins/wp-consent-api/assets/js/wp-consent-api.min.js?ver=2.0.1 HTTP/1.1" 200 822 "https://ideainitself.com/" "Mozilla/5.0 (Macintosh; Intel Mac OS X 10_7_3) AppleWebKit/537.36 (KHTML, like Gecko, Mediapartners-Google) Chrome/148.0.7778.96 Safari/537.36"
192.0.99.227 - - [19/May/2026:22:47:53 +0000] "GET /wp-content/uploads/2021/10/SoftCoverB1.png HTTP/1.1" 200 466651 "-" "Photon/1.0"
66.249.92.168 - - [19/May/2026:22:47:53 +0000] "GET /wp-content/themes/generatepress/assets/css/components/widget-areas.min.css?ver=3.6.1 HTTP/1.1" 200 693 "https://ideainitself.com/" "Mozilla/5.0 (Linux; Android 4.0.4; Galaxy Nexus Build/IMM76B) AppleWebKit/537.36 (KHTML, like Gecko; Mediapartners-Google) Chrome/148.0.7778.96 Mobile Safari/537.36"
66.249.92.128 - - [19/May/2026:22:47:53 +0000] "GET /wp-content/plugins/contact-form-7/includes/css/styles.css?ver=6.1.6 HTTP/1.1" 200 1036 "https://ideainitself.com/" "Mozilla/5.0 (Linux; Android 4.0.4; Galaxy Nexus Build/IMM76B) AppleWebKit/537.36 (KHTML, like Gecko; Mediapartners-Google) Chrome/148.0.7778.96 Mobile Safari/537.36"
66.249.92.142 - - [19/May/2026:22:47:53 +0000] "GET /wp-content/plugins/contact-form-7/modules/stripe/style.css?ver=6.1.6 HTTP/1.1" 200 192 "https://ideainitself.com/" "Mozilla/5.0 (Linux; Android 4.0.4; Galaxy Nexus Build/IMM76B) AppleWebKit/537.36 (KHTML, like Gecko; Mediapartners-Google) Chrome/148.0.7778.96 Mobile Safari/537.36"
66.249.92.141 - - [19/May/2026:22:47:53 +0000] "GET /wp-content/themes/generatepress/assets/css/main.min.css?ver=3.6.1 HTTP/1.1" 200 4675 "https://ideainitself.com/" "Mozilla/5.0 (Linux; Android 4.0.4; Galaxy Nexus Build/IMM76B) AppleWebKit/537.36 (KHTML, like Gecko; Mediapartners-Google) Chrome/148.0.7778.96 Mobile Safari/537.36"
66.249.92.128 - - [19/May/2026:22:47:53 +0000] "GET /wp-content/plugins/contact-form-7/includes/js/index.js?ver=6.1.6 HTTP/1.1" 200 4265 "https://ideainitself.com/" "Mozilla/5.0 (Linux; Android 4.0.4; Galaxy Nexus Build/IMM76B) AppleWebKit/537.36 (KHTML, like Gecko; Mediapartners-Google) Chrome/148.0.7778.96 Mobile Safari/537.36"
66.249.92.169 - - [19/May/2026:22:47:53 +0000] "GET /wp-content/plugins/google-site-kit/dist/assets/js/googlesitekit-consent-mode-da15714e8829855bb7ce.js HTTP/1.1" 200 25462 "https://ideainitself.com/" "Mozilla/5.0 (Linux; Android 4.0.4; Galaxy Nexus Build/IMM76B) AppleWebKit/537.36 (KHTML, like Gecko; Mediapartners-Google) Chrome/148.0.7778.96 Mobile Safari/537.36"
66.249.92.160 - - [19/May/2026:22:47:53 +0000] "GET /wp-content/plugins/wp-consent-api/assets/js/wp-consent-api.min.js?ver=2.0.1 HTTP/1.1" 200 822 "https://ideainitself.com/" "Mozilla/5.0 (Linux; Android 4.0.4; Galaxy Nexus Build/IMM76B) AppleWebKit/537.36 (KHTML, like Gecko; Mediapartners-Google) Chrome/148.0.7778.96 Mobile Safari/537.36"
66.249.92.168 - - [19/May/2026:22:47:53 +0000] "GET /wp-content/plugins/contact-form-7/modules/stripe/index.js?ver=6.1.6 HTTP/1.1" 200 1278 "https://ideainitself.com/" "Mozilla/5.0 (Linux; Android 4.0.4; Galaxy Nexus Build/IMM76B) AppleWebKit/537.36 (KHTML, like Gecko; Mediapartners-Google) Chrome/148.0.7778.96 Mobile Safari/537.36"
66.249.92.169 - - [19/May/2026:22:47:53 +0000] "GET /wp-content/themes/generatepress/assets/js/menu.min.js?ver=3.6.1 HTTP/1.1" 200 1836 "https://ideainitself.com/" "Mozilla/5.0 (Linux; Android 4.0.4; Galaxy Nexus Build/IMM76B) AppleWebKit/537.36 (KHTML, like Gecko; Mediapartners-Google) Chrome/148.0.7778.96 Mobile Safari/537.36"
66.249.92.33 - - [19/May/2026:22:47:53 +0000] "GET /wp-content/plugins/contact-form-7/includes/swv/js/index.js?ver=6.1.6 HTTP/1.1" 200 3503 "https://ideainitself.com/" "Mozilla/5.0 (Linux; Android 4.0.4; Galaxy Nexus Build/IMM76B) AppleWebKit/537.36 (KHTML, like Gecko; Mediapartners-Google) Chrome/148.0.7778.96 Mobile Safari/537.36"
66.249.92.160 - - [19/May/2026:22:47:53 +0000] "GET /wp-content/plugins/contact-form-7/modules/recaptcha/index.js?ver=6.1.6 HTTP/1.1" 200 483 "https://ideainitself.com/" "Mozilla/5.0 (Linux; Android 4.0.4; Galaxy Nexus Build/IMM76B) AppleWebKit/537.36 (KHTML, like Gecko; Mediapartners-Google) Chrome/148.0.7778.96 Mobile Safari/537.36"
66.249.92.33 - - [19/May/2026:22:47:54 +0000] "GET /wp-content/plugins/contact-form-7/modules/stripe/index.js?ver=6.1.6 HTTP/1.1" 200 1278 "https://ideainitself.com/" "Mozilla/5.0 (Macintosh; Intel Mac OS X 10_7_3) AppleWebKit/537.36 (KHTML, like Gecko, Mediapartners-Google) Chrome/148.0.7778.96 Safari/537.36"
66.249.92.168 - - [19/May/2026:22:47:53 +0000] "GET / HTTP/1.1" 200 52336 "-" "Mozilla/5.0 (Macintosh; Intel Mac OS X 10_7_3) AppleWebKit/[WEBKIT_VERSION] (KHTML, like Gecko, Mediapartners-Google) Chrome/[CHROME_VERSION] Safari/[WEBKIT_VERSION]"
66.249.92.142 - - [19/May/2026:22:47:56 +0000] "GET /wp-content/uploads/2021/10/burstsalesvideo.mp4?_=1 HTTP/1.1" 200 7350693 "https://ideainitself.com/" "Mozilla/5.0 (Macintosh; Intel Mac OS X 10_7_3) AppleWebKit/537.36 (KHTML, like Gecko, Mediapartners-Google) Chrome/148.0.7778.96 Safari/537.36"
66.249.92.169 - - [19/May/2026:22:48:13 +0000] "GET /wp-content/uploads/2021/10/burstsalesvideo.mp4?_=1 HTTP/1.1" 200 7350693 "https://ideainitself.com/" "Mozilla/5.0 (Linux; Android 4.0.4; Galaxy Nexus Build/IMM76B) AppleWebKit/537.36 (KHTML, like Gecko; Mediapartners-Google) Chrome/148.0.7778.96 Mobile Safari/537.36"
192.0.98.183 - - [19/May/2026:22:48:14 +0000] "GET /wp-content/uploads/2021/10/enhanced2-Short-Burst-Productivity.png HTTP/1.1" 200 90326 "-" "Photon/1.0"
192.0.100.107 - - [19/May/2026:22:48:14 +0000] "GET /wp-content/uploads/2021/10/wordcloud2.png HTTP/1.1" 200 429743 "-" "Photon/1.0"
184.94.212.206 - - [19/May/2026:22:49:43 +0000] "POST /wp-cron.php?doing_wp_cron=1779230983.9578759670257568359375 HTTP/1.1" 200 - "-" "WordPress/6.9.4; https://ideainitself.com"
57.141.2.30 - - [19/May/2026:22:49:42 +0000] "GET /burstheader/ HTTP/1.1" 301 - "-" "meta-externalagent/1.1 (+https://developers.facebook.com/docs/sharing/webmasters/crawler)"
184.94.212.206 - - [19/May/2026:22:52:45 +0000] "POST /wp-cron.php?doing_wp_cron=1779231165.7085640430450439453125 HTTP/1.1" 200 - "-" "WordPress/6.9.4; https://ideainitself.com"
192.0.103.42 - - [19/May/2026:22:52:44 +0000] "HEAD / HTTP/1.1" 200 - "-" "jetmon/1.0 (Jetpack Site Uptime Monitor by WordPress.com)"
91.92.242.223 - - [19/May/2026:22:52:50 +0000] "POST /wp-login.php?action=register HTTP/1.1" 500 188 "-" "-"
170.106.152.218 - - [19/May/2026:22:53:13 +0000] "GET /comments/feed/ HTTP/1.1" 200 477 "-" "Mozilla/5.0 (iPhone; CPU iPhone OS 13_2_3 like Mac OS X) AppleWebKit/605.1.15 (KHTML, like Gecko) Version/13.0.3 Mobile/15E148 Safari/604.1"
184.94.212.206 - - [19/May/2026:22:57:46 +0000] "POST /wp-cron.php?doing_wp_cron=1779231466.2410080432891845703125 HTTP/1.1" 200 - "-" "WordPress/6.9.4; https://ideainitself.com"
192.0.103.42 - - [19/May/2026:22:57:44 +0000] "HEAD / HTTP/1.1" 200 - "-" "jetmon/1.0 (Jetpack Site Uptime Monitor by WordPress.com)"
184.94.212.206 - - [19/May/2026:23:00:52 +0000] "POST /wp-cron.php?doing_wp_cron=1779231652.3887350559234619140625 HTTP/1.1" 200 - "-" "WordPress/6.9.4; https://ideainitself.com"
34.208.194.0 - - [19/May/2026:23:00:50 +0000] "GET / HTTP/1.1" 200 52336 "https://www.google.com/" "Mozilla/5.0 (X11; Linux x86_64) AppleWebKit/537.36 (KHTML, like Gecko) Chrome/145.0.0.0 Safari/537.36 (Stripebot/1.0; +https://docs.stripe.com/stripebot-crawler)"
34.208.194.0 - - [19/May/2026:23:00:52 +0000] "GET /wp-content/plugins/contact-form-7/modules/stripe/style.css?ver=6.1.6 HTTP/1.1" 200 192 "https://ideainitself.com/" "Mozilla/5.0 (X11; Linux x86_64) AppleWebKit/537.36 (KHTML, like Gecko) Chrome/145.0.0.0 Safari/537.36 (Stripebot/1.0; +https://docs.stripe.com/stripebot-crawler)"
34.208.194.0 - - [19/May/2026:23:00:52 +0000] "GET /wp-content/plugins/contact-form-7/includes/css/styles.css?ver=6.1.6 HTTP/1.1" 200 1036 "https://ideainitself.com/" "Mozilla/5.0 (X11; Linux x86_64) AppleWebKit/537.36 (KHTML, like Gecko) Chrome/145.0.0.0 Safari/537.36 (Stripebot/1.0; +https://docs.stripe.com/stripebot-crawler)"
34.208.194.0 - - [19/May/2026:23:00:52 +0000] "GET /wp-content/themes/generatepress/assets/css/main.min.css?ver=3.6.1 HTTP/1.1" 200 4675 "https://ideainitself.com/" "Mozilla/5.0 (X11; Linux x86_64) AppleWebKit/537.36 (KHTML, like Gecko) Chrome/145.0.0.0 Safari/537.36 (Stripebot/1.0; +https://docs.stripe.com/stripebot-crawler)"
34.208.194.0 - - [19/May/2026:23:00:52 +0000] "GET /wp-content/themes/generatepress/assets/css/components/widget-areas.min.css?ver=3.6.1 HTTP/1.1" 200 693 "https://ideainitself.com/" "Mozilla/5.0 (X11; Linux x86_64) AppleWebKit/537.36 (KHTML, like Gecko) Chrome/145.0.0.0 Safari/537.36 (Stripebot/1.0; +https://docs.stripe.com/stripebot-crawler)"
34.208.194.0 - - [19/May/2026:23:00:52 +0000] "GET /wp-content/plugins/contact-form-7/includes/swv/js/index.js?ver=6.1.6 HTTP/1.1" 200 3503 "https://ideainitself.com/" "Mozilla/5.0 (X11; Linux x86_64) AppleWebKit/537.36 (KHTML, like Gecko) Chrome/145.0.0.0 Safari/537.36 (Stripebot/1.0; +https://docs.stripe.com/stripebot-crawler)"
34.208.194.0 - - [19/May/2026:23:00:52 +0000] "GET /wp-content/plugins/contact-form-7/includes/js/index.js?ver=6.1.6 HTTP/1.1" 200 4265 "https://ideainitself.com/" "Mozilla/5.0 (X11; Linux x86_64) AppleWebKit/537.36 (KHTML, like Gecko) Chrome/145.0.0.0 Safari/537.36 (Stripebot/1.0; +https://docs.stripe.com/stripebot-crawler)"
34.208.194.0 - - [19/May/2026:23:00:52 +0000] "GET /wp-content/plugins/contact-form-7/modules/stripe/index.js?ver=6.1.6 HTTP/1.1" 200 1278 "https://ideainitself.com/" "Mozilla/5.0 (X11; Linux x86_64) AppleWebKit/537.36 (KHTML, like Gecko) Chrome/145.0.0.0 Safari/537.36 (Stripebot/1.0; +https://docs.stripe.com/stripebot-crawler)"
34.208.194.0 - - [19/May/2026:23:00:52 +0000] "GET /wp-content/themes/generatepress/assets/js/menu.min.js?ver=3.6.1 HTTP/1.1" 200 1836 "https://ideainitself.com/" "Mozilla/5.0 (X11; Linux x86_64) AppleWebKit/537.36 (KHTML, like Gecko) Chrome/145.0.0.0 Safari/537.36 (Stripebot/1.0; +https://docs.stripe.com/stripebot-crawler)"
34.208.194.0 - - [19/May/2026:23:00:52 +0000] "GET /wp-content/plugins/google-site-kit/dist/assets/js/googlesitekit-consent-mode-da15714e8829855bb7ce.js HTTP/1.1" 200 25462 "https://ideainitself.com/" "Mozilla/5.0 (X11; Linux x86_64) AppleWebKit/537.36 (KHTML, like Gecko) Chrome/145.0.0.0 Safari/537.36 (Stripebot/1.0; +https://docs.stripe.com/stripebot-crawler)"
34.208.194.0 - - [19/May/2026:23:00:52 +0000] "GET /wp-content/plugins/wp-consent-api/assets/js/wp-consent-api.min.js?ver=2.0.1 HTTP/1.1" 200 822 "https://ideainitself.com/" "Mozilla/5.0 (X11; Linux x86_64) AppleWebKit/537.36 (KHTML, like Gecko) Chrome/145.0.0.0 Safari/537.36 (Stripebot/1.0; +https://docs.stripe.com/stripebot-crawler)"
34.208.194.0 - - [19/May/2026:23:00:52 +0000] "GET /wp-content/plugins/contact-form-7/modules/recaptcha/index.js?ver=6.1.6 HTTP/1.1" 200 483 "https://ideainitself.com/" "Mozilla/5.0 (X11; Linux x86_64) AppleWebKit/537.36 (KHTML, like Gecko) Chrome/145.0.0.0 Safari/537.36 (Stripebot/1.0; +https://docs.stripe.com/stripebot-crawler)"
34.208.194.0 - - [19/May/2026:23:00:52 +0000] "GET /wp-content/uploads/2021/10/burstsalesvideo.mp4?_=1 HTTP/1.1" 206 7556515 "https://ideainitself.com/" "Mozilla/5.0 (X11; Linux x86_64) AppleWebKit/537.36 (KHTML, like Gecko) Chrome/145.0.0.0 Safari/537.36 (Stripebot/1.0; +https://docs.stripe.com/stripebot-crawler)"
34.208.194.0 - - [19/May/2026:23:00:54 +0000] "GET /wp-includes/js/wp-emoji-release.min.js?ver=6.9.4 HTTP/1.1" 200 5375 "https://ideainitself.com/" "Mozilla/5.0 (X11; Linux x86_64) AppleWebKit/537.36 (KHTML, like Gecko) Chrome/145.0.0.0 Safari/537.36 (Stripebot/1.0; +https://docs.stripe.com/stripebot-crawler)"
34.208.194.0 - - [19/May/2026:23:01:00 +0000] "GET /robots.txt HTTP/1.1" 200 115 "-" "Mozilla/5.0 (Macintosh; Intel Mac OS X 10_15_7) AppleWebKit/537.36 (KHTML, like Gecko) Chrome/133.0.0.0 Safari/537.36"
91.92.242.223 - - [19/May/2026:23:02:18 +0000] "POST /wp-login.php?action=register HTTP/1.1" 500 188 "-" "-"
192.0.103.42 - - [19/May/2026:23:02:45 +0000] "HEAD / HTTP/1.1" 200 - "-" "jetmon/1.0 (Jetpack Site Uptime Monitor by WordPress.com)"
49.51.178.45 - - [19/May/2026:23:03:29 +0000] "GET /xmlrpc.php?rsd HTTP/1.1" 404 43943 "-" "Mozilla/5.0 (iPhone; CPU iPhone OS 13_2_3 like Mac OS X) AppleWebKit/605.1.15 (KHTML, like Gecko) Version/13.0.3 Mobile/15E148 Safari/604.1"
91.92.242.223 - - [19/May/2026:23:07:16 +0000] "POST /wp-login.php?action=register HTTP/1.1" 500 188 "-" "-"
184.94.212.206 - - [19/May/2026:23:07:45 +0000] "POST /wp-cron.php?doing_wp_cron=1779232065.1355919837951660156250 HTTP/1.1" 200 - "-" "WordPress/6.9.4; https://ideainitself.com"
192.0.103.42 - - [19/May/2026:23:07:44 +0000] "HEAD / HTTP/1.1" 200 - "-" "jetmon/1.0 (Jetpack Site Uptime Monitor by WordPress.com)"
178.16.52.137 - - [19/May/2026:23:09:53 +0000] "POST /wp-login.php?action=register HTTP/1.1" 500 188 "-" "-"
184.94.212.206 - - [19/May/2026:23:10:36 +0000] "POST /wp-cron.php?doing_wp_cron=1779232236.3995170593261718750000 HTTP/1.1" 200 - "-" "WordPress/6.9.4; https://ideainitself.com"
145.223.132.23 - - [19/May/2026:23:10:34 +0000] "GET /how-working-in-short-bursts-benefits-the-easily-distracted/?share=telegram HTTP/1.1" 302 - "-" "Mozilla/5.0 (Macintosh; Intel Mac OS X 10_15_7) AppleWebKit/537.36 (KHTML, like Gecko) Chrome/120.0.0.0 Safari/537.36"
43.134.187.251 - - [19/May/2026:23:11:54 +0000] "GET /three-benefits-of-working-in-short-bursts/busy4/ HTTP/1.1" 301 - "-" "Mozilla/5.0 (iPhone; CPU iPhone OS 13_2_3 like Mac OS X) AppleWebKit/605.1.15 (KHTML, like Gecko) Version/13.0.3 Mobile/15E148 Safari/604.1"
43.134.187.251 - - [19/May/2026:23:11:59 +0000] "GET /wp-content/uploads/2021/10/busy4.jpg HTTP/1.1" 200 72503 "https://ideainitself.com/three-benefits-of-working-in-short-bursts/busy4/" "Mozilla/5.0 (iPhone; CPU iPhone OS 13_2_3 like Mac OS X) AppleWebKit/605.1.15 (KHTML, like Gecko) Version/13.0.3 Mobile/15E148 Safari/604.1"
192.0.103.42 - - [19/May/2026:23:12:44 +0000] "HEAD / HTTP/1.1" 200 - "-" "jetmon/1.0 (Jetpack Site Uptime Monitor by WordPress.com)"
17.22.253.221 - - [19/May/2026:23:14:39 +0000] "GET /robots.txt HTTP/1.1" 200 115 "-" "Mozilla/5.0 (Macintosh; Intel Mac OS X 10_15_7) AppleWebKit/605.1.15 (KHTML, like Gecko) Version/17.4 Safari/605.1.15 (Applebot/0.1; +http://www.apple.com/go/applebot)"
184.94.212.206 - - [19/May/2026:23:14:41 +0000] "POST /wp-cron.php?doing_wp_cron=1779232481.4670031070709228515625 HTTP/1.1" 200 - "-" "WordPress/6.9.4; https://ideainitself.com"
17.22.253.221 - - [19/May/2026:23:14:39 +0000] "GET /what-is-the-rule-of-52-and-17/ HTTP/1.1" 200 57243 "-" "Mozilla/5.0 (Macintosh; Intel Mac OS X 10_15_7) AppleWebKit/605.1.15 (KHTML, like Gecko) Version/17.4 Safari/605.1.15 (Applebot/0.1; +http://www.apple.com/go/applebot)"
184.94.212.206 - - [19/May/2026:23:17:46 +0000] "POST /wp-cron.php?doing_wp_cron=1779232666.6061210632324218750000 HTTP/1.1" 200 - "-" "WordPress/6.9.4; https://ideainitself.com"
192.0.103.42 - - [19/May/2026:23:17:45 +0000] "HEAD / HTTP/1.1" 200 - "-" "jetmon/1.0 (Jetpack Site Uptime Monitor by WordPress.com)"
184.94.212.206 - - [19/May/2026:23:20:26 +0000] "POST /wp-cron.php?doing_wp_cron=1779232826.0230209827423095703125 HTTP/1.1" 200 - "-" "WordPress/6.9.4; https://ideainitself.com"
74.208.59.111 - - [19/May/2026:23:20:24 +0000] "HEAD / HTTP/1.1" 200 - "https://howtocreateandsellwebsites.com" "WPMU DEV Broken Link Checker Local Engine"
178.16.52.137 - - [19/May/2026:23:21:48 +0000] "POST /wp-login.php?action=register HTTP/1.1" 500 188 "-" "-"
129.226.83.4 - - [19/May/2026:23:22:15 +0000] "GET /contact-us/ HTTP/1.1" 200 48364 "-" "Mozilla/5.0 (iPhone; CPU iPhone OS 13_2_3 like Mac OS X) AppleWebKit/605.1.15 (KHTML, like Gecko) Version/13.0.3 Mobile/15E148 Safari/604.1"
192.0.103.42 - - [19/May/2026:23:22:44 +0000] "HEAD / HTTP/1.1" 200 - "-" "jetmon/1.0 (Jetpack Site Uptime Monitor by WordPress.com)"
17.22.253.9 - - [19/May/2026:23:24:04 +0000] "GET /wp-content/themes/generatepress/assets/css/main.min.css?ver=3.6.1 HTTP/1.1" 200 4675 "https://ideainitself.com/what-is-the-rule-of-52-and-17/" "Mozilla/5.0 (Macintosh; Intel Mac OS X 10_15_7) AppleWebKit/605.1.15 (KHTML, like Gecko) Version/17.4 Safari/605.1.15 (Applebot/0.1; +http://www.apple.com/go/applebot)"
17.22.253.200 - - [19/May/2026:23:24:06 +0000] "GET /wp-content/plugins/contact-form-7/modules/stripe/style.css?ver=6.1.6 HTTP/1.1" 200 192 "https://ideainitself.com/what-is-the-rule-of-52-and-17/" "Mozilla/5.0 (Macintosh; Intel Mac OS X 10_15_7) AppleWebKit/605.1.15 (KHTML, like Gecko) Version/17.4 Safari/605.1.15 (Applebot/0.1; +http://www.apple.com/go/applebot)"
17.22.245.42 - - [19/May/2026:23:24:07 +0000] "GET /wp-content/plugins/contact-form-7/includes/css/styles.css?ver=6.1.6 HTTP/1.1" 200 1036 "https://ideainitself.com/what-is-the-rule-of-52-and-17/" "Mozilla/5.0 (Macintosh; Intel Mac OS X 10_15_7) AppleWebKit/605.1.15 (KHTML, like Gecko) Version/17.4 Safari/605.1.15 (Applebot/0.1; +http://www.apple.com/go/applebot)"
17.22.237.76 - - [19/May/2026:23:24:09 +0000] "GET /wp-content/plugins/contact-form-7/includes/swv/js/index.js?ver=6.1.6 HTTP/1.1" 200 3503 "https://ideainitself.com/what-is-the-rule-of-52-and-17/" "Mozilla/5.0 (Macintosh; Intel Mac OS X 10_15_7) AppleWebKit/605.1.15 (KHTML, like Gecko) Version/17.4 Safari/605.1.15 (Applebot/0.1; +http://www.apple.com/go/applebot)"
17.22.237.79 - - [19/May/2026:23:24:10 +0000] "GET /wp-content/themes/generatepress/assets/css/components/widget-areas.min.css?ver=3.6.1 HTTP/1.1" 200 693 "https://ideainitself.com/what-is-the-rule-of-52-and-17/" "Mozilla/5.0 (Macintosh; Intel Mac OS X 10_15_7) AppleWebKit/605.1.15 (KHTML, like Gecko) Version/17.4 Safari/605.1.15 (Applebot/0.1; +http://www.apple.com/go/applebot)"
17.22.245.254 - - [19/May/2026:23:24:12 +0000] "GET /wp-content/themes/generatepress/assets/css/components/comments.min.css?ver=3.6.1 HTTP/1.1" 200 576 "https://ideainitself.com/what-is-the-rule-of-52-and-17/" "Mozilla/5.0 (Macintosh; Intel Mac OS X 10_15_7) AppleWebKit/605.1.15 (KHTML, like Gecko) Version/17.4 Safari/605.1.15 (Applebot/0.1; +http://www.apple.com/go/applebot)"
17.22.245.120 - - [19/May/2026:23:24:14 +0000] "GET /wp-content/plugins/contact-form-7/includes/js/index.js?ver=6.1.6 HTTP/1.1" 200 4265 "https://ideainitself.com/what-is-the-rule-of-52-and-17/" "Mozilla/5.0 (Macintosh; Intel Mac OS X 10_15_7) AppleWebKit/605.1.15 (KHTML, like Gecko) Version/17.4 Safari/605.1.15 (Applebot/0.1; +http://www.apple.com/go/applebot)"
17.22.245.103 - - [19/May/2026:23:24:16 +0000] "GET /wp-content/plugins/contact-form-7/modules/stripe/index.js?ver=6.1.6 HTTP/1.1" 200 1278 "https://ideainitself.com/what-is-the-rule-of-52-and-17/" "Mozilla/5.0 (Macintosh; Intel Mac OS X 10_15_7) AppleWebKit/605.1.15 (KHTML, like Gecko) Version/17.4 Safari/605.1.15 (Applebot/0.1; +http://www.apple.com/go/applebot)"
17.22.237.37 - - [19/May/2026:23:24:17 +0000] "GET /wp-content/themes/generatepress/assets/js/menu.min.js?ver=3.6.1 HTTP/1.1" 200 1836 "https://ideainitself.com/what-is-the-rule-of-52-and-17/" "Mozilla/5.0 (Macintosh; Intel Mac OS X 10_15_7) AppleWebKit/605.1.15 (KHTML, like Gecko) Version/17.4 Safari/605.1.15 (Applebot/0.1; +http://www.apple.com/go/applebot)"
17.22.253.225 - - [19/May/2026:23:24:18 +0000] "GET /wp-content/plugins/google-site-kit/dist/assets/js/googlesitekit-consent-mode-da15714e8829855bb7ce.js HTTP/1.1" 200 25462 "https://ideainitself.com/what-is-the-rule-of-52-and-17/" "Mozilla/5.0 (Macintosh; Intel Mac OS X 10_15_7) AppleWebKit/605.1.15 (KHTML, like Gecko) Version/17.4 Safari/605.1.15 (Applebot/0.1; +http://www.apple.com/go/applebot)"
17.22.237.245 - - [19/May/2026:23:24:20 +0000] "GET /wp-content/plugins/contact-form-7/modules/recaptcha/index.js?ver=6.1.6 HTTP/1.1" 200 483 "https://ideainitself.com/what-is-the-rule-of-52-and-17/" "Mozilla/5.0 (Macintosh; Intel Mac OS X 10_15_7) AppleWebKit/605.1.15 (KHTML, like Gecko) Version/17.4 Safari/605.1.15 (Applebot/0.1; +http://www.apple.com/go/applebot)"
17.22.245.181 - - [19/May/2026:23:24:22 +0000] "GET /wp-content/plugins/wp-consent-api/assets/js/wp-consent-api.min.js?ver=2.0.1 HTTP/1.1" 200 822 "https://ideainitself.com/what-is-the-rule-of-52-and-17/" "Mozilla/5.0 (Macintosh; Intel Mac OS X 10_15_7) AppleWebKit/605.1.15 (KHTML, like Gecko) Version/17.4 Safari/605.1.15 (Applebot/0.1; +http://www.apple.com/go/applebot)"
17.22.237.143 - - [19/May/2026:23:24:23 +0000] "GET /wp-content/plugins/jetpack/_inc/blocks/subscriptions/view.js?minify=false&ver=15.8 HTTP/1.1" 200 2286 "https://ideainitself.com/what-is-the-rule-of-52-and-17/" "Mozilla/5.0 (Macintosh; Intel Mac OS X 10_15_7) AppleWebKit/605.1.15 (KHTML, like Gecko) Version/17.4 Safari/605.1.15 (Applebot/0.1; +http://www.apple.com/go/applebot)"
184.94.212.206 - - [19/May/2026:23:24:26 +0000] "POST /wp-cron.php?doing_wp_cron=1779233066.3020830154418945312500 HTTP/1.1" 200 - "-" "WordPress/6.9.4; https://ideainitself.com"
35.85.76.34 - - [19/May/2026:23:24:24 +0000] "GET /about/ HTTP/1.1" 200 48316 "https://www.google.com/" "Mozilla/5.0 (X11; Linux x86_64) AppleWebKit/537.36 (KHTML, like Gecko) Chrome/145.0.0.0 Safari/537.36 (Stripebot/1.0; +https://docs.stripe.com/stripebot-crawler)"
35.85.76.34 - - [19/May/2026:23:24:26 +0000] "GET /wp-content/plugins/contact-form-7/modules/stripe/style.css?ver=6.1.6 HTTP/1.1" 200 192 "https://ideainitself.com/about/" "Mozilla/5.0 (X11; Linux x86_64) AppleWebKit/537.36 (KHTML, like Gecko) Chrome/145.0.0.0 Safari/537.36 (Stripebot/1.0; +https://docs.stripe.com/stripebot-crawler)"
35.85.76.34 - - [19/May/2026:23:24:26 +0000] "GET /wp-content/plugins/contact-form-7/includes/css/styles.css?ver=6.1.6 HTTP/1.1" 200 1036 "https://ideainitself.com/about/" "Mozilla/5.0 (X11; Linux x86_64) AppleWebKit/537.36 (KHTML, like Gecko) Chrome/145.0.0.0 Safari/537.36 (Stripebot/1.0; +https://docs.stripe.com/stripebot-crawler)"
35.85.76.34 - - [19/May/2026:23:24:26 +0000] "GET /wp-content/themes/generatepress/assets/css/components/widget-areas.min.css?ver=3.6.1 HTTP/1.1" 200 693 "https://ideainitself.com/about/" "Mozilla/5.0 (X11; Linux x86_64) AppleWebKit/537.36 (KHTML, like Gecko) Chrome/145.0.0.0 Safari/537.36 (Stripebot/1.0; +https://docs.stripe.com/stripebot-crawler)"
35.85.76.34 - - [19/May/2026:23:24:26 +0000] "GET /wp-content/themes/generatepress/assets/css/main.min.css?ver=3.6.1 HTTP/1.1" 200 4675 "https://ideainitself.com/about/" "Mozilla/5.0 (X11; Linux x86_64) AppleWebKit/537.36 (KHTML, like Gecko) Chrome/145.0.0.0 Safari/537.36 (Stripebot/1.0; +https://docs.stripe.com/stripebot-crawler)"
35.85.76.34 - - [19/May/2026:23:24:26 +0000] "GET /wp-content/plugins/contact-form-7/includes/swv/js/index.js?ver=6.1.6 HTTP/1.1" 200 3503 "https://ideainitself.com/about/" "Mozilla/5.0 (X11; Linux x86_64) AppleWebKit/537.36 (KHTML, like Gecko) Chrome/145.0.0.0 Safari/537.36 (Stripebot/1.0; +https://docs.stripe.com/stripebot-crawler)"
35.85.76.34 - - [19/May/2026:23:24:26 +0000] "GET /wp-content/plugins/contact-form-7/includes/js/index.js?ver=6.1.6 HTTP/1.1" 200 4265 "https://ideainitself.com/about/" "Mozilla/5.0 (X11; Linux x86_64) AppleWebKit/537.36 (KHTML, like Gecko) Chrome/145.0.0.0 Safari/537.36 (Stripebot/1.0; +https://docs.stripe.com/stripebot-crawler)"
35.85.76.34 - - [19/May/2026:23:24:26 +0000] "GET /wp-content/plugins/contact-form-7/modules/stripe/index.js?ver=6.1.6 HTTP/1.1" 200 1278 "https://ideainitself.com/about/" "Mozilla/5.0 (X11; Linux x86_64) AppleWebKit/537.36 (KHTML, like Gecko) Chrome/145.0.0.0 Safari/537.36 (Stripebot/1.0; +https://docs.stripe.com/stripebot-crawler)"
17.22.245.140 - - [19/May/2026:23:24:25 +0000] "GET /what-is-the-rule-of-52-and-17/?relatedposts=1 HTTP/1.1" 200 1067 "https://ideainitself.com/what-is-the-rule-of-52-and-17/" "Mozilla/5.0 (Macintosh; Intel Mac OS X 10_15_7) AppleWebKit/605.1.15 (KHTML, like Gecko) Version/17.4 Safari/605.1.15 (Applebot/0.1; +http://www.apple.com/go/applebot)"
35.85.76.34 - - [19/May/2026:23:24:26 +0000] "GET /wp-content/themes/generatepress/assets/js/menu.min.js?ver=3.6.1 HTTP/1.1" 200 1836 "https://ideainitself.com/about/" "Mozilla/5.0 (X11; Linux x86_64) AppleWebKit/537.36 (KHTML, like Gecko) Chrome/145.0.0.0 Safari/537.36 (Stripebot/1.0; +https://docs.stripe.com/stripebot-crawler)"
35.85.76.34 - - [19/May/2026:23:24:26 +0000] "GET /wp-content/plugins/contact-form-7/modules/recaptcha/index.js?ver=6.1.6 HTTP/1.1" 200 483 "https://ideainitself.com/about/" "Mozilla/5.0 (X11; Linux x86_64) AppleWebKit/537.36 (KHTML, like Gecko) Chrome/145.0.0.0 Safari/537.36 (Stripebot/1.0; +https://docs.stripe.com/stripebot-crawler)"
35.85.76.34 - - [19/May/2026:23:24:26 +0000] "GET /wp-content/plugins/google-site-kit/dist/assets/js/googlesitekit-consent-mode-da15714e8829855bb7ce.js HTTP/1.1" 200 25462 "https://ideainitself.com/about/" "Mozilla/5.0 (X11; Linux x86_64) AppleWebKit/537.36 (KHTML, like Gecko) Chrome/145.0.0.0 Safari/537.36 (Stripebot/1.0; +https://docs.stripe.com/stripebot-crawler)"
35.85.76.34 - - [19/May/2026:23:24:26 +0000] "GET /wp-content/plugins/wp-consent-api/assets/js/wp-consent-api.min.js?ver=2.0.1 HTTP/1.1" 200 822 "https://ideainitself.com/about/" "Mozilla/5.0 (X11; Linux x86_64) AppleWebKit/537.36 (KHTML, like Gecko) Chrome/145.0.0.0 Safari/537.36 (Stripebot/1.0; +https://docs.stripe.com/stripebot-crawler)"
17.22.253.241 - - [19/May/2026:23:24:27 +0000] "GET /wp-includes/js/wp-emoji-release.min.js?ver=6.9.4 HTTP/1.1" 200 5375 "https://ideainitself.com/what-is-the-rule-of-52-and-17/" "Mozilla/5.0 (Macintosh; Intel Mac OS X 10_15_7) AppleWebKit/605.1.15 (KHTML, like Gecko) Version/17.4 Safari/605.1.15 (Applebot/0.1; +http://www.apple.com/go/applebot)"
35.85.76.34 - - [19/May/2026:23:24:27 +0000] "GET /wp-includes/js/wp-emoji-release.min.js?ver=6.9.4 HTTP/1.1" 200 5375 "https://ideainitself.com/about/" "Mozilla/5.0 (X11; Linux x86_64) AppleWebKit/537.36 (KHTML, like Gecko) Chrome/145.0.0.0 Safari/537.36 (Stripebot/1.0; +https://docs.stripe.com/stripebot-crawler)"
34.208.194.0 - - [19/May/2026:23:24:34 +0000] "GET /services/ HTTP/1.1" 200 47812 "https://www.google.com/" "Mozilla/5.0 (X11; Linux x86_64) AppleWebKit/537.36 (KHTML, like Gecko) Chrome/145.0.0.0 Safari/537.36 (Stripebot/1.0; +https://docs.stripe.com/stripebot-crawler)"
