34.116.235.38 - - [20/May/2026:01:10:10 +0000] "GET /wp-content/plugins/contact-form-7/includes/js/index.js?ver=6.1.6 HTTP/1.1" 200 4265 "https://ideainitself.com/" "Mozilla/5.0 (iPhone13,2; U; CPU iPhone OS 14_0 like Mac OS X) AppleWebKit/602.1.50 (KHTML, like Gecko) Version/10.0 Mobile/15E148 Safari/602.1"
34.116.235.38 - - [20/May/2026:01:10:10 +0000] "GET /wp-content/plugins/contact-form-7/modules/stripe/index.js?ver=6.1.6 HTTP/1.1" 200 1278 "https://ideainitself.com/" "Mozilla/5.0 (iPhone13,2; U; CPU iPhone OS 14_0 like Mac OS X) AppleWebKit/602.1.50 (KHTML, like Gecko) Version/10.0 Mobile/15E148 Safari/602.1"
34.116.235.38 - - [20/May/2026:01:10:10 +0000] "GET /wp-content/themes/generatepress/assets/js/menu.min.js?ver=3.6.1 HTTP/1.1" 200 1836 "https://ideainitself.com/" "Mozilla/5.0 (iPhone13,2; U; CPU iPhone OS 14_0 like Mac OS X) AppleWebKit/602.1.50 (KHTML, like Gecko) Version/10.0 Mobile/15E148 Safari/602.1"
34.116.235.38 - - [20/May/2026:01:10:10 +0000] "GET /wp-content/plugins/google-site-kit/dist/assets/js/googlesitekit-consent-mode-da15714e8829855bb7ce.js HTTP/1.1" 200 25462 "https://ideainitself.com/" "Mozilla/5.0 (iPhone13,2; U; CPU iPhone OS 14_0 like Mac OS X) AppleWebKit/602.1.50 (KHTML, like Gecko) Version/10.0 Mobile/15E148 Safari/602.1"
34.116.235.38 - - [20/May/2026:01:10:11 +0000] "GET /wp-content/plugins/contact-form-7/modules/recaptcha/index.js?ver=6.1.6 HTTP/1.1" 200 483 "https://ideainitself.com/" "Mozilla/5.0 (iPhone13,2; U; CPU iPhone OS 14_0 like Mac OS X) AppleWebKit/602.1.50 (KHTML, like Gecko) Version/10.0 Mobile/15E148 Safari/602.1"
34.116.235.38 - - [20/May/2026:01:10:11 +0000] "GET /wp-content/plugins/wp-consent-api/assets/js/wp-consent-api.min.js?ver=2.0.1 HTTP/1.1" 200 822 "https://ideainitself.com/" "Mozilla/5.0 (iPhone13,2; U; CPU iPhone OS 14_0 like Mac OS X) AppleWebKit/602.1.50 (KHTML, like Gecko) Version/10.0 Mobile/15E148 Safari/602.1"
34.116.235.38 - - [20/May/2026:01:10:48 +0000] "GET /wp-includes/js/wp-emoji-release.min.js?ver=6.9.4 HTTP/1.1" 200 5375 "https://ideainitself.com/" "Mozilla/5.0 (iPhone13,2; U; CPU iPhone OS 14_0 like Mac OS X) AppleWebKit/602.1.50 (KHTML, like Gecko) Version/10.0 Mobile/15E148 Safari/602.1"
34.116.235.38 - - [20/May/2026:01:10:11 +0000] "GET /wp-content/uploads/2021/10/burstsalesvideo.mp4?_=1 HTTP/1.1" 206 7556515 "https://ideainitself.com/" "Mozilla/5.0 (iPhone13,2; U; CPU iPhone OS 14_0 like Mac OS X) AppleWebKit/602.1.50 (KHTML, like Gecko) Version/10.0 Mobile/15E148 Safari/602.1"
34.116.235.38 - - [20/May/2026:01:10:48 +0000] "GET /wp-content/uploads/2021/10/burstsalesvideo.mp4?_=1 HTTP/1.1" 206 7556515 "https://ideainitself.com/" "Mozilla/5.0 (iPhone13,2; U; CPU iPhone OS 14_0 like Mac OS X) AppleWebKit/602.1.50 (KHTML, like Gecko) Version/10.0 Mobile/15E148 Safari/602.1"
34.116.235.38 - - [20/May/2026:01:10:49 +0000] "GET /wp-content/uploads/2021/10/burstsalesvideo.mp4?_=1 HTTP/1.1" 206 7261603 "https://ideainitself.com/" "Mozilla/5.0 (iPhone13,2; U; CPU iPhone OS 14_0 like Mac OS X) AppleWebKit/602.1.50 (KHTML, like Gecko) Version/10.0 Mobile/15E148 Safari/602.1"
192.0.103.42 - - [20/May/2026:01:12:45 +0000] "HEAD / HTTP/1.1" 200 - "-" "jetmon/1.0 (Jetpack Site Uptime Monitor by WordPress.com)"
43.134.33.236 - - [20/May/2026:01:12:49 +0000] "GET /affiliate-disclosure HTTP/1.1" 301 - "-" "Mozilla/5.0 (iPhone; CPU iPhone OS 13_2_3 like Mac OS X) AppleWebKit/605.1.15 (KHTML, like Gecko) Version/13.0.3 Mobile/15E148 Safari/604.1"
43.134.33.236 - - [20/May/2026:01:12:52 +0000] "GET /affiliate-disclosure/ HTTP/1.1" 200 49018 "https://ideainitself.com/affiliate-disclosure" "Mozilla/5.0 (iPhone; CPU iPhone OS 13_2_3 like Mac OS X) AppleWebKit/605.1.15 (KHTML, like Gecko) Version/13.0.3 Mobile/15E148 Safari/604.1"
65.155.30.101 - - [20/May/2026:01:13:03 +0000] "GET /wp-content/uploads/2021/10/burstsalesvideo.mp4?_=1 HTTP/1.1" 200 7556515 "-" "Mozilla/5.0 (Macintosh; Intel Mac OS X 10_15_7) AppleWebKit/537.36 (KHTML, like Gecko) Chrome/123.0.0.0 Safari/537.36"
65.155.30.101 - - [20/May/2026:01:13:03 +0000] "GET /wp-content/uploads/2021/10/burstsalesvideo.mp4 HTTP/1.1" 200 7556515 "-" "Mozilla/5.0 (Macintosh; Intel Mac OS X 10_15_7) AppleWebKit/537.36 (KHTML, like Gecko) Chrome/123.0.0.0 Safari/537.36"
184.94.212.206 - - [20/May/2026:01:17:46 +0000] "POST /wp-cron.php?doing_wp_cron=1779239866.6950080394744873046875 HTTP/1.1" 200 - "-" "WordPress/6.9.4; https://ideainitself.com"
192.0.103.42 - - [20/May/2026:01:17:45 +0000] "HEAD / HTTP/1.1" 200 - "-" "jetmon/1.0 (Jetpack Site Uptime Monitor by WordPress.com)"
184.94.212.206 - - [20/May/2026:01:21:12 +0000] "POST /wp-cron.php?doing_wp_cron=1779240072.3818690776824951171875 HTTP/1.1" 200 - "-" "WordPress/6.9.4; https://ideainitself.com"
103.4.250.18 - - [20/May/2026:01:21:10 +0000] "GET / HTTP/1.1" 200 52336 "-" "Mozilla/5.0 (Macintosh; Intel Mac OS X 10_15_7) AppleWebKit/537.36 (KHTML, like Gecko) Chrome/131.0.0.0 Safari/537.36"
103.4.251.133 - - [20/May/2026:01:21:10 +0000] "GET / HTTP/1.1" 200 52336 "-" "Mozilla/5.0 (Windows NT 10.0; Win64; x64) AppleWebKit/537.36 (KHTML, like Gecko) Chrome/131.0.0.0 Safari/537.36"
103.4.250.18 - - [20/May/2026:01:21:25 +0000] "GET / HTTP/1.1" 200 52336 "-" "Mozilla/5.0 (Windows NT 10.0; Win64; x64) AppleWebKit/537.36 (KHTML, like Gecko) Chrome/131.0.0.0 Safari/537.36"
192.0.103.42 - - [20/May/2026:01:22:44 +0000] "HEAD / HTTP/1.1" 200 - "-" "jetmon/1.0 (Jetpack Site Uptime Monitor by WordPress.com)"
91.92.242.223 - - [20/May/2026:01:25:19 +0000] "POST /wp-login.php?action=register HTTP/1.1" 500 188 "-" "-"
178.16.52.137 - - [20/May/2026:01:27:03 +0000] "POST /wp-login.php?action=register HTTP/1.1" 500 188 "-" "-"
184.94.212.206 - - [20/May/2026:01:27:45 +0000] "POST /wp-cron.php?doing_wp_cron=1779240465.8993730545043945312500 HTTP/1.1" 200 - "-" "WordPress/6.9.4; https://ideainitself.com"
192.0.103.42 - - [20/May/2026:01:27:44 +0000] "HEAD / HTTP/1.1" 200 - "-" "jetmon/1.0 (Jetpack Site Uptime Monitor by WordPress.com)"
91.231.89.32 - - [20/May/2026:01:27:53 +0000] "GET / HTTP/1.1" 301 - "-" "Mozilla/5.0 (X11; Ubuntu; Linux x86_64; rv:134.0) Gecko/20100101 Firefox/134.0"
37.228.204.19 - - [20/May/2026:01:29:05 +0000] "GET / HTTP/1.1" 200 52336 "-" "Mozilla/5.0 (Macintosh; Intel Mac OS X 10_15_7) AppleWebKit/537.36 (KHTML, like Gecko) Chrome/128.0.6613.137 Safari/537.36"
178.16.52.137 - - [20/May/2026:01:30:41 +0000] "POST /wp-login.php?action=register HTTP/1.1" 500 188 "-" "-"
43.153.207.127 - - [20/May/2026:01:32:23 +0000] "GET /how-a-college-dropout-used-military-discipline-to-land-a-slack-job-working-smarter-not-harder/ HTTP/1.1" 200 56168 "-" "Mozilla/5.0 (iPhone; CPU iPhone OS 13_2_3 like Mac OS X) AppleWebKit/605.1.15 (KHTML, like Gecko) Version/13.0.3 Mobile/15E148 Safari/604.1"
192.0.103.42 - - [20/May/2026:01:32:45 +0000] "HEAD / HTTP/1.1" 200 - "-" "jetmon/1.0 (Jetpack Site Uptime Monitor by WordPress.com)"
91.196.152.46 - - [20/May/2026:01:32:58 +0000] "GET / HTTP/1.1" 200 172537 "-" "Mozilla/5.0 (X11; Ubuntu; Linux x86_64; rv:134.0) Gecko/20100101 Firefox/134.0"
91.231.89.18 - - [20/May/2026:01:33:49 +0000] "GET / HTTP/1.1" 200 172537 "-" "Mozilla/5.0 (X11; Ubuntu; Linux x86_64; rv:134.0) Gecko/20100101 Firefox/134.0"
185.242.177.19 - - [20/May/2026:01:33:52 +0000] "GET / HTTP/1.1" 403 52336 "-" "python-requests/2.32.5"
185.242.177.19 - - [20/May/2026:01:34:05 +0000] "GET / HTTP/1.1" 403 52336 "-" "python-requests/2.32.5"
91.92.242.223 - - [20/May/2026:01:35:21 +0000] "POST /wp-login.php?action=register HTTP/1.1" 500 188 "-" "-"
184.94.212.206 - - [20/May/2026:01:36:06 +0000] "POST /wp-cron.php?doing_wp_cron=1779240966.1503620147705078125000 HTTP/1.1" 200 - "-" "WordPress/6.9.4; https://ideainitself.com"
91.231.89.36 - - [20/May/2026:01:36:04 +0000] "GET / HTTP/1.1" 200 172537 "-" "Mozilla/5.0 (X11; Ubuntu; Linux x86_64; rv:134.0) Gecko/20100101 Firefox/134.0"
192.0.103.42 - - [20/May/2026:01:37:44 +0000] "HEAD / HTTP/1.1" 200 - "-" "jetmon/1.0 (Jetpack Site Uptime Monitor by WordPress.com)"
184.94.212.206 - - [20/May/2026:01:42:16 +0000] "POST /wp-cron.php?doing_wp_cron=1779241336.0731480121612548828125 HTTP/1.1" 200 - "-" "WordPress/6.9.4; https://ideainitself.com"
124.156.206.78 - - [20/May/2026:01:42:14 +0000] "GET /tag/self-taught-coding/ HTTP/1.1" 200 47746 "-" "Mozilla/5.0 (iPhone; CPU iPhone OS 13_2_3 like Mac OS X) AppleWebKit/605.1.15 (KHTML, like Gecko) Version/13.0.3 Mobile/15E148 Safari/604.1"
34.255.136.31 - - [20/May/2026:01:42:29 +0000] "GET / HTTP/1.1" 200 52336 "-" "Mozilla/5.0 (Windows NT 10.0; Win64; x64) AppleWebKit/537.36 (KHTML, like Gecko) Chrome/83.0.4103.116 Safari/537.36"
34.255.136.31 - - [20/May/2026:01:42:31 +0000] "GET /wp-content/plugins/contact-form-7/includes/css/styles.css?ver=6.1.6 HTTP/1.1" 200 1036 "https://ideainitself.com/" "Mozilla/5.0 (Windows NT 10.0; Win64; x64) AppleWebKit/537.36 (KHTML, like Gecko) Chrome/83.0.4103.116 Safari/537.36"
34.255.136.31 - - [20/May/2026:01:42:31 +0000] "GET /wp-content/plugins/contact-form-7/modules/stripe/style.css?ver=6.1.6 HTTP/1.1" 200 192 "https://ideainitself.com/" "Mozilla/5.0 (Windows NT 10.0; Win64; x64) AppleWebKit/537.36 (KHTML, like Gecko) Chrome/83.0.4103.116 Safari/537.36"
34.255.136.31 - - [20/May/2026:01:42:32 +0000] "GET /wp-content/themes/generatepress/assets/css/components/widget-areas.min.css?ver=3.6.1 HTTP/1.1" 200 693 "https://ideainitself.com/" "Mozilla/5.0 (Windows NT 10.0; Win64; x64) AppleWebKit/537.36 (KHTML, like Gecko) Chrome/83.0.4103.116 Safari/537.36"
34.255.136.31 - - [20/May/2026:01:42:32 +0000] "GET /wp-content/themes/generatepress/assets/css/main.min.css?ver=3.6.1 HTTP/1.1" 200 4675 "https://ideainitself.com/" "Mozilla/5.0 (Windows NT 10.0; Win64; x64) AppleWebKit/537.36 (KHTML, like Gecko) Chrome/83.0.4103.116 Safari/537.36"
34.255.136.31 - - [20/May/2026:01:42:33 +0000] "GET /wp-content/themes/generatepress/assets/js/menu.min.js?ver=3.6.1 HTTP/1.1" 200 1836 "https://ideainitself.com/" "Mozilla/5.0 (Windows NT 10.0; Win64; x64) AppleWebKit/537.36 (KHTML, like Gecko) Chrome/83.0.4103.116 Safari/537.36"
34.255.136.31 - - [20/May/2026:01:42:33 +0000] "GET /wp-content/plugins/contact-form-7/includes/js/index.js?ver=6.1.6 HTTP/1.1" 200 4265 "https://ideainitself.com/" "Mozilla/5.0 (Windows NT 10.0; Win64; x64) AppleWebKit/537.36 (KHTML, like Gecko) Chrome/83.0.4103.116 Safari/537.36"
34.255.136.31 - - [20/May/2026:01:42:33 +0000] "GET /wp-content/plugins/contact-form-7/modules/stripe/index.js?ver=6.1.6 HTTP/1.1" 200 1278 "https://ideainitself.com/" "Mozilla/5.0 (Windows NT 10.0; Win64; x64) AppleWebKit/537.36 (KHTML, like Gecko) Chrome/83.0.4103.116 Safari/537.36"
34.255.136.31 - - [20/May/2026:01:42:33 +0000] "GET /wp-content/plugins/contact-form-7/includes/swv/js/index.js?ver=6.1.6 HTTP/1.1" 200 3503 "https://ideainitself.com/" "Mozilla/5.0 (Windows NT 10.0; Win64; x64) AppleWebKit/537.36 (KHTML, like Gecko) Chrome/83.0.4103.116 Safari/537.36"
34.255.136.31 - - [20/May/2026:01:42:34 +0000] "GET /wp-content/plugins/google-site-kit/dist/assets/js/googlesitekit-consent-mode-da15714e8829855bb7ce.js HTTP/1.1" 200 25462 "https://ideainitself.com/" "Mozilla/5.0 (Windows NT 10.0; Win64; x64) AppleWebKit/537.36 (KHTML, like Gecko) Chrome/83.0.4103.116 Safari/537.36"
34.255.136.31 - - [20/May/2026:01:42:34 +0000] "GET /wp-content/plugins/contact-form-7/modules/recaptcha/index.js?ver=6.1.6 HTTP/1.1" 200 483 "https://ideainitself.com/" "Mozilla/5.0 (Windows NT 10.0; Win64; x64) AppleWebKit/537.36 (KHTML, like Gecko) Chrome/83.0.4103.116 Safari/537.36"
34.255.136.31 - - [20/May/2026:01:42:34 +0000] "GET /wp-content/plugins/wp-consent-api/assets/js/wp-consent-api.min.js?ver=2.0.1 HTTP/1.1" 200 822 "https://ideainitself.com/" "Mozilla/5.0 (Windows NT 10.0; Win64; x64) AppleWebKit/537.36 (KHTML, like Gecko) Chrome/83.0.4103.116 Safari/537.36"
34.255.136.31 - - [20/May/2026:01:42:37 +0000] "GET /wp-content/uploads/2021/10/burstsalesvideo.mp4?_=1 HTTP/1.1" 206 7556515 "https://ideainitself.com/" "Mozilla/5.0 (Windows NT 10.0; Win64; x64) AppleWebKit/537.36 (KHTML, like Gecko) Chrome/83.0.4103.116 Safari/537.36"
192.0.103.42 - - [20/May/2026:01:42:44 +0000] "HEAD / HTTP/1.1" 200 - "-" "jetmon/1.0 (Jetpack Site Uptime Monitor by WordPress.com)"
34.255.136.31 - - [20/May/2026:01:43:13 +0000] "GET /wp-includes/js/wp-emoji-release.min.js?ver=6.9.4 HTTP/1.1" 200 5375 "https://ideainitself.com/" "Mozilla/5.0 (Windows NT 10.0; Win64; x64) AppleWebKit/537.36 (KHTML, like Gecko) Chrome/83.0.4103.116 Safari/537.36"
74.7.228.37 - - [20/May/2026:01:44:06 +0000] "GET /robots.txt HTTP/1.1" 200 115 "-" "Mozilla/5.0 (Macintosh; Intel Mac OS X 10_15_7) AppleWebKit/537.36 (KHTML, like Gecko) Chrome/131.0.0.0 Safari/537.36; compatible; OAI-SearchBot/1.3; robots.txt; +https://openai.com/searchbot"
74.7.230.7 - - [20/May/2026:01:45:09 +0000] "GET /robots.txt HTTP/1.1" 200 115 "-" "Mozilla/5.0 (Macintosh; Intel Mac OS X 10_15_7) AppleWebKit/537.36 (KHTML, like Gecko) Chrome/131.0.0.0 Safari/537.36; compatible; OAI-SearchBot/1.3; robots.txt; +https://openai.com/searchbot"
184.94.212.206 - - [20/May/2026:01:47:46 +0000] "POST /wp-cron.php?doing_wp_cron=1779241666.9698638916015625000000 HTTP/1.1" 200 - "-" "WordPress/6.9.4; https://ideainitself.com"
192.0.103.42 - - [20/May/2026:01:47:45 +0000] "HEAD / HTTP/1.1" 200 - "-" "jetmon/1.0 (Jetpack Site Uptime Monitor by WordPress.com)"
178.16.52.137 - - [20/May/2026:01:48:03 +0000] "POST /wp-login.php?action=register HTTP/1.1" 500 188 "-" "-"
91.92.242.223 - - [20/May/2026:01:51:55 +0000] "POST /wp-login.php?action=register HTTP/1.1" 500 188 "-" "-"
184.94.212.206 - - [20/May/2026:01:52:45 +0000] "POST /wp-cron.php?doing_wp_cron=1779241965.6096880435943603515625 HTTP/1.1" 200 - "-" "WordPress/6.9.4; https://ideainitself.com"
192.0.103.42 - - [20/May/2026:01:52:44 +0000] "HEAD / HTTP/1.1" 200 - "-" "jetmon/1.0 (Jetpack Site Uptime Monitor by WordPress.com)"
184.94.212.206 - - [20/May/2026:01:57:45 +0000] "POST /wp-cron.php?doing_wp_cron=1779242265.8460540771484375000000 HTTP/1.1" 200 - "-" "WordPress/6.9.4; https://ideainitself.com"
192.0.103.42 - - [20/May/2026:01:57:44 +0000] "HEAD / HTTP/1.1" 200 - "-" "jetmon/1.0 (Jetpack Site Uptime Monitor by WordPress.com)"
104.223.37.178 - - [20/May/2026:01:58:56 +0000] "GET /when-my-creative-block-helps-me-brainstorm-surviving-your-brains-worst-roommate/ HTTP/1.1" 200 57327 "-" "Mozilla/5.0 (iPhone; CPU iPhone OS 11_0 like Mac OS X) AppleWebKit/537.36 (KHTML, like Gecko) Chrome/50.0.3000.1826 Mobile Safari/537.36"
104.223.37.178 - - [20/May/2026:01:58:59 +0000] "GET /wp-content/plugins/contact-form-7/modules/stripe/style.css?ver=6.1.6 HTTP/1.1" 200 192 "https://ideainitself.com/when-my-creative-block-helps-me-brainstorm-surviving-your-brains-worst-roommate/" "Mozilla/5.0 (iPhone; CPU iPhone OS 11_0 like Mac OS X) AppleWebKit/537.36 (KHTML, like Gecko) Chrome/50.0.3000.1826 Mobile Safari/537.36"
104.223.37.178 - - [20/May/2026:01:58:59 +0000] "GET /wp-content/themes/generatepress/assets/css/components/comments.min.css?ver=3.6.1 HTTP/1.1" 200 576 "https://ideainitself.com/when-my-creative-block-helps-me-brainstorm-surviving-your-brains-worst-roommate/" "Mozilla/5.0 (iPhone; CPU iPhone OS 11_0 like Mac OS X) AppleWebKit/537.36 (KHTML, like Gecko) Chrome/50.0.3000.1826 Mobile Safari/537.36"
104.223.37.178 - - [20/May/2026:01:58:59 +0000] "GET /wp-content/themes/generatepress/assets/css/components/widget-areas.min.css?ver=3.6.1 HTTP/1.1" 200 693 "https://ideainitself.com/when-my-creative-block-helps-me-brainstorm-surviving-your-brains-worst-roommate/" "Mozilla/5.0 (iPhone; CPU iPhone OS 11_0 like Mac OS X) AppleWebKit/537.36 (KHTML, like Gecko) Chrome/50.0.3000.1826 Mobile Safari/537.36"
104.223.37.178 - - [20/May/2026:01:59:00 +0000] "GET /wp-content/themes/generatepress/assets/css/main.min.css?ver=3.6.1 HTTP/1.1" 200 4675 "https://ideainitself.com/when-my-creative-block-helps-me-brainstorm-surviving-your-brains-worst-roommate/" "Mozilla/5.0 (iPhone; CPU iPhone OS 11_0 like Mac OS X) AppleWebKit/537.36 (KHTML, like Gecko) Chrome/50.0.3000.1826 Mobile Safari/537.36"
178.16.52.137 - - [20/May/2026:01:59:54 +0000] "POST /wp-login.php?action=register HTTP/1.1" 500 188 "-" "-"
91.92.242.223 - - [20/May/2026:02:00:15 +0000] "POST /wp-login.php?action=register HTTP/1.1" 500 188 "-" "-"
157.90.94.110 - - [20/May/2026:02:00:35 +0000] "GET /robots.txt HTTP/1.1" 200 115 "-" "Mozilla/5.0 (compatible; SERankingBacklinksBot/1.0; +https://seranking.com/backlinks-crawler)"
184.94.212.206 - - [20/May/2026:02:00:36 +0000] "POST /wp-cron.php?doing_wp_cron=1779242436.9638099670410156250000 HTTP/1.1" 200 - "-" "WordPress/6.9.4; https://ideainitself.com"
157.90.94.110 - - [20/May/2026:02:00:35 +0000] "GET /the-importance-of-taking-breaks/?share=tumblr HTTP/1.1" 302 - "-" "Mozilla/5.0 (compatible; SERankingBacklinksBot/1.0; +https://seranking.com/backlinks-crawler)"
157.90.94.110 - - [20/May/2026:02:00:37 +0000] "GET /the-importance-of-taking-breaks/?share=tumblr HTTP/1.1" 302 - "-" "Mozilla/5.0 (compatible; SERankingBacklinksBot/1.0; +https://seranking.com/backlinks-crawler)"
192.0.103.42 - - [20/May/2026:02:02:44 +0000] "HEAD / HTTP/1.1" 200 - "-" "jetmon/1.0 (Jetpack Site Uptime Monitor by WordPress.com)"
184.94.212.206 - - [20/May/2026:02:07:46 +0000] "POST /wp-cron.php?doing_wp_cron=1779242866.0410048961639404296875 HTTP/1.1" 200 - "-" "WordPress/6.9.4; https://ideainitself.com"
192.0.103.42 - - [20/May/2026:02:07:44 +0000] "HEAD / HTTP/1.1" 200 - "-" "jetmon/1.0 (Jetpack Site Uptime Monitor by WordPress.com)"
91.92.242.223 - - [20/May/2026:02:09:34 +0000] "POST /wp-login.php?action=register HTTP/1.1" 500 188 "-" "-"
184.94.212.206 - - [20/May/2026:02:11:19 +0000] "POST /wp-cron.php?doing_wp_cron=1779243079.7252318859100341796875 HTTP/1.1" 200 - "-" "WordPress/6.9.4; https://ideainitself.com"
157.230.48.140 - - [20/May/2026:02:11:17 +0000] "GET /about-this-site/busy4 HTTP/1.1" 301 - "https://ideainitself.com/" "Mozilla/5.0 (Windows NT 10.0; Win64; x64) AppleWebKit/537.36 (KHTML, like Gecko) Chrome/106.0.5249.119 Safari/537.36"
157.230.48.140 - - [20/May/2026:02:11:21 +0000] "GET /wp-content/uploads/2021/10/busy4.jpg HTTP/1.1" 200 72503 "https://ideainitself.com/" "Mozilla/5.0 (Windows NT 10.0; Win64; x64) AppleWebKit/537.36 (KHTML, like Gecko) Chrome/106.0.5249.119 Safari/537.36"
178.16.52.137 - - [20/May/2026:02:12:39 +0000] "POST /wp-login.php?action=register HTTP/1.1" 500 188 "-" "-"
192.0.103.42 - - [20/May/2026:02:12:44 +0000] "HEAD / HTTP/1.1" 200 - "-" "jetmon/1.0 (Jetpack Site Uptime Monitor by WordPress.com)"
114.119.150.170 - - [20/May/2026:02:13:12 +0000] "GET /robots.txt HTTP/1.1" 200 115 "-" "Mozilla/5.0 (compatible;PetalBot;+https://webmaster.petalsearch.com/site/petalbot)"
185.242.177.19 - - [20/May/2026:02:17:43 +0000] "GET / HTTP/1.1" 403 52336 "-" "python-requests/2.32.5"
192.0.103.42 - - [20/May/2026:02:17:44 +0000] "HEAD / HTTP/1.1" 200 - "-" "jetmon/1.0 (Jetpack Site Uptime Monitor by WordPress.com)"
66.249.66.77 - - [20/May/2026:02:21:06 +0000] "GET /ads.txt HTTP/1.1" 304 - "-" "Google-adstxt"
184.94.212.206 - - [20/May/2026:02:22:45 +0000] "POST /wp-cron.php?doing_wp_cron=1779243765.6398029327392578125000 HTTP/1.1" 200 - "-" "WordPress/6.9.4; https://ideainitself.com"
192.0.103.42 - - [20/May/2026:02:22:43 +0000] "HEAD / HTTP/1.1" 200 - "-" "jetmon/1.0 (Jetpack Site Uptime Monitor by WordPress.com)"
91.92.242.223 - - [20/May/2026:02:23:54 +0000] "POST /wp-login.php?action=register HTTP/1.1" 500 188 "-" "-"
82.38.180.93 - - [20/May/2026:02:24:21 +0000] "GET /the-importance-of-taking-breaks/?share=mastodon HTTP/1.1" 200 57718 "-" "Mozilla/5.0 (Macintosh; Intel Mac OS X 10_15_7) AppleWebKit/537.36 (KHTML, like Gecko) Chrome/136.0.0.0 Safari/537.36"
178.16.52.137 - - [20/May/2026:02:26:20 +0000] "POST /wp-login.php?action=register HTTP/1.1" 500 188 "-" "-"
184.94.212.206 - - [20/May/2026:02:26:50 +0000] "POST /wp-cron.php?doing_wp_cron=1779244010.6423408985137939453125 HTTP/1.1" 200 - "-" "WordPress/6.9.4; https://ideainitself.com"
45.235.38.199 - - [20/May/2026:02:26:49 +0000] "GET / HTTP/1.1" 200 52336 "-" "Mozilla/5.0 (Macintosh; Intel Mac OS X 14_4_1) AppleWebKit/537.36 (KHTML, like Gecko) Chrome/124.0.6367.207 Safari/537.36"
184.94.212.206 - - [20/May/2026:02:27:45 +0000] "POST /wp-cron.php?doing_wp_cron=1779244065.9470229148864746093750 HTTP/1.1" 200 - "-" "WordPress/6.9.4; https://ideainitself.com"
192.0.103.42 - - [20/May/2026:02:27:44 +0000] "HEAD / HTTP/1.1" 200 - "-" "jetmon/1.0 (Jetpack Site Uptime Monitor by WordPress.com)"
91.92.242.223 - - [20/May/2026:02:29:02 +0000] "POST /wp-login.php?action=register HTTP/1.1" 500 188 "-" "-"
184.94.212.206 - - [20/May/2026:02:32:46 +0000] "POST /wp-cron.php?doing_wp_cron=1779244366.2838230133056640625000 HTTP/1.1" 200 - "-" "WordPress/6.9.4; https://ideainitself.com"
192.0.103.42 - - [20/May/2026:02:32:44 +0000] "HEAD / HTTP/1.1" 200 - "-" "jetmon/1.0 (Jetpack Site Uptime Monitor by WordPress.com)"
184.94.212.206 - - [20/May/2026:02:37:45 +0000] "POST /wp-cron.php?doing_wp_cron=1779244665.6964368820190429687500 HTTP/1.1" 200 - "-" "WordPress/6.9.4; https://ideainitself.com"
192.0.103.42 - - [20/May/2026:02:37:43 +0000] "HEAD / HTTP/1.1" 200 - "-" "jetmon/1.0 (Jetpack Site Uptime Monitor by WordPress.com)"
178.16.52.137 - - [20/May/2026:02:38:54 +0000] "POST /wp-login.php?action=register HTTP/1.1" 500 188 "-" "-"
91.92.242.223 - - [20/May/2026:02:40:50 +0000] "POST /wp-login.php?action=register HTTP/1.1" 500 188 "-" "-"
74.125.210.66 - - [20/May/2026:02:40:56 +0000] "GET / HTTP/1.1" 200 52336 "-" "Google-Display-Ads-Bot"
192.0.103.42 - - [20/May/2026:02:42:44 +0000] "HEAD / HTTP/1.1" 200 - "-" "jetmon/1.0 (Jetpack Site Uptime Monitor by WordPress.com)"
178.16.52.137 - - [20/May/2026:02:45:02 +0000] "POST /wp-login.php?action=register HTTP/1.1" 500 188 "-" "-"
184.94.212.206 - - [20/May/2026:02:47:46 +0000] "POST /wp-cron.php?doing_wp_cron=1779245266.3317570686340332031250 HTTP/1.1" 200 - "-" "WordPress/6.9.4; https://ideainitself.com"
192.0.103.42 - - [20/May/2026:02:47:44 +0000] "HEAD / HTTP/1.1" 200 - "-" "jetmon/1.0 (Jetpack Site Uptime Monitor by WordPress.com)"
184.94.212.206 - - [20/May/2026:02:52:45 +0000] "POST /wp-cron.php?doing_wp_cron=1779245565.5132060050964355468750 HTTP/1.1" 200 - "-" "WordPress/6.9.4; https://ideainitself.com"
192.0.103.42 - - [20/May/2026:02:52:43 +0000] "HEAD / HTTP/1.1" 200 - "-" "jetmon/1.0 (Jetpack Site Uptime Monitor by WordPress.com)"
184.94.212.206 - - [20/May/2026:02:53:20 +0000] "POST /wp-cron.php?doing_wp_cron=1779245600.7024719715118408203125 HTTP/1.1" 200 - "-" "WordPress/6.9.4; https://ideainitself.com"
184.94.212.206 - - [20/May/2026:02:53:17 +0000] "GET / HTTP/1.1" 200 172537 "-" "Mozilla/5.0 (Windows NT 10.0; Win64; x64; rv:122.0) Gecko/20100101 Firefox/122.0"
104.194.9.138 - - [20/May/2026:02:54:20 +0000] "GET /x-cp-A7TszHKy.php HTTP/1.1" 200 4504 "-" "Mozilla/5.0 (X11; Linux x86_64) AppleWebKit/537.36 (KHTML, like Gecko) Chrome/143.0.0.0 Safari/537.36"
184.94.212.206 - - [20/May/2026:02:57:45 +0000] "POST /wp-cron.php?doing_wp_cron=1779245865.7369499206542968750000 HTTP/1.1" 200 - "-" "WordPress/6.9.4; https://ideainitself.com"
192.0.103.42 - - [20/May/2026:02:57:44 +0000] "HEAD / HTTP/1.1" 200 - "-" "jetmon/1.0 (Jetpack Site Uptime Monitor by WordPress.com)"
91.92.242.223 - - [20/May/2026:03:01:08 +0000] "POST /wp-login.php?action=register HTTP/1.1" 500 188 "-" "-"
178.16.52.137 - - [20/May/2026:03:02:02 +0000] "POST /wp-login.php?action=register HTTP/1.1" 500 188 "-" "-"
184.94.212.206 - - [20/May/2026:03:02:46 +0000] "POST /wp-cron.php?doing_wp_cron=1779246166.1765260696411132812500 HTTP/1.1" 200 - "-" "WordPress/6.9.4; https://ideainitself.com"
192.0.103.42 - - [20/May/2026:03:02:44 +0000] "HEAD / HTTP/1.1" 200 - "-" "jetmon/1.0 (Jetpack Site Uptime Monitor by WordPress.com)"
184.94.212.206 - - [20/May/2026:03:07:45 +0000] "POST /wp-cron.php?doing_wp_cron=1779246465.4301331043243408203125 HTTP/1.1" 200 - "-" "WordPress/6.9.4; https://ideainitself.com"
192.0.103.42 - - [20/May/2026:03:07:43 +0000] "HEAD / HTTP/1.1" 200 - "-" "jetmon/1.0 (Jetpack Site Uptime Monitor by WordPress.com)"
91.92.242.223 - - [20/May/2026:03:08:56 +0000] "POST /wp-login.php?action=register HTTP/1.1" 500 188 "-" "-"
145.223.131.20 - - [20/May/2026:03:09:25 +0000] "GET /how-working-in-short-bursts-benefits-the-easily-distracted/?share=reddit HTTP/1.1" 302 - "-" "Mozilla/5.0 (Macintosh; Intel Mac OS X 13_5) AppleWebKit/605.1.15 (KHTML, like Gecko) Version/17.0 Safari/180.1"
178.16.52.137 - - [20/May/2026:03:09:53 +0000] "POST /wp-login.php?action=register HTTP/1.1" 500 188 "-" "-"
184.94.212.206 - - [20/May/2026:03:12:45 +0000] "POST /wp-cron.php?doing_wp_cron=1779246765.8027439117431640625000 HTTP/1.1" 200 - "-" "WordPress/6.9.4; https://ideainitself.com"
192.0.103.42 - - [20/May/2026:03:12:44 +0000] "HEAD / HTTP/1.1" 200 - "-" "jetmon/1.0 (Jetpack Site Uptime Monitor by WordPress.com)"
38.77.214.10 - - [20/May/2026:03:14:16 +0000] "GET / HTTP/1.1" 301 - "-" "Mozilla/5.0 (Android 13; Mobile; rv:127.0) Gecko/127.0 Firefox/127.0"
184.94.212.206 - - [20/May/2026:03:14:32 +0000] "POST /wp-cron.php?doing_wp_cron=1779246872.2469809055328369140625 HTTP/1.1" 200 - "-" "WordPress/6.9.4; https://ideainitself.com"
38.77.214.10 - - [20/May/2026:03:14:31 +0000] "GET / HTTP/1.1" 200 52242 "https://www.ideainitself.com/" "Mozilla/5.0 (Android 13; Mobile; rv:127.0) Gecko/127.0 Firefox/127.0"
107.174.118.194 - - [20/May/2026:03:14:36 +0000] "GET /how-a-college-dropout-used-military-discipline-to-land-a-slack-job-working-smarter-not-harder/ HTTP/1.1" 301 - "-" "Mozilla/5.0 (Linux; Android 11; SM-S901B) AppleWebKit/537.36 (KHTML, like Gecko) Chrome/112.0.0.0 Mobile Safari/537.36"
107.174.24.100 - - [20/May/2026:03:14:39 +0000] "GET /how-a-college-dropout-used-military-discipline-to-land-a-slack-job-working-smarter-not-harder/ HTTP/1.1" 301 - "https://www.bing.com/" "Mozilla/5.0 (Linux; Android 14; Pixel 6 Pro) AppleWebKit/537.36 (KHTML, like Gecko) Chrome/122.0.6261.119 Mobile Safari/537.36 OPR/81.2.4292.78581"
172.59.192.201 - - [20/May/2026:03:14:43 +0000] "GET /how-a-college-dropout-used-military-discipline-to-land-a-slack-job-working-smarter-not-harder/ HTTP/1.1" 301 - "-" "Mozilla/5.0 (Linux; Android 11; SM-S901B) AppleWebKit/537.36 (KHTML, like Gecko) Chrome/112.0.0.0 Mobile Safari/537.36"
172.120.4.7 - - [20/May/2026:03:14:45 +0000] "GET / HTTP/1.1" 301 - "https://www.yandex.com/" "Mozilla/5.0 (Linux; Android 10; K) AppleWebKit/537.36 (KHTML, like Gecko) SamsungBrowser/26.0 Chrome/122.0.0.0 Mobile Safari/537.36"
172.120.4.7 - - [20/May/2026:03:14:48 +0000] "GET / HTTP/1.1" 200 52242 "https://www.yandex.com/" "Mozilla/5.0 (Linux; Android 10; K) AppleWebKit/537.36 (KHTML, like Gecko) SamsungBrowser/26.0 Chrome/122.0.0.0 Mobile Safari/537.36"
172.120.4.7 - - [20/May/2026:03:14:51 +0000] "GET /how-a-college-dropout-used-military-discipline-to-land-a-slack-job-working-smarter-not-harder/ HTTP/1.1" 301 - "https://ideainitself.com/" "Mozilla/5.0 (Linux; Android 10; K) AppleWebKit/537.36 (KHTML, like Gecko) SamsungBrowser/26.0 Chrome/122.0.0.0 Mobile Safari/537.36"
107.174.86.104 - - [20/May/2026:03:14:55 +0000] "GET / HTTP/1.1" 301 - "-" "Mozilla/5.0 (Linux; Android 13; SM-S901B) AppleWebKit/537.36 (KHTML, like Gecko) Chrome/112.0.0.0 Mobile Safari/537.36"
107.174.86.104 - - [20/May/2026:03:14:57 +0000] "GET / HTTP/1.1" 200 52242 "https://www.ideainitself.com/" "Mozilla/5.0 (Linux; Android 13; SM-S901B) AppleWebKit/537.36 (KHTML, like Gecko) Chrome/112.0.0.0 Mobile Safari/537.36"
107.174.86.104 - - [20/May/2026:03:14:59 +0000] "GET /how-a-college-dropout-used-military-discipline-to-land-a-slack-job-working-smarter-not-harder/ HTTP/1.1" 301 - "https://ideainitself.com/" "Mozilla/5.0 (Linux; Android 13; SM-S901B) AppleWebKit/537.36 (KHTML, like Gecko) Chrome/112.0.0.0 Mobile Safari/537.36"
107.174.13.222 - - [20/May/2026:03:15:02 +0000] "GET /how-a-college-dropout-used-military-discipline-to-land-a-slack-job-working-smarter-not-harder/ HTTP/1.1" 301 - "-" "Mozilla/5.0 (Linux; Android 10; K) AppleWebKit/537.36 (KHTML, like Gecko) SamsungBrowser/26.0 Chrome/122.0.0.0 Mobile Safari/537.36"
38.111.167.164 - - [20/May/2026:03:15:06 +0000] "GET /how-a-college-dropout-used-military-discipline-to-land-a-slack-job-working-smarter-not-harder/ HTTP/1.1" 301 - "https://ideainitself.com/" "Mozilla/5.0 (Linux; Android 8.0.0; SM-J330G) AppleWebKit/537.36 (KHTML, like Gecko) Chrome/114.0.0.0 Mobile Safari/537.36 EdgA/114.0.1823.74"
185.42.23.215 - - [20/May/2026:03:15:12 +0000] "GET / HTTP/1.1" 301 - "https://ideainitself.com/" "Mozilla/5.0 (Linux; Android 14; Pixel 6 Pro) AppleWebKit/537.36 (KHTML, like Gecko) Chrome/122.0.6261.119 Mobile Safari/537.36 OPR/81.2.4292.78581"
185.42.23.215 - - [20/May/2026:03:15:15 +0000] "GET / HTTP/1.1" 200 52242 "https://ideainitself.com/" "Mozilla/5.0 (Linux; Android 14; Pixel 6 Pro) AppleWebKit/537.36 (KHTML, like Gecko) Chrome/122.0.6261.119 Mobile Safari/537.36 OPR/81.2.4292.78581"
185.42.23.215 - - [20/May/2026:03:15:18 +0000] "GET /how-a-college-dropout-used-military-discipline-to-land-a-slack-job-working-smarter-not-harder/ HTTP/1.1" 301 - "https://ideainitself.com/" "Mozilla/5.0 (Linux; Android 14; Pixel 6 Pro) AppleWebKit/537.36 (KHTML, like Gecko) Chrome/122.0.6261.119 Mobile Safari/537.36 OPR/81.2.4292.78581"
107.172.175.124 - - [20/May/2026:03:15:21 +0000] "GET / HTTP/1.1" 301 - "https://www.yandex.com/" "Mozilla/5.0 (Linux; Android 13; SM-S901B) AppleWebKit/537.36 (KHTML, like Gecko) Chrome/112.0.0.0 Mobile Safari/537.36"
107.172.175.124 - - [20/May/2026:03:15:23 +0000] "GET / HTTP/1.1" 200 52242 "https://www.yandex.com/" "Mozilla/5.0 (Linux; Android 13; SM-S901B) AppleWebKit/537.36 (KHTML, like Gecko) Chrome/112.0.0.0 Mobile Safari/537.36"
107.172.175.124 - - [20/May/2026:03:15:25 +0000] "GET /how-a-college-dropout-used-military-discipline-to-land-a-slack-job-working-smarter-not-harder/ HTTP/1.1" 301 - "https://ideainitself.com/" "Mozilla/5.0 (Linux; Android 13; SM-S901B) AppleWebKit/537.36 (KHTML, like Gecko) Chrome/112.0.0.0 Mobile Safari/537.36"
154.28.100.212 - - [20/May/2026:03:15:28 +0000] "GET /how-a-college-dropout-used-military-discipline-to-land-a-slack-job-working-smarter-not-harder/ HTTP/1.1" 301 - "-" "Mozilla/5.0 (Linux; Android 14; Pixel 6 Pro) AppleWebKit/537.36 (KHTML, like Gecko) Chrome/122.0.6261.119 Mobile Safari/537.36 OPR/81.2.4292.78581"
38.111.165.126 - - [20/May/2026:03:15:33 +0000] "GET /how-a-college-dropout-used-military-discipline-to-land-a-slack-job-working-smarter-not-harder/ HTTP/1.1" 301 - "https://ideainitself.com/" "Mozilla/5.0 (Linux; Android 8; SM-S901B) AppleWebKit/537.36 (KHTML, like Gecko) Chrome/112.0.0.0 Mobile Safari/537.36"
151.115.90.233 - - [20/May/2026:03:17:28 +0000] "HEAD / HTTP/1.1" 200 - "-" "curl/7.81.0"
151.115.90.233 - - [20/May/2026:03:17:34 +0000] "GET / HTTP/1.1" 200 52336 "-" "Mozilla/5.0 (X11; Linux x86_64) AppleWebKit/537.36 (KHTML, like Gecko) Chrome/134.0.0.0 Safari/537.3"
151.115.90.233 - - [20/May/2026:03:17:36 +0000] "GET /wp-content/plugins/contact-form-7/includes/css/styles.css?ver=6.1.6 HTTP/1.1" 200 1036 "https://ideainitself.com/" "Mozilla/5.0 (X11; Linux x86_64) AppleWebKit/537.36 (KHTML, like Gecko) Chrome/134.0.0.0 Safari/537.3"
151.115.90.233 - - [20/May/2026:03:17:36 +0000] "GET /wp-content/plugins/contact-form-7/modules/stripe/style.css?ver=6.1.6 HTTP/1.1" 200 192 "https://ideainitself.com/" "Mozilla/5.0 (X11; Linux x86_64) AppleWebKit/537.36 (KHTML, like Gecko) Chrome/134.0.0.0 Safari/537.3"
151.115.90.233 - - [20/May/2026:03:17:36 +0000] "GET /wp-content/themes/generatepress/assets/css/components/widget-areas.min.css?ver=3.6.1 HTTP/1.1" 200 693 "https://ideainitself.com/" "Mozilla/5.0 (X11; Linux x86_64) AppleWebKit/537.36 (KHTML, like Gecko) Chrome/134.0.0.0 Safari/537.3"
151.115.90.233 - - [20/May/2026:03:17:36 +0000] "GET /wp-content/themes/generatepress/assets/css/main.min.css?ver=3.6.1 HTTP/1.1" 200 4675 "https://ideainitself.com/" "Mozilla/5.0 (X11; Linux x86_64) AppleWebKit/537.36 (KHTML, like Gecko) Chrome/134.0.0.0 Safari/537.3"
151.115.90.233 - - [20/May/2026:03:17:36 +0000] "GET /wp-content/plugins/contact-form-7/includes/js/index.js?ver=6.1.6 HTTP/1.1" 200 4265 "https://ideainitself.com/" "Mozilla/5.0 (X11; Linux x86_64) AppleWebKit/537.36 (KHTML, like Gecko) Chrome/134.0.0.0 Safari/537.3"
151.115.90.233 - - [20/May/2026:03:17:36 +0000] "GET /wp-content/plugins/contact-form-7/includes/swv/js/index.js?ver=6.1.6 HTTP/1.1" 200 3503 "https://ideainitself.com/" "Mozilla/5.0 (X11; Linux x86_64) AppleWebKit/537.36 (KHTML, like Gecko) Chrome/134.0.0.0 Safari/537.3"
151.115.90.233 - - [20/May/2026:03:17:36 +0000] "GET /wp-content/plugins/contact-form-7/modules/stripe/index.js?ver=6.1.6 HTTP/1.1" 200 1278 "https://ideainitself.com/" "Mozilla/5.0 (X11; Linux x86_64) AppleWebKit/537.36 (KHTML, like Gecko) Chrome/134.0.0.0 Safari/537.3"
151.115.90.233 - - [20/May/2026:03:17:36 +0000] "GET /wp-content/themes/generatepress/assets/js/menu.min.js?ver=3.6.1 HTTP/1.1" 200 1836 "https://ideainitself.com/" "Mozilla/5.0 (X11; Linux x86_64) AppleWebKit/537.36 (KHTML, like Gecko) Chrome/134.0.0.0 Safari/537.3"
151.115.90.233 - - [20/May/2026:03:17:36 +0000] "GET /wp-content/plugins/google-site-kit/dist/assets/js/googlesitekit-consent-mode-da15714e8829855bb7ce.js HTTP/1.1" 200 25462 "https://ideainitself.com/" "Mozilla/5.0 (X11; Linux x86_64) AppleWebKit/537.36 (KHTML, like Gecko) Chrome/134.0.0.0 Safari/537.3"
151.115.90.233 - - [20/May/2026:03:17:36 +0000] "GET /wp-content/plugins/contact-form-7/modules/recaptcha/index.js?ver=6.1.6 HTTP/1.1" 200 483 "https://ideainitself.com/" "Mozilla/5.0 (X11; Linux x86_64) AppleWebKit/537.36 (KHTML, like Gecko) Chrome/134.0.0.0 Safari/537.3"
151.115.90.233 - - [20/May/2026:03:17:36 +0000] "GET /wp-content/plugins/wp-consent-api/assets/js/wp-consent-api.min.js?ver=2.0.1 HTTP/1.1" 200 822 "https://ideainitself.com/" "Mozilla/5.0 (X11; Linux x86_64) AppleWebKit/537.36 (KHTML, like Gecko) Chrome/134.0.0.0 Safari/537.3"
151.115.90.233 - - [20/May/2026:03:17:37 +0000] "GET /wp-includes/js/wp-emoji-release.min.js?ver=6.9.4 HTTP/1.1" 200 5375 "https://ideainitself.com/" "Mozilla/5.0 (X11; Linux x86_64) AppleWebKit/537.36 (KHTML, like Gecko) Chrome/134.0.0.0 Safari/537.3"
151.115.90.233 - - [20/May/2026:03:17:36 +0000] "GET /wp-content/uploads/2021/10/burstsalesvideo.mp4?_=1 HTTP/1.1" 206 7556515 "https://ideainitself.com/" "Mozilla/5.0 (X11; Linux x86_64) AppleWebKit/537.36 (KHTML, like Gecko) Chrome/134.0.0.0 Safari/537.3"
151.115.90.233 - - [20/May/2026:03:17:37 +0000] "GET /wp-content/uploads/2021/10/burstsalesvideo.mp4?_=1 HTTP/1.1" 206 7556515 "https://ideainitself.com/" "Mozilla/5.0 (X11; Linux x86_64) AppleWebKit/537.36 (KHTML, like Gecko) Chrome/134.0.0.0 Safari/537.3"
151.115.90.233 - - [20/May/2026:03:17:43 +0000] "GET /favicon.ico HTTP/1.1" 302 - "-" "Mozilla/5.0 (X11; Linux x86_64) AppleWebKit/537.36 (KHTML, like Gecko) Chrome/134.0.0.0 Safari/537.3"
192.0.103.42 - - [20/May/2026:03:17:44 +0000] "HEAD / HTTP/1.1" 200 - "-" "jetmon/1.0 (Jetpack Site Uptime Monitor by WordPress.com)"
31.145.113.69 - - [20/May/2026:03:18:09 +0000] "GET /tag/procrastination/ HTTP/1.1" 200 50096 "-" "Mozilla/5.0 (Windows NT 10.0; Win64; x64) AppleWebKit/537.36 (KHTML, like Gecko) Chrome/134.0.6998.88 Safari/537.36"
91.92.242.223 - - [20/May/2026:03:22:36 +0000] "POST /wp-login.php?action=register HTTP/1.1" 500 188 "-" "-"
184.94.212.206 - - [20/May/2026:03:22:44 +0000] "POST /wp-cron.php?doing_wp_cron=1779247364.8902790546417236328125 HTTP/1.1" 200 - "-" "WordPress/6.9.4; https://ideainitself.com"
192.0.103.42 - - [20/May/2026:03:22:43 +0000] "HEAD / HTTP/1.1" 200 - "-" "jetmon/1.0 (Jetpack Site Uptime Monitor by WordPress.com)"
178.16.52.137 - - [20/May/2026:03:24:38 +0000] "POST /wp-login.php?action=register HTTP/1.1" 500 188 "-" "-"
184.94.212.206 - - [20/May/2026:03:24:48 +0000] "POST /wp-cron.php?doing_wp_cron=1779247488.0508201122283935546875 HTTP/1.1" 200 - "-" "WordPress/6.9.4; https://ideainitself.com"
75.46.239.93 - - [20/May/2026:03:24:47 +0000] "GET /the-burst-program/ HTTP/1.1" 301 - "http://www.baidu.com/" "Mozilla/5.0 (iPhone; CPU iPhone OS 16_0 like Mac OS X) AppleWebKit/605.1.15 (KHTML, like Gecko) Version/16_0 Mobile/15E148 Safari/604.1"
142.147.231.175 - - [20/May/2026:03:24:51 +0000] "GET /the-burst-program/ HTTP/1.1" 301 - "https://www.yahoo.com/" "Mozilla/5.0 (iPhone; CPU iPhone OS 17_6_1 like Mac OS X) AppleWebKit/605.1.15 (KHTML, like Gecko) Version/17.6 Mobile/15E148 Safari/604.1 OPT/5.3.0"
182.8.211.53 - - [20/May/2026:03:24:57 +0000] "GET /the-burst-program/ HTTP/1.1" 301 - "https://www.yandex.com/" "Mozilla/5.0 (iPhone; CPU iPhone OS 17_6_1 like Mac OS X) AppleWebKit/605.1.15 (KHTML, like Gecko) Version/17.6 Mobile/15E148 Safari/604.1 OPT/5.3.0"
82.78.114.117 - - [20/May/2026:03:25:02 +0000] "GET / HTTP/1.1" 301 - "https://ideainitself.com/" "Mozilla/5.0 (iPhone; CPU iPhone OS 17_4_1 like Mac OS X) AppleWebKit/605.1.15 (KHTML, like Gecko) Version/17.4.1 Mobile/15E148 Safari/604.1"
82.78.114.117 - - [20/May/2026:03:25:05 +0000] "GET / HTTP/1.1" 200 52242 "https://ideainitself.com/" "Mozilla/5.0 (iPhone; CPU iPhone OS 17_4_1 like Mac OS X) AppleWebKit/605.1.15 (KHTML, like Gecko) Version/17.4.1 Mobile/15E148 Safari/604.1"
82.78.114.117 - - [20/May/2026:03:25:07 +0000] "GET /the-burst-program/ HTTP/1.1" 301 - "https://ideainitself.com/" "Mozilla/5.0 (iPhone; CPU iPhone OS 17_4_1 like Mac OS X) AppleWebKit/605.1.15 (KHTML, like Gecko) Version/17.4.1 Mobile/15E148 Safari/604.1"
107.173.121.16 - - [20/May/2026:03:25:10 +0000] "GET /the-burst-program/ HTTP/1.1" 301 - "https://ideainitself.com/" "Mozilla/5.0 (iPhone; CPU iPhone OS 17_1 like Mac OS X) AppleWebKit/605.1.15 (KHTML, like Gecko) CriOS/120.0.6099.119 Mobile/15E148 Safari/604.1"
68.205.7.6 - - [20/May/2026:03:25:13 +0000] "GET /the-burst-program/ HTTP/1.1" 301 - "https://ideainitself.com/" "Mozilla/5.0 (iPhone; CPU iPhone OS 15_6 like Mac OS X) AppleWebKit/605.1.15 (KHTML, like Gecko) Version/15_6 Mobile/15E148 Safari/604.1"
154.28.100.148 - - [20/May/2026:03:25:16 +0000] "GET /the-burst-program/ HTTP/1.1" 301 - "-" "Mozilla/5.0 (iPhone; CPU iPhone OS 16_3 like Mac OS X) AppleWebKit/605.1.15 (KHTML, like Gecko) CriOS/92.0.4515.90 Mobile/15E148 Safari/604.1"
149.115.133.206 - - [20/May/2026:03:25:50 +0000] "GET / HTTP/1.1" 301 - "-" "Mozilla/5.0 (iPhone; CPU iPhone OS 15_6 like Mac OS X) AppleWebKit/605.1.15 (KHTML, like Gecko) Version/15_6 Mobile/15E148 Safari/604.1"
154.28.239.234 - - [20/May/2026:03:26:21 +0000] "GET /the-burst-program/ HTTP/1.1" 301 - "-" "Mozilla/5.0 (iPhone; CPU iPhone OS 16_3_1 like Mac OS X) AppleWebKit/605.1.15 (KHTML, like Gecko) Version/16.3 Mobile/15E148 Safari/604.1"
23.226.213.168 - - [20/May/2026:03:26:25 +0000] "GET / HTTP/1.1" 301 - "-" "Mozilla/5.0 (iPhone; CPU iPhone OS 16_3 like Mac OS X) AppleWebKit/605.1.15 (KHTML, like Gecko) CriOS/92.0.4515.90 Mobile/15E148 Safari/604.1"
23.226.213.168 - - [20/May/2026:03:26:27 +0000] "GET / HTTP/1.1" 200 52242 "https://www.ideainitself.com/" "Mozilla/5.0 (iPhone; CPU iPhone OS 16_3 like Mac OS X) AppleWebKit/605.1.15 (KHTML, like Gecko) CriOS/92.0.4515.90 Mobile/15E148 Safari/604.1"
23.226.213.168 - - [20/May/2026:03:26:31 +0000] "GET /the-burst-program/ HTTP/1.1" 301 - "https://ideainitself.com/" "Mozilla/5.0 (iPhone; CPU iPhone OS 16_3 like Mac OS X) AppleWebKit/605.1.15 (KHTML, like Gecko) CriOS/92.0.4515.90 Mobile/15E148 Safari/604.1"
157.90.94.110 - - [20/May/2026:03:27:15 +0000] "GET /robots.txt HTTP/1.1" 200 115 "-" "Mozilla/5.0 (compatible; SERankingBacklinksBot/1.0; +https://seranking.com/backlinks-crawler)"
157.90.94.110 - - [20/May/2026:03:27:15 +0000] "GET /author/n1ch3p4cks/ HTTP/1.1" 200 53504 "-" "Mozilla/5.0 (compatible; SERankingBacklinksBot/1.0; +https://seranking.com/backlinks-crawler)"
157.90.94.110 - - [20/May/2026:03:27:20 +0000] "GET /what-is-the-rule-of-52-and-17/?share=facebook HTTP/1.1" 302 - "-" "Mozilla/5.0 (compatible; SERankingBacklinksBot/1.0; +https://seranking.com/backlinks-crawler)"
157.90.94.110 - - [20/May/2026:03:27:25 +0000] "GET /category/featured/ HTTP/1.1" 200 51366 "-" "Mozilla/5.0 (compatible; SERankingBacklinksBot/1.0; +https://seranking.com/backlinks-crawler)"
157.90.94.110 - - [20/May/2026:03:27:30 +0000] "GET /what-is-the-rule-of-52-and-17/?share=mastodon HTTP/1.1" 200 57250 "-" "Mozilla/5.0 (compatible; SERankingBacklinksBot/1.0; +https://seranking.com/backlinks-crawler)"
157.90.94.110 - - [20/May/2026:03:27:35 +0000] "GET /contact-us/?share=x HTTP/1.1" 302 - "-" "Mozilla/5.0 (compatible; SERankingBacklinksBot/1.0; +https://seranking.com/backlinks-crawler)"
157.90.94.110 - - [20/May/2026:03:27:40 +0000] "GET /what-is-the-rule-of-52-and-17/?share=telegram HTTP/1.1" 302 - "-" "Mozilla/5.0 (compatible; SERankingBacklinksBot/1.0; +https://seranking.com/backlinks-crawler)"
184.94.212.206 - - [20/May/2026:03:27:45 +0000] "POST /wp-cron.php?doing_wp_cron=1779247665.1724910736083984375000 HTTP/1.1" 200 - "-" "WordPress/6.9.4; https://ideainitself.com"
192.0.103.42 - - [20/May/2026:03:27:44 +0000] "HEAD / HTTP/1.1" 200 - "-" "jetmon/1.0 (Jetpack Site Uptime Monitor by WordPress.com)"
157.90.94.110 - - [20/May/2026:03:27:44 +0000] "GET /tools/?share=reddit HTTP/1.1" 302 - "-" "Mozilla/5.0 (compatible; SERankingBacklinksBot/1.0; +https://seranking.com/backlinks-crawler)"
157.90.94.110 - - [20/May/2026:03:27:49 +0000] "GET /what-is-the-rule-of-52-and-17/?share=pinterest HTTP/1.1" 302 - "-" "Mozilla/5.0 (compatible; SERankingBacklinksBot/1.0; +https://seranking.com/backlinks-crawler)"
157.90.94.110 - - [20/May/2026:03:27:54 +0000] "GET /tools/?share=tumblr HTTP/1.1" 302 - "-" "Mozilla/5.0 (compatible; SERankingBacklinksBot/1.0; +https://seranking.com/backlinks-crawler)"
157.90.94.110 - - [20/May/2026:03:27:55 +0000] "GET /tools/?share=tumblr HTTP/1.1" 302 - "-" "Mozilla/5.0 (compatible; SERankingBacklinksBot/1.0; +https://seranking.com/backlinks-crawler)"
91.92.242.223 - - [20/May/2026:03:28:21 +0000] "POST /wp-login.php?action=register HTTP/1.1" 500 188 "-" "-"
178.16.52.137 - - [20/May/2026:03:29:33 +0000] "POST /wp-login.php?action=register HTTP/1.1" 500 188 "-" "-"
184.94.212.206 - - [20/May/2026:03:32:46 +0000] "POST /wp-cron.php?doing_wp_cron=1779247966.2140159606933593750000 HTTP/1.1" 200 - "-" "WordPress/6.9.4; https://ideainitself.com"
192.0.103.42 - - [20/May/2026:03:32:44 +0000] "HEAD / HTTP/1.1" 200 - "-" "jetmon/1.0 (Jetpack Site Uptime Monitor by WordPress.com)"
91.92.242.223 - - [20/May/2026:03:35:17 +0000] "POST /wp-login.php?action=register HTTP/1.1" 500 188 "-" "-"
184.94.212.206 - - [20/May/2026:03:37:45 +0000] "POST /wp-cron.php?doing_wp_cron=1779248265.3774058818817138671875 HTTP/1.1" 200 - "-" "WordPress/6.9.4; https://ideainitself.com"
192.0.103.42 - - [20/May/2026:03:37:43 +0000] "HEAD / HTTP/1.1" 200 - "-" "jetmon/1.0 (Jetpack Site Uptime Monitor by WordPress.com)"
178.16.52.137 - - [20/May/2026:03:37:57 +0000] "POST /wp-login.php?action=register HTTP/1.1" 500 188 "-" "-"
184.94.212.206 - - [20/May/2026:03:42:45 +0000] "POST /wp-cron.php?doing_wp_cron=1779248565.9467179775238037109375 HTTP/1.1" 200 - "-" "WordPress/6.9.4; https://ideainitself.com"
192.0.103.42 - - [20/May/2026:03:42:44 +0000] "HEAD / HTTP/1.1" 200 - "-" "jetmon/1.0 (Jetpack Site Uptime Monitor by WordPress.com)"
69.63.184.17 - - [20/May/2026:03:43:21 +0000] "GET /robots.txt HTTP/1.1" 206 117 "-" "facebookexternalhit/1.1 (+http://www.facebook.com/externalhit_uatext.php)"
216.73.216.137 - - [20/May/2026:03:44:14 +0000] "GET /robots.txt HTTP/1.1" 200 115 "-" "Mozilla/5.0 AppleWebKit/537.36 (KHTML, like Gecko; compatible; ClaudeBot/1.0; +claudebot@anthropic.com)"
216.73.216.137 - - [20/May/2026:03:44:14 +0000] "GET / HTTP/1.1" 200 52336 "-" "Mozilla/5.0 AppleWebKit/537.36 (KHTML, like Gecko; compatible; ClaudeBot/1.0; +claudebot@anthropic.com)"
184.94.212.206 - - [20/May/2026:03:47:45 +0000] "POST /wp-cron.php?doing_wp_cron=1779248865.3078770637512207031250 HTTP/1.1" 200 - "-" "WordPress/6.9.4; https://ideainitself.com"
192.0.103.42 - - [20/May/2026:03:47:43 +0000] "HEAD / HTTP/1.1" 200 - "-" "jetmon/1.0 (Jetpack Site Uptime Monitor by WordPress.com)"
184.94.212.206 - - [20/May/2026:03:48:09 +0000] "POST /wp-cron.php?doing_wp_cron=1779248889.5060288906097412109375 HTTP/1.1" 200 - "-" "WordPress/6.9.4; https://ideainitself.com"
45.166.172.9 - - [20/May/2026:03:48:08 +0000] "GET /category/featured/ HTTP/1.1" 200 51366 "-" "Mozilla/5.0 (Windows NT 10.0; Win64; x64) AppleWebKit/537.36 (KHTML, like Gecko) Chrome/126.0.6478.126 Safari/537.36"
43.157.168.43 - - [20/May/2026:03:50:15 +0000] "GET / HTTP/1.1" 200 52242 "http://ideainitself.com" "Mozilla/5.0 (iPhone; CPU iPhone OS 13_2_3 like Mac OS X) AppleWebKit/605.1.15 (KHTML, like Gecko) Version/13.0.3 Mobile/15E148 Safari/604.1"
57.141.2.60 - - [20/May/2026:03:50:16 +0000] "GET /web-services/ HTTP/1.1" 200 157068 "-" "meta-externalagent/1.1 (+https://developers.facebook.com/docs/sharing/webmasters/crawler)"
178.16.52.137 - - [20/May/2026:03:51:45 +0000] "POST /wp-login.php?action=register HTTP/1.1" 500 188 "-" "-"
184.94.212.206 - - [20/May/2026:03:52:45 +0000] "POST /wp-cron.php?doing_wp_cron=1779249165.2813920974731445312500 HTTP/1.1" 200 - "-" "WordPress/6.9.4; https://ideainitself.com"
192.0.103.42 - - [20/May/2026:03:52:43 +0000] "HEAD / HTTP/1.1" 200 - "-" "jetmon/1.0 (Jetpack Site Uptime Monitor by WordPress.com)"
91.92.242.223 - - [20/May/2026:03:55:57 +0000] "POST /wp-login.php?action=register HTTP/1.1" 500 188 "-" "-"
184.94.212.206 - - [20/May/2026:03:57:45 +0000] "POST /wp-cron.php?doing_wp_cron=1779249465.6059749126434326171875 HTTP/1.1" 200 - "-" "WordPress/6.9.4; https://ideainitself.com"
192.0.103.42 - - [20/May/2026:03:57:44 +0000] "HEAD / HTTP/1.1" 200 - "-" "jetmon/1.0 (Jetpack Site Uptime Monitor by WordPress.com)"
91.92.242.223 - - [20/May/2026:03:59:55 +0000] "POST /wp-login.php?action=register HTTP/1.1" 500 188 "-" "-"
184.94.212.206 - - [20/May/2026:04:02:46 +0000] "POST /wp-cron.php?doing_wp_cron=1779249766.1070930957794189453125 HTTP/1.1" 200 - "-" "WordPress/6.9.4; https://ideainitself.com"
192.0.103.42 - - [20/May/2026:04:02:44 +0000] "HEAD / HTTP/1.1" 200 - "-" "jetmon/1.0 (Jetpack Site Uptime Monitor by WordPress.com)"
178.16.52.137 - - [20/May/2026:04:05:24 +0000] "POST /wp-login.php?action=register HTTP/1.1" 500 188 "-" "-"
184.94.212.206 - - [20/May/2026:04:07:45 +0000] "POST /wp-cron.php?doing_wp_cron=1779250065.4020020961761474609375 HTTP/1.1" 200 - "-" "WordPress/6.9.4; https://ideainitself.com"
192.0.103.42 - - [20/May/2026:04:07:43 +0000] "HEAD / HTTP/1.1" 200 - "-" "jetmon/1.0 (Jetpack Site Uptime Monitor by WordPress.com)"
91.92.242.223 - - [20/May/2026:04:09:24 +0000] "POST /wp-login.php?action=register HTTP/1.1" 500 188 "-" "-"
184.94.212.206 - - [20/May/2026:04:12:46 +0000] "POST /wp-cron.php?doing_wp_cron=1779250366.6899149417877197265625 HTTP/1.1" 200 - "-" "WordPress/6.9.4; https://ideainitself.com"
192.0.103.42 - - [20/May/2026:04:12:45 +0000] "HEAD / HTTP/1.1" 200 - "-" "jetmon/1.0 (Jetpack Site Uptime Monitor by WordPress.com)"
192.42.116.18 - - [20/May/2026:04:13:15 +0000] "GET / HTTP/1.1" 200 52242 "-" "Mozilla/5.0 (iPhone; CPU iPhone OS 18_7 like Mac OS X) AppleWebKit/605.1.15 (KHTML, like Gecko) Version/26.4 Mobile/15E148 Safari/604.1"
192.42.116.101 - - [20/May/2026:04:13:20 +0000] "GET /en/ HTTP/1.1" 404 43941 "-" "Mozilla/5.0 (iPhone; CPU iPhone OS 18_7 like Mac OS X) AppleWebKit/605.1.15 (KHTML, like Gecko) Version/26.4 Mobile/15E148 Safari/604.1"
178.16.52.137 - - [20/May/2026:04:14:28 +0000] "POST /wp-login.php?action=register HTTP/1.1" 500 188 "-" "-"
184.94.212.206 - - [20/May/2026:04:17:46 +0000] "POST /wp-cron.php?doing_wp_cron=1779250666.3351869583129882812500 HTTP/1.1" 200 - "-" "WordPress/6.9.4; https://ideainitself.com"
192.0.103.42 - - [20/May/2026:04:17:44 +0000] "HEAD / HTTP/1.1" 200 - "-" "jetmon/1.0 (Jetpack Site Uptime Monitor by WordPress.com)"
91.92.242.223 - - [20/May/2026:04:18:03 +0000] "POST /wp-login.php?action=register HTTP/1.1" 500 188 "-" "-"
184.94.212.206 - - [20/May/2026:04:22:45 +0000] "POST /wp-cron.php?doing_wp_cron=1779250965.3262269496917724609375 HTTP/1.1" 200 - "-" "WordPress/6.9.4; https://ideainitself.com"
192.0.103.42 - - [20/May/2026:04:22:43 +0000] "HEAD / HTTP/1.1" 200 - "-" "jetmon/1.0 (Jetpack Site Uptime Monitor by WordPress.com)"
43.156.228.27 - - [20/May/2026:04:23:21 +0000] "GET /web-services/ HTTP/1.1" 200 47757 "-" "Mozilla/5.0 (iPhone; CPU iPhone OS 13_2_3 like Mac OS X) AppleWebKit/605.1.15 (KHTML, like Gecko) Version/13.0.3 Mobile/15E148 Safari/604.1"
184.94.212.206 - - [20/May/2026:04:27:50 +0000] "POST /wp-cron.php?doing_wp_cron=1779251270.9094319343566894531250 HTTP/1.1" 200 - "-" "WordPress/6.9.4; https://ideainitself.com"
192.0.103.42 - - [20/May/2026:04:27:44 +0000] "HEAD / HTTP/1.1" 200 - "-" "jetmon/1.0 (Jetpack Site Uptime Monitor by WordPress.com)"
178.16.52.137 - - [20/May/2026:04:28:17 +0000] "POST /wp-login.php?action=register HTTP/1.1" 500 188 "-" "-"
184.94.212.206 - - [20/May/2026:04:31:02 +0000] "POST /wp-cron.php?doing_wp_cron=1779251462.9254179000854492187500 HTTP/1.1" 200 - "-" "WordPress/6.9.4; https://ideainitself.com"
157.90.94.110 - - [20/May/2026:04:31:01 +0000] "GET /the-importance-of-taking-breaks/?share=facebook HTTP/1.1" 302 - "-" "Mozilla/5.0 (compatible; SERankingBacklinksBot/1.0; +https://seranking.com/backlinks-crawler)"
157.90.94.110 - - [20/May/2026:04:31:06 +0000] "GET /category/education/ HTTP/1.1" 200 47760 "-" "Mozilla/5.0 (compatible; SERankingBacklinksBot/1.0; +https://seranking.com/backlinks-crawler)"
157.90.94.110 - - [20/May/2026:04:31:11 +0000] "GET /the-importance-of-taking-breaks/?share=mastodon HTTP/1.1" 200 57718 "-" "Mozilla/5.0 (compatible; SERankingBacklinksBot/1.0; +https://seranking.com/backlinks-crawler)"
