File: /home/primrwxj/access-logs/cryptocurrencyaccess.primemusicproductions.com
184.94.212.206 - - [19/May/2026:18:18:09 +0000] "POST /wp-cron.php?doing_wp_cron=1779214689.2755820751190185546875 HTTP/1.1" 200 - "-" "WordPress/6.9.4; http://cryptocurrencyaccess.com"
184.94.212.206 - - [19/May/2026:18:18:09 +0000] "POST /wp-cron.php?doing_wp_cron=1779214689.4649751186370849609375 HTTP/1.1" 200 - "-" "WordPress/6.9.4; http://cryptocurrencyaccess.com"
66.249.66.33 - - [19/May/2026:18:18:04 +0000] "GET /robots.txt HTTP/1.1" 200 134 "-" "Mozilla/5.0 (compatible; Googlebot/2.1; +http://www.google.com/bot.html)"
184.94.212.206 - - [19/May/2026:18:18:20 +0000] "GET /?wp_scrape_key=e9f55dd8909610c37e7173992fd7c3ce&wp_scrape_nonce=1779214698 HTTP/1.1" 200 64717 "-" "WordPress/6.9.4; http://cryptocurrencyaccess.com"
184.94.212.206 - - [19/May/2026:18:18:26 +0000] "GET /?wp_scrape_key=f26fb70288ce53f87ce1f034c896da04&wp_scrape_nonce=1779214704 HTTP/1.1" 200 64471 "-" "WordPress/6.9.4; http://cryptocurrencyaccess.com"
184.94.212.206 - - [19/May/2026:18:18:31 +0000] "GET /?wp_scrape_key=7d855c17947494fe4275a5ea427dffe1&wp_scrape_nonce=1779214709 HTTP/1.1" 200 64365 "-" "WordPress/6.9.4; http://cryptocurrencyaccess.com"
54.68.32.247 - - [19/May/2026:18:18:37 +0000] "POST /?_wfsf=detectProxy HTTP/1.1" 503 1941 "-" "Wordfence API/1.0 (+https://www.wordfence.com/help/api-callbacks/)"
184.94.212.206 - - [19/May/2026:18:18:35 +0000] "GET /?wp_scrape_key=f25e780f41aeaffce9784a871c086619&wp_scrape_nonce=1779214713 HTTP/1.1" 200 64648 "-" "WordPress/6.9.4; http://cryptocurrencyaccess.com"
184.94.212.206 - - [19/May/2026:18:18:41 +0000] "GET /?wp_scrape_key=3e06281ff6832d8b3417128d6dad42dd&wp_scrape_nonce=1779214719 HTTP/1.1" 200 64002 "-" "WordPress/6.9.4; http://cryptocurrencyaccess.com"
184.94.212.206 - - [19/May/2026:18:18:47 +0000] "POST /wp-admin/admin-ajax.php?action=wordfence_testAjax HTTP/1.1" 200 32 "-" "WordPress/6.9.4; http://cryptocurrencyaccess.com"
184.94.212.206 - - [19/May/2026:18:18:48 +0000] "GET /wp-admin/admin-ajax.php?action=wordfence_doScan&isFork=0&scanMode=standard&cronKey=969131e178f9a57237d9c2d36cf3b42b&signature=b90cfb8a793fc5616f39e1829869b8b3bd509ac82d54780b5a12e846b72144cd HTTP/1.1" 200 - "-" "WordPress/6.9.4; http://cryptocurrencyaccess.com"
184.94.212.206 - - [19/May/2026:18:18:50 +0000] "POST /wp-cron.php HTTP/1.1" 200 - "-" "WordPress/6.9.4; http://cryptocurrencyaccess.com"
184.94.212.206 - - [19/May/2026:18:18:52 +0000] "GET / HTTP/1.1" 200 64158 "-" "WordPress/6.9.4; http://cryptocurrencyaccess.com"
184.94.212.206 - - [19/May/2026:18:18:53 +0000] "GET / HTTP/1.1" 200 64108 "-" "WordPress/6.9.4; http://cryptocurrencyaccess.com"
184.94.212.206 - - [19/May/2026:18:18:54 +0000] "GET / HTTP/1.1" 200 64264 "-" "WordPress/6.9.4; http://cryptocurrencyaccess.com"
184.94.212.206 - - [19/May/2026:18:18:55 +0000] "GET /?timestamp=1779214735 HTTP/1.1" 200 64205 "-" "WordPress/6.9.4; http://cryptocurrencyaccess.com"
184.94.212.206 - - [19/May/2026:18:18:56 +0000] "GET /?timestamp=1779214736 HTTP/1.1" 200 63920 "-" "WordPress/6.9.4; http://cryptocurrencyaccess.com"
184.94.212.206 - - [19/May/2026:22:21:07 +0000] "POST /wp-cron.php?doing_wp_cron=1779229267.8376009464263916015625 HTTP/1.1" 200 - "-" "WordPress/6.9.4; http://cryptocurrencyaccess.com"
66.249.66.33 - - [19/May/2026:22:21:05 +0000] "GET /robots.txt HTTP/1.1" 200 134 "-" "Mozilla/5.0 (compatible; Googlebot/2.1; +http://www.google.com/bot.html)"
66.249.66.33 - - [19/May/2026:22:23:03 +0000] "GET /about/ HTTP/1.1" 200 60345 "-" "Mozilla/5.0 (Linux; Android 6.0.1; Nexus 5X Build/MMB29P) AppleWebKit/537.36 (KHTML, like Gecko) Chrome/148.0.7778.96 Mobile Safari/537.36 (compatible; Googlebot/2.1; +http://www.google.com/bot.html)"
66.249.66.33 - - [19/May/2026:22:23:06 +0000] "GET /wp-content/themes/astra/assets/css/minified/main.min.css?ver=4.13.2 HTTP/1.1" 200 8683 "http://cryptocurrencyaccess.com/about/" "Mozilla/5.0 (Linux; Android 6.0.1; Nexus 5X Build/MMB29P) AppleWebKit/537.36 (KHTML, like Gecko) Chrome/148.0.7778.96 Mobile Safari/537.36 (compatible; Googlebot/2.1; +http://www.google.com/bot.html)"
66.249.66.34 - - [19/May/2026:22:23:07 +0000] "GET /wp-content/themes/astra/assets/js/minified/frontend.min.js?ver=4.13.2 HTTP/1.1" 200 5944 "http://cryptocurrencyaccess.com/about/" "Mozilla/5.0 (Linux; Android 6.0.1; Nexus 5X Build/MMB29P) AppleWebKit/537.36 (KHTML, like Gecko) Chrome/148.0.7778.96 Mobile Safari/537.36 (compatible; Googlebot/2.1; +http://www.google.com/bot.html)"
66.249.66.35 - - [19/May/2026:22:24:05 +0000] "GET /ads.txt HTTP/1.1" 200 58 "-" "Google-adstxt"
184.94.212.206 - - [19/May/2026:23:03:27 +0000] "POST /wp-cron.php?doing_wp_cron=1779231807.6979370117187500000000 HTTP/1.1" 200 - "-" "WordPress/6.9.4; http://cryptocurrencyaccess.com"
116.202.235.23 - - [19/May/2026:23:03:26 +0000] "GET /robots.txt HTTP/1.1" 200 134 "-" "Mozilla/5.0 (compatible; SERankingBacklinksBot/1.0; +https://seranking.com/backlinks-crawler)"
116.202.235.23 - - [19/May/2026:23:03:28 +0000] "GET /tag/forex-trading/page/3/ HTTP/1.1" 200 63220 "-" "Mozilla/5.0 (compatible; SERankingBacklinksBot/1.0; +https://seranking.com/backlinks-crawler)"
116.202.235.23 - - [19/May/2026:23:03:44 +0000] "GET /tag/foreign-exchange/page/2/ HTTP/1.1" 200 61469 "-" "Mozilla/5.0 (compatible; SERankingBacklinksBot/1.0; +https://seranking.com/backlinks-crawler)"
116.202.235.23 - - [19/May/2026:23:03:55 +0000] "GET /tag/foreign-exchange-market/page/2/ HTTP/1.1" 200 63117 "-" "Mozilla/5.0 (compatible; SERankingBacklinksBot/1.0; +https://seranking.com/backlinks-crawler)"
116.202.235.23 - - [19/May/2026:23:03:59 +0000] "GET /tag/foreign-exchange-market/page/3/ HTTP/1.1" 200 60609 "-" "Mozilla/5.0 (compatible; SERankingBacklinksBot/1.0; +https://seranking.com/backlinks-crawler)"
116.202.235.23 - - [19/May/2026:23:04:04 +0000] "GET /tag/foreign-exchange-trading/page/2/ HTTP/1.1" 200 62991 "-" "Mozilla/5.0 (compatible; SERankingBacklinksBot/1.0; +https://seranking.com/backlinks-crawler)"
116.202.235.23 - - [19/May/2026:23:04:09 +0000] "GET /tag/foreign-exchange-trading/page/4/ HTTP/1.1" 200 62348 "-" "Mozilla/5.0 (compatible; SERankingBacklinksBot/1.0; +https://seranking.com/backlinks-crawler)"
116.202.235.23 - - [19/May/2026:23:04:14 +0000] "GET /category/cryptocurrency-types/page/4/ HTTP/1.1" 200 62708 "-" "Mozilla/5.0 (compatible; SERankingBacklinksBot/1.0; +https://seranking.com/backlinks-crawler)"
116.202.235.23 - - [19/May/2026:23:04:23 +0000] "GET /category/cryptocurrency-types/page/5/ HTTP/1.1" 200 63141 "-" "Mozilla/5.0 (compatible; SERankingBacklinksBot/1.0; +https://seranking.com/backlinks-crawler)"
184.94.212.206 - - [19/May/2026:23:20:43 +0000] "POST /wp-cron.php?doing_wp_cron=1779232843.8670690059661865234375 HTTP/1.1" 200 - "-" "WordPress/6.9.4; http://cryptocurrencyaccess.com"
184.94.212.206 - - [19/May/2026:23:20:44 +0000] "POST /wp-cron.php?doing_wp_cron=1779232843.9959480762481689453125 HTTP/1.1" 200 - "-" "WordPress/6.9.4; http://cryptocurrencyaccess.com"
77.75.76.166 - - [19/May/2026:23:20:42 +0000] "GET /tag/currency-pair/ HTTP/1.1" 200 62730 "-" "Mozilla/5.0 (compatible; SeznamBot/4.0; +https://o-seznam.cz/napoveda/vyhledavani/en/seznambot-crawler/)"
77.75.76.166 - - [19/May/2026:23:20:42 +0000] "GET /robots.txt HTTP/1.1" 200 134 "-" "Mozilla/5.0 (compatible; SeznamBot/4.0; +https://o-seznam.cz/napoveda/vyhledavani/en/seznambot-crawler/)"
184.94.212.206 - - [19/May/2026:23:22:42 +0000] "POST /wp-cron.php?doing_wp_cron=1779232962.7635080814361572265625 HTTP/1.1" 200 - "-" "WordPress/6.9.4; http://cryptocurrencyaccess.com"
120.240.178.192 - - [19/May/2026:23:22:41 +0000] "GET /robots.txt HTTP/1.1" 200 134 "-" "Mozilla/5.0 (Windows NT 10.0; Win64; x64) AppleWebKit/537.36 (KHTML, like Gecko) Chrome/60.0.2915.44 Safari/537.36 Edge/18.18362"
184.94.212.206 - - [19/May/2026:23:26:15 +0000] "POST /wp-cron.php?doing_wp_cron=1779233175.7102830410003662109375 HTTP/1.1" 200 - "-" "WordPress/6.9.4; http://cryptocurrencyaccess.com"
43.156.66.8 - - [19/May/2026:23:26:14 +0000] "GET / HTTP/1.1" 301 - "-" "Mozilla/5.0 (iPhone; CPU iPhone OS 13_2_3 like Mac OS X) AppleWebKit/605.1.15 (KHTML, like Gecko) Version/13.0.3 Mobile/15E148 Safari/604.1"
43.156.66.8 - - [19/May/2026:23:26:16 +0000] "GET / HTTP/1.1" 200 64142 "http://www.cryptocurrencyaccess.com" "Mozilla/5.0 (iPhone; CPU iPhone OS 13_2_3 like Mac OS X) AppleWebKit/605.1.15 (KHTML, like Gecko) Version/13.0.3 Mobile/15E148 Safari/604.1"
184.94.212.206 - - [19/May/2026:23:40:51 +0000] "POST /wp-cron.php?doing_wp_cron=1779234051.8429570198059082031250 HTTP/1.1" 200 - "-" "WordPress/6.9.4; http://cryptocurrencyaccess.com"
43.153.96.79 - - [19/May/2026:23:40:50 +0000] "GET /wp-json/ HTTP/1.1" 200 21555 "-" "Mozilla/5.0 (iPhone; CPU iPhone OS 13_2_3 like Mac OS X) AppleWebKit/605.1.15 (KHTML, like Gecko) Version/13.0.3 Mobile/15E148 Safari/604.1"
184.94.212.206 - - [19/May/2026:23:41:28 +0000] "POST /wp-cron.php?doing_wp_cron=1779234088.7450349330902099609375 HTTP/1.1" 200 - "-" "WordPress/6.9.4; http://cryptocurrencyaccess.com"
80.241.216.17 - - [19/May/2026:23:41:27 +0000] "GET /wp-admin/css/ HTTP/1.1" 404 50413 "binance.com" "Mozilla/5.0 (Windows NT 10.0; Win64; x64) AppleWebKit/537.36 (KHTML, like Gecko) Chrome/90.0.4430.85 Safari/537.36"
80.241.216.17 - - [19/May/2026:23:42:00 +0000] "GET /.well-known/ HTTP/1.1" 404 50195 "binance.com" "Mozilla/5.0 (Windows NT 10.0; Win64; x64) AppleWebKit/537.36 (KHTML, like Gecko) Chrome/90.0.4430.85 Safari/537.36"
184.94.212.206 - - [19/May/2026:23:42:40 +0000] "POST /wp-cron.php?doing_wp_cron=1779234160.7066690921783447265625 HTTP/1.1" 200 - "-" "WordPress/6.9.4; http://cryptocurrencyaccess.com"
80.241.216.17 - - [19/May/2026:23:42:39 +0000] "GET /sites/default/files/ HTTP/1.1" 404 50533 "binance.com" "Mozilla/5.0 (Windows NT 10.0; Win64; x64) AppleWebKit/537.36 (KHTML, like Gecko) Chrome/90.0.4430.85 Safari/537.36"
80.241.216.17 - - [19/May/2026:23:43:18 +0000] "GET /admin/controller/extension/extension/ HTTP/1.1" 404 50926 "binance.com" "Mozilla/5.0 (Windows NT 10.0; Win64; x64) AppleWebKit/537.36 (KHTML, like Gecko) Chrome/90.0.4430.85 Safari/537.36"
80.241.216.17 - - [19/May/2026:23:44:12 +0000] "GET /uploads/ HTTP/1.1" 404 50139 "binance.com" "Mozilla/5.0 (Windows NT 10.0; Win64; x64) AppleWebKit/537.36 (KHTML, like Gecko) Chrome/90.0.4430.85 Safari/537.36"
80.241.216.17 - - [19/May/2026:23:44:53 +0000] "GET /images/ HTTP/1.1" 404 50004 "binance.com" "Mozilla/5.0 (Windows NT 10.0; Win64; x64) AppleWebKit/537.36 (KHTML, like Gecko) Chrome/90.0.4430.85 Safari/537.36"
80.241.216.17 - - [19/May/2026:23:45:31 +0000] "GET /files/ HTTP/1.1" 404 50199 "binance.com" "Mozilla/5.0 (Windows NT 10.0; Win64; x64) AppleWebKit/537.36 (KHTML, like Gecko) Chrome/90.0.4430.85 Safari/537.36"
34.174.250.149 - - [19/May/2026:23:50:10 +0000] "HEAD /new/ HTTP/1.1" 301 - "-" "Mozilla/5.0 (Linux; Android 14; RMX3842) AppleWebKit/537.36 (KHTML, like Gecko) Chrome/126.0.6478.44 Mobile Safari/537.36"
34.174.250.149 - - [19/May/2026:23:50:11 +0000] "HEAD /new/ HTTP/1.1" 404 - "http://www.cryptocurrencyaccess.com/new/" "Mozilla/5.0 (Linux; Android 14; RMX3842) AppleWebKit/537.36 (KHTML, like Gecko) Chrome/126.0.6478.44 Mobile Safari/537.36"
34.174.250.149 - - [19/May/2026:23:50:12 +0000] "HEAD /backup/ HTTP/1.1" 301 - "-" "Mozilla/5.0 (Windows NT 11.0; Win64; x64) AppleWebKit/537.36 (KHTML, like Gecko) Chrome/128.0.6540.18 Safari/537.36"
34.174.250.149 - - [19/May/2026:23:50:12 +0000] "HEAD /backup/ HTTP/1.1" 404 - "http://www.cryptocurrencyaccess.com/backup/" "Mozilla/5.0 (Windows NT 11.0; Win64; x64) AppleWebKit/537.36 (KHTML, like Gecko) Chrome/128.0.6540.18 Safari/537.36"
34.174.250.149 - - [19/May/2026:23:50:13 +0000] "HEAD /wordpress/ HTTP/1.1" 301 - "-" "Mozilla/5.0 (Linux; Android 12; Redmi Note 11) AppleWebKit/537.36 (KHTML, like Gecko) Chrome/123.0.6312.112 Mobile Safari/537.36"
34.174.250.149 - - [19/May/2026:23:50:14 +0000] "HEAD /wordpress/ HTTP/1.1" 404 - "http://www.cryptocurrencyaccess.com/wordpress/" "Mozilla/5.0 (Linux; Android 12; Redmi Note 11) AppleWebKit/537.36 (KHTML, like Gecko) Chrome/123.0.6312.112 Mobile Safari/537.36"
34.174.250.149 - - [19/May/2026:23:50:15 +0000] "HEAD / HTTP/1.1" 301 - "-" "Mozilla/5.0 (Linux; Android 13; Pixel 7a) AppleWebKit/537.36 (KHTML, like Gecko) Chrome/124.0.6367.82 Mobile Safari/537.36"
34.174.250.149 - - [19/May/2026:23:50:16 +0000] "HEAD / HTTP/1.1" 200 - "http://www.cryptocurrencyaccess.com/" "Mozilla/5.0 (Linux; Android 13; Pixel 7a) AppleWebKit/537.36 (KHTML, like Gecko) Chrome/124.0.6367.82 Mobile Safari/537.36"
34.174.250.149 - - [19/May/2026:23:50:16 +0000] "HEAD /old/ HTTP/1.1" 301 - "-" "Mozilla/5.0 (Linux; Android 10; vivo 1904) AppleWebKit/537.36 (KHTML, like Gecko) Chrome/117.0.5938.60 Mobile Safari/537.36"
34.174.250.149 - - [19/May/2026:23:50:17 +0000] "HEAD /old/ HTTP/1.1" 404 - "http://www.cryptocurrencyaccess.com/old/" "Mozilla/5.0 (Linux; Android 10; vivo 1904) AppleWebKit/537.36 (KHTML, like Gecko) Chrome/117.0.5938.60 Mobile Safari/537.36"
34.174.250.149 - - [19/May/2026:23:50:18 +0000] "HEAD /blog/ HTTP/1.1" 301 - "-" "Mozilla/5.0 (Linux; Android 13; Pixel 7a) AppleWebKit/537.36 (KHTML, like Gecko) Chrome/124.0.6367.82 Mobile Safari/537.36"
34.174.250.149 - - [19/May/2026:23:50:19 +0000] "HEAD /blog/ HTTP/1.1" 404 - "http://www.cryptocurrencyaccess.com/blog/" "Mozilla/5.0 (Linux; Android 13; Pixel 7a) AppleWebKit/537.36 (KHTML, like Gecko) Chrome/124.0.6367.82 Mobile Safari/537.36"
34.174.250.149 - - [19/May/2026:23:50:19 +0000] "HEAD /wp/ HTTP/1.1" 301 - "-" "Mozilla/5.0 (Windows NT 10.0; Win64; x64) AppleWebKit/537.36 (KHTML, like Gecko) Chrome/125.0.6422.112 Safari/537.36 Brave/1.63.120"
34.174.250.149 - - [19/May/2026:23:50:20 +0000] "HEAD /wp/ HTTP/1.1" 404 - "http://www.cryptocurrencyaccess.com/wp/" "Mozilla/5.0 (Windows NT 10.0; Win64; x64) AppleWebKit/537.36 (KHTML, like Gecko) Chrome/125.0.6422.112 Safari/537.36 Brave/1.63.120"
43.163.206.70 - - [19/May/2026:23:50:34 +0000] "GET /page/2/ HTTP/1.1" 200 63837 "-" "Mozilla/5.0 (iPhone; CPU iPhone OS 13_2_3 like Mac OS X) AppleWebKit/605.1.15 (KHTML, like Gecko) Version/13.0.3 Mobile/15E148 Safari/604.1"
184.94.212.206 - - [19/May/2026:23:59:52 +0000] "POST /wp-cron.php?doing_wp_cron=1779235192.0768799781799316406250 HTTP/1.1" 200 - "-" "WordPress/6.9.4; http://cryptocurrencyaccess.com"
43.153.208.32 - - [19/May/2026:23:59:50 +0000] "GET /feed/ HTTP/1.1" 200 28838 "-" "Mozilla/5.0 (iPhone; CPU iPhone OS 13_2_3 like Mac OS X) AppleWebKit/605.1.15 (KHTML, like Gecko) Version/13.0.3 Mobile/15E148 Safari/604.1"
184.94.212.206 - - [20/May/2026:00:11:30 +0000] "POST /wp-cron.php?doing_wp_cron=1779235890.8840029239654541015625 HTTP/1.1" 200 - "-" "WordPress/6.9.4; http://cryptocurrencyaccess.com"
43.133.61.171 - - [20/May/2026:00:11:29 +0000] "GET /xmlrpc.php?rsd HTTP/1.1" 404 50506 "-" "Mozilla/5.0 (iPhone; CPU iPhone OS 13_2_3 like Mac OS X) AppleWebKit/605.1.15 (KHTML, like Gecko) Version/13.0.3 Mobile/15E148 Safari/604.1"
184.94.212.206 - - [20/May/2026:00:20:26 +0000] "POST /wp-cron.php?doing_wp_cron=1779236426.5345480442047119140625 HTTP/1.1" 200 - "-" "WordPress/6.9.4; http://cryptocurrencyaccess.com"
43.128.156.124 - - [20/May/2026:00:20:24 +0000] "GET /comments/feed/ HTTP/1.1" 200 701 "-" "Mozilla/5.0 (iPhone; CPU iPhone OS 13_2_3 like Mac OS X) AppleWebKit/605.1.15 (KHTML, like Gecko) Version/13.0.3 Mobile/15E148 Safari/604.1"
43.165.126.130 - - [20/May/2026:00:30:38 +0000] "GET /page/3/ HTTP/1.1" 200 62564 "-" "Mozilla/5.0 (iPhone; CPU iPhone OS 13_2_3 like Mac OS X) AppleWebKit/605.1.15 (KHTML, like Gecko) Version/13.0.3 Mobile/15E148 Safari/604.1"
184.94.212.206 - - [20/May/2026:00:40:38 +0000] "POST /wp-cron.php?doing_wp_cron=1779237638.4985589981079101562500 HTTP/1.1" 200 - "-" "WordPress/6.9.4; http://cryptocurrencyaccess.com"
43.130.67.33 - - [20/May/2026:00:40:36 +0000] "GET /start-your-own-cryptocurrency/ HTTP/1.1" 200 68932 "-" "Mozilla/5.0 (iPhone; CPU iPhone OS 13_2_3 like Mac OS X) AppleWebKit/605.1.15 (KHTML, like Gecko) Version/13.0.3 Mobile/15E148 Safari/604.1"
184.94.212.206 - - [20/May/2026:00:51:01 +0000] "POST /wp-cron.php?doing_wp_cron=1779238261.5425899028778076171875 HTTP/1.1" 200 - "-" "WordPress/6.9.4; http://cryptocurrencyaccess.com"
43.163.4.179 - - [20/May/2026:00:50:59 +0000] "GET /sp-500-market-index/ HTTP/1.1" 200 65637 "-" "Mozilla/5.0 (iPhone; CPU iPhone OS 13_2_3 like Mac OS X) AppleWebKit/605.1.15 (KHTML, like Gecko) Version/13.0.3 Mobile/15E148 Safari/604.1"
184.94.212.206 - - [20/May/2026:01:01:22 +0000] "POST /wp-cron.php?doing_wp_cron=1779238882.4875049591064453125000 HTTP/1.1" 200 - "-" "WordPress/6.9.4; http://cryptocurrencyaccess.com"
43.166.136.202 - - [20/May/2026:01:01:20 +0000] "GET /safest-way-to-buy-cryptocurrency-2025/feed/ HTTP/1.1" 200 469 "-" "Mozilla/5.0 (iPhone; CPU iPhone OS 13_2_3 like Mac OS X) AppleWebKit/605.1.15 (KHTML, like Gecko) Version/13.0.3 Mobile/15E148 Safari/604.1"
184.94.212.206 - - [20/May/2026:01:09:48 +0000] "POST /wp-cron.php?doing_wp_cron=1779239388.4906170368194580078125 HTTP/1.1" 200 - "-" "WordPress/6.9.4; http://cryptocurrencyaccess.com"
49.51.183.15 - - [20/May/2026:01:09:46 +0000] "GET /copyright-dcma-notice/ HTTP/1.1" 200 63097 "-" "Mozilla/5.0 (iPhone; CPU iPhone OS 13_2_3 like Mac OS X) AppleWebKit/605.1.15 (KHTML, like Gecko) Version/13.0.3 Mobile/15E148 Safari/604.1"
184.94.212.206 - - [20/May/2026:01:20:29 +0000] "POST /wp-cron.php?doing_wp_cron=1779240029.7613160610198974609375 HTTP/1.1" 200 - "-" "WordPress/6.9.4; http://cryptocurrencyaccess.com"
43.130.111.40 - - [20/May/2026:01:20:28 +0000] "GET /bitcoin/ HTTP/1.1" 200 65237 "-" "Mozilla/5.0 (iPhone; CPU iPhone OS 13_2_3 like Mac OS X) AppleWebKit/605.1.15 (KHTML, like Gecko) Version/13.0.3 Mobile/15E148 Safari/604.1"
119.28.100.147 - - [20/May/2026:01:29:51 +0000] "GET /page/4/ HTTP/1.1" 200 62680 "-" "Mozilla/5.0 (iPhone; CPU iPhone OS 13_2_3 like Mac OS X) AppleWebKit/605.1.15 (KHTML, like Gecko) Version/13.0.3 Mobile/15E148 Safari/604.1"
184.94.212.206 - - [20/May/2026:01:31:47 +0000] "POST /wp-cron.php?doing_wp_cron=1779240707.2073950767517089843750 HTTP/1.1" 200 - "-" "WordPress/6.9.4; http://cryptocurrencyaccess.com"
36.70.96.65 - - [20/May/2026:01:31:45 +0000] "GET /wp-json/wp/v2/posts HTTP/1.1" 200 45150 "-" "Mozilla/5.0 (Windows NT 10.0; Win64; x64) AppleWebKit/537.36 (KHTML, like Gecko) Chrome/120.0.0.0 Safari/537.36"
36.70.96.65 - - [20/May/2026:01:31:48 +0000] "POST /wp-comments-post.php HTTP/1.1" 302 - "-" "Mozilla/5.0 (Windows NT 10.0; Win64; x64) AppleWebKit/537.36 (KHTML, like Gecko) Chrome/120.0.0.0 Safari/537.36"
36.70.96.65 - - [20/May/2026:01:31:50 +0000] "POST /wp-comments-post.php HTTP/1.1" 429 1090 "-" "Mozilla/5.0 (Windows NT 10.0; Win64; x64) AppleWebKit/537.36 (KHTML, like Gecko) Chrome/120.0.0.0 Safari/537.36"
36.70.96.65 - - [20/May/2026:01:31:51 +0000] "POST /wp-comments-post.php HTTP/1.1" 429 1090 "-" "Mozilla/5.0 (Windows NT 10.0; Win64; x64) AppleWebKit/537.36 (KHTML, like Gecko) Chrome/120.0.0.0 Safari/537.36"
36.70.96.65 - - [20/May/2026:01:31:53 +0000] "POST /wp-comments-post.php HTTP/1.1" 429 1090 "-" "Mozilla/5.0 (Windows NT 10.0; Win64; x64) AppleWebKit/537.36 (KHTML, like Gecko) Chrome/120.0.0.0 Safari/537.36"
36.70.96.65 - - [20/May/2026:01:31:55 +0000] "POST /wp-comments-post.php HTTP/1.1" 429 1090 "-" "Mozilla/5.0 (Windows NT 10.0; Win64; x64) AppleWebKit/537.36 (KHTML, like Gecko) Chrome/120.0.0.0 Safari/537.36"
36.70.96.65 - - [20/May/2026:01:31:56 +0000] "POST /wp-comments-post.php HTTP/1.1" 429 1090 "-" "Mozilla/5.0 (Windows NT 10.0; Win64; x64) AppleWebKit/537.36 (KHTML, like Gecko) Chrome/120.0.0.0 Safari/537.36"
36.70.96.65 - - [20/May/2026:01:31:58 +0000] "POST /wp-comments-post.php HTTP/1.1" 429 1090 "-" "Mozilla/5.0 (Windows NT 10.0; Win64; x64) AppleWebKit/537.36 (KHTML, like Gecko) Chrome/120.0.0.0 Safari/537.36"
36.70.96.65 - - [20/May/2026:01:32:00 +0000] "POST /wp-comments-post.php HTTP/1.1" 429 1090 "-" "Mozilla/5.0 (Windows NT 10.0; Win64; x64) AppleWebKit/537.36 (KHTML, like Gecko) Chrome/120.0.0.0 Safari/537.36"
36.70.96.65 - - [20/May/2026:01:32:01 +0000] "POST /wp-comments-post.php HTTP/1.1" 429 1090 "-" "Mozilla/5.0 (Windows NT 10.0; Win64; x64) AppleWebKit/537.36 (KHTML, like Gecko) Chrome/120.0.0.0 Safari/537.36"
184.94.212.206 - - [20/May/2026:01:32:57 +0000] "POST /wp-cron.php?doing_wp_cron=1779240776.9970440864562988281250 HTTP/1.1" 200 - "-" "WordPress/6.9.4; http://cryptocurrencyaccess.com"
114.119.154.26 - - [20/May/2026:01:32:55 +0000] "GET / HTTP/1.1" 200 64076 "http://cryptocurrencyaccess.com/" "Mozilla/5.0 (Linux; Android 7.0;) AppleWebKit/537.36 (HTML, like Gecko) Mobile Safari/537.36 (compatible; PetalBot;+https://webmaster.petalsearch.com/site/petalbot)"
184.94.212.206 - - [20/May/2026:01:40:36 +0000] "POST /wp-cron.php?doing_wp_cron=1779241236.4160521030426025390625 HTTP/1.1" 200 - "-" "WordPress/6.9.4; http://cryptocurrencyaccess.com"
101.33.66.34 - - [20/May/2026:01:40:35 +0000] "GET /wp-json/oembed/1.0/embed?url=http%3A%2F%2Fcryptocurrencyaccess.com%2Fstart-your-own-cryptocurrency%2F&format=xml HTTP/1.1" 200 1248 "-" "Mozilla/5.0 (iPhone; CPU iPhone OS 13_2_3 like Mac OS X) AppleWebKit/605.1.15 (KHTML, like Gecko) Version/13.0.3 Mobile/15E148 Safari/604.1"
202.142.119.156 - - [20/May/2026:01:40:55 +0000] "GET /sitemap_index.xml HTTP/1.1" 200 355 "-" "Mozilla/5.0 (Macintosh; Intel Mac OS X 14.6; rv:133.0) Gecko/20100101 Firefox/133.0"
184.94.212.206 - - [20/May/2026:01:43:55 +0000] "POST /wp-cron.php?doing_wp_cron=1779241435.9532821178436279296875 HTTP/1.1" 200 - "-" "WordPress/6.9.4; http://cryptocurrencyaccess.com"
128.1.49.4 - - [20/May/2026:01:43:54 +0000] "POST /mt/mt-xmlrpc.cgi HTTP/1.1" 404 49865 "https://www.google.com/" "Mozilla/5.0 (Linux; Android 11; RMX2195 Build/RKQ1.201217.002; wv) AppleWebKit/537.36 (KHTML, like Gecko) Version/4.0 Chrome/94.0.4606.85 Mobile Safari/537.36"
128.1.49.4 - - [20/May/2026:01:43:56 +0000] "POST /cgi-bin/mt/mt-xmlrpc.cgi HTTP/1.1" 404 50652 "https://www.google.com/" "Mozilla/5.0 (Linux; Android 11; RMX2195 Build/RKQ1.201217.002; wv) AppleWebKit/537.36 (KHTML, like Gecko) Version/4.0 Chrome/94.0.4606.85 Mobile Safari/537.36"
184.94.212.206 - - [20/May/2026:01:46:41 +0000] "POST /wp-cron.php?doing_wp_cron=1779241601.0608639717102050781250 HTTP/1.1" 200 - "-" "WordPress/6.9.4; http://cryptocurrencyaccess.com"
85.208.96.194 - - [20/May/2026:01:46:40 +0000] "GET /robots.txt HTTP/1.1" 200 134 "-" "Mozilla/5.0 (compatible; SemrushBot/7~bl; +http://www.semrush.com/bot.html)"
85.208.96.205 - - [20/May/2026:01:46:41 +0000] "GET / HTTP/1.1" 403 64054 "-" "Mozilla/5.0 (compatible; SemrushBot/7~bl; +http://www.semrush.com/bot.html)"
184.94.212.206 - - [20/May/2026:01:59:04 +0000] "POST /wp-cron.php?doing_wp_cron=1779242344.8807940483093261718750 HTTP/1.1" 200 - "-" "WordPress/6.9.4; http://cryptocurrencyaccess.com"
43.154.140.188 - - [20/May/2026:01:59:03 +0000] "GET /safest-way-to-buy-cryptocurrency-2025/ HTTP/1.1" 200 67871 "-" "Mozilla/5.0 (iPhone; CPU iPhone OS 13_2_3 like Mac OS X) AppleWebKit/605.1.15 (KHTML, like Gecko) Version/13.0.3 Mobile/15E148 Safari/604.1"
184.94.212.206 - - [20/May/2026:02:07:21 +0000] "POST /wp-cron.php?doing_wp_cron=1779242841.4807999134063720703125 HTTP/1.1" 200 - "-" "WordPress/6.9.4; http://cryptocurrencyaccess.com"
124.221.140.98 - - [20/May/2026:02:07:20 +0000] "GET / HTTP/1.1" 301 - "-" "Mozilla/5.0 (iPhone; CPU iPhone OS 13_2_3 like Mac OS X) AppleWebKit/605.1.15 (KHTML, like Gecko) Version/13.0.3 Mobile/15E148 Safari/604.1"
124.221.140.98 - - [20/May/2026:02:07:22 +0000] "GET / HTTP/1.1" 200 64193 "http://www.cryptocurrencyaccess.com" "Mozilla/5.0 (iPhone; CPU iPhone OS 13_2_3 like Mac OS X) AppleWebKit/605.1.15 (KHTML, like Gecko) Version/13.0.3 Mobile/15E148 Safari/604.1"
43.153.54.138 - - [20/May/2026:02:10:28 +0000] "GET /?p=72 HTTP/1.1" 301 - "-" "Mozilla/5.0 (iPhone; CPU iPhone OS 13_2_3 like Mac OS X) AppleWebKit/605.1.15 (KHTML, like Gecko) Version/13.0.3 Mobile/15E148 Safari/604.1"
43.153.54.138 - - [20/May/2026:02:10:32 +0000] "GET /copyright-dcma-notice/ HTTP/1.1" 200 62591 "http://cryptocurrencyaccess.com/?p=72" "Mozilla/5.0 (iPhone; CPU iPhone OS 13_2_3 like Mac OS X) AppleWebKit/605.1.15 (KHTML, like Gecko) Version/13.0.3 Mobile/15E148 Safari/604.1"
184.94.212.206 - - [20/May/2026:02:19:35 +0000] "POST /wp-cron.php?doing_wp_cron=1779243575.4046700000762939453125 HTTP/1.1" 200 - "-" "WordPress/6.9.4; http://cryptocurrencyaccess.com"
170.106.179.68 - - [20/May/2026:02:19:33 +0000] "GET /bitcoin/feed/ HTTP/1.1" 200 684 "-" "Mozilla/5.0 (iPhone; CPU iPhone OS 13_2_3 like Mac OS X) AppleWebKit/605.1.15 (KHTML, like Gecko) Version/13.0.3 Mobile/15E148 Safari/604.1"
66.249.66.71 - - [20/May/2026:02:24:11 +0000] "GET /ads.txt HTTP/1.1" 304 - "-" "Google-adstxt"
129.211.229.121 - - [20/May/2026:02:33:52 +0000] "GET /page/2/ HTTP/1.1" 200 63908 "-" "Mozilla/5.0 (iPhone; CPU iPhone OS 13_2_3 like Mac OS X) AppleWebKit/605.1.15 (KHTML, like Gecko) Version/13.0.3 Mobile/15E148 Safari/604.1"
184.94.212.206 - - [20/May/2026:02:41:58 +0000] "POST /wp-cron.php?doing_wp_cron=1779244918.8611299991607666015625 HTTP/1.1" 200 - "-" "WordPress/6.9.4; http://cryptocurrencyaccess.com"
124.220.42.101 - - [20/May/2026:02:41:57 +0000] "GET /xmlrpc.php?rsd HTTP/1.1" 404 50208 "-" "Mozilla/5.0 (iPhone; CPU iPhone OS 13_2_3 like Mac OS X) AppleWebKit/605.1.15 (KHTML, like Gecko) Version/13.0.3 Mobile/15E148 Safari/604.1"
184.94.212.206 - - [20/May/2026:02:53:14 +0000] "POST /wp-cron.php?doing_wp_cron=1779245594.7594599723815917968750 HTTP/1.1" 200 - "-" "WordPress/6.9.4; http://cryptocurrencyaccess.com"
184.94.212.206 - - [20/May/2026:02:53:11 +0000] "GET / HTTP/1.1" 200 246691 "-" "Mozilla/5.0 (Windows NT 10.0; Win64; x64; rv:122.0) Gecko/20100101 Firefox/122.0"
74.249.173.207 - - [20/May/2026:02:53:47 +0000] "GET /wp-content/plugins/hellopress/wp_filemanager.php HTTP/1.1" 404 196149 "-" "-"
74.249.173.207 - - [20/May/2026:02:53:49 +0000] "GET /r.php HTTP/1.1" 404 193719 "-" "-"
74.249.173.207 - - [20/May/2026:02:53:51 +0000] "GET /ight.php HTTP/1.1" 404 193001 "-" "-"
74.249.173.207 - - [20/May/2026:02:53:52 +0000] "GET /wpns.php HTTP/1.1" 404 192816 "-" "-"
74.249.173.207 - - [20/May/2026:02:53:53 +0000] "GET /er.php HTTP/1.1" 404 192886 "-" "-"
74.249.173.207 - - [20/May/2026:02:53:55 +0000] "GET /sql.php HTTP/1.1" 404 192819 "-" "-"
74.249.173.207 - - [20/May/2026:02:53:56 +0000] "GET /lang/es.php HTTP/1.1" 404 192379 "-" "-"
74.249.173.207 - - [20/May/2026:02:53:57 +0000] "GET /getir.php HTTP/1.1" 404 192620 "-" "-"
74.249.173.207 - - [20/May/2026:02:53:59 +0000] "GET /core/init.php HTTP/1.1" 404 195602 "-" "-"
74.249.173.207 - - [20/May/2026:02:54:00 +0000] "GET /aa.php HTTP/1.1" 404 194998 "-" "-"
74.249.173.207 - - [20/May/2026:02:54:01 +0000] "GET /xmrlpc.php HTTP/1.1" 404 191775 "-" "-"
74.249.173.207 - - [20/May/2026:02:54:02 +0000] "GET /class.php HTTP/1.1" 404 194113 "-" "-"
74.249.173.207 - - [20/May/2026:02:54:04 +0000] "GET /goods.php HTTP/1.1" 404 192534 "-" "-"
74.249.173.207 - - [20/May/2026:02:54:05 +0000] "GET /info.php HTTP/1.1" 404 193634 "-" "-"
74.249.173.207 - - [20/May/2026:02:54:06 +0000] "GET /as.php HTTP/1.1" 404 193429 "-" "-"
74.249.173.207 - - [20/May/2026:02:54:07 +0000] "GET /aw.php HTTP/1.1" 404 195822 "-" "-"
74.249.173.207 - - [20/May/2026:02:54:09 +0000] "GET /bb.php HTTP/1.1" 404 191944 "-" "-"
74.249.173.207 - - [20/May/2026:02:54:11 +0000] "GET /about.php HTTP/1.1" 404 192537 "-" "-"
74.249.173.207 - - [20/May/2026:02:54:12 +0000] "GET /222.php HTTP/1.1" 404 193515 "-" "-"
74.249.173.207 - - [20/May/2026:02:54:13 +0000] "GET /test1.php HTTP/1.1" 404 191992 "-" "-"
74.249.173.207 - - [20/May/2026:02:54:14 +0000] "GET /wp-mail.php HTTP/1.1" 403 2495 "-" "-"
74.249.173.207 - - [20/May/2026:02:54:15 +0000] "GET /wp.php HTTP/1.1" 404 192744 "-" "-"
74.249.173.207 - - [20/May/2026:02:54:16 +0000] "GET /adminfuns.php HTTP/1.1" 404 192444 "-" "-"
74.249.173.207 - - [20/May/2026:02:54:17 +0000] "GET /php8.php HTTP/1.1" 404 191206 "-" "-"
74.249.173.207 - - [20/May/2026:02:54:18 +0000] "GET /ioxi-o.php HTTP/1.1" 404 192684 "-" "-"
74.249.173.207 - - [20/May/2026:02:54:19 +0000] "GET /edit.php HTTP/1.1" 404 195507 "-" "-"
74.249.173.207 - - [20/May/2026:02:54:21 +0000] "GET /sid3.php HTTP/1.1" 404 192240 "-" "-"
74.249.173.207 - - [20/May/2026:02:54:22 +0000] "GET /load.php HTTP/1.1" 404 192367 "-" "-"
74.249.173.207 - - [20/May/2026:02:54:23 +0000] "GET /166.php HTTP/1.1" 404 191982 "-" "-"
74.249.173.207 - - [20/May/2026:02:54:24 +0000] "GET /test.php HTTP/1.1" 404 193028 "-" "-"
74.249.173.207 - - [20/May/2026:02:54:25 +0000] "GET /phpinfo/info.php HTTP/1.1" 404 192002 "-" "-"
74.249.173.207 - - [20/May/2026:02:54:26 +0000] "GET /wp-the.php HTTP/1.1" 404 194586 "-" "-"
74.249.173.207 - - [20/May/2026:02:54:27 +0000] "GET /CDX2.php HTTP/1.1" 404 193839 "-" "-"
74.249.173.207 - - [20/May/2026:02:54:28 +0000] "GET /profile.php HTTP/1.1" 404 191580 "-" "-"
74.249.173.207 - - [20/May/2026:02:54:29 +0000] "GET /ws80.php HTTP/1.1" 404 193906 "-" "-"
74.249.173.207 - - [20/May/2026:02:54:30 +0000] "GET /a4.php HTTP/1.1" 404 193402 "-" "-"
74.249.173.207 - - [20/May/2026:02:54:31 +0000] "GET /app.php HTTP/1.1" 404 193499 "-" "-"
74.249.173.207 - - [20/May/2026:02:54:32 +0000] "GET /buy.php HTTP/1.1" 404 191676 "-" "-"
74.249.173.207 - - [20/May/2026:02:54:33 +0000] "GET /core.php HTTP/1.1" 404 191686 "-" "-"
74.249.173.207 - - [20/May/2026:02:54:34 +0000] "GET /lock360.php HTTP/1.1" 404 193170 "-" "-"
74.249.173.207 - - [20/May/2026:02:54:35 +0000] "GET /bc.php HTTP/1.1" 404 193283 "-" "-"
74.249.173.207 - - [20/May/2026:02:54:36 +0000] "GET /av.php HTTP/1.1" 404 195892 "-" "-"
74.249.173.207 - - [20/May/2026:02:54:37 +0000] "GET /casp1.php HTTP/1.1" 404 191487 "-" "-"
74.249.173.207 - - [20/May/2026:02:54:38 +0000] "GET /file6.php HTTP/1.1" 404 191809 "-" "-"
74.249.173.207 - - [20/May/2026:02:54:39 +0000] "GET /xs.php HTTP/1.1" 404 192199 "-" "-"
74.249.173.207 - - [20/May/2026:02:54:40 +0000] "GET /xxa.php HTTP/1.1" 404 192809 "-" "-"
74.249.173.207 - - [20/May/2026:02:54:41 +0000] "GET /index0.php HTTP/1.1" 404 193836 "-" "-"
74.249.173.207 - - [20/May/2026:02:54:42 +0000] "GET /wp-kz.php HTTP/1.1" 404 192548 "-" "-"
74.249.173.207 - - [20/May/2026:02:54:43 +0000] "GET /19.php HTTP/1.1" 404 192203 "-" "-"
74.249.173.207 - - [20/May/2026:02:54:44 +0000] "GET /11.php HTTP/1.1" 404 191398 "-" "-"
74.249.173.207 - - [20/May/2026:02:54:46 +0000] "GET /w.php HTTP/1.1" 404 191394 "-" "-"
74.249.173.207 - - [20/May/2026:02:54:48 +0000] "GET /ws78.php HTTP/1.1" 404 192657 "-" "-"
74.249.173.207 - - [20/May/2026:02:54:49 +0000] "GET /xxx.php HTTP/1.1" 404 192213 "-" "-"
74.249.173.207 - - [20/May/2026:02:54:50 +0000] "GET /a7.php HTTP/1.1" 404 193843 "-" "-"
74.249.173.207 - - [20/May/2026:02:54:51 +0000] "GET /BDKR28WP.php HTTP/1.1" 404 193520 "-" "-"
74.249.173.207 - - [20/May/2026:02:54:52 +0000] "GET /a1.php HTTP/1.1" 404 195115 "-" "-"
74.249.173.207 - - [20/May/2026:02:54:53 +0000] "GET /d.php HTTP/1.1" 404 194859 "-" "-"
74.249.173.207 - - [20/May/2026:02:54:54 +0000] "GET /xff.php HTTP/1.1" 404 191969 "-" "-"
74.249.173.207 - - [20/May/2026:02:54:55 +0000] "GET /bal.php HTTP/1.1" 404 192542 "-" "-"
74.249.173.207 - - [20/May/2026:02:54:57 +0000] "GET /xltt.php HTTP/1.1" 404 193304 "-" "-"
74.249.173.207 - - [20/May/2026:02:54:58 +0000] "GET /son.php HTTP/1.1" 404 192258 "-" "-"
74.249.173.207 - - [20/May/2026:02:54:59 +0000] "GET /doc.php HTTP/1.1" 404 192547 "-" "-"
74.249.173.207 - - [20/May/2026:02:55:00 +0000] "GET /zo.php HTTP/1.1" 404 193398 "-" "-"
74.249.173.207 - - [20/May/2026:02:55:01 +0000] "GET /xper1.php HTTP/1.1" 404 193272 "-" "-"
74.249.173.207 - - [20/May/2026:02:55:03 +0000] "GET /tiny.php HTTP/1.1" 404 192407 "-" "-"
74.249.173.207 - - [20/May/2026:02:55:04 +0000] "GET /s1.php HTTP/1.1" 404 191704 "-" "-"
74.249.173.207 - - [20/May/2026:02:55:05 +0000] "GET /de.php HTTP/1.1" 404 192166 "-" "-"
74.249.173.207 - - [20/May/2026:02:55:06 +0000] "GET /1a.php HTTP/1.1" 404 192046 "-" "-"
77.75.76.162 - - [20/May/2026:02:55:06 +0000] "GET /tag/losing-money/ HTTP/1.1" 200 60865 "-" "Mozilla/5.0 (compatible; SeznamBot/4.0; +https://o-seznam.cz/napoveda/vyhledavani/en/seznambot-crawler/)"
74.249.173.207 - - [20/May/2026:02:55:07 +0000] "GET /2.php HTTP/1.1" 404 192112 "-" "-"
74.249.173.207 - - [20/May/2026:02:55:08 +0000] "GET /f35.php HTTP/1.1" 404 192220 "-" "-"
74.249.173.207 - - [20/May/2026:02:55:09 +0000] "GET /sky.php HTTP/1.1" 404 193608 "-" "-"
74.249.173.207 - - [20/May/2026:02:55:10 +0000] "GET /man.php HTTP/1.1" 404 191855 "-" "-"
74.249.173.207 - - [20/May/2026:02:55:11 +0000] "GET /ms-edit.php HTTP/1.1" 404 194312 "-" "-"
74.249.173.207 - - [20/May/2026:02:55:12 +0000] "GET /7.php HTTP/1.1" 404 193236 "-" "-"
74.249.173.207 - - [20/May/2026:02:55:13 +0000] "GET /pp.php HTTP/1.1" 404 193782 "-" "-"
74.249.173.207 - - [20/May/2026:02:55:14 +0000] "GET /mar.php HTTP/1.1" 404 192679 "-" "-"
74.249.173.207 - - [20/May/2026:02:55:15 +0000] "GET /themes.php HTTP/1.1" 404 191252 "-" "-"
74.249.173.207 - - [20/May/2026:02:55:16 +0000] "GET /acp.php HTTP/1.1" 404 195415 "-" "-"
74.249.173.207 - - [20/May/2026:02:55:17 +0000] "GET /zdd.php HTTP/1.1" 404 194442 "-" "-"
74.249.173.207 - - [20/May/2026:02:55:18 +0000] "GET /link.php HTTP/1.1" 404 195714 "-" "-"
74.249.173.207 - - [20/May/2026:02:55:19 +0000] "GET /sallu.php HTTP/1.1" 404 191536 "-" "-"
74.249.173.207 - - [20/May/2026:02:55:19 +0000] "GET /aboute.php HTTP/1.1" 404 193787 "-" "-"
74.249.173.207 - - [20/May/2026:02:55:20 +0000] "GET /ayk.php HTTP/1.1" 404 191734 "-" "-"
74.249.173.207 - - [20/May/2026:02:55:22 +0000] "GET /one.php HTTP/1.1" 404 193345 "-" "-"
74.249.173.207 - - [20/May/2026:02:55:23 +0000] "GET /tx79.php HTTP/1.1" 404 192422 "-" "-"
74.249.173.207 - - [20/May/2026:02:55:23 +0000] "GET /wp-class.php HTTP/1.1" 404 193337 "-" "-"
74.249.173.207 - - [20/May/2026:02:55:24 +0000] "GET /8.php HTTP/1.1" 404 191315 "-" "-"
74.249.173.207 - - [20/May/2026:02:55:25 +0000] "GET /options.php HTTP/1.1" 404 195351 "-" "-"
74.249.173.207 - - [20/May/2026:02:55:26 +0000] "GET /f5.php HTTP/1.1" 404 193053 "-" "-"
74.249.173.207 - - [20/May/2026:02:55:27 +0000] "GET /alpha.php HTTP/1.1" 404 192147 "-" "-"
74.249.173.207 - - [20/May/2026:02:55:28 +0000] "GET /son1.php HTTP/1.1" 404 193860 "-" "-"
74.249.173.207 - - [20/May/2026:02:55:29 +0000] "GET /ggb.php HTTP/1.1" 404 193870 "-" "-"
74.249.173.207 - - [20/May/2026:02:55:30 +0000] "GET /amxloxxr.php HTTP/1.1" 404 194207 "-" "-"
74.249.173.207 - - [20/May/2026:02:55:31 +0000] "GET /ss.php HTTP/1.1" 404 191559 "-" "-"
74.249.173.207 - - [20/May/2026:02:55:32 +0000] "GET /sadcut1.php HTTP/1.1" 404 192269 "-" "-"
74.249.173.207 - - [20/May/2026:02:55:33 +0000] "GET /rh.php HTTP/1.1" 404 192358 "-" "-"
74.249.173.207 - - [20/May/2026:02:55:34 +0000] "GET /99.php HTTP/1.1" 404 193481 "-" "-"
74.249.173.207 - - [20/May/2026:02:55:35 +0000] "GET /layout.php HTTP/1.1" 404 193066 "-" "-"
74.249.173.207 - - [20/May/2026:02:55:36 +0000] "GET /12.php HTTP/1.1" 404 192418 "-" "-"
74.249.173.207 - - [20/May/2026:02:55:37 +0000] "GET /fs.php HTTP/1.1" 404 191169 "-" "-"
74.249.173.207 - - [20/May/2026:02:55:38 +0000] "GET /aaa.php HTTP/1.1" 404 193760 "-" "-"
74.249.173.207 - - [20/May/2026:02:55:39 +0000] "GET /Ov-Simple1.php HTTP/1.1" 404 193188 "-" "-"
74.249.173.207 - - [20/May/2026:02:55:40 +0000] "GET /a5.php HTTP/1.1" 404 191776 "-" "-"
74.249.173.207 - - [20/May/2026:02:55:42 +0000] "GET /hplfuns.php HTTP/1.1" 404 192465 "-" "-"
74.249.173.207 - - [20/May/2026:02:55:43 +0000] "GET /bolt.php HTTP/1.1" 404 193426 "-" "-"
74.249.173.207 - - [20/May/2026:02:55:44 +0000] "GET /inputs.php HTTP/1.1" 404 193731 "-" "-"
74.249.173.207 - - [20/May/2026:02:55:45 +0000] "GET /file2.php HTTP/1.1" 404 195642 "-" "-"
74.249.173.207 - - [20/May/2026:02:55:46 +0000] "GET /index/function.php HTTP/1.1" 404 193478 "-" "-"
74.249.173.207 - - [20/May/2026:02:55:47 +0000] "GET /wk/index.php HTTP/1.1" 301 - "-" "-"
74.249.173.207 - - [20/May/2026:02:55:48 +0000] "GET /wk/ HTTP/1.1" 404 190628 "-" "-"
74.249.173.207 - - [20/May/2026:02:55:49 +0000] "GET /alfa.php HTTP/1.1" 404 193382 "-" "-"
74.249.173.207 - - [20/May/2026:02:55:50 +0000] "GET /wp-theme.php HTTP/1.1" 404 192044 "-" "-"
74.249.173.207 - - [20/May/2026:02:55:51 +0000] "GET /wp-file.php HTTP/1.1" 404 193117 "-" "-"
74.249.173.207 - - [20/May/2026:02:55:52 +0000] "GET /default.php HTTP/1.1" 404 192103 "-" "-"
74.249.173.207 - - [20/May/2026:02:55:53 +0000] "GET /mah.php HTTP/1.1" 404 191772 "-" "-"
74.249.173.207 - - [20/May/2026:02:55:54 +0000] "GET /plugins.php HTTP/1.1" 404 193771 "-" "-"
74.249.173.207 - - [20/May/2026:02:55:55 +0000] "GET /sf.php HTTP/1.1" 404 192866 "-" "-"
74.249.173.207 - - [20/May/2026:02:55:56 +0000] "GET /a.php HTTP/1.1" 404 193914 "-" "-"
74.249.173.207 - - [20/May/2026:02:55:57 +0000] "GET /k.php HTTP/1.1" 404 193049 "-" "-"
74.249.173.207 - - [20/May/2026:02:55:58 +0000] "GET /ini.php HTTP/1.1" 404 192282 "-" "-"
74.249.173.207 - - [20/May/2026:02:55:59 +0000] "GET /ca4.php HTTP/1.1" 404 191517 "-" "-"
74.249.173.207 - - [20/May/2026:02:56:00 +0000] "GET /wp-admin/includes/index.php HTTP/1.1" 301 - "-" "-"
74.249.173.207 - - [20/May/2026:02:56:01 +0000] "GET /wp-admin/includes/ HTTP/1.1" 404 193212 "-" "-"
74.249.173.207 - - [20/May/2026:02:56:02 +0000] "GET /wp-info.php HTTP/1.1" 404 194076 "-" "-"
184.94.212.206 - - [20/May/2026:02:56:04 +0000] "POST /wp-cron.php?doing_wp_cron=1779245764.6783359050750732421875 HTTP/1.1" 200 - "-" "WordPress/6.9.4; http://cryptocurrencyaccess.com"
74.249.173.207 - - [20/May/2026:02:56:03 +0000] "GET /init.php HTTP/1.1" 404 193573 "-" "-"
74.249.173.207 - - [20/May/2026:02:56:04 +0000] "GET /100.php HTTP/1.1" 404 192128 "-" "-"
74.249.173.207 - - [20/May/2026:02:56:05 +0000] "GET /fm.php HTTP/1.1" 404 192686 "-" "-"
74.249.173.207 - - [20/May/2026:02:56:06 +0000] "GET /z.ph HTTP/1.1" 404 191815 "-" "-"
77.68.9.24 - - [20/May/2026:03:00:47 +0000] "GET /images/images/cache.php HTTP/1.1" 403 6627 "www.google.com" "Mozlila/5.0 (Linux; Android 7.0; SM-G892A Bulid/NRD90M; wv) AppleWebKit/537.36 (KHTML, like Gecko) Version/4.0 Chrome/60.0.3112.107 Moblie Safari/537.36"
43.130.14.245 - - [20/May/2026:03:04:17 +0000] "GET / HTTP/1.1" 200 63481 "-" "Mozilla/5.0 (iPhone; CPU iPhone OS 13_2_3 like Mac OS X) AppleWebKit/605.1.15 (KHTML, like Gecko) Version/13.0.3 Mobile/15E148 Safari/604.1"
184.94.212.206 - - [20/May/2026:03:07:12 +0000] "POST /wp-cron.php?doing_wp_cron=1779246432.4423789978027343750000 HTTP/1.1" 200 - "-" "WordPress/6.9.4; http://cryptocurrencyaccess.com"
85.208.96.198 - - [20/May/2026:03:07:11 +0000] "GET /robots.txt HTTP/1.1" 200 134 "-" "Mozilla/5.0 (compatible; SemrushBot/7~bl; +http://www.semrush.com/bot.html)"
85.208.96.200 - - [20/May/2026:03:07:12 +0000] "GET /tag/forex-trading/ HTTP/1.1" 200 62768 "-" "Mozilla/5.0 (compatible; SemrushBot/7~bl; +http://www.semrush.com/bot.html)"
216.73.217.121 - - [20/May/2026:03:07:40 +0000] "GET /robots.txt HTTP/1.1" 200 134 "-" "Mozilla/5.0 AppleWebKit/537.36 (KHTML, like Gecko; compatible; ClaudeBot/1.0; +claudebot@anthropic.com)"
216.73.217.121 - - [20/May/2026:03:07:41 +0000] "GET /page/7/ HTTP/1.1" 200 62798 "-" "Mozilla/5.0 AppleWebKit/537.36 (KHTML, like Gecko; compatible; ClaudeBot/1.0; +claudebot@anthropic.com)"
184.94.212.206 - - [20/May/2026:03:14:29 +0000] "POST /wp-cron.php?doing_wp_cron=1779246869.0324780941009521484375 HTTP/1.1" 200 - "-" "WordPress/6.9.4; http://cryptocurrencyaccess.com"
216.73.216.54 - - [20/May/2026:03:14:27 +0000] "GET /solid-advice-for-traders-new-to-forex/ HTTP/1.1" 200 64914 "-" "Mozilla/5.0 AppleWebKit/537.36 (KHTML, like Gecko; compatible; ClaudeBot/1.0; +claudebot@anthropic.com)"
216.73.216.54 - - [20/May/2026:03:14:52 +0000] "GET /so-you-want-to-make-your-first-forex-trade-start-here/ HTTP/1.1" 200 64393 "-" "Mozilla/5.0 AppleWebKit/537.36 (KHTML, like Gecko; compatible; ClaudeBot/1.0; +claudebot@anthropic.com)"
216.73.216.54 - - [20/May/2026:03:14:53 +0000] "GET /more-on-forex-trading-than-you-thought-possible/ HTTP/1.1" 200 64800 "-" "Mozilla/5.0 AppleWebKit/537.36 (KHTML, like Gecko; compatible; ClaudeBot/1.0; +claudebot@anthropic.com)"
184.94.212.206 - - [20/May/2026:03:16:12 +0000] "POST /wp-cron.php?doing_wp_cron=1779246972.0659699440002441406250 HTTP/1.1" 200 - "-" "WordPress/6.9.4; http://cryptocurrencyaccess.com"
216.73.216.54 - - [20/May/2026:03:16:11 +0000] "GET /everything-you-could-want-to-know-about-forex/ HTTP/1.1" 200 64413 "-" "Mozilla/5.0 AppleWebKit/537.36 (KHTML, like Gecko; compatible; ClaudeBot/1.0; +claudebot@anthropic.com)"
216.73.216.54 - - [20/May/2026:03:16:11 +0000] "GET /page/6/ HTTP/1.1" 200 62713 "-" "Mozilla/5.0 AppleWebKit/537.36 (KHTML, like Gecko; compatible; ClaudeBot/1.0; +claudebot@anthropic.com)"
216.73.216.54 - - [20/May/2026:03:16:23 +0000] "GET /getting-the-best-from-your-personal-finance-situation/ HTTP/1.1" 200 65127 "-" "Mozilla/5.0 AppleWebKit/537.36 (KHTML, like Gecko; compatible; ClaudeBot/1.0; +claudebot@anthropic.com)"
216.73.216.54 - - [20/May/2026:03:16:46 +0000] "GET /your-future-is-in-good-hands-with-this-personal-finance-advice/ HTTP/1.1" 200 64319 "-" "Mozilla/5.0 AppleWebKit/537.36 (KHTML, like Gecko; compatible; ClaudeBot/1.0; +claudebot@anthropic.com)"
216.73.216.54 - - [20/May/2026:03:16:47 +0000] "GET /the-magic-of-foreign-exchange-how-to-trade-effectively/ HTTP/1.1" 200 65226 "-" "Mozilla/5.0 AppleWebKit/537.36 (KHTML, like Gecko; compatible; ClaudeBot/1.0; +claudebot@anthropic.com)"
1.14.110.85 - - [20/May/2026:03:19:35 +0000] "GET /terms-of-use/ HTTP/1.1" 200 61317 "-" "Mozilla/5.0 (iPhone; CPU iPhone OS 13_2_3 like Mac OS X) AppleWebKit/605.1.15 (KHTML, like Gecko) Version/13.0.3 Mobile/15E148 Safari/604.1"
66.249.66.34 - - [20/May/2026:03:19:59 +0000] "GET /wp-content/uploads/2025/08/cropped-cropped-cryptocurrencyaccess_LOGO-32x32.png HTTP/1.1" 200 1649 "-" "Googlebot-Image/1.0"
66.249.66.33 - - [20/May/2026:03:20:01 +0000] "GET /favicon.ico HTTP/1.1" 302 - "-" "Googlebot-Image/1.0"
66.249.66.34 - - [20/May/2026:03:20:02 +0000] "GET /wp-content/uploads/2025/08/cropped-cropped-cryptocurrencyaccess_LOGO-32x32.png HTTP/1.1" 200 1649 "-" "Googlebot-Image/1.0"
66.249.66.34 - - [20/May/2026:03:20:02 +0000] "GET /wp-content/uploads/2025/08/cropped-cropped-cryptocurrencyaccess_LOGO-192x192.png HTTP/1.1" 200 47156 "-" "Googlebot-Image/1.0"
66.249.66.33 - - [20/May/2026:03:20:04 +0000] "GET /wp-content/uploads/2025/08/cropped-cropped-cryptocurrencyaccess_LOGO-180x180.png HTTP/1.1" 200 41470 "-" "Googlebot-Image/1.0"
184.94.212.206 - - [20/May/2026:03:21:07 +0000] "POST /wp-cron.php?doing_wp_cron=1779247267.0130019187927246093750 HTTP/1.1" 200 - "-" "WordPress/6.9.4; http://cryptocurrencyaccess.com"
176.120.22.46 - - [20/May/2026:03:21:05 +0000] "GET / HTTP/1.1" 200 64278 "http://cryptocurrencyaccess.com/" "Mozilla/5.0 (Windows NT 10.0; Win64; x64; rv:147.0) Gecko/20100101 Firefox/147.0"
176.120.22.46 - - [20/May/2026:03:21:11 +0000] "GET /wp-includes/ HTTP/1.1" 404 50413 "http://cryptocurrencyaccess.com/wp-includes/" "Mozilla/5.0 (Windows NT 10.0; Win64; x64; rv:147.0) Gecko/20100101 Firefox/147.0"
216.73.216.137 - - [20/May/2026:03:21:44 +0000] "GET /?p=97 HTTP/1.1" 301 - "-" "Mozilla/5.0 AppleWebKit/537.36 (KHTML, like Gecko; compatible; ClaudeBot/1.0; +claudebot@anthropic.com)"
216.73.216.137 - - [20/May/2026:03:21:45 +0000] "GET /more-on-forex-trading-than-you-thought-possible/ HTTP/1.1" 200 64693 "http://cryptocurrencyaccess.com/?p=97" "Mozilla/5.0 AppleWebKit/537.36 (KHTML, like Gecko; compatible; ClaudeBot/1.0; +claudebot@anthropic.com)"
216.73.216.137 - - [20/May/2026:03:22:11 +0000] "GET /?p=103 HTTP/1.1" 301 - "-" "Mozilla/5.0 AppleWebKit/537.36 (KHTML, like Gecko; compatible; ClaudeBot/1.0; +claudebot@anthropic.com)"
216.73.216.137 - - [20/May/2026:03:22:12 +0000] "GET /so-you-want-to-make-your-first-forex-trade-start-here/ HTTP/1.1" 200 64521 "http://cryptocurrencyaccess.com/?p=103" "Mozilla/5.0 AppleWebKit/537.36 (KHTML, like Gecko; compatible; ClaudeBot/1.0; +claudebot@anthropic.com)"
216.73.216.137 - - [20/May/2026:03:23:23 +0000] "GET /?p=109 HTTP/1.1" 301 - "-" "Mozilla/5.0 AppleWebKit/537.36 (KHTML, like Gecko; compatible; ClaudeBot/1.0; +claudebot@anthropic.com)"
216.73.216.137 - - [20/May/2026:03:23:24 +0000] "GET /everything-you-could-want-to-know-about-forex/ HTTP/1.1" 200 64363 "http://cryptocurrencyaccess.com/?p=109" "Mozilla/5.0 AppleWebKit/537.36 (KHTML, like Gecko; compatible; ClaudeBot/1.0; +claudebot@anthropic.com)"
184.94.212.206 - - [20/May/2026:03:27:08 +0000] "POST /wp-cron.php?doing_wp_cron=1779247628.6774539947509765625000 HTTP/1.1" 200 - "-" "WordPress/6.9.4; http://cryptocurrencyaccess.com"
216.73.217.94 - - [20/May/2026:03:27:07 +0000] "GET /?p=106 HTTP/1.1" 301 - "-" "Mozilla/5.0 AppleWebKit/537.36 (KHTML, like Gecko; compatible; ClaudeBot/1.0; +claudebot@anthropic.com)"
216.73.217.94 - - [20/May/2026:03:27:08 +0000] "GET /the-magic-of-foreign-exchange-how-to-trade-effectively/ HTTP/1.1" 200 65526 "http://cryptocurrencyaccess.com/?p=106" "Mozilla/5.0 AppleWebKit/537.36 (KHTML, like Gecko; compatible; ClaudeBot/1.0; +claudebot@anthropic.com)"
184.94.212.206 - - [20/May/2026:03:38:26 +0000] "POST /wp-cron.php?doing_wp_cron=1779248306.0926029682159423828125 HTTP/1.1" 200 - "-" "WordPress/6.9.4; http://cryptocurrencyaccess.com"
45.66.209.50 - - [20/May/2026:03:38:24 +0000] "GET /robots.txt HTTP/1.1" 200 134 "-" "Mozilla/5.0 (Windows NT 10.0; Win64; x64) AppleWebKit/537.36 (KHTML, like Gecko) Chrome/139.0.0.0 Safari/537.36/Nutch-1.21-SNAPSHOT"
45.66.209.216 - - [20/May/2026:03:38:33 +0000] "GET / HTTP/1.1" 200 64536 "-" "Mozilla/5.0 (Windows NT 10.0; Win64; x64) AppleWebKit/537.36 (KHTML, like Gecko) Chrome/139.0.0.0 Safari/537.36/Nutch-1.21-SNAPSHOT"
184.94.212.206 - - [20/May/2026:03:45:26 +0000] "POST /wp-cron.php?doing_wp_cron=1779248726.1899249553680419921875 HTTP/1.1" 200 - "-" "WordPress/6.9.4; http://cryptocurrencyaccess.com"
14.173.67.37 - - [20/May/2026:03:45:24 +0000] "GET /page-sitemap.xml HTTP/1.1" 200 532 "-" "Mozilla/5.0 (Macintosh; Intel Mac OS X 14_3_1) AppleWebKit/537.36 (KHTML, like Gecko) Chrome/127.0.6533.17 Safari/537.36"
184.94.212.206 - - [20/May/2026:04:04:33 +0000] "POST /wp-cron.php?doing_wp_cron=1779249873.4851579666137695312500 HTTP/1.1" 200 - "-" "WordPress/6.9.4; http://cryptocurrencyaccess.com"
185.191.171.17 - - [20/May/2026:04:04:31 +0000] "GET /tag/foreign-exchange-trading/ HTTP/1.1" 200 62713 "-" "Mozilla/5.0 (compatible; SemrushBot/7~bl; +http://www.semrush.com/bot.html)"
184.94.212.206 - - [20/May/2026:04:22:08 +0000] "POST /wp-cron.php?doing_wp_cron=1779250928.2305688858032226562500 HTTP/1.1" 200 - "-" "WordPress/6.9.4; http://cryptocurrencyaccess.com"
77.75.77.54 - - [20/May/2026:04:22:06 +0000] "GET /tag/currency-trading/ HTTP/1.1" 200 60450 "-" "Mozilla/5.0 (compatible; SeznamBot/4.0; +https://o-seznam.cz/napoveda/vyhledavani/en/seznambot-crawler/)"
184.94.212.206 - - [20/May/2026:04:39:16 +0000] "POST /wp-cron.php?doing_wp_cron=1779251956.6468579769134521484375 HTTP/1.1" 200 - "-" "WordPress/6.9.4; http://cryptocurrencyaccess.com"
202.76.133.252 - - [20/May/2026:04:39:15 +0000] "GET /tag/cryptocurrency/ HTTP/1.1" 200 60280 "-" "Mozilla/5.0 (Macintosh; Intel Mac OS X 13_5_2) AppleWebKit/537.36 (KHTML, like Gecko) Chrome/129.0.6668.100 Safari/537.36"
184.94.212.206 - - [20/May/2026:04:46:13 +0000] "POST /wp-cron.php?doing_wp_cron=1779252373.9362549781799316406250 HTTP/1.1" 200 - "-" "WordPress/6.9.4; http://cryptocurrencyaccess.com"
184.94.212.206 - - [20/May/2026:04:47:24 +0000] "POST /wp-cron.php?doing_wp_cron=1779252444.9118680953979492187500 HTTP/1.1" 200 - "-" "WordPress/6.9.4; http://cryptocurrencyaccess.com"
43.135.134.127 - - [20/May/2026:04:47:23 +0000] "GET / HTTP/1.1" 301 - "-" "Mozilla/5.0 (iPhone; CPU iPhone OS 13_2_3 like Mac OS X) AppleWebKit/605.1.15 (KHTML, like Gecko) Version/13.0.3 Mobile/15E148 Safari/604.1"
43.135.134.127 - - [20/May/2026:04:47:25 +0000] "GET / HTTP/1.1" 200 63908 "http://www.cryptocurrencyaccess.com" "Mozilla/5.0 (iPhone; CPU iPhone OS 13_2_3 like Mac OS X) AppleWebKit/605.1.15 (KHTML, like Gecko) Version/13.0.3 Mobile/15E148 Safari/604.1"
184.94.212.206 - - [20/May/2026:04:50:59 +0000] "POST /wp-cron.php?doing_wp_cron=1779252659.0053489208221435546875 HTTP/1.1" 200 - "-" "WordPress/6.9.4; http://cryptocurrencyaccess.com"