74.7.241.55 - - [19/May/2026:23:45:27 +0000] "GET /tips-and-tricks-for-improving-your-wordpress-skills/ HTTP/1.1" 200 14626 "https://2-createawebsite.com/seeking-knowledge-about-wordpress-you-need-to-read-this-article-5/" "Mozilla/5.0 AppleWebKit/537.36 (KHTML, like Gecko; compatible; GPTBot/1.3; +https://openai.com/gptbot)"
74.7.241.55 - - [19/May/2026:23:45:28 +0000] "GET /relating-to-wordpress-the-secrets-in-this-article-are-priceless/ HTTP/1.1" 200 15577 "https://2-createawebsite.com/follow-this-great-article-about-wordpress-to-help-you/" "Mozilla/5.0 AppleWebKit/537.36 (KHTML, like Gecko; compatible; GPTBot/1.3; +https://openai.com/gptbot)"
74.7.241.55 - - [19/May/2026:23:45:29 +0000] "GET /need-help-learning-wordpress-these-tips-were-meant-for-you-2/ HTTP/1.1" 200 15385 "https://2-createawebsite.com/seeking-knowledge-about-wordpress-you-need-to-read-this-article-5/" "Mozilla/5.0 AppleWebKit/537.36 (KHTML, like Gecko; compatible; GPTBot/1.3; +https://openai.com/gptbot)"
74.7.241.55 - - [19/May/2026:23:45:30 +0000] "GET /tips-and-tricks-for-getting-the-most-from-wordpress-2/ HTTP/1.1" 200 15036 "https://2-createawebsite.com/respecting-wordpress-the-best-tips-and-tricks-are-here-3/" "Mozilla/5.0 AppleWebKit/537.36 (KHTML, like Gecko; compatible; GPTBot/1.3; +https://openai.com/gptbot)"
74.7.241.55 - - [19/May/2026:23:45:31 +0000] "GET /what-about-this-article-regarding-wordpress-has-experts-trembling-2/ HTTP/1.1" 200 15041 "https://2-createawebsite.com/important-tips-to-keep-in-mind-regarding-wordpress-4/" "Mozilla/5.0 AppleWebKit/537.36 (KHTML, like Gecko; compatible; GPTBot/1.3; +https://openai.com/gptbot)"
74.7.241.55 - - [19/May/2026:23:45:32 +0000] "GET /when-it-comes-to-expert-advice-about-wordpress-this-article-has-it-in-spades-2/ HTTP/1.1" 200 14930 "https://2-createawebsite.com/respecting-wordpress-the-best-tips-and-tricks-are-here/" "Mozilla/5.0 AppleWebKit/537.36 (KHTML, like Gecko; compatible; GPTBot/1.3; +https://openai.com/gptbot)"
192.0.102.230 - - [19/May/2026:23:45:32 +0000] "HEAD / HTTP/1.1" 200 - "-" "jetmon/1.0 (Jetpack Site Uptime Monitor by WordPress.com)"
74.7.241.55 - - [19/May/2026:23:45:33 +0000] "GET /looking-to-improve-your-wordpress-skills-try-these-tips/ HTTP/1.1" 200 14871 "https://2-createawebsite.com/wordpress-tips-and-tricks-straight-from-the-pros/" "Mozilla/5.0 AppleWebKit/537.36 (KHTML, like Gecko; compatible; GPTBot/1.3; +https://openai.com/gptbot)"
74.7.241.55 - - [19/May/2026:23:45:33 +0000] "GET /new-to-wordpress-these-tips-can-help/ HTTP/1.1" 200 14165 "https://2-createawebsite.com/in-regards-to-wordpress-we-have-the-best-tips/" "Mozilla/5.0 AppleWebKit/537.36 (KHTML, like Gecko; compatible; GPTBot/1.3; +https://openai.com/gptbot)"
74.7.241.55 - - [19/May/2026:23:45:34 +0000] "GET /wp-json/oembed/1.0/embed?url=https%3A%2F%2F2-createawebsite.com%2Flooking-to-improve-your-wordpress-skills-try-these-tips%2F HTTP/1.1" 200 1230 "https://2-createawebsite.com/looking-to-improve-your-wordpress-skills-try-these-tips/" "Mozilla/5.0 AppleWebKit/537.36 (KHTML, like Gecko; compatible; GPTBot/1.3; +https://openai.com/gptbot)"
74.7.241.55 - - [19/May/2026:23:45:35 +0000] "GET /wp-json/wp/v2/posts/556 HTTP/1.1" 200 3642 "https://2-createawebsite.com/looking-to-improve-your-wordpress-skills-try-these-tips/" "Mozilla/5.0 AppleWebKit/537.36 (KHTML, like Gecko; compatible; GPTBot/1.3; +https://openai.com/gptbot)"
74.7.241.55 - - [19/May/2026:23:45:36 +0000] "GET /wp-json/oembed/1.0/embed?format=xml&url=https%3A%2F%2F2-createawebsite.com%2Flooking-to-improve-your-wordpress-skills-try-these-tips%2F HTTP/1.1" 200 1264 "https://2-createawebsite.com/looking-to-improve-your-wordpress-skills-try-these-tips/" "Mozilla/5.0 AppleWebKit/537.36 (KHTML, like Gecko; compatible; GPTBot/1.3; +https://openai.com/gptbot)"
74.7.241.55 - - [19/May/2026:23:45:37 +0000] "GET /expert-advice-on-getting-wordpress-to-work-for-you-2/ HTTP/1.1" 200 14885 "https://2-createawebsite.com/respecting-wordpress-the-best-tips-and-tricks-are-here-2/" "Mozilla/5.0 AppleWebKit/537.36 (KHTML, like Gecko; compatible; GPTBot/1.3; +https://openai.com/gptbot)"
74.7.241.55 - - [19/May/2026:23:45:38 +0000] "GET /seeking-knowledge-about-wordpress-you-need-to-read-this-article-6/ HTTP/1.1" 200 14659 "https://2-createawebsite.com/eye-opening-information-regarding-wordpress-you-never-knew/" "Mozilla/5.0 AppleWebKit/537.36 (KHTML, like Gecko; compatible; GPTBot/1.3; +https://openai.com/gptbot)"
74.7.241.55 - - [19/May/2026:23:45:39 +0000] "GET /trying-to-figure-out-wordpress-try-these-tips-and-tricks/ HTTP/1.1" 200 15754 "https://2-createawebsite.com/having-trouble-with-wordpress-check-out-these-tips/" "Mozilla/5.0 AppleWebKit/537.36 (KHTML, like Gecko; compatible; GPTBot/1.3; +https://openai.com/gptbot)"
74.7.241.55 - - [19/May/2026:23:45:40 +0000] "GET /in-regards-to-wordpress-we-have-the-best-tips-2/ HTTP/1.1" 200 14967 "https://2-createawebsite.com/for-super-secrets-about-wordpress-this-article-is-it-3/" "Mozilla/5.0 AppleWebKit/537.36 (KHTML, like Gecko; compatible; GPTBot/1.3; +https://openai.com/gptbot)"
74.7.241.55 - - [19/May/2026:23:45:40 +0000] "GET /simple-steps-to-help-you-better-understand-wordpress-4/ HTTP/1.1" 200 15367 "https://2-createawebsite.com/respecting-wordpress-the-best-tips-and-tricks-are-here-3/" "Mozilla/5.0 AppleWebKit/537.36 (KHTML, like Gecko; compatible; GPTBot/1.3; +https://openai.com/gptbot)"
74.7.241.55 - - [19/May/2026:23:45:41 +0000] "GET /want-to-learn-more-about-wordpress-we-can-help-2/ HTTP/1.1" 200 15165 "https://2-createawebsite.com/tips-and-tricks-for-improving-your-wordpress-skills/" "Mozilla/5.0 AppleWebKit/537.36 (KHTML, like Gecko; compatible; GPTBot/1.3; +https://openai.com/gptbot)"
74.7.241.55 - - [19/May/2026:23:45:42 +0000] "GET /having-trouble-with-wordpress-check-out-these-tips-3/ HTTP/1.1" 200 14515 "https://2-createawebsite.com/want-to-learn-more-about-wordpress-we-can-help/" "Mozilla/5.0 AppleWebKit/537.36 (KHTML, like Gecko; compatible; GPTBot/1.3; +https://openai.com/gptbot)"
74.7.241.55 - - [19/May/2026:23:45:43 +0000] "GET /great-tips-for-getting-more-out-of-wordpress-3/ HTTP/1.1" 200 14855 "https://2-createawebsite.com/important-tips-to-keep-in-mind-regarding-wordpress-4/" "Mozilla/5.0 AppleWebKit/537.36 (KHTML, like Gecko; compatible; GPTBot/1.3; +https://openai.com/gptbot)"
74.7.241.55 - - [19/May/2026:23:45:44 +0000] "GET /all-about-wordpress-weve-got-the-top-tips-online-2/ HTTP/1.1" 200 15361 "https://2-createawebsite.com/when-it-comes-to-expert-advice-about-wordpress-this-article-has-it-in-spades-2/" "Mozilla/5.0 AppleWebKit/537.36 (KHTML, like Gecko; compatible; GPTBot/1.3; +https://openai.com/gptbot)"
74.7.241.55 - - [19/May/2026:23:45:45 +0000] "GET /want-expert-advice-on-wordpress-read-this-article-2/ HTTP/1.1" 200 14789 "https://2-createawebsite.com/looking-to-improve-your-wordpress-skills-try-these-tips/" "Mozilla/5.0 AppleWebKit/537.36 (KHTML, like Gecko; compatible; GPTBot/1.3; +https://openai.com/gptbot)"
74.7.241.55 - - [19/May/2026:23:45:46 +0000] "GET /wp-content/uploads/2020/02/looking_to_improve_your_wordpress_skills_try_these_tips.jpg HTTP/1.1" 404 8286 "https://2-createawebsite.com/wp-json/oembed/1.0/embed?format=xml&url=https%3A%2F%2F2-createawebsite.com%2Flooking-to-improve-your-wordpress-skills-try-these-tips%2F" "Mozilla/5.0 AppleWebKit/537.36 (KHTML, like Gecko; compatible; GPTBot/1.3; +https://openai.com/gptbot)"
74.7.241.55 - - [19/May/2026:23:45:47 +0000] "GET /wordpress-have-you-confused-try-these-ideas-today/ HTTP/1.1" 200 15341 "https://2-createawebsite.com/new-to-wordpress-these-tips-can-help/" "Mozilla/5.0 AppleWebKit/537.36 (KHTML, like Gecko; compatible; GPTBot/1.3; +https://openai.com/gptbot)"
74.7.241.55 - - [19/May/2026:23:45:48 +0000] "GET /struggling-to-learn-wordpress-check-out-these-top-tips-3/ HTTP/1.1" 200 14824 "https://2-createawebsite.com/expert-advice-on-getting-wordpress-to-work-for-you-2/" "Mozilla/5.0 AppleWebKit/537.36 (KHTML, like Gecko; compatible; GPTBot/1.3; +https://openai.com/gptbot)"
74.7.241.55 - - [19/May/2026:23:45:49 +0000] "GET /helpful-advice-on-getting-the-most-from-wordpress/ HTTP/1.1" 200 14572 "https://2-createawebsite.com/trying-to-figure-out-wordpress-try-these-tips-and-tricks/" "Mozilla/5.0 AppleWebKit/537.36 (KHTML, like Gecko; compatible; GPTBot/1.3; +https://openai.com/gptbot)"
74.7.241.55 - - [19/May/2026:23:45:50 +0000] "GET /struggling-to-learn-wordpress-check-out-these-top-tips-4/ HTTP/1.1" 200 14862 "https://2-createawebsite.com/in-regards-to-wordpress-we-have-the-best-tips-2/" "Mozilla/5.0 AppleWebKit/537.36 (KHTML, like Gecko; compatible; GPTBot/1.3; +https://openai.com/gptbot)"
74.7.241.55 - - [19/May/2026:23:45:51 +0000] "GET /great-tips-for-getting-the-most-from-wordpress-2/ HTTP/1.1" 200 14646 "https://2-createawebsite.com/seeking-knowledge-about-wordpress-you-need-to-read-this-article-6/" "Mozilla/5.0 AppleWebKit/537.36 (KHTML, like Gecko; compatible; GPTBot/1.3; +https://openai.com/gptbot)"
74.7.241.55 - - [19/May/2026:23:45:52 +0000] "GET /blog-like-a-pro-tips-and-tricks-for-using-wordpress-2/ HTTP/1.1" 200 14730 "https://2-createawebsite.com/want-to-learn-more-about-wordpress-we-can-help-2/" "Mozilla/5.0 AppleWebKit/537.36 (KHTML, like Gecko; compatible; GPTBot/1.3; +https://openai.com/gptbot)"
74.7.241.55 - - [19/May/2026:23:45:52 +0000] "GET /all-about-wordpress-weve-got-the-top-tips-online/ HTTP/1.1" 200 14895 "https://2-createawebsite.com/having-trouble-with-wordpress-check-out-these-tips-3/" "Mozilla/5.0 AppleWebKit/537.36 (KHTML, like Gecko; compatible; GPTBot/1.3; +https://openai.com/gptbot)"
184.94.212.206 - - [19/May/2026:23:45:54 +0000] "POST /wp-cron.php?doing_wp_cron=1779234354.5500540733337402343750 HTTP/1.1" 200 - "-" "WordPress/6.9.4; https://2-createawebsite.com"
74.7.241.55 - - [19/May/2026:23:45:53 +0000] "GET /wordpress-tips-and-tricks-straight-from-the-pros-2/ HTTP/1.1" 200 15684 "https://2-createawebsite.com/simple-steps-to-help-you-better-understand-wordpress-4/" "Mozilla/5.0 AppleWebKit/537.36 (KHTML, like Gecko; compatible; GPTBot/1.3; +https://openai.com/gptbot)"
74.7.241.55 - - [19/May/2026:23:45:54 +0000] "GET /relating-to-wordpress-the-secrets-in-this-article-are-priceless-4/ HTTP/1.1" 200 14676 "https://2-createawebsite.com/all-about-wordpress-weve-got-the-top-tips-online-2/" "Mozilla/5.0 AppleWebKit/537.36 (KHTML, like Gecko; compatible; GPTBot/1.3; +https://openai.com/gptbot)"
74.7.241.55 - - [19/May/2026:23:45:55 +0000] "GET /looking-to-improve-your-wordpress-skills-try-these-tips-2/ HTTP/1.1" 200 15230 "https://2-createawebsite.com/want-expert-advice-on-wordpress-read-this-article-2/" "Mozilla/5.0 AppleWebKit/537.36 (KHTML, like Gecko; compatible; GPTBot/1.3; +https://openai.com/gptbot)"
184.94.212.206 - - [19/May/2026:23:45:57 +0000] "POST /wp-cron.php?doing_wp_cron=1779234357.1996428966522216796875 HTTP/1.1" 200 - "-" "WordPress/6.9.4; https://2-createawebsite.com"
74.7.241.55 - - [19/May/2026:23:45:56 +0000] "GET /wp-json/oembed/1.0/embed?format=xml&url=https%3A%2F%2F2-createawebsite.com%2Fall-about-wordpress-weve-got-the-top-tips-online-2%2F HTTP/1.1" 200 1265 "https://2-createawebsite.com/all-about-wordpress-weve-got-the-top-tips-online-2/" "Mozilla/5.0 AppleWebKit/537.36 (KHTML, like Gecko; compatible; GPTBot/1.3; +https://openai.com/gptbot)"
74.7.241.55 - - [19/May/2026:23:45:57 +0000] "GET /important-tips-to-keep-in-mind-regarding-wordpress-2/ HTTP/1.1" 200 14866 "https://2-createawebsite.com/wordpress-have-you-confused-try-these-ideas-today/" "Mozilla/5.0 AppleWebKit/537.36 (KHTML, like Gecko; compatible; GPTBot/1.3; +https://openai.com/gptbot)"
74.7.241.55 - - [19/May/2026:23:45:58 +0000] "GET /important-tips-to-keep-in-mind-regarding-wordpress-3/ HTTP/1.1" 200 15076 "https://2-createawebsite.com/struggling-to-learn-wordpress-check-out-these-top-tips-3/" "Mozilla/5.0 AppleWebKit/537.36 (KHTML, like Gecko; compatible; GPTBot/1.3; +https://openai.com/gptbot)"
74.7.241.55 - - [19/May/2026:23:45:59 +0000] "GET /using-wordpress-to-create-your-own-blog/ HTTP/1.1" 200 14649 "https://2-createawebsite.com/helpful-advice-on-getting-the-most-from-wordpress/" "Mozilla/5.0 AppleWebKit/537.36 (KHTML, like Gecko; compatible; GPTBot/1.3; +https://openai.com/gptbot)"
74.7.241.55 - - [19/May/2026:23:46:00 +0000] "GET /wp-json/wp/v2/posts/681 HTTP/1.1" 200 3638 "https://2-createawebsite.com/struggling-to-learn-wordpress-check-out-these-top-tips-4/" "Mozilla/5.0 AppleWebKit/537.36 (KHTML, like Gecko; compatible; GPTBot/1.3; +https://openai.com/gptbot)"
74.7.241.55 - - [19/May/2026:23:46:01 +0000] "GET /for-super-secrets-about-wordpress-this-article-is-it-4/ HTTP/1.1" 200 14646 "https://2-createawebsite.com/great-tips-for-getting-the-most-from-wordpress-2/" "Mozilla/5.0 AppleWebKit/537.36 (KHTML, like Gecko; compatible; GPTBot/1.3; +https://openai.com/gptbot)"
57.141.2.17 - - [19/May/2026:23:46:01 +0000] "GET /top-tips-regarding-wordpress-youll-love-to-learn/ HTTP/1.1" 200 56381 "-" "meta-externalagent/1.1 (+https://developers.facebook.com/docs/sharing/webmasters/crawler)"
74.7.241.55 - - [19/May/2026:23:46:02 +0000] "GET /wordpress-power-get-the-most-from-your-blog-5/ HTTP/1.1" 200 15447 "https://2-createawebsite.com/blog-like-a-pro-tips-and-tricks-for-using-wordpress-2/" "Mozilla/5.0 AppleWebKit/537.36 (KHTML, like Gecko; compatible; GPTBot/1.3; +https://openai.com/gptbot)"
74.7.241.55 - - [19/May/2026:23:46:03 +0000] "GET /the-amazing-advice-in-this-article-about-wordpress-is-all-yours/ HTTP/1.1" 200 14904 "https://2-createawebsite.com/all-about-wordpress-weve-got-the-top-tips-online/" "Mozilla/5.0 AppleWebKit/537.36 (KHTML, like Gecko; compatible; GPTBot/1.3; +https://openai.com/gptbot)"
74.7.241.55 - - [19/May/2026:23:46:03 +0000] "GET /having-trouble-with-wordpress-check-out-these-tips-4/ HTTP/1.1" 200 15357 "https://2-createawebsite.com/wordpress-tips-and-tricks-straight-from-the-pros-2/" "Mozilla/5.0 AppleWebKit/537.36 (KHTML, like Gecko; compatible; GPTBot/1.3; +https://openai.com/gptbot)"
74.7.241.55 - - [19/May/2026:23:46:04 +0000] "GET /great-tips-for-getting-the-most-from-wordpress/ HTTP/1.1" 200 15711 "https://2-createawebsite.com/relating-to-wordpress-the-secrets-in-this-article-are-priceless-4/" "Mozilla/5.0 AppleWebKit/537.36 (KHTML, like Gecko; compatible; GPTBot/1.3; +https://openai.com/gptbot)"
74.7.241.55 - - [19/May/2026:23:46:05 +0000] "GET /get-the-knowledge-you-need-about-wordpress/ HTTP/1.1" 200 14442 "https://2-createawebsite.com/looking-to-improve-your-wordpress-skills-try-these-tips-2/" "Mozilla/5.0 AppleWebKit/537.36 (KHTML, like Gecko; compatible; GPTBot/1.3; +https://openai.com/gptbot)"
74.7.241.55 - - [19/May/2026:23:46:06 +0000] "GET /wp-content/uploads/2020/02/all_about_wordpress_weve_got_the_top_tips_online.jpg HTTP/1.1" 404 8280 "https://2-createawebsite.com/wp-json/oembed/1.0/embed?format=xml&url=https%3A%2F%2F2-createawebsite.com%2Fall-about-wordpress-weve-got-the-top-tips-online-2%2F" "Mozilla/5.0 AppleWebKit/537.36 (KHTML, like Gecko; compatible; GPTBot/1.3; +https://openai.com/gptbot)"
74.7.241.55 - - [19/May/2026:23:46:07 +0000] "GET /relating-to-wordpress-the-secrets-in-this-article-are-priceless-3/ HTTP/1.1" 200 14497 "https://2-createawebsite.com/important-tips-to-keep-in-mind-regarding-wordpress-2/" "Mozilla/5.0 AppleWebKit/537.36 (KHTML, like Gecko; compatible; GPTBot/1.3; +https://openai.com/gptbot)"
74.7.241.55 - - [19/May/2026:23:46:08 +0000] "GET /getting-the-most-out-of-wordpress-tips-and-tricks/ HTTP/1.1" 200 15796 "https://2-createawebsite.com/important-tips-to-keep-in-mind-regarding-wordpress-3/" "Mozilla/5.0 AppleWebKit/537.36 (KHTML, like Gecko; compatible; GPTBot/1.3; +https://openai.com/gptbot)"
74.7.241.55 - - [19/May/2026:23:46:09 +0000] "GET /important-tips-to-keep-in-mind-regarding-wordpress/ HTTP/1.1" 200 14735 "https://2-createawebsite.com/using-wordpress-to-create-your-own-blog/" "Mozilla/5.0 AppleWebKit/537.36 (KHTML, like Gecko; compatible; GPTBot/1.3; +https://openai.com/gptbot)"
74.7.241.55 - - [19/May/2026:23:46:10 +0000] "GET /great-tips-for-getting-more-out-of-wordpress-4/ HTTP/1.1" 200 14842 "https://2-createawebsite.com/page/2/" "Mozilla/5.0 AppleWebKit/537.36 (KHTML, like Gecko; compatible; GPTBot/1.3; +https://openai.com/gptbot)"
74.7.241.55 - - [19/May/2026:23:46:11 +0000] "GET /helping-you-better-understand-wordpress-with-these-simple-to-follow-tips-3/ HTTP/1.1" 200 14494 "https://2-createawebsite.com/for-super-secrets-about-wordpress-this-article-is-it-4/" "Mozilla/5.0 AppleWebKit/537.36 (KHTML, like Gecko; compatible; GPTBot/1.3; +https://openai.com/gptbot)"
74.7.241.55 - - [19/May/2026:23:46:12 +0000] "GET /in-relation-to-wordpress-we-supply-the-best-tips/ HTTP/1.1" 200 15683 "https://2-createawebsite.com/wordpress-power-get-the-most-from-your-blog-5/" "Mozilla/5.0 AppleWebKit/537.36 (KHTML, like Gecko; compatible; GPTBot/1.3; +https://openai.com/gptbot)"
74.7.241.55 - - [19/May/2026:23:46:13 +0000] "GET /for-tips-related-to-wordpress-read-this-article/ HTTP/1.1" 200 15336 "https://2-createawebsite.com/the-amazing-advice-in-this-article-about-wordpress-is-all-yours/" "Mozilla/5.0 AppleWebKit/537.36 (KHTML, like Gecko; compatible; GPTBot/1.3; +https://openai.com/gptbot)"
74.7.241.55 - - [19/May/2026:23:46:14 +0000] "GET /helpful-advice-on-getting-the-most-from-wordpress-2/ HTTP/1.1" 200 15460 "https://2-createawebsite.com/regarding-wordpress-the-tips-here-are-golden/" "Mozilla/5.0 AppleWebKit/537.36 (KHTML, like Gecko; compatible; GPTBot/1.3; +https://openai.com/gptbot)"
74.7.241.55 - - [19/May/2026:23:46:15 +0000] "GET /simple-tips-to-help-you-understand-wordpress-5/ HTTP/1.1" 200 15502 "https://2-createawebsite.com/page/2/" "Mozilla/5.0 AppleWebKit/537.36 (KHTML, like Gecko; compatible; GPTBot/1.3; +https://openai.com/gptbot)"
74.7.241.55 - - [19/May/2026:23:46:15 +0000] "GET /terrific-advice-for-making-wordpress-work-for-you-2/ HTTP/1.1" 200 14325 "https://2-createawebsite.com/get-the-knowledge-you-need-about-wordpress/" "Mozilla/5.0 AppleWebKit/537.36 (KHTML, like Gecko; compatible; GPTBot/1.3; +https://openai.com/gptbot)"
74.7.241.55 - - [19/May/2026:23:46:16 +0000] "GET /simple-tips-to-help-you-understand-wordpress-3/ HTTP/1.1" 200 15130 "https://2-createawebsite.com/when-it-comes-to-wordpress-we-will-teach-you-it-all/" "Mozilla/5.0 AppleWebKit/537.36 (KHTML, like Gecko; compatible; GPTBot/1.3; +https://openai.com/gptbot)"
74.7.241.55 - - [19/May/2026:23:46:17 +0000] "GET /wordpress-have-you-confused-try-these-ideas-today-2/ HTTP/1.1" 200 14791 "https://2-createawebsite.com/relating-to-wordpress-the-secrets-in-this-article-are-priceless-3/" "Mozilla/5.0 AppleWebKit/537.36 (KHTML, like Gecko; compatible; GPTBot/1.3; +https://openai.com/gptbot)"
74.7.241.55 - - [19/May/2026:23:46:18 +0000] "GET /follow-this-great-article-about-wordpress-to-help-you-2/ HTTP/1.1" 200 14354 "https://2-createawebsite.com/getting-the-most-out-of-wordpress-tips-and-tricks/" "Mozilla/5.0 AppleWebKit/537.36 (KHTML, like Gecko; compatible; GPTBot/1.3; +https://openai.com/gptbot)"
74.7.241.55 - - [19/May/2026:23:46:19 +0000] "GET /simple-steps-to-help-you-better-understand-wordpress/ HTTP/1.1" 200 15231 "https://2-createawebsite.com/important-tips-to-keep-in-mind-regarding-wordpress/" "Mozilla/5.0 AppleWebKit/537.36 (KHTML, like Gecko; compatible; GPTBot/1.3; +https://openai.com/gptbot)"
74.7.241.55 - - [19/May/2026:23:46:20 +0000] "GET /confused-about-wordpress-these-tips-can-help-3/ HTTP/1.1" 200 14116 "https://2-createawebsite.com/great-tips-for-getting-the-most-from-wordpress/" "Mozilla/5.0 AppleWebKit/537.36 (KHTML, like Gecko; compatible; GPTBot/1.3; +https://openai.com/gptbot)"
74.7.241.55 - - [19/May/2026:23:46:21 +0000] "GET /tips-and-tricks-about-using-wordpress-2/ HTTP/1.1" 200 14488 "https://2-createawebsite.com/top-tips-and-advice-for-working-with-wordpress/" "Mozilla/5.0 AppleWebKit/537.36 (KHTML, like Gecko; compatible; GPTBot/1.3; +https://openai.com/gptbot)"
74.7.241.55 - - [19/May/2026:23:46:22 +0000] "GET /when-it-comes-to-wordpress-we-will-teach-you-it-all-2/ HTTP/1.1" 200 15207 "https://2-createawebsite.com/in-relation-to-wordpress-we-supply-the-best-tips/" "Mozilla/5.0 AppleWebKit/537.36 (KHTML, like Gecko; compatible; GPTBot/1.3; +https://openai.com/gptbot)"
74.7.241.55 - - [19/May/2026:23:46:23 +0000] "GET /relating-to-wordpress-the-secrets-in-this-article-are-priceless-2/ HTTP/1.1" 200 15504 "https://2-createawebsite.com/for-tips-related-to-wordpress-read-this-article/" "Mozilla/5.0 AppleWebKit/537.36 (KHTML, like Gecko; compatible; GPTBot/1.3; +https://openai.com/gptbot)"
74.7.241.55 - - [19/May/2026:23:46:24 +0000] "GET /all-you-need-to-know-about-using-wordpress/ HTTP/1.1" 200 15603 "https://2-createawebsite.com/helpful-advice-on-getting-the-most-from-wordpress-2/" "Mozilla/5.0 AppleWebKit/537.36 (KHTML, like Gecko; compatible; GPTBot/1.3; +https://openai.com/gptbot)"
74.7.241.55 - - [19/May/2026:23:46:25 +0000] "GET /eye-opening-information-regarding-wordpress-you-never-knew-2/ HTTP/1.1" 200 14742 "https://2-createawebsite.com/simple-tips-to-help-you-understand-wordpress-5/" "Mozilla/5.0 AppleWebKit/537.36 (KHTML, like Gecko; compatible; GPTBot/1.3; +https://openai.com/gptbot)"
74.7.241.55 - - [19/May/2026:23:46:26 +0000] "GET /everything-you-ever-need-to-know-about-wordpress-2/ HTTP/1.1" 200 14541 "https://2-createawebsite.com/terrific-advice-for-making-wordpress-work-for-you-2/" "Mozilla/5.0 AppleWebKit/537.36 (KHTML, like Gecko; compatible; GPTBot/1.3; +https://openai.com/gptbot)"
74.7.241.55 - - [19/May/2026:23:46:26 +0000] "GET /helpful-hints-for-using-wordpress-successfully-2/ HTTP/1.1" 200 15870 "https://2-createawebsite.com/simple-tips-to-help-you-understand-wordpress-3/" "Mozilla/5.0 AppleWebKit/537.36 (KHTML, like Gecko; compatible; GPTBot/1.3; +https://openai.com/gptbot)"
74.7.241.55 - - [19/May/2026:23:46:27 +0000] "GET /top-tips-and-tricks-to-use-wordpress-2/ HTTP/1.1" 200 15132 "https://2-createawebsite.com/tag/blog-posts/" "Mozilla/5.0 AppleWebKit/537.36 (KHTML, like Gecko; compatible; GPTBot/1.3; +https://openai.com/gptbot)"
74.7.241.55 - - [19/May/2026:23:46:28 +0000] "GET /simple-tips-to-help-you-understand-wordpress-4/ HTTP/1.1" 200 14323 "https://2-createawebsite.com/follow-this-great-article-about-wordpress-to-help-you-2/" "Mozilla/5.0 AppleWebKit/537.36 (KHTML, like Gecko; compatible; GPTBot/1.3; +https://openai.com/gptbot)"
74.7.241.55 - - [19/May/2026:23:46:29 +0000] "GET /solid-advice-about-wordpress-that-can-help-anyone-2/ HTTP/1.1" 200 15263 "https://2-createawebsite.com/simple-steps-to-help-you-better-understand-wordpress/" "Mozilla/5.0 AppleWebKit/537.36 (KHTML, like Gecko; compatible; GPTBot/1.3; +https://openai.com/gptbot)"
74.7.241.55 - - [19/May/2026:23:46:30 +0000] "GET /solid-advice-about-wordpress-that-can-help-anyone-3/ HTTP/1.1" 200 14251 "https://2-createawebsite.com/confused-about-wordpress-these-tips-can-help-3/" "Mozilla/5.0 AppleWebKit/537.36 (KHTML, like Gecko; compatible; GPTBot/1.3; +https://openai.com/gptbot)"
74.7.241.55 - - [19/May/2026:23:46:31 +0000] "GET /new-to-wordpress-these-tips-can-help-2/ HTTP/1.1" 200 14775 "https://2-createawebsite.com/wordpress-have-you-confused-try-these-ideas-today-2/" "Mozilla/5.0 AppleWebKit/537.36 (KHTML, like Gecko; compatible; GPTBot/1.3; +https://openai.com/gptbot)"
74.7.241.55 - - [19/May/2026:23:46:32 +0000] "GET /relating-to-wordpress-the-secrets-in-this-article-are-priceless-5/ HTTP/1.1" 200 15253 "https://2-createawebsite.com/when-it-comes-to-wordpress-we-will-teach-you-it-all-2/" "Mozilla/5.0 AppleWebKit/537.36 (KHTML, like Gecko; compatible; GPTBot/1.3; +https://openai.com/gptbot)"
74.7.241.55 - - [19/May/2026:23:46:33 +0000] "GET /get-the-knowledge-you-need-about-wordpress-2/ HTTP/1.1" 200 15516 "https://2-createawebsite.com/struggling-to-learn-wordpress-check-out-these-top-tips-4/" "Mozilla/5.0 AppleWebKit/537.36 (KHTML, like Gecko; compatible; GPTBot/1.3; +https://openai.com/gptbot)"
74.7.241.55 - - [19/May/2026:23:46:34 +0000] "GET /high-quality-wordpress-tips-straight-from-the-experts/ HTTP/1.1" 200 14507 "https://2-createawebsite.com/all-you-need-to-know-about-using-wordpress/" "Mozilla/5.0 AppleWebKit/537.36 (KHTML, like Gecko; compatible; GPTBot/1.3; +https://openai.com/gptbot)"
74.7.241.55 - - [19/May/2026:23:46:35 +0000] "GET /what-you-need-to-know-about-using-wordpress-3/ HTTP/1.1" 200 15373 "https://2-createawebsite.com/relating-to-wordpress-the-secrets-in-this-article-are-priceless/" "Mozilla/5.0 AppleWebKit/537.36 (KHTML, like Gecko; compatible; GPTBot/1.3; +https://openai.com/gptbot)"
74.7.241.55 - - [19/May/2026:23:46:36 +0000] "GET /helping-you-better-understand-wordpress-with-these-simple-to-follow-tips-2/ HTTP/1.1" 200 14545 "https://2-createawebsite.com/everything-you-ever-need-to-know-about-wordpress-2/" "Mozilla/5.0 AppleWebKit/537.36 (KHTML, like Gecko; compatible; GPTBot/1.3; +https://openai.com/gptbot)"
74.7.241.55 - - [19/May/2026:23:46:37 +0000] "GET /outstanding-ideas-relating-to-wordpress-you-need/ HTTP/1.1" 200 14388 "https://2-createawebsite.com/helpful-hints-for-using-wordpress-successfully-2/" "Mozilla/5.0 AppleWebKit/537.36 (KHTML, like Gecko; compatible; GPTBot/1.3; +https://openai.com/gptbot)"
74.7.241.55 - - [19/May/2026:23:46:38 +0000] "GET /making-wordpress-work-for-you-tips-and-tricks-3/ HTTP/1.1" 200 15095 "https://2-createawebsite.com/top-tips-and-tricks-to-use-wordpress-2/" "Mozilla/5.0 AppleWebKit/537.36 (KHTML, like Gecko; compatible; GPTBot/1.3; +https://openai.com/gptbot)"
74.7.241.55 - - [19/May/2026:23:46:38 +0000] "GET /trying-to-figure-out-wordpress-try-these-tips-and-tricks-3/ HTTP/1.1" 200 14608 "https://2-createawebsite.com/simple-tips-to-help-you-understand-wordpress-4/" "Mozilla/5.0 AppleWebKit/537.36 (KHTML, like Gecko; compatible; GPTBot/1.3; +https://openai.com/gptbot)"
74.7.241.55 - - [19/May/2026:23:46:39 +0000] "GET /wordpress-power-get-the-most-from-your-blog/ HTTP/1.1" 200 15839 "https://2-createawebsite.com/solid-advice-about-wordpress-that-can-help-anyone-2/" "Mozilla/5.0 AppleWebKit/537.36 (KHTML, like Gecko; compatible; GPTBot/1.3; +https://openai.com/gptbot)"
74.7.241.55 - - [19/May/2026:23:46:40 +0000] "GET /seeking-knowledge-about-wordpress-you-need-to-read-this-article-4/ HTTP/1.1" 200 15432 "https://2-createawebsite.com/solid-advice-about-wordpress-that-can-help-anyone-3/" "Mozilla/5.0 AppleWebKit/537.36 (KHTML, like Gecko; compatible; GPTBot/1.3; +https://openai.com/gptbot)"
74.7.241.55 - - [19/May/2026:23:46:41 +0000] "GET /trying-to-figure-out-wordpress-try-these-tips-and-tricks-2/ HTTP/1.1" 200 14871 "https://2-createawebsite.com/new-to-wordpress-these-tips-can-help-2/" "Mozilla/5.0 AppleWebKit/537.36 (KHTML, like Gecko; compatible; GPTBot/1.3; +https://openai.com/gptbot)"
74.7.241.55 - - [19/May/2026:23:46:42 +0000] "GET /making-wordpress-work-for-you-tips-and-tricks-4/ HTTP/1.1" 200 15038 "https://2-createawebsite.com/relating-to-wordpress-the-secrets-in-this-article-are-priceless-5/" "Mozilla/5.0 AppleWebKit/537.36 (KHTML, like Gecko; compatible; GPTBot/1.3; +https://openai.com/gptbot)"
74.7.241.55 - - [19/May/2026:23:46:43 +0000] "GET /tips-and-tricks-to-make-understanding-wordpress-easy-2/ HTTP/1.1" 200 14097 "https://2-createawebsite.com/get-the-knowledge-you-need-about-wordpress-2/" "Mozilla/5.0 AppleWebKit/537.36 (KHTML, like Gecko; compatible; GPTBot/1.3; +https://openai.com/gptbot)"
74.7.241.55 - - [19/May/2026:23:46:44 +0000] "GET /need-help-understanding-wordpress-try-these-tips/ HTTP/1.1" 200 15377 "https://2-createawebsite.com/high-quality-wordpress-tips-straight-from-the-experts/" "Mozilla/5.0 AppleWebKit/537.36 (KHTML, like Gecko; compatible; GPTBot/1.3; +https://openai.com/gptbot)"
74.7.241.55 - - [19/May/2026:23:46:45 +0000] "GET /great-tips-and-tricks-for-blogging-with-wordpress-5/ HTTP/1.1" 200 15005 "https://2-createawebsite.com/what-you-need-to-know-about-using-wordpress-3/" "Mozilla/5.0 AppleWebKit/537.36 (KHTML, like Gecko; compatible; GPTBot/1.3; +https://openai.com/gptbot)"
74.7.241.55 - - [19/May/2026:23:46:46 +0000] "GET /everything-there-is-to-know-about-wordpress-5/ HTTP/1.1" 200 14396 "https://2-createawebsite.com/page/2/" "Mozilla/5.0 AppleWebKit/537.36 (KHTML, like Gecko; compatible; GPTBot/1.3; +https://openai.com/gptbot)"
74.7.241.55 - - [19/May/2026:23:46:47 +0000] "GET /tips-and-tricks-about-using-wordpress/ HTTP/1.1" 200 15448 "https://2-createawebsite.com/outstanding-ideas-relating-to-wordpress-you-need/" "Mozilla/5.0 AppleWebKit/537.36 (KHTML, like Gecko; compatible; GPTBot/1.3; +https://openai.com/gptbot)"
74.7.241.55 - - [19/May/2026:23:46:47 +0000] "GET /terrific-advice-for-making-wordpress-work-for-you-3/ HTTP/1.1" 200 14731 "https://2-createawebsite.com/making-wordpress-work-for-you-tips-and-tricks-3/" "Mozilla/5.0 AppleWebKit/537.36 (KHTML, like Gecko; compatible; GPTBot/1.3; +https://openai.com/gptbot)"
74.7.241.55 - - [19/May/2026:23:46:48 +0000] "GET /struggling-to-learn-wordpress-check-out-these-top-tips-2/ HTTP/1.1" 200 14917 "https://2-createawebsite.com/trying-to-figure-out-wordpress-try-these-tips-and-tricks-3/" "Mozilla/5.0 AppleWebKit/537.36 (KHTML, like Gecko; compatible; GPTBot/1.3; +https://openai.com/gptbot)"
74.7.241.55 - - [19/May/2026:23:46:49 +0000] "GET /for-super-secrets-about-wordpress-this-article-is-it/ HTTP/1.1" 200 15368 "https://2-createawebsite.com/wordpress-power-get-the-most-from-your-blog/" "Mozilla/5.0 AppleWebKit/537.36 (KHTML, like Gecko; compatible; GPTBot/1.3; +https://openai.com/gptbot)"
74.7.241.55 - - [19/May/2026:23:46:50 +0000] "GET /wordpress-power-get-the-most-from-your-blog-3/ HTTP/1.1" 200 14968 "https://2-createawebsite.com/seeking-knowledge-about-wordpress-you-need-to-read-this-article-4/" "Mozilla/5.0 AppleWebKit/537.36 (KHTML, like Gecko; compatible; GPTBot/1.3; +https://openai.com/gptbot)"
74.7.241.55 - - [19/May/2026:23:46:51 +0000] "GET /everything-there-is-to-know-about-wordpress-3/ HTTP/1.1" 200 14752 "https://2-createawebsite.com/helping-you-better-understand-wordpress-with-these-simple-to-follow-tips-2/" "Mozilla/5.0 AppleWebKit/537.36 (KHTML, like Gecko; compatible; GPTBot/1.3; +https://openai.com/gptbot)"
74.7.241.55 - - [19/May/2026:23:46:52 +0000] "GET /in-dealing-with-wordpress-we-provide-the-top-tips/ HTTP/1.1" 200 15358 "https://2-createawebsite.com/making-wordpress-work-for-you-tips-and-tricks-4/" "Mozilla/5.0 AppleWebKit/537.36 (KHTML, like Gecko; compatible; GPTBot/1.3; +https://openai.com/gptbot)"
74.7.241.55 - - [19/May/2026:23:46:53 +0000] "GET /everything-there-is-to-know-about-wordpress-2/ HTTP/1.1" 200 14236 "https://2-createawebsite.com/relating-to-wordpress-the-secrets-in-this-article-are-priceless-2/" "Mozilla/5.0 AppleWebKit/537.36 (KHTML, like Gecko; compatible; GPTBot/1.3; +https://openai.com/gptbot)"
74.7.241.55 - - [19/May/2026:23:46:54 +0000] "GET /need-help-understanding-wordpress-try-these-tips-2/ HTTP/1.1" 200 15733 "https://2-createawebsite.com/need-help-understanding-wordpress-try-these-tips/" "Mozilla/5.0 AppleWebKit/537.36 (KHTML, like Gecko; compatible; GPTBot/1.3; +https://openai.com/gptbot)"
74.7.241.55 - - [19/May/2026:23:46:54 +0000] "GET /in-respect-to-wordpress-this-article-has-great-advice-2/ HTTP/1.1" 200 15044 "https://2-createawebsite.com/great-tips-and-tricks-for-blogging-with-wordpress-5/" "Mozilla/5.0 AppleWebKit/537.36 (KHTML, like Gecko; compatible; GPTBot/1.3; +https://openai.com/gptbot)"
74.7.241.55 - - [19/May/2026:23:46:55 +0000] "GET /use-wordpress-to-start-blogging-right-away-2/ HTTP/1.1" 200 15243 "https://2-createawebsite.com/top-tips-and-tricks-to-use-wordpress-2/" "Mozilla/5.0 AppleWebKit/537.36 (KHTML, like Gecko; compatible; GPTBot/1.3; +https://openai.com/gptbot)"
74.7.241.55 - - [19/May/2026:23:46:56 +0000] "GET /getting-what-you-need-from-wordpress-tips-and-tricks/ HTTP/1.1" 200 15610 "https://2-createawebsite.com/tips-and-tricks-about-using-wordpress/" "Mozilla/5.0 AppleWebKit/537.36 (KHTML, like Gecko; compatible; GPTBot/1.3; +https://openai.com/gptbot)"
74.7.241.55 - - [19/May/2026:23:46:57 +0000] "GET /great-tips-and-tricks-for-blogging-with-wordpress-6/ HTTP/1.1" 200 14680 "https://2-createawebsite.com/terrific-advice-for-making-wordpress-work-for-you-3/" "Mozilla/5.0 AppleWebKit/537.36 (KHTML, like Gecko; compatible; GPTBot/1.3; +https://openai.com/gptbot)"
74.7.241.55 - - [19/May/2026:23:46:58 +0000] "GET /wp-json/wp/v2/posts/488 HTTP/1.1" 200 3213 "https://2-createawebsite.com/outstanding-ideas-relating-to-wordpress-you-need/" "Mozilla/5.0 AppleWebKit/537.36 (KHTML, like Gecko; compatible; GPTBot/1.3; +https://openai.com/gptbot)"
74.7.241.55 - - [19/May/2026:23:46:59 +0000] "GET /simple-tips-to-help-you-understand-wordpress-2/ HTTP/1.1" 200 14305 "https://2-createawebsite.com/for-super-secrets-about-wordpress-this-article-is-it/" "Mozilla/5.0 AppleWebKit/537.36 (KHTML, like Gecko; compatible; GPTBot/1.3; +https://openai.com/gptbot)"
74.7.241.55 - - [19/May/2026:23:47:00 +0000] "GET /wordpress-tips-and-advice-for-any-level-of-user-2/ HTTP/1.1" 200 15412 "https://2-createawebsite.com/what-about-this-article-regarding-wordpress-has-experts-trembling-2/" "Mozilla/5.0 AppleWebKit/537.36 (KHTML, like Gecko; compatible; GPTBot/1.3; +https://openai.com/gptbot)"
74.7.241.55 - - [19/May/2026:23:47:01 +0000] "GET /confused-about-wordpress-these-tips-can-help-4/ HTTP/1.1" 200 14136 "https://2-createawebsite.com/everything-there-is-to-know-about-wordpress-3/" "Mozilla/5.0 AppleWebKit/537.36 (KHTML, like Gecko; compatible; GPTBot/1.3; +https://openai.com/gptbot)"
74.7.241.55 - - [19/May/2026:23:47:01 +0000] "GET /sitemap.xml HTTP/1.1" 200 213 "-" "Mozilla/5.0 AppleWebKit/537.36 (KHTML, like Gecko; compatible; GPTBot/1.3; +https://openai.com/gptbot)"
74.7.241.55 - - [19/May/2026:23:47:02 +0000] "GET /tips-and-tricks-to-make-understanding-wordpress-easy/ HTTP/1.1" 200 15601 "https://2-createawebsite.com/everything-there-is-to-know-about-wordpress-2/" "Mozilla/5.0 AppleWebKit/537.36 (KHTML, like Gecko; compatible; GPTBot/1.3; +https://openai.com/gptbot)"
74.7.241.55 - - [19/May/2026:23:47:03 +0000] "GET /get-the-most-from-your-blogging-experience-with-these-wordpress-tips/ HTTP/1.1" 200 15186 "https://2-createawebsite.com/need-help-understanding-wordpress-try-these-tips-2/" "Mozilla/5.0 AppleWebKit/537.36 (KHTML, like Gecko; compatible; GPTBot/1.3; +https://openai.com/gptbot)"
74.7.241.55 - - [19/May/2026:23:47:04 +0000] "GET /want-expert-advice-on-wordpress-read-this-article/ HTTP/1.1" 200 15811 "https://2-createawebsite.com/in-respect-to-wordpress-this-article-has-great-advice-2/" "Mozilla/5.0 AppleWebKit/537.36 (KHTML, like Gecko; compatible; GPTBot/1.3; +https://openai.com/gptbot)"
74.7.241.55 - - [19/May/2026:23:47:05 +0000] "GET /elementary-knowledge-in-regards-to-wordpress-youll-love/ HTTP/1.1" 200 14642 "https://2-createawebsite.com/use-wordpress-to-start-blogging-right-away-2/" "Mozilla/5.0 AppleWebKit/537.36 (KHTML, like Gecko; compatible; GPTBot/1.3; +https://openai.com/gptbot)"
74.7.241.55 - - [19/May/2026:23:47:06 +0000] "GET /what-you-need-to-know-about-using-wordpress-5/ HTTP/1.1" 200 14708 "https://2-createawebsite.com/getting-what-you-need-from-wordpress-tips-and-tricks/" "Mozilla/5.0 AppleWebKit/537.36 (KHTML, like Gecko; compatible; GPTBot/1.3; +https://openai.com/gptbot)"
74.7.241.55 - - [19/May/2026:23:47:07 +0000] "GET /news-sitemap.xml HTTP/1.1" 200 312 "-" "Mozilla/5.0 AppleWebKit/537.36 (KHTML, like Gecko; compatible; GPTBot/1.3; +https://openai.com/gptbot)"
74.7.241.55 - - [19/May/2026:23:47:08 +0000] "GET /page/3/ HTTP/1.1" 200 13986 "https://2-createawebsite.com/page/2/" "Mozilla/5.0 AppleWebKit/537.36 (KHTML, like Gecko; compatible; GPTBot/1.3; +https://openai.com/gptbot)"
74.7.241.55 - - [19/May/2026:23:47:09 +0000] "GET /what-you-need-to-know-about-using-wordpress/ HTTP/1.1" 200 15019 "https://2-createawebsite.com/simple-tips-to-help-you-understand-wordpress-2/" "Mozilla/5.0 AppleWebKit/537.36 (KHTML, like Gecko; compatible; GPTBot/1.3; +https://openai.com/gptbot)"
74.7.241.55 - - [19/May/2026:23:47:10 +0000] "GET /tag/blog-post/ HTTP/1.1" 200 12058 "https://2-createawebsite.com/top-tips-regarding-wordpress-youll-love-to-learn/" "Mozilla/5.0 AppleWebKit/537.36 (KHTML, like Gecko; compatible; GPTBot/1.3; +https://openai.com/gptbot)"
74.7.241.55 - - [19/May/2026:23:47:10 +0000] "GET /everything-there-is-to-know-about-wordpress-4/ HTTP/1.1" 200 14357 "https://2-createawebsite.com/confused-about-wordpress-these-tips-can-help-4/" "Mozilla/5.0 AppleWebKit/537.36 (KHTML, like Gecko; compatible; GPTBot/1.3; +https://openai.com/gptbot)"
114.119.146.219 - - [19/May/2026:23:47:44 +0000] "GET /want-expert-advice-on-wordpress-read-this-article-2/?share=x HTTP/1.1" 302 - "https://2-createawebsite.com/want-expert-advice-on-wordpress-read-this-article-2/" "Mozilla/5.0 (Linux; Android 7.0;) AppleWebKit/537.36 (HTML, like Gecko) Mobile Safari/537.36 (compatible; PetalBot;+https://webmaster.petalsearch.com/site/petalbot)"
81.24.199.229 - - [19/May/2026:23:48:08 +0000] "<?xml version=\"1.0\"?>\n" 404 32144 "-" "-"
184.94.212.206 - - [19/May/2026:23:50:32 +0000] "POST /wp-cron.php?doing_wp_cron=1779234632.5212309360504150390625 HTTP/1.1" 200 - "-" "WordPress/6.9.4; https://2-createawebsite.com"
192.0.102.230 - - [19/May/2026:23:50:31 +0000] "HEAD / HTTP/1.1" 200 - "-" "jetmon/1.0 (Jetpack Site Uptime Monitor by WordPress.com)"
47.128.55.192 - - [19/May/2026:23:52:22 +0000] "-" 408 - "-" "-"
57.141.2.36 - - [19/May/2026:23:52:21 +0000] "GET /get-the-most-from-your-blogging-experience-with-these-wordpress-tips/ HTTP/1.1" 200 55289 "-" "meta-externalagent/1.1 (+https://developers.facebook.com/docs/sharing/webmasters/crawler)"
34.91.116.85 - - [19/May/2026:23:54:32 +0000] "GET / HTTP/1.1" 301 - "-" "Scrapy/2.13.4 (+https://scrapy.org)"
34.91.116.85 - - [19/May/2026:23:54:34 +0000] "GET / HTTP/1.1" 200 13671 "-" "Scrapy/2.13.4 (+https://scrapy.org)"
192.0.102.230 - - [19/May/2026:23:55:31 +0000] "HEAD / HTTP/1.1" 200 - "-" "jetmon/1.0 (Jetpack Site Uptime Monitor by WordPress.com)"
47.128.55.232 - - [19/May/2026:23:56:25 +0000] "-" 408 - "-" "-"
46.151.178.13 - - [19/May/2026:23:59:27 +0000] "PROPFIND / HTTP/1.1" 200 77710 "http://184.94.212.206:443/" "-"
184.94.212.206 - - [20/May/2026:00:01:42 +0000] "POST /wp-cron.php?doing_wp_cron=1779235302.6096539497375488281250 HTTP/1.1" 200 - "-" "WordPress/6.9.4; https://2-createawebsite.com"
57.141.2.53 - - [20/May/2026:00:01:41 +0000] "GET /wordpress-tips-tricks-and-advice-straight-from-the-experts/ HTTP/1.1" 200 53775 "-" "meta-externalagent/1.1 (+https://developers.facebook.com/docs/sharing/webmasters/crawler)"
192.0.102.230 - - [20/May/2026:00:05:37 +0000] "HEAD / HTTP/1.1" 200 - "-" "jetmon/1.0 (Jetpack Site Uptime Monitor by WordPress.com)"
184.94.212.206 - - [20/May/2026:00:06:42 +0000] "POST /wp-cron.php?doing_wp_cron=1779235602.0378448963165283203125 HTTP/1.1" 200 - "-" "WordPress/6.9.4; https://2-createawebsite.com"
57.141.2.40 - - [20/May/2026:00:06:40 +0000] "GET /terrific-advice-for-making-wordpress-work-for-you-3/ HTTP/1.1" 200 54218 "-" "meta-externalagent/1.1 (+https://developers.facebook.com/docs/sharing/webmasters/crawler)"
47.128.42.107 - - [20/May/2026:00:06:56 +0000] "-" 408 - "-" "-"
47.128.42.107 - - [20/May/2026:00:06:56 +0000] "-" 408 - "-" "-"
192.0.102.230 - - [20/May/2026:00:10:37 +0000] "HEAD / HTTP/1.1" 200 - "-" "jetmon/1.0 (Jetpack Site Uptime Monitor by WordPress.com)"
184.94.212.206 - - [20/May/2026:00:10:55 +0000] "POST /wp-cron.php?doing_wp_cron=1779235855.0964429378509521484375 HTTP/1.1" 200 - "-" "WordPress/6.9.4; https://2-createawebsite.com"
129.226.151.24 - - [20/May/2026:00:10:54 +0000] "GET / HTTP/1.1" 200 13670 "-" "Mozilla/5.0 (iPhone; CPU iPhone OS 13_2_3 like Mac OS X) AppleWebKit/605.1.15 (KHTML, like Gecko) Version/13.0.3 Mobile/15E148 Safari/604.1"
192.0.102.230 - - [20/May/2026:00:15:34 +0000] "HEAD / HTTP/1.1" 200 - "-" "jetmon/1.0 (Jetpack Site Uptime Monitor by WordPress.com)"
137.184.226.250 - - [20/May/2026:00:16:35 +0000] "GET / HTTP/1.0" 400 76979 "-" "-"
47.128.117.46 - - [20/May/2026:00:20:12 +0000] "-" 408 - "-" "-"
184.94.212.206 - - [20/May/2026:00:21:03 +0000] "POST /wp-cron.php?doing_wp_cron=1779236463.3916029930114746093750 HTTP/1.1" 200 - "-" "WordPress/6.9.4; https://2-createawebsite.com"
114.119.146.109 - - [20/May/2026:00:21:02 +0000] "GET /want-expert-advice-on-wordpress-read-this-article-2/?share=facebook HTTP/1.1" 302 - "https://2-createawebsite.com/want-expert-advice-on-wordpress-read-this-article-2/" "Mozilla/5.0 (Linux; Android 7.0;) AppleWebKit/537.36 (HTML, like Gecko) Mobile Safari/537.36 (compatible; PetalBot;+https://webmaster.petalsearch.com/site/petalbot)"
85.208.96.202 - - [20/May/2026:00:21:20 +0000] "GET /53e8dc424853b108f5d08460962d317f153fc3e45656734e77267adc93_640-jpg/ HTTP/1.1" 200 11482 "-" "Mozilla/5.0 (compatible; SemrushBot/7~bl; +http://www.semrush.com/bot.html)"
98.87.169.57 - - [20/May/2026:00:21:50 +0000] "GET /ads.txt HTTP/1.1" 200 58 "-" "Mozilla/5.0 (Windows NT 10.0; Win64; x64) AppleWebKit/537.36 (KHTML, like Gecko) Chrome/124.0.0.0 Safari/537.36"
3.91.89.222 - - [20/May/2026:00:22:49 +0000] "GET /ads.txt HTTP/1.1" 200 58 "-" "Mozilla/5.0 (Windows NT 10.0; Win64; x64) AppleWebKit/537.36 (KHTML, like Gecko) Chrome/124.0.0.0 Safari/537.36"
47.128.41.64 - - [20/May/2026:00:22:55 +0000] "-" 408 - "-" "-"
47.128.41.64 - - [20/May/2026:00:22:55 +0000] "-" 408 - "-" "-"
192.0.102.230 - - [20/May/2026:00:25:34 +0000] "HEAD / HTTP/1.1" 200 - "-" "jetmon/1.0 (Jetpack Site Uptime Monitor by WordPress.com)"
195.234.109.138 - - [20/May/2026:00:28:40 +0000] "GET /wp-content/uploads/2024/02/cropped-Onaolapo-Adeyemi-Profile-Picture3.jpg HTTP/1.1" 200 42037 "-" "Photon/1.0"
184.94.212.206 - - [20/May/2026:00:30:38 +0000] "POST /wp-cron.php?doing_wp_cron=1779237038.8098831176757812500000 HTTP/1.1" 200 - "-" "WordPress/6.9.4; https://2-createawebsite.com"
192.0.102.230 - - [20/May/2026:00:30:37 +0000] "HEAD / HTTP/1.1" 200 - "-" "jetmon/1.0 (Jetpack Site Uptime Monitor by WordPress.com)"
144.76.19.27 - - [20/May/2026:00:32:22 +0000] "GET /robots.txt HTTP/1.1" 200 125 "-" "Mozilla/5.0 (compatible; SERankingBacklinksBot/1.0; +https://seranking.com/backlinks-crawler)"
144.76.19.27 - - [20/May/2026:00:32:23 +0000] "GET /blog-like-a-pro-tips-and-tricks-for-using-wordpress/?share=x HTTP/1.1" 302 - "-" "Mozilla/5.0 (compatible; SERankingBacklinksBot/1.0; +https://seranking.com/backlinks-crawler)"
144.76.19.27 - - [20/May/2026:00:32:28 +0000] "GET /great-tips-and-tricks-for-blogging-with-wordpress-2/?share=x HTTP/1.1" 302 - "-" "Mozilla/5.0 (compatible; SERankingBacklinksBot/1.0; +https://seranking.com/backlinks-crawler)"
144.76.19.27 - - [20/May/2026:00:32:32 +0000] "GET /need-help-with-wordpress-this-article-can-help/?share=facebook HTTP/1.1" 302 - "-" "Mozilla/5.0 (compatible; SERankingBacklinksBot/1.0; +https://seranking.com/backlinks-crawler)"
144.76.19.27 - - [20/May/2026:00:32:38 +0000] "GET /simple-tips-to-help-you-understand-wordpress-2/?share=facebook HTTP/1.1" 302 - "-" "Mozilla/5.0 (compatible; SERankingBacklinksBot/1.0; +https://seranking.com/backlinks-crawler)"
144.76.19.27 - - [20/May/2026:00:32:42 +0000] "GET /having-trouble-with-wordpress-check-out-these-tips/?share=facebook HTTP/1.1" 302 - "-" "Mozilla/5.0 (compatible; SERankingBacklinksBot/1.0; +https://seranking.com/backlinks-crawler)"
144.76.19.27 - - [20/May/2026:00:32:47 +0000] "GET /blog-like-a-pro-tips-and-tricks-for-using-wordpress/?share=facebook HTTP/1.1" 302 - "-" "Mozilla/5.0 (compatible; SERankingBacklinksBot/1.0; +https://seranking.com/backlinks-crawler)"
144.76.19.27 - - [20/May/2026:00:32:51 +0000] "GET /great-tips-and-tricks-for-blogging-with-wordpress-2/?share=facebook HTTP/1.1" 302 - "-" "Mozilla/5.0 (compatible; SERankingBacklinksBot/1.0; +https://seranking.com/backlinks-crawler)"
144.76.19.27 - - [20/May/2026:00:32:55 +0000] "GET /how-to-create-and-sell-websites-on-flippa-for-profit/how-to-create-and-sell-websites-on-flippa-for-profit-2/?share=x HTTP/1.1" 302 - "-" "Mozilla/5.0 (compatible; SERankingBacklinksBot/1.0; +https://seranking.com/backlinks-crawler)"
144.76.19.27 - - [20/May/2026:00:33:00 +0000] "GET /how-to-create-and-sell-websites-on-flippa-for-profit/how-to-create-and-sell-websites-on-flippa-for-profit-2/?share=facebook HTTP/1.1" 302 - "-" "Mozilla/5.0 (compatible; SERankingBacklinksBot/1.0; +https://seranking.com/backlinks-crawler)"
98.87.169.57 - - [20/May/2026:00:33:05 +0000] "GET /ads.txt HTTP/1.1" 200 58 "-" "Mozilla/5.0 (Windows NT 10.0; Win64; x64) AppleWebKit/537.36 (KHTML, like Gecko) Chrome/124.0.0.0 Safari/537.36"
45.139.122.80 - - [20/May/2026:00:33:38 +0000] "GET /cgi-bin/luci/;stok=/locale HTTP/1.1" 301 - "-" "-"
45.139.122.80 - - [20/May/2026:00:33:39 +0000] "GET /cgi-bin/luci/;stok=/locale HTTP/1.1" 404 32179 "https://184.94.212.206:443/cgi-bin/luci/;stok=/locale" "-"
192.0.102.230 - - [20/May/2026:00:35:34 +0000] "HEAD / HTTP/1.1" 200 - "-" "jetmon/1.0 (Jetpack Site Uptime Monitor by WordPress.com)"
47.128.55.22 - - [20/May/2026:00:36:25 +0000] "-" 408 - "-" "-"
184.94.212.206 - - [20/May/2026:00:36:58 +0000] "POST /wp-cron.php?doing_wp_cron=1779237418.4877440929412841796875 HTTP/1.1" 200 - "-" "WordPress/6.9.4; https://2-createawebsite.com"
104.168.37.255 - - [20/May/2026:00:36:57 +0000] "GET /see-how-simple-website-design-can-be/ HTTP/1.1" 301 - "-" "Mozilla/5.0 (Linux; Android 11; SM-S901B) AppleWebKit/537.36 (KHTML, like Gecko) Chrome/112.0.0.0 Mobile Safari/537.36"
192.3.50.9 - - [20/May/2026:00:37:07 +0000] "GET /see-how-simple-website-design-can-be/ HTTP/1.1" 301 - "-" "Mozilla/5.0 (Android 13; Mobile; rv:98.0) Gecko/98.0 Firefox/98.0"
104.165.82.148 - - [20/May/2026:00:37:13 +0000] "GET /see-how-simple-website-design-can-be/ HTTP/1.1" 301 - "-" "Mozilla/5.0 (Linux; Android 9; SM-S901B) AppleWebKit/537.36 (KHTML, like Gecko) Chrome/112.0.0.0 Mobile Safari/537.36"
104.168.42.80 - - [20/May/2026:00:37:17 +0000] "GET /see-how-simple-website-design-can-be/ HTTP/1.1" 301 - "-" "Mozilla/5.0 (Linux; Android 11; SM-S901B) AppleWebKit/537.36 (KHTML, like Gecko) Chrome/112.0.0.0 Mobile Safari/537.36"
199.34.14.229 - - [20/May/2026:00:37:49 +0000] "GET /see-how-simple-website-design-can-be/ HTTP/1.1" 301 - "https://2-createawebsite.com/" "Mozilla/5.0 (Linux; Android 10; K) AppleWebKit/537.36 (KHTML, like Gecko) SamsungBrowser/26.0 Chrome/122.0.0.0 Mobile Safari/537.36"
154.28.254.152 - - [20/May/2026:00:37:56 +0000] "GET /see-how-simple-website-design-can-be/ HTTP/1.1" 301 - "https://2-createawebsite.com/" "Mozilla/5.0 (Android 13; Mobile; rv:98.0) Gecko/98.0 Firefox/98.0"
154.17.110.21 - - [20/May/2026:00:38:00 +0000] "GET /see-how-simple-website-design-can-be/ HTTP/1.1" 301 - "https://2-createawebsite.com/" "Mozilla/5.0 (Linux; Android 10; K) AppleWebKit/537.36 (KHTML, like Gecko) Chrome/126.0.0.0 Mobile Safari/537.36 EdgA/126.0.0.0"
107.172.14.45 - - [20/May/2026:00:38:03 +0000] "GET /see-how-simple-website-design-can-be/ HTTP/1.1" 301 - "-" "Mozilla/5.0 (Linux; Android 10; K) AppleWebKit/537.36 (KHTML, like Gecko) Chrome/119.0.0.0 Mobile Safari/537.36"
68.235.236.168 - - [20/May/2026:00:38:36 +0000] "GET / HTTP/1.1" 301 - "https://2-createawebsite.com/" "Mozilla/5.0 (Linux; Android 10; K) AppleWebKit/537.36 (KHTML, like Gecko) Chrome/127.0.0.0 Mobile Safari/537.36 OPR/84.0.0.0"
68.235.236.168 - - [20/May/2026:00:38:38 +0000] "GET / HTTP/1.1" 200 13670 "https://2-createawebsite.com/" "Mozilla/5.0 (Linux; Android 10; K) AppleWebKit/537.36 (KHTML, like Gecko) Chrome/127.0.0.0 Mobile Safari/537.36 OPR/84.0.0.0"
68.235.236.168 - - [20/May/2026:00:38:40 +0000] "GET /see-how-simple-website-design-can-be/ HTTP/1.1" 301 - "https://2-createawebsite.com/" "Mozilla/5.0 (Linux; Android 10; K) AppleWebKit/537.36 (KHTML, like Gecko) Chrome/127.0.0.0 Mobile Safari/537.36 OPR/84.0.0.0"
192.0.102.230 - - [20/May/2026:00:40:36 +0000] "HEAD / HTTP/1.1" 200 - "-" "jetmon/1.0 (Jetpack Site Uptime Monitor by WordPress.com)"
184.94.212.206 - - [20/May/2026:00:41:01 +0000] "POST /wp-cron.php?doing_wp_cron=1779237661.8421790599822998046875 HTTP/1.1" 200 - "-" "WordPress/6.9.4; https://2-createawebsite.com"
57.141.2.53 - - [20/May/2026:00:41:01 +0000] "GET /cropped-onaolapo-adeyemi-profile-picture3-jpg/ HTTP/1.1" 200 46103 "-" "meta-externalagent/1.1 (+https://developers.facebook.com/docs/sharing/webmasters/crawler)"
192.0.102.230 - - [20/May/2026:00:45:35 +0000] "HEAD / HTTP/1.1" 200 - "-" "jetmon/1.0 (Jetpack Site Uptime Monitor by WordPress.com)"
145.223.131.25 - - [20/May/2026:00:46:15 +0000] "GET /in-dealing-with-wordpress-we-provide-the-top-tips/?share=x HTTP/1.1" 302 - "-" "Mozilla/5.0 (Macintosh; Intel Mac OS X 10_15_7) AppleWebKit/537.36 (KHTML, like Gecko) Chrome/120.0.0.0 Safari/537.36"
184.94.212.206 - - [20/May/2026:00:48:52 +0000] "POST /wp-cron.php?doing_wp_cron=1779238132.4278030395507812500000 HTTP/1.1" 200 - "-" "WordPress/6.9.4; https://2-createawebsite.com"
184.94.212.206 - - [20/May/2026:00:48:51 +0000] "POST /?wordfence_syncAttackData=1779238131.692 HTTP/1.1" 200 - "-" "WordPress/6.9.4; https://2-createawebsite.com"
195.178.110.242 - - [20/May/2026:00:48:50 +0000] "GET /wp-content/plugins/smtp-mailer/readme.txt HTTP/1.1" 404 32194 "https://www.2-createawebsite.primemusicproductions.com/wp-login.php" "Mozilla/5.0 (Linux; Android 6.0.1; Nexus 5X Build/MMB29P) AppleWebKit/537.36 (KHTML, like Gecko) Chrome/125.0.0.0 Mobile Safari/537.36 (compatible; Googlebot/2.1; +http://www.google.com/bot.html)"
57.141.2.7 - - [20/May/2026:00:49:06 +0000] "GET /seeking-knowledge-about-wordpress-you-need-to-read-this-article/ HTTP/1.1" 200 53956 "-" "meta-externalagent/1.1 (+https://developers.facebook.com/docs/sharing/webmasters/crawler)"
192.0.102.230 - - [20/May/2026:00:50:30 +0000] "HEAD / HTTP/1.1" 200 - "-" "jetmon/1.0 (Jetpack Site Uptime Monitor by WordPress.com)"
