MOON
Server: Apache
System: Linux server1.primemusicproductions.com 4.18.0-477.27.2.el8_8.x86_64 #1 SMP Fri Sep 29 08:21:01 EDT 2023 x86_64
User: primrwxj (1001)
PHP: 8.3.3
Disabled: NONE
Upload Files
File: /home/primrwxj/access-logs/2-createawebsite.primemusicproductions.com-ssl_log
66.249.66.169 - - [19/May/2026:18:17:52 +0000] "GET /robots.txt HTTP/1.1" 200 125 "-" "Mozilla/5.0 (compatible; Googlebot/2.1; +http://www.google.com/bot.html)"
103.215.74.60 - - [19/May/2026:18:18:31 +0000] "POST / HTTP/1.1" 503 685 "-" "Mozilla/5.0 (Windows NT 10.0; Win64; x64) AppleWebKit/537.36"
103.215.74.60 - - [19/May/2026:18:18:34 +0000] "POST / HTTP/1.1" 503 685 "-" "Mozilla/5.0 (Windows NT 10.0; Win64; x64) AppleWebKit/537.36"
184.94.212.206 - - [19/May/2026:18:18:40 +0000] "GET / HTTP/1.1" 200 13671 "-" "WordPress/6.9.4; http://2-createawebsite.com"
184.94.212.206 - - [19/May/2026:18:18:41 +0000] "GET / HTTP/1.1" 200 13671 "-" "WordPress/6.9.4; http://2-createawebsite.com"
184.94.212.206 - - [19/May/2026:22:20:37 +0000] "POST /wp-cron.php?doing_wp_cron=1779229237.6674129962921142578125 HTTP/1.1" 200 - "-" "WordPress/6.9.4; https://2-createawebsite.com"
184.94.212.206 - - [19/May/2026:22:20:37 +0000] "GET /wp-json/jetpack/v4/sync/spawn-sync?time=1779229237 HTTP/1.1" 200 37 "-" "WordPress/6.9.4; https://2-createawebsite.com"
192.0.102.230 - - [19/May/2026:22:20:35 +0000] "HEAD / HTTP/1.1" 200 - "-" "jetmon/1.0 (Jetpack Site Uptime Monitor by WordPress.com)"
184.94.212.206 - - [19/May/2026:22:20:38 +0000] "GET /wp-admin/admin-ajax.php?action=wordfence_doScan&isFork=1&scanMode=standard&cronKey=ecd540cc67da0f1ab1eef39948456fba&signature=dc138d21dac3b44ee443c91d72d31d8d02043197d561cff05ea8d06853c9094e HTTP/1.1" 200 - "-" "WordPress/6.9.4; https://2-createawebsite.com"
66.249.66.160 - - [19/May/2026:22:20:52 +0000] "GET /ads.txt HTTP/1.1" 200 58 "-" "Google-adstxt"
184.94.212.206 - - [19/May/2026:22:21:03 +0000] "POST /wp-cron.php?doing_wp_cron=1779229263.2348780632019042968750 HTTP/1.1" 200 - "-" "WordPress/6.9.4; https://2-createawebsite.com"
5.198.77.224 - - [19/May/2026:22:21:01 +0000] "GET /blog/page/17/ HTTP/1.1" 301 - "-" "Mozilla/5.0 (Macintosh; Intel Mac OS X 10_15_7) AppleWebKit/537.36 (KHTML, like Gecko) Chrome/128.0.6613.36 Safari/537.36"
5.198.77.224 - - [19/May/2026:22:21:03 +0000] "GET /blog-like-a-pro-tips-and-tricks-for-using-wordpress/ HTTP/1.1" 200 14686 "-" "Mozilla/5.0 (Macintosh; Intel Mac OS X 10_15_7) AppleWebKit/537.36 (KHTML, like Gecko) Chrome/128.0.6613.36 Safari/537.36"
184.94.212.206 - - [19/May/2026:22:23:52 +0000] "POST /wp-cron.php?doing_wp_cron=1779229432.9720070362091064453125 HTTP/1.1" 200 - "-" "WordPress/6.9.4; https://2-createawebsite.com"
184.94.212.206 - - [19/May/2026:22:23:53 +0000] "GET /wp-json/jetpack/v4/sync/spawn-sync?time=1779229433&request_lock_id=e262c88f-b442-44a2-bffd-8e1a21a8c92a HTTP/1.1" 200 37 "-" "WordPress/6.9.4; https://2-createawebsite.com"
57.141.2.6 - - [19/May/2026:22:23:51 +0000] "GET /great-tips-for-getting-more-out-of-wordpress-3/ HTTP/1.1" 200 54565 "-" "meta-externalagent/1.1 (+https://developers.facebook.com/docs/sharing/webmasters/crawler)"
184.94.212.206 - - [19/May/2026:22:25:32 +0000] "POST /wp-cron.php?doing_wp_cron=1779229532.2936980724334716796875 HTTP/1.1" 200 - "-" "WordPress/6.9.4; https://2-createawebsite.com"
192.0.102.230 - - [19/May/2026:22:25:31 +0000] "HEAD / HTTP/1.1" 200 - "-" "jetmon/1.0 (Jetpack Site Uptime Monitor by WordPress.com)"
47.128.52.114 - - [19/May/2026:22:26:46 +0000] "-" 408 - "-" "-"
47.128.52.114 - - [19/May/2026:22:26:46 +0000] "-" 408 - "-" "-"
184.94.212.206 - - [19/May/2026:22:26:51 +0000] "POST /wp-cron.php?doing_wp_cron=1779229611.3472929000854492187500 HTTP/1.1" 200 - "-" "WordPress/6.9.4; https://2-createawebsite.com"
57.141.2.67 - - [19/May/2026:22:26:50 +0000] "GET /copyright-dcma-notice/ HTTP/1.1" 200 55304 "-" "meta-externalagent/1.1 (+https://developers.facebook.com/docs/sharing/webmasters/crawler)"
47.128.111.145 - - [19/May/2026:22:27:11 +0000] "-" 408 - "-" "-"
47.128.111.145 - - [19/May/2026:22:27:11 +0000] "-" 408 - "-" "-"
57.141.2.41 - - [19/May/2026:22:29:38 +0000] "GET /simple-steps-to-help-you-better-understand-wordpress-3/ HTTP/1.1" 200 55056 "-" "meta-externalagent/1.1 (+https://developers.facebook.com/docs/sharing/webmasters/crawler)"
144.76.19.27 - - [19/May/2026:22:29:39 +0000] "GET /robots.txt HTTP/1.1" 200 125 "-" "Mozilla/5.0 (compatible; SERankingBacklinksBot/1.0; +https://seranking.com/backlinks-crawler)"
144.76.19.27 - - [19/May/2026:22:29:40 +0000] "GET /terrific-advice-for-making-wordpress-work-for-you-2/?share=facebook HTTP/1.1" 302 - "-" "Mozilla/5.0 (compatible; SERankingBacklinksBot/1.0; +https://seranking.com/backlinks-crawler)"
144.76.19.27 - - [19/May/2026:22:29:48 +0000] "GET /tips-and-tricks-for-getting-the-most-from-wordpress/?share=facebook HTTP/1.1" 302 - "-" "Mozilla/5.0 (compatible; SERankingBacklinksBot/1.0; +https://seranking.com/backlinks-crawler)"
144.76.19.27 - - [19/May/2026:22:29:53 +0000] "GET /wordpress-have-you-confused-try-these-ideas-today-2/?share=facebook HTTP/1.1" 302 - "-" "Mozilla/5.0 (compatible; SERankingBacklinksBot/1.0; +https://seranking.com/backlinks-crawler)"
144.76.19.27 - - [19/May/2026:22:30:09 +0000] "GET /for-super-secrets-about-wordpress-this-article-is-it/?share=facebook HTTP/1.1" 302 - "-" "Mozilla/5.0 (compatible; SERankingBacklinksBot/1.0; +https://seranking.com/backlinks-crawler)"
144.76.19.27 - - [19/May/2026:22:30:18 +0000] "GET /having-trouble-with-wordpress-check-out-these-tips-2/?share=facebook HTTP/1.1" 302 - "-" "Mozilla/5.0 (compatible; SERankingBacklinksBot/1.0; +https://seranking.com/backlinks-crawler)"
144.76.19.27 - - [19/May/2026:22:30:30 +0000] "GET /intriguing-strategies-in-regards-to-wordpress-you-can-learn/?share=x HTTP/1.1" 302 - "-" "Mozilla/5.0 (compatible; SERankingBacklinksBot/1.0; +https://seranking.com/backlinks-crawler)"
192.0.102.230 - - [19/May/2026:22:30:33 +0000] "HEAD / HTTP/1.1" 200 - "-" "jetmon/1.0 (Jetpack Site Uptime Monitor by WordPress.com)"
144.76.19.27 - - [19/May/2026:22:30:39 +0000] "GET /in-respect-to-wordpress-this-article-has-great-advice/?share=facebook HTTP/1.1" 302 - "-" "Mozilla/5.0 (compatible; SERankingBacklinksBot/1.0; +https://seranking.com/backlinks-crawler)"
144.76.19.27 - - [19/May/2026:22:30:43 +0000] "GET /dont-know-where-to-start-with-wordpress-these-tips-can-help-3/?share=x HTTP/1.1" 302 - "-" "Mozilla/5.0 (compatible; SERankingBacklinksBot/1.0; +https://seranking.com/backlinks-crawler)"
47.128.119.120 - - [19/May/2026:22:30:50 +0000] "-" 408 - "-" "-"
47.128.119.120 - - [19/May/2026:22:30:50 +0000] "-" 408 - "-" "-"
184.94.212.206 - - [19/May/2026:22:30:57 +0000] "POST /wp-cron.php?doing_wp_cron=1779229857.3160340785980224609375 HTTP/1.1" 200 - "-" "WordPress/6.9.4; https://2-createawebsite.com"
144.76.19.27 - - [19/May/2026:22:30:56 +0000] "GET /for-super-secrets-about-wordpress-this-article-is-it-4/?share=facebook HTTP/1.1" 302 - "-" "Mozilla/5.0 (compatible; SERankingBacklinksBot/1.0; +https://seranking.com/backlinks-crawler)"
144.76.19.27 - - [19/May/2026:22:31:05 +0000] "GET /simple-steps-to-help-you-better-understand-wordpress-2/?share=facebook HTTP/1.1" 302 - "-" "Mozilla/5.0 (compatible; SERankingBacklinksBot/1.0; +https://seranking.com/backlinks-crawler)"
144.76.19.27 - - [19/May/2026:22:31:09 +0000] "GET /in-respect-to-wordpress-this-article-has-great-advice-2/?share=facebook HTTP/1.1" 302 - "-" "Mozilla/5.0 (compatible; SERankingBacklinksBot/1.0; +https://seranking.com/backlinks-crawler)"
144.76.19.27 - - [19/May/2026:22:31:23 +0000] "GET /in-respect-to-wordpress-this-article-has-great-advice-3/?share=facebook HTTP/1.1" 302 - "-" "Mozilla/5.0 (compatible; SERankingBacklinksBot/1.0; +https://seranking.com/backlinks-crawler)"
144.76.19.27 - - [19/May/2026:22:31:28 +0000] "GET /looking-to-improve-your-wordpress-skills-try-these-tips/?share=facebook HTTP/1.1" 302 - "-" "Mozilla/5.0 (compatible; SERankingBacklinksBot/1.0; +https://seranking.com/backlinks-crawler)"
144.76.19.27 - - [19/May/2026:22:31:47 +0000] "GET /relating-to-wordpress-the-secrets-in-this-article-are-priceless-3/?share=x HTTP/1.1" 302 - "-" "Mozilla/5.0 (compatible; SERankingBacklinksBot/1.0; +https://seranking.com/backlinks-crawler)"
144.76.19.27 - - [19/May/2026:22:31:55 +0000] "GET /what-about-this-article-regarding-wordpress-has-experts-trembling/?share=x HTTP/1.1" 302 - "-" "Mozilla/5.0 (compatible; SERankingBacklinksBot/1.0; +https://seranking.com/backlinks-crawler)"
144.76.19.27 - - [19/May/2026:22:32:04 +0000] "GET /intriguing-strategies-in-regards-to-wordpress-you-can-learn/?share=facebook HTTP/1.1" 302 - "-" "Mozilla/5.0 (compatible; SERankingBacklinksBot/1.0; +https://seranking.com/backlinks-crawler)"
144.76.19.27 - - [19/May/2026:22:32:09 +0000] "GET /page/7/ HTTP/1.1" 200 13949 "-" "Mozilla/5.0 (compatible; SERankingBacklinksBot/1.0; +https://seranking.com/backlinks-crawler)"
144.76.19.27 - - [19/May/2026:22:32:18 +0000] "GET /tag/popular-blog/ HTTP/1.1" 200 11094 "-" "Mozilla/5.0 (compatible; SERankingBacklinksBot/1.0; +https://seranking.com/backlinks-crawler)"
144.76.19.27 - - [19/May/2026:22:32:22 +0000] "GET /tag/include-keywords/ HTTP/1.1" 200 11097 "-" "Mozilla/5.0 (compatible; SERankingBacklinksBot/1.0; +https://seranking.com/backlinks-crawler)"
144.76.19.27 - - [19/May/2026:22:32:28 +0000] "GET /tag/search-engine/page/6/ HTTP/1.1" 200 13351 "-" "Mozilla/5.0 (compatible; SERankingBacklinksBot/1.0; +https://seranking.com/backlinks-crawler)"
144.76.19.27 - - [19/May/2026:22:32:42 +0000] "GET /author/2-createawebsite/page/6/ HTTP/1.1" 200 13671 "-" "Mozilla/5.0 (compatible; SERankingBacklinksBot/1.0; +https://seranking.com/backlinks-crawler)"
144.76.19.27 - - [19/May/2026:22:32:46 +0000] "GET /category/create-a-website/page/7/ HTTP/1.1" 200 13814 "-" "Mozilla/5.0 (compatible; SERankingBacklinksBot/1.0; +https://seranking.com/backlinks-crawler)"
144.76.19.27 - - [19/May/2026:22:32:56 +0000] "GET /using-wordpress-to-create-your-own-blog/?share=x HTTP/1.1" 302 - "-" "Mozilla/5.0 (compatible; SERankingBacklinksBot/1.0; +https://seranking.com/backlinks-crawler)"
144.76.19.27 - - [19/May/2026:22:33:01 +0000] "GET /helpful-advice-on-getting-the-most-from-wordpress/ HTTP/1.1" 200 14571 "-" "Mozilla/5.0 (compatible; SERankingBacklinksBot/1.0; +https://seranking.com/backlinks-crawler)"
144.76.19.27 - - [19/May/2026:22:33:06 +0000] "GET /use-wordpress-to-start-blogging-right-away/?share=x HTTP/1.1" 302 - "-" "Mozilla/5.0 (compatible; SERankingBacklinksBot/1.0; +https://seranking.com/backlinks-crawler)"
144.76.19.27 - - [19/May/2026:22:33:11 +0000] "GET /need-help-with-wordpress-this-article-can-help/?share=x HTTP/1.1" 302 - "-" "Mozilla/5.0 (compatible; SERankingBacklinksBot/1.0; +https://seranking.com/backlinks-crawler)"
144.76.19.27 - - [19/May/2026:22:33:15 +0000] "GET /simple-tips-to-help-you-understand-wordpress-2/?share=x HTTP/1.1" 302 - "-" "Mozilla/5.0 (compatible; SERankingBacklinksBot/1.0; +https://seranking.com/backlinks-crawler)"
144.76.19.27 - - [19/May/2026:22:33:20 +0000] "GET /using-wordpress-to-create-your-own-blog/?share=facebook HTTP/1.1" 302 - "-" "Mozilla/5.0 (compatible; SERankingBacklinksBot/1.0; +https://seranking.com/backlinks-crawler)"
144.76.19.27 - - [19/May/2026:22:33:24 +0000] "GET /trying-to-figure-out-wordpress-try-these-tips-and-tricks/ HTTP/1.1" 200 15755 "-" "Mozilla/5.0 (compatible; SERankingBacklinksBot/1.0; +https://seranking.com/backlinks-crawler)"
144.76.19.27 - - [19/May/2026:22:33:29 +0000] "GET /use-wordpress-to-start-blogging-right-away/?share=facebook HTTP/1.1" 302 - "-" "Mozilla/5.0 (compatible; SERankingBacklinksBot/1.0; +https://seranking.com/backlinks-crawler)"
144.76.19.27 - - [19/May/2026:22:33:33 +0000] "GET /having-trouble-with-wordpress-check-out-these-tips/?share=x HTTP/1.1" 302 - "-" "Mozilla/5.0 (compatible; SERankingBacklinksBot/1.0; +https://seranking.com/backlinks-crawler)"
192.0.102.230 - - [19/May/2026:22:35:34 +0000] "HEAD / HTTP/1.1" 200 - "-" "jetmon/1.0 (Jetpack Site Uptime Monitor by WordPress.com)"
47.128.55.46 - - [19/May/2026:22:36:18 +0000] "-" 408 - "-" "-"
47.128.55.46 - - [19/May/2026:22:36:18 +0000] "-" 408 - "-" "-"
184.94.212.206 - - [19/May/2026:22:36:30 +0000] "POST /wp-cron.php?doing_wp_cron=1779230190.4022789001464843750000 HTTP/1.1" 200 - "-" "WordPress/6.9.4; https://2-createawebsite.com"
198.163.207.24 - - [19/May/2026:22:36:29 +0000] "POST /cgi-bin/.%2e/.%2e/.%2e/.%2e/.%2e/.%2e/.%2e/.%2e/.%2e/.%2e/bin/sh HTTP/1.1" 301 - "-" "libredtail-http"
57.141.2.59 - - [19/May/2026:22:37:26 +0000] "GET /high-quality-wordpress-tips-straight-from-the-experts/ HTTP/1.1" 200 53604 "-" "meta-externalagent/1.1 (+https://developers.facebook.com/docs/sharing/webmasters/crawler)"
77.68.9.24 - - [19/May/2026:22:38:48 +0000] "GET /images/images/cache.php HTTP/1.1" 403 6627 "www.google.com" "Mozlila/5.0 (Linux; Android 7.0; SM-G892A Bulid/NRD90M; wv) AppleWebKit/537.36 (KHTML, like Gecko) Version/4.0 Chrome/60.0.3112.107 Moblie Safari/537.36"
184.94.212.206 - - [19/May/2026:22:39:57 +0000] "POST /?wordfence_syncAttackData=1779230397.8216 HTTP/1.1" 200 - "-" "WordPress/6.9.4; https://2-createawebsite.com"
45.139.122.80 - - [19/May/2026:22:39:57 +0000] "GET /cgi-bin/luci/;stok=/locale HTTP/1.1" 301 - "-" "-"
45.139.122.80 - - [19/May/2026:22:39:59 +0000] "GET /cgi-bin/luci/;stok=/locale HTTP/1.1" 404 32179 "https://184.94.212.206:443/cgi-bin/luci/;stok=/locale" "-"
192.0.102.230 - - [19/May/2026:22:40:30 +0000] "HEAD / HTTP/1.1" 200 - "-" "jetmon/1.0 (Jetpack Site Uptime Monitor by WordPress.com)"
184.94.212.206 - - [19/May/2026:22:41:02 +0000] "POST /wp-cron.php?doing_wp_cron=1779230462.1813280582427978515625 HTTP/1.1" 200 - "-" "WordPress/6.9.4; https://2-createawebsite.com"
114.119.133.134 - - [19/May/2026:22:41:01 +0000] "GET /want-expert-advice-on-wordpress-read-this-article-2?share=x HTTP/1.1" 302 - "https://2-createawebsite.com/want-expert-advice-on-wordpress-read-this-article-2" "Mozilla/5.0 (Linux; Android 7.0;) AppleWebKit/537.36 (HTML, like Gecko) Mobile Safari/537.36 (compatible; PetalBot;+https://webmaster.petalsearch.com/site/petalbot)"
52.167.144.59 - - [19/May/2026:22:41:52 +0000] "GET /robots.txt HTTP/1.1" 200 125 "-" "Mozilla/5.0 AppleWebKit/537.36 (KHTML, like Gecko; compatible; bingbot/2.0; +http://www.bing.com/bingbot.htm) Chrome/116.0.1938.76 Safari/537.36"
40.77.167.126 - - [19/May/2026:22:42:02 +0000] "GET /news-sitemap.xml HTTP/1.1" 200 312 "-" "Mozilla/5.0 AppleWebKit/537.36 (KHTML, like Gecko; compatible; bingbot/2.0; +http://www.bing.com/bingbot.htm) Chrome/116.0.1938.76 Safari/537.36"
141.164.91.175 - - [19/May/2026:22:44:46 +0000] "GET / HTTP/1.1" 200 13670 "-" "Mozilla/5.0 (X11; Ubuntu; Linux x86_64; rv:147.0) Gecko/20100101 Firefox/147.0"
141.164.91.175 - - [19/May/2026:22:44:54 +0000] "GET /wp-login.php HTTP/1.1" 200 4365 "https://2-createawebsite.com/" "Mozilla/5.0 (Windows NT 6.3; Win64; x64) AppleWebKit/537.36 (KHTML, like Gecko) Chrome/103.0.0.0 Safari/537.36"
141.164.91.175 - - [19/May/2026:22:44:55 +0000] "GET /wp-login.php HTTP/1.1" 200 4365 "https://2-createawebsite.com/wp-login.php" "Mozilla/5.0 (Windows NT 6.3; Win64; x64) AppleWebKit/537.36 (KHTML, like Gecko) Chrome/103.0.0.0 Safari/537.36"
141.164.91.175 - - [19/May/2026:22:44:57 +0000] "POST /wp-login.php?jetpack-protect-recovery=true HTTP/1.1" 200 4332 "https://2-createawebsite.com/wp-login.php" "Mozilla/5.0 (Windows NT 6.3; Win64; x64) AppleWebKit/537.36 (KHTML, like Gecko) Chrome/103.0.0.0 Safari/537.36"
184.94.212.206 - - [19/May/2026:22:45:00 +0000] "POST /wp-cron.php?doing_wp_cron=1779230700.8034141063690185546875 HTTP/1.1" 200 - "-" "WordPress/6.9.4; https://2-createawebsite.com"
141.164.91.175 - - [19/May/2026:22:44:59 +0000] "GET / HTTP/1.1" 200 13671 "https://2-createawebsite.com/wp-login.php" "Mozilla/5.0 (Windows NT 6.3; Win64; x64) AppleWebKit/537.36 (KHTML, like Gecko) Chrome/103.0.0.0 Safari/537.36"
141.164.91.175 - - [19/May/2026:22:45:01 +0000] "GET /xmlrpc.php HTTP/1.1" 404 8238 "https://2-createawebsite.com/" "Mozilla/5.0 (Windows NT 6.3; Win64; x64) AppleWebKit/537.36 (KHTML, like Gecko) Chrome/103.0.0.0 Safari/537.36"
141.164.91.175 - - [19/May/2026:22:45:03 +0000] "GET / HTTP/1.1" 200 13670 "https://2-createawebsite.com/xmlrpc.php" "Mozilla/5.0 (Windows NT 6.3; Win64; x64) AppleWebKit/537.36 (KHTML, like Gecko) Chrome/103.0.0.0 Safari/537.36"
141.164.91.175 - - [19/May/2026:22:45:06 +0000] "GET /wp-admin/post-new.php HTTP/1.1" 302 - "https://2-createawebsite.com/" "Mozilla/5.0 (Windows NT 6.3; Win64; x64) AppleWebKit/537.36 (KHTML, like Gecko) Chrome/103.0.0.0 Safari/537.36"
141.164.91.175 - - [19/May/2026:22:45:08 +0000] "GET /wp-login.php?redirect_to=https%3A%2F%2F2-createawebsite.com%2Fwp-admin%2Fpost-new.php&reauth=1 HTTP/1.1" 200 4406 "https://2-createawebsite.com/wp-admin/post-new.php" "Mozilla/5.0 (Windows NT 6.3; Win64; x64) AppleWebKit/537.36 (KHTML, like Gecko) Chrome/103.0.0.0 Safari/537.36"
192.0.102.230 - - [19/May/2026:22:45:30 +0000] "HEAD / HTTP/1.1" 200 - "-" "jetmon/1.0 (Jetpack Site Uptime Monitor by WordPress.com)"
46.151.178.13 - - [19/May/2026:22:45:45 +0000] "PROPFIND / HTTP/1.1" 200 77710 "http://184.94.212.206:443/" "-"
47.128.58.61 - - [19/May/2026:22:47:07 +0000] "-" 408 - "-" "-"
57.141.2.39 - - [19/May/2026:22:48:13 +0000] "GET /helpful-advice-on-getting-the-most-from-wordpress-5/ HTTP/1.1" 200 53667 "-" "meta-externalagent/1.1 (+https://developers.facebook.com/docs/sharing/webmasters/crawler)"
47.128.55.228 - - [19/May/2026:22:48:22 +0000] "-" 408 - "-" "-"
184.94.212.206 - - [19/May/2026:22:48:36 +0000] "POST /wp-cron.php?doing_wp_cron=1779230916.4606399536132812500000 HTTP/1.1" 200 - "-" "WordPress/6.9.4; https://2-createawebsite.com"
199.45.155.81 - - [19/May/2026:22:48:35 +0000] "GET / HTTP/1.1" 200 13642 "-" "Mozilla/5.0 (compatible; CensysInspect/1.1; +https://about.censys.io/)"
199.45.155.81 - - [19/May/2026:22:48:37 +0000] "GET /favicon.ico HTTP/1.1" 302 - "-" "Mozilla/5.0 (compatible; CensysInspect/1.1; +https://about.censys.io/)"
199.45.155.81 - - [19/May/2026:22:48:54 +0000] "GET /security.txt HTTP/1.1" 404 8243 "-" "Mozilla/5.0 (compatible; CensysInspect/1.1; +https://about.censys.io/)"
192.0.102.230 - - [19/May/2026:22:50:35 +0000] "HEAD / HTTP/1.1" 200 - "-" "jetmon/1.0 (Jetpack Site Uptime Monitor by WordPress.com)"
184.94.212.206 - - [19/May/2026:22:51:42 +0000] "POST /wp-cron.php?doing_wp_cron=1779231102.3358190059661865234375 HTTP/1.1" 200 - "-" "WordPress/6.9.4; https://2-createawebsite.com"
44.242.10.134 - - [19/May/2026:22:51:40 +0000] "<?xml version=\"1.0\"?>\n" 404 32144 "-" "-"
47.128.117.78 - - [19/May/2026:22:51:58 +0000] "-" 408 - "-" "-"
47.128.117.78 - - [19/May/2026:22:51:58 +0000] "-" 408 - "-" "-"
47.128.55.192 - - [19/May/2026:22:52:23 +0000] "-" 408 - "-" "-"
192.0.102.230 - - [19/May/2026:22:55:32 +0000] "HEAD / HTTP/1.1" 200 - "-" "jetmon/1.0 (Jetpack Site Uptime Monitor by WordPress.com)"
184.94.212.206 - - [19/May/2026:22:56:48 +0000] "POST /wp-cron.php?doing_wp_cron=1779231408.0701000690460205078125 HTTP/1.1" 200 - "-" "WordPress/6.9.4; https://2-createawebsite.com"
57.141.2.25 - - [19/May/2026:22:56:46 +0000] "GET /52e5d7414354a914f6da8c7dda793278143fdef852547649772e79d39049_640-jpg/ HTTP/1.1" 200 45669 "-" "meta-externalagent/1.1 (+https://developers.facebook.com/docs/sharing/webmasters/crawler)"
57.141.2.66 - - [19/May/2026:22:58:05 +0000] "GET /simple-tips-to-help-you-understand-wordpress-2/ HTTP/1.1" 200 53219 "-" "meta-externalagent/1.1 (+https://developers.facebook.com/docs/sharing/webmasters/crawler)"
74.91.222.44 - - [19/May/2026:22:59:46 +0000] "<?xml version=\"1.0\"?>\n" 404 32144 "-" "-"
192.0.102.230 - - [19/May/2026:23:00:32 +0000] "HEAD / HTTP/1.1" 200 - "-" "jetmon/1.0 (Jetpack Site Uptime Monitor by WordPress.com)"
184.94.212.206 - - [19/May/2026:23:02:06 +0000] "POST /wp-cron.php?doing_wp_cron=1779231726.3866629600524902343750 HTTP/1.1" 200 - "-" "WordPress/6.9.4; https://2-createawebsite.com"
57.141.2.64 - - [19/May/2026:23:02:04 +0000] "GET /top-tips-and-tricks-to-use-wordpress-2/ HTTP/1.1" 200 55358 "-" "meta-externalagent/1.1 (+https://developers.facebook.com/docs/sharing/webmasters/crawler)"
57.141.2.24 - - [19/May/2026:23:03:01 +0000] "GET /need-help-learning-wordpress-these-tips-were-meant-for-you/ HTTP/1.1" 200 56993 "-" "meta-externalagent/1.1 (+https://developers.facebook.com/docs/sharing/webmasters/crawler)"
46.32.255.52 - - [19/May/2026:23:03:40 +0000] "<?xml version=\"1.0\"?>\n" 404 32144 "-" "-"
192.0.102.230 - - [19/May/2026:23:05:37 +0000] "HEAD / HTTP/1.1" 200 - "-" "jetmon/1.0 (Jetpack Site Uptime Monitor by WordPress.com)"
184.94.212.206 - - [19/May/2026:23:06:11 +0000] "POST /wp-cron.php?doing_wp_cron=1779231971.1790490150451660156250 HTTP/1.1" 200 - "-" "WordPress/6.9.4; https://2-createawebsite.com"
57.141.2.59 - - [19/May/2026:23:06:09 +0000] "GET /5ee6d041435bb108f5d08460962d317f153fc3e456577848742a79d296_640-jpg/ HTTP/1.1" 200 45611 "-" "meta-externalagent/1.1 (+https://developers.facebook.com/docs/sharing/webmasters/crawler)"
116.179.32.234 - - [19/May/2026:23:09:32 +0000] "GET /having-trouble-with-wordpress-check-out-these-tips/ HTTP/1.1" 200 14754 "-" "Mozilla/5.0 (compatible; Baiduspider/2.0; +http://www.baidu.com/search/spider.html)"
192.0.118.212 - - [19/May/2026:23:09:45 +0000] "GET /wp-content/uploads/2019/11/52e2dc444d50ab14f6da8c7dda793278143fdef85254764a74287fd49e4b_640.jpg HTTP/1.1" 404 32190 "-" "Photon/1.0"
165.227.90.109 - - [19/May/2026:23:09:47 +0000] "GET /how-to-design-a-great-web-site/R0lGODlhAQABAIAAAAAAAP/yH5BAEAAAAALAAAAAABAAEAAAIBRAA7 HTTP/1.1" 404 8299 "https://2-createawebsite.com/" "Mozilla/5.0 (Windows NT 10.0; Win64; x64) AppleWebKit/537.36 (KHTML, like Gecko) Chrome/108.0.0.0 Safari/537.36"
192.0.100.203 - - [19/May/2026:23:09:48 +0000] "GET /wp-content/uploads/2019/09/54e5d644495bad14f6da8c7dda793278143fdef852547741702a7ed0944b_640.jpg HTTP/1.1" 404 32190 "-" "Photon/1.0"
192.0.112.212 - - [19/May/2026:23:09:49 +0000] "GET /wp-content/uploads/2019/09/54e5d644495bad14f6da8c7dda793278143fdef852547741702a7ed0944b_640.jpg HTTP/1.1" 404 32190 "-" "Photon/1.0"
14.240.218.156 - - [19/May/2026:23:09:50 +0000] "GET /how-to-design-a-great-web-site/R0lGODlhAQABAIAAAAAAAP/yH5BAEAAAAALAAAAAABAAEAAAIBRAA7 HTTP/1.1" 404 8299 "https://2-createawebsite.com/" "Mozilla/5.0 (Windows NT 10.0; Win64; x64) AppleWebKit/537.36 (KHTML, like Gecko) Chrome/108.0.0.0 Safari/537.36"
57.141.2.25 - - [19/May/2026:23:10:24 +0000] "GET /wordpress-have-you-confused-try-these-ideas-today/ HTTP/1.1" 200 55649 "-" "meta-externalagent/1.1 (+https://developers.facebook.com/docs/sharing/webmasters/crawler)"
192.0.102.230 - - [19/May/2026:23:10:39 +0000] "HEAD / HTTP/1.1" 200 - "-" "jetmon/1.0 (Jetpack Site Uptime Monitor by WordPress.com)"
47.128.22.228 - - [19/May/2026:23:12:34 +0000] "-" 408 - "-" "-"
184.94.212.206 - - [19/May/2026:23:12:43 +0000] "POST /wp-cron.php?doing_wp_cron=1779232363.2005310058593750000000 HTTP/1.1" 200 - "-" "WordPress/6.9.4; https://2-createawebsite.com"
57.141.2.24 - - [19/May/2026:23:12:41 +0000] "GET /dont-know-where-to-start-with-wordpress-these-tips-can-help-3/ HTTP/1.1" 200 53932 "-" "meta-externalagent/1.1 (+https://developers.facebook.com/docs/sharing/webmasters/crawler)"
114.119.145.7 - - [19/May/2026:23:14:21 +0000] "GET /want-expert-advice-on-wordpress-read-this-article-2?share=facebook HTTP/1.1" 302 - "https://2-createawebsite.com/want-expert-advice-on-wordpress-read-this-article-2" "Mozilla/5.0 (Linux; Android 7.0;) AppleWebKit/537.36 (HTML, like Gecko) Mobile Safari/537.36 (compatible; PetalBot;+https://webmaster.petalsearch.com/site/petalbot)"
192.0.102.230 - - [19/May/2026:23:15:43 +0000] "HEAD / HTTP/1.1" 200 - "-" "jetmon/1.0 (Jetpack Site Uptime Monitor by WordPress.com)"
184.94.212.206 - - [19/May/2026:23:18:55 +0000] "POST /wp-cron.php?doing_wp_cron=1779232735.4510591030120849609375 HTTP/1.1" 200 - "-" "WordPress/6.9.4; https://2-createawebsite.com"
57.141.2.48 - - [19/May/2026:23:18:54 +0000] "GET /top-tips-and-tricks-to-use-wordpress/ HTTP/1.1" 200 56692 "-" "meta-externalagent/1.1 (+https://developers.facebook.com/docs/sharing/webmasters/crawler)"
47.128.124.137 - - [19/May/2026:23:19:25 +0000] "GET /blog/ HTTP/1.1" 301 - "-" "Mozilla/5.0 (Linux; Android 5.0) AppleWebKit/537.36 (KHTML, like Gecko) Mobile Safari/537.36 (compatible; Bytespider; spider-feedback@bytedance.com)"
47.128.124.137 - - [19/May/2026:23:19:27 +0000] "GET /blog-like-a-pro-tips-and-tricks-for-using-wordpress/ HTTP/1.1" 200 14685 "-" "Mozilla/5.0 (Linux; Android 5.0) AppleWebKit/537.36 (KHTML, like Gecko) Mobile Safari/537.36 (compatible; Bytespider; spider-feedback@bytedance.com)"
47.128.124.137 - - [19/May/2026:23:19:28 +0000] "GET /wp-content/themes/signify/style.css?ver=20260103-12350 HTTP/1.1" 200 51251 "https://2-createawebsite.com/blog-like-a-pro-tips-and-tricks-for-using-wordpress/" "Mozilla/5.0 (Linux; Android 5.0) AppleWebKit/537.36 (KHTML, like Gecko) Mobile Safari/537.36 (compatible; Bytespider; spider-feedback@bytedance.com)"
47.128.124.137 - - [19/May/2026:23:19:29 +0000] "GET /wp-content/themes/signify/css/blocks.css?ver=1.0 HTTP/1.1" 200 3194 "https://2-createawebsite.com/blog-like-a-pro-tips-and-tricks-for-using-wordpress/" "Mozilla/5.0 (Linux; Android 5.0) AppleWebKit/537.36 (KHTML, like Gecko) Mobile Safari/537.36 (compatible; Bytespider; spider-feedback@bytedance.com)"
47.128.124.137 - - [19/May/2026:23:19:29 +0000] "GET /wp-content/themes/signify-education/assets/css/child-blocks.css?ver=20260103-12349 HTTP/1.1" 200 378 "https://2-createawebsite.com/blog-like-a-pro-tips-and-tricks-for-using-wordpress/" "Mozilla/5.0 (Linux; Android 5.0) AppleWebKit/537.36 (KHTML, like Gecko) Mobile Safari/537.36 (compatible; Bytespider; spider-feedback@bytedance.com)"
47.128.124.137 - - [19/May/2026:23:19:29 +0000] "GET /wp-content/themes/signify-education/style.css?ver=20260103-12349 HTTP/1.1" 200 3467 "https://2-createawebsite.com/blog-like-a-pro-tips-and-tricks-for-using-wordpress/" "Mozilla/5.0 (Linux; Android 5.0) AppleWebKit/537.36 (KHTML, like Gecko) Mobile Safari/537.36 (compatible; Bytespider; spider-feedback@bytedance.com)"
47.128.124.137 - - [19/May/2026:23:19:29 +0000] "GET /wp-content/fonts/b3bf202777806a0a97792dd5a26c47ec.css HTTP/1.1" 200 1697 "https://2-createawebsite.com/blog-like-a-pro-tips-and-tricks-for-using-wordpress/" "Mozilla/5.0 (Linux; Android 5.0) AppleWebKit/537.36 (KHTML, like Gecko) Mobile Safari/537.36 (compatible; Bytespider; spider-feedback@bytedance.com)"
47.128.124.137 - - [19/May/2026:23:19:29 +0000] "GET /wp-content/themes/signify/css/font-awesome/css/all.min.css?ver=6.7.2 HTTP/1.1" 200 21501 "https://2-createawebsite.com/blog-like-a-pro-tips-and-tricks-for-using-wordpress/" "Mozilla/5.0 (Linux; Android 5.0) AppleWebKit/537.36 (KHTML, like Gecko) Mobile Safari/537.36 (compatible; Bytespider; spider-feedback@bytedance.com)"
57.141.2.44 - - [19/May/2026:23:19:42 +0000] "GET /adsense-disclaimer/ HTTP/1.1" 200 48600 "-" "meta-externalagent/1.1 (+https://developers.facebook.com/docs/sharing/webmasters/crawler)"
184.94.212.206 - - [19/May/2026:23:20:42 +0000] "POST /wp-cron.php?doing_wp_cron=1779232842.6204290390014648437500 HTTP/1.1" 200 - "-" "WordPress/6.9.4; https://2-createawebsite.com"
192.0.102.230 - - [19/May/2026:23:20:41 +0000] "HEAD / HTTP/1.1" 200 - "-" "jetmon/1.0 (Jetpack Site Uptime Monitor by WordPress.com)"
184.94.212.206 - - [19/May/2026:23:23:21 +0000] "POST /wp-cron.php?doing_wp_cron=1779233001.6551849842071533203125 HTTP/1.1" 200 - "-" "WordPress/6.9.4; https://2-createawebsite.com"
52.167.144.59 - - [19/May/2026:23:23:20 +0000] "GET /robots.txt HTTP/1.1" 301 - "-" "Mozilla/5.0 AppleWebKit/537.36 (KHTML, like Gecko; compatible; bingbot/2.0; +http://www.bing.com/bingbot.htm) Chrome/116.0.1938.76 Safari/537.36"
52.167.144.59 - - [19/May/2026:23:23:21 +0000] "GET /robots.txt HTTP/1.1" 200 125 "-" "Mozilla/5.0 AppleWebKit/537.36 (KHTML, like Gecko; compatible; bingbot/2.0; +http://www.bing.com/bingbot.htm) Chrome/116.0.1938.76 Safari/537.36"
40.77.167.136 - - [19/May/2026:23:23:26 +0000] "GET /sitemap.xml HTTP/1.1" 200 213 "-" "Mozilla/5.0 AppleWebKit/537.36 (KHTML, like Gecko; compatible; bingbot/2.0; +http://www.bing.com/bingbot.htm) Chrome/116.0.1938.76 Safari/537.36"
47.128.124.137 - - [19/May/2026:23:24:30 +0000] "-" 408 - "-" "-"
47.128.124.137 - - [19/May/2026:23:24:30 +0000] "-" 408 - "-" "-"
47.128.124.137 - - [19/May/2026:23:24:30 +0000] "-" 408 - "-" "-"
192.0.114.52 - - [19/May/2026:23:24:38 +0000] "GET /wp-content/uploads/2019/10/55e1d64a4b5bab14f6da8c7dda793278143fdef852547649742d7ad2964d_640.jpg HTTP/1.1" 404 32190 "-" "Photon/1.0"
192.0.102.230 - - [19/May/2026:23:25:35 +0000] "HEAD / HTTP/1.1" 200 - "-" "jetmon/1.0 (Jetpack Site Uptime Monitor by WordPress.com)"
184.94.212.206 - - [19/May/2026:23:30:38 +0000] "POST /wp-cron.php?doing_wp_cron=1779233438.3395938873291015625000 HTTP/1.1" 200 - "-" "WordPress/6.9.4; https://2-createawebsite.com"
192.0.102.230 - - [19/May/2026:23:30:37 +0000] "HEAD / HTTP/1.1" 200 - "-" "jetmon/1.0 (Jetpack Site Uptime Monitor by WordPress.com)"
184.94.212.206 - - [19/May/2026:23:31:40 +0000] "POST /wp-cron.php?doing_wp_cron=1779233500.6567850112915039062500 HTTP/1.1" 200 - "-" "WordPress/6.9.4; https://2-createawebsite.com"
77.75.76.166 - - [19/May/2026:23:31:39 +0000] "GET /robots.txt HTTP/1.1" 200 125 "-" "Mozilla/5.0 (compatible; SeznamBot/4.0; +https://o-seznam.cz/napoveda/vyhledavani/en/seznambot-crawler/)"
77.75.76.166 - - [19/May/2026:23:31:39 +0000] "GET /great-tips-and-tricks-for-blogging-with-wordpress-5/ HTTP/1.1" 200 15005 "-" "Mozilla/5.0 (compatible; SeznamBot/4.0; +https://o-seznam.cz/napoveda/vyhledavani/en/seznambot-crawler/)"
192.0.116.210 - - [19/May/2026:23:33:32 +0000] "GET /wp-content/uploads/2019/10/54e6d24a4854af14f6da8c7dda793278143fdef8525476497c2978dd974a_640.jpg HTTP/1.1" 404 32190 "-" "Photon/1.0"
57.141.2.28 - - [19/May/2026:23:34:32 +0000] "GET /top-tips-and-advice-for-working-with-wordpress/ HTTP/1.1" 200 54822 "-" "meta-externalagent/1.1 (+https://developers.facebook.com/docs/sharing/webmasters/crawler)"
47.128.42.12 - - [19/May/2026:23:34:55 +0000] "-" 408 - "-" "-"
192.0.102.230 - - [19/May/2026:23:35:31 +0000] "HEAD / HTTP/1.1" 200 - "-" "jetmon/1.0 (Jetpack Site Uptime Monitor by WordPress.com)"
184.94.212.206 - - [19/May/2026:23:38:30 +0000] "POST /wp-cron.php?doing_wp_cron=1779233910.7315061092376708984375 HTTP/1.1" 200 - "-" "WordPress/6.9.4; https://2-createawebsite.com"
57.141.2.41 - - [19/May/2026:23:38:29 +0000] "GET /high-quality-wordpress-tips-straight-from-the-experts-2/ HTTP/1.1" 200 54814 "-" "meta-externalagent/1.1 (+https://developers.facebook.com/docs/sharing/webmasters/crawler)"
192.0.102.230 - - [19/May/2026:23:40:30 +0000] "HEAD / HTTP/1.1" 200 - "-" "jetmon/1.0 (Jetpack Site Uptime Monitor by WordPress.com)"
103.253.42.130 - - [19/May/2026:23:40:58 +0000] "GET / HTTP/1.0" 400 76979 "-" "-"
86.216.20.200 - - [19/May/2026:23:42:01 +0000] "GET /blog/page/7/ HTTP/1.1" 301 - "-" "Mozilla/5.0 (Macintosh; Intel Mac OS X 15_2_0) AppleWebKit/537.36 (KHTML, like Gecko) Chrome/133.0.6943.53 Safari/537.36"
86.216.20.200 - - [19/May/2026:23:42:02 +0000] "GET /blog-like-a-pro-tips-and-tricks-for-using-wordpress/ HTTP/1.1" 200 14684 "-" "Mozilla/5.0 (Macintosh; Intel Mac OS X 15_2_0) AppleWebKit/537.36 (KHTML, like Gecko) Chrome/133.0.6943.53 Safari/537.36"
57.141.2.70 - - [19/May/2026:23:42:52 +0000] "GET /wordpress-power-get-the-most-from-your-blog-2/ HTTP/1.1" 200 54267 "-" "meta-externalagent/1.1 (+https://developers.facebook.com/docs/sharing/webmasters/crawler)"
74.7.241.186 - - [19/May/2026:23:44:09 +0000] "GET /robots.txt HTTP/1.1" 200 125 "-" "Mozilla/5.0 (Macintosh; Intel Mac OS X 10_15_7) AppleWebKit/537.36 (KHTML, like Gecko) Chrome/131.0.0.0 Safari/537.36; compatible; OAI-SearchBot/1.3; robots.txt; +https://openai.com/searchbot"
74.7.228.48 - - [19/May/2026:23:44:10 +0000] "GET /robots.txt HTTP/1.1" 200 125 "-" "Mozilla/5.0 (Macintosh; Intel Mac OS X 10_15_7) AppleWebKit/537.36 (KHTML, like Gecko) Chrome/131.0.0.0 Safari/537.36; compatible; OAI-SearchBot/1.3; robots.txt; +https://openai.com/searchbot"
74.7.242.5 - - [19/May/2026:23:44:13 +0000] "GET / HTTP/1.1" 200 13642 "-" "Mozilla/5.0 AppleWebKit/537.36 (KHTML, like Gecko; compatible; GPTBot/1.3; +https://openai.com/gptbot)"
74.7.241.55 - - [19/May/2026:23:44:15 +0000] "GET /simple-secrets-about-wordpress-you-need-to-know-2/ HTTP/1.1" 200 14677 "https://www.2-createawebsite.primemusicproductions.com" "Mozilla/5.0 AppleWebKit/537.36 (KHTML, like Gecko; compatible; GPTBot/1.3; +https://openai.com/gptbot)"
74.7.241.55 - - [19/May/2026:23:44:18 +0000] "GET /author/2-createawebsite/ HTTP/1.1" 200 13565 "https://www.2-createawebsite.primemusicproductions.com" "Mozilla/5.0 AppleWebKit/537.36 (KHTML, like Gecko; compatible; GPTBot/1.3; +https://openai.com/gptbot)"
74.7.241.55 - - [19/May/2026:23:44:21 +0000] "GET /fantastic-tricks-relating-to-wordpress-which-are-easy-to-learn/ HTTP/1.1" 200 15673 "https://www.2-createawebsite.primemusicproductions.com" "Mozilla/5.0 AppleWebKit/537.36 (KHTML, like Gecko; compatible; GPTBot/1.3; +https://openai.com/gptbot)"
74.7.241.55 - - [19/May/2026:23:44:24 +0000] "GET /helpful-hints-for-using-wordpress-successfully-3/ HTTP/1.1" 200 14093 "https://www.2-createawebsite.primemusicproductions.com" "Mozilla/5.0 AppleWebKit/537.36 (KHTML, like Gecko; compatible; GPTBot/1.3; +https://openai.com/gptbot)"
74.7.241.55 - - [19/May/2026:23:44:26 +0000] "GET /wp-content/themes/signify/style.css?ver=20260103-12350 HTTP/1.1" 200 51251 "https://www.2-createawebsite.primemusicproductions.com" "Mozilla/5.0 AppleWebKit/537.36 (KHTML, like Gecko; compatible; GPTBot/1.3; +https://openai.com/gptbot)"
74.7.241.55 - - [19/May/2026:23:44:28 +0000] "GET /adsense-disclaimer/ HTTP/1.1" 200 12827 "https://www.2-createawebsite.primemusicproductions.com" "Mozilla/5.0 AppleWebKit/537.36 (KHTML, like Gecko; compatible; GPTBot/1.3; +https://openai.com/gptbot)"
74.7.241.55 - - [19/May/2026:23:44:30 +0000] "GET /anti-spam-policy/ HTTP/1.1" 200 12965 "https://www.2-createawebsite.primemusicproductions.com" "Mozilla/5.0 AppleWebKit/537.36 (KHTML, like Gecko; compatible; GPTBot/1.3; +https://openai.com/gptbot)"
74.7.241.55 - - [19/May/2026:23:44:31 +0000] "GET /copyright-dcma-notice/ HTTP/1.1" 200 14999 "https://www.2-createawebsite.primemusicproductions.com" "Mozilla/5.0 AppleWebKit/537.36 (KHTML, like Gecko; compatible; GPTBot/1.3; +https://openai.com/gptbot)"
74.7.241.55 - - [19/May/2026:23:44:33 +0000] "GET /tips-and-tricks-for-improving-your-wordpress-skills-3/ HTTP/1.1" 200 15503 "https://www.2-createawebsite.primemusicproductions.com" "Mozilla/5.0 AppleWebKit/537.36 (KHTML, like Gecko; compatible; GPTBot/1.3; +https://openai.com/gptbot)"
74.7.241.55 - - [19/May/2026:23:44:35 +0000] "GET /great-tips-for-getting-more-out-of-wordpress-5/ HTTP/1.1" 200 15045 "https://www.2-createawebsite.primemusicproductions.com" "Mozilla/5.0 AppleWebKit/537.36 (KHTML, like Gecko; compatible; GPTBot/1.3; +https://openai.com/gptbot)"
74.206.180.196 - - [19/May/2026:23:44:35 +0000] "<?xml version=\"1.0\"?>\n" 404 32144 "-" "-"
74.7.241.55 - - [19/May/2026:23:44:36 +0000] "GET /how-to-maximize-your-experience-while-using-wordpress/ HTTP/1.1" 200 14898 "https://www.2-createawebsite.primemusicproductions.com" "Mozilla/5.0 AppleWebKit/537.36 (KHTML, like Gecko; compatible; GPTBot/1.3; +https://openai.com/gptbot)"
74.7.241.55 - - [19/May/2026:23:44:37 +0000] "GET /great-tips-about-wordpress-that-anyone-can-use/ HTTP/1.1" 200 14674 "https://www.2-createawebsite.primemusicproductions.com" "Mozilla/5.0 AppleWebKit/537.36 (KHTML, like Gecko; compatible; GPTBot/1.3; +https://openai.com/gptbot)"
74.7.241.55 - - [19/May/2026:23:44:38 +0000] "GET /terms-of-use/ HTTP/1.1" 200 13642 "https://www.2-createawebsite.primemusicproductions.com" "Mozilla/5.0 AppleWebKit/537.36 (KHTML, like Gecko; compatible; GPTBot/1.3; +https://openai.com/gptbot)"
74.7.241.55 - - [19/May/2026:23:44:39 +0000] "GET /tag/alternate-text/ HTTP/1.1" 200 12070 "https://2-createawebsite.com/fantastic-tricks-relating-to-wordpress-which-are-easy-to-learn/" "Mozilla/5.0 AppleWebKit/537.36 (KHTML, like Gecko; compatible; GPTBot/1.3; +https://openai.com/gptbot)"
74.7.241.55 - - [19/May/2026:23:44:40 +0000] "GET /outstanding-ideas-relating-to-wordpress-you-need-2/ HTTP/1.1" 200 14798 "https://www.2-createawebsite.primemusicproductions.com" "Mozilla/5.0 AppleWebKit/537.36 (KHTML, like Gecko; compatible; GPTBot/1.3; +https://openai.com/gptbot)"
74.7.241.55 - - [19/May/2026:23:44:41 +0000] "GET /top-tips-and-tricks-to-use-wordpress-3/ HTTP/1.1" 200 14408 "https://www.2-createawebsite.primemusicproductions.com" "Mozilla/5.0 AppleWebKit/537.36 (KHTML, like Gecko; compatible; GPTBot/1.3; +https://openai.com/gptbot)"
74.7.241.55 - - [19/May/2026:23:44:42 +0000] "GET /top-tips-and-tricks-to-use-wordpress-4/ HTTP/1.1" 200 14686 "https://www.2-createawebsite.primemusicproductions.com" "Mozilla/5.0 AppleWebKit/537.36 (KHTML, like Gecko; compatible; GPTBot/1.3; +https://openai.com/gptbot)"
74.7.241.55 - - [19/May/2026:23:44:44 +0000] "GET /affiliate-disclosure/ HTTP/1.1" 200 12551 "https://www.2-createawebsite.primemusicproductions.com" "Mozilla/5.0 AppleWebKit/537.36 (KHTML, like Gecko; compatible; GPTBot/1.3; +https://openai.com/gptbot)"
74.7.241.55 - - [19/May/2026:23:44:45 +0000] "GET /privacy-policy/ HTTP/1.1" 200 14423 "https://www.2-createawebsite.primemusicproductions.com" "Mozilla/5.0 AppleWebKit/537.36 (KHTML, like Gecko; compatible; GPTBot/1.3; +https://openai.com/gptbot)"
74.7.241.55 - - [19/May/2026:23:44:46 +0000] "GET /members/ HTTP/1.1" 200 10561 "https://www.2-createawebsite.primemusicproductions.com" "Mozilla/5.0 AppleWebKit/537.36 (KHTML, like Gecko; compatible; GPTBot/1.3; +https://openai.com/gptbot)"
74.7.241.55 - - [19/May/2026:23:44:47 +0000] "GET /author/ HTTP/1.1" 404 8241 "https://2-createawebsite.com/author/2-createawebsite/" "Mozilla/5.0 AppleWebKit/537.36 (KHTML, like Gecko; compatible; GPTBot/1.3; +https://openai.com/gptbot)"
74.7.241.55 - - [19/May/2026:23:44:48 +0000] "GET /about/ HTTP/1.1" 200 12901 "https://www.2-createawebsite.primemusicproductions.com" "Mozilla/5.0 AppleWebKit/537.36 (KHTML, like Gecko; compatible; GPTBot/1.3; +https://openai.com/gptbot)"
74.7.241.55 - - [19/May/2026:23:44:49 +0000] "GET /feed/ HTTP/1.1" 200 19376 "https://www.2-createawebsite.primemusicproductions.com" "Mozilla/5.0 AppleWebKit/537.36 (KHTML, like Gecko; compatible; GPTBot/1.3; +https://openai.com/gptbot)"
74.7.241.55 - - [19/May/2026:23:44:50 +0000] "GET /xmlrpc.php?rsd HTTP/1.1" 404 8237 "https://www.2-createawebsite.primemusicproductions.com" "Mozilla/5.0 AppleWebKit/537.36 (KHTML, like Gecko; compatible; GPTBot/1.3; +https://openai.com/gptbot)"
74.7.241.55 - - [19/May/2026:23:44:51 +0000] "GET /dont-know-where-to-start-with-wordpress-these-tips-can-help/ HTTP/1.1" 200 14632 "https://2-createawebsite.com/tag/alternate-text/" "Mozilla/5.0 AppleWebKit/537.36 (KHTML, like Gecko; compatible; GPTBot/1.3; +https://openai.com/gptbot)"
74.7.241.55 - - [19/May/2026:23:44:52 +0000] "GET /the-ins-and-outs-of-working-with-wordpress/ HTTP/1.1" 200 15200 "https://2-createawebsite.com/outstanding-ideas-relating-to-wordpress-you-need-2/" "Mozilla/5.0 AppleWebKit/537.36 (KHTML, like Gecko; compatible; GPTBot/1.3; +https://openai.com/gptbot)"
74.7.241.55 - - [19/May/2026:23:44:53 +0000] "GET /top-tips-and-tricks-to-use-wordpress/ HTTP/1.1" 200 15787 "https://2-createawebsite.com/tag/alternate-text/" "Mozilla/5.0 AppleWebKit/537.36 (KHTML, like Gecko; compatible; GPTBot/1.3; +https://openai.com/gptbot)"
74.7.241.55 - - [19/May/2026:23:44:54 +0000] "GET /wp-content/plugins/google-site-kit/dist/assets/js/googlesitekit-consent-mode-da15714e8829855bb7ce.js HTTP/1.1" 200 25462 "https://www.2-createawebsite.primemusicproductions.com" "Mozilla/5.0 AppleWebKit/537.36 (KHTML, like Gecko; compatible; GPTBot/1.3; +https://openai.com/gptbot)"
74.7.241.55 - - [19/May/2026:23:44:54 +0000] "GET /wp-includes/js/mediaelement/mejs-controls.svg HTTP/1.1" 200 1413 "https://2-createawebsite.com/wp-content/themes/signify/style.css?ver=20260103-12350" "Mozilla/5.0 AppleWebKit/537.36 (KHTML, like Gecko; compatible; GPTBot/1.3; +https://openai.com/gptbot)"
74.7.241.55 - - [19/May/2026:23:44:55 +0000] "GET /page/2/ HTTP/1.1" 200 13993 "https://www.2-createawebsite.primemusicproductions.com" "Mozilla/5.0 AppleWebKit/537.36 (KHTML, like Gecko; compatible; GPTBot/1.3; +https://openai.com/gptbot)"
74.7.241.55 - - [19/May/2026:23:44:56 +0000] "GET /tag/alternate-text/feed/ HTTP/1.1" 200 10505 "https://2-createawebsite.com/tag/alternate-text/" "Mozilla/5.0 AppleWebKit/537.36 (KHTML, like Gecko; compatible; GPTBot/1.3; +https://openai.com/gptbot)"
74.7.241.55 - - [19/May/2026:23:44:57 +0000] "GET /category/create-a-website/ HTTP/1.1" 200 13496 "https://www.2-createawebsite.primemusicproductions.com" "Mozilla/5.0 AppleWebKit/537.36 (KHTML, like Gecko; compatible; GPTBot/1.3; +https://openai.com/gptbot)"
74.7.241.55 - - [19/May/2026:23:44:58 +0000] "GET /contact/ HTTP/1.1" 200 11809 "https://2-createawebsite.com/about/" "Mozilla/5.0 AppleWebKit/537.36 (KHTML, like Gecko; compatible; GPTBot/1.3; +https://openai.com/gptbot)"
74.7.241.55 - - [19/May/2026:23:44:58 +0000] "GET /author/2-createawebsite/page/2/ HTTP/1.1" 200 13922 "https://2-createawebsite.com/author/2-createawebsite/" "Mozilla/5.0 AppleWebKit/537.36 (KHTML, like Gecko; compatible; GPTBot/1.3; +https://openai.com/gptbot)"
74.7.241.55 - - [19/May/2026:23:44:59 +0000] "GET /tag/blog-posts/ HTTP/1.1" 200 13738 "https://2-createawebsite.com/simple-secrets-about-wordpress-you-need-to-know-2/" "Mozilla/5.0 AppleWebKit/537.36 (KHTML, like Gecko; compatible; GPTBot/1.3; +https://openai.com/gptbot)"
74.7.241.55 - - [19/May/2026:23:45:00 +0000] "GET /high-quality-wordpress-tips-straight-from-the-experts-2/ HTTP/1.1" 200 15016 "https://2-createawebsite.com/dont-know-where-to-start-with-wordpress-these-tips-can-help/" "Mozilla/5.0 AppleWebKit/537.36 (KHTML, like Gecko; compatible; GPTBot/1.3; +https://openai.com/gptbot)"
74.7.241.55 - - [19/May/2026:23:45:02 +0000] "GET /seeking-knowledge-about-wordpress-you-need-to-read-this-article-2/ HTTP/1.1" 200 15062 "https://2-createawebsite.com/dont-know-where-to-start-with-wordpress-these-tips-can-help/" "Mozilla/5.0 AppleWebKit/537.36 (KHTML, like Gecko; compatible; GPTBot/1.3; +https://openai.com/gptbot)"
74.7.241.55 - - [19/May/2026:23:45:03 +0000] "GET /wordpress-tips-tricks-and-helpful-advice-to-get-started-3/ HTTP/1.1" 200 15308 "https://2-createawebsite.com/the-ins-and-outs-of-working-with-wordpress/" "Mozilla/5.0 AppleWebKit/537.36 (KHTML, like Gecko; compatible; GPTBot/1.3; +https://openai.com/gptbot)"
74.7.241.55 - - [19/May/2026:23:45:04 +0000] "GET /intriguing-strategies-in-regards-to-wordpress-you-can-learn/ HTTP/1.1" 200 15033 "https://2-createawebsite.com/top-tips-and-tricks-to-use-wordpress/" "Mozilla/5.0 AppleWebKit/537.36 (KHTML, like Gecko; compatible; GPTBot/1.3; +https://openai.com/gptbot)"
74.7.241.55 - - [19/May/2026:23:45:05 +0000] "GET /simple-steps-to-help-you-better-understand-wordpress-2/ HTTP/1.1" 200 15208 "https://2-createawebsite.com/top-tips-and-tricks-to-use-wordpress/" "Mozilla/5.0 AppleWebKit/537.36 (KHTML, like Gecko; compatible; GPTBot/1.3; +https://openai.com/gptbot)"
74.7.241.55 - - [19/May/2026:23:45:06 +0000] "GET /helpful-tips-about-wordpress-that-simple-to-follow/ HTTP/1.1" 200 14589 "https://2-createawebsite.com/page/2/" "Mozilla/5.0 AppleWebKit/537.36 (KHTML, like Gecko; compatible; GPTBot/1.3; +https://openai.com/gptbot)"
74.7.241.55 - - [19/May/2026:23:45:07 +0000] "GET /start-blogging-today-with-these-wordpress-tips/ HTTP/1.1" 200 14647 "https://2-createawebsite.com/page/2/" "Mozilla/5.0 AppleWebKit/537.36 (KHTML, like Gecko; compatible; GPTBot/1.3; +https://openai.com/gptbot)"
74.7.241.55 - - [19/May/2026:23:45:08 +0000] "GET /what-about-this-article-regarding-wordpress-has-experts-trembling-3/ HTTP/1.1" 200 14484 "https://2-createawebsite.com/page/2/" "Mozilla/5.0 AppleWebKit/537.36 (KHTML, like Gecko; compatible; GPTBot/1.3; +https://openai.com/gptbot)"
74.7.241.55 - - [19/May/2026:23:45:09 +0000] "GET /get-the-most-from-your-blogging-experience-with-these-wordpress-tips-2/ HTTP/1.1" 200 15546 "https://2-createawebsite.com/page/2/" "Mozilla/5.0 AppleWebKit/537.36 (KHTML, like Gecko; compatible; GPTBot/1.3; +https://openai.com/gptbot)"
74.7.241.55 - - [19/May/2026:23:45:10 +0000] "GET /tips-and-tricks-for-improving-your-wordpress-skills-2/ HTTP/1.1" 200 15708 "https://2-createawebsite.com/page/2/" "Mozilla/5.0 AppleWebKit/537.36 (KHTML, like Gecko; compatible; GPTBot/1.3; +https://openai.com/gptbot)"
74.7.241.55 - - [19/May/2026:23:45:11 +0000] "GET /wordpress-power-get-the-most-from-your-blog-4/ HTTP/1.1" 200 15521 "https://2-createawebsite.com/tag/blog-posts/" "Mozilla/5.0 AppleWebKit/537.36 (KHTML, like Gecko; compatible; GPTBot/1.3; +https://openai.com/gptbot)"
74.7.241.55 - - [19/May/2026:23:45:12 +0000] "GET /when-it-comes-to-wordpress-we-will-teach-you-it-all/ HTTP/1.1" 200 15293 "https://2-createawebsite.com/tag/blog-posts/" "Mozilla/5.0 AppleWebKit/537.36 (KHTML, like Gecko; compatible; GPTBot/1.3; +https://openai.com/gptbot)"
74.7.241.55 - - [19/May/2026:23:45:13 +0000] "GET /want-to-learn-more-about-wordpress-we-can-help/ HTTP/1.1" 200 15659 "https://2-createawebsite.com/seeking-knowledge-about-wordpress-you-need-to-read-this-article-2/" "Mozilla/5.0 AppleWebKit/537.36 (KHTML, like Gecko; compatible; GPTBot/1.3; +https://openai.com/gptbot)"
74.7.241.55 - - [19/May/2026:23:45:14 +0000] "GET /top-tips-and-advice-for-working-with-wordpress/ HTTP/1.1" 200 14954 "https://2-createawebsite.com/tag/blog-posts/" "Mozilla/5.0 AppleWebKit/537.36 (KHTML, like Gecko; compatible; GPTBot/1.3; +https://openai.com/gptbot)"
74.7.241.55 - - [19/May/2026:23:45:15 +0000] "GET /for-super-secrets-about-wordpress-this-article-is-it-3/ HTTP/1.1" 200 15200 "https://2-createawebsite.com/tag/blog-posts/" "Mozilla/5.0 AppleWebKit/537.36 (KHTML, like Gecko; compatible; GPTBot/1.3; +https://openai.com/gptbot)"
74.7.241.55 - - [19/May/2026:23:45:16 +0000] "GET /top-tips-regarding-wordpress-youll-love-to-learn/ HTTP/1.1" 200 15585 "https://2-createawebsite.com/simple-steps-to-help-you-better-understand-wordpress-2/" "Mozilla/5.0 AppleWebKit/537.36 (KHTML, like Gecko; compatible; GPTBot/1.3; +https://openai.com/gptbot)"
74.7.241.55 - - [19/May/2026:23:45:17 +0000] "GET /seeking-knowledge-about-wordpress-you-need-to-read-this-article-5/ HTTP/1.1" 200 15687 "https://2-createawebsite.com/tag/blog-posts/" "Mozilla/5.0 AppleWebKit/537.36 (KHTML, like Gecko; compatible; GPTBot/1.3; +https://openai.com/gptbot)"
74.7.241.55 - - [19/May/2026:23:45:17 +0000] "GET /follow-this-great-article-about-wordpress-to-help-you/ HTTP/1.1" 200 15071 "https://2-createawebsite.com/high-quality-wordpress-tips-straight-from-the-experts-2/" "Mozilla/5.0 AppleWebKit/537.36 (KHTML, like Gecko; compatible; GPTBot/1.3; +https://openai.com/gptbot)"
74.7.241.55 - - [19/May/2026:23:45:18 +0000] "GET /regarding-wordpress-the-tips-here-are-golden/ HTTP/1.1" 200 15314 "https://2-createawebsite.com/intriguing-strategies-in-regards-to-wordpress-you-can-learn/" "Mozilla/5.0 AppleWebKit/537.36 (KHTML, like Gecko; compatible; GPTBot/1.3; +https://openai.com/gptbot)"
74.7.241.55 - - [19/May/2026:23:45:19 +0000] "GET /respecting-wordpress-the-best-tips-and-tricks-are-here-3/ HTTP/1.1" 200 14699 "https://2-createawebsite.com/tag/blog-posts/" "Mozilla/5.0 AppleWebKit/537.36 (KHTML, like Gecko; compatible; GPTBot/1.3; +https://openai.com/gptbot)"
74.7.241.55 - - [19/May/2026:23:45:20 +0000] "GET /important-tips-to-keep-in-mind-regarding-wordpress-4/ HTTP/1.1" 200 15203 "https://2-createawebsite.com/tag/blog-posts/" "Mozilla/5.0 AppleWebKit/537.36 (KHTML, like Gecko; compatible; GPTBot/1.3; +https://openai.com/gptbot)"
74.7.241.55 - - [19/May/2026:23:45:21 +0000] "GET /respecting-wordpress-the-best-tips-and-tricks-are-here/ HTTP/1.1" 200 15543 "https://2-createawebsite.com/wordpress-power-get-the-most-from-your-blog-4/" "Mozilla/5.0 AppleWebKit/537.36 (KHTML, like Gecko; compatible; GPTBot/1.3; +https://openai.com/gptbot)"
74.7.241.55 - - [19/May/2026:23:45:22 +0000] "GET /wordpress-tips-and-tricks-straight-from-the-pros/ HTTP/1.1" 200 14771 "https://2-createawebsite.com/wordpress-power-get-the-most-from-your-blog-4/" "Mozilla/5.0 AppleWebKit/537.36 (KHTML, like Gecko; compatible; GPTBot/1.3; +https://openai.com/gptbot)"
74.7.241.55 - - [19/May/2026:23:45:23 +0000] "GET /in-regards-to-wordpress-we-have-the-best-tips/ HTTP/1.1" 200 15047 "https://2-createawebsite.com/when-it-comes-to-wordpress-we-will-teach-you-it-all/" "Mozilla/5.0 AppleWebKit/537.36 (KHTML, like Gecko; compatible; GPTBot/1.3; +https://openai.com/gptbot)"
74.7.241.55 - - [19/May/2026:23:45:24 +0000] "GET /respecting-wordpress-the-best-tips-and-tricks-are-here-2/ HTTP/1.1" 200 14850 "https://2-createawebsite.com/top-tips-and-advice-for-working-with-wordpress/" "Mozilla/5.0 AppleWebKit/537.36 (KHTML, like Gecko; compatible; GPTBot/1.3; +https://openai.com/gptbot)"
74.7.241.55 - - [19/May/2026:23:45:25 +0000] "GET /eye-opening-information-regarding-wordpress-you-never-knew/ HTTP/1.1" 200 15056 "https://2-createawebsite.com/for-super-secrets-about-wordpress-this-article-is-it-3/" "Mozilla/5.0 AppleWebKit/537.36 (KHTML, like Gecko; compatible; GPTBot/1.3; +https://openai.com/gptbot)"
74.7.241.55 - - [19/May/2026:23:45:26 +0000] "GET /having-trouble-with-wordpress-check-out-these-tips/ HTTP/1.1" 200 14759 "https://2-createawebsite.com/top-tips-regarding-wordpress-youll-love-to-learn/" "Mozilla/5.0 AppleWebKit/537.36 (KHTML, like Gecko; compatible; GPTBot/1.3; +https://openai.com/gptbot)"
