MOON
Server: Apache
System: Linux server1.primemusicproductions.com 4.18.0-477.27.2.el8_8.x86_64 #1 SMP Fri Sep 29 08:21:01 EDT 2023 x86_64
User: primrwxj (1001)
PHP: 8.3.3
Disabled: NONE
Upload Files
File: //home/primrwxj/logs/wrinkledskinrepair.primemusicproductions.com-ssl_log.bkup
184.94.212.206 - - [27/Apr/2026:12:04:37 +0000] "POST /wp-cron.php?doing_wp_cron=1777291477.8674299716949462890625 HTTP/1.1" 200 - "-" "WordPress/6.9.4; https://www.wrinkledskinrepair.com"
114.119.142.210 - - [27/Apr/2026:12:04:36 +0000] "GET /2019/05/29/a-simple-guide-for-caring-for-your-skin HTTP/1.1" 301 - "https://www.wrinkledskinrepair.com/blog/page/15" "Mozilla/5.0 (Linux; Android 7.0;) AppleWebKit/537.36 (HTML, like Gecko) Mobile Safari/537.36 (compatible; PetalBot;+https://webmaster.petalsearch.com/site/petalbot)"
114.119.142.210 - - [27/Apr/2026:12:04:38 +0000] "GET /2019/05/29/a-simple-guide-for-caring-for-your-skin/ HTTP/1.1" 200 53076 "https://www.wrinkledskinrepair.com/blog/page/15" "Mozilla/5.0 (Linux; Android 7.0;) AppleWebKit/537.36 (HTML, like Gecko) Mobile Safari/537.36 (compatible; PetalBot;+https://webmaster.petalsearch.com/site/petalbot)"
184.94.212.206 - - [27/Apr/2026:12:04:39 +0000] "POST /wp-admin/admin-ajax.php?action=wordfence_testAjax HTTP/1.1" 200 32 "-" "WordPress/6.9.4; https://www.wrinkledskinrepair.com"
184.94.212.206 - - [27/Apr/2026:12:04:41 +0000] "GET /wp-admin/admin-ajax.php?action=wordfence_doScan&isFork=0&scanMode=quick&cronKey=8dc9c200faa214dab3c346704df7ad3f&signature=69911a3404c4b7984108cccd62bc507db7b7ba8a8d09587de472cf45351b8e8e HTTP/1.1" 200 - "-" "WordPress/6.9.4; https://www.wrinkledskinrepair.com"
184.94.212.206 - - [27/Apr/2026:12:04:53 +0000] "POST /wp-cron.php?doing_wp_cron=1777291492.9865829944610595703125 HTTP/1.1" 200 - "-" "WordPress/6.9.4; https://www.wrinkledskinrepair.com"
20.169.78.129 - - [27/Apr/2026:12:04:51 +0000] "GET / HTTP/1.1" 301 - "-" "Mozilla/5.0 AppleWebKit/537.36 (KHTML, like Gecko); compatible; ChatGPT-User/1.0; +https://openai.com/bot"
162.214.173.88 - - [27/Apr/2026:12:04:52 +0000] "GET /wp-login.php HTTP/1.1" 200 4401 "-" "Mozilla/5.0 (Macintosh; Intel Mac OS X 10_11_6) AppleWebKit/604.3.5 (KHTML, like Gecko) Version/11.0.1 Safari/604.3.5"
20.169.78.132 - - [27/Apr/2026:12:04:53 +0000] "GET / HTTP/1.1" 200 47737 "-" "Mozilla/5.0 AppleWebKit/537.36 (KHTML, like Gecko); compatible; ChatGPT-User/1.0; +https://openai.com/bot"
162.214.173.88 - - [27/Apr/2026:12:04:54 +0000] "POST /wp-login.php HTTP/1.1" 200 4401 "https://www.wrinkledskinrepair.com/wp-login.php" "Mozilla/5.0 (Macintosh; Intel Mac OS X 10_11_6) AppleWebKit/604.3.5 (KHTML, like Gecko) Version/11.0.1 Safari/604.3.5"
192.0.102.146 - - [27/Apr/2026:12:05:04 +0000] "HEAD / HTTP/1.1" 200 - "-" "jetmon/1.0 (Jetpack Site Uptime Monitor by WordPress.com)"
184.94.212.206 - - [27/Apr/2026:12:05:20 +0000] "POST /wp-cron.php?doing_wp_cron=1777291520.4826478958129882812500 HTTP/1.1" 200 - "-" "WordPress/6.9.4; https://www.wrinkledskinrepair.com"
57.141.18.5 - - [27/Apr/2026:12:05:19 +0000] "GET /2020/04/10/the-best-skin-care-tips-for-healthy-skin/ HTTP/1.1" 200 185087 "-" "meta-externalagent/1.1 (+https://developers.facebook.com/docs/sharing/webmasters/crawler)"
216.244.66.203 - - [27/Apr/2026:12:06:53 +0000] "GET /robots.txt HTTP/1.1" 200 185 "-" "Mozilla/5.0 (compatible; DotBot/1.2; +https://opensiteexplorer.org/dotbot; help@moz.com)"
184.94.212.206 - - [27/Apr/2026:12:07:20 +0000] "POST /wp-cron.php?doing_wp_cron=1777291640.4477269649505615234375 HTTP/1.1" 200 - "-" "WordPress/6.9.4; https://www.wrinkledskinrepair.com"
114.119.143.101 - - [27/Apr/2026:12:07:19 +0000] "GET /2019/05/28/learn-to-understand-your-skin-and-care-for-it-properly-3?share=x HTTP/1.1" 302 - "-" "Mozilla/5.0 (Linux; Android 7.0;) AppleWebKit/537.36 (HTML, like Gecko) Mobile Safari/537.36 (compatible; PetalBot;+https://webmaster.petalsearch.com/site/petalbot)"
57.141.18.52 - - [27/Apr/2026:12:07:50 +0000] "GET /2018/11/04/keep-your-skin-looking-young-with-these-tips/ HTTP/1.1" 200 187511 "-" "meta-externalagent/1.1 (+https://developers.facebook.com/docs/sharing/webmasters/crawler)"
184.94.212.206 - - [27/Apr/2026:12:09:38 +0000] "POST /wp-cron.php?doing_wp_cron=1777291778.8875329494476318359375 HTTP/1.1" 200 - "-" "WordPress/6.9.4; https://www.wrinkledskinrepair.com"
57.141.18.26 - - [27/Apr/2026:12:09:36 +0000] "GET /tag/vitamin-b3/ HTTP/1.1" 200 172406 "-" "meta-externalagent/1.1 (+https://developers.facebook.com/docs/sharing/webmasters/crawler)"
114.119.142.210 - - [27/Apr/2026:12:09:45 +0000] "GET /2019/05/28/learn-to-understand-your-skin-and-care-for-it-properly-3/?share=facebook HTTP/1.1" 302 - "https://www.wrinkledskinrepair.com/2019/05/28/learn-to-understand-your-skin-and-care-for-it-properly-3/" "Mozilla/5.0 (Linux; Android 7.0;) AppleWebKit/537.36 (HTML, like Gecko) Mobile Safari/537.36 (compatible; PetalBot;+https://webmaster.petalsearch.com/site/petalbot)"
192.0.102.146 - - [27/Apr/2026:12:10:04 +0000] "HEAD / HTTP/1.1" 200 - "-" "jetmon/1.0 (Jetpack Site Uptime Monitor by WordPress.com)"
184.94.212.206 - - [27/Apr/2026:12:12:25 +0000] "POST /wp-cron.php?doing_wp_cron=1777291945.0576601028442382812500 HTTP/1.1" 200 - "-" "WordPress/6.9.4; https://www.wrinkledskinrepair.com"
114.119.143.101 - - [27/Apr/2026:12:12:23 +0000] "GET /2019/05/27/follow-this-advice-to-achieve-the-best-skin-possible-3/?share=facebook HTTP/1.1" 302 - "https://www.wrinkledskinrepair.com/2019/05/27/follow-this-advice-to-achieve-the-best-skin-possible-3/" "Mozilla/5.0 (Linux; Android 7.0;) AppleWebKit/537.36 (HTML, like Gecko) Mobile Safari/537.36 (compatible; PetalBot;+https://webmaster.petalsearch.com/site/petalbot)"
184.94.212.206 - - [27/Apr/2026:12:13:29 +0000] "POST /wp-cron.php?doing_wp_cron=1777292009.4538900852203369140625 HTTP/1.1" 200 - "-" "WordPress/6.9.4; https://www.wrinkledskinrepair.com"
216.73.216.121 - - [27/Apr/2026:12:13:27 +0000] "GET /robots.txt HTTP/1.1" 200 127 "-" "Mozilla/5.0 AppleWebKit/537.36 (KHTML, like Gecko; compatible; ClaudeBot/1.0; +claudebot@anthropic.com)"
216.73.216.121 - - [27/Apr/2026:12:13:29 +0000] "GET /sitemap.rss HTTP/1.1" 200 3443 "-" "Mozilla/5.0 AppleWebKit/537.36 (KHTML, like Gecko; compatible; ClaudeBot/1.0; +claudebot@anthropic.com)"
184.94.212.206 - - [27/Apr/2026:12:14:30 +0000] "POST /wp-cron.php?doing_wp_cron=1777292070.9738750457763671875000 HTTP/1.1" 200 - "-" "WordPress/6.9.4; https://www.wrinkledskinrepair.com"
57.141.18.116 - - [27/Apr/2026:12:14:29 +0000] "GET /tag/lemon-juice/ HTTP/1.1" 200 176084 "-" "meta-externalagent/1.1 (+https://developers.facebook.com/docs/sharing/webmasters/crawler)"
184.94.212.206 - - [27/Apr/2026:12:15:06 +0000] "POST /wp-cron.php?doing_wp_cron=1777292106.5022389888763427734375 HTTP/1.1" 200 - "-" "WordPress/6.9.4; https://www.wrinkledskinrepair.com"
114.119.144.17 - - [27/Apr/2026:12:15:04 +0000] "GET /2019/05/27/follow-this-advice-to-achieve-the-best-skin-possible-3 HTTP/1.1" 301 - "https://www.wrinkledskinrepair.com/blog/page/15" "Mozilla/5.0 (Linux; Android 7.0;) AppleWebKit/537.36 (HTML, like Gecko) Mobile Safari/537.36 (compatible; PetalBot;+https://webmaster.petalsearch.com/site/petalbot)"
192.0.102.146 - - [27/Apr/2026:12:15:05 +0000] "HEAD / HTTP/1.1" 200 - "-" "jetmon/1.0 (Jetpack Site Uptime Monitor by WordPress.com)"
114.119.144.17 - - [27/Apr/2026:12:15:06 +0000] "GET /2019/05/27/follow-this-advice-to-achieve-the-best-skin-possible-3/ HTTP/1.1" 200 53454 "https://www.wrinkledskinrepair.com/blog/page/15" "Mozilla/5.0 (Linux; Android 7.0;) AppleWebKit/537.36 (HTML, like Gecko) Mobile Safari/537.36 (compatible; PetalBot;+https://webmaster.petalsearch.com/site/petalbot)"
184.94.212.206 - - [27/Apr/2026:12:16:55 +0000] "POST /wp-cron.php?doing_wp_cron=1777292215.1166379451751708984375 HTTP/1.1" 200 - "-" "WordPress/6.9.4; https://www.wrinkledskinrepair.com"
57.141.18.9 - - [27/Apr/2026:12:16:53 +0000] "GET /2018/06/01/easy-ways-to-get-that-lovely-skin/ HTTP/1.1" 200 186615 "-" "meta-externalagent/1.1 (+https://developers.facebook.com/docs/sharing/webmasters/crawler)"
184.94.212.206 - - [27/Apr/2026:12:17:28 +0000] "POST /wp-cron.php?doing_wp_cron=1777292248.7624640464782714843750 HTTP/1.1" 200 - "-" "WordPress/6.9.4; https://www.wrinkledskinrepair.com"
114.119.142.140 - - [27/Apr/2026:12:17:27 +0000] "GET /2019/05/26/top-helpful-skin-care-tips-for-everyone/?share=x HTTP/1.1" 302 - "https://www.wrinkledskinrepair.com/2019/05/26/top-helpful-skin-care-tips-for-everyone/" "Mozilla/5.0 (Linux; Android 7.0;) AppleWebKit/537.36 (HTML, like Gecko) Mobile Safari/537.36 (compatible; PetalBot;+https://webmaster.petalsearch.com/site/petalbot)"
184.94.212.206 - - [27/Apr/2026:12:18:35 +0000] "POST /wp-cron.php?doing_wp_cron=1777292315.9684789180755615234375 HTTP/1.1" 200 - "-" "WordPress/6.9.4; https://www.wrinkledskinrepair.com"
216.73.216.121 - - [27/Apr/2026:12:18:33 +0000] "GET /author/beautyoftheworld/page/13/ HTTP/1.1" 200 48815 "-" "Mozilla/5.0 AppleWebKit/537.36 (KHTML, like Gecko; compatible; ClaudeBot/1.0; +claudebot@anthropic.com)"
216.244.66.203 - - [27/Apr/2026:12:18:50 +0000] "GET /tag/dry-legs/feed/ HTTP/1.1" 200 8879 "-" "Mozilla/5.0 (compatible; DotBot/1.2; +https://opensiteexplorer.org/dotbot; help@moz.com)"
216.73.216.121 - - [27/Apr/2026:12:18:59 +0000] "GET /tag/jasmine-extract-contains/ HTTP/1.1" 200 45586 "-" "Mozilla/5.0 AppleWebKit/537.36 (KHTML, like Gecko; compatible; ClaudeBot/1.0; +claudebot@anthropic.com)"
184.94.212.206 - - [27/Apr/2026:12:19:55 +0000] "POST /wp-cron.php?doing_wp_cron=1777292395.0152730941772460937500 HTTP/1.1" 200 - "-" "WordPress/6.9.4; https://www.wrinkledskinrepair.com"
57.141.18.43 - - [27/Apr/2026:12:19:53 +0000] "GET /2018/07/19/read-this-article-to-learn-how-to-maintain-healthy-skin-2/ HTTP/1.1" 200 186440 "-" "meta-externalagent/1.1 (+https://developers.facebook.com/docs/sharing/webmasters/crawler)"
192.0.102.146 - - [27/Apr/2026:12:20:05 +0000] "HEAD / HTTP/1.1" 200 - "-" "jetmon/1.0 (Jetpack Site Uptime Monitor by WordPress.com)"
184.94.212.206 - - [27/Apr/2026:12:20:17 +0000] "POST /wp-cron.php?doing_wp_cron=1777292417.7157809734344482421875 HTTP/1.1" 200 - "-" "WordPress/6.9.4; https://www.wrinkledskinrepair.com"
114.119.144.64 - - [27/Apr/2026:12:20:16 +0000] "GET /2019/05/26/top-helpful-skin-care-tips-for-everyone/?share=facebook HTTP/1.1" 302 - "https://www.wrinkledskinrepair.com/2019/05/26/top-helpful-skin-care-tips-for-everyone/" "Mozilla/5.0 (Linux; Android 7.0;) AppleWebKit/537.36 (HTML, like Gecko) Mobile Safari/537.36 (compatible; PetalBot;+https://webmaster.petalsearch.com/site/petalbot)"
57.141.18.13 - - [27/Apr/2026:12:20:17 +0000] "GET /2019/07/03/easy-tips-to-quickly-improve-your-skin/ HTTP/1.1" 200 185903 "-" "meta-externalagent/1.1 (+https://developers.facebook.com/docs/sharing/webmasters/crawler)"
216.73.216.121 - - [27/Apr/2026:12:20:21 +0000] "GET /tag/hydroxy-acids/ HTTP/1.1" 200 45582 "-" "Mozilla/5.0 AppleWebKit/537.36 (KHTML, like Gecko; compatible; ClaudeBot/1.0; +claudebot@anthropic.com)"
51.161.37.160 - - [27/Apr/2026:12:20:34 +0000] "GET /tag/eye-puffiness/ HTTP/1.1" 200 45589 "-" "Mozilla/5.0 (compatible; AhrefsBot/7.0; +http://ahrefs.com/robot/)"
57.141.18.29 - - [27/Apr/2026:12:21:08 +0000] "GET /2019/06/23/get-great-skin-with-this-amazing-advice/ HTTP/1.1" 200 186100 "-" "meta-externalagent/1.1 (+https://developers.facebook.com/docs/sharing/webmasters/crawler)"
184.94.212.206 - - [27/Apr/2026:12:22:37 +0000] "POST /wp-cron.php?doing_wp_cron=1777292557.0100910663604736328125 HTTP/1.1" 200 - "-" "WordPress/6.9.4; https://www.wrinkledskinrepair.com"
34.224.9.144 - - [27/Apr/2026:12:22:34 +0000] "GET /wp-json/oembed/1.0/embed?url=https://www.wrinkledskinrepair.com/2019/01/02/your-way-to-better-skin-care-quickly-and-easily/ HTTP/1.1" 200 1157 "-" "Mozilla/5.0 AppleWebKit/537.36 (KHTML, like Gecko; compatible; Amazonbot/0.1; +https://developer.amazon.com/support/amazonbot) Chrome/119.0.6045.214 Safari/537.36"
192.0.117.242 - - [27/Apr/2026:12:22:43 +0000] "GET /wp-content/uploads/2019/07/54e9d5444e54af14f6da8c7dda793278143fdef85254774a762b7cd49e44_640.jpg HTTP/1.1" 404 135883 "-" "Photon/1.0"
216.73.216.121 - - [27/Apr/2026:12:22:40 +0000] "GET /2019/07/17/read-this-article-to-learn-how-to-maintain-healthy-skin-3/?amp=1 HTTP/1.1" 200 21294 "-" "Mozilla/5.0 AppleWebKit/537.36 (KHTML, like Gecko; compatible; ClaudeBot/1.0; +claudebot@anthropic.com)"
114.119.142.140 - - [27/Apr/2026:12:22:44 +0000] "GET /2019/05/26/top-helpful-skin-care-tips-for-everyone HTTP/1.1" 301 - "https://www.wrinkledskinrepair.com/author/beautyoftheworld/page/16" "Mozilla/5.0 (Linux; Android 7.0;) AppleWebKit/537.36 (HTML, like Gecko) Mobile Safari/537.36 (compatible; PetalBot;+https://webmaster.petalsearch.com/site/petalbot)"
114.119.142.140 - - [27/Apr/2026:12:22:46 +0000] "GET /2019/05/26/top-helpful-skin-care-tips-for-everyone/ HTTP/1.1" 200 53598 "https://www.wrinkledskinrepair.com/author/beautyoftheworld/page/16" "Mozilla/5.0 (Linux; Android 7.0;) AppleWebKit/537.36 (HTML, like Gecko) Mobile Safari/537.36 (compatible; PetalBot;+https://webmaster.petalsearch.com/site/petalbot)"
47.128.41.77 - - [27/Apr/2026:12:23:06 +0000] "GET /2026/02/25/multi-collagen-protein-benefits-review/?share=x HTTP/1.1" 302 - "-" "Mozilla/5.0 (Linux; Android 5.0) AppleWebKit/537.36 (KHTML, like Gecko) Mobile Safari/537.36 (compatible; Bytespider; spider-feedback@bytedance.com)"
184.94.212.206 - - [27/Apr/2026:12:23:42 +0000] "POST /wp-cron.php?doing_wp_cron=1777292622.2290558815002441406250 HTTP/1.1" 200 - "-" "WordPress/6.9.4; https://www.wrinkledskinrepair.com"
47.128.42.109 - - [27/Apr/2026:12:23:40 +0000] "GET /2020/07/31/dont-suffer-from-bad-skin-any-longer/?share=x HTTP/1.1" 302 - "-" "Mozilla/5.0 (Linux; Android 5.0) AppleWebKit/537.36 (KHTML, like Gecko) Mobile Safari/537.36 (compatible; Bytespider; spider-feedback@bytedance.com)"
184.94.212.206 - - [27/Apr/2026:12:24:50 +0000] "POST /wp-cron.php?doing_wp_cron=1777292690.6827421188354492187500 HTTP/1.1" 200 - "-" "WordPress/6.9.4; https://www.wrinkledskinrepair.com"
216.73.216.121 - - [27/Apr/2026:12:24:48 +0000] "GET /?p=1208 HTTP/1.1" 301 - "-" "Mozilla/5.0 AppleWebKit/537.36 (KHTML, like Gecko; compatible; ClaudeBot/1.0; +claudebot@anthropic.com)"
216.73.216.121 - - [27/Apr/2026:12:24:50 +0000] "GET /2019/07/17/read-this-article-to-learn-how-to-maintain-healthy-skin-3/ HTTP/1.1" 200 53258 "https://www.wrinkledskinrepair.com/?p=1208" "Mozilla/5.0 AppleWebKit/537.36 (KHTML, like Gecko; compatible; ClaudeBot/1.0; +claudebot@anthropic.com)"
192.0.102.146 - - [27/Apr/2026:12:25:05 +0000] "HEAD / HTTP/1.1" 200 - "-" "jetmon/1.0 (Jetpack Site Uptime Monitor by WordPress.com)"
184.94.212.206 - - [27/Apr/2026:12:25:15 +0000] "POST /wp-cron.php?doing_wp_cron=1777292715.5391209125518798828125 HTTP/1.1" 200 - "-" "WordPress/6.9.4; https://www.wrinkledskinrepair.com"
114.119.142.140 - - [27/Apr/2026:12:25:14 +0000] "GET /2019/05/22/treat-yourself-to-timeless-skin-try-these-ideas?share=x HTTP/1.1" 302 - "https://www.wrinkledskinrepair.com/2019/05/22/treat-yourself-to-timeless-skin-try-these-ideas" "Mozilla/5.0 (Linux; Android 7.0;) AppleWebKit/537.36 (HTML, like Gecko) Mobile Safari/537.36 (compatible; PetalBot;+https://webmaster.petalsearch.com/site/petalbot)"
184.94.212.206 - - [27/Apr/2026:12:28:14 +0000] "POST /wp-cron.php?doing_wp_cron=1777292894.3123641014099121093750 HTTP/1.1" 200 - "-" "WordPress/6.9.4; https://www.wrinkledskinrepair.com"
57.141.18.63 - - [27/Apr/2026:12:28:12 +0000] "GET /2019/01/07/skin-care-tips-that-can-work-for-everyone/ HTTP/1.1" 200 185278 "-" "meta-externalagent/1.1 (+https://developers.facebook.com/docs/sharing/webmasters/crawler)"
184.94.212.206 - - [27/Apr/2026:12:28:35 +0000] "POST /wp-cron.php?doing_wp_cron=1777292915.7339239120483398437500 HTTP/1.1" 200 - "-" "WordPress/6.9.4; https://www.wrinkledskinrepair.com"
57.141.18.31 - - [27/Apr/2026:12:28:34 +0000] "GET /2018/12/10/improve-your-skin-with-these-helpful-tips/ HTTP/1.1" 200 186431 "-" "meta-externalagent/1.1 (+https://developers.facebook.com/docs/sharing/webmasters/crawler)"
114.119.142.210 - - [27/Apr/2026:12:28:35 +0000] "GET /2019/05/22/treat-yourself-to-timeless-skin-try-these-ideas?share=facebook HTTP/1.1" 302 - "https://www.wrinkledskinrepair.com/2019/05/22/treat-yourself-to-timeless-skin-try-these-ideas" "Mozilla/5.0 (Linux; Android 7.0;) AppleWebKit/537.36 (HTML, like Gecko) Mobile Safari/537.36 (compatible; PetalBot;+https://webmaster.petalsearch.com/site/petalbot)"
184.94.212.206 - - [27/Apr/2026:12:29:48 +0000] "POST /wp-cron.php?doing_wp_cron=1777292988.2683470249176025390625 HTTP/1.1" 200 - "-" "WordPress/6.9.4; https://www.wrinkledskinrepair.com"
57.141.18.15 - - [27/Apr/2026:12:29:46 +0000] "GET /2019/03/20/read-these-tips-now-for-healthier-skin/ HTTP/1.1" 200 185903 "-" "meta-externalagent/1.1 (+https://developers.facebook.com/docs/sharing/webmasters/crawler)"
192.0.118.148 - - [27/Apr/2026:12:30:04 +0000] "GET /wp-content/uploads/2018/08/e831b70e2bfd043ed1584d05fb1d4390e277e2c818b4124594f5c27ca2eb_640.jpg HTTP/1.1" 301 - "-" "Photon/1.0"
192.0.118.148 - - [27/Apr/2026:12:30:05 +0000] "GET /wp-content/uploads/2018/08/e831b70e2bfd043ed1584d05fb1d4390e277e2c818b4124594f5c27ca2eb_640.jpg HTTP/1.1" 404 135883 "-" "Photon/1.0"
184.94.212.206 - - [27/Apr/2026:12:30:07 +0000] "POST /wp-cron.php?doing_wp_cron=1777293007.3553268909454345703125 HTTP/1.1" 200 - "-" "WordPress/6.9.4; https://www.wrinkledskinrepair.com"
192.0.102.146 - - [27/Apr/2026:12:30:05 +0000] "HEAD / HTTP/1.1" 200 - "-" "jetmon/1.0 (Jetpack Site Uptime Monitor by WordPress.com)"
184.94.212.206 - - [27/Apr/2026:12:30:46 +0000] "POST /wp-cron.php?doing_wp_cron=1777293046.0284430980682373046875 HTTP/1.1" 200 - "-" "WordPress/6.9.4; https://www.wrinkledskinrepair.com"
114.119.144.17 - - [27/Apr/2026:12:30:44 +0000] "GET /2019/05/22/treat-yourself-to-timeless-skin-try-these-ideas/?share=x HTTP/1.1" 302 - "https://www.wrinkledskinrepair.com/2019/05/22/treat-yourself-to-timeless-skin-try-these-ideas/" "Mozilla/5.0 (Linux; Android 7.0;) AppleWebKit/537.36 (HTML, like Gecko) Mobile Safari/537.36 (compatible; PetalBot;+https://webmaster.petalsearch.com/site/petalbot)"
184.94.212.206 - - [27/Apr/2026:12:31:30 +0000] "POST /wp-cron.php?doing_wp_cron=1777293090.1226859092712402343750 HTTP/1.1" 200 - "-" "WordPress/6.9.4; https://www.wrinkledskinrepair.com"
172.213.21.118 - - [27/Apr/2026:12:31:28 +0000] "GET / HTTP/1.1" 301 - "-" "Mozilla/5.0 AppleWebKit/537.36 (KHTML, like Gecko); compatible; ChatGPT-User/1.0; +https://openai.com/bot"
184.94.212.206 - - [27/Apr/2026:12:33:31 +0000] "POST /wp-cron.php?doing_wp_cron=1777293211.4233551025390625000000 HTTP/1.1" 200 - "-" "WordPress/6.9.4; https://www.wrinkledskinrepair.com"
136.144.35.70 - - [27/Apr/2026:12:33:29 +0000] "POST /wp-login.php HTTP/1.1" 401 3479 "-" "Mozilla/5.0"
114.119.146.179 - - [27/Apr/2026:12:33:42 +0000] "GET /2019/05/21/you-can-have-great-skin-follow-these-tips?share=x HTTP/1.1" 302 - "-" "Mozilla/5.0 (Linux; Android 7.0;) AppleWebKit/537.36 (HTML, like Gecko) Mobile Safari/537.36 (compatible; PetalBot;+https://webmaster.petalsearch.com/site/petalbot)"
57.141.18.69 - - [27/Apr/2026:12:33:52 +0000] "GET /tag/germicidal-soaps/ HTTP/1.1" 200 152714 "-" "meta-externalagent/1.1 (+https://developers.facebook.com/docs/sharing/webmasters/crawler)"
184.94.212.206 - - [27/Apr/2026:12:34:43 +0000] "POST /wp-cron.php?doing_wp_cron=1777293283.3771889209747314453125 HTTP/1.1" 200 - "-" "WordPress/6.9.4; https://www.wrinkledskinrepair.com"
104.63.56.96 - - [27/Apr/2026:12:34:41 +0000] "GET /2019/07/16/basic-skin-care-tips-that-wont-break-the-bank/ HTTP/1.1" 200 53507 "-" "Mozilla/5.0 (Windows NT 10.0; Win64; x64) AppleWebKit/537.36 (KHTML, like Gecko) Chrome/99.0.4844.51 Safari/537.36"
192.0.102.146 - - [27/Apr/2026:12:35:05 +0000] "HEAD / HTTP/1.1" 200 - "-" "jetmon/1.0 (Jetpack Site Uptime Monitor by WordPress.com)"
184.94.212.206 - - [27/Apr/2026:12:35:54 +0000] "POST /wp-cron.php?doing_wp_cron=1777293354.3157689571380615234375 HTTP/1.1" 200 - "-" "WordPress/6.9.4; https://www.wrinkledskinrepair.com"
114.119.157.239 - - [27/Apr/2026:12:35:53 +0000] "GET /2019/05/21/you-can-have-great-skin-follow-these-tips/?share=x HTTP/1.1" 302 - "https://www.wrinkledskinrepair.com/2019/05/21/you-can-have-great-skin-follow-these-tips/" "Mozilla/5.0 (Linux; Android 7.0;) AppleWebKit/537.36 (HTML, like Gecko) Mobile Safari/537.36 (compatible; PetalBot;+https://webmaster.petalsearch.com/site/petalbot)"
216.73.216.121 - - [27/Apr/2026:12:35:51 +0000] "GET /sitemap.xml HTTP/1.1" 200 408 "-" "Mozilla/5.0 AppleWebKit/537.36 (KHTML, like Gecko; compatible; ClaudeBot/1.0; +claudebot@anthropic.com)"
184.94.212.206 - - [27/Apr/2026:12:36:32 +0000] "POST /wp-cron.php?doing_wp_cron=1777293392.4798851013183593750000 HTTP/1.1" 200 - "-" "WordPress/6.9.4; https://www.wrinkledskinrepair.com"
3.217.82.254 - - [27/Apr/2026:12:36:28 +0000] "GET /wp-json/wp/v2/posts/232 HTTP/1.1" 200 3701 "-" "Mozilla/5.0 AppleWebKit/537.36 (KHTML, like Gecko; compatible; Amazonbot/0.1; +https://developer.amazon.com/support/amazonbot) Chrome/119.0.6045.214 Safari/537.36"
184.94.212.206 - - [27/Apr/2026:12:38:30 +0000] "POST /wp-cron.php?doing_wp_cron=1777293510.6739339828491210937500 HTTP/1.1" 200 - "-" "WordPress/6.9.4; https://www.wrinkledskinrepair.com"
114.119.144.64 - - [27/Apr/2026:12:38:28 +0000] "GET /2019/05/21/you-can-have-great-skin-follow-these-tips/?share=facebook HTTP/1.1" 302 - "https://www.wrinkledskinrepair.com/2019/05/21/you-can-have-great-skin-follow-these-tips/" "Mozilla/5.0 (Linux; Android 7.0;) AppleWebKit/537.36 (HTML, like Gecko) Mobile Safari/537.36 (compatible; PetalBot;+https://webmaster.petalsearch.com/site/petalbot)"
184.94.212.206 - - [27/Apr/2026:12:40:09 +0000] "POST /wp-cron.php?doing_wp_cron=1777293608.9941329956054687500000 HTTP/1.1" 200 - "-" "WordPress/6.9.4; https://www.wrinkledskinrepair.com"
192.0.102.146 - - [27/Apr/2026:12:40:06 +0000] "HEAD / HTTP/1.1" 200 - "-" "jetmon/1.0 (Jetpack Site Uptime Monitor by WordPress.com)"
184.94.212.206 - - [27/Apr/2026:12:40:43 +0000] "POST /wp-cron.php?doing_wp_cron=1777293643.6570110321044921875000 HTTP/1.1" 200 - "-" "WordPress/6.9.4; https://www.wrinkledskinrepair.com"
114.119.143.101 - - [27/Apr/2026:12:40:41 +0000] "GET /2019/05/20/skin-care-tips-that-your-mom-never-told-you/?share=x HTTP/1.1" 302 - "https://www.wrinkledskinrepair.com/2019/05/20/skin-care-tips-that-your-mom-never-told-you/" "Mozilla/5.0 (Linux; Android 7.0;) AppleWebKit/537.36 (HTML, like Gecko) Mobile Safari/537.36 (compatible; PetalBot;+https://webmaster.petalsearch.com/site/petalbot)"
184.94.212.206 - - [27/Apr/2026:12:43:25 +0000] "POST /wp-cron.php?doing_wp_cron=1777293805.3078000545501708984375 HTTP/1.1" 200 - "-" "WordPress/6.9.4; https://www.wrinkledskinrepair.com"
114.119.144.64 - - [27/Apr/2026:12:43:23 +0000] "GET /2019/05/20/skin-care-tips-that-your-mom-never-told-you/ HTTP/1.1" 200 53726 "https://www.wrinkledskinrepair.com/tag/fine-lines/" "Mozilla/5.0 (Linux; Android 7.0;) AppleWebKit/537.36 (HTML, like Gecko) Mobile Safari/537.36 (compatible; PetalBot;+https://webmaster.petalsearch.com/site/petalbot)"
57.141.18.116 - - [27/Apr/2026:12:43:56 +0000] "GET /2018/09/27/keep-your-skin-fresh-clean-and-clear-with-this-helpful-advice/ HTTP/1.1" 200 187369 "-" "meta-externalagent/1.1 (+https://developers.facebook.com/docs/sharing/webmasters/crawler)"
184.94.212.206 - - [27/Apr/2026:12:45:08 +0000] "POST /wp-cron.php?doing_wp_cron=1777293908.8663609027862548828125 HTTP/1.1" 200 - "-" "WordPress/6.9.4; https://www.wrinkledskinrepair.com"
192.0.102.146 - - [27/Apr/2026:12:45:07 +0000] "HEAD / HTTP/1.1" 200 - "-" "jetmon/1.0 (Jetpack Site Uptime Monitor by WordPress.com)"
184.94.212.206 - - [27/Apr/2026:12:45:59 +0000] "POST /wp-cron.php?doing_wp_cron=1777293959.5760960578918457031250 HTTP/1.1" 200 - "-" "WordPress/6.9.4; https://www.wrinkledskinrepair.com"
114.119.143.101 - - [27/Apr/2026:12:45:57 +0000] "GET /2019/05/19/skin-care-secrets-that-you-probably-didnt-know-about/?share=x HTTP/1.1" 302 - "https://www.wrinkledskinrepair.com/2019/05/19/skin-care-secrets-that-you-probably-didnt-know-about/" "Mozilla/5.0 (Linux; Android 7.0;) AppleWebKit/537.36 (HTML, like Gecko) Mobile Safari/537.36 (compatible; PetalBot;+https://webmaster.petalsearch.com/site/petalbot)"
184.94.212.206 - - [27/Apr/2026:12:46:34 +0000] "POST /wp-cron.php?doing_wp_cron=1777293994.5459809303283691406250 HTTP/1.1" 200 - "-" "WordPress/6.9.4; https://www.wrinkledskinrepair.com"
43.173.177.69 - - [27/Apr/2026:12:46:30 +0000] "GET /2018/05/30/read-this-article-to-learn-how-to-maintain-healthy-skin/?amp=1&share=jetpack-whatsapp HTTP/1.1" 200 20950 "-" "Mozilla/5.0 (Windows NT 10.0; Win64; x64) AppleWebKit/537.36 (KHTML, like Gecko) Chrome/116.0.0.0 Safari/537.36"
216.73.216.121 - - [27/Apr/2026:12:46:35 +0000] "GET /2019/03/10/improve-your-skin-with-these-great-tips/?amp=1 HTTP/1.1" 200 21280 "-" "Mozilla/5.0 AppleWebKit/537.36 (KHTML, like Gecko; compatible; ClaudeBot/1.0; +claudebot@anthropic.com)"
43.172.198.18 - - [27/Apr/2026:12:46:36 +0000] "POST /wp-admin/admin-ajax.php?action=cmplz_amp_endpoint&__amp_source_origin=https%3A%2F%2Fwww.wrinkledskinrepair.com HTTP/1.1" 200 21 "https://www.wrinkledskinrepair.com/2018/05/30/read-this-article-to-learn-how-to-maintain-healthy-skin/?amp=1&share=jetpack-whatsapp" "Mozilla/5.0 (Windows NT 10.0; Win64; x64) AppleWebKit/537.36 (KHTML, like Gecko) Chrome/116.0.0.0 Safari/537.36"
184.94.212.206 - - [27/Apr/2026:12:47:27 +0000] "POST /wp-cron.php?doing_wp_cron=1777294047.6041049957275390625000 HTTP/1.1" 200 - "-" "WordPress/6.9.4; https://www.wrinkledskinrepair.com"
66.249.92.37 - - [27/Apr/2026:12:47:25 +0000] "GET /2018/05/30/read-this-article-to-learn-how-to-maintain-healthy-skin/ HTTP/1.1" 200 53107 "-" "Mediapartners-Google"
43.174.126.26 - - [27/Apr/2026:12:47:29 +0000] "GET /2018/07/17/easy-tips-for-curing-your-skin-woes/?noamp=mobile&share=skype HTTP/1.1" 200 53295 "-" "Mozilla/5.0 (Windows NT 10.0; Win64; x64) AppleWebKit/537.36 (KHTML, like Gecko) Chrome/142.0.0.0 Safari/537.36"
43.174.126.26 - - [27/Apr/2026:12:47:31 +0000] "GET /wp-content/plugins/complianz-gdpr/assets/css/cookieblocker.min.css?ver=1741710170 HTTP/1.1" 200 723 "https://www.wrinkledskinrepair.com/2018/07/17/easy-tips-for-curing-your-skin-woes/?noamp=mobile&share=skype" "Mozilla/5.0 (Windows NT 10.0; Win64; x64) AppleWebKit/537.36 (KHTML, like Gecko) Chrome/142.0.0.0 Safari/537.36"
43.174.126.26 - - [27/Apr/2026:12:47:32 +0000] "GET /wp-content/themes/spa-and-salon/style.css?ver=6.9.4 HTTP/1.1" 200 13994 "https://www.wrinkledskinrepair.com/2018/07/17/easy-tips-for-curing-your-skin-woes/?noamp=mobile&share=skype" "Mozilla/5.0 (Windows NT 10.0; Win64; x64) AppleWebKit/537.36 (KHTML, like Gecko) Chrome/142.0.0.0 Safari/537.36"
43.174.126.26 - - [27/Apr/2026:12:47:32 +0000] "GET /wp-content/themes/spa-and-salon/css/perfect-scrollbar.min.css?ver=6.9.4 HTTP/1.1" 200 494 "https://www.wrinkledskinrepair.com/2018/07/17/easy-tips-for-curing-your-skin-woes/?noamp=mobile&share=skype" "Mozilla/5.0 (Windows NT 10.0; Win64; x64) AppleWebKit/537.36 (KHTML, like Gecko) Chrome/142.0.0.0 Safari/537.36"
43.174.126.26 - - [27/Apr/2026:12:47:32 +0000] "GET /wp-content/plugins/recent-posts-widget-with-thumbnails/public.css?ver=7.1.1 HTTP/1.1" 200 487 "https://www.wrinkledskinrepair.com/2018/07/17/easy-tips-for-curing-your-skin-woes/?noamp=mobile&share=skype" "Mozilla/5.0 (Windows NT 10.0; Win64; x64) AppleWebKit/537.36 (KHTML, like Gecko) Chrome/142.0.0.0 Safari/537.36"
43.174.126.26 - - [27/Apr/2026:12:47:32 +0000] "GET /wp-content/themes/medical-spa/style.css?ver=1.0.7 HTTP/1.1" 200 5745 "https://www.wrinkledskinrepair.com/2018/07/17/easy-tips-for-curing-your-skin-woes/?noamp=mobile&share=skype" "Mozilla/5.0 (Windows NT 10.0; Win64; x64) AppleWebKit/537.36 (KHTML, like Gecko) Chrome/142.0.0.0 Safari/537.36"
43.174.126.26 - - [27/Apr/2026:12:47:32 +0000] "GET /wp-content/themes/spa-and-salon/css/slick.min.css?ver=6.9.4 HTTP/1.1" 200 490 "https://www.wrinkledskinrepair.com/2018/07/17/easy-tips-for-curing-your-skin-woes/?noamp=mobile&share=skype" "Mozilla/5.0 (Windows NT 10.0; Win64; x64) AppleWebKit/537.36 (KHTML, like Gecko) Chrome/142.0.0.0 Safari/537.36"
43.174.126.26 - - [27/Apr/2026:12:47:32 +0000] "GET /wp-content/plugins/tablepress/css/build/default.css?ver=3.3 HTTP/1.1" 200 1767 "https://www.wrinkledskinrepair.com/2018/07/17/easy-tips-for-curing-your-skin-woes/?noamp=mobile&share=skype" "Mozilla/5.0 (Windows NT 10.0; Win64; x64) AppleWebKit/537.36 (KHTML, like Gecko) Chrome/142.0.0.0 Safari/537.36"
43.174.126.26 - - [27/Apr/2026:12:47:32 +0000] "GET /wp-content/plugins/jetpack/jetpack_vendor/automattic/jetpack-classic-theme-helper/dist/responsive-videos/responsive-videos.css?minify=false&ver=1a16f71f21c6d197f51b HTTP/1.1" 200 101 "https://www.wrinkledskinrepair.com/2018/07/17/easy-tips-for-curing-your-skin-woes/?noamp=mobile&share=skype" "Mozilla/5.0 (Windows NT 10.0; Win64; x64) AppleWebKit/537.36 (KHTML, like Gecko) Chrome/142.0.0.0 Safari/537.36"
43.174.126.26 - - [27/Apr/2026:12:47:32 +0000] "GET /wp-content/plugins/wp-meta-and-date-remover/assets/js/inspector.js?ver=1.1 HTTP/1.1" 200 1455 "https://www.wrinkledskinrepair.com/2018/07/17/easy-tips-for-curing-your-skin-woes/?noamp=mobile&share=skype" "Mozilla/5.0 (Windows NT 10.0; Win64; x64) AppleWebKit/537.36 (KHTML, like Gecko) Chrome/142.0.0.0 Safari/537.36"
43.174.126.26 - - [27/Apr/2026:12:47:32 +0000] "GET /wp-content/themes/spa-and-salon/js/modal-accessibility.min.js?ver=1.0.7 HTTP/1.1" 200 2033 "https://www.wrinkledskinrepair.com/2018/07/17/easy-tips-for-curing-your-skin-woes/?noamp=mobile&share=skype" "Mozilla/5.0 (Windows NT 10.0; Win64; x64) AppleWebKit/537.36 (KHTML, like Gecko) Chrome/142.0.0.0 Safari/537.36"
43.174.126.26 - - [27/Apr/2026:12:47:32 +0000] "GET /wp-content/themes/spa-and-salon/js/v4-shims.min.js?ver=6.5.1 HTTP/1.1" 200 7909 "https://www.wrinkledskinrepair.com/2018/07/17/easy-tips-for-curing-your-skin-woes/?noamp=mobile&share=skype" "Mozilla/5.0 (Windows NT 10.0; Win64; x64) AppleWebKit/537.36 (KHTML, like Gecko) Chrome/142.0.0.0 Safari/537.36"
43.174.126.26 - - [27/Apr/2026:12:47:32 +0000] "GET /wp-content/themes/spa-and-salon/js/slick.min.js?ver=2.6.0 HTTP/1.1" 200 10445 "https://www.wrinkledskinrepair.com/2018/07/17/easy-tips-for-curing-your-skin-woes/?noamp=mobile&share=skype" "Mozilla/5.0 (Windows NT 10.0; Win64; x64) AppleWebKit/537.36 (KHTML, like Gecko) Chrome/142.0.0.0 Safari/537.36"
43.174.126.26 - - [27/Apr/2026:12:47:32 +0000] "GET /wp-content/themes/spa-and-salon/js/perfect-scrollbar.min.js?ver=1.0.7 HTTP/1.1" 200 5954 "https://www.wrinkledskinrepair.com/2018/07/17/easy-tips-for-curing-your-skin-woes/?noamp=mobile&share=skype" "Mozilla/5.0 (Windows NT 10.0; Win64; x64) AppleWebKit/537.36 (KHTML, like Gecko) Chrome/142.0.0.0 Safari/537.36"
43.174.126.26 - - [27/Apr/2026:12:47:32 +0000] "GET /wp-content/themes/spa-and-salon/js/custom.min.js?ver=1.0.7 HTTP/1.1" 200 567 "https://www.wrinkledskinrepair.com/2018/07/17/easy-tips-for-curing-your-skin-woes/?noamp=mobile&share=skype" "Mozilla/5.0 (Windows NT 10.0; Win64; x64) AppleWebKit/537.36 (KHTML, like Gecko) Chrome/142.0.0.0 Safari/537.36"
43.174.126.26 - - [27/Apr/2026:12:47:32 +0000] "GET /wp-content/plugins/wp-consent-api/assets/js/wp-consent-api.min.js?ver=2.0.1 HTTP/1.1" 200 822 "https://www.wrinkledskinrepair.com/2018/07/17/easy-tips-for-curing-your-skin-woes/?noamp=mobile&share=skype" "Mozilla/5.0 (Windows NT 10.0; Win64; x64) AppleWebKit/537.36 (KHTML, like Gecko) Chrome/142.0.0.0 Safari/537.36"
43.174.126.26 - - [27/Apr/2026:12:47:32 +0000] "GET /wp-content/plugins/jetpack/jetpack_vendor/automattic/jetpack-classic-theme-helper/dist/responsive-videos/responsive-videos.js?minify=false&ver=1a16f71f21c6d197f51b HTTP/1.1" 200 645 "https://www.wrinkledskinrepair.com/2018/07/17/easy-tips-for-curing-your-skin-woes/?noamp=mobile&share=skype" "Mozilla/5.0 (Windows NT 10.0; Win64; x64) AppleWebKit/537.36 (KHTML, like Gecko) Chrome/142.0.0.0 Safari/537.36"
43.174.126.26 - - [27/Apr/2026:12:47:32 +0000] "GET /wp-content/themes/spa-and-salon/js/all.min.js?ver=6.5.1 HTTP/1.1" 200 542300 "https://www.wrinkledskinrepair.com/2018/07/17/easy-tips-for-curing-your-skin-woes/?noamp=mobile&share=skype" "Mozilla/5.0 (Windows NT 10.0; Win64; x64) AppleWebKit/537.36 (KHTML, like Gecko) Chrome/142.0.0.0 Safari/537.36"
43.174.126.26 - - [27/Apr/2026:12:47:32 +0000] "GET /wp-content/plugins/jetpack/_inc/blocks/subscriptions/view.js?minify=false&ver=15.7.1 HTTP/1.1" 200 2286 "https://www.wrinkledskinrepair.com/2018/07/17/easy-tips-for-curing-your-skin-woes/?noamp=mobile&share=skype" "Mozilla/5.0 (Windows NT 10.0; Win64; x64) AppleWebKit/537.36 (KHTML, like Gecko) Chrome/142.0.0.0 Safari/537.36"
43.174.126.26 - - [27/Apr/2026:12:47:32 +0000] "GET /wp-content/plugins/google-site-kit/dist/assets/js/googlesitekit-consent-mode-bc2e26cfa69fcd4a8261.js HTTP/1.1" 200 25395 "https://www.wrinkledskinrepair.com/2018/07/17/easy-tips-for-curing-your-skin-woes/?noamp=mobile&share=skype" "Mozilla/5.0 (Windows NT 10.0; Win64; x64) AppleWebKit/537.36 (KHTML, like Gecko) Chrome/142.0.0.0 Safari/537.36"
43.174.126.26 - - [27/Apr/2026:12:47:33 +0000] "GET /wp-includes/js/wp-emoji-release.min.js?ver=6.9.4 HTTP/1.1" 200 5375 "https://www.wrinkledskinrepair.com/2018/07/17/easy-tips-for-curing-your-skin-woes/?noamp=mobile&share=skype" "Mozilla/5.0 (Windows NT 10.0; Win64; x64) AppleWebKit/537.36 (KHTML, like Gecko) Chrome/142.0.0.0 Safari/537.36"
43.174.126.26 - - [27/Apr/2026:12:47:33 +0000] "POST /wp-admin/admin-ajax.php HTTP/1.1" 200 62 "https://www.wrinkledskinrepair.com/2018/07/17/easy-tips-for-curing-your-skin-woes/?noamp=mobile&share=skype" "Mozilla/5.0 (Windows NT 10.0; Win64; x64) AppleWebKit/537.36 (KHTML, like Gecko) Chrome/142.0.0.0 Safari/537.36"
43.174.126.26 - - [27/Apr/2026:12:47:33 +0000] "GET /2018/07/17/easy-tips-for-curing-your-skin-woes/?noamp=mobile&share=skype&relatedposts=1 HTTP/1.1" 200 1113 "https://www.wrinkledskinrepair.com/2018/07/17/easy-tips-for-curing-your-skin-woes/?noamp=mobile&share=skype" "Mozilla/5.0 (Windows NT 10.0; Win64; x64) AppleWebKit/537.36 (KHTML, like Gecko) Chrome/142.0.0.0 Safari/537.36"
184.94.212.206 - - [27/Apr/2026:12:48:28 +0000] "POST /wp-cron.php?doing_wp_cron=1777294108.0488328933715820312500 HTTP/1.1" 200 - "-" "WordPress/6.9.4; https://www.wrinkledskinrepair.com"
57.141.18.66 - - [27/Apr/2026:12:48:26 +0000] "GET /2020/05/13/great-skin-care-tips-for-beauty-and-health/ HTTP/1.1" 200 190097 "-" "meta-externalagent/1.1 (+https://developers.facebook.com/docs/sharing/webmasters/crawler)"
107.20.25.33 - - [27/Apr/2026:12:48:31 +0000] "GET /2018/08/04/advice-for-taking-care-of-your-skincare-problems/ HTTP/1.1" 200 53013 "-" "Mozilla/5.0 AppleWebKit/537.36 (KHTML, like Gecko; compatible; Amazonbot/0.1; +https://developer.amazon.com/support/amazonbot) Chrome/119.0.6045.214 Safari/537.36"
182.161.73.68 - - [27/Apr/2026:12:48:32 +0000] "GET /robots.txt HTTP/1.1" 301 - "-" "CriteoBot/0.1 (+https://www.criteo.com/criteo-crawler/)"
182.161.73.7 - - [27/Apr/2026:12:48:33 +0000] "GET /2018/07/17/robots.txt HTTP/1.1" 404 42431 "-" "CriteoBot/0.1 (+https://www.criteo.com/criteo-crawler/)"
114.119.144.17 - - [27/Apr/2026:12:48:34 +0000] "GET /2019/05/18/basic-tips-for-getting-beautifully-flawless-skin-2/?share=facebook HTTP/1.1" 302 - "https://www.wrinkledskinrepair.com/2019/05/18/basic-tips-for-getting-beautifully-flawless-skin-2" "Mozilla/5.0 (Linux; Android 7.0;) AppleWebKit/537.36 (HTML, like Gecko) Mobile Safari/537.36 (compatible; PetalBot;+https://webmaster.petalsearch.com/site/petalbot)"
182.161.73.7 - - [27/Apr/2026:12:48:35 +0000] "GET /robots.txt HTTP/1.1" 200 127 "-" "CriteoBot/0.1 (+https://www.criteo.com/criteo-crawler/)"
182.161.73.68 - - [27/Apr/2026:12:48:35 +0000] "GET /2018/07/17/easy-tips-for-curing-your-skin-woes HTTP/1.1" 301 - "-" "CriteoBot/0.1 (+https://www.criteo.com/criteo-crawler/)"
182.161.73.15 - - [27/Apr/2026:12:48:36 +0000] "GET /ads.txt HTTP/1.1" 200 58 "-" "CriteoBot/0.1 (+https://www.criteo.com/criteo-crawler/)"
23.23.99.55 - - [27/Apr/2026:12:48:36 +0000] "GET /2019/06/28/effective-solutions-for-your-skin-care-dilemmas/ HTTP/1.1" 200 53484 "-" "Mozilla/5.0 AppleWebKit/537.36 (KHTML, like Gecko; compatible; Amazonbot/0.1; +https://developer.amazon.com/support/amazonbot) Chrome/119.0.6045.214 Safari/537.36"
182.161.73.64 - - [27/Apr/2026:12:48:37 +0000] "GET /2018/07/17/easy-tips-for-curing-your-skin-woes/ HTTP/1.1" 200 53271 "-" "CriteoBot/0.1 (+https://www.criteo.com/criteo-crawler/)"
52.6.97.88 - - [27/Apr/2026:12:48:41 +0000] "GET /category/wrinkles/ HTTP/1.1" 200 48808 "-" "Mozilla/5.0 AppleWebKit/537.36 (KHTML, like Gecko; compatible; Amazonbot/0.1; +https://developer.amazon.com/support/amazonbot) Chrome/119.0.6045.214 Safari/537.36"
44.193.115.232 - - [27/Apr/2026:12:48:43 +0000] "GET /2020/06/04/effective-skin-care-solutions-for-everyday-life-2/ HTTP/1.1" 200 53820 "-" "Mozilla/5.0 AppleWebKit/537.36 (KHTML, like Gecko; compatible; Amazonbot/0.1; +https://developer.amazon.com/support/amazonbot) Chrome/119.0.6045.214 Safari/537.36"
184.94.212.206 - - [27/Apr/2026:12:49:21 +0000] "POST /wp-cron.php?doing_wp_cron=1777294161.9309170246124267578125 HTTP/1.1" 200 - "-" "WordPress/6.9.4; https://www.wrinkledskinrepair.com"
66.249.66.192 - - [27/Apr/2026:12:49:19 +0000] "GET /2018/05/30/read-this-article-to-learn-how-to-maintain-healthy-skin/?amp=1 HTTP/1.1" 200 20934 "-" "Mozilla/5.0 (Linux; Android 6.0.1; Nexus 5X Build/MMB29P) AppleWebKit/537.36 (KHTML, like Gecko) Chrome/146.0.7680.177 Mobile Safari/537.36 (compatible; Googlebot/2.1; +http://www.google.com/bot.html)"
66.249.66.166 - - [27/Apr/2026:12:49:26 +0000] "GET /wp-content/plugins/recent-posts-widget-with-thumbnails/public.css?ver=7.1.1 HTTP/1.1" 200 487 "https://www.wrinkledskinrepair.com/2018/05/30/read-this-article-to-learn-how-to-maintain-healthy-skin/" "Mediapartners-Google"
66.249.66.37 - - [27/Apr/2026:12:49:28 +0000] "GET /wp-content/themes/spa-and-salon/js/all.min.js?ver=6.5.1 HTTP/1.1" 200 542300 "https://www.wrinkledskinrepair.com/2018/05/30/read-this-article-to-learn-how-to-maintain-healthy-skin/" "Mediapartners-Google"
66.249.66.37 - - [27/Apr/2026:12:49:47 +0000] "GET /2018/05/30/read-this-article-to-learn-how-to-maintain-healthy-skin/?relatedposts=1 HTTP/1.1" 200 1037 "https://www.wrinkledskinrepair.com/2018/05/30/read-this-article-to-learn-how-to-maintain-healthy-skin/" "Mediapartners-Google"
66.249.66.37 - - [27/Apr/2026:12:49:49 +0000] "POST /wp-admin/admin-ajax.php HTTP/1.1" 200 62 "https://www.wrinkledskinrepair.com/2018/05/30/read-this-article-to-learn-how-to-maintain-healthy-skin/" "Mediapartners-Google"
66.249.66.37 - - [27/Apr/2026:12:49:53 +0000] "GET /wp-content/uploads/logo.png HTTP/1.1" 404 42411 "-" "Googlebot-Image/1.0"
192.0.101.192 - - [27/Apr/2026:12:49:55 +0000] "GET /wp-content/uploads/2018/05/ee3cb30e2bf61c22d2524518b7494097e377ffd41cb3164793f4c878a3_640.jpg HTTP/1.1" 301 - "-" "Photon/1.0"
66.249.66.37 - - [27/Apr/2026:12:49:56 +0000] "GET /wp-content/uploads/jade-emerson.jpg HTTP/1.1" 404 42415 "-" "Googlebot-Image/1.0"
192.0.101.192 - - [27/Apr/2026:12:49:57 +0000] "GET /wp-content/uploads/2018/05/ee3cb30e2bf61c22d2524518b7494097e377ffd41cb3164793f4c878a3_640.jpg HTTP/1.1" 404 135869 "-" "Photon/1.0"
173.239.240.111 - - [27/Apr/2026:12:49:57 +0000] "POST /wp-login.php HTTP/1.1" 401 3479 "-" "Mozilla/5.0"
66.249.66.70 - - [27/Apr/2026:12:49:58 +0000] "GET /wp-content/uploads/2018/05/ee3cb30e2bf61c22d2524518b7494097e377ffd41cb3164793f4c878a3_640.jpg HTTP/1.1" 301 - "-" "Googlebot-Image/1.0"
66.249.66.39 - - [27/Apr/2026:12:50:01 +0000] "GET /wp-content/uploads/2018/05/ee3cb30e2bf61c22d2524518b7494097e377ffd41cb3164793f4c878a3_640.jpg HTTP/1.1" 404 42532 "-" "Googlebot-Image/1.0"
184.94.212.206 - - [27/Apr/2026:12:50:07 +0000] "POST /wp-cron.php?doing_wp_cron=1777294207.0604588985443115234375 HTTP/1.1" 200 - "-" "WordPress/6.9.4; https://www.wrinkledskinrepair.com"
192.0.102.146 - - [27/Apr/2026:12:50:05 +0000] "HEAD / HTTP/1.1" 200 - "-" "jetmon/1.0 (Jetpack Site Uptime Monitor by WordPress.com)"
184.94.212.206 - - [27/Apr/2026:12:50:18 +0000] "POST /wp-cron.php?doing_wp_cron=1777294218.1672890186309814453125 HTTP/1.1" 200 - "-" "WordPress/6.9.4; https://www.wrinkledskinrepair.com"
57.141.18.84 - - [27/Apr/2026:12:50:16 +0000] "GET /tag/apple-cider-vinegar/ HTTP/1.1" 200 161597 "-" "meta-externalagent/1.1 (+https://developers.facebook.com/docs/sharing/webmasters/crawler)"
114.119.144.64 - - [27/Apr/2026:12:51:04 +0000] "GET /2019/05/16/get-on-the-path-to-beautiful-skin-with-these-ideas/?share=x HTTP/1.1" 302 - "https://www.wrinkledskinrepair.com/2019/05/16/get-on-the-path-to-beautiful-skin-with-these-ideas/" "Mozilla/5.0 (Linux; Android 7.0;) AppleWebKit/537.36 (HTML, like Gecko) Mobile Safari/537.36 (compatible; PetalBot;+https://webmaster.petalsearch.com/site/petalbot)"
184.94.212.206 - - [27/Apr/2026:12:52:05 +0000] "POST /wp-cron.php?doing_wp_cron=1777294325.6309928894042968750000 HTTP/1.1" 200 - "-" "WordPress/6.9.4; https://www.wrinkledskinrepair.com"
216.73.216.121 - - [27/Apr/2026:12:52:03 +0000] "GET /tag/skin-healthy/ HTTP/1.1" 200 48398 "-" "Mozilla/5.0 AppleWebKit/537.36 (KHTML, like Gecko; compatible; ClaudeBot/1.0; +claudebot@anthropic.com)"
184.94.212.206 - - [27/Apr/2026:12:52:54 +0000] "POST /wp-cron.php?doing_wp_cron=1777294374.8702480792999267578125 HTTP/1.1" 200 - "-" "WordPress/6.9.4; https://www.wrinkledskinrepair.com"
216.75.132.142 - - [27/Apr/2026:12:52:53 +0000] "GET /wp-json/wp/v2/posts/333 HTTP/1.1" 200 3650 "-" "Mozilla/5.0 (Macintosh; Intel Mac OS X 10_15_7) AppleWebKit/537.36 (KHTML, like Gecko) Chrome/135.0.0.0 Safari/537.36"
184.94.212.206 - - [27/Apr/2026:12:53:34 +0000] "POST /wp-cron.php?doing_wp_cron=1777294414.2321069240570068359375 HTTP/1.1" 200 - "-" "WordPress/6.9.4; https://www.wrinkledskinrepair.com"
114.119.143.101 - - [27/Apr/2026:12:53:32 +0000] "GET /tag/skin-cancer/ HTTP/1.1" 200 45953 "https://www.wrinkledskinrepair.com/author/beautyoftheworld/page/16" "Mozilla/5.0 (Linux; Android 7.0;) AppleWebKit/537.36 (HTML, like Gecko) Mobile Safari/537.36 (compatible; PetalBot;+https://webmaster.petalsearch.com/site/petalbot)"
66.249.66.69 - - [27/Apr/2026:12:54:22 +0000] "GET /ads.txt HTTP/1.1" 304 - "-" "Google-adstxt"
184.94.212.206 - - [27/Apr/2026:12:54:26 +0000] "POST /wp-cron.php?doing_wp_cron=1777294466.1263630390167236328125 HTTP/1.1" 200 - "-" "WordPress/6.9.4; https://www.wrinkledskinrepair.com"
109.107.242.18 - - [27/Apr/2026:12:54:24 +0000] "GET /2019/03/26/get-beautiful-skin-everyone-will-notice-2/ HTTP/1.1" 200 53233 "-" "Mozilla/5.0 (Windows NT 6.1) AppleWebKit/537.36 (KHTML, like Gecko) Chrome/84.0.4147.140 Safari/537.36"
184.94.212.206 - - [27/Apr/2026:12:54:55 +0000] "POST /wp-cron.php?doing_wp_cron=1777294495.7026050090789794921875 HTTP/1.1" 200 - "-" "WordPress/6.9.4; https://www.wrinkledskinrepair.com"
207.180.11.101 - - [27/Apr/2026:12:54:54 +0000] "GET /wp-json/wp/v2/posts/399 HTTP/1.1" 200 3868 "-" "Mozilla/5.0 (Macintosh; Intel Mac OS X 10_15_7) AppleWebKit/537.36 (KHTML, like Gecko) Chrome/135.0.0.0 Safari/537.36"
184.94.212.206 - - [27/Apr/2026:12:55:08 +0000] "POST /wp-cron.php?doing_wp_cron=1777294508.2178280353546142578125 HTTP/1.1" 200 - "-" "WordPress/6.9.4; https://www.wrinkledskinrepair.com"
192.0.102.146 - - [27/Apr/2026:12:55:06 +0000] "HEAD / HTTP/1.1" 200 - "-" "jetmon/1.0 (Jetpack Site Uptime Monitor by WordPress.com)"
184.94.212.206 - - [27/Apr/2026:12:56:07 +0000] "POST /wp-cron.php?doing_wp_cron=1777294567.3776950836181640625000 HTTP/1.1" 200 - "-" "WordPress/6.9.4; https://www.wrinkledskinrepair.com"
114.119.144.17 - - [27/Apr/2026:12:56:05 +0000] "GET /tag/beautiful-skin/ HTTP/1.1" 200 48927 "https://www.wrinkledskinrepair.com/blog/page/4" "Mozilla/5.0 (Linux; Android 7.0;) AppleWebKit/537.36 (HTML, like Gecko) Mobile Safari/537.36 (compatible; PetalBot;+https://webmaster.petalsearch.com/site/petalbot)"
57.141.18.65 - - [27/Apr/2026:12:56:05 +0000] "GET /2018/07/21/make-your-skin-glow-with-these-tips/ HTTP/1.1" 200 185704 "-" "meta-externalagent/1.1 (+https://developers.facebook.com/docs/sharing/webmasters/crawler)"
65.108.245.16 - - [27/Apr/2026:12:57:17 +0000] "GET /wp-login.php HTTP/1.1" 200 4400 "-" "Mozilla/5.0 (Windows NT 6.1; Win64; x64) AppleWebKit/537.36 (KHTML, like Gecko) Chrome/64.0.3282.186 Safari/537.36 OPR/51.0.2830.55"
65.108.245.16 - - [27/Apr/2026:12:57:20 +0000] "POST /wp-login.php HTTP/1.1" 200 4400 "https://www.wrinkledskinrepair.com/wp-login.php" "Mozilla/5.0 (Windows NT 6.1; Win64; x64) AppleWebKit/537.36 (KHTML, like Gecko) Chrome/64.0.3282.186 Safari/537.36 OPR/51.0.2830.55"
184.94.212.206 - - [27/Apr/2026:12:57:23 +0000] "POST /wp-cron.php?doing_wp_cron=1777294643.4582889080047607421875 HTTP/1.1" 200 - "-" "WordPress/6.9.4; https://www.wrinkledskinrepair.com"
57.141.18.84 - - [27/Apr/2026:12:57:21 +0000] "GET /2020/04/03/keep-your-skin-clear-and-healthy-with-these-tips/ HTTP/1.1" 200 186579 "-" "meta-externalagent/1.1 (+https://developers.facebook.com/docs/sharing/webmasters/crawler)"
216.73.216.121 - - [27/Apr/2026:12:57:37 +0000] "GET /2019/05/28/learn-to-understand-your-skin-and-care-for-it-properly-3/?amp=1 HTTP/1.1" 200 21451 "-" "Mozilla/5.0 AppleWebKit/537.36 (KHTML, like Gecko; compatible; ClaudeBot/1.0; +claudebot@anthropic.com)"
20.191.45.212 - - [27/Apr/2026:12:58:22 +0000] "GET / HTTP/1.1" 200 47737 "http://www.wrinkledskinrepair.com" "DuckDuckBot/1.1; (+http://duckduckgo.com/duckduckbot.html)"
184.94.212.206 - - [27/Apr/2026:12:58:41 +0000] "POST /wp-cron.php?doing_wp_cron=1777294721.5986950397491455078125 HTTP/1.1" 200 - "-" "WordPress/6.9.4; https://www.wrinkledskinrepair.com"
114.119.142.210 - - [27/Apr/2026:12:58:40 +0000] "GET /blog/page/15 HTTP/1.1" 301 - "https://www.wrinkledskinrepair.com/blog/page/15" "Mozilla/5.0 (Linux; Android 7.0;) AppleWebKit/537.36 (HTML, like Gecko) Mobile Safari/537.36 (compatible; PetalBot;+https://webmaster.petalsearch.com/site/petalbot)"
114.119.142.210 - - [27/Apr/2026:12:58:42 +0000] "GET /blog/page/15/ HTTP/1.1" 200 50198 "https://www.wrinkledskinrepair.com/blog/page/15" "Mozilla/5.0 (Linux; Android 7.0;) AppleWebKit/537.36 (HTML, like Gecko) Mobile Safari/537.36 (compatible; PetalBot;+https://webmaster.petalsearch.com/site/petalbot)"
20.215.220.112 - - [27/Apr/2026:12:59:03 +0000] "GET / HTTP/1.1" 301 - "-" "Mozilla/5.0 AppleWebKit/537.36 (KHTML, like Gecko); compatible; ChatGPT-User/1.0; +https://openai.com/bot"
184.94.212.206 - - [27/Apr/2026:13:00:08 +0000] "POST /wp-cron.php?doing_wp_cron=1777294808.2523989677429199218750 HTTP/1.1" 200 - "-" "WordPress/6.9.4; https://www.wrinkledskinrepair.com"
192.0.102.146 - - [27/Apr/2026:13:00:05 +0000] "HEAD / HTTP/1.1" 200 - "-" "jetmon/1.0 (Jetpack Site Uptime Monitor by WordPress.com)"
57.141.18.99 - - [27/Apr/2026:13:00:10 +0000] "GET /2018/09/03/great-skin-care-tips-for-perfect-skin/ HTTP/1.1" 200 187099 "-" "meta-externalagent/1.1 (+https://developers.facebook.com/docs/sharing/webmasters/crawler)"
184.94.212.206 - - [27/Apr/2026:13:00:32 +0000] "POST /wp-cron.php?doing_wp_cron=1777294832.4835269451141357421875 HTTP/1.1" 200 - "-" "WordPress/6.9.4; https://www.wrinkledskinrepair.com"
216.73.216.121 - - [27/Apr/2026:13:00:31 +0000] "GET /2020/05/06/learn-about-caring-for-your-skin-now HTTP/1.1" 301 - "-" "Mozilla/5.0 AppleWebKit/537.36 (KHTML, like Gecko; compatible; ClaudeBot/1.0; +claudebot@anthropic.com)"
216.73.216.121 - - [27/Apr/2026:13:00:32 +0000] "GET /2020/05/06/learn-about-caring-for-your-skin-now/ HTTP/1.1" 200 52737 "https://www.wrinkledskinrepair.com/2020/05/06/learn-about-caring-for-your-skin-now" "Mozilla/5.0 AppleWebKit/537.36 (KHTML, like Gecko; compatible; ClaudeBot/1.0; +claudebot@anthropic.com)"
20.89.19.162 - - [27/Apr/2026:13:01:14 +0000] "GET /themes/zMousse/otuz1.php HTTP/1.1" 301 - "-" "Mozilla/5.0 (Windows NT 10.0; Win64; x64) AppleWebKit/537.36 (KHTML, like Gecko) Chrome/120.0.0.0 Safari/537.36"
20.89.19.162 - - [27/Apr/2026:13:01:16 +0000] "GET /upload2/10-27-24_8:26_1.php HTTP/1.1" 301 - "-" "Mozilla/5.0 (Windows NT 10.0; Win64; x64) AppleWebKit/537.36 (KHTML, like Gecko) Chrome/120.0.0.0 Safari/537.36"
114.119.144.64 - - [27/Apr/2026:13:01:17 +0000] "GET /author/beautyoftheworld/page/29 HTTP/1.1" 301 - "https://www.wrinkledskinrepair.com/author/beautyoftheworld/page/30" "Mozilla/5.0 (Linux; Android 7.0;) AppleWebKit/537.36 (HTML, like Gecko) Mobile Safari/537.36 (compatible; PetalBot;+https://webmaster.petalsearch.com/site/petalbot)"
184.94.212.206 - - [27/Apr/2026:13:01:19 +0000] "POST /wp-cron.php?doing_wp_cron=1777294879.4347109794616699218750 HTTP/1.1" 200 - "-" "WordPress/6.9.4; https://www.wrinkledskinrepair.com"
20.89.19.162 - - [27/Apr/2026:13:01:18 +0000] "GET /user.php HTTP/1.1" 301 - "-" "Mozilla/5.0 (Windows NT 10.0; Win64; x64) AppleWebKit/537.36 (KHTML, like Gecko) Chrome/120.0.0.0 Safari/537.36"
20.89.19.162 - - [27/Apr/2026:13:01:19 +0000] "GET /version.php HTTP/1.1" 301 - "-" "Mozilla/5.0 (Windows NT 10.0; Win64; x64) AppleWebKit/537.36 (KHTML, like Gecko) Chrome/120.0.0.0 Safari/537.36"
114.119.144.64 - - [27/Apr/2026:13:01:19 +0000] "GET /author/beautyoftheworld/page/29/ HTTP/1.1" 200 48823 "https://www.wrinkledskinrepair.com/author/beautyoftheworld/page/30" "Mozilla/5.0 (Linux; Android 7.0;) AppleWebKit/537.36 (HTML, like Gecko) Mobile Safari/537.36 (compatible; PetalBot;+https://webmaster.petalsearch.com/site/petalbot)"
20.89.19.162 - - [27/Apr/2026:13:01:22 +0000] "GET /wander.php HTTP/1.1" 301 - "-" "Mozilla/5.0 (Windows NT 10.0; Win64; x64) AppleWebKit/537.36 (KHTML, like Gecko) Chrome/120.0.0.0 Safari/537.36"
