114.119.142.140 - - [27/Apr/2026:19:25:02 +0000] "GET /2019/03/20/read-these-tips-now-for-healthier-skin/?share=x HTTP/1.1" 302 - "https://www.wrinkledskinrepair.com/2019/03/20/read-these-tips-now-for-healthier-skin/" "Mozilla/5.0 (Linux; Android 7.0;) AppleWebKit/537.36 (HTML, like Gecko) Mobile Safari/537.36 (compatible; PetalBot;+https://webmaster.petalsearch.com/site/petalbot)"
184.94.212.206 - - [27/Apr/2026:19:25:48 +0000] "POST /wp-cron.php?doing_wp_cron=1777317948.7036728858947753906250 HTTP/1.1" 200 - "-" "WordPress/6.9.4; https://www.wrinkledskinrepair.com"
3.218.103.254 - - [27/Apr/2026:19:25:47 +0000] "GET /2019/07/16/basic-skin-care-tips-that-wont-break-the-bank/ HTTP/1.1" 200 53508 "-" "Mozilla/5.0 AppleWebKit/537.36 (KHTML, like Gecko; compatible; Amazonbot/0.1; +https://developer.amazon.com/support/amazonbot) Chrome/119.0.6045.214 Safari/537.36"
54.225.181.161 - - [27/Apr/2026:19:25:51 +0000] "GET /category/wrinkles/ HTTP/1.1" 200 48808 "-" "Mozilla/5.0 AppleWebKit/537.36 (KHTML, like Gecko; compatible; Amazonbot/0.1; +https://developer.amazon.com/support/amazonbot) Chrome/119.0.6045.214 Safari/537.36"
103.211.200.45 - - [27/Apr/2026:19:25:55 +0000] "GET /wp-login.php HTTP/1.1" 200 4400 "-" "Mozilla/5.0 (Windows NT 6.1; WOW64; Trident/7.0; EIE10;ENUSWOL; rv:11.0) like Gecko"
103.211.200.45 - - [27/Apr/2026:19:25:56 +0000] "POST /wp-login.php HTTP/1.1" 200 4400 "https://www.wrinkledskinrepair.com/wp-login.php" "Mozilla/5.0 (Windows NT 6.1; WOW64; Trident/7.0; EIE10;ENUSWOL; rv:11.0) like Gecko"
184.94.212.206 - - [27/Apr/2026:19:27:06 +0000] "POST /wp-cron.php?doing_wp_cron=1777318026.5454308986663818359375 HTTP/1.1" 200 - "-" "WordPress/6.9.4; https://www.wrinkledskinrepair.com"
82.180.139.12 - - [27/Apr/2026:19:27:04 +0000] "GET / HTTP/1.1" 200 47737 "-" "httpx - Open-source project (github.com/projectdiscovery/httpx)"
184.94.212.206 - - [27/Apr/2026:19:27:27 +0000] "POST /wp-cron.php?doing_wp_cron=1777318047.7312109470367431640625 HTTP/1.1" 200 - "-" "WordPress/6.9.4; https://www.wrinkledskinrepair.com"
114.119.157.239 - - [27/Apr/2026:19:27:26 +0000] "GET /2019/03/20/begin-managing-your-skincare-issues-with-these-ideas?share=facebook HTTP/1.1" 302 - "https://www.wrinkledskinrepair.com/2019/03/20/begin-managing-your-skincare-issues-with-these-ideas" "Mozilla/5.0 (Linux; Android 7.0;) AppleWebKit/537.36 (HTML, like Gecko) Mobile Safari/537.36 (compatible; PetalBot;+https://webmaster.petalsearch.com/site/petalbot)"
184.94.212.206 - - [27/Apr/2026:19:28:29 +0000] "POST /wp-cron.php?doing_wp_cron=1777318109.8936409950256347656250 HTTP/1.1" 200 - "-" "WordPress/6.9.4; https://www.wrinkledskinrepair.com"
181.178.116.12 - - [27/Apr/2026:19:28:27 +0000] "GET /category/wrinkle-treatment/ HTTP/1.1" 200 49022 "-" "Mozilla/5.0 (Windows NT 6.1; Win64; x64) AppleWebKit/537.36 (KHTML, like Gecko) Chrome/89.0.4389.114 Safari/537.36"
192.0.102.146 - - [27/Apr/2026:19:29:04 +0000] "HEAD / HTTP/1.1" 200 - "-" "jetmon/1.0 (Jetpack Site Uptime Monitor by WordPress.com)"
184.94.212.206 - - [27/Apr/2026:19:29:20 +0000] "POST /wp-cron.php?doing_wp_cron=1777318160.1195011138916015625000 HTTP/1.1" 200 - "-" "WordPress/6.9.4; https://www.wrinkledskinrepair.com"
51.89.12.179 - - [27/Apr/2026:19:29:18 +0000] "GET /admin.php?520 HTTP/1.1" 301 - "-" "Mozilla/5.0 (Windows NT 10.0; Win64; x64) AppleWebKit/537.36 (KHTML, like Gecko) Chrome/127.0.0.0 Safari/537.36"
51.89.12.179 - - [27/Apr/2026:19:29:21 +0000] "GET /admin.php?520 HTTP/1.1" 404 135261 "-" "Mozilla/5.0 (Windows NT 10.0; Win64; x64) AppleWebKit/537.36 (KHTML, like Gecko) Chrome/127.0.0.0 Safari/537.36"
51.89.12.179 - - [27/Apr/2026:19:29:23 +0000] "GET /admin.php?520 HTTP/1.1" 404 135325 "-" "Mozilla/5.0 (Windows NT 10.0; Win64; x64) AppleWebKit/537.36 (KHTML, like Gecko) Chrome/127.0.0.0 Safari/537.36"
184.94.212.206 - - [27/Apr/2026:19:30:16 +0000] "POST /wp-cron.php?doing_wp_cron=1777318216.2847769260406494140625 HTTP/1.1" 200 - "-" "WordPress/6.9.4; https://www.wrinkledskinrepair.com"
114.119.157.239 - - [27/Apr/2026:19:30:14 +0000] "GET /2019/03/20/begin-managing-your-skincare-issues-with-these-ideas/?share=x HTTP/1.1" 302 - "https://www.wrinkledskinrepair.com/2019/03/20/begin-managing-your-skincare-issues-with-these-ideas" "Mozilla/5.0 (Linux; Android 7.0;) AppleWebKit/537.36 (HTML, like Gecko) Mobile Safari/537.36 (compatible; PetalBot;+https://webmaster.petalsearch.com/site/petalbot)"
70.36.101.111 - - [27/Apr/2026:19:31:00 +0000] "GET /wp-login.php HTTP/1.1" 200 4400 "-" "Mozilla/4.0 (compatible; MSIE 7.0; Windows NT 6.3; WOW64; Trident/7.0; Touch; .NET4.0E; .NET4.0C; .NET CLR 3.5.30729; .NET CLR 2.0.50727; .NET CLR 3.0.30729; Tablet PC 2.0)"
70.36.101.111 - - [27/Apr/2026:19:31:02 +0000] "POST /wp-login.php HTTP/1.1" 200 4400 "https://www.wrinkledskinrepair.com/wp-login.php" "Mozilla/4.0 (compatible; MSIE 7.0; Windows NT 6.3; WOW64; Trident/7.0; Touch; .NET4.0E; .NET4.0C; .NET CLR 3.5.30729; .NET CLR 2.0.50727; .NET CLR 3.0.30729; Tablet PC 2.0)"
184.94.212.206 - - [27/Apr/2026:19:32:08 +0000] "POST /wp-cron.php?doing_wp_cron=1777318328.4552149772644042968750 HTTP/1.1" 200 - "-" "WordPress/6.9.4; https://www.wrinkledskinrepair.com"
20.0.53.103 - - [27/Apr/2026:19:32:06 +0000] "GET / HTTP/1.1" 301 - "-" "Mozilla/5.0 AppleWebKit/537.36 (KHTML, like Gecko); compatible; ChatGPT-User/1.0; +https://openai.com/bot"
184.94.212.206 - - [27/Apr/2026:19:32:16 +0000] "POST /wp-cron.php?doing_wp_cron=1777318336.1244459152221679687500 HTTP/1.1" 200 - "-" "WordPress/6.9.4; https://www.wrinkledskinrepair.com"
52.255.111.4 - - [27/Apr/2026:19:32:14 +0000] "GET / HTTP/1.1" 301 - "-" "Mozilla/5.0 AppleWebKit/537.36 (KHTML, like Gecko); compatible; ChatGPT-User/1.0; +https://openai.com/bot"
52.255.111.2 - - [27/Apr/2026:19:32:16 +0000] "GET / HTTP/1.1" 200 47737 "-" "Mozilla/5.0 AppleWebKit/537.36 (KHTML, like Gecko); compatible; ChatGPT-User/1.0; +https://openai.com/bot"
184.94.212.206 - - [27/Apr/2026:19:32:40 +0000] "POST /wp-cron.php?doing_wp_cron=1777318360.6886429786682128906250 HTTP/1.1" 200 - "-" "WordPress/6.9.4; https://www.wrinkledskinrepair.com"
216.73.216.121 - - [27/Apr/2026:19:32:39 +0000] "GET /robots.txt HTTP/1.1" 200 127 "-" "Mozilla/5.0 AppleWebKit/537.36 (KHTML, like Gecko; compatible; ClaudeBot/1.0; +claudebot@anthropic.com)"
114.119.146.179 - - [27/Apr/2026:19:32:40 +0000] "GET /2019/03/20/begin-managing-your-skincare-issues-with-these-ideas/ HTTP/1.1" 200 53767 "https://www.wrinkledskinrepair.com/category/wrinkle-treatment/page/12/" "Mozilla/5.0 (Linux; Android 7.0;) AppleWebKit/537.36 (HTML, like Gecko) Mobile Safari/537.36 (compatible; PetalBot;+https://webmaster.petalsearch.com/site/petalbot)"
216.73.216.121 - - [27/Apr/2026:19:32:40 +0000] "GET /?p=3847 HTTP/1.1" 301 - "-" "Mozilla/5.0 AppleWebKit/537.36 (KHTML, like Gecko; compatible; ClaudeBot/1.0; +claudebot@anthropic.com)"
216.73.216.121 - - [27/Apr/2026:19:32:42 +0000] "GET /2020/05/28/get-the-skin-you-have-dreamed-of-with-this-solid-advice/ HTTP/1.1" 200 53261 "https://www.wrinkledskinrepair.com/?p=3847" "Mozilla/5.0 AppleWebKit/537.36 (KHTML, like Gecko; compatible; ClaudeBot/1.0; +claudebot@anthropic.com)"
77.90.185.5 - - [27/Apr/2026:19:33:03 +0000] "GET / HTTP/1.0" 200 168959 "https://www.wrinkledskinrepair.com/" "Mozilla/5.0 (Windows NT 10.0; Win64; x64) AppleWebKit/537.36 (KHTML, like Gecko) Chrome/130.0.0.0 Safari/537.36 CCleaner/130.0.0.0"
77.90.185.5 - - [27/Apr/2026:19:33:06 +0000] "GET /contact/ HTTP/1.0" 200 154481 "https://www.wrinkledskinrepair.com/contact/" "Mozilla/5.0 (Windows NT 10.0; Win64; x64) AppleWebKit/537.36 (KHTML, like Gecko) Chrome/130.0.0.0 Safari/537.36 CCleaner/130.0.0.0"
184.94.212.206 - - [27/Apr/2026:19:33:10 +0000] "POST /wp-cron.php?doing_wp_cron=1777318390.6295599937438964843750 HTTP/1.1" 200 - "-" "WordPress/6.9.4; https://www.wrinkledskinrepair.com"
77.90.185.5 - - [27/Apr/2026:19:33:09 +0000] "GET /contact/?amp=1 HTTP/1.0" 200 37451 "https://www.wrinkledskinrepair.com/contact/?amp=1" "Mozilla/5.0 (Windows NT 10.0; Win64; x64) AppleWebKit/537.36 (KHTML, like Gecko) Chrome/130.0.0.0 Safari/537.36 CCleaner/130.0.0.0"
77.90.185.5 - - [27/Apr/2026:19:33:11 +0000] "GET /contact/?share=facebook HTTP/1.0" 302 - "https://www.wrinkledskinrepair.com/contact/?share=facebook" "Mozilla/5.0 (Windows NT 10.0; Win64; x64) AppleWebKit/537.36 (KHTML, like Gecko) Chrome/130.0.0.0 Safari/537.36 CCleaner/130.0.0.0"
77.90.185.5 - - [27/Apr/2026:19:33:13 +0000] "GET /contact/?share=x HTTP/1.0" 302 - "https://www.wrinkledskinrepair.com/contact/?share=x" "Mozilla/5.0 (Windows NT 10.0; Win64; x64) AppleWebKit/537.36 (KHTML, like Gecko) Chrome/130.0.0.0 Safari/537.36 CCleaner/130.0.0.0"
77.90.185.5 - - [27/Apr/2026:19:33:15 +0000] "GET /contact/?share=facebook HTTP/1.0" 302 - "https://www.wrinkledskinrepair.com/contact/?share=facebook" "Mozilla/5.0 (Windows NT 10.0; Win64; x64) AppleWebKit/537.36 (KHTML, like Gecko) Chrome/130.0.0.0 Safari/537.36 CCleaner/130.0.0.0"
184.94.212.206 - - [27/Apr/2026:19:33:18 +0000] "POST /wp-cron.php?doing_wp_cron=1777318398.0723500251770019531250 HTTP/1.1" 200 - "-" "WordPress/6.9.4; https://www.wrinkledskinrepair.com"
77.90.185.5 - - [27/Apr/2026:19:33:16 +0000] "GET /contact/?share=x HTTP/1.0" 302 - "https://www.wrinkledskinrepair.com/contact/?share=x" "Mozilla/5.0 (Windows NT 10.0; Win64; x64) AppleWebKit/537.36 (KHTML, like Gecko) Chrome/130.0.0.0 Safari/537.36 CCleaner/130.0.0.0"
77.90.185.5 - - [27/Apr/2026:19:33:18 +0000] "GET /contact/?share=facebook HTTP/1.0" 302 - "https://www.wrinkledskinrepair.com/contact/?share=facebook" "Mozilla/5.0 (Windows NT 10.0; Win64; x64) AppleWebKit/537.36 (KHTML, like Gecko) Chrome/130.0.0.0 Safari/537.36 CCleaner/130.0.0.0"
51.68.111.244 - - [27/Apr/2026:19:33:40 +0000] "GET /robots.txt HTTP/1.1" 200 127 "-" "Mozilla/5.0 (compatible; MJ12bot/v2.0.5; http://mj12bot.com/)"
51.68.111.244 - - [27/Apr/2026:19:33:42 +0000] "GET / HTTP/1.1" 403 47737 "-" "Mozilla/5.0 (compatible; MJ12bot/v2.0.5; http://mj12bot.com/)"
216.73.216.121 - - [27/Apr/2026:19:33:53 +0000] "GET /2020/05/10/look-your-best-with-the-help-of-these-skin-care-tips/?noamp=mobile HTTP/1.1" 200 53784 "-" "Mozilla/5.0 AppleWebKit/537.36 (KHTML, like Gecko; compatible; ClaudeBot/1.0; +claudebot@anthropic.com)"
192.0.102.146 - - [27/Apr/2026:19:34:04 +0000] "HEAD / HTTP/1.1" 200 - "-" "jetmon/1.0 (Jetpack Site Uptime Monitor by WordPress.com)"
184.94.212.206 - - [27/Apr/2026:19:35:12 +0000] "POST /wp-cron.php?doing_wp_cron=1777318511.9853100776672363281250 HTTP/1.1" 200 - "-" "WordPress/6.9.4; https://www.wrinkledskinrepair.com"
114.119.143.101 - - [27/Apr/2026:19:35:10 +0000] "GET /2019/03/19/skin-care-advice-for-achieving-radiant-healthy-skin?share=facebook HTTP/1.1" 302 - "-" "Mozilla/5.0 (Linux; Android 7.0;) AppleWebKit/537.36 (HTML, like Gecko) Mobile Safari/537.36 (compatible; PetalBot;+https://webmaster.petalsearch.com/site/petalbot)"
165.232.159.162 - - [27/Apr/2026:19:35:56 +0000] "GET /wp-login.php HTTP/1.1" 200 4402 "-" "Mozilla/5.0 (Windows NT 10.0) AppleWebKit/537.36 (KHTML, like Gecko) Chrome/65.0.3325.162 Safari/537.36"
165.232.159.162 - - [27/Apr/2026:19:35:58 +0000] "POST /wp-login.php HTTP/1.1" 200 4402 "https://www.wrinkledskinrepair.com/wp-login.php" "Mozilla/5.0 (Windows NT 10.0) AppleWebKit/537.36 (KHTML, like Gecko) Chrome/65.0.3325.162 Safari/537.36"
184.94.212.206 - - [27/Apr/2026:19:36:11 +0000] "POST /wp-cron.php?doing_wp_cron=1777318571.1315269470214843750000 HTTP/1.1" 200 - "-" "WordPress/6.9.4; https://www.wrinkledskinrepair.com"
51.89.12.179 - - [27/Apr/2026:19:36:09 +0000] "GET /assets/images/accesson.php HTTP/1.1" 301 - "-" "Mozilla/5.0 (Windows NT 10.0; Win64; x64) AppleWebKit/537.36 (KHTML, like Gecko) Chrome/146.0.0.0 Safari/537.36"
51.89.12.179 - - [27/Apr/2026:19:36:12 +0000] "GET /assets/images/accesson.php HTTP/1.1" 404 135388 "-" "Mozilla/5.0 (Windows NT 10.0; Win64; x64) AppleWebKit/537.36 (KHTML, like Gecko) Chrome/146.0.0.0 Safari/537.36"
51.89.12.179 - - [27/Apr/2026:19:36:14 +0000] "GET /assets/images/accesson.php HTTP/1.1" 404 135452 "-" "Mozilla/5.0 (X11; Linux x86_64) AppleWebKit/537.36 (KHTML, like Gecko) Chrome/147.0.0.0 Safari/537.36"
184.94.212.206 - - [27/Apr/2026:19:37:26 +0000] "POST /wp-cron.php?doing_wp_cron=1777318646.5412340164184570312500 HTTP/1.1" 200 - "-" "WordPress/6.9.4; https://www.wrinkledskinrepair.com"
51.89.12.179 - - [27/Apr/2026:19:37:24 +0000] "GET /about.php?520 HTTP/1.1" 301 - "-" "Mozilla/5.0 (Windows NT 10.0; Win64; x64) AppleWebKit/537.36 (KHTML, like Gecko) Chrome/127.0.0.0 Safari/537.36"
51.89.12.179 - - [27/Apr/2026:19:37:27 +0000] "GET /about.php?520 HTTP/1.1" 404 135261 "-" "Mozilla/5.0 (Windows NT 10.0; Win64; x64) AppleWebKit/537.36 (KHTML, like Gecko) Chrome/127.0.0.0 Safari/537.36"
51.89.12.179 - - [27/Apr/2026:19:37:29 +0000] "GET /about.php?520 HTTP/1.1" 404 135325 "-" "Mozilla/5.0 (Windows NT 10.0; Win64; x64) AppleWebKit/537.36 (KHTML, like Gecko) Chrome/127.0.0.0 Safari/537.36"
184.94.212.206 - - [27/Apr/2026:19:37:52 +0000] "POST /wp-cron.php?doing_wp_cron=1777318672.5489521026611328125000 HTTP/1.1" 200 - "-" "WordPress/6.9.4; https://www.wrinkledskinrepair.com"
47.128.41.65 - - [27/Apr/2026:19:37:51 +0000] "GET /2017/07/ HTTP/1.1" 200 45520 "-" "Mozilla/5.0 (compatible; Bytespider; spider-feedback@bytedance.com) AppleWebKit/537.36 (KHTML, like Gecko) Chrome/70.0.0.0 Safari/537.36"
47.128.41.39 - - [27/Apr/2026:19:37:52 +0000] "GET /2019/04/ HTTP/1.1" 200 48491 "-" "Mozilla/5.0 (compatible; Bytespider; spider-feedback@bytedance.com) AppleWebKit/537.36 (KHTML, like Gecko) Chrome/70.0.0.0 Safari/537.36"
47.128.41.65 - - [27/Apr/2026:19:37:54 +0000] "GET /wp-content/themes/spa-and-salon/style.css?ver=6.9.4 HTTP/1.1" 200 13994 "https://www.wrinkledskinrepair.com/2017/07/" "Mozilla/5.0 (compatible; Bytespider; spider-feedback@bytedance.com) AppleWebKit/537.36 (KHTML, like Gecko) Chrome/70.0.0.0 Safari/537.36"
47.128.41.65 - - [27/Apr/2026:19:37:54 +0000] "GET /wp-content/plugins/recent-posts-widget-with-thumbnails/public.css?ver=7.1.1 HTTP/1.1" 200 487 "https://www.wrinkledskinrepair.com/2017/07/" "Mozilla/5.0 (compatible; Bytespider; spider-feedback@bytedance.com) AppleWebKit/537.36 (KHTML, like Gecko) Chrome/70.0.0.0 Safari/537.36"
47.128.41.65 - - [27/Apr/2026:19:37:54 +0000] "GET /wp-content/plugins/jetpack/jetpack_vendor/automattic/jetpack-classic-theme-helper/dist/responsive-videos/responsive-videos.css?minify=false&ver=1a16f71f21c6d197f51b HTTP/1.1" 200 101 "https://www.wrinkledskinrepair.com/2017/07/" "Mozilla/5.0 (compatible; Bytespider; spider-feedback@bytedance.com) AppleWebKit/537.36 (KHTML, like Gecko) Chrome/70.0.0.0 Safari/537.36"
47.128.41.39 - - [27/Apr/2026:19:37:55 +0000] "GET /wp-content/plugins/recent-posts-widget-with-thumbnails/public.css?ver=7.1.1 HTTP/1.1" 200 487 "https://www.wrinkledskinrepair.com/2019/04/" "Mozilla/5.0 (compatible; Bytespider; spider-feedback@bytedance.com) AppleWebKit/537.36 (KHTML, like Gecko) Chrome/70.0.0.0 Safari/537.36"
47.128.41.39 - - [27/Apr/2026:19:37:55 +0000] "GET /wp-content/plugins/jetpack/jetpack_vendor/automattic/jetpack-classic-theme-helper/dist/responsive-videos/responsive-videos.css?minify=false&ver=1a16f71f21c6d197f51b HTTP/1.1" 200 101 "https://www.wrinkledskinrepair.com/2019/04/" "Mozilla/5.0 (compatible; Bytespider; spider-feedback@bytedance.com) AppleWebKit/537.36 (KHTML, like Gecko) Chrome/70.0.0.0 Safari/537.36"
114.119.146.179 - - [27/Apr/2026:19:37:55 +0000] "GET /2019/03/19/skin-care-advice-for-achieving-radiant-healthy-skin/?share=x HTTP/1.1" 302 - "https://www.wrinkledskinrepair.com/2019/03/19/skin-care-advice-for-achieving-radiant-healthy-skin" "Mozilla/5.0 (Linux; Android 7.0;) AppleWebKit/537.36 (HTML, like Gecko) Mobile Safari/537.36 (compatible; PetalBot;+https://webmaster.petalsearch.com/site/petalbot)"
184.94.212.206 - - [27/Apr/2026:19:38:12 +0000] "POST /wp-cron.php?doing_wp_cron=1777318692.5255410671234130859375 HTTP/1.1" 200 - "-" "WordPress/6.9.4; https://www.wrinkledskinrepair.com"
43.159.143.190 - - [27/Apr/2026:19:38:11 +0000] "GET / HTTP/1.1" 200 47737 "http://wrinkledskinrepairs.com" "Mozilla/5.0 (iPhone; CPU iPhone OS 13_2_3 like Mac OS X) AppleWebKit/605.1.15 (KHTML, like Gecko) Version/13.0.3 Mobile/15E148 Safari/604.1"
184.94.212.206 - - [27/Apr/2026:19:39:06 +0000] "POST /wp-cron.php?doing_wp_cron=1777318746.7280349731445312500000 HTTP/1.1" 200 - "-" "WordPress/6.9.4; https://www.wrinkledskinrepair.com"
192.0.102.146 - - [27/Apr/2026:19:39:04 +0000] "HEAD / HTTP/1.1" 200 - "-" "jetmon/1.0 (Jetpack Site Uptime Monitor by WordPress.com)"
184.94.212.206 - - [27/Apr/2026:19:40:32 +0000] "POST /wp-cron.php?doing_wp_cron=1777318832.5147440433502197265625 HTTP/1.1" 200 - "-" "WordPress/6.9.4; https://www.wrinkledskinrepair.com"
114.119.146.179 - - [27/Apr/2026:19:40:30 +0000] "GET /2019/03/17/care-for-your-skin-with-these-easy-tips/?share=facebook HTTP/1.1" 302 - "https://www.wrinkledskinrepair.com/2019/03/17/care-for-your-skin-with-these-easy-tips/" "Mozilla/5.0 (Linux; Android 7.0;) AppleWebKit/537.36 (HTML, like Gecko) Mobile Safari/537.36 (compatible; PetalBot;+https://webmaster.petalsearch.com/site/petalbot)"
5.253.61.250 - - [27/Apr/2026:19:40:36 +0000] "GET /wp-login.php HTTP/1.1" 200 4399 "-" "Mozilla/5.0 (Macintosh; Intel Mac OS X 10_10_5) AppleWebKit/537.36 (KHTML, like Gecko) Chrome/66.0.3359.117 Safari/537.36"
5.253.61.250 - - [27/Apr/2026:19:40:37 +0000] "POST /wp-login.php HTTP/1.1" 200 4399 "https://www.wrinkledskinrepair.com/wp-login.php" "Mozilla/5.0 (Macintosh; Intel Mac OS X 10_10_5) AppleWebKit/537.36 (KHTML, like Gecko) Chrome/66.0.3359.117 Safari/537.36"
184.94.212.206 - - [27/Apr/2026:19:42:51 +0000] "POST /wp-cron.php?doing_wp_cron=1777318971.5709300041198730468750 HTTP/1.1" 200 - "-" "WordPress/6.9.4; https://www.wrinkledskinrepair.com"
57.141.18.39 - - [27/Apr/2026:19:42:49 +0000] "GET /2019/06/08/skin-care-advice-for-achieving-radiant-healthy-skin-2/ HTTP/1.1" 200 186952 "-" "meta-externalagent/1.1 (+https://developers.facebook.com/docs/sharing/webmasters/crawler)"
114.119.144.17 - - [27/Apr/2026:19:43:06 +0000] "GET /2019/03/13/skin-care-advice-that-both-men-and-women-can-use HTTP/1.1" 301 - "https://www.wrinkledskinrepair.com/2019/03/13/skin-care-advice-that-both-men-and-women-can-use" "Mozilla/5.0 (Linux; Android 7.0;) AppleWebKit/537.36 (HTML, like Gecko) Mobile Safari/537.36 (compatible; PetalBot;+https://webmaster.petalsearch.com/site/petalbot)"
184.94.212.206 - - [27/Apr/2026:19:43:09 +0000] "POST /wp-cron.php?doing_wp_cron=1777318989.0498249530792236328125 HTTP/1.1" 200 - "-" "WordPress/6.9.4; https://www.wrinkledskinrepair.com"
114.119.144.17 - - [27/Apr/2026:19:43:07 +0000] "GET /2019/03/13/skin-care-advice-that-both-men-and-women-can-use/ HTTP/1.1" 200 53237 "https://www.wrinkledskinrepair.com/2019/03/13/skin-care-advice-that-both-men-and-women-can-use" "Mozilla/5.0 (Linux; Android 7.0;) AppleWebKit/537.36 (HTML, like Gecko) Mobile Safari/537.36 (compatible; PetalBot;+https://webmaster.petalsearch.com/site/petalbot)"
184.94.212.206 - - [27/Apr/2026:19:44:07 +0000] "POST /wp-cron.php?doing_wp_cron=1777319047.2338540554046630859375 HTTP/1.1" 200 - "-" "WordPress/6.9.4; https://www.wrinkledskinrepair.com"
192.0.102.146 - - [27/Apr/2026:19:44:05 +0000] "HEAD / HTTP/1.1" 200 - "-" "jetmon/1.0 (Jetpack Site Uptime Monitor by WordPress.com)"
184.94.212.206 - - [27/Apr/2026:19:45:58 +0000] "POST /wp-cron.php?doing_wp_cron=1777319158.6995859146118164062500 HTTP/1.1" 200 - "-" "WordPress/6.9.4; https://www.wrinkledskinrepair.com"
114.119.145.116 - - [27/Apr/2026:19:45:56 +0000] "GET /2019/03/13/how-to-maintain-your-glow-with-skin-care?share=x HTTP/1.1" 302 - "https://www.wrinkledskinrepair.com/2019/03/13/how-to-maintain-your-glow-with-skin-care" "Mozilla/5.0 (Linux; Android 7.0;) AppleWebKit/537.36 (HTML, like Gecko) Mobile Safari/537.36 (compatible; PetalBot;+https://webmaster.petalsearch.com/site/petalbot)"
184.94.212.206 - - [27/Apr/2026:19:47:30 +0000] "POST /wp-cron.php?doing_wp_cron=1777319250.3101999759674072265625 HTTP/1.1" 200 - "-" "WordPress/6.9.4; https://www.wrinkledskinrepair.com"
52.54.249.218 - - [27/Apr/2026:19:47:28 +0000] "GET /tag/irritated-skin/feed/ HTTP/1.1" 200 3661 "-" "Mozilla/5.0 AppleWebKit/537.36 (KHTML, like Gecko; compatible; Amazonbot/0.1; +https://developer.amazon.com/support/amazonbot) Chrome/119.0.6045.214 Safari/537.36"
54.235.125.129 - - [27/Apr/2026:19:47:32 +0000] "GET /wp-json/wp/v2/posts/787 HTTP/1.1" 200 3753 "-" "Mozilla/5.0 AppleWebKit/537.36 (KHTML, like Gecko; compatible; Amazonbot/0.1; +https://developer.amazon.com/support/amazonbot) Chrome/119.0.6045.214 Safari/537.36"
184.94.212.206 - - [27/Apr/2026:19:48:33 +0000] "POST /wp-cron.php?doing_wp_cron=1777319313.9407958984375000000000 HTTP/1.1" 200 - "-" "WordPress/6.9.4; https://www.wrinkledskinrepair.com"
114.119.142.140 - - [27/Apr/2026:19:48:32 +0000] "GET /2019/03/13/how-to-maintain-your-glow-with-skin-care?share=facebook HTTP/1.1" 302 - "https://www.wrinkledskinrepair.com/2019/03/13/how-to-maintain-your-glow-with-skin-care" "Mozilla/5.0 (Linux; Android 7.0;) AppleWebKit/537.36 (HTML, like Gecko) Mobile Safari/537.36 (compatible; PetalBot;+https://webmaster.petalsearch.com/site/petalbot)"
57.141.18.78 - - [27/Apr/2026:19:49:03 +0000] "GET /category/uncategorized/ HTTP/1.1" 200 189183 "-" "meta-externalagent/1.1 (+https://developers.facebook.com/docs/sharing/webmasters/crawler)"
192.0.102.146 - - [27/Apr/2026:19:49:04 +0000] "HEAD / HTTP/1.1" 200 - "-" "jetmon/1.0 (Jetpack Site Uptime Monitor by WordPress.com)"
57.141.18.117 - - [27/Apr/2026:19:49:15 +0000] "GET /tag/pomegranate-pills/ HTTP/1.1" 200 159106 "-" "meta-externalagent/1.1 (+https://developers.facebook.com/docs/sharing/webmasters/crawler)"
184.94.212.206 - - [27/Apr/2026:19:51:15 +0000] "POST /wp-cron.php?doing_wp_cron=1777319475.6465768814086914062500 HTTP/1.1" 200 - "-" "WordPress/6.9.4; https://www.wrinkledskinrepair.com"
114.119.157.239 - - [27/Apr/2026:19:51:14 +0000] "GET /tag/dead-skin-cells/page/4/ HTTP/1.1" 200 48624 "https://www.wrinkledskinrepair.com/tag/dead-skin-cells/page/4" "Mozilla/5.0 (Linux; Android 7.0;) AppleWebKit/537.36 (HTML, like Gecko) Mobile Safari/537.36 (compatible; PetalBot;+https://webmaster.petalsearch.com/site/petalbot)"
184.94.212.206 - - [27/Apr/2026:19:53:09 +0000] "POST /wp-cron.php?doing_wp_cron=1777319589.5320479869842529296875 HTTP/1.1" 200 - "-" "WordPress/6.9.4; https://www.wrinkledskinrepair.com"
57.141.18.4 - - [27/Apr/2026:19:53:07 +0000] "GET /tag/sugar-intake/ HTTP/1.1" 200 152636 "-" "meta-externalagent/1.1 (+https://developers.facebook.com/docs/sharing/webmasters/crawler)"
184.94.212.206 - - [27/Apr/2026:19:53:59 +0000] "POST /wp-cron.php?doing_wp_cron=1777319639.1693549156188964843750 HTTP/1.1" 200 - "-" "WordPress/6.9.4; https://www.wrinkledskinrepair.com"
114.119.157.239 - - [27/Apr/2026:19:53:57 +0000] "GET /category/wrinkle-treatment/page/8 HTTP/1.1" 301 - "http://www.wrinkledskinrepair.com/category/wrinkle-treatment/page/7" "Mozilla/5.0 (Linux; Android 7.0;) AppleWebKit/537.36 (HTML, like Gecko) Mobile Safari/537.36 (compatible; PetalBot;+https://webmaster.petalsearch.com/site/petalbot)"
114.119.157.239 - - [27/Apr/2026:19:53:59 +0000] "GET /category/wrinkle-treatment/page/8/ HTTP/1.1" 200 48682 "http://www.wrinkledskinrepair.com/category/wrinkle-treatment/page/7" "Mozilla/5.0 (Linux; Android 7.0;) AppleWebKit/537.36 (HTML, like Gecko) Mobile Safari/537.36 (compatible; PetalBot;+https://webmaster.petalsearch.com/site/petalbot)"
192.0.102.146 - - [27/Apr/2026:19:54:04 +0000] "HEAD / HTTP/1.1" 200 - "-" "jetmon/1.0 (Jetpack Site Uptime Monitor by WordPress.com)"
184.94.212.206 - - [27/Apr/2026:19:56:40 +0000] "POST /wp-cron.php?doing_wp_cron=1777319800.7211270332336425781250 HTTP/1.1" 200 - "-" "WordPress/6.9.4; https://www.wrinkledskinrepair.com"
114.119.146.179 - - [27/Apr/2026:19:56:38 +0000] "GET /blog/page/24 HTTP/1.1" 301 - "https://www.wrinkledskinrepair.com/blog/page/24" "Mozilla/5.0 (Linux; Android 7.0;) AppleWebKit/537.36 (HTML, like Gecko) Mobile Safari/537.36 (compatible; PetalBot;+https://webmaster.petalsearch.com/site/petalbot)"
114.119.146.179 - - [27/Apr/2026:19:56:41 +0000] "GET /blog/page/24/ HTTP/1.1" 200 50164 "https://www.wrinkledskinrepair.com/blog/page/24" "Mozilla/5.0 (Linux; Android 7.0;) AppleWebKit/537.36 (HTML, like Gecko) Mobile Safari/537.36 (compatible; PetalBot;+https://webmaster.petalsearch.com/site/petalbot)"
57.141.18.113 - - [27/Apr/2026:19:56:51 +0000] "GET /tag/skin-damage/ HTTP/1.1" 200 150423 "-" "meta-externalagent/1.1 (+https://developers.facebook.com/docs/sharing/webmasters/crawler)"
184.94.212.206 - - [27/Apr/2026:19:57:34 +0000] "POST /wp-cron.php?doing_wp_cron=1777319854.9176399707794189453125 HTTP/1.1" 200 - "-" "WordPress/6.9.4; https://www.wrinkledskinrepair.com"
85.137.48.167 - - [27/Apr/2026:19:57:33 +0000] "GET /txets.php?ARRAY=5o313737373337363633392p22687474703n5p2s5p2s38352r3133372r34382r3136375p2s646s6r652r747874222p2258222p226638613531633563383166656138353739393038393634373032363437643264225q HTTP/1.1" 404 42533 "-" "Mozilla/4.0 (compatible; MSIE 6.0; Windows NT 5.1; SV1)"
66.249.66.68 - - [27/Apr/2026:19:58:54 +0000] "GET /robots.txt HTTP/1.1" 301 - "-" "Mozilla/5.0 (compatible; Googlebot/2.1; +http://www.google.com/bot.html)"
66.249.66.37 - - [27/Apr/2026:19:58:55 +0000] "GET /robots.txt HTTP/1.1" 200 127 "-" "Mozilla/5.0 (compatible; Googlebot/2.1; +http://www.google.com/bot.html)"
192.0.102.146 - - [27/Apr/2026:19:59:04 +0000] "HEAD / HTTP/1.1" 200 - "-" "jetmon/1.0 (Jetpack Site Uptime Monitor by WordPress.com)"
184.94.212.206 - - [27/Apr/2026:20:01:08 +0000] "POST /wp-cron.php?doing_wp_cron=1777320068.5729489326477050781250 HTTP/1.1" 200 - "-" "WordPress/6.9.4; https://www.wrinkledskinrepair.com"
18.221.219.187 - - [27/Apr/2026:20:01:06 +0000] "GET /robots.txt HTTP/1.1" 200 127 "-" "Mozilla/5.0 (Macintosh; Intel Mac OS X 10_15_7) AppleWebKit/537.36 (KHTML, like Gecko) Chrome/131.0.0.0 Safari/537.36; ClaudeBot/1.0; +claudebot@anthropic.com)"
44.205.74.196 - - [27/Apr/2026:20:01:07 +0000] "GET /2018/05/25/easy-tips-to-achieve-healthy-glowing-skin/ HTTP/1.1" 200 53426 "-" "Mozilla/5.0 AppleWebKit/537.36 (KHTML, like Gecko; compatible; Amazonbot/0.1; +https://developer.amazon.com/support/amazonbot) Chrome/119.0.6045.214 Safari/537.36"
18.221.219.187 - - [27/Apr/2026:20:01:09 +0000] "GET /tag/healthy-glow/ HTTP/1.1" 200 48113 "-" "Mozilla/5.0 (Macintosh; Intel Mac OS X 10_15_7) AppleWebKit/537.36 (KHTML, like Gecko) Chrome/131.0.0.0 Safari/537.36; ClaudeBot/1.0; +claudebot@anthropic.com)"
18.221.219.187 - - [27/Apr/2026:20:01:10 +0000] "GET /wp-content/plugins/complianz-gdpr/assets/css/cookieblocker.min.css?ver=1741710170 HTTP/1.1" 200 723 "https://www.wrinkledskinrepair.com/tag/healthy-glow/" "Mozilla/5.0 (Macintosh; Intel Mac OS X 10_15_7) AppleWebKit/537.36 (KHTML, like Gecko) Chrome/131.0.0.0 Safari/537.36; ClaudeBot/1.0; +claudebot@anthropic.com)"
18.221.219.187 - - [27/Apr/2026:20:01:10 +0000] "GET /wp-content/themes/spa-and-salon/style.css?ver=6.9.4 HTTP/1.1" 200 13994 "https://www.wrinkledskinrepair.com/tag/healthy-glow/" "Mozilla/5.0 (Macintosh; Intel Mac OS X 10_15_7) AppleWebKit/537.36 (KHTML, like Gecko) Chrome/131.0.0.0 Safari/537.36; ClaudeBot/1.0; +claudebot@anthropic.com)"
18.221.219.187 - - [27/Apr/2026:20:01:10 +0000] "GET /wp-content/themes/spa-and-salon/css/slick.min.css?ver=6.9.4 HTTP/1.1" 200 490 "https://www.wrinkledskinrepair.com/tag/healthy-glow/" "Mozilla/5.0 (Macintosh; Intel Mac OS X 10_15_7) AppleWebKit/537.36 (KHTML, like Gecko) Chrome/131.0.0.0 Safari/537.36; ClaudeBot/1.0; +claudebot@anthropic.com)"
18.221.219.187 - - [27/Apr/2026:20:01:10 +0000] "GET /wp-content/themes/spa-and-salon/css/perfect-scrollbar.min.css?ver=6.9.4 HTTP/1.1" 200 494 "https://www.wrinkledskinrepair.com/tag/healthy-glow/" "Mozilla/5.0 (Macintosh; Intel Mac OS X 10_15_7) AppleWebKit/537.36 (KHTML, like Gecko) Chrome/131.0.0.0 Safari/537.36; ClaudeBot/1.0; +claudebot@anthropic.com)"
18.221.219.187 - - [27/Apr/2026:20:01:10 +0000] "GET /wp-content/themes/medical-spa/style.css?ver=1.0.7 HTTP/1.1" 200 5745 "https://www.wrinkledskinrepair.com/tag/healthy-glow/" "Mozilla/5.0 (Macintosh; Intel Mac OS X 10_15_7) AppleWebKit/537.36 (KHTML, like Gecko) Chrome/131.0.0.0 Safari/537.36; ClaudeBot/1.0; +claudebot@anthropic.com)"
18.221.219.187 - - [27/Apr/2026:20:01:10 +0000] "GET /wp-content/plugins/recent-posts-widget-with-thumbnails/public.css?ver=7.1.1 HTTP/1.1" 200 487 "https://www.wrinkledskinrepair.com/tag/healthy-glow/" "Mozilla/5.0 (Macintosh; Intel Mac OS X 10_15_7) AppleWebKit/537.36 (KHTML, like Gecko) Chrome/131.0.0.0 Safari/537.36; ClaudeBot/1.0; +claudebot@anthropic.com)"
18.221.219.187 - - [27/Apr/2026:20:01:10 +0000] "GET /wp-content/plugins/jetpack/jetpack_vendor/automattic/jetpack-classic-theme-helper/dist/responsive-videos/responsive-videos.css?minify=false&ver=1a16f71f21c6d197f51b HTTP/1.1" 200 101 "https://www.wrinkledskinrepair.com/tag/healthy-glow/" "Mozilla/5.0 (Macintosh; Intel Mac OS X 10_15_7) AppleWebKit/537.36 (KHTML, like Gecko) Chrome/131.0.0.0 Safari/537.36; ClaudeBot/1.0; +claudebot@anthropic.com)"
18.221.219.187 - - [27/Apr/2026:20:01:10 +0000] "GET /wp-content/plugins/tablepress/css/build/default.css?ver=3.3 HTTP/1.1" 200 1767 "https://www.wrinkledskinrepair.com/tag/healthy-glow/" "Mozilla/5.0 (Macintosh; Intel Mac OS X 10_15_7) AppleWebKit/537.36 (KHTML, like Gecko) Chrome/131.0.0.0 Safari/537.36; ClaudeBot/1.0; +claudebot@anthropic.com)"
18.221.219.187 - - [27/Apr/2026:20:01:11 +0000] "GET /wp-content/plugins/wp-meta-and-date-remover/assets/js/inspector.js?ver=1.1 HTTP/1.1" 200 1455 "https://www.wrinkledskinrepair.com/tag/healthy-glow/" "Mozilla/5.0 (Macintosh; Intel Mac OS X 10_15_7) AppleWebKit/537.36 (KHTML, like Gecko) Chrome/131.0.0.0 Safari/537.36; ClaudeBot/1.0; +claudebot@anthropic.com)"
18.221.219.187 - - [27/Apr/2026:20:01:11 +0000] "GET /wp-content/themes/spa-and-salon/js/v4-shims.min.js?ver=6.5.1 HTTP/1.1" 200 7909 "https://www.wrinkledskinrepair.com/tag/healthy-glow/" "Mozilla/5.0 (Macintosh; Intel Mac OS X 10_15_7) AppleWebKit/537.36 (KHTML, like Gecko) Chrome/131.0.0.0 Safari/537.36; ClaudeBot/1.0; +claudebot@anthropic.com)"
18.221.219.187 - - [27/Apr/2026:20:01:11 +0000] "GET /wp-content/themes/spa-and-salon/js/modal-accessibility.min.js?ver=1.0.7 HTTP/1.1" 200 2033 "https://www.wrinkledskinrepair.com/tag/healthy-glow/" "Mozilla/5.0 (Macintosh; Intel Mac OS X 10_15_7) AppleWebKit/537.36 (KHTML, like Gecko) Chrome/131.0.0.0 Safari/537.36; ClaudeBot/1.0; +claudebot@anthropic.com)"
18.221.219.187 - - [27/Apr/2026:20:01:11 +0000] "GET /wp-content/themes/spa-and-salon/js/slick.min.js?ver=2.6.0 HTTP/1.1" 200 10445 "https://www.wrinkledskinrepair.com/tag/healthy-glow/" "Mozilla/5.0 (Macintosh; Intel Mac OS X 10_15_7) AppleWebKit/537.36 (KHTML, like Gecko) Chrome/131.0.0.0 Safari/537.36; ClaudeBot/1.0; +claudebot@anthropic.com)"
18.221.219.187 - - [27/Apr/2026:20:01:11 +0000] "GET /wp-content/themes/spa-and-salon/js/perfect-scrollbar.min.js?ver=1.0.7 HTTP/1.1" 200 5954 "https://www.wrinkledskinrepair.com/tag/healthy-glow/" "Mozilla/5.0 (Macintosh; Intel Mac OS X 10_15_7) AppleWebKit/537.36 (KHTML, like Gecko) Chrome/131.0.0.0 Safari/537.36; ClaudeBot/1.0; +claudebot@anthropic.com)"
18.221.219.187 - - [27/Apr/2026:20:01:11 +0000] "GET /wp-content/themes/spa-and-salon/js/custom.min.js?ver=1.0.7 HTTP/1.1" 200 567 "https://www.wrinkledskinrepair.com/tag/healthy-glow/" "Mozilla/5.0 (Macintosh; Intel Mac OS X 10_15_7) AppleWebKit/537.36 (KHTML, like Gecko) Chrome/131.0.0.0 Safari/537.36; ClaudeBot/1.0; +claudebot@anthropic.com)"
18.221.219.187 - - [27/Apr/2026:20:01:11 +0000] "GET /wp-content/plugins/google-site-kit/dist/assets/js/googlesitekit-consent-mode-bc2e26cfa69fcd4a8261.js HTTP/1.1" 200 25395 "https://www.wrinkledskinrepair.com/tag/healthy-glow/" "Mozilla/5.0 (Macintosh; Intel Mac OS X 10_15_7) AppleWebKit/537.36 (KHTML, like Gecko) Chrome/131.0.0.0 Safari/537.36; ClaudeBot/1.0; +claudebot@anthropic.com)"
18.221.219.187 - - [27/Apr/2026:20:01:11 +0000] "GET /wp-content/plugins/wp-consent-api/assets/js/wp-consent-api.min.js?ver=2.0.1 HTTP/1.1" 200 822 "https://www.wrinkledskinrepair.com/tag/healthy-glow/" "Mozilla/5.0 (Macintosh; Intel Mac OS X 10_15_7) AppleWebKit/537.36 (KHTML, like Gecko) Chrome/131.0.0.0 Safari/537.36; ClaudeBot/1.0; +claudebot@anthropic.com)"
18.221.219.187 - - [27/Apr/2026:20:01:11 +0000] "GET /wp-content/themes/spa-and-salon/js/all.min.js?ver=6.5.1 HTTP/1.1" 200 542300 "https://www.wrinkledskinrepair.com/tag/healthy-glow/" "Mozilla/5.0 (Macintosh; Intel Mac OS X 10_15_7) AppleWebKit/537.36 (KHTML, like Gecko) Chrome/131.0.0.0 Safari/537.36; ClaudeBot/1.0; +claudebot@anthropic.com)"
18.221.219.187 - - [27/Apr/2026:20:01:11 +0000] "GET /wp-content/plugins/jetpack/jetpack_vendor/automattic/jetpack-classic-theme-helper/dist/responsive-videos/responsive-videos.js?minify=false&ver=1a16f71f21c6d197f51b HTTP/1.1" 200 645 "https://www.wrinkledskinrepair.com/tag/healthy-glow/" "Mozilla/5.0 (Macintosh; Intel Mac OS X 10_15_7) AppleWebKit/537.36 (KHTML, like Gecko) Chrome/131.0.0.0 Safari/537.36; ClaudeBot/1.0; +claudebot@anthropic.com)"
18.221.219.187 - - [27/Apr/2026:20:01:13 +0000] "GET /wp-includes/js/wp-emoji-release.min.js?ver=6.9.4 HTTP/1.1" 200 5375 "https://www.wrinkledskinrepair.com/tag/healthy-glow/" "Mozilla/5.0 (Macintosh; Intel Mac OS X 10_15_7) AppleWebKit/537.36 (KHTML, like Gecko) Chrome/131.0.0.0 Safari/537.36; ClaudeBot/1.0; +claudebot@anthropic.com)"
18.213.102.186 - - [27/Apr/2026:20:01:11 +0000] "GET /2018/08/15/keep-your-skin-perfect-with-these-tips/ HTTP/1.1" 200 53626 "-" "Mozilla/5.0 AppleWebKit/537.36 (KHTML, like Gecko; compatible; Amazonbot/0.1; +https://developer.amazon.com/support/amazonbot) Chrome/119.0.6045.214 Safari/537.36"
192.0.99.59 - - [27/Apr/2026:20:01:12 +0000] "GET /wp-content/uploads/2020/04/wonderful_and_wise_ways_to_keep_your_skin_shining-1.jpg HTTP/1.1" 404 135792 "-" "Photon/1.0"
23.21.119.232 - - [27/Apr/2026:20:01:16 +0000] "GET /2019/05/30/dont-age-prematurely-how-to-care-for-your-skin/ HTTP/1.1" 200 53177 "-" "Mozilla/5.0 AppleWebKit/537.36 (KHTML, like Gecko; compatible; Amazonbot/0.1; +https://developer.amazon.com/support/amazonbot) Chrome/119.0.6045.214 Safari/537.36"
184.94.212.206 - - [27/Apr/2026:20:01:20 +0000] "POST /wp-cron.php?doing_wp_cron=1777320080.4326570034027099609375 HTTP/1.1" 200 - "-" "WordPress/6.9.4; https://www.wrinkledskinrepair.com"
3.94.157.25 - - [27/Apr/2026:20:01:19 +0000] "GET /2019/07/15/take-care-of-your-skin-better-with-these-tips/ HTTP/1.1" 200 53601 "-" "Mozilla/5.0 AppleWebKit/537.36 (KHTML, like Gecko; compatible; Amazonbot/0.1; +https://developer.amazon.com/support/amazonbot) Chrome/119.0.6045.214 Safari/537.36"
52.205.113.104 - - [27/Apr/2026:20:01:23 +0000] "GET /2019/04/08/keep-you-skin-healthy-with-these-skin-care-tips/ HTTP/1.1" 200 53484 "-" "Mozilla/5.0 AppleWebKit/537.36 (KHTML, like Gecko; compatible; Amazonbot/0.1; +https://developer.amazon.com/support/amazonbot) Chrome/119.0.6045.214 Safari/537.36"
52.44.148.203 - - [27/Apr/2026:20:01:27 +0000] "GET /2019/07/12/take-better-care-of-your-skin-starting-today/ HTTP/1.1" 200 53272 "-" "Mozilla/5.0 AppleWebKit/537.36 (KHTML, like Gecko; compatible; Amazonbot/0.1; +https://developer.amazon.com/support/amazonbot) Chrome/119.0.6045.214 Safari/537.36"
3.221.156.96 - - [27/Apr/2026:20:01:31 +0000] "GET /2019/05/03/skin-care-tips-for-great-looking-skin-2/ HTTP/1.1" 200 53316 "-" "Mozilla/5.0 AppleWebKit/537.36 (KHTML, like Gecko; compatible; Amazonbot/0.1; +https://developer.amazon.com/support/amazonbot) Chrome/119.0.6045.214 Safari/537.36"
184.73.167.217 - - [27/Apr/2026:20:01:35 +0000] "GET /2018/08/31/improve-your-skins-health-with-these-skin-care-tips/ HTTP/1.1" 200 53365 "-" "Mozilla/5.0 AppleWebKit/537.36 (KHTML, like Gecko; compatible; Amazonbot/0.1; +https://developer.amazon.com/support/amazonbot) Chrome/119.0.6045.214 Safari/537.36"
114.119.142.210 - - [27/Apr/2026:20:02:02 +0000] "GET /2019/03/04/everything-you-should-know-about-skin-care/?share=x HTTP/1.1" 302 - "https://www.wrinkledskinrepair.com/2019/03/04/everything-you-should-know-about-skin-care/" "Mozilla/5.0 (Linux; Android 7.0;) AppleWebKit/537.36 (HTML, like Gecko) Mobile Safari/537.36 (compatible; PetalBot;+https://webmaster.petalsearch.com/site/petalbot)"
184.94.212.206 - - [27/Apr/2026:20:02:16 +0000] "POST /wp-cron.php?doing_wp_cron=1777320136.8557600975036621093750 HTTP/1.1" 200 - "-" "WordPress/6.9.4; https://www.wrinkledskinrepair.com"
57.141.18.72 - - [27/Apr/2026:20:02:15 +0000] "GET /ftc-statement/ HTTP/1.1" 200 158244 "-" "meta-externalagent/1.1 (+https://developers.facebook.com/docs/sharing/webmasters/crawler)"
184.94.212.206 - - [27/Apr/2026:20:04:07 +0000] "POST /wp-cron.php?doing_wp_cron=1777320247.8479878902435302734375 HTTP/1.1" 200 - "-" "WordPress/6.9.4; https://www.wrinkledskinrepair.com"
192.0.102.146 - - [27/Apr/2026:20:04:05 +0000] "HEAD / HTTP/1.1" 200 - "-" "jetmon/1.0 (Jetpack Site Uptime Monitor by WordPress.com)"
184.94.212.206 - - [27/Apr/2026:20:04:48 +0000] "POST /wp-cron.php?doing_wp_cron=1777320288.0445249080657958984375 HTTP/1.1" 200 - "-" "WordPress/6.9.4; https://www.wrinkledskinrepair.com"
114.119.143.101 - - [27/Apr/2026:20:04:46 +0000] "GET /2019/03/03/healthy-skin-is-possible-with-these-smart-tips?share=x HTTP/1.1" 302 - "https://www.wrinkledskinrepair.com/2019/03/03/healthy-skin-is-possible-with-these-smart-tips" "Mozilla/5.0 (Linux; Android 7.0;) AppleWebKit/537.36 (HTML, like Gecko) Mobile Safari/537.36 (compatible; PetalBot;+https://webmaster.petalsearch.com/site/petalbot)"
34.162.165.110 - - [27/Apr/2026:20:04:59 +0000] "HEAD /wp/ HTTP/1.1" 301 - "http://wrinkledskinrepair.com/wp/" "Mozilla/5.0 (Linux; Android 14; OnePlus 12) AppleWebKit/537.36 (KHTML, like Gecko) Chrome/125.0.6422.102 Mobile Safari/537.36"
34.162.165.110 - - [27/Apr/2026:20:05:00 +0000] "HEAD /wp/ HTTP/1.1" 404 - "https://wrinkledskinrepair.com/wp/" "Mozilla/5.0 (Linux; Android 14; OnePlus 12) AppleWebKit/537.36 (KHTML, like Gecko) Chrome/125.0.6422.102 Mobile Safari/537.36"
34.162.165.110 - - [27/Apr/2026:20:05:04 +0000] "HEAD /blog/ HTTP/1.1" 301 - "http://wrinkledskinrepair.com/blog/" "Mozilla/5.0 (Linux; Android 10; vivo 1904) AppleWebKit/537.36 (KHTML, like Gecko) Chrome/117.0.5938.60 Mobile Safari/537.36"
34.162.165.110 - - [27/Apr/2026:20:05:05 +0000] "HEAD /blog/ HTTP/1.1" 200 - "https://wrinkledskinrepair.com/blog/" "Mozilla/5.0 (Linux; Android 10; vivo 1904) AppleWebKit/537.36 (KHTML, like Gecko) Chrome/117.0.5938.60 Mobile Safari/537.36"
34.162.165.110 - - [27/Apr/2026:20:05:08 +0000] "HEAD /new/ HTTP/1.1" 301 - "http://wrinkledskinrepair.com/new/" "Mozilla/5.0 (Linux; Android 12; Redmi Note 11) AppleWebKit/537.36 (KHTML, like Gecko) Chrome/123.0.6312.112 Mobile Safari/537.36"
34.162.165.110 - - [27/Apr/2026:20:05:09 +0000] "HEAD /new/ HTTP/1.1" 404 - "https://wrinkledskinrepair.com/new/" "Mozilla/5.0 (Linux; Android 12; Redmi Note 11) AppleWebKit/537.36 (KHTML, like Gecko) Chrome/123.0.6312.112 Mobile Safari/537.36"
34.162.165.110 - - [27/Apr/2026:20:05:11 +0000] "HEAD /old/ HTTP/1.1" 301 - "http://wrinkledskinrepair.com/old/" "Mozilla/5.0 (Linux; U; Android 10; en-US; CPH2015) AppleWebKit/537.36 (KHTML, like Gecko) UCBrowser/13.5.8.1311 Mobile Safari/537.36"
34.162.165.110 - - [27/Apr/2026:20:05:12 +0000] "HEAD /old/ HTTP/1.1" 404 - "https://wrinkledskinrepair.com/old/" "Mozilla/5.0 (Linux; U; Android 10; en-US; CPH2015) AppleWebKit/537.36 (KHTML, like Gecko) UCBrowser/13.5.8.1311 Mobile Safari/537.36"
34.162.165.110 - - [27/Apr/2026:20:05:14 +0000] "HEAD / HTTP/1.1" 301 - "http://wrinkledskinrepair.com/" "Mozilla/5.0 (Linux; Android 14; RMX3842) AppleWebKit/537.36 (KHTML, like Gecko) Chrome/126.0.6478.44 Mobile Safari/537.36"
34.162.165.110 - - [27/Apr/2026:20:05:16 +0000] "HEAD / HTTP/1.1" 200 - "https://wrinkledskinrepair.com/" "Mozilla/5.0 (Linux; Android 14; RMX3842) AppleWebKit/537.36 (KHTML, like Gecko) Chrome/126.0.6478.44 Mobile Safari/537.36"
34.162.165.110 - - [27/Apr/2026:20:05:18 +0000] "HEAD /wordpress/ HTTP/1.1" 301 - "http://wrinkledskinrepair.com/wordpress/" "Mozilla/5.0 (Linux; Android 14; Samsung SM-A546B) AppleWebKit/537.36 (KHTML, like Gecko) Chrome/126.0.6478.14 Mobile Safari/537.36"
34.162.165.110 - - [27/Apr/2026:20:05:19 +0000] "HEAD /wordpress/ HTTP/1.1" 404 - "https://wrinkledskinrepair.com/wordpress/" "Mozilla/5.0 (Linux; Android 14; Samsung SM-A546B) AppleWebKit/537.36 (KHTML, like Gecko) Chrome/126.0.6478.14 Mobile Safari/537.36"
34.162.165.110 - - [27/Apr/2026:20:05:21 +0000] "HEAD /backup/ HTTP/1.1" 301 - "http://wrinkledskinrepair.com/backup/" "Mozilla/5.0 (iPhone; CPU iPhone OS 16_7 like Mac OS X) AppleWebKit/605.1.15 (KHTML, like Gecko) Version/16.7 Mobile/15E148 Safari/604.1"
34.162.165.110 - - [27/Apr/2026:20:05:23 +0000] "HEAD /backup/ HTTP/1.1" 404 - "https://wrinkledskinrepair.com/backup/" "Mozilla/5.0 (iPhone; CPU iPhone OS 16_7 like Mac OS X) AppleWebKit/605.1.15 (KHTML, like Gecko) Version/16.7 Mobile/15E148 Safari/604.1"
57.141.18.124 - - [27/Apr/2026:20:05:34 +0000] "GET /2018/08/29/learn-how-to-take-care-of-your-skin-properly/ HTTP/1.1" 200 187224 "-" "meta-externalagent/1.1 (+https://developers.facebook.com/docs/sharing/webmasters/crawler)"
47.128.41.50 - - [27/Apr/2026:20:06:11 +0000] "GET /contact/?share=x HTTP/1.1" 302 - "-" "Mozilla/5.0 (Linux; Android 5.0) AppleWebKit/537.36 (KHTML, like Gecko) Mobile Safari/537.36 (compatible; Bytespider; spider-feedback@bytedance.com)"
184.94.212.206 - - [27/Apr/2026:20:06:40 +0000] "POST /wp-cron.php?doing_wp_cron=1777320400.3199119567871093750000 HTTP/1.1" 200 - "-" "WordPress/6.9.4; https://www.wrinkledskinrepair.com"
47.128.42.120 - - [27/Apr/2026:20:06:39 +0000] "GET /2025/10/27/best-retinol-creams-under-50/?share=x HTTP/1.1" 302 - "-" "Mozilla/5.0 (Linux; Android 5.0) AppleWebKit/537.36 (KHTML, like Gecko) Mobile Safari/537.36 (compatible; Bytespider; spider-feedback@bytedance.com)"
54.145.82.217 - - [27/Apr/2026:20:06:39 +0000] "GET /2019/01/04/simply-skin-care-that-will-make-you-love-your-skin/ HTTP/1.1" 200 53436 "-" "Mozilla/5.0 AppleWebKit/537.36 (KHTML, like Gecko; compatible; Amazonbot/0.1; +https://developer.amazon.com/support/amazonbot) Chrome/119.0.6045.214 Safari/537.36"
44.221.37.41 - - [27/Apr/2026:20:06:44 +0000] "GET /2019/03/24/highly-effective-techniques-for-rejuvenating-your-skin/ HTTP/1.1" 200 53628 "-" "Mozilla/5.0 AppleWebKit/537.36 (KHTML, like Gecko; compatible; Amazonbot/0.1; +https://developer.amazon.com/support/amazonbot) Chrome/119.0.6045.214 Safari/537.36"
3.90.73.206 - - [27/Apr/2026:20:06:47 +0000] "GET /2019/03/27/look-after-your-skin-with-this-great-information/ HTTP/1.1" 200 53609 "-" "Mozilla/5.0 AppleWebKit/537.36 (KHTML, like Gecko; compatible; Amazonbot/0.1; +https://developer.amazon.com/support/amazonbot) Chrome/119.0.6045.214 Safari/537.36"
3.210.223.61 - - [27/Apr/2026:20:06:51 +0000] "GET /2020/06/23/have-skincare-issues-give-these-suggestions-a-try/ HTTP/1.1" 200 52465 "-" "Mozilla/5.0 AppleWebKit/537.36 (KHTML, like Gecko; compatible; Amazonbot/0.1; +https://developer.amazon.com/support/amazonbot) Chrome/119.0.6045.214 Safari/537.36"
57.141.18.19 - - [27/Apr/2026:20:06:54 +0000] "GET /tag/dry-skin/ HTTP/1.1" 200 183418 "-" "meta-externalagent/1.1 (+https://developers.facebook.com/docs/sharing/webmasters/crawler)"
54.90.8.255 - - [27/Apr/2026:20:06:55 +0000] "GET /2019/04/07/you-can-save-time-and-money-on-skin-care/ HTTP/1.1" 200 53552 "-" "Mozilla/5.0 AppleWebKit/537.36 (KHTML, like Gecko; compatible; Amazonbot/0.1; +https://developer.amazon.com/support/amazonbot) Chrome/119.0.6045.214 Safari/537.36"
184.94.212.206 - - [27/Apr/2026:20:07:33 +0000] "POST /wp-cron.php?doing_wp_cron=1777320453.0805010795593261718750 HTTP/1.1" 200 - "-" "WordPress/6.9.4; https://www.wrinkledskinrepair.com"
114.119.142.210 - - [27/Apr/2026:20:07:31 +0000] "GET /2019/03/03/healthy-skin-is-possible-with-these-smart-tips HTTP/1.1" 301 - "https://www.wrinkledskinrepair.com/2019/03/04/everything-you-should-know-about-skin-care" "Mozilla/5.0 (Linux; Android 7.0;) AppleWebKit/537.36 (HTML, like Gecko) Mobile Safari/537.36 (compatible; PetalBot;+https://webmaster.petalsearch.com/site/petalbot)"
114.119.142.210 - - [27/Apr/2026:20:07:33 +0000] "GET /2019/03/03/healthy-skin-is-possible-with-these-smart-tips/ HTTP/1.1" 200 53707 "https://www.wrinkledskinrepair.com/2019/03/04/everything-you-should-know-about-skin-care" "Mozilla/5.0 (Linux; Android 7.0;) AppleWebKit/537.36 (HTML, like Gecko) Mobile Safari/537.36 (compatible; PetalBot;+https://webmaster.petalsearch.com/site/petalbot)"
184.94.212.206 - - [27/Apr/2026:20:09:06 +0000] "POST /wp-cron.php?doing_wp_cron=1777320546.6578750610351562500000 HTTP/1.1" 200 - "-" "WordPress/6.9.4; https://www.wrinkledskinrepair.com"
192.0.102.146 - - [27/Apr/2026:20:09:04 +0000] "HEAD / HTTP/1.1" 200 - "-" "jetmon/1.0 (Jetpack Site Uptime Monitor by WordPress.com)"
184.94.212.206 - - [27/Apr/2026:20:10:03 +0000] "POST /wp-cron.php?doing_wp_cron=1777320603.4388949871063232421875 HTTP/1.1" 200 - "-" "WordPress/6.9.4; https://www.wrinkledskinrepair.com"
57.141.18.45 - - [27/Apr/2026:20:09:55 +0000] "GET /tag/natural-oils/ HTTP/1.1" 200 154198 "-" "meta-externalagent/1.1 (+https://developers.facebook.com/docs/sharing/webmasters/crawler)"
220.181.108.174 - - [27/Apr/2026:20:10:04 +0000] "GET /tag/when-shaving/ HTTP/1.1" 200 45571 "-" "Mozilla/5.0 (compatible; Baiduspider/2.0; +http://www.baidu.com/search/spider.html)"
184.94.212.206 - - [27/Apr/2026:20:10:18 +0000] "POST /wp-cron.php?doing_wp_cron=1777320618.9469339847564697265625 HTTP/1.1" 200 - "-" "WordPress/6.9.4; https://www.wrinkledskinrepair.com"
114.119.142.210 - - [27/Apr/2026:20:10:17 +0000] "GET /2019/03/ HTTP/1.1" 200 48813 "https://www.wrinkledskinrepair.com/2019/03/" "Mozilla/5.0 (Linux; Android 7.0;) AppleWebKit/537.36 (HTML, like Gecko) Mobile Safari/537.36 (compatible; PetalBot;+https://webmaster.petalsearch.com/site/petalbot)"
184.94.212.206 - - [27/Apr/2026:20:13:03 +0000] "POST /wp-cron.php?doing_wp_cron=1777320783.0555350780487060546875 HTTP/1.1" 200 - "-" "WordPress/6.9.4; https://www.wrinkledskinrepair.com"
216.73.216.121 - - [27/Apr/2026:20:13:00 +0000] "GET /tag/premature-skin HTTP/1.1" 301 - "-" "Mozilla/5.0 AppleWebKit/537.36 (KHTML, like Gecko; compatible; ClaudeBot/1.0; +claudebot@anthropic.com)"
216.73.216.121 - - [27/Apr/2026:20:13:03 +0000] "GET /tag/premature-skin/ HTTP/1.1" 200 45595 "https://www.wrinkledskinrepair.com/tag/premature-skin" "Mozilla/5.0 AppleWebKit/537.36 (KHTML, like Gecko; compatible; ClaudeBot/1.0; +claudebot@anthropic.com)"
184.94.212.206 - - [27/Apr/2026:20:13:18 +0000] "POST /wp-cron.php?doing_wp_cron=1777320798.7934939861297607421875 HTTP/1.1" 200 - "-" "WordPress/6.9.4; https://www.wrinkledskinrepair.com"
114.119.143.101 - - [27/Apr/2026:20:13:17 +0000] "GET /2019/02/27/skin-care-suggestions-that-clearly-pay-off-2?share=x HTTP/1.1" 302 - "https://www.wrinkledskinrepair.com/2019/02/27/skin-care-suggestions-that-clearly-pay-off-2" "Mozilla/5.0 (Linux; Android 7.0;) AppleWebKit/537.36 (HTML, like Gecko) Mobile Safari/537.36 (compatible; PetalBot;+https://webmaster.petalsearch.com/site/petalbot)"
4.196.118.117 - - [27/Apr/2026:20:14:00 +0000] "GET / HTTP/1.1" 301 - "-" "Mozilla/5.0 AppleWebKit/537.36 (KHTML, like Gecko); compatible; ChatGPT-User/1.0; +https://openai.com/bot"
192.0.102.146 - - [27/Apr/2026:20:14:04 +0000] "HEAD / HTTP/1.1" 200 - "-" "jetmon/1.0 (Jetpack Site Uptime Monitor by WordPress.com)"
184.94.212.206 - - [27/Apr/2026:20:15:24 +0000] "POST /wp-cron.php?doing_wp_cron=1777320924.0513079166412353515625 HTTP/1.1" 200 - "-" "WordPress/6.9.4; https://www.wrinkledskinrepair.com"
40.116.73.213 - - [27/Apr/2026:20:15:22 +0000] "GET / HTTP/1.1" 301 - "-" "Mozilla/5.0 AppleWebKit/537.36 (KHTML, like Gecko); compatible; ChatGPT-User/1.0; +https://openai.com/bot"
184.94.212.206 - - [27/Apr/2026:20:16:22 +0000] "POST /wp-cron.php?doing_wp_cron=1777320982.1496319770812988281250 HTTP/1.1" 200 - "-" "WordPress/6.9.4; https://www.wrinkledskinrepair.com"
114.119.142.140 - - [27/Apr/2026:20:16:20 +0000] "GET /2019/02/27/skin-care-suggestions-that-clearly-pay-off-2?share=facebook HTTP/1.1" 302 - "https://www.wrinkledskinrepair.com/2019/02/27/skin-care-suggestions-that-clearly-pay-off-2" "Mozilla/5.0 (Linux; Android 7.0;) AppleWebKit/537.36 (HTML, like Gecko) Mobile Safari/537.36 (compatible; PetalBot;+https://webmaster.petalsearch.com/site/petalbot)"
184.94.212.206 - - [27/Apr/2026:20:17:21 +0000] "POST /wp-cron.php?doing_wp_cron=1777321041.3259479999542236328125 HTTP/1.1" 200 - "-" "WordPress/6.9.4; https://www.wrinkledskinrepair.com"
216.73.216.121 - - [27/Apr/2026:20:17:19 +0000] "GET /sitemap.rss HTTP/1.1" 200 3442 "-" "Mozilla/5.0 AppleWebKit/537.36 (KHTML, like Gecko; compatible; ClaudeBot/1.0; +claudebot@anthropic.com)"
57.141.18.87 - - [27/Apr/2026:20:17:45 +0000] "GET /tag/dramatically-improve/ HTTP/1.1" 200 150566 "-" "meta-externalagent/1.1 (+https://developers.facebook.com/docs/sharing/webmasters/crawler)"
184.94.212.206 - - [27/Apr/2026:20:18:48 +0000] "POST /wp-cron.php?doing_wp_cron=1777321128.7847180366516113281250 HTTP/1.1" 200 - "-" "WordPress/6.9.4; https://www.wrinkledskinrepair.com"
114.119.143.101 - - [27/Apr/2026:20:18:47 +0000] "GET /2019/02/27/skin-care-suggestions-that-clearly-pay-off-2/?share=facebook HTTP/1.1" 302 - "https://www.wrinkledskinrepair.com/2019/02/27/skin-care-suggestions-that-clearly-pay-off-2" "Mozilla/5.0 (Linux; Android 7.0;) AppleWebKit/537.36 (HTML, like Gecko) Mobile Safari/537.36 (compatible; PetalBot;+https://webmaster.petalsearch.com/site/petalbot)"
192.0.102.146 - - [27/Apr/2026:20:19:04 +0000] "HEAD / HTTP/1.1" 200 - "-" "jetmon/1.0 (Jetpack Site Uptime Monitor by WordPress.com)"
