168.144.95.241 - - [28/Apr/2026:10:53:53 +0000] "GET /wp-login.php?redirect_to=https%3A%2F%2Fwrinkledskinrepair.com%2Fwp-admin%2Findex.php&reauth=1 HTTP/1.1" 200 3409 "https://wrinkledskinrepair.com/wp-login.php" "Mozilla/5.0 (Macintosh; Intel Mac OS X 10_15_7) AppleWebKit/537.36 (KHTML, like Gecko) Chrome/120.0.0.0 Safari/537.36"
168.144.95.241 - - [28/Apr/2026:10:53:55 +0000] "POST /wp-login.php HTTP/1.1" 401 1465 "https://wrinkledskinrepair.com/wp-login.php" "Mozilla/5.0 (Windows NT 10.0; Win64; x64; rv:118.0) Gecko/20100101 Firefox/118.0"
168.144.95.241 - - [28/Apr/2026:10:53:57 +0000] "GET /wp-admin/index.php HTTP/1.1" 302 - "https://wrinkledskinrepair.com/wp-login.php" "Mozilla/5.0 (Macintosh; Intel Mac OS X 13_6_1; rv:119.0) Gecko/20100101 Firefox/119.0"
168.144.95.241 - - [28/Apr/2026:10:53:58 +0000] "GET /wp-login.php?redirect_to=https%3A%2F%2Fwrinkledskinrepair.com%2Fwp-admin%2Findex.php&reauth=1 HTTP/1.1" 200 3411 "https://wrinkledskinrepair.com/wp-login.php" "Mozilla/5.0 (Macintosh; Intel Mac OS X 13_6_1; rv:119.0) Gecko/20100101 Firefox/119.0"
168.144.95.241 - - [28/Apr/2026:10:53:59 +0000] "POST /wp-login.php HTTP/1.1" 401 1465 "https://wrinkledskinrepair.com/wp-login.php" "Mozilla/5.0 (Windows NT 10.0; Win64; x64; rv:118.0) Gecko/20100101 Firefox/118.0"
168.144.95.241 - - [28/Apr/2026:10:54:01 +0000] "GET /wp-admin/index.php HTTP/1.1" 302 - "https://wrinkledskinrepair.com/wp-login.php" "Mozilla/5.0 (Windows NT 11.0; Win64; x64) AppleWebKit/537.36 (KHTML, like Gecko) Chrome/118.0.0.0 Safari/537.36"
168.144.95.241 - - [28/Apr/2026:10:54:03 +0000] "GET /wp-login.php?redirect_to=https%3A%2F%2Fwrinkledskinrepair.com%2Fwp-admin%2Findex.php&reauth=1 HTTP/1.1" 200 3409 "https://wrinkledskinrepair.com/wp-login.php" "Mozilla/5.0 (Windows NT 11.0; Win64; x64) AppleWebKit/537.36 (KHTML, like Gecko) Chrome/118.0.0.0 Safari/537.36"
192.0.102.146 - - [28/Apr/2026:10:54:04 +0000] "HEAD / HTTP/1.1" 200 - "-" "jetmon/1.0 (Jetpack Site Uptime Monitor by WordPress.com)"
168.144.95.241 - - [28/Apr/2026:10:54:10 +0000] "POST /wp-login.php HTTP/1.1" 401 1467 "https://wrinkledskinrepair.com/wp-login.php" "Mozilla/5.0 (X11; Ubuntu; Linux x86_64) AppleWebKit/537.36 (KHTML, like Gecko) Chrome/120.0.0.0 Safari/537.36"
168.144.95.241 - - [28/Apr/2026:10:54:11 +0000] "GET /wp-admin/index.php HTTP/1.1" 302 - "https://wrinkledskinrepair.com/wp-login.php" "Mozilla/5.0 (Windows NT 10.0; Win64; x64; rv:120.0) Gecko/20100101 Firefox/120.0"
168.144.95.241 - - [28/Apr/2026:10:54:13 +0000] "GET /wp-login.php?redirect_to=https%3A%2F%2Fwrinkledskinrepair.com%2Fwp-admin%2Findex.php&reauth=1 HTTP/1.1" 200 3409 "https://wrinkledskinrepair.com/wp-login.php" "Mozilla/5.0 (Windows NT 10.0; Win64; x64; rv:120.0) Gecko/20100101 Firefox/120.0"
168.144.95.241 - - [28/Apr/2026:10:54:14 +0000] "POST /wp-login.php HTTP/1.1" 401 1465 "https://wrinkledskinrepair.com/wp-login.php" "Mozilla/5.0 (Windows NT 11.0; Win64; x64) AppleWebKit/537.36 (KHTML, like Gecko) Chrome/118.0.0.0 Safari/537.36"
168.144.95.241 - - [28/Apr/2026:10:54:16 +0000] "GET /wp-admin/index.php HTTP/1.1" 302 - "https://wrinkledskinrepair.com/wp-login.php" "Mozilla/5.0 (X11; Linux x86_64) AppleWebKit/537.36 (KHTML, like Gecko) Chrome/120.0.0.0 Safari/537.36"
184.94.212.206 - - [28/Apr/2026:10:54:18 +0000] "POST /wp-cron.php?doing_wp_cron=1777373658.6288399696350097656250 HTTP/1.1" 200 - "-" "WordPress/6.9.4; https://www.wrinkledskinrepair.com"
168.144.95.241 - - [28/Apr/2026:10:54:17 +0000] "GET /wp-login.php?redirect_to=https%3A%2F%2Fwrinkledskinrepair.com%2Fwp-admin%2Findex.php&reauth=1 HTTP/1.1" 200 3410 "https://wrinkledskinrepair.com/wp-login.php" "Mozilla/5.0 (X11; Linux x86_64) AppleWebKit/537.36 (KHTML, like Gecko) Chrome/120.0.0.0 Safari/537.36"
168.144.95.241 - - [28/Apr/2026:10:54:19 +0000] "POST /wp-login.php HTTP/1.1" 401 1464 "https://wrinkledskinrepair.com/wp-login.php" "Mozilla/5.0 (X11; Linux x86_64) AppleWebKit/537.36 (KHTML, like Gecko) Chrome/121.0.0.0 Safari/537.36"
168.144.95.241 - - [28/Apr/2026:10:54:20 +0000] "GET /wp-admin/index.php HTTP/1.1" 302 - "https://wrinkledskinrepair.com/wp-login.php" "Mozilla/5.0 (Macintosh; Intel Mac OS X 13_6_1; rv:119.0) Gecko/20100101 Firefox/119.0"
168.144.95.241 - - [28/Apr/2026:10:54:22 +0000] "GET /wp-login.php?redirect_to=https%3A%2F%2Fwrinkledskinrepair.com%2Fwp-admin%2Findex.php&reauth=1 HTTP/1.1" 200 3409 "https://wrinkledskinrepair.com/wp-login.php" "Mozilla/5.0 (Macintosh; Intel Mac OS X 13_6_1; rv:119.0) Gecko/20100101 Firefox/119.0"
168.144.95.241 - - [28/Apr/2026:10:54:23 +0000] "POST /wp-login.php HTTP/1.1" 401 1465 "https://wrinkledskinrepair.com/wp-login.php" "Mozilla/5.0 (X11; Linux x86_64) AppleWebKit/537.36 (KHTML, like Gecko) Chrome/120.0.0.0 Safari/537.36"
168.144.95.241 - - [28/Apr/2026:10:54:24 +0000] "GET /wp-admin/index.php HTTP/1.1" 302 - "https://wrinkledskinrepair.com/wp-login.php" "Mozilla/5.0 (Macintosh; Intel Mac OS X 10_15_7; rv:119.0) Gecko/20100101 Firefox/119.0"
168.144.95.241 - - [28/Apr/2026:10:54:26 +0000] "GET /wp-login.php?redirect_to=https%3A%2F%2Fwrinkledskinrepair.com%2Fwp-admin%2Findex.php&reauth=1 HTTP/1.1" 200 3409 "https://wrinkledskinrepair.com/wp-login.php" "Mozilla/5.0 (Macintosh; Intel Mac OS X 10_15_7; rv:119.0) Gecko/20100101 Firefox/119.0"
168.144.95.241 - - [28/Apr/2026:10:54:27 +0000] "POST /wp-login.php HTTP/1.1" 401 1466 "https://wrinkledskinrepair.com/wp-login.php" "Mozilla/5.0 (X11; Linux x86_64) AppleWebKit/537.36 (KHTML, like Gecko) Chrome/119.0.0.0 Safari/537.36"
168.144.95.241 - - [28/Apr/2026:10:54:28 +0000] "GET /wp-admin/index.php HTTP/1.1" 302 - "https://wrinkledskinrepair.com/wp-login.php" "Mozilla/5.0 (X11; Linux x86_64) AppleWebKit/537.36 (KHTML, like Gecko) Chrome/121.0.0.0 Safari/537.36"
168.144.95.241 - - [28/Apr/2026:10:54:30 +0000] "GET /wp-login.php?redirect_to=https%3A%2F%2Fwrinkledskinrepair.com%2Fwp-admin%2Findex.php&reauth=1 HTTP/1.1" 200 3410 "https://wrinkledskinrepair.com/wp-login.php" "Mozilla/5.0 (X11; Linux x86_64) AppleWebKit/537.36 (KHTML, like Gecko) Chrome/121.0.0.0 Safari/537.36"
168.144.95.241 - - [28/Apr/2026:10:54:31 +0000] "POST /wp-login.php HTTP/1.1" 401 1465 "https://wrinkledskinrepair.com/wp-login.php" "Mozilla/5.0 (Macintosh; Intel Mac OS X 13_6_1) AppleWebKit/605.1.15 (KHTML, like Gecko) Version/17.2 Safari/605.1.15"
168.144.95.241 - - [28/Apr/2026:10:54:33 +0000] "GET /wp-admin/index.php HTTP/1.1" 302 - "https://wrinkledskinrepair.com/wp-login.php" "Mozilla/5.0 (Macintosh; Intel Mac OS X 10_15_7) AppleWebKit/605.1.15 (KHTML, like Gecko) Version/17.0 Safari/605.1.15"
168.144.95.241 - - [28/Apr/2026:10:54:34 +0000] "GET /wp-login.php?redirect_to=https%3A%2F%2Fwrinkledskinrepair.com%2Fwp-admin%2Findex.php&reauth=1 HTTP/1.1" 200 3411 "https://wrinkledskinrepair.com/wp-login.php" "Mozilla/5.0 (Macintosh; Intel Mac OS X 10_15_7) AppleWebKit/605.1.15 (KHTML, like Gecko) Version/17.0 Safari/605.1.15"
168.144.95.241 - - [28/Apr/2026:10:54:36 +0000] "POST /wp-login.php HTTP/1.1" 401 1466 "https://wrinkledskinrepair.com/wp-login.php" "Mozilla/5.0 (Macintosh; Intel Mac OS X 10_15_7) AppleWebKit/605.1.15 (KHTML, like Gecko) Version/17.1 Safari/605.1.15"
168.144.95.241 - - [28/Apr/2026:10:54:37 +0000] "GET /wp-admin/index.php HTTP/1.1" 302 - "https://wrinkledskinrepair.com/wp-login.php" "Mozilla/5.0 (Windows NT 10.0; Win64; x64; rv:120.0) Gecko/20100101 Firefox/120.0"
216.73.216.121 - - [28/Apr/2026:10:54:38 +0000] "GET /robots.txt HTTP/1.1" 301 - "-" "Mozilla/5.0 AppleWebKit/537.36 (KHTML, like Gecko; compatible; ClaudeBot/1.0; +claudebot@anthropic.com)"
168.144.95.241 - - [28/Apr/2026:10:54:39 +0000] "GET /wp-login.php?redirect_to=https%3A%2F%2Fwrinkledskinrepair.com%2Fwp-admin%2Findex.php&reauth=1 HTTP/1.1" 200 3410 "https://wrinkledskinrepair.com/wp-login.php" "Mozilla/5.0 (Windows NT 10.0; Win64; x64; rv:120.0) Gecko/20100101 Firefox/120.0"
216.73.216.121 - - [28/Apr/2026:10:54:40 +0000] "GET /robots.txt HTTP/1.1" 200 127 "https://wrinkledskinrepair.com/robots.txt" "Mozilla/5.0 AppleWebKit/537.36 (KHTML, like Gecko; compatible; ClaudeBot/1.0; +claudebot@anthropic.com)"
168.144.95.241 - - [28/Apr/2026:10:54:40 +0000] "POST /wp-login.php HTTP/1.1" 401 1463 "https://wrinkledskinrepair.com/wp-login.php" "Mozilla/5.0 (Windows NT 11.0; Win64; x64) AppleWebKit/537.36 (KHTML, like Gecko) Chrome/120.0.0.0 Safari/537.36"
184.94.212.206 - - [28/Apr/2026:10:54:43 +0000] "POST /wp-cron.php?doing_wp_cron=1777373683.1935710906982421875000 HTTP/1.1" 200 - "-" "WordPress/6.9.4; https://www.wrinkledskinrepair.com"
216.73.216.121 - - [28/Apr/2026:10:54:41 +0000] "GET / HTTP/1.1" 301 - "-" "Mozilla/5.0 AppleWebKit/537.36 (KHTML, like Gecko; compatible; ClaudeBot/1.0; +claudebot@anthropic.com)"
168.144.95.241 - - [28/Apr/2026:10:54:42 +0000] "GET /wp-admin/index.php HTTP/1.1" 302 - "https://wrinkledskinrepair.com/wp-login.php" "Mozilla/5.0 (Macintosh; Intel Mac OS X 10_15_7) AppleWebKit/605.1.15 (KHTML, like Gecko) Version/17.0 Safari/605.1.15"
216.73.216.121 - - [28/Apr/2026:10:54:43 +0000] "GET / HTTP/1.1" 200 47736 "https://wrinkledskinrepair.com/" "Mozilla/5.0 AppleWebKit/537.36 (KHTML, like Gecko; compatible; ClaudeBot/1.0; +claudebot@anthropic.com)"
168.144.95.241 - - [28/Apr/2026:10:54:48 +0000] "GET /wp-login.php?redirect_to=https%3A%2F%2Fwrinkledskinrepair.com%2Fwp-admin%2Findex.php&reauth=1 HTTP/1.1" 200 3411 "https://wrinkledskinrepair.com/wp-login.php" "Mozilla/5.0 (Macintosh; Intel Mac OS X 10_15_7) AppleWebKit/605.1.15 (KHTML, like Gecko) Version/17.0 Safari/605.1.15"
168.144.95.241 - - [28/Apr/2026:10:54:49 +0000] "POST /wp-login.php HTTP/1.1" 401 1464 "https://wrinkledskinrepair.com/wp-login.php" "Mozilla/5.0 (Windows NT 11.0; Win64; x64) AppleWebKit/537.36 (KHTML, like Gecko) Chrome/121.0.0.0 Safari/537.36"
168.144.95.241 - - [28/Apr/2026:10:54:51 +0000] "GET /wp-admin/index.php HTTP/1.1" 302 - "https://wrinkledskinrepair.com/wp-login.php" "Mozilla/5.0 (Windows NT 11.0; Win64; x64) AppleWebKit/537.36 (KHTML, like Gecko) Chrome/119.0.0.0 Safari/537.36"
168.144.95.241 - - [28/Apr/2026:10:54:52 +0000] "GET /wp-login.php?redirect_to=https%3A%2F%2Fwrinkledskinrepair.com%2Fwp-admin%2Findex.php&reauth=1 HTTP/1.1" 200 3408 "https://wrinkledskinrepair.com/wp-login.php" "Mozilla/5.0 (Windows NT 11.0; Win64; x64) AppleWebKit/537.36 (KHTML, like Gecko) Chrome/119.0.0.0 Safari/537.36"
168.144.95.241 - - [28/Apr/2026:10:54:54 +0000] "POST /wp-login.php HTTP/1.1" 401 1466 "https://wrinkledskinrepair.com/wp-login.php" "Mozilla/5.0 (Macintosh; Intel Mac OS X 13_6_1) AppleWebKit/605.1.15 (KHTML, like Gecko) Version/17.1 Safari/605.1.15"
168.144.95.241 - - [28/Apr/2026:10:54:55 +0000] "GET /wp-admin/index.php HTTP/1.1" 302 - "https://wrinkledskinrepair.com/wp-login.php" "Mozilla/5.0 (Macintosh; Intel Mac OS X 10_15_7) AppleWebKit/537.36 (KHTML, like Gecko) Chrome/119.0.0.0 Safari/537.36"
168.144.95.241 - - [28/Apr/2026:10:54:57 +0000] "GET /wp-login.php?redirect_to=https%3A%2F%2Fwrinkledskinrepair.com%2Fwp-admin%2Findex.php&reauth=1 HTTP/1.1" 200 3410 "https://wrinkledskinrepair.com/wp-login.php" "Mozilla/5.0 (Macintosh; Intel Mac OS X 10_15_7) AppleWebKit/537.36 (KHTML, like Gecko) Chrome/119.0.0.0 Safari/537.36"
168.144.95.241 - - [28/Apr/2026:10:54:58 +0000] "POST /wp-login.php HTTP/1.1" 401 1466 "https://wrinkledskinrepair.com/wp-login.php" "Mozilla/5.0 (Macintosh; Intel Mac OS X 13_6_1) AppleWebKit/605.1.15 (KHTML, like Gecko) Version/17.2 Safari/605.1.15"
114.119.144.17 - - [28/Apr/2026:10:54:58 +0000] "GET /2020/05/27/skin-care-ideas-and-inspiration-to-get-you-glowing-2/?share=x HTTP/1.1" 302 - "https://www.wrinkledskinrepair.com/2020/05/27/skin-care-ideas-and-inspiration-to-get-you-glowing-2/" "Mozilla/5.0 (Linux; Android 7.0;) AppleWebKit/537.36 (HTML, like Gecko) Mobile Safari/537.36 (compatible; PetalBot;+https://webmaster.petalsearch.com/site/petalbot)"
168.144.95.241 - - [28/Apr/2026:10:55:03 +0000] "GET /wp-admin/index.php HTTP/1.1" 302 - "https://wrinkledskinrepair.com/wp-login.php" "Mozilla/5.0 (X11; Ubuntu; Linux x86_64) AppleWebKit/537.36 (KHTML, like Gecko) Chrome/118.0.0.0 Safari/537.36"
168.144.95.241 - - [28/Apr/2026:10:55:05 +0000] "GET /wp-login.php?redirect_to=https%3A%2F%2Fwrinkledskinrepair.com%2Fwp-admin%2Findex.php&reauth=1 HTTP/1.1" 200 3409 "https://wrinkledskinrepair.com/wp-login.php" "Mozilla/5.0 (X11; Ubuntu; Linux x86_64) AppleWebKit/537.36 (KHTML, like Gecko) Chrome/118.0.0.0 Safari/537.36"
184.94.212.206 - - [28/Apr/2026:10:55:08 +0000] "POST /wp-cron.php?doing_wp_cron=1777373708.3136351108551025390625 HTTP/1.1" 200 - "-" "WordPress/6.9.4; https://www.wrinkledskinrepair.com"
168.144.95.241 - - [28/Apr/2026:10:55:07 +0000] "POST /wp-login.php HTTP/1.1" 401 1467 "https://wrinkledskinrepair.com/wp-login.php" "Mozilla/5.0 (Macintosh; Intel Mac OS X 13_6_1) AppleWebKit/537.36 (KHTML, like Gecko) Chrome/119.0.0.0 Safari/537.36"
168.144.95.241 - - [28/Apr/2026:10:55:08 +0000] "GET /wp-admin/index.php HTTP/1.1" 302 - "https://wrinkledskinrepair.com/wp-login.php" "Mozilla/5.0 (Macintosh; Intel Mac OS X 13_6_1) AppleWebKit/537.36 (KHTML, like Gecko) Chrome/120.0.0.0 Safari/537.36"
168.144.95.241 - - [28/Apr/2026:10:55:10 +0000] "GET /wp-login.php?redirect_to=https%3A%2F%2Fwrinkledskinrepair.com%2Fwp-admin%2Findex.php&reauth=1 HTTP/1.1" 200 3410 "https://wrinkledskinrepair.com/wp-login.php" "Mozilla/5.0 (Macintosh; Intel Mac OS X 13_6_1) AppleWebKit/537.36 (KHTML, like Gecko) Chrome/120.0.0.0 Safari/537.36"
54.39.6.144 - - [28/Apr/2026:10:55:11 +0000] "GET /tag/youthful-appearance/feed/ HTTP/1.1" 200 5897 "-" "Mozilla/5.0 (compatible; AhrefsBot/7.0; +http://ahrefs.com/robot/)"
168.144.95.241 - - [28/Apr/2026:10:55:12 +0000] "POST /wp-login.php HTTP/1.1" 401 1466 "https://wrinkledskinrepair.com/wp-login.php" "Mozilla/5.0 (Macintosh; Intel Mac OS X 13_6_1; rv:120.0) Gecko/20100101 Firefox/120.0"
168.144.95.241 - - [28/Apr/2026:10:55:13 +0000] "GET /wp-admin/index.php HTTP/1.1" 302 - "https://wrinkledskinrepair.com/wp-login.php" "Mozilla/5.0 (X11; Linux x86_64) AppleWebKit/537.36 (KHTML, like Gecko) Chrome/119.0.0.0 Safari/537.36"
168.144.95.241 - - [28/Apr/2026:10:55:15 +0000] "GET /wp-login.php?redirect_to=https%3A%2F%2Fwrinkledskinrepair.com%2Fwp-admin%2Findex.php&reauth=1 HTTP/1.1" 200 3411 "https://wrinkledskinrepair.com/wp-login.php" "Mozilla/5.0 (X11; Linux x86_64) AppleWebKit/537.36 (KHTML, like Gecko) Chrome/119.0.0.0 Safari/537.36"
168.144.95.241 - - [28/Apr/2026:10:55:16 +0000] "POST /wp-login.php HTTP/1.1" 401 1464 "https://wrinkledskinrepair.com/wp-login.php" "Mozilla/5.0 (Windows NT 10.0; Win64; x64; rv:119.0) Gecko/20100101 Firefox/119.0"
184.94.212.206 - - [28/Apr/2026:10:55:19 +0000] "POST /wp-cron.php?doing_wp_cron=1777373719.1156039237976074218750 HTTP/1.1" 200 - "-" "WordPress/6.9.4; https://www.wrinkledskinrepair.com"
168.144.95.241 - - [28/Apr/2026:10:55:18 +0000] "GET /wp-admin/index.php HTTP/1.1" 302 - "https://wrinkledskinrepair.com/wp-login.php" "Mozilla/5.0 (Windows NT 11.0; Win64; x64) AppleWebKit/537.36 (KHTML, like Gecko) Chrome/120.0.0.0 Safari/537.36"
168.144.95.241 - - [28/Apr/2026:10:55:19 +0000] "GET /wp-login.php?redirect_to=https%3A%2F%2Fwrinkledskinrepair.com%2Fwp-admin%2Findex.php&reauth=1 HTTP/1.1" 200 3409 "https://wrinkledskinrepair.com/wp-login.php" "Mozilla/5.0 (Windows NT 11.0; Win64; x64) AppleWebKit/537.36 (KHTML, like Gecko) Chrome/120.0.0.0 Safari/537.36"
168.144.95.241 - - [28/Apr/2026:10:55:20 +0000] "POST /wp-login.php HTTP/1.1" 401 1464 "https://wrinkledskinrepair.com/wp-login.php" "Mozilla/5.0 (Macintosh; Intel Mac OS X 10_15_7; rv:121.0) Gecko/20100101 Firefox/121.0"
168.144.95.241 - - [28/Apr/2026:10:55:22 +0000] "GET /wp-admin/index.php HTTP/1.1" 302 - "https://wrinkledskinrepair.com/wp-login.php" "Mozilla/5.0 (Windows NT 10.0; Win64; x64) AppleWebKit/537.36 (KHTML, like Gecko) Chrome/120.0.0.0 Safari/537.36"
168.144.95.241 - - [28/Apr/2026:10:55:23 +0000] "GET /wp-login.php?redirect_to=https%3A%2F%2Fwrinkledskinrepair.com%2Fwp-admin%2Findex.php&reauth=1 HTTP/1.1" 200 3410 "https://wrinkledskinrepair.com/wp-login.php" "Mozilla/5.0 (Windows NT 10.0; Win64; x64) AppleWebKit/537.36 (KHTML, like Gecko) Chrome/120.0.0.0 Safari/537.36"
168.144.95.241 - - [28/Apr/2026:10:55:25 +0000] "POST /wp-login.php HTTP/1.1" 401 1464 "https://wrinkledskinrepair.com/wp-login.php" "Mozilla/5.0 (Macintosh; Intel Mac OS X 10_15_7) AppleWebKit/537.36 (KHTML, like Gecko) Chrome/119.0.0.0 Safari/537.36"
168.144.95.241 - - [28/Apr/2026:10:55:26 +0000] "GET /wp-admin/index.php HTTP/1.1" 302 - "https://wrinkledskinrepair.com/wp-login.php" "Mozilla/5.0 (X11; Ubuntu; Linux x86_64) AppleWebKit/537.36 (KHTML, like Gecko) Chrome/120.0.0.0 Safari/537.36"
168.144.95.241 - - [28/Apr/2026:10:55:27 +0000] "GET /wp-login.php?redirect_to=https%3A%2F%2Fwrinkledskinrepair.com%2Fwp-admin%2Findex.php&reauth=1 HTTP/1.1" 200 3409 "https://wrinkledskinrepair.com/wp-login.php" "Mozilla/5.0 (X11; Ubuntu; Linux x86_64) AppleWebKit/537.36 (KHTML, like Gecko) Chrome/120.0.0.0 Safari/537.36"
168.144.95.241 - - [28/Apr/2026:10:55:29 +0000] "POST /wp-login.php HTTP/1.1" 401 1465 "https://wrinkledskinrepair.com/wp-login.php" "Mozilla/5.0 (Windows NT 10.0; Win64; x64) AppleWebKit/537.36 (KHTML, like Gecko) Chrome/119.0.0.0 Safari/537.36"
168.144.95.241 - - [28/Apr/2026:10:55:30 +0000] "GET /wp-admin/index.php HTTP/1.1" 302 - "https://wrinkledskinrepair.com/wp-login.php" "Mozilla/5.0 (Windows NT 11.0; Win64; x64; rv:120.0) Gecko/20100101 Firefox/120.0"
168.144.95.241 - - [28/Apr/2026:10:55:32 +0000] "GET /wp-login.php?redirect_to=https%3A%2F%2Fwrinkledskinrepair.com%2Fwp-admin%2Findex.php&reauth=1 HTTP/1.1" 200 3411 "https://wrinkledskinrepair.com/wp-login.php" "Mozilla/5.0 (Windows NT 11.0; Win64; x64; rv:120.0) Gecko/20100101 Firefox/120.0"
168.144.95.241 - - [28/Apr/2026:10:55:33 +0000] "POST /wp-login.php HTTP/1.1" 401 1464 "https://wrinkledskinrepair.com/wp-login.php" "Mozilla/5.0 (Windows NT 11.0; Win64; x64; rv:118.0) Gecko/20100101 Firefox/118.0"
168.144.95.241 - - [28/Apr/2026:10:55:34 +0000] "GET /wp-admin/index.php HTTP/1.1" 302 - "https://wrinkledskinrepair.com/wp-login.php" "Mozilla/5.0 (Windows NT 10.0; Win64; x64) AppleWebKit/537.36 (KHTML, like Gecko) Chrome/121.0.0.0 Safari/537.36"
168.144.95.241 - - [28/Apr/2026:10:55:36 +0000] "GET /wp-login.php?redirect_to=https%3A%2F%2Fwrinkledskinrepair.com%2Fwp-admin%2Findex.php&reauth=1 HTTP/1.1" 200 3409 "https://wrinkledskinrepair.com/wp-login.php" "Mozilla/5.0 (Windows NT 10.0; Win64; x64) AppleWebKit/537.36 (KHTML, like Gecko) Chrome/121.0.0.0 Safari/537.36"
168.144.95.241 - - [28/Apr/2026:10:55:37 +0000] "POST /wp-login.php HTTP/1.1" 401 1466 "https://wrinkledskinrepair.com/wp-login.php" "Mozilla/5.0 (X11; Linux x86_64) AppleWebKit/537.36 (KHTML, like Gecko) Chrome/120.0.0.0 Safari/537.36"
168.144.95.241 - - [28/Apr/2026:10:55:38 +0000] "GET /wp-admin/index.php HTTP/1.1" 302 - "https://wrinkledskinrepair.com/wp-login.php" "Mozilla/5.0 (X11; Ubuntu; Linux x86_64) AppleWebKit/537.36 (KHTML, like Gecko) Chrome/119.0.0.0 Safari/537.36"
168.144.95.241 - - [28/Apr/2026:10:55:40 +0000] "GET /wp-login.php?redirect_to=https%3A%2F%2Fwrinkledskinrepair.com%2Fwp-admin%2Findex.php&reauth=1 HTTP/1.1" 200 3411 "https://wrinkledskinrepair.com/wp-login.php" "Mozilla/5.0 (X11; Ubuntu; Linux x86_64) AppleWebKit/537.36 (KHTML, like Gecko) Chrome/119.0.0.0 Safari/537.36"
168.144.95.241 - - [28/Apr/2026:10:55:41 +0000] "POST /wp-login.php HTTP/1.1" 401 1464 "https://wrinkledskinrepair.com/wp-login.php" "Mozilla/5.0 (Macintosh; Intel Mac OS X 10_15_7) AppleWebKit/605.1.15 (KHTML, like Gecko) Version/17.2 Safari/605.1.15"
168.144.95.241 - - [28/Apr/2026:10:55:43 +0000] "GET /wp-admin/index.php HTTP/1.1" 302 - "https://wrinkledskinrepair.com/wp-login.php" "Mozilla/5.0 (X11; Linux x86_64) AppleWebKit/537.36 (KHTML, like Gecko) Chrome/119.0.0.0 Safari/537.36"
168.144.95.241 - - [28/Apr/2026:10:55:44 +0000] "GET /wp-login.php?redirect_to=https%3A%2F%2Fwrinkledskinrepair.com%2Fwp-admin%2Findex.php&reauth=1 HTTP/1.1" 200 3409 "https://wrinkledskinrepair.com/wp-login.php" "Mozilla/5.0 (X11; Linux x86_64) AppleWebKit/537.36 (KHTML, like Gecko) Chrome/119.0.0.0 Safari/537.36"
168.144.95.241 - - [28/Apr/2026:10:55:45 +0000] "POST /wp-login.php HTTP/1.1" 401 1467 "https://wrinkledskinrepair.com/wp-login.php" "Mozilla/5.0 (X11; Linux x86_64) AppleWebKit/537.36 (KHTML, like Gecko) Chrome/120.0.0.0 Safari/537.36"
168.144.95.241 - - [28/Apr/2026:10:55:47 +0000] "GET /wp-admin/index.php HTTP/1.1" 302 - "https://wrinkledskinrepair.com/wp-login.php" "Mozilla/5.0 (Windows NT 11.0; Win64; x64; rv:119.0) Gecko/20100101 Firefox/119.0"
143.14.6.252 - - [28/Apr/2026:10:55:48 +0000] "GET /wp-json/wp/v2/posts/4659 HTTP/1.1" 200 4977 "-" "Mozilla/5.0 (Macintosh; Intel Mac OS X 10_15_7) AppleWebKit/537.36 (KHTML, like Gecko) Chrome/135.0.0.0 Safari/537.36"
168.144.95.241 - - [28/Apr/2026:10:55:52 +0000] "GET /wp-login.php?redirect_to=https%3A%2F%2Fwrinkledskinrepair.com%2Fwp-admin%2Findex.php&reauth=1 HTTP/1.1" 200 3410 "https://wrinkledskinrepair.com/wp-login.php" "Mozilla/5.0 (Windows NT 11.0; Win64; x64; rv:119.0) Gecko/20100101 Firefox/119.0"
168.144.95.241 - - [28/Apr/2026:10:55:54 +0000] "POST /wp-login.php HTTP/1.1" 401 1465 "https://wrinkledskinrepair.com/wp-login.php" "Mozilla/5.0 (X11; Ubuntu; Linux x86_64) AppleWebKit/537.36 (KHTML, like Gecko) Chrome/118.0.0.0 Safari/537.36"
168.144.95.241 - - [28/Apr/2026:10:55:55 +0000] "GET /wp-admin/index.php HTTP/1.1" 302 - "https://wrinkledskinrepair.com/wp-login.php" "Mozilla/5.0 (Macintosh; Intel Mac OS X 10_15_7) AppleWebKit/537.36 (KHTML, like Gecko) Chrome/119.0.0.0 Safari/537.36"
168.144.95.241 - - [28/Apr/2026:10:55:57 +0000] "GET /wp-login.php?redirect_to=https%3A%2F%2Fwrinkledskinrepair.com%2Fwp-admin%2Findex.php&reauth=1 HTTP/1.1" 200 3409 "https://wrinkledskinrepair.com/wp-login.php" "Mozilla/5.0 (Macintosh; Intel Mac OS X 10_15_7) AppleWebKit/537.36 (KHTML, like Gecko) Chrome/119.0.0.0 Safari/537.36"
168.144.95.241 - - [28/Apr/2026:10:55:58 +0000] "POST /wp-login.php HTTP/1.1" 401 1465 "https://wrinkledskinrepair.com/wp-login.php" "Mozilla/5.0 (Windows NT 11.0; Win64; x64; rv:119.0) Gecko/20100101 Firefox/119.0"
168.144.95.241 - - [28/Apr/2026:10:55:59 +0000] "GET /wp-admin/index.php HTTP/1.1" 302 - "https://wrinkledskinrepair.com/wp-login.php" "Mozilla/5.0 (Macintosh; Intel Mac OS X 10_15_7) AppleWebKit/605.1.15 (KHTML, like Gecko) Version/17.1 Safari/605.1.15"
168.144.95.241 - - [28/Apr/2026:10:56:01 +0000] "GET /wp-login.php?redirect_to=https%3A%2F%2Fwrinkledskinrepair.com%2Fwp-admin%2Findex.php&reauth=1 HTTP/1.1" 200 3411 "https://wrinkledskinrepair.com/wp-login.php" "Mozilla/5.0 (Macintosh; Intel Mac OS X 10_15_7) AppleWebKit/605.1.15 (KHTML, like Gecko) Version/17.1 Safari/605.1.15"
168.144.95.241 - - [28/Apr/2026:10:56:02 +0000] "POST /wp-login.php HTTP/1.1" 401 1464 "https://wrinkledskinrepair.com/wp-login.php" "Mozilla/5.0 (Windows NT 10.0; Win64; x64) AppleWebKit/537.36 (KHTML, like Gecko) Chrome/119.0.0.0 Safari/537.36"
168.144.95.241 - - [28/Apr/2026:10:56:04 +0000] "GET /wp-admin/index.php HTTP/1.1" 302 - "https://wrinkledskinrepair.com/wp-login.php" "Mozilla/5.0 (Windows NT 10.0; Win64; x64; rv:118.0) Gecko/20100101 Firefox/118.0"
168.144.95.241 - - [28/Apr/2026:10:56:06 +0000] "GET /wp-login.php?redirect_to=https%3A%2F%2Fwrinkledskinrepair.com%2Fwp-admin%2Findex.php&reauth=1 HTTP/1.1" 200 3409 "https://wrinkledskinrepair.com/wp-login.php" "Mozilla/5.0 (Windows NT 10.0; Win64; x64; rv:118.0) Gecko/20100101 Firefox/118.0"
168.144.95.241 - - [28/Apr/2026:10:56:07 +0000] "POST /wp-login.php HTTP/1.1" 401 1465 "https://wrinkledskinrepair.com/wp-login.php" "Mozilla/5.0 (Windows NT 11.0; Win64; x64) AppleWebKit/537.36 (KHTML, like Gecko) Chrome/120.0.0.0 Safari/537.36"
168.144.95.241 - - [28/Apr/2026:10:56:08 +0000] "GET /wp-admin/index.php HTTP/1.1" 302 - "https://wrinkledskinrepair.com/wp-login.php" "Mozilla/5.0 (Macintosh; Intel Mac OS X 13_6_1) AppleWebKit/605.1.15 (KHTML, like Gecko) Version/17.1 Safari/605.1.15"
168.144.95.241 - - [28/Apr/2026:10:56:10 +0000] "GET /wp-login.php?redirect_to=https%3A%2F%2Fwrinkledskinrepair.com%2Fwp-admin%2Findex.php&reauth=1 HTTP/1.1" 200 3409 "https://wrinkledskinrepair.com/wp-login.php" "Mozilla/5.0 (Macintosh; Intel Mac OS X 13_6_1) AppleWebKit/605.1.15 (KHTML, like Gecko) Version/17.1 Safari/605.1.15"
168.144.95.241 - - [28/Apr/2026:10:56:11 +0000] "POST /wp-login.php HTTP/1.1" 401 1467 "https://wrinkledskinrepair.com/wp-login.php" "Mozilla/5.0 (Macintosh; Intel Mac OS X 10_15_7) AppleWebKit/605.1.15 (KHTML, like Gecko) Version/17.1 Safari/605.1.15"
168.144.95.241 - - [28/Apr/2026:10:56:13 +0000] "GET /wp-admin/index.php HTTP/1.1" 302 - "https://wrinkledskinrepair.com/wp-login.php" "Mozilla/5.0 (Macintosh; Intel Mac OS X 13_6_1) AppleWebKit/537.36 (KHTML, like Gecko) Chrome/118.0.0.0 Safari/537.36"
168.144.95.241 - - [28/Apr/2026:10:56:14 +0000] "GET /wp-login.php?redirect_to=https%3A%2F%2Fwrinkledskinrepair.com%2Fwp-admin%2Findex.php&reauth=1 HTTP/1.1" 200 3411 "https://wrinkledskinrepair.com/wp-login.php" "Mozilla/5.0 (Macintosh; Intel Mac OS X 13_6_1) AppleWebKit/537.36 (KHTML, like Gecko) Chrome/118.0.0.0 Safari/537.36"
184.94.212.206 - - [28/Apr/2026:10:56:18 +0000] "POST /wp-cron.php?doing_wp_cron=1777373778.1707110404968261718750 HTTP/1.1" 200 - "-" "WordPress/6.9.4; https://www.wrinkledskinrepair.com"
168.144.95.241 - - [28/Apr/2026:10:56:17 +0000] "POST /wp-login.php HTTP/1.1" 401 1465 "https://wrinkledskinrepair.com/wp-login.php" "Mozilla/5.0 (Macintosh; Intel Mac OS X 10_15_7; rv:121.0) Gecko/20100101 Firefox/121.0"
168.144.95.241 - - [28/Apr/2026:10:56:18 +0000] "GET /wp-admin/index.php HTTP/1.1" 302 - "https://wrinkledskinrepair.com/wp-login.php" "Mozilla/5.0 (Macintosh; Intel Mac OS X 10_15_7; rv:118.0) Gecko/20100101 Firefox/118.0"
168.144.95.241 - - [28/Apr/2026:10:56:19 +0000] "GET /wp-login.php?redirect_to=https%3A%2F%2Fwrinkledskinrepair.com%2Fwp-admin%2Findex.php&reauth=1 HTTP/1.1" 200 3409 "https://wrinkledskinrepair.com/wp-login.php" "Mozilla/5.0 (Macintosh; Intel Mac OS X 10_15_7; rv:118.0) Gecko/20100101 Firefox/118.0"
168.144.95.241 - - [28/Apr/2026:10:56:21 +0000] "POST /wp-login.php HTTP/1.1" 401 1466 "https://wrinkledskinrepair.com/wp-login.php" "Mozilla/5.0 (Macintosh; Intel Mac OS X 13_6_1) AppleWebKit/537.36 (KHTML, like Gecko) Chrome/119.0.0.0 Safari/537.36"
168.144.95.241 - - [28/Apr/2026:10:56:22 +0000] "GET /wp-admin/index.php HTTP/1.1" 302 - "https://wrinkledskinrepair.com/wp-login.php" "Mozilla/5.0 (Windows NT 10.0; Win64; x64; rv:119.0) Gecko/20100101 Firefox/119.0"
168.144.95.241 - - [28/Apr/2026:10:56:24 +0000] "GET /wp-login.php?redirect_to=https%3A%2F%2Fwrinkledskinrepair.com%2Fwp-admin%2Findex.php&reauth=1 HTTP/1.1" 200 3411 "https://wrinkledskinrepair.com/wp-login.php" "Mozilla/5.0 (Windows NT 10.0; Win64; x64; rv:119.0) Gecko/20100101 Firefox/119.0"
168.144.95.241 - - [28/Apr/2026:10:56:25 +0000] "POST /wp-login.php HTTP/1.1" 401 1466 "https://wrinkledskinrepair.com/wp-login.php" "Mozilla/5.0 (Windows NT 11.0; Win64; x64) AppleWebKit/537.36 (KHTML, like Gecko) Chrome/119.0.0.0 Safari/537.36"
168.144.95.241 - - [28/Apr/2026:10:56:26 +0000] "GET /wp-admin/index.php HTTP/1.1" 302 - "https://wrinkledskinrepair.com/wp-login.php" "Mozilla/5.0 (Macintosh; Intel Mac OS X 13_6_1) AppleWebKit/605.1.15 (KHTML, like Gecko) Version/17.2 Safari/605.1.15"
168.144.95.241 - - [28/Apr/2026:10:56:28 +0000] "GET /wp-login.php?redirect_to=https%3A%2F%2Fwrinkledskinrepair.com%2Fwp-admin%2Findex.php&reauth=1 HTTP/1.1" 200 3409 "https://wrinkledskinrepair.com/wp-login.php" "Mozilla/5.0 (Macintosh; Intel Mac OS X 13_6_1) AppleWebKit/605.1.15 (KHTML, like Gecko) Version/17.2 Safari/605.1.15"
168.144.95.241 - - [28/Apr/2026:10:56:29 +0000] "POST /wp-login.php HTTP/1.1" 401 1466 "https://wrinkledskinrepair.com/wp-login.php" "Mozilla/5.0 (Windows NT 11.0; Win64; x64) AppleWebKit/537.36 (KHTML, like Gecko) Chrome/119.0.0.0 Safari/537.36"
168.144.95.241 - - [28/Apr/2026:10:56:30 +0000] "GET /wp-admin/index.php HTTP/1.1" 302 - "https://wrinkledskinrepair.com/wp-login.php" "Mozilla/5.0 (Macintosh; Intel Mac OS X 13_6_1; rv:119.0) Gecko/20100101 Firefox/119.0"
168.144.95.241 - - [28/Apr/2026:10:56:32 +0000] "GET /wp-login.php?redirect_to=https%3A%2F%2Fwrinkledskinrepair.com%2Fwp-admin%2Findex.php&reauth=1 HTTP/1.1" 200 3411 "https://wrinkledskinrepair.com/wp-login.php" "Mozilla/5.0 (Macintosh; Intel Mac OS X 13_6_1; rv:119.0) Gecko/20100101 Firefox/119.0"
168.144.95.241 - - [28/Apr/2026:10:56:33 +0000] "POST /wp-login.php HTTP/1.1" 401 1466 "https://wrinkledskinrepair.com/wp-login.php" "Mozilla/5.0 (Macintosh; Intel Mac OS X 10_15_7) AppleWebKit/605.1.15 (KHTML, like Gecko) Version/17.0 Safari/605.1.15"
168.144.95.241 - - [28/Apr/2026:10:56:35 +0000] "GET /wp-admin/index.php HTTP/1.1" 302 - "https://wrinkledskinrepair.com/wp-login.php" "Mozilla/5.0 (Macintosh; Intel Mac OS X 10_15_7) AppleWebKit/605.1.15 (KHTML, like Gecko) Version/17.1 Safari/605.1.15"
168.144.95.241 - - [28/Apr/2026:10:56:36 +0000] "GET /wp-login.php?redirect_to=https%3A%2F%2Fwrinkledskinrepair.com%2Fwp-admin%2Findex.php&reauth=1 HTTP/1.1" 200 3409 "https://wrinkledskinrepair.com/wp-login.php" "Mozilla/5.0 (Macintosh; Intel Mac OS X 10_15_7) AppleWebKit/605.1.15 (KHTML, like Gecko) Version/17.1 Safari/605.1.15"
168.144.95.241 - - [28/Apr/2026:10:56:37 +0000] "POST /wp-login.php HTTP/1.1" 401 1465 "https://wrinkledskinrepair.com/wp-login.php" "Mozilla/5.0 (Macintosh; Intel Mac OS X 10_15_7) AppleWebKit/537.36 (KHTML, like Gecko) Chrome/120.0.0.0 Safari/537.36"
168.144.95.241 - - [28/Apr/2026:10:56:39 +0000] "GET /wp-admin/index.php HTTP/1.1" 302 - "https://wrinkledskinrepair.com/wp-login.php" "Mozilla/5.0 (X11; Ubuntu; Linux x86_64) AppleWebKit/537.36 (KHTML, like Gecko) Chrome/120.0.0.0 Safari/537.36"
168.144.95.241 - - [28/Apr/2026:10:56:40 +0000] "GET /wp-login.php?redirect_to=https%3A%2F%2Fwrinkledskinrepair.com%2Fwp-admin%2Findex.php&reauth=1 HTTP/1.1" 200 3411 "https://wrinkledskinrepair.com/wp-login.php" "Mozilla/5.0 (X11; Ubuntu; Linux x86_64) AppleWebKit/537.36 (KHTML, like Gecko) Chrome/120.0.0.0 Safari/537.36"
168.144.95.241 - - [28/Apr/2026:10:56:44 +0000] "POST /wp-login.php HTTP/1.1" 401 1464 "https://wrinkledskinrepair.com/wp-login.php" "Mozilla/5.0 (Macintosh; Intel Mac OS X 13_6_1; rv:119.0) Gecko/20100101 Firefox/119.0"
168.144.95.241 - - [28/Apr/2026:10:56:46 +0000] "GET /wp-admin/index.php HTTP/1.1" 302 - "https://wrinkledskinrepair.com/wp-login.php" "Mozilla/5.0 (Macintosh; Intel Mac OS X 13_6_1) AppleWebKit/605.1.15 (KHTML, like Gecko) Version/16.6 Safari/605.1.15"
168.144.95.241 - - [28/Apr/2026:10:56:48 +0000] "GET /wp-login.php?redirect_to=https%3A%2F%2Fwrinkledskinrepair.com%2Fwp-admin%2Findex.php&reauth=1 HTTP/1.1" 200 3411 "https://wrinkledskinrepair.com/wp-login.php" "Mozilla/5.0 (Macintosh; Intel Mac OS X 13_6_1) AppleWebKit/605.1.15 (KHTML, like Gecko) Version/16.6 Safari/605.1.15"
168.144.95.241 - - [28/Apr/2026:10:56:49 +0000] "POST /wp-login.php HTTP/1.1" 401 1465 "https://wrinkledskinrepair.com/wp-login.php" "Mozilla/5.0 (Windows NT 11.0; Win64; x64) AppleWebKit/537.36 (KHTML, like Gecko) Chrome/118.0.0.0 Safari/537.36"
168.144.95.241 - - [28/Apr/2026:10:56:51 +0000] "GET /wp-admin/index.php HTTP/1.1" 302 - "https://wrinkledskinrepair.com/wp-login.php" "Mozilla/5.0 (Macintosh; Intel Mac OS X 10_15_7) AppleWebKit/537.36 (KHTML, like Gecko) Chrome/118.0.0.0 Safari/537.36"
168.144.95.241 - - [28/Apr/2026:10:56:52 +0000] "GET /wp-login.php?redirect_to=https%3A%2F%2Fwrinkledskinrepair.com%2Fwp-admin%2Findex.php&reauth=1 HTTP/1.1" 200 3408 "https://wrinkledskinrepair.com/wp-login.php" "Mozilla/5.0 (Macintosh; Intel Mac OS X 10_15_7) AppleWebKit/537.36 (KHTML, like Gecko) Chrome/118.0.0.0 Safari/537.36"
168.144.95.241 - - [28/Apr/2026:10:56:54 +0000] "POST /wp-login.php HTTP/1.1" 401 1464 "https://wrinkledskinrepair.com/wp-login.php" "Mozilla/5.0 (X11; Ubuntu; Linux x86_64) AppleWebKit/537.36 (KHTML, like Gecko) Chrome/121.0.0.0 Safari/537.36"
168.144.95.241 - - [28/Apr/2026:10:56:55 +0000] "GET /wp-admin/index.php HTTP/1.1" 302 - "https://wrinkledskinrepair.com/wp-login.php" "Mozilla/5.0 (X11; Ubuntu; Linux x86_64) AppleWebKit/537.36 (KHTML, like Gecko) Chrome/121.0.0.0 Safari/537.36"
168.144.95.241 - - [28/Apr/2026:10:57:00 +0000] "GET /wp-login.php?redirect_to=https%3A%2F%2Fwrinkledskinrepair.com%2Fwp-admin%2Findex.php&reauth=1 HTTP/1.1" 200 3411 "https://wrinkledskinrepair.com/wp-login.php" "Mozilla/5.0 (X11; Ubuntu; Linux x86_64) AppleWebKit/537.36 (KHTML, like Gecko) Chrome/121.0.0.0 Safari/537.36"
168.144.95.241 - - [28/Apr/2026:10:57:02 +0000] "POST /wp-login.php HTTP/1.1" 401 1465 "https://wrinkledskinrepair.com/wp-login.php" "Mozilla/5.0 (Macintosh; Intel Mac OS X 10_15_7) AppleWebKit/537.36 (KHTML, like Gecko) Chrome/118.0.0.0 Safari/537.36"
168.144.95.241 - - [28/Apr/2026:10:57:03 +0000] "GET /wp-admin/index.php HTTP/1.1" 302 - "https://wrinkledskinrepair.com/wp-login.php" "Mozilla/5.0 (Windows NT 10.0; Win64; x64) AppleWebKit/537.36 (KHTML, like Gecko) Chrome/121.0.0.0 Safari/537.36"
168.144.95.241 - - [28/Apr/2026:10:57:05 +0000] "GET /wp-login.php?redirect_to=https%3A%2F%2Fwrinkledskinrepair.com%2Fwp-admin%2Findex.php&reauth=1 HTTP/1.1" 200 3409 "https://wrinkledskinrepair.com/wp-login.php" "Mozilla/5.0 (Windows NT 10.0; Win64; x64) AppleWebKit/537.36 (KHTML, like Gecko) Chrome/121.0.0.0 Safari/537.36"
168.144.95.241 - - [28/Apr/2026:10:57:06 +0000] "POST /wp-login.php HTTP/1.1" 401 1466 "https://wrinkledskinrepair.com/wp-login.php" "Mozilla/5.0 (Windows NT 11.0; Win64; x64) AppleWebKit/537.36 (KHTML, like Gecko) Chrome/118.0.0.0 Safari/537.36"
168.144.95.241 - - [28/Apr/2026:10:57:07 +0000] "GET /wp-admin/index.php HTTP/1.1" 302 - "https://wrinkledskinrepair.com/wp-login.php" "Mozilla/5.0 (Macintosh; Intel Mac OS X 13_6_1) AppleWebKit/537.36 (KHTML, like Gecko) Chrome/118.0.0.0 Safari/537.36"
168.144.95.241 - - [28/Apr/2026:10:57:09 +0000] "GET /wp-login.php?redirect_to=https%3A%2F%2Fwrinkledskinrepair.com%2Fwp-admin%2Findex.php&reauth=1 HTTP/1.1" 200 3411 "https://wrinkledskinrepair.com/wp-login.php" "Mozilla/5.0 (Macintosh; Intel Mac OS X 13_6_1) AppleWebKit/537.36 (KHTML, like Gecko) Chrome/118.0.0.0 Safari/537.36"
168.144.95.241 - - [28/Apr/2026:10:57:10 +0000] "POST /wp-login.php HTTP/1.1" 401 1465 "https://wrinkledskinrepair.com/wp-login.php" "Mozilla/5.0 (Windows NT 11.0; Win64; x64) AppleWebKit/537.36 (KHTML, like Gecko) Chrome/120.0.0.0 Safari/537.36"
168.144.95.241 - - [28/Apr/2026:10:57:12 +0000] "GET /wp-admin/index.php HTTP/1.1" 302 - "https://wrinkledskinrepair.com/wp-login.php" "Mozilla/5.0 (Macintosh; Intel Mac OS X 10_15_7) AppleWebKit/605.1.15 (KHTML, like Gecko) Version/16.6 Safari/605.1.15"
184.94.212.206 - - [28/Apr/2026:10:57:14 +0000] "POST /wp-cron.php?doing_wp_cron=1777373834.4742939472198486328125 HTTP/1.1" 200 - "-" "WordPress/6.9.4; https://www.wrinkledskinrepair.com"
168.144.95.241 - - [28/Apr/2026:10:57:13 +0000] "GET /wp-login.php?redirect_to=https%3A%2F%2Fwrinkledskinrepair.com%2Fwp-admin%2Findex.php&reauth=1 HTTP/1.1" 200 3409 "https://wrinkledskinrepair.com/wp-login.php" "Mozilla/5.0 (Macintosh; Intel Mac OS X 10_15_7) AppleWebKit/605.1.15 (KHTML, like Gecko) Version/16.6 Safari/605.1.15"
168.144.95.241 - - [28/Apr/2026:10:57:14 +0000] "POST /wp-login.php HTTP/1.1" 401 1465 "https://wrinkledskinrepair.com/wp-login.php" "Mozilla/5.0 (Macintosh; Intel Mac OS X 10_15_7) AppleWebKit/537.36 (KHTML, like Gecko) Chrome/118.0.0.0 Safari/537.36"
168.144.95.241 - - [28/Apr/2026:10:57:16 +0000] "GET /wp-admin/index.php HTTP/1.1" 302 - "https://wrinkledskinrepair.com/wp-login.php" "Mozilla/5.0 (Windows NT 10.0; Win64; x64) AppleWebKit/537.36 (KHTML, like Gecko) Chrome/118.0.0.0 Safari/537.36"
184.94.212.206 - - [28/Apr/2026:10:57:18 +0000] "POST /wp-cron.php?doing_wp_cron=1777373838.7538039684295654296875 HTTP/1.1" 200 - "-" "WordPress/6.9.4; https://www.wrinkledskinrepair.com"
168.144.95.241 - - [28/Apr/2026:10:57:17 +0000] "GET /wp-login.php?redirect_to=https%3A%2F%2Fwrinkledskinrepair.com%2Fwp-admin%2Findex.php&reauth=1 HTTP/1.1" 200 3411 "https://wrinkledskinrepair.com/wp-login.php" "Mozilla/5.0 (Windows NT 10.0; Win64; x64) AppleWebKit/537.36 (KHTML, like Gecko) Chrome/118.0.0.0 Safari/537.36"
168.144.95.241 - - [28/Apr/2026:10:57:19 +0000] "POST /wp-login.php HTTP/1.1" 401 1467 "https://wrinkledskinrepair.com/wp-login.php" "Mozilla/5.0 (Windows NT 11.0; Win64; x64) AppleWebKit/537.36 (KHTML, like Gecko) Chrome/119.0.0.0 Safari/537.36"
168.144.95.241 - - [28/Apr/2026:10:57:20 +0000] "GET /wp-admin/index.php HTTP/1.1" 302 - "https://wrinkledskinrepair.com/wp-login.php" "Mozilla/5.0 (Macintosh; Intel Mac OS X 10_15_7; rv:121.0) Gecko/20100101 Firefox/121.0"
168.144.95.241 - - [28/Apr/2026:10:57:21 +0000] "GET /wp-login.php?redirect_to=https%3A%2F%2Fwrinkledskinrepair.com%2Fwp-admin%2Findex.php&reauth=1 HTTP/1.1" 200 3411 "https://wrinkledskinrepair.com/wp-login.php" "Mozilla/5.0 (Macintosh; Intel Mac OS X 10_15_7; rv:121.0) Gecko/20100101 Firefox/121.0"
168.144.95.241 - - [28/Apr/2026:10:57:23 +0000] "POST /wp-login.php HTTP/1.1" 401 1464 "https://wrinkledskinrepair.com/wp-login.php" "Mozilla/5.0 (Macintosh; Intel Mac OS X 10_15_7) AppleWebKit/537.36 (KHTML, like Gecko) Chrome/120.0.0.0 Safari/537.36"
168.144.95.241 - - [28/Apr/2026:10:57:24 +0000] "GET /wp-admin/index.php HTTP/1.1" 302 - "https://wrinkledskinrepair.com/wp-login.php" "Mozilla/5.0 (Macintosh; Intel Mac OS X 13_6_1) AppleWebKit/605.1.15 (KHTML, like Gecko) Version/17.0 Safari/605.1.15"
168.144.95.241 - - [28/Apr/2026:10:57:26 +0000] "GET /wp-login.php?redirect_to=https%3A%2F%2Fwrinkledskinrepair.com%2Fwp-admin%2Findex.php&reauth=1 HTTP/1.1" 200 3411 "https://wrinkledskinrepair.com/wp-login.php" "Mozilla/5.0 (Macintosh; Intel Mac OS X 13_6_1) AppleWebKit/605.1.15 (KHTML, like Gecko) Version/17.0 Safari/605.1.15"
168.144.95.241 - - [28/Apr/2026:10:57:27 +0000] "POST /wp-login.php HTTP/1.1" 401 1465 "https://wrinkledskinrepair.com/wp-login.php" "Mozilla/5.0 (Windows NT 11.0; Win64; x64) AppleWebKit/537.36 (KHTML, like Gecko) Chrome/121.0.0.0 Safari/537.36"
168.144.95.241 - - [28/Apr/2026:10:57:29 +0000] "GET /wp-admin/index.php HTTP/1.1" 302 - "https://wrinkledskinrepair.com/wp-login.php" "Mozilla/5.0 (Windows NT 10.0; Win64; x64) AppleWebKit/537.36 (KHTML, like Gecko) Chrome/118.0.0.0 Safari/537.36"
168.144.95.241 - - [28/Apr/2026:10:57:30 +0000] "GET /wp-login.php?redirect_to=https%3A%2F%2Fwrinkledskinrepair.com%2Fwp-admin%2Findex.php&reauth=1 HTTP/1.1" 200 3411 "https://wrinkledskinrepair.com/wp-login.php" "Mozilla/5.0 (Windows NT 10.0; Win64; x64) AppleWebKit/537.36 (KHTML, like Gecko) Chrome/118.0.0.0 Safari/537.36"
168.144.95.241 - - [28/Apr/2026:10:57:31 +0000] "POST /wp-login.php HTTP/1.1" 401 1465 "https://wrinkledskinrepair.com/wp-login.php" "Mozilla/5.0 (Windows NT 11.0; Win64; x64; rv:120.0) Gecko/20100101 Firefox/120.0"
168.144.95.241 - - [28/Apr/2026:10:57:33 +0000] "GET /wp-admin/index.php HTTP/1.1" 302 - "https://wrinkledskinrepair.com/wp-login.php" "Mozilla/5.0 (Macintosh; Intel Mac OS X 13_6_1; rv:119.0) Gecko/20100101 Firefox/119.0"
168.144.95.241 - - [28/Apr/2026:10:57:34 +0000] "GET /wp-login.php?redirect_to=https%3A%2F%2Fwrinkledskinrepair.com%2Fwp-admin%2Findex.php&reauth=1 HTTP/1.1" 200 3412 "https://wrinkledskinrepair.com/wp-login.php" "Mozilla/5.0 (Macintosh; Intel Mac OS X 13_6_1; rv:119.0) Gecko/20100101 Firefox/119.0"
168.144.95.241 - - [28/Apr/2026:10:57:35 +0000] "POST /wp-login.php HTTP/1.1" 401 1466 "https://wrinkledskinrepair.com/wp-login.php" "Mozilla/5.0 (Windows NT 10.0; Win64; x64) AppleWebKit/537.36 (KHTML, like Gecko) Chrome/120.0.0.0 Safari/537.36"
168.144.95.241 - - [28/Apr/2026:10:57:37 +0000] "GET /wp-admin/index.php HTTP/1.1" 302 - "https://wrinkledskinrepair.com/wp-login.php" "Mozilla/5.0 (Macintosh; Intel Mac OS X 13_6_1; rv:119.0) Gecko/20100101 Firefox/119.0"
168.144.95.241 - - [28/Apr/2026:10:57:38 +0000] "GET /wp-login.php?redirect_to=https%3A%2F%2Fwrinkledskinrepair.com%2Fwp-admin%2Findex.php&reauth=1 HTTP/1.1" 200 3411 "https://wrinkledskinrepair.com/wp-login.php" "Mozilla/5.0 (Macintosh; Intel Mac OS X 13_6_1; rv:119.0) Gecko/20100101 Firefox/119.0"
168.144.95.241 - - [28/Apr/2026:10:57:40 +0000] "POST /wp-login.php HTTP/1.1" 401 1465 "https://wrinkledskinrepair.com/wp-login.php" "Mozilla/5.0 (Windows NT 11.0; Win64; x64; rv:120.0) Gecko/20100101 Firefox/120.0"
168.144.95.241 - - [28/Apr/2026:10:57:41 +0000] "GET /wp-admin/index.php HTTP/1.1" 302 - "https://wrinkledskinrepair.com/wp-login.php" "Mozilla/5.0 (Macintosh; Intel Mac OS X 13_6_1) AppleWebKit/537.36 (KHTML, like Gecko) Chrome/118.0.0.0 Safari/537.36"
168.144.95.241 - - [28/Apr/2026:10:57:46 +0000] "GET /wp-login.php?redirect_to=https%3A%2F%2Fwrinkledskinrepair.com%2Fwp-admin%2Findex.php&reauth=1 HTTP/1.1" 200 3411 "https://wrinkledskinrepair.com/wp-login.php" "Mozilla/5.0 (Macintosh; Intel Mac OS X 13_6_1) AppleWebKit/537.36 (KHTML, like Gecko) Chrome/118.0.0.0 Safari/537.36"
168.144.95.241 - - [28/Apr/2026:10:57:48 +0000] "POST /wp-login.php HTTP/1.1" 401 1465 "https://wrinkledskinrepair.com/wp-login.php" "Mozilla/5.0 (Macintosh; Intel Mac OS X 13_6_1) AppleWebKit/537.36 (KHTML, like Gecko) Chrome/119.0.0.0 Safari/537.36"
168.144.95.241 - - [28/Apr/2026:10:57:49 +0000] "GET /wp-admin/index.php HTTP/1.1" 302 - "https://wrinkledskinrepair.com/wp-login.php" "Mozilla/5.0 (Macintosh; Intel Mac OS X 13_6_1) AppleWebKit/537.36 (KHTML, like Gecko) Chrome/121.0.0.0 Safari/537.36"
168.144.95.241 - - [28/Apr/2026:10:57:51 +0000] "GET /wp-login.php?redirect_to=https%3A%2F%2Fwrinkledskinrepair.com%2Fwp-admin%2Findex.php&reauth=1 HTTP/1.1" 200 3410 "https://wrinkledskinrepair.com/wp-login.php" "Mozilla/5.0 (Macintosh; Intel Mac OS X 13_6_1) AppleWebKit/537.36 (KHTML, like Gecko) Chrome/121.0.0.0 Safari/537.36"
168.144.95.241 - - [28/Apr/2026:10:57:52 +0000] "POST /wp-login.php HTTP/1.1" 401 1463 "https://wrinkledskinrepair.com/wp-login.php" "Mozilla/5.0 (X11; Ubuntu; Linux x86_64) AppleWebKit/537.36 (KHTML, like Gecko) Chrome/119.0.0.0 Safari/537.36"
168.144.95.241 - - [28/Apr/2026:10:57:53 +0000] "GET /wp-admin/index.php HTTP/1.1" 302 - "https://wrinkledskinrepair.com/wp-login.php" "Mozilla/5.0 (Windows NT 10.0; Win64; x64; rv:118.0) Gecko/20100101 Firefox/118.0"
168.144.95.241 - - [28/Apr/2026:10:57:55 +0000] "GET /wp-login.php?redirect_to=https%3A%2F%2Fwrinkledskinrepair.com%2Fwp-admin%2Findex.php&reauth=1 HTTP/1.1" 200 3409 "https://wrinkledskinrepair.com/wp-login.php" "Mozilla/5.0 (Windows NT 10.0; Win64; x64; rv:118.0) Gecko/20100101 Firefox/118.0"
168.144.95.241 - - [28/Apr/2026:10:57:56 +0000] "POST /wp-login.php HTTP/1.1" 401 1466 "https://wrinkledskinrepair.com/wp-login.php" "Mozilla/5.0 (Macintosh; Intel Mac OS X 10_15_7; rv:119.0) Gecko/20100101 Firefox/119.0"
168.144.95.241 - - [28/Apr/2026:10:57:58 +0000] "GET /wp-admin/index.php HTTP/1.1" 302 - "https://wrinkledskinrepair.com/wp-login.php" "Mozilla/5.0 (Macintosh; Intel Mac OS X 10_15_7) AppleWebKit/537.36 (KHTML, like Gecko) Chrome/119.0.0.0 Safari/537.36"
168.144.95.241 - - [28/Apr/2026:10:58:03 +0000] "GET /wp-login.php?redirect_to=https%3A%2F%2Fwrinkledskinrepair.com%2Fwp-admin%2Findex.php&reauth=1 HTTP/1.1" 200 3410 "https://wrinkledskinrepair.com/wp-login.php" "Mozilla/5.0 (Macintosh; Intel Mac OS X 10_15_7) AppleWebKit/537.36 (KHTML, like Gecko) Chrome/119.0.0.0 Safari/537.36"
168.144.95.241 - - [28/Apr/2026:10:58:05 +0000] "POST /wp-login.php HTTP/1.1" 401 1466 "https://wrinkledskinrepair.com/wp-login.php" "Mozilla/5.0 (Windows NT 11.0; Win64; x64; rv:120.0) Gecko/20100101 Firefox/120.0"
168.144.95.241 - - [28/Apr/2026:10:58:06 +0000] "GET /wp-admin/index.php HTTP/1.1" 302 - "https://wrinkledskinrepair.com/wp-login.php" "Mozilla/5.0 (X11; Ubuntu; Linux x86_64) AppleWebKit/537.36 (KHTML, like Gecko) Chrome/118.0.0.0 Safari/537.36"
184.94.212.206 - - [28/Apr/2026:10:58:09 +0000] "POST /wp-cron.php?doing_wp_cron=1777373889.3705060482025146484375 HTTP/1.1" 200 - "-" "WordPress/6.9.4; https://www.wrinkledskinrepair.com"
168.144.95.241 - - [28/Apr/2026:10:58:08 +0000] "GET /wp-login.php?redirect_to=https%3A%2F%2Fwrinkledskinrepair.com%2Fwp-admin%2Findex.php&reauth=1 HTTP/1.1" 200 3410 "https://wrinkledskinrepair.com/wp-login.php" "Mozilla/5.0 (X11; Ubuntu; Linux x86_64) AppleWebKit/537.36 (KHTML, like Gecko) Chrome/118.0.0.0 Safari/537.36"
168.144.95.241 - - [28/Apr/2026:10:58:09 +0000] "POST /wp-login.php HTTP/1.1" 401 1466 "https://wrinkledskinrepair.com/wp-login.php" "Mozilla/5.0 (Windows NT 11.0; Win64; x64; rv:121.0) Gecko/20100101 Firefox/121.0"
168.144.95.241 - - [28/Apr/2026:10:58:11 +0000] "GET /wp-admin/index.php HTTP/1.1" 302 - "https://wrinkledskinrepair.com/wp-login.php" "Mozilla/5.0 (Macintosh; Intel Mac OS X 13_6_1) AppleWebKit/605.1.15 (KHTML, like Gecko) Version/17.1 Safari/605.1.15"
168.144.95.241 - - [28/Apr/2026:10:58:12 +0000] "GET /wp-login.php?redirect_to=https%3A%2F%2Fwrinkledskinrepair.com%2Fwp-admin%2Findex.php&reauth=1 HTTP/1.1" 200 3410 "https://wrinkledskinrepair.com/wp-login.php" "Mozilla/5.0 (Macintosh; Intel Mac OS X 13_6_1) AppleWebKit/605.1.15 (KHTML, like Gecko) Version/17.1 Safari/605.1.15"
114.119.144.17 - - [28/Apr/2026:10:58:13 +0000] "GET /2020/05/24/tips-to-help-you-uncover-your-healthy-beautiful-skin-2/?share=x HTTP/1.1" 302 - "https://www.wrinkledskinrepair.com/2020/05/24/tips-to-help-you-uncover-your-healthy-beautiful-skin-2" "Mozilla/5.0 (Linux; Android 7.0;) AppleWebKit/537.36 (HTML, like Gecko) Mobile Safari/537.36 (compatible; PetalBot;+https://webmaster.petalsearch.com/site/petalbot)"
168.144.95.241 - - [28/Apr/2026:10:58:13 +0000] "POST /wp-login.php HTTP/1.1" 401 1466 "https://wrinkledskinrepair.com/wp-login.php" "Mozilla/5.0 (Macintosh; Intel Mac OS X 10_15_7) AppleWebKit/605.1.15 (KHTML, like Gecko) Version/17.2 Safari/605.1.15"
168.144.95.241 - - [28/Apr/2026:10:58:15 +0000] "GET /wp-admin/index.php HTTP/1.1" 302 - "https://wrinkledskinrepair.com/wp-login.php" "Mozilla/5.0 (Windows NT 11.0; Win64; x64; rv:119.0) Gecko/20100101 Firefox/119.0"
168.144.95.241 - - [28/Apr/2026:10:58:16 +0000] "GET /wp-login.php?redirect_to=https%3A%2F%2Fwrinkledskinrepair.com%2Fwp-admin%2Findex.php&reauth=1 HTTP/1.1" 200 3409 "https://wrinkledskinrepair.com/wp-login.php" "Mozilla/5.0 (Windows NT 11.0; Win64; x64; rv:119.0) Gecko/20100101 Firefox/119.0"
184.94.212.206 - - [28/Apr/2026:10:58:19 +0000] "POST /wp-cron.php?doing_wp_cron=1777373899.1005349159240722656250 HTTP/1.1" 200 - "-" "WordPress/6.9.4; https://www.wrinkledskinrepair.com"
168.144.95.241 - - [28/Apr/2026:10:58:18 +0000] "POST /wp-login.php HTTP/1.1" 401 1467 "https://wrinkledskinrepair.com/wp-login.php" "Mozilla/5.0 (Macintosh; Intel Mac OS X 13_6_1) AppleWebKit/605.1.15 (KHTML, like Gecko) Version/17.1 Safari/605.1.15"
168.144.95.241 - - [28/Apr/2026:10:58:19 +0000] "GET /wp-admin/index.php HTTP/1.1" 302 - "https://wrinkledskinrepair.com/wp-login.php" "Mozilla/5.0 (Macintosh; Intel Mac OS X 13_6_1) AppleWebKit/605.1.15 (KHTML, like Gecko) Version/16.6 Safari/605.1.15"
168.144.95.241 - - [28/Apr/2026:10:58:20 +0000] "GET /wp-login.php?redirect_to=https%3A%2F%2Fwrinkledskinrepair.com%2Fwp-admin%2Findex.php&reauth=1 HTTP/1.1" 200 3411 "https://wrinkledskinrepair.com/wp-login.php" "Mozilla/5.0 (Macintosh; Intel Mac OS X 13_6_1) AppleWebKit/605.1.15 (KHTML, like Gecko) Version/16.6 Safari/605.1.15"
168.144.95.241 - - [28/Apr/2026:10:58:22 +0000] "POST /wp-login.php HTTP/1.1" 401 1467 "https://wrinkledskinrepair.com/wp-login.php" "Mozilla/5.0 (Windows NT 11.0; Win64; x64; rv:119.0) Gecko/20100101 Firefox/119.0"
168.144.95.241 - - [28/Apr/2026:10:58:23 +0000] "GET /wp-admin/index.php HTTP/1.1" 302 - "https://wrinkledskinrepair.com/wp-login.php" "Mozilla/5.0 (Macintosh; Intel Mac OS X 13_6_1) AppleWebKit/605.1.15 (KHTML, like Gecko) Version/17.1 Safari/605.1.15"
168.144.95.241 - - [28/Apr/2026:10:58:25 +0000] "GET /wp-login.php?redirect_to=https%3A%2F%2Fwrinkledskinrepair.com%2Fwp-admin%2Findex.php&reauth=1 HTTP/1.1" 200 3409 "https://wrinkledskinrepair.com/wp-login.php" "Mozilla/5.0 (Macintosh; Intel Mac OS X 13_6_1) AppleWebKit/605.1.15 (KHTML, like Gecko) Version/17.1 Safari/605.1.15"
184.94.212.206 - - [28/Apr/2026:10:58:27 +0000] "POST /wp-cron.php?doing_wp_cron=1777373907.5292820930480957031250 HTTP/1.1" 200 - "-" "WordPress/6.9.4; https://www.wrinkledskinrepair.com"
168.144.95.241 - - [28/Apr/2026:10:58:26 +0000] "POST /wp-login.php HTTP/1.1" 401 1466 "https://wrinkledskinrepair.com/wp-login.php" "Mozilla/5.0 (Windows NT 10.0; Win64; x64; rv:121.0) Gecko/20100101 Firefox/121.0"
168.144.95.241 - - [28/Apr/2026:10:58:27 +0000] "GET /wp-admin/index.php HTTP/1.1" 302 - "https://wrinkledskinrepair.com/wp-login.php" "Mozilla/5.0 (Macintosh; Intel Mac OS X 13_6_1) AppleWebKit/605.1.15 (KHTML, like Gecko) Version/17.0 Safari/605.1.15"
168.144.95.241 - - [28/Apr/2026:10:58:29 +0000] "GET /wp-login.php?redirect_to=https%3A%2F%2Fwrinkledskinrepair.com%2Fwp-admin%2Findex.php&reauth=1 HTTP/1.1" 200 3411 "https://wrinkledskinrepair.com/wp-login.php" "Mozilla/5.0 (Macintosh; Intel Mac OS X 13_6_1) AppleWebKit/605.1.15 (KHTML, like Gecko) Version/17.0 Safari/605.1.15"
168.144.95.241 - - [28/Apr/2026:10:58:30 +0000] "POST /wp-login.php HTTP/1.1" 401 1464 "https://wrinkledskinrepair.com/wp-login.php" "Mozilla/5.0 (Macintosh; Intel Mac OS X 13_6_1) AppleWebKit/605.1.15 (KHTML, like Gecko) Version/16.6 Safari/605.1.15"
168.144.95.241 - - [28/Apr/2026:10:58:31 +0000] "GET /wp-admin/index.php HTTP/1.1" 302 - "https://wrinkledskinrepair.com/wp-login.php" "Mozilla/5.0 (X11; Linux x86_64) AppleWebKit/537.36 (KHTML, like Gecko) Chrome/121.0.0.0 Safari/537.36"
