168.144.95.241 - - [28/Apr/2026:10:40:01 +0000] "POST /wp-login.php HTTP/1.1" 401 1466 "https://wrinkledskinrepair.com/wp-login.php" "Mozilla/5.0 (Macintosh; Intel Mac OS X 10_15_7; rv:120.0) Gecko/20100101 Firefox/120.0"
168.144.95.241 - - [28/Apr/2026:10:40:03 +0000] "GET /wp-admin/index.php HTTP/1.1" 302 - "https://wrinkledskinrepair.com/wp-login.php" "Mozilla/5.0 (Windows NT 11.0; Win64; x64; rv:119.0) Gecko/20100101 Firefox/119.0"
168.144.95.241 - - [28/Apr/2026:10:40:05 +0000] "GET /wp-login.php?redirect_to=https%3A%2F%2Fwrinkledskinrepair.com%2Fwp-admin%2Findex.php&reauth=1 HTTP/1.1" 200 3410 "https://wrinkledskinrepair.com/wp-login.php" "Mozilla/5.0 (Windows NT 11.0; Win64; x64; rv:119.0) Gecko/20100101 Firefox/119.0"
184.94.212.206 - - [28/Apr/2026:10:40:08 +0000] "POST /wp-cron.php?doing_wp_cron=1777372808.3161129951477050781250 HTTP/1.1" 200 - "-" "WordPress/6.9.4; https://www.wrinkledskinrepair.com"
168.144.95.241 - - [28/Apr/2026:10:40:06 +0000] "POST /wp-login.php HTTP/1.1" 401 1466 "https://wrinkledskinrepair.com/wp-login.php" "Mozilla/5.0 (Macintosh; Intel Mac OS X 13_6_1; rv:119.0) Gecko/20100101 Firefox/119.0"
168.144.95.241 - - [28/Apr/2026:10:40:08 +0000] "GET /wp-admin/index.php HTTP/1.1" 302 - "https://wrinkledskinrepair.com/wp-login.php" "Mozilla/5.0 (X11; Ubuntu; Linux x86_64) AppleWebKit/537.36 (KHTML, like Gecko) Chrome/120.0.0.0 Safari/537.36"
47.128.42.115 - - [28/Apr/2026:10:40:09 +0000] "GET /2019/05/26/top-helpful-skin-care-tips-for-everyone/?share=x HTTP/1.1" 302 - "-" "Mozilla/5.0 (Linux; Android 5.0) AppleWebKit/537.36 (KHTML, like Gecko) Mobile Safari/537.36 (compatible; Bytespider; spider-feedback@bytedance.com)"
168.144.95.241 - - [28/Apr/2026:10:40:10 +0000] "GET /wp-login.php?redirect_to=https%3A%2F%2Fwrinkledskinrepair.com%2Fwp-admin%2Findex.php&reauth=1 HTTP/1.1" 200 3410 "https://wrinkledskinrepair.com/wp-login.php" "Mozilla/5.0 (X11; Ubuntu; Linux x86_64) AppleWebKit/537.36 (KHTML, like Gecko) Chrome/120.0.0.0 Safari/537.36"
168.144.95.241 - - [28/Apr/2026:10:40:12 +0000] "POST /wp-login.php HTTP/1.1" 401 1464 "https://wrinkledskinrepair.com/wp-login.php" "Mozilla/5.0 (X11; Linux x86_64) AppleWebKit/537.36 (KHTML, like Gecko) Chrome/120.0.0.0 Safari/537.36"
168.144.95.241 - - [28/Apr/2026:10:40:13 +0000] "GET /wp-admin/index.php HTTP/1.1" 302 - "https://wrinkledskinrepair.com/wp-login.php" "Mozilla/5.0 (Macintosh; Intel Mac OS X 10_15_7) AppleWebKit/537.36 (KHTML, like Gecko) Chrome/121.0.0.0 Safari/537.36"
168.144.95.241 - - [28/Apr/2026:10:40:15 +0000] "GET /wp-login.php?redirect_to=https%3A%2F%2Fwrinkledskinrepair.com%2Fwp-admin%2Findex.php&reauth=1 HTTP/1.1" 200 3409 "https://wrinkledskinrepair.com/wp-login.php" "Mozilla/5.0 (Macintosh; Intel Mac OS X 10_15_7) AppleWebKit/537.36 (KHTML, like Gecko) Chrome/121.0.0.0 Safari/537.36"
168.144.95.241 - - [28/Apr/2026:10:40:16 +0000] "POST /wp-login.php HTTP/1.1" 401 1464 "https://wrinkledskinrepair.com/wp-login.php" "Mozilla/5.0 (Macintosh; Intel Mac OS X 10_15_7) AppleWebKit/605.1.15 (KHTML, like Gecko) Version/17.1 Safari/605.1.15"
184.94.212.206 - - [28/Apr/2026:10:40:19 +0000] "POST /wp-cron.php?doing_wp_cron=1777372819.3731009960174560546875 HTTP/1.1" 200 - "-" "WordPress/6.9.4; https://www.wrinkledskinrepair.com"
168.144.95.241 - - [28/Apr/2026:10:40:18 +0000] "GET /wp-admin/index.php HTTP/1.1" 302 - "https://wrinkledskinrepair.com/wp-login.php" "Mozilla/5.0 (Macintosh; Intel Mac OS X 13_6_1; rv:121.0) Gecko/20100101 Firefox/121.0"
168.144.95.241 - - [28/Apr/2026:10:40:19 +0000] "GET /wp-login.php?redirect_to=https%3A%2F%2Fwrinkledskinrepair.com%2Fwp-admin%2Findex.php&reauth=1 HTTP/1.1" 200 3411 "https://wrinkledskinrepair.com/wp-login.php" "Mozilla/5.0 (Macintosh; Intel Mac OS X 13_6_1; rv:121.0) Gecko/20100101 Firefox/121.0"
168.144.95.241 - - [28/Apr/2026:10:40:21 +0000] "POST /wp-login.php HTTP/1.1" 401 1466 "https://wrinkledskinrepair.com/wp-login.php" "Mozilla/5.0 (Macintosh; Intel Mac OS X 13_6_1; rv:120.0) Gecko/20100101 Firefox/120.0"
168.144.95.241 - - [28/Apr/2026:10:40:22 +0000] "GET /wp-admin/index.php HTTP/1.1" 302 - "https://wrinkledskinrepair.com/wp-login.php" "Mozilla/5.0 (X11; Linux x86_64) AppleWebKit/537.36 (KHTML, like Gecko) Chrome/121.0.0.0 Safari/537.36"
168.144.95.241 - - [28/Apr/2026:10:40:24 +0000] "GET /wp-login.php?redirect_to=https%3A%2F%2Fwrinkledskinrepair.com%2Fwp-admin%2Findex.php&reauth=1 HTTP/1.1" 200 3411 "https://wrinkledskinrepair.com/wp-login.php" "Mozilla/5.0 (X11; Linux x86_64) AppleWebKit/537.36 (KHTML, like Gecko) Chrome/121.0.0.0 Safari/537.36"
168.144.95.241 - - [28/Apr/2026:10:40:25 +0000] "POST /wp-login.php HTTP/1.1" 401 1466 "https://wrinkledskinrepair.com/wp-login.php" "Mozilla/5.0 (X11; Linux x86_64) AppleWebKit/537.36 (KHTML, like Gecko) Chrome/119.0.0.0 Safari/537.36"
168.144.95.241 - - [28/Apr/2026:10:40:27 +0000] "GET /wp-admin/index.php HTTP/1.1" 302 - "https://wrinkledskinrepair.com/wp-login.php" "Mozilla/5.0 (Windows NT 11.0; Win64; x64; rv:118.0) Gecko/20100101 Firefox/118.0"
168.144.95.241 - - [28/Apr/2026:10:40:28 +0000] "GET /wp-login.php?redirect_to=https%3A%2F%2Fwrinkledskinrepair.com%2Fwp-admin%2Findex.php&reauth=1 HTTP/1.1" 200 3409 "https://wrinkledskinrepair.com/wp-login.php" "Mozilla/5.0 (Windows NT 11.0; Win64; x64; rv:118.0) Gecko/20100101 Firefox/118.0"
168.144.95.241 - - [28/Apr/2026:10:40:30 +0000] "POST /wp-login.php HTTP/1.1" 401 1466 "https://wrinkledskinrepair.com/wp-login.php" "Mozilla/5.0 (Macintosh; Intel Mac OS X 13_6_1) AppleWebKit/605.1.15 (KHTML, like Gecko) Version/17.1 Safari/605.1.15"
168.144.95.241 - - [28/Apr/2026:10:40:31 +0000] "GET /wp-admin/index.php HTTP/1.1" 302 - "https://wrinkledskinrepair.com/wp-login.php" "Mozilla/5.0 (Windows NT 10.0; Win64; x64) AppleWebKit/537.36 (KHTML, like Gecko) Chrome/118.0.0.0 Safari/537.36"
168.144.95.241 - - [28/Apr/2026:10:40:32 +0000] "GET /wp-login.php?redirect_to=https%3A%2F%2Fwrinkledskinrepair.com%2Fwp-admin%2Findex.php&reauth=1 HTTP/1.1" 200 3411 "https://wrinkledskinrepair.com/wp-login.php" "Mozilla/5.0 (Windows NT 10.0; Win64; x64) AppleWebKit/537.36 (KHTML, like Gecko) Chrome/118.0.0.0 Safari/537.36"
168.144.95.241 - - [28/Apr/2026:10:40:34 +0000] "POST /wp-login.php HTTP/1.1" 401 1461 "https://wrinkledskinrepair.com/wp-login.php" "Mozilla/5.0 (Macintosh; Intel Mac OS X 10_15_7) AppleWebKit/537.36 (KHTML, like Gecko) Chrome/119.0.0.0 Safari/537.36"
168.144.95.241 - - [28/Apr/2026:10:40:35 +0000] "GET /wp-admin/index.php HTTP/1.1" 302 - "https://wrinkledskinrepair.com/wp-login.php" "Mozilla/5.0 (Macintosh; Intel Mac OS X 10_15_7; rv:121.0) Gecko/20100101 Firefox/121.0"
168.144.95.241 - - [28/Apr/2026:10:40:37 +0000] "GET /wp-login.php?redirect_to=https%3A%2F%2Fwrinkledskinrepair.com%2Fwp-admin%2Findex.php&reauth=1 HTTP/1.1" 200 3409 "https://wrinkledskinrepair.com/wp-login.php" "Mozilla/5.0 (Macintosh; Intel Mac OS X 10_15_7; rv:121.0) Gecko/20100101 Firefox/121.0"
168.144.95.241 - - [28/Apr/2026:10:40:38 +0000] "POST /wp-login.php HTTP/1.1" 401 1465 "https://wrinkledskinrepair.com/wp-login.php" "Mozilla/5.0 (Macintosh; Intel Mac OS X 10_15_7) AppleWebKit/605.1.15 (KHTML, like Gecko) Version/17.0 Safari/605.1.15"
168.144.95.241 - - [28/Apr/2026:10:40:39 +0000] "GET /wp-admin/index.php HTTP/1.1" 302 - "https://wrinkledskinrepair.com/wp-login.php" "Mozilla/5.0 (Macintosh; Intel Mac OS X 10_15_7; rv:120.0) Gecko/20100101 Firefox/120.0"
168.144.95.241 - - [28/Apr/2026:10:40:41 +0000] "GET /wp-login.php?redirect_to=https%3A%2F%2Fwrinkledskinrepair.com%2Fwp-admin%2Findex.php&reauth=1 HTTP/1.1" 200 3410 "https://wrinkledskinrepair.com/wp-login.php" "Mozilla/5.0 (Macintosh; Intel Mac OS X 10_15_7; rv:120.0) Gecko/20100101 Firefox/120.0"
168.144.95.241 - - [28/Apr/2026:10:40:42 +0000] "POST /wp-login.php HTTP/1.1" 401 1467 "https://wrinkledskinrepair.com/wp-login.php" "Mozilla/5.0 (Macintosh; Intel Mac OS X 10_15_7; rv:120.0) Gecko/20100101 Firefox/120.0"
168.144.95.241 - - [28/Apr/2026:10:40:47 +0000] "GET /wp-admin/index.php HTTP/1.1" 302 - "https://wrinkledskinrepair.com/wp-login.php" "Mozilla/5.0 (Macintosh; Intel Mac OS X 10_15_7) AppleWebKit/605.1.15 (KHTML, like Gecko) Version/16.6 Safari/605.1.15"
168.144.95.241 - - [28/Apr/2026:10:40:49 +0000] "GET /wp-login.php?redirect_to=https%3A%2F%2Fwrinkledskinrepair.com%2Fwp-admin%2Findex.php&reauth=1 HTTP/1.1" 200 3410 "https://wrinkledskinrepair.com/wp-login.php" "Mozilla/5.0 (Macintosh; Intel Mac OS X 10_15_7) AppleWebKit/605.1.15 (KHTML, like Gecko) Version/16.6 Safari/605.1.15"
168.144.95.241 - - [28/Apr/2026:10:40:51 +0000] "POST /wp-login.php HTTP/1.1" 401 1464 "https://wrinkledskinrepair.com/wp-login.php" "Mozilla/5.0 (Windows NT 10.0; Win64; x64; rv:120.0) Gecko/20100101 Firefox/120.0"
168.144.95.241 - - [28/Apr/2026:10:40:52 +0000] "GET /wp-admin/index.php HTTP/1.1" 302 - "https://wrinkledskinrepair.com/wp-login.php" "Mozilla/5.0 (Macintosh; Intel Mac OS X 10_15_7) AppleWebKit/605.1.15 (KHTML, like Gecko) Version/17.2 Safari/605.1.15"
168.144.95.241 - - [28/Apr/2026:10:40:54 +0000] "GET /wp-login.php?redirect_to=https%3A%2F%2Fwrinkledskinrepair.com%2Fwp-admin%2Findex.php&reauth=1 HTTP/1.1" 200 3411 "https://wrinkledskinrepair.com/wp-login.php" "Mozilla/5.0 (Macintosh; Intel Mac OS X 10_15_7) AppleWebKit/605.1.15 (KHTML, like Gecko) Version/17.2 Safari/605.1.15"
168.144.95.241 - - [28/Apr/2026:10:40:55 +0000] "POST /wp-login.php HTTP/1.1" 401 1464 "https://wrinkledskinrepair.com/wp-login.php" "Mozilla/5.0 (Macintosh; Intel Mac OS X 13_6_1) AppleWebKit/537.36 (KHTML, like Gecko) Chrome/121.0.0.0 Safari/537.36"
168.144.95.241 - - [28/Apr/2026:10:40:56 +0000] "GET /wp-admin/index.php HTTP/1.1" 302 - "https://wrinkledskinrepair.com/wp-login.php" "Mozilla/5.0 (X11; Linux x86_64) AppleWebKit/537.36 (KHTML, like Gecko) Chrome/121.0.0.0 Safari/537.36"
168.144.95.241 - - [28/Apr/2026:10:40:58 +0000] "GET /wp-login.php?redirect_to=https%3A%2F%2Fwrinkledskinrepair.com%2Fwp-admin%2Findex.php&reauth=1 HTTP/1.1" 200 3408 "https://wrinkledskinrepair.com/wp-login.php" "Mozilla/5.0 (X11; Linux x86_64) AppleWebKit/537.36 (KHTML, like Gecko) Chrome/121.0.0.0 Safari/537.36"
168.144.95.241 - - [28/Apr/2026:10:40:59 +0000] "POST /wp-login.php HTTP/1.1" 401 1465 "https://wrinkledskinrepair.com/wp-login.php" "Mozilla/5.0 (Windows NT 10.0; Win64; x64; rv:121.0) Gecko/20100101 Firefox/121.0"
168.144.95.241 - - [28/Apr/2026:10:41:03 +0000] "GET /wp-admin/index.php HTTP/1.1" 302 - "https://wrinkledskinrepair.com/wp-login.php" "Mozilla/5.0 (Windows NT 11.0; Win64; x64) AppleWebKit/537.36 (KHTML, like Gecko) Chrome/120.0.0.0 Safari/537.36"
168.144.95.241 - - [28/Apr/2026:10:41:05 +0000] "GET /wp-login.php?redirect_to=https%3A%2F%2Fwrinkledskinrepair.com%2Fwp-admin%2Findex.php&reauth=1 HTTP/1.1" 200 3410 "https://wrinkledskinrepair.com/wp-login.php" "Mozilla/5.0 (Windows NT 11.0; Win64; x64) AppleWebKit/537.36 (KHTML, like Gecko) Chrome/120.0.0.0 Safari/537.36"
168.144.95.241 - - [28/Apr/2026:10:41:07 +0000] "POST /wp-login.php HTTP/1.1" 401 1467 "https://wrinkledskinrepair.com/wp-login.php" "Mozilla/5.0 (Macintosh; Intel Mac OS X 10_15_7; rv:118.0) Gecko/20100101 Firefox/118.0"
168.144.95.241 - - [28/Apr/2026:10:41:08 +0000] "GET /wp-admin/index.php HTTP/1.1" 302 - "https://wrinkledskinrepair.com/wp-login.php" "Mozilla/5.0 (Macintosh; Intel Mac OS X 10_15_7) AppleWebKit/605.1.15 (KHTML, like Gecko) Version/17.1 Safari/605.1.15"
168.144.95.241 - - [28/Apr/2026:10:41:09 +0000] "GET /wp-login.php?redirect_to=https%3A%2F%2Fwrinkledskinrepair.com%2Fwp-admin%2Findex.php&reauth=1 HTTP/1.1" 200 3410 "https://wrinkledskinrepair.com/wp-login.php" "Mozilla/5.0 (Macintosh; Intel Mac OS X 10_15_7) AppleWebKit/605.1.15 (KHTML, like Gecko) Version/17.1 Safari/605.1.15"
168.144.95.241 - - [28/Apr/2026:10:41:11 +0000] "POST /wp-login.php HTTP/1.1" 401 1467 "https://wrinkledskinrepair.com/wp-login.php" "Mozilla/5.0 (Windows NT 11.0; Win64; x64; rv:121.0) Gecko/20100101 Firefox/121.0"
168.144.95.241 - - [28/Apr/2026:10:41:12 +0000] "GET /wp-admin/index.php HTTP/1.1" 302 - "https://wrinkledskinrepair.com/wp-login.php" "Mozilla/5.0 (X11; Ubuntu; Linux x86_64) AppleWebKit/537.36 (KHTML, like Gecko) Chrome/120.0.0.0 Safari/537.36"
168.144.95.241 - - [28/Apr/2026:10:41:14 +0000] "GET /wp-login.php?redirect_to=https%3A%2F%2Fwrinkledskinrepair.com%2Fwp-admin%2Findex.php&reauth=1 HTTP/1.1" 200 3411 "https://wrinkledskinrepair.com/wp-login.php" "Mozilla/5.0 (X11; Ubuntu; Linux x86_64) AppleWebKit/537.36 (KHTML, like Gecko) Chrome/120.0.0.0 Safari/537.36"
168.144.95.241 - - [28/Apr/2026:10:41:15 +0000] "POST /wp-login.php HTTP/1.1" 401 1464 "https://wrinkledskinrepair.com/wp-login.php" "Mozilla/5.0 (Macintosh; Intel Mac OS X 13_6_1) AppleWebKit/605.1.15 (KHTML, like Gecko) Version/16.6 Safari/605.1.15"
184.94.212.206 - - [28/Apr/2026:10:41:18 +0000] "POST /wp-cron.php?doing_wp_cron=1777372878.4844579696655273437500 HTTP/1.1" 200 - "-" "WordPress/6.9.4; https://www.wrinkledskinrepair.com"
168.144.95.241 - - [28/Apr/2026:10:41:17 +0000] "GET /wp-admin/index.php HTTP/1.1" 302 - "https://wrinkledskinrepair.com/wp-login.php" "Mozilla/5.0 (Windows NT 11.0; Win64; x64) AppleWebKit/537.36 (KHTML, like Gecko) Chrome/120.0.0.0 Safari/537.36"
168.144.95.241 - - [28/Apr/2026:10:41:18 +0000] "GET /wp-login.php?redirect_to=https%3A%2F%2Fwrinkledskinrepair.com%2Fwp-admin%2Findex.php&reauth=1 HTTP/1.1" 200 3410 "https://wrinkledskinrepair.com/wp-login.php" "Mozilla/5.0 (Windows NT 11.0; Win64; x64) AppleWebKit/537.36 (KHTML, like Gecko) Chrome/120.0.0.0 Safari/537.36"
168.144.95.241 - - [28/Apr/2026:10:41:20 +0000] "POST /wp-login.php HTTP/1.1" 401 1467 "https://wrinkledskinrepair.com/wp-login.php" "Mozilla/5.0 (Macintosh; Intel Mac OS X 10_15_7) AppleWebKit/605.1.15 (KHTML, like Gecko) Version/17.1 Safari/605.1.15"
168.144.95.241 - - [28/Apr/2026:10:41:21 +0000] "GET /wp-admin/index.php HTTP/1.1" 302 - "https://wrinkledskinrepair.com/wp-login.php" "Mozilla/5.0 (Windows NT 10.0; Win64; x64) AppleWebKit/537.36 (KHTML, like Gecko) Chrome/118.0.0.0 Safari/537.36"
85.208.96.202 - - [28/Apr/2026:10:41:22 +0000] "GET /robots.txt HTTP/1.1" 200 127 "-" "Mozilla/5.0 (compatible; SemrushBot/7~bl; +http://www.semrush.com/bot.html)"
168.144.95.241 - - [28/Apr/2026:10:41:23 +0000] "GET /wp-login.php?redirect_to=https%3A%2F%2Fwrinkledskinrepair.com%2Fwp-admin%2Findex.php&reauth=1 HTTP/1.1" 200 3410 "https://wrinkledskinrepair.com/wp-login.php" "Mozilla/5.0 (Windows NT 10.0; Win64; x64) AppleWebKit/537.36 (KHTML, like Gecko) Chrome/118.0.0.0 Safari/537.36"
185.191.171.11 - - [28/Apr/2026:10:41:24 +0000] "GET /2018/07/19/read-this-article-to-learn-how-to-maintain-healthy-skin-2/ HTTP/1.1" 200 52659 "-" "Mozilla/5.0 (compatible; SemrushBot/7~bl; +http://www.semrush.com/bot.html)"
168.144.95.241 - - [28/Apr/2026:10:41:24 +0000] "POST /wp-login.php HTTP/1.1" 401 1462 "https://wrinkledskinrepair.com/wp-login.php" "Mozilla/5.0 (Windows NT 10.0; Win64; x64) AppleWebKit/537.36 (KHTML, like Gecko) Chrome/120.0.0.0 Safari/537.36"
168.144.95.241 - - [28/Apr/2026:10:41:26 +0000] "GET /wp-admin/index.php HTTP/1.1" 302 - "https://wrinkledskinrepair.com/wp-login.php" "Mozilla/5.0 (Macintosh; Intel Mac OS X 13_6_1) AppleWebKit/605.1.15 (KHTML, like Gecko) Version/17.2 Safari/605.1.15"
168.144.95.241 - - [28/Apr/2026:10:41:27 +0000] "GET /wp-login.php?redirect_to=https%3A%2F%2Fwrinkledskinrepair.com%2Fwp-admin%2Findex.php&reauth=1 HTTP/1.1" 200 3408 "https://wrinkledskinrepair.com/wp-login.php" "Mozilla/5.0 (Macintosh; Intel Mac OS X 13_6_1) AppleWebKit/605.1.15 (KHTML, like Gecko) Version/17.2 Safari/605.1.15"
168.144.95.241 - - [28/Apr/2026:10:41:28 +0000] "POST /wp-login.php HTTP/1.1" 401 1464 "https://wrinkledskinrepair.com/wp-login.php" "Mozilla/5.0 (Windows NT 11.0; Win64; x64; rv:120.0) Gecko/20100101 Firefox/120.0"
168.144.95.241 - - [28/Apr/2026:10:41:30 +0000] "GET /wp-admin/index.php HTTP/1.1" 302 - "https://wrinkledskinrepair.com/wp-login.php" "Mozilla/5.0 (Windows NT 10.0; Win64; x64) AppleWebKit/537.36 (KHTML, like Gecko) Chrome/121.0.0.0 Safari/537.36"
168.144.95.241 - - [28/Apr/2026:10:41:31 +0000] "GET /wp-login.php?redirect_to=https%3A%2F%2Fwrinkledskinrepair.com%2Fwp-admin%2Findex.php&reauth=1 HTTP/1.1" 200 3408 "https://wrinkledskinrepair.com/wp-login.php" "Mozilla/5.0 (Windows NT 10.0; Win64; x64) AppleWebKit/537.36 (KHTML, like Gecko) Chrome/121.0.0.0 Safari/537.36"
168.144.95.241 - - [28/Apr/2026:10:41:33 +0000] "POST /wp-login.php HTTP/1.1" 401 1467 "https://wrinkledskinrepair.com/wp-login.php" "Mozilla/5.0 (Windows NT 10.0; Win64; x64; rv:121.0) Gecko/20100101 Firefox/121.0"
168.144.95.241 - - [28/Apr/2026:10:41:34 +0000] "GET /wp-admin/index.php HTTP/1.1" 302 - "https://wrinkledskinrepair.com/wp-login.php" "Mozilla/5.0 (Macintosh; Intel Mac OS X 13_6_1) AppleWebKit/605.1.15 (KHTML, like Gecko) Version/17.1 Safari/605.1.15"
168.144.95.241 - - [28/Apr/2026:10:41:35 +0000] "GET /wp-login.php?redirect_to=https%3A%2F%2Fwrinkledskinrepair.com%2Fwp-admin%2Findex.php&reauth=1 HTTP/1.1" 200 3408 "https://wrinkledskinrepair.com/wp-login.php" "Mozilla/5.0 (Macintosh; Intel Mac OS X 13_6_1) AppleWebKit/605.1.15 (KHTML, like Gecko) Version/17.1 Safari/605.1.15"
168.144.95.241 - - [28/Apr/2026:10:41:37 +0000] "POST /wp-login.php HTTP/1.1" 401 1467 "https://wrinkledskinrepair.com/wp-login.php" "Mozilla/5.0 (Macintosh; Intel Mac OS X 10_15_7) AppleWebKit/605.1.15 (KHTML, like Gecko) Version/17.2 Safari/605.1.15"
168.144.95.241 - - [28/Apr/2026:10:41:38 +0000] "GET /wp-admin/index.php HTTP/1.1" 302 - "https://wrinkledskinrepair.com/wp-login.php" "Mozilla/5.0 (Windows NT 11.0; Win64; x64; rv:118.0) Gecko/20100101 Firefox/118.0"
168.144.95.241 - - [28/Apr/2026:10:41:39 +0000] "GET /wp-login.php?redirect_to=https%3A%2F%2Fwrinkledskinrepair.com%2Fwp-admin%2Findex.php&reauth=1 HTTP/1.1" 200 3411 "https://wrinkledskinrepair.com/wp-login.php" "Mozilla/5.0 (Windows NT 11.0; Win64; x64; rv:118.0) Gecko/20100101 Firefox/118.0"
168.144.95.241 - - [28/Apr/2026:10:41:41 +0000] "POST /wp-login.php HTTP/1.1" 401 1466 "https://wrinkledskinrepair.com/wp-login.php" "Mozilla/5.0 (X11; Linux x86_64) AppleWebKit/537.36 (KHTML, like Gecko) Chrome/121.0.0.0 Safari/537.36"
168.144.95.241 - - [28/Apr/2026:10:41:42 +0000] "GET /wp-admin/index.php HTTP/1.1" 302 - "https://wrinkledskinrepair.com/wp-login.php" "Mozilla/5.0 (Macintosh; Intel Mac OS X 10_15_7) AppleWebKit/605.1.15 (KHTML, like Gecko) Version/16.6 Safari/605.1.15"
168.144.95.241 - - [28/Apr/2026:10:41:44 +0000] "GET /wp-login.php?redirect_to=https%3A%2F%2Fwrinkledskinrepair.com%2Fwp-admin%2Findex.php&reauth=1 HTTP/1.1" 200 3409 "https://wrinkledskinrepair.com/wp-login.php" "Mozilla/5.0 (Macintosh; Intel Mac OS X 10_15_7) AppleWebKit/605.1.15 (KHTML, like Gecko) Version/16.6 Safari/605.1.15"
168.144.95.241 - - [28/Apr/2026:10:41:45 +0000] "POST /wp-login.php HTTP/1.1" 401 1466 "https://wrinkledskinrepair.com/wp-login.php" "Mozilla/5.0 (X11; Linux x86_64) AppleWebKit/537.36 (KHTML, like Gecko) Chrome/118.0.0.0 Safari/537.36"
168.144.95.241 - - [28/Apr/2026:10:41:47 +0000] "GET /wp-admin/index.php HTTP/1.1" 302 - "https://wrinkledskinrepair.com/wp-login.php" "Mozilla/5.0 (Windows NT 11.0; Win64; x64; rv:120.0) Gecko/20100101 Firefox/120.0"
168.144.95.241 - - [28/Apr/2026:10:41:48 +0000] "GET /wp-login.php?redirect_to=https%3A%2F%2Fwrinkledskinrepair.com%2Fwp-admin%2Findex.php&reauth=1 HTTP/1.1" 200 3410 "https://wrinkledskinrepair.com/wp-login.php" "Mozilla/5.0 (Windows NT 11.0; Win64; x64; rv:120.0) Gecko/20100101 Firefox/120.0"
168.144.95.241 - - [28/Apr/2026:10:41:49 +0000] "POST /wp-login.php HTTP/1.1" 401 1466 "https://wrinkledskinrepair.com/wp-login.php" "Mozilla/5.0 (Macintosh; Intel Mac OS X 13_6_1) AppleWebKit/605.1.15 (KHTML, like Gecko) Version/16.6 Safari/605.1.15"
168.144.95.241 - - [28/Apr/2026:10:41:51 +0000] "GET /wp-admin/index.php HTTP/1.1" 302 - "https://wrinkledskinrepair.com/wp-login.php" "Mozilla/5.0 (Macintosh; Intel Mac OS X 13_6_1) AppleWebKit/605.1.15 (KHTML, like Gecko) Version/17.1 Safari/605.1.15"
168.144.95.241 - - [28/Apr/2026:10:41:52 +0000] "GET /wp-login.php?redirect_to=https%3A%2F%2Fwrinkledskinrepair.com%2Fwp-admin%2Findex.php&reauth=1 HTTP/1.1" 200 3410 "https://wrinkledskinrepair.com/wp-login.php" "Mozilla/5.0 (Macintosh; Intel Mac OS X 13_6_1) AppleWebKit/605.1.15 (KHTML, like Gecko) Version/17.1 Safari/605.1.15"
168.144.95.241 - - [28/Apr/2026:10:41:53 +0000] "POST /wp-login.php HTTP/1.1" 401 1466 "https://wrinkledskinrepair.com/wp-login.php" "Mozilla/5.0 (Macintosh; Intel Mac OS X 10_15_7) AppleWebKit/605.1.15 (KHTML, like Gecko) Version/16.6 Safari/605.1.15"
168.144.95.241 - - [28/Apr/2026:10:41:55 +0000] "GET /wp-admin/index.php HTTP/1.1" 302 - "https://wrinkledskinrepair.com/wp-login.php" "Mozilla/5.0 (Macintosh; Intel Mac OS X 10_15_7) AppleWebKit/605.1.15 (KHTML, like Gecko) Version/17.2 Safari/605.1.15"
168.144.95.241 - - [28/Apr/2026:10:41:56 +0000] "GET /wp-login.php?redirect_to=https%3A%2F%2Fwrinkledskinrepair.com%2Fwp-admin%2Findex.php&reauth=1 HTTP/1.1" 200 3410 "https://wrinkledskinrepair.com/wp-login.php" "Mozilla/5.0 (Macintosh; Intel Mac OS X 10_15_7) AppleWebKit/605.1.15 (KHTML, like Gecko) Version/17.2 Safari/605.1.15"
168.144.95.241 - - [28/Apr/2026:10:41:57 +0000] "POST /wp-login.php HTTP/1.1" 401 1465 "https://wrinkledskinrepair.com/wp-login.php" "Mozilla/5.0 (Macintosh; Intel Mac OS X 13_6_1; rv:120.0) Gecko/20100101 Firefox/120.0"
168.144.95.241 - - [28/Apr/2026:10:41:59 +0000] "GET /wp-admin/index.php HTTP/1.1" 302 - "https://wrinkledskinrepair.com/wp-login.php" "Mozilla/5.0 (Macintosh; Intel Mac OS X 13_6_1) AppleWebKit/605.1.15 (KHTML, like Gecko) Version/17.2 Safari/605.1.15"
168.144.95.241 - - [28/Apr/2026:10:42:00 +0000] "GET /wp-login.php?redirect_to=https%3A%2F%2Fwrinkledskinrepair.com%2Fwp-admin%2Findex.php&reauth=1 HTTP/1.1" 200 3411 "https://wrinkledskinrepair.com/wp-login.php" "Mozilla/5.0 (Macintosh; Intel Mac OS X 13_6_1) AppleWebKit/605.1.15 (KHTML, like Gecko) Version/17.2 Safari/605.1.15"
54.39.89.149 - - [28/Apr/2026:10:42:01 +0000] "GET /tag/maintain-healthy-skin/feed/ HTTP/1.1" 200 5592 "-" "Mozilla/5.0 (compatible; AhrefsBot/7.0; +http://ahrefs.com/robot/)"
168.144.95.241 - - [28/Apr/2026:10:42:06 +0000] "POST /wp-login.php HTTP/1.1" 401 1465 "https://wrinkledskinrepair.com/wp-login.php" "Mozilla/5.0 (X11; Linux x86_64) AppleWebKit/537.36 (KHTML, like Gecko) Chrome/120.0.0.0 Safari/537.36"
168.144.95.241 - - [28/Apr/2026:10:42:07 +0000] "GET /wp-admin/index.php HTTP/1.1" 302 - "https://wrinkledskinrepair.com/wp-login.php" "Mozilla/5.0 (X11; Ubuntu; Linux x86_64) AppleWebKit/537.36 (KHTML, like Gecko) Chrome/121.0.0.0 Safari/537.36"
114.119.142.210 - - [28/Apr/2026:10:42:08 +0000] "GET /blog/page/22 HTTP/1.1" 301 - "https://www.wrinkledskinrepair.com/blog/page/21" "Mozilla/5.0 (Linux; Android 7.0;) AppleWebKit/537.36 (HTML, like Gecko) Mobile Safari/537.36 (compatible; PetalBot;+https://webmaster.petalsearch.com/site/petalbot)"
114.119.142.210 - - [28/Apr/2026:10:42:09 +0000] "GET /blog/page/22/ HTTP/1.1" 200 50014 "https://www.wrinkledskinrepair.com/blog/page/21" "Mozilla/5.0 (Linux; Android 7.0;) AppleWebKit/537.36 (HTML, like Gecko) Mobile Safari/537.36 (compatible; PetalBot;+https://webmaster.petalsearch.com/site/petalbot)"
168.144.95.241 - - [28/Apr/2026:10:42:10 +0000] "GET /wp-login.php?redirect_to=https%3A%2F%2Fwrinkledskinrepair.com%2Fwp-admin%2Findex.php&reauth=1 HTTP/1.1" 200 3411 "https://wrinkledskinrepair.com/wp-login.php" "Mozilla/5.0 (X11; Ubuntu; Linux x86_64) AppleWebKit/537.36 (KHTML, like Gecko) Chrome/121.0.0.0 Safari/537.36"
168.144.95.241 - - [28/Apr/2026:10:42:11 +0000] "POST /wp-login.php HTTP/1.1" 401 1466 "https://wrinkledskinrepair.com/wp-login.php" "Mozilla/5.0 (Macintosh; Intel Mac OS X 10_15_7; rv:121.0) Gecko/20100101 Firefox/121.0"
184.94.212.206 - - [28/Apr/2026:10:42:14 +0000] "POST /wp-cron.php?doing_wp_cron=1777372934.2120730876922607421875 HTTP/1.1" 200 - "-" "WordPress/6.9.4; https://www.wrinkledskinrepair.com"
168.144.95.241 - - [28/Apr/2026:10:42:13 +0000] "GET /wp-admin/index.php HTTP/1.1" 302 - "https://wrinkledskinrepair.com/wp-login.php" "Mozilla/5.0 (Windows NT 11.0; Win64; x64) AppleWebKit/537.36 (KHTML, like Gecko) Chrome/120.0.0.0 Safari/537.36"
168.144.95.241 - - [28/Apr/2026:10:42:14 +0000] "GET /wp-login.php?redirect_to=https%3A%2F%2Fwrinkledskinrepair.com%2Fwp-admin%2Findex.php&reauth=1 HTTP/1.1" 200 3410 "https://wrinkledskinrepair.com/wp-login.php" "Mozilla/5.0 (Windows NT 11.0; Win64; x64) AppleWebKit/537.36 (KHTML, like Gecko) Chrome/120.0.0.0 Safari/537.36"
168.144.95.241 - - [28/Apr/2026:10:42:16 +0000] "POST /wp-login.php HTTP/1.1" 401 1465 "https://wrinkledskinrepair.com/wp-login.php" "Mozilla/5.0 (Macintosh; Intel Mac OS X 10_15_7) AppleWebKit/537.36 (KHTML, like Gecko) Chrome/119.0.0.0 Safari/537.36"
168.144.95.241 - - [28/Apr/2026:10:42:17 +0000] "GET /wp-admin/index.php HTTP/1.1" 302 - "https://wrinkledskinrepair.com/wp-login.php" "Mozilla/5.0 (Macintosh; Intel Mac OS X 10_15_7; rv:121.0) Gecko/20100101 Firefox/121.0"
184.94.212.206 - - [28/Apr/2026:10:42:18 +0000] "POST /wp-cron.php?doing_wp_cron=1777372938.4820020198822021484375 HTTP/1.1" 200 - "-" "WordPress/6.9.4; https://www.wrinkledskinrepair.com"
54.235.125.129 - - [28/Apr/2026:10:42:17 +0000] "GET /tag/lip-balms/ HTTP/1.1" 200 49084 "-" "Mozilla/5.0 AppleWebKit/537.36 (KHTML, like Gecko; compatible; Amazonbot/0.1; +https://developer.amazon.com/support/amazonbot) Chrome/119.0.6045.214 Safari/537.36"
168.144.95.241 - - [28/Apr/2026:10:42:18 +0000] "GET /wp-login.php?redirect_to=https%3A%2F%2Fwrinkledskinrepair.com%2Fwp-admin%2Findex.php&reauth=1 HTTP/1.1" 200 3409 "https://wrinkledskinrepair.com/wp-login.php" "Mozilla/5.0 (Macintosh; Intel Mac OS X 10_15_7; rv:121.0) Gecko/20100101 Firefox/121.0"
168.144.95.241 - - [28/Apr/2026:10:42:23 +0000] "POST /wp-login.php HTTP/1.1" 401 1465 "https://wrinkledskinrepair.com/wp-login.php" "Mozilla/5.0 (Macintosh; Intel Mac OS X 13_6_1) AppleWebKit/537.36 (KHTML, like Gecko) Chrome/119.0.0.0 Safari/537.36"
168.144.95.241 - - [28/Apr/2026:10:42:24 +0000] "GET /wp-admin/index.php HTTP/1.1" 302 - "https://wrinkledskinrepair.com/wp-login.php" "Mozilla/5.0 (Macintosh; Intel Mac OS X 10_15_7; rv:121.0) Gecko/20100101 Firefox/121.0"
168.144.95.241 - - [28/Apr/2026:10:42:26 +0000] "GET /wp-login.php?redirect_to=https%3A%2F%2Fwrinkledskinrepair.com%2Fwp-admin%2Findex.php&reauth=1 HTTP/1.1" 200 3410 "https://wrinkledskinrepair.com/wp-login.php" "Mozilla/5.0 (Macintosh; Intel Mac OS X 10_15_7; rv:121.0) Gecko/20100101 Firefox/121.0"
168.144.95.241 - - [28/Apr/2026:10:42:28 +0000] "POST /wp-login.php HTTP/1.1" 401 1466 "https://wrinkledskinrepair.com/wp-login.php" "Mozilla/5.0 (Macintosh; Intel Mac OS X 13_6_1) AppleWebKit/537.36 (KHTML, like Gecko) Chrome/119.0.0.0 Safari/537.36"
168.144.95.241 - - [28/Apr/2026:10:42:29 +0000] "GET /wp-admin/index.php HTTP/1.1" 302 - "https://wrinkledskinrepair.com/wp-login.php" "Mozilla/5.0 (Windows NT 11.0; Win64; x64; rv:119.0) Gecko/20100101 Firefox/119.0"
168.144.95.241 - - [28/Apr/2026:10:42:31 +0000] "GET /wp-login.php?redirect_to=https%3A%2F%2Fwrinkledskinrepair.com%2Fwp-admin%2Findex.php&reauth=1 HTTP/1.1" 200 3410 "https://wrinkledskinrepair.com/wp-login.php" "Mozilla/5.0 (Windows NT 11.0; Win64; x64; rv:119.0) Gecko/20100101 Firefox/119.0"
168.144.95.241 - - [28/Apr/2026:10:42:32 +0000] "POST /wp-login.php HTTP/1.1" 401 1465 "https://wrinkledskinrepair.com/wp-login.php" "Mozilla/5.0 (Macintosh; Intel Mac OS X 10_15_7) AppleWebKit/537.36 (KHTML, like Gecko) Chrome/119.0.0.0 Safari/537.36"
168.144.95.241 - - [28/Apr/2026:10:42:34 +0000] "GET /wp-admin/index.php HTTP/1.1" 302 - "https://wrinkledskinrepair.com/wp-login.php" "Mozilla/5.0 (Macintosh; Intel Mac OS X 13_6_1; rv:119.0) Gecko/20100101 Firefox/119.0"
168.144.95.241 - - [28/Apr/2026:10:42:35 +0000] "GET /wp-login.php?redirect_to=https%3A%2F%2Fwrinkledskinrepair.com%2Fwp-admin%2Findex.php&reauth=1 HTTP/1.1" 200 3410 "https://wrinkledskinrepair.com/wp-login.php" "Mozilla/5.0 (Macintosh; Intel Mac OS X 13_6_1; rv:119.0) Gecko/20100101 Firefox/119.0"
168.144.95.241 - - [28/Apr/2026:10:42:36 +0000] "POST /wp-login.php HTTP/1.1" 401 1465 "https://wrinkledskinrepair.com/wp-login.php" "Mozilla/5.0 (X11; Linux x86_64) AppleWebKit/537.36 (KHTML, like Gecko) Chrome/118.0.0.0 Safari/537.36"
168.144.95.241 - - [28/Apr/2026:10:42:38 +0000] "GET /wp-admin/index.php HTTP/1.1" 302 - "https://wrinkledskinrepair.com/wp-login.php" "Mozilla/5.0 (Macintosh; Intel Mac OS X 10_15_7; rv:120.0) Gecko/20100101 Firefox/120.0"
168.144.95.241 - - [28/Apr/2026:10:42:39 +0000] "GET /wp-login.php?redirect_to=https%3A%2F%2Fwrinkledskinrepair.com%2Fwp-admin%2Findex.php&reauth=1 HTTP/1.1" 200 3409 "https://wrinkledskinrepair.com/wp-login.php" "Mozilla/5.0 (Macintosh; Intel Mac OS X 10_15_7; rv:120.0) Gecko/20100101 Firefox/120.0"
168.144.95.241 - - [28/Apr/2026:10:42:41 +0000] "POST /wp-login.php HTTP/1.1" 401 1465 "https://wrinkledskinrepair.com/wp-login.php" "Mozilla/5.0 (Windows NT 10.0; Win64; x64; rv:121.0) Gecko/20100101 Firefox/121.0"
168.144.95.241 - - [28/Apr/2026:10:42:42 +0000] "GET /wp-admin/index.php HTTP/1.1" 302 - "https://wrinkledskinrepair.com/wp-login.php" "Mozilla/5.0 (Macintosh; Intel Mac OS X 13_6_1) AppleWebKit/605.1.15 (KHTML, like Gecko) Version/17.0 Safari/605.1.15"
168.144.95.241 - - [28/Apr/2026:10:42:43 +0000] "GET /wp-login.php?redirect_to=https%3A%2F%2Fwrinkledskinrepair.com%2Fwp-admin%2Findex.php&reauth=1 HTTP/1.1" 200 3410 "https://wrinkledskinrepair.com/wp-login.php" "Mozilla/5.0 (Macintosh; Intel Mac OS X 13_6_1) AppleWebKit/605.1.15 (KHTML, like Gecko) Version/17.0 Safari/605.1.15"
168.144.95.241 - - [28/Apr/2026:10:42:45 +0000] "POST /wp-login.php HTTP/1.1" 401 1463 "https://wrinkledskinrepair.com/wp-login.php" "Mozilla/5.0 (Macintosh; Intel Mac OS X 13_6_1; rv:118.0) Gecko/20100101 Firefox/118.0"
168.144.95.241 - - [28/Apr/2026:10:42:46 +0000] "GET /wp-admin/index.php HTTP/1.1" 302 - "https://wrinkledskinrepair.com/wp-login.php" "Mozilla/5.0 (X11; Ubuntu; Linux x86_64) AppleWebKit/537.36 (KHTML, like Gecko) Chrome/118.0.0.0 Safari/537.36"
168.144.95.241 - - [28/Apr/2026:10:42:48 +0000] "GET /wp-login.php?redirect_to=https%3A%2F%2Fwrinkledskinrepair.com%2Fwp-admin%2Findex.php&reauth=1 HTTP/1.1" 200 3412 "https://wrinkledskinrepair.com/wp-login.php" "Mozilla/5.0 (X11; Ubuntu; Linux x86_64) AppleWebKit/537.36 (KHTML, like Gecko) Chrome/118.0.0.0 Safari/537.36"
168.144.95.241 - - [28/Apr/2026:10:42:49 +0000] "POST /wp-login.php HTTP/1.1" 401 1466 "https://wrinkledskinrepair.com/wp-login.php" "Mozilla/5.0 (Macintosh; Intel Mac OS X 10_15_7; rv:119.0) Gecko/20100101 Firefox/119.0"
168.144.95.241 - - [28/Apr/2026:10:42:51 +0000] "GET /wp-admin/index.php HTTP/1.1" 302 - "https://wrinkledskinrepair.com/wp-login.php" "Mozilla/5.0 (Macintosh; Intel Mac OS X 13_6_1) AppleWebKit/605.1.15 (KHTML, like Gecko) Version/17.0 Safari/605.1.15"
168.144.95.241 - - [28/Apr/2026:10:42:52 +0000] "GET /wp-login.php?redirect_to=https%3A%2F%2Fwrinkledskinrepair.com%2Fwp-admin%2Findex.php&reauth=1 HTTP/1.1" 200 3411 "https://wrinkledskinrepair.com/wp-login.php" "Mozilla/5.0 (Macintosh; Intel Mac OS X 13_6_1) AppleWebKit/605.1.15 (KHTML, like Gecko) Version/17.0 Safari/605.1.15"
168.144.95.241 - - [28/Apr/2026:10:42:53 +0000] "POST /wp-login.php HTTP/1.1" 401 1465 "https://wrinkledskinrepair.com/wp-login.php" "Mozilla/5.0 (Windows NT 11.0; Win64; x64; rv:119.0) Gecko/20100101 Firefox/119.0"
168.144.95.241 - - [28/Apr/2026:10:42:55 +0000] "GET /wp-admin/index.php HTTP/1.1" 302 - "https://wrinkledskinrepair.com/wp-login.php" "Mozilla/5.0 (Macintosh; Intel Mac OS X 10_15_7) AppleWebKit/605.1.15 (KHTML, like Gecko) Version/17.0 Safari/605.1.15"
168.144.95.241 - - [28/Apr/2026:10:42:57 +0000] "GET /wp-login.php?redirect_to=https%3A%2F%2Fwrinkledskinrepair.com%2Fwp-admin%2Findex.php&reauth=1 HTTP/1.1" 200 3410 "https://wrinkledskinrepair.com/wp-login.php" "Mozilla/5.0 (Macintosh; Intel Mac OS X 10_15_7) AppleWebKit/605.1.15 (KHTML, like Gecko) Version/17.0 Safari/605.1.15"
168.144.95.241 - - [28/Apr/2026:10:42:58 +0000] "POST /wp-login.php HTTP/1.1" 401 1465 "https://wrinkledskinrepair.com/wp-login.php" "Mozilla/5.0 (Macintosh; Intel Mac OS X 10_15_7) AppleWebKit/605.1.15 (KHTML, like Gecko) Version/17.2 Safari/605.1.15"
168.144.95.241 - - [28/Apr/2026:10:43:00 +0000] "GET /wp-admin/index.php HTTP/1.1" 302 - "https://wrinkledskinrepair.com/wp-login.php" "Mozilla/5.0 (X11; Linux x86_64) AppleWebKit/537.36 (KHTML, like Gecko) Chrome/120.0.0.0 Safari/537.36"
168.144.95.241 - - [28/Apr/2026:10:43:01 +0000] "GET /wp-login.php?redirect_to=https%3A%2F%2Fwrinkledskinrepair.com%2Fwp-admin%2Findex.php&reauth=1 HTTP/1.1" 200 3411 "https://wrinkledskinrepair.com/wp-login.php" "Mozilla/5.0 (X11; Linux x86_64) AppleWebKit/537.36 (KHTML, like Gecko) Chrome/120.0.0.0 Safari/537.36"
168.144.95.241 - - [28/Apr/2026:10:43:03 +0000] "POST /wp-login.php HTTP/1.1" 401 1467 "https://wrinkledskinrepair.com/wp-login.php" "Mozilla/5.0 (X11; Linux x86_64) AppleWebKit/537.36 (KHTML, like Gecko) Chrome/118.0.0.0 Safari/537.36"
168.144.95.241 - - [28/Apr/2026:10:43:05 +0000] "GET /wp-admin/index.php HTTP/1.1" 302 - "https://wrinkledskinrepair.com/wp-login.php" "Mozilla/5.0 (X11; Ubuntu; Linux x86_64) AppleWebKit/537.36 (KHTML, like Gecko) Chrome/120.0.0.0 Safari/537.36"
168.144.95.241 - - [28/Apr/2026:10:43:06 +0000] "GET /wp-login.php?redirect_to=https%3A%2F%2Fwrinkledskinrepair.com%2Fwp-admin%2Findex.php&reauth=1 HTTP/1.1" 200 3407 "https://wrinkledskinrepair.com/wp-login.php" "Mozilla/5.0 (X11; Ubuntu; Linux x86_64) AppleWebKit/537.36 (KHTML, like Gecko) Chrome/120.0.0.0 Safari/537.36"
168.144.95.241 - - [28/Apr/2026:10:43:07 +0000] "POST /wp-login.php HTTP/1.1" 401 1467 "https://wrinkledskinrepair.com/wp-login.php" "Mozilla/5.0 (X11; Linux x86_64) AppleWebKit/537.36 (KHTML, like Gecko) Chrome/121.0.0.0 Safari/537.36"
184.94.212.206 - - [28/Apr/2026:10:43:10 +0000] "POST /wp-cron.php?doing_wp_cron=1777372990.3205869197845458984375 HTTP/1.1" 200 - "-" "WordPress/6.9.4; https://www.wrinkledskinrepair.com"
168.144.95.241 - - [28/Apr/2026:10:43:09 +0000] "GET /wp-admin/index.php HTTP/1.1" 302 - "https://wrinkledskinrepair.com/wp-login.php" "Mozilla/5.0 (Macintosh; Intel Mac OS X 10_15_7) AppleWebKit/605.1.15 (KHTML, like Gecko) Version/17.1 Safari/605.1.15"
168.144.95.241 - - [28/Apr/2026:10:43:10 +0000] "GET /wp-login.php?redirect_to=https%3A%2F%2Fwrinkledskinrepair.com%2Fwp-admin%2Findex.php&reauth=1 HTTP/1.1" 200 3409 "https://wrinkledskinrepair.com/wp-login.php" "Mozilla/5.0 (Macintosh; Intel Mac OS X 10_15_7) AppleWebKit/605.1.15 (KHTML, like Gecko) Version/17.1 Safari/605.1.15"
168.144.95.241 - - [28/Apr/2026:10:43:12 +0000] "POST /wp-login.php HTTP/1.1" 401 1467 "https://wrinkledskinrepair.com/wp-login.php" "Mozilla/5.0 (Windows NT 11.0; Win64; x64; rv:121.0) Gecko/20100101 Firefox/121.0"
168.144.95.241 - - [28/Apr/2026:10:43:13 +0000] "GET /wp-admin/index.php HTTP/1.1" 302 - "https://wrinkledskinrepair.com/wp-login.php" "Mozilla/5.0 (Macintosh; Intel Mac OS X 13_6_1) AppleWebKit/605.1.15 (KHTML, like Gecko) Version/17.0 Safari/605.1.15"
168.144.95.241 - - [28/Apr/2026:10:43:15 +0000] "GET /wp-login.php?redirect_to=https%3A%2F%2Fwrinkledskinrepair.com%2Fwp-admin%2Findex.php&reauth=1 HTTP/1.1" 200 3410 "https://wrinkledskinrepair.com/wp-login.php" "Mozilla/5.0 (Macintosh; Intel Mac OS X 13_6_1) AppleWebKit/605.1.15 (KHTML, like Gecko) Version/17.0 Safari/605.1.15"
168.144.95.241 - - [28/Apr/2026:10:43:16 +0000] "POST /wp-login.php HTTP/1.1" 401 1465 "https://wrinkledskinrepair.com/wp-login.php" "Mozilla/5.0 (Macintosh; Intel Mac OS X 10_15_7) AppleWebKit/537.36 (KHTML, like Gecko) Chrome/121.0.0.0 Safari/537.36"
184.94.212.206 - - [28/Apr/2026:10:43:21 +0000] "POST /wp-cron.php?doing_wp_cron=1777373001.9520299434661865234375 HTTP/1.1" 200 - "-" "WordPress/6.9.4; https://www.wrinkledskinrepair.com"
168.144.95.241 - - [28/Apr/2026:10:43:20 +0000] "GET /wp-admin/index.php HTTP/1.1" 302 - "https://wrinkledskinrepair.com/wp-login.php" "Mozilla/5.0 (Windows NT 11.0; Win64; x64; rv:121.0) Gecko/20100101 Firefox/121.0"
168.144.95.241 - - [28/Apr/2026:10:43:23 +0000] "GET /wp-login.php?redirect_to=https%3A%2F%2Fwrinkledskinrepair.com%2Fwp-admin%2Findex.php&reauth=1 HTTP/1.1" 200 3410 "https://wrinkledskinrepair.com/wp-login.php" "Mozilla/5.0 (Windows NT 11.0; Win64; x64; rv:121.0) Gecko/20100101 Firefox/121.0"
168.144.95.241 - - [28/Apr/2026:10:43:24 +0000] "POST /wp-login.php HTTP/1.1" 401 1467 "https://wrinkledskinrepair.com/wp-login.php" "Mozilla/5.0 (Windows NT 10.0; Win64; x64; rv:118.0) Gecko/20100101 Firefox/118.0"
168.144.95.241 - - [28/Apr/2026:10:43:25 +0000] "GET /wp-admin/index.php HTTP/1.1" 302 - "https://wrinkledskinrepair.com/wp-login.php" "Mozilla/5.0 (X11; Ubuntu; Linux x86_64) AppleWebKit/537.36 (KHTML, like Gecko) Chrome/120.0.0.0 Safari/537.36"
168.144.95.241 - - [28/Apr/2026:10:43:27 +0000] "GET /wp-login.php?redirect_to=https%3A%2F%2Fwrinkledskinrepair.com%2Fwp-admin%2Findex.php&reauth=1 HTTP/1.1" 200 3410 "https://wrinkledskinrepair.com/wp-login.php" "Mozilla/5.0 (X11; Ubuntu; Linux x86_64) AppleWebKit/537.36 (KHTML, like Gecko) Chrome/120.0.0.0 Safari/537.36"
168.144.95.241 - - [28/Apr/2026:10:43:28 +0000] "POST /wp-login.php HTTP/1.1" 401 1466 "https://wrinkledskinrepair.com/wp-login.php" "Mozilla/5.0 (Macintosh; Intel Mac OS X 10_15_7; rv:118.0) Gecko/20100101 Firefox/118.0"
168.144.95.241 - - [28/Apr/2026:10:43:29 +0000] "GET /wp-admin/index.php HTTP/1.1" 302 - "https://wrinkledskinrepair.com/wp-login.php" "Mozilla/5.0 (Macintosh; Intel Mac OS X 13_6_1) AppleWebKit/537.36 (KHTML, like Gecko) Chrome/119.0.0.0 Safari/537.36"
168.144.95.241 - - [28/Apr/2026:10:43:31 +0000] "GET /wp-login.php?redirect_to=https%3A%2F%2Fwrinkledskinrepair.com%2Fwp-admin%2Findex.php&reauth=1 HTTP/1.1" 200 3410 "https://wrinkledskinrepair.com/wp-login.php" "Mozilla/5.0 (Macintosh; Intel Mac OS X 13_6_1) AppleWebKit/537.36 (KHTML, like Gecko) Chrome/119.0.0.0 Safari/537.36"
168.144.95.241 - - [28/Apr/2026:10:43:32 +0000] "POST /wp-login.php HTTP/1.1" 401 1465 "https://wrinkledskinrepair.com/wp-login.php" "Mozilla/5.0 (Macintosh; Intel Mac OS X 10_15_7; rv:121.0) Gecko/20100101 Firefox/121.0"
168.144.95.241 - - [28/Apr/2026:10:43:34 +0000] "GET /wp-admin/index.php HTTP/1.1" 302 - "https://wrinkledskinrepair.com/wp-login.php" "Mozilla/5.0 (Windows NT 10.0; Win64; x64) AppleWebKit/537.36 (KHTML, like Gecko) Chrome/120.0.0.0 Safari/537.36"
168.144.95.241 - - [28/Apr/2026:10:43:35 +0000] "GET /wp-login.php?redirect_to=https%3A%2F%2Fwrinkledskinrepair.com%2Fwp-admin%2Findex.php&reauth=1 HTTP/1.1" 200 3411 "https://wrinkledskinrepair.com/wp-login.php" "Mozilla/5.0 (Windows NT 10.0; Win64; x64) AppleWebKit/537.36 (KHTML, like Gecko) Chrome/120.0.0.0 Safari/537.36"
168.144.95.241 - - [28/Apr/2026:10:43:38 +0000] "POST /wp-login.php HTTP/1.1" 401 1465 "https://wrinkledskinrepair.com/wp-login.php" "Mozilla/5.0 (Windows NT 11.0; Win64; x64; rv:121.0) Gecko/20100101 Firefox/121.0"
168.144.95.241 - - [28/Apr/2026:10:43:39 +0000] "GET /wp-admin/index.php HTTP/1.1" 302 - "https://wrinkledskinrepair.com/wp-login.php" "Mozilla/5.0 (X11; Linux x86_64) AppleWebKit/537.36 (KHTML, like Gecko) Chrome/119.0.0.0 Safari/537.36"
168.144.95.241 - - [28/Apr/2026:10:43:44 +0000] "GET /wp-login.php?redirect_to=https%3A%2F%2Fwrinkledskinrepair.com%2Fwp-admin%2Findex.php&reauth=1 HTTP/1.1" 200 3411 "https://wrinkledskinrepair.com/wp-login.php" "Mozilla/5.0 (X11; Linux x86_64) AppleWebKit/537.36 (KHTML, like Gecko) Chrome/119.0.0.0 Safari/537.36"
168.144.95.241 - - [28/Apr/2026:10:43:46 +0000] "POST /wp-login.php HTTP/1.1" 401 1465 "https://wrinkledskinrepair.com/wp-login.php" "Mozilla/5.0 (X11; Linux x86_64) AppleWebKit/537.36 (KHTML, like Gecko) Chrome/121.0.0.0 Safari/537.36"
168.144.95.241 - - [28/Apr/2026:10:43:48 +0000] "GET /wp-admin/index.php HTTP/1.1" 302 - "https://wrinkledskinrepair.com/wp-login.php" "Mozilla/5.0 (Macintosh; Intel Mac OS X 13_6_1) AppleWebKit/537.36 (KHTML, like Gecko) Chrome/119.0.0.0 Safari/537.36"
168.144.95.241 - - [28/Apr/2026:10:43:49 +0000] "GET /wp-login.php?redirect_to=https%3A%2F%2Fwrinkledskinrepair.com%2Fwp-admin%2Findex.php&reauth=1 HTTP/1.1" 200 3409 "https://wrinkledskinrepair.com/wp-login.php" "Mozilla/5.0 (Macintosh; Intel Mac OS X 13_6_1) AppleWebKit/537.36 (KHTML, like Gecko) Chrome/119.0.0.0 Safari/537.36"
168.144.95.241 - - [28/Apr/2026:10:43:50 +0000] "POST /wp-login.php HTTP/1.1" 401 1465 "https://wrinkledskinrepair.com/wp-login.php" "Mozilla/5.0 (Macintosh; Intel Mac OS X 13_6_1; rv:120.0) Gecko/20100101 Firefox/120.0"
168.144.95.241 - - [28/Apr/2026:10:43:52 +0000] "GET /wp-admin/index.php HTTP/1.1" 302 - "https://wrinkledskinrepair.com/wp-login.php" "Mozilla/5.0 (Macintosh; Intel Mac OS X 13_6_1; rv:120.0) Gecko/20100101 Firefox/120.0"
168.144.95.241 - - [28/Apr/2026:10:43:53 +0000] "GET /wp-login.php?redirect_to=https%3A%2F%2Fwrinkledskinrepair.com%2Fwp-admin%2Findex.php&reauth=1 HTTP/1.1" 200 3411 "https://wrinkledskinrepair.com/wp-login.php" "Mozilla/5.0 (Macintosh; Intel Mac OS X 13_6_1; rv:120.0) Gecko/20100101 Firefox/120.0"
168.144.95.241 - - [28/Apr/2026:10:43:54 +0000] "POST /wp-login.php HTTP/1.1" 401 1464 "https://wrinkledskinrepair.com/wp-login.php" "Mozilla/5.0 (Macintosh; Intel Mac OS X 10_15_7) AppleWebKit/605.1.15 (KHTML, like Gecko) Version/17.0 Safari/605.1.15"
168.144.95.241 - - [28/Apr/2026:10:43:56 +0000] "GET /wp-admin/index.php HTTP/1.1" 302 - "https://wrinkledskinrepair.com/wp-login.php" "Mozilla/5.0 (Macintosh; Intel Mac OS X 10_15_7) AppleWebKit/605.1.15 (KHTML, like Gecko) Version/16.6 Safari/605.1.15"
168.144.95.241 - - [28/Apr/2026:10:43:57 +0000] "GET /wp-login.php?redirect_to=https%3A%2F%2Fwrinkledskinrepair.com%2Fwp-admin%2Findex.php&reauth=1 HTTP/1.1" 200 3409 "https://wrinkledskinrepair.com/wp-login.php" "Mozilla/5.0 (Macintosh; Intel Mac OS X 10_15_7) AppleWebKit/605.1.15 (KHTML, like Gecko) Version/16.6 Safari/605.1.15"
168.144.95.241 - - [28/Apr/2026:10:43:59 +0000] "POST /wp-login.php HTTP/1.1" 401 1465 "https://wrinkledskinrepair.com/wp-login.php" "Mozilla/5.0 (Macintosh; Intel Mac OS X 10_15_7) AppleWebKit/605.1.15 (KHTML, like Gecko) Version/17.2 Safari/605.1.15"
168.144.95.241 - - [28/Apr/2026:10:44:00 +0000] "GET /wp-admin/index.php HTTP/1.1" 302 - "https://wrinkledskinrepair.com/wp-login.php" "Mozilla/5.0 (Macintosh; Intel Mac OS X 13_6_1) AppleWebKit/537.36 (KHTML, like Gecko) Chrome/119.0.0.0 Safari/537.36"
168.144.95.241 - - [28/Apr/2026:10:44:02 +0000] "GET /wp-login.php?redirect_to=https%3A%2F%2Fwrinkledskinrepair.com%2Fwp-admin%2Findex.php&reauth=1 HTTP/1.1" 200 3411 "https://wrinkledskinrepair.com/wp-login.php" "Mozilla/5.0 (Macintosh; Intel Mac OS X 13_6_1) AppleWebKit/537.36 (KHTML, like Gecko) Chrome/119.0.0.0 Safari/537.36"
168.144.95.241 - - [28/Apr/2026:10:44:03 +0000] "POST /wp-login.php HTTP/1.1" 401 1465 "https://wrinkledskinrepair.com/wp-login.php" "Mozilla/5.0 (Windows NT 10.0; Win64; x64; rv:119.0) Gecko/20100101 Firefox/119.0"
192.0.102.146 - - [28/Apr/2026:10:44:04 +0000] "HEAD / HTTP/1.1" 200 - "-" "jetmon/1.0 (Jetpack Site Uptime Monitor by WordPress.com)"
168.144.95.241 - - [28/Apr/2026:10:44:04 +0000] "GET /wp-admin/index.php HTTP/1.1" 302 - "https://wrinkledskinrepair.com/wp-login.php" "Mozilla/5.0 (X11; Ubuntu; Linux x86_64) AppleWebKit/537.36 (KHTML, like Gecko) Chrome/118.0.0.0 Safari/537.36"
168.144.95.241 - - [28/Apr/2026:10:44:06 +0000] "GET /wp-login.php?redirect_to=https%3A%2F%2Fwrinkledskinrepair.com%2Fwp-admin%2Findex.php&reauth=1 HTTP/1.1" 200 3410 "https://wrinkledskinrepair.com/wp-login.php" "Mozilla/5.0 (X11; Ubuntu; Linux x86_64) AppleWebKit/537.36 (KHTML, like Gecko) Chrome/118.0.0.0 Safari/537.36"
168.144.95.241 - - [28/Apr/2026:10:44:07 +0000] "POST /wp-login.php HTTP/1.1" 401 1466 "https://wrinkledskinrepair.com/wp-login.php" "Mozilla/5.0 (Windows NT 11.0; Win64; x64; rv:121.0) Gecko/20100101 Firefox/121.0"
168.144.95.241 - - [28/Apr/2026:10:44:09 +0000] "GET /wp-admin/index.php HTTP/1.1" 302 - "https://wrinkledskinrepair.com/wp-login.php" "Mozilla/5.0 (Macintosh; Intel Mac OS X 10_15_7; rv:121.0) Gecko/20100101 Firefox/121.0"
168.144.95.241 - - [28/Apr/2026:10:44:10 +0000] "GET /wp-login.php?redirect_to=https%3A%2F%2Fwrinkledskinrepair.com%2Fwp-admin%2Findex.php&reauth=1 HTTP/1.1" 200 3411 "https://wrinkledskinrepair.com/wp-login.php" "Mozilla/5.0 (Macintosh; Intel Mac OS X 10_15_7; rv:121.0) Gecko/20100101 Firefox/121.0"
168.144.95.241 - - [28/Apr/2026:10:44:11 +0000] "POST /wp-login.php HTTP/1.1" 401 1465 "https://wrinkledskinrepair.com/wp-login.php" "Mozilla/5.0 (Macintosh; Intel Mac OS X 13_6_1) AppleWebKit/537.36 (KHTML, like Gecko) Chrome/119.0.0.0 Safari/537.36"
185.191.171.16 - - [28/Apr/2026:10:44:12 +0000] "GET /2025/11/08/best-serums-for-deep-facial-wrinkles-2025/ HTTP/1.1" 200 54396 "-" "Mozilla/5.0 (compatible; SemrushBot/7~bl; +http://www.semrush.com/bot.html)"
168.144.95.241 - - [28/Apr/2026:10:44:13 +0000] "GET /wp-admin/index.php HTTP/1.1" 302 - "https://wrinkledskinrepair.com/wp-login.php" "Mozilla/5.0 (Windows NT 10.0; Win64; x64) AppleWebKit/537.36 (KHTML, like Gecko) Chrome/120.0.0.0 Safari/537.36"
168.144.95.241 - - [28/Apr/2026:10:44:14 +0000] "GET /wp-login.php?redirect_to=https%3A%2F%2Fwrinkledskinrepair.com%2Fwp-admin%2Findex.php&reauth=1 HTTP/1.1" 200 3411 "https://wrinkledskinrepair.com/wp-login.php" "Mozilla/5.0 (Windows NT 10.0; Win64; x64) AppleWebKit/537.36 (KHTML, like Gecko) Chrome/120.0.0.0 Safari/537.36"
168.144.95.241 - - [28/Apr/2026:10:44:16 +0000] "POST /wp-login.php HTTP/1.1" 401 1465 "https://wrinkledskinrepair.com/wp-login.php" "Mozilla/5.0 (X11; Ubuntu; Linux x86_64) AppleWebKit/537.36 (KHTML, like Gecko) Chrome/120.0.0.0 Safari/537.36"
184.94.212.206 - - [28/Apr/2026:10:44:18 +0000] "POST /wp-cron.php?doing_wp_cron=1777373058.6925139427185058593750 HTTP/1.1" 200 - "-" "WordPress/6.9.4; https://www.wrinkledskinrepair.com"
168.144.95.241 - - [28/Apr/2026:10:44:17 +0000] "GET /wp-admin/index.php HTTP/1.1" 302 - "https://wrinkledskinrepair.com/wp-login.php" "Mozilla/5.0 (Macintosh; Intel Mac OS X 10_15_7) AppleWebKit/605.1.15 (KHTML, like Gecko) Version/17.0 Safari/605.1.15"
168.144.95.241 - - [28/Apr/2026:10:44:19 +0000] "GET /wp-login.php?redirect_to=https%3A%2F%2Fwrinkledskinrepair.com%2Fwp-admin%2Findex.php&reauth=1 HTTP/1.1" 200 3410 "https://wrinkledskinrepair.com/wp-login.php" "Mozilla/5.0 (Macintosh; Intel Mac OS X 10_15_7) AppleWebKit/605.1.15 (KHTML, like Gecko) Version/17.0 Safari/605.1.15"
168.144.95.241 - - [28/Apr/2026:10:44:20 +0000] "POST /wp-login.php HTTP/1.1" 401 1466 "https://wrinkledskinrepair.com/wp-login.php" "Mozilla/5.0 (Macintosh; Intel Mac OS X 10_15_7) AppleWebKit/605.1.15 (KHTML, like Gecko) Version/17.2 Safari/605.1.15"
168.144.95.241 - - [28/Apr/2026:10:44:22 +0000] "GET /wp-admin/index.php HTTP/1.1" 302 - "https://wrinkledskinrepair.com/wp-login.php" "Mozilla/5.0 (Windows NT 10.0; Win64; x64; rv:120.0) Gecko/20100101 Firefox/120.0"
168.144.95.241 - - [28/Apr/2026:10:44:24 +0000] "GET /wp-login.php?redirect_to=https%3A%2F%2Fwrinkledskinrepair.com%2Fwp-admin%2Findex.php&reauth=1 HTTP/1.1" 200 3409 "https://wrinkledskinrepair.com/wp-login.php" "Mozilla/5.0 (Windows NT 10.0; Win64; x64; rv:120.0) Gecko/20100101 Firefox/120.0"
168.144.95.241 - - [28/Apr/2026:10:44:25 +0000] "POST /wp-login.php HTTP/1.1" 401 1466 "https://wrinkledskinrepair.com/wp-login.php" "Mozilla/5.0 (Macintosh; Intel Mac OS X 13_6_1) AppleWebKit/605.1.15 (KHTML, like Gecko) Version/16.6 Safari/605.1.15"
168.144.95.241 - - [28/Apr/2026:10:44:26 +0000] "GET /wp-admin/index.php HTTP/1.1" 302 - "https://wrinkledskinrepair.com/wp-login.php" "Mozilla/5.0 (Macintosh; Intel Mac OS X 10_15_7; rv:120.0) Gecko/20100101 Firefox/120.0"
168.144.95.241 - - [28/Apr/2026:10:44:28 +0000] "GET /wp-login.php?redirect_to=https%3A%2F%2Fwrinkledskinrepair.com%2Fwp-admin%2Findex.php&reauth=1 HTTP/1.1" 200 3409 "https://wrinkledskinrepair.com/wp-login.php" "Mozilla/5.0 (Macintosh; Intel Mac OS X 10_15_7; rv:120.0) Gecko/20100101 Firefox/120.0"
168.144.95.241 - - [28/Apr/2026:10:44:29 +0000] "POST /wp-login.php HTTP/1.1" 401 1467 "https://wrinkledskinrepair.com/wp-login.php" "Mozilla/5.0 (Windows NT 11.0; Win64; x64; rv:121.0) Gecko/20100101 Firefox/121.0"
168.144.95.241 - - [28/Apr/2026:10:44:31 +0000] "GET /wp-admin/index.php HTTP/1.1" 302 - "https://wrinkledskinrepair.com/wp-login.php" "Mozilla/5.0 (X11; Ubuntu; Linux x86_64) AppleWebKit/537.36 (KHTML, like Gecko) Chrome/119.0.0.0 Safari/537.36"
168.144.95.241 - - [28/Apr/2026:10:44:32 +0000] "GET /wp-login.php?redirect_to=https%3A%2F%2Fwrinkledskinrepair.com%2Fwp-admin%2Findex.php&reauth=1 HTTP/1.1" 200 3411 "https://wrinkledskinrepair.com/wp-login.php" "Mozilla/5.0 (X11; Ubuntu; Linux x86_64) AppleWebKit/537.36 (KHTML, like Gecko) Chrome/119.0.0.0 Safari/537.36"
168.144.95.241 - - [28/Apr/2026:10:44:34 +0000] "POST /wp-login.php HTTP/1.1" 401 1463 "https://wrinkledskinrepair.com/wp-login.php" "Mozilla/5.0 (Windows NT 10.0; Win64; x64) AppleWebKit/537.36 (KHTML, like Gecko) Chrome/119.0.0.0 Safari/537.36"
168.144.95.241 - - [28/Apr/2026:10:44:35 +0000] "GET /wp-admin/index.php HTTP/1.1" 302 - "https://wrinkledskinrepair.com/wp-login.php" "Mozilla/5.0 (X11; Linux x86_64) AppleWebKit/537.36 (KHTML, like Gecko) Chrome/120.0.0.0 Safari/537.36"
168.144.95.241 - - [28/Apr/2026:10:44:37 +0000] "GET /wp-login.php?redirect_to=https%3A%2F%2Fwrinkledskinrepair.com%2Fwp-admin%2Findex.php&reauth=1 HTTP/1.1" 200 3411 "https://wrinkledskinrepair.com/wp-login.php" "Mozilla/5.0 (X11; Linux x86_64) AppleWebKit/537.36 (KHTML, like Gecko) Chrome/120.0.0.0 Safari/537.36"
