184.94.212.206 - - [27/Apr/2026:14:50:19 +0000] "POST /wp-cron.php?doing_wp_cron=1777301419.8852980136871337890625 HTTP/1.1" 200 - "-" "WordPress/6.9.4; https://www.wrinkledskinrepair.com"
216.73.216.121 - - [27/Apr/2026:14:50:18 +0000] "GET /robots.txt HTTP/1.1" 301 - "-" "Mozilla/5.0 AppleWebKit/537.36 (KHTML, like Gecko; compatible; ClaudeBot/1.0; +claudebot@anthropic.com)"
216.73.216.121 - - [27/Apr/2026:14:50:20 +0000] "GET /robots.txt HTTP/1.1" 200 127 "https://wrinkledskinrepair.com/robots.txt" "Mozilla/5.0 AppleWebKit/537.36 (KHTML, like Gecko; compatible; ClaudeBot/1.0; +claudebot@anthropic.com)"
216.73.216.121 - - [27/Apr/2026:14:50:21 +0000] "GET /wrinkle-treatment/our-best-and-easiest-skin-care-tips HTTP/1.1" 301 - "-" "Mozilla/5.0 AppleWebKit/537.36 (KHTML, like Gecko; compatible; ClaudeBot/1.0; +claudebot@anthropic.com)"
216.73.216.121 - - [27/Apr/2026:14:50:22 +0000] "GET /2019/06/01/our-best-and-easiest-skin-care-tips/ HTTP/1.1" 200 52999 "https://wrinkledskinrepair.com/wrinkle-treatment/our-best-and-easiest-skin-care-tips" "Mozilla/5.0 AppleWebKit/537.36 (KHTML, like Gecko; compatible; ClaudeBot/1.0; +claudebot@anthropic.com)"
57.141.18.45 - - [27/Apr/2026:14:51:09 +0000] "GET /2019/01/06/things-you-can-use-from-home-for-beautiful-skin-3/ HTTP/1.1" 200 186512 "-" "meta-externalagent/1.1 (+https://developers.facebook.com/docs/sharing/webmasters/crawler)"
184.94.212.206 - - [27/Apr/2026:14:52:33 +0000] "POST /wp-cron.php?doing_wp_cron=1777301553.1540529727935791015625 HTTP/1.1" 200 - "-" "WordPress/6.9.4; https://www.wrinkledskinrepair.com"
114.119.143.101 - - [27/Apr/2026:14:52:31 +0000] "GET /adsense-disclaimer?amp=1 HTTP/1.1" 301 - "-" "Mozilla/5.0 (Linux; Android 7.0;) AppleWebKit/537.36 (HTML, like Gecko) Mobile Safari/537.36 (compatible; PetalBot;+https://webmaster.petalsearch.com/site/petalbot)"
114.119.143.101 - - [27/Apr/2026:14:52:33 +0000] "GET /adsense-disclaimer/?amp=1 HTTP/1.1" 200 17573 "https://www.wrinkledskinrepair.com/adsense-disclaimer?amp=1" "Mozilla/5.0 (Linux; Android 7.0;) AppleWebKit/537.36 (HTML, like Gecko) Mobile Safari/537.36 (compatible; PetalBot;+https://webmaster.petalsearch.com/site/petalbot)"
184.94.212.206 - - [27/Apr/2026:14:53:17 +0000] "POST /wp-cron.php?doing_wp_cron=1777301597.7349629402160644531250 HTTP/1.1" 200 - "-" "WordPress/6.9.4; https://www.wrinkledskinrepair.com"
57.141.18.100 - - [27/Apr/2026:14:53:16 +0000] "GET /2019/03/27/look-after-your-skin-with-this-great-information/ HTTP/1.1" 200 187272 "-" "meta-externalagent/1.1 (+https://developers.facebook.com/docs/sharing/webmasters/crawler)"
192.0.102.146 - - [27/Apr/2026:14:54:05 +0000] "HEAD / HTTP/1.1" 200 - "-" "jetmon/1.0 (Jetpack Site Uptime Monitor by WordPress.com)"
184.94.212.206 - - [27/Apr/2026:14:54:38 +0000] "POST /wp-cron.php?doing_wp_cron=1777301678.7969439029693603515625 HTTP/1.1" 200 - "-" "WordPress/6.9.4; https://www.wrinkledskinrepair.com"
57.141.18.97 - - [27/Apr/2026:14:54:37 +0000] "GET /tag/joint-support/ HTTP/1.1" 200 153700 "-" "meta-externalagent/1.1 (+https://developers.facebook.com/docs/sharing/webmasters/crawler)"
184.94.212.206 - - [27/Apr/2026:14:54:57 +0000] "POST /wp-cron.php?doing_wp_cron=1777301697.7306439876556396484375 HTTP/1.1" 200 - "-" "WordPress/6.9.4; https://www.wrinkledskinrepair.com"
114.119.157.239 - - [27/Apr/2026:14:54:56 +0000] "GET /about?share=twitter HTTP/1.1" 302 - "-" "Mozilla/5.0 (Linux; Android 7.0;) AppleWebKit/537.36 (HTML, like Gecko) Mobile Safari/537.36 (compatible; PetalBot;+https://webmaster.petalsearch.com/site/petalbot)"
173.236.218.3 - - [27/Apr/2026:14:55:51 +0000] "GET /wp-login.php HTTP/1.1" 200 4400 "-" "Mozilla/5.0 (Windows NT 10.0; WOW64; Trident/7.0; yie11; rv:11.0) like Gecko"
173.236.218.3 - - [27/Apr/2026:14:55:53 +0000] "POST /wp-login.php HTTP/1.1" 200 4400 "https://www.wrinkledskinrepair.com/wp-login.php" "Mozilla/5.0 (Windows NT 10.0; WOW64; Trident/7.0; yie11; rv:11.0) like Gecko"
43.130.78.203 - - [27/Apr/2026:14:55:52 +0000] "GET / HTTP/1.1" 301 - "http://wrinkledskinrepair.com" "Mozilla/5.0 (iPhone; CPU iPhone OS 13_2_3 like Mac OS X) AppleWebKit/605.1.15 (KHTML, like Gecko) Version/13.0.3 Mobile/15E148 Safari/604.1"
43.130.78.203 - - [27/Apr/2026:14:55:56 +0000] "GET / HTTP/1.1" 200 47737 "https://wrinkledskinrepair.com/" "Mozilla/5.0 (iPhone; CPU iPhone OS 13_2_3 like Mac OS X) AppleWebKit/605.1.15 (KHTML, like Gecko) Version/13.0.3 Mobile/15E148 Safari/604.1"
184.94.212.206 - - [27/Apr/2026:14:57:19 +0000] "POST /wp-cron.php?doing_wp_cron=1777301839.3752789497375488281250 HTTP/1.1" 200 - "-" "WordPress/6.9.4; https://www.wrinkledskinrepair.com"
114.119.144.64 - - [27/Apr/2026:14:57:17 +0000] "GET /2025/11/08/laser-treatment-for-wrinkled-skin-cost-and-results/?share=facebook HTTP/1.1" 302 - "https://www.wrinkledskinrepair.com/2025/11/08/laser-treatment-for-wrinkled-skin-cost-and-results/" "Mozilla/5.0 (Linux; Android 7.0;) AppleWebKit/537.36 (HTML, like Gecko) Mobile Safari/537.36 (compatible; PetalBot;+https://webmaster.petalsearch.com/site/petalbot)"
184.94.212.206 - - [27/Apr/2026:14:59:06 +0000] "POST /wp-cron.php?doing_wp_cron=1777301946.6195969581604003906250 HTTP/1.1" 200 - "-" "WordPress/6.9.4; https://www.wrinkledskinrepair.com"
192.0.102.146 - - [27/Apr/2026:14:59:04 +0000] "HEAD / HTTP/1.1" 200 - "-" "jetmon/1.0 (Jetpack Site Uptime Monitor by WordPress.com)"
184.94.212.206 - - [27/Apr/2026:14:59:19 +0000] "POST /wp-cron.php?doing_wp_cron=1777301959.8364269733428955078125 HTTP/1.1" 200 - "-" "WordPress/6.9.4; https://www.wrinkledskinrepair.com"
4.151.241.254 - - [27/Apr/2026:14:59:18 +0000] "GET / HTTP/1.1" 301 - "-" "Mozilla/5.0 AppleWebKit/537.36 (KHTML, like Gecko); compatible; ChatGPT-User/1.0; +https://openai.com/bot"
4.151.241.240 - - [27/Apr/2026:14:59:20 +0000] "GET / HTTP/1.1" 200 47737 "-" "Mozilla/5.0 AppleWebKit/537.36 (KHTML, like Gecko); compatible; ChatGPT-User/1.0; +https://openai.com/bot"
5.102.173.71 - - [27/Apr/2026:14:59:28 +0000] "GET /robots.txt HTTP/1.1" 200 127 "-" "Mozilla/5.0 (compatible; MojeekBot/0.11; +https://www.mojeek.com/bot.html)"
5.102.173.71 - - [27/Apr/2026:14:59:30 +0000] "GET /2018/09/07/great-skin-care-tips-means-great-skin-for-you/ HTTP/1.1" 200 53501 "-" "Mozilla/5.0 (compatible; MojeekBot/0.11; +https://www.mojeek.com/bot.html)"
114.119.157.239 - - [27/Apr/2026:15:00:00 +0000] "GET /2025/11/08/best-creams-over-50/?share=facebook HTTP/1.1" 302 - "https://www.wrinkledskinrepair.com/2025/11/08/best-creams-over-50/" "Mozilla/5.0 (Linux; Android 7.0;) AppleWebKit/537.36 (HTML, like Gecko) Mobile Safari/537.36 (compatible; PetalBot;+https://webmaster.petalsearch.com/site/petalbot)"
184.94.212.206 - - [27/Apr/2026:15:00:44 +0000] "POST /wp-cron.php?doing_wp_cron=1777302044.5816080570220947265625 HTTP/1.1" 200 - "-" "WordPress/6.9.4; https://www.wrinkledskinrepair.com"
57.141.18.35 - - [27/Apr/2026:15:00:42 +0000] "GET /2019/07/14/skin-care-advice-that-you-can-use/ HTTP/1.1" 200 185630 "-" "meta-externalagent/1.1 (+https://developers.facebook.com/docs/sharing/webmasters/crawler)"
173.239.240.117 - - [27/Apr/2026:15:00:57 +0000] "POST /wp-login.php HTTP/1.1" 401 3479 "-" "Mozilla/5.0"
57.141.18.11 - - [27/Apr/2026:15:01:08 +0000] "GET /2020/04/18/tips-and-advice-for-your-skin-care-regimen/ HTTP/1.1" 200 188255 "-" "meta-externalagent/1.1 (+https://developers.facebook.com/docs/sharing/webmasters/crawler)"
184.94.212.206 - - [27/Apr/2026:15:02:33 +0000] "POST /wp-cron.php?doing_wp_cron=1777302153.5318589210510253906250 HTTP/1.1" 200 - "-" "WordPress/6.9.4; https://www.wrinkledskinrepair.com"
114.119.142.140 - - [27/Apr/2026:15:02:31 +0000] "GET /2025/10/27/best-retinol-creams-under-50/?share=facebook HTTP/1.1" 302 - "https://www.wrinkledskinrepair.com/2025/10/27/best-retinol-creams-under-50" "Mozilla/5.0 (Linux; Android 7.0;) AppleWebKit/537.36 (HTML, like Gecko) Mobile Safari/537.36 (compatible; PetalBot;+https://webmaster.petalsearch.com/site/petalbot)"
184.94.212.206 - - [27/Apr/2026:15:04:06 +0000] "POST /wp-cron.php?doing_wp_cron=1777302246.8515679836273193359375 HTTP/1.1" 200 - "-" "WordPress/6.9.4; https://www.wrinkledskinrepair.com"
192.0.102.146 - - [27/Apr/2026:15:04:04 +0000] "HEAD / HTTP/1.1" 200 - "-" "jetmon/1.0 (Jetpack Site Uptime Monitor by WordPress.com)"
184.94.212.206 - - [27/Apr/2026:15:04:25 +0000] "POST /wp-cron.php?doing_wp_cron=1777302265.8012299537658691406250 HTTP/1.1" 200 - "-" "WordPress/6.9.4; https://www.wrinkledskinrepair.com"
57.141.18.54 - - [27/Apr/2026:15:04:24 +0000] "GET /2018/08/06/skin-care-tips-for-when-you-dont-love-the-skin-youre-in/ HTTP/1.1" 200 186650 "-" "meta-externalagent/1.1 (+https://developers.facebook.com/docs/sharing/webmasters/crawler)"
184.94.212.206 - - [27/Apr/2026:15:05:04 +0000] "POST /wp-cron.php?doing_wp_cron=1777302304.4942569732666015625000 HTTP/1.1" 200 - "-" "WordPress/6.9.4; https://www.wrinkledskinrepair.com"
114.119.143.101 - - [27/Apr/2026:15:05:02 +0000] "GET /2020/07/31/dont-suffer-from-bad-skin-any-longer?share=facebook HTTP/1.1" 302 - "-" "Mozilla/5.0 (Linux; Android 7.0;) AppleWebKit/537.36 (HTML, like Gecko) Mobile Safari/537.36 (compatible; PetalBot;+https://webmaster.petalsearch.com/site/petalbot)"
184.94.212.206 - - [27/Apr/2026:15:05:57 +0000] "POST /wp-cron.php?doing_wp_cron=1777302357.1154448986053466796875 HTTP/1.1" 200 - "-" "WordPress/6.9.4; https://www.wrinkledskinrepair.com"
57.141.18.45 - - [27/Apr/2026:15:05:55 +0000] "GET /2019/04/20/pamper-and-protect-your-skin-with-these-tips/ HTTP/1.1" 200 186210 "-" "meta-externalagent/1.1 (+https://developers.facebook.com/docs/sharing/webmasters/crawler)"
184.94.212.206 - - [27/Apr/2026:15:06:40 +0000] "POST /wp-cron.php?doing_wp_cron=1777302400.4397020339965820312500 HTTP/1.1" 200 - "-" "WordPress/6.9.4; https://www.wrinkledskinrepair.com"
47.128.42.100 - - [27/Apr/2026:15:06:38 +0000] "GET /tag/skin-care-everybody-feels-the-need-to-look-great-the-key-is-healthy/ HTTP/1.1" 200 45695 "-" "Mozilla/5.0 (compatible; Bytespider; spider-feedback@bytedance.com) AppleWebKit/537.36 (KHTML, like Gecko) Chrome/70.0.0.0 Safari/537.36"
47.128.42.100 - - [27/Apr/2026:15:06:42 +0000] "GET /wp-content/plugins/complianz-gdpr/assets/css/cookieblocker.min.css?ver=1741710170 HTTP/1.1" 200 723 "https://www.wrinkledskinrepair.com/tag/skin-care-everybody-feels-the-need-to-look-great-the-key-is-healthy/" "Mozilla/5.0 (compatible; Bytespider; spider-feedback@bytedance.com) AppleWebKit/537.36 (KHTML, like Gecko) Chrome/70.0.0.0 Safari/537.36"
47.128.42.100 - - [27/Apr/2026:15:06:42 +0000] "GET /wp-content/themes/medical-spa/style.css?ver=1.0.7 HTTP/1.1" 200 5745 "https://www.wrinkledskinrepair.com/tag/skin-care-everybody-feels-the-need-to-look-great-the-key-is-healthy/" "Mozilla/5.0 (compatible; Bytespider; spider-feedback@bytedance.com) AppleWebKit/537.36 (KHTML, like Gecko) Chrome/70.0.0.0 Safari/537.36"
47.128.42.100 - - [27/Apr/2026:15:06:43 +0000] "GET /wp-content/themes/spa-and-salon/style.css?ver=6.9.4 HTTP/1.1" 200 13994 "https://www.wrinkledskinrepair.com/tag/skin-care-everybody-feels-the-need-to-look-great-the-key-is-healthy/" "Mozilla/5.0 (compatible; Bytespider; spider-feedback@bytedance.com) AppleWebKit/537.36 (KHTML, like Gecko) Chrome/70.0.0.0 Safari/537.36"
47.128.42.100 - - [27/Apr/2026:15:06:44 +0000] "GET /wp-content/themes/spa-and-salon/css/perfect-scrollbar.min.css?ver=6.9.4 HTTP/1.1" 200 494 "https://www.wrinkledskinrepair.com/tag/skin-care-everybody-feels-the-need-to-look-great-the-key-is-healthy/" "Mozilla/5.0 (compatible; Bytespider; spider-feedback@bytedance.com) AppleWebKit/537.36 (KHTML, like Gecko) Chrome/70.0.0.0 Safari/537.36"
47.128.42.100 - - [27/Apr/2026:15:06:44 +0000] "GET /wp-content/themes/spa-and-salon/css/slick.min.css?ver=6.9.4 HTTP/1.1" 200 490 "https://www.wrinkledskinrepair.com/tag/skin-care-everybody-feels-the-need-to-look-great-the-key-is-healthy/" "Mozilla/5.0 (compatible; Bytespider; spider-feedback@bytedance.com) AppleWebKit/537.36 (KHTML, like Gecko) Chrome/70.0.0.0 Safari/537.36"
47.128.42.100 - - [27/Apr/2026:15:06:45 +0000] "GET /wp-content/plugins/recent-posts-widget-with-thumbnails/public.css?ver=7.1.1 HTTP/1.1" 200 487 "https://www.wrinkledskinrepair.com/tag/skin-care-everybody-feels-the-need-to-look-great-the-key-is-healthy/" "Mozilla/5.0 (compatible; Bytespider; spider-feedback@bytedance.com) AppleWebKit/537.36 (KHTML, like Gecko) Chrome/70.0.0.0 Safari/537.36"
47.128.42.100 - - [27/Apr/2026:15:06:45 +0000] "GET /wp-content/plugins/tablepress/css/build/default.css?ver=3.3 HTTP/1.1" 200 1767 "https://www.wrinkledskinrepair.com/tag/skin-care-everybody-feels-the-need-to-look-great-the-key-is-healthy/" "Mozilla/5.0 (compatible; Bytespider; spider-feedback@bytedance.com) AppleWebKit/537.36 (KHTML, like Gecko) Chrome/70.0.0.0 Safari/537.36"
47.128.42.100 - - [27/Apr/2026:15:06:45 +0000] "GET /wp-content/plugins/jetpack/jetpack_vendor/automattic/jetpack-classic-theme-helper/dist/responsive-videos/responsive-videos.css?minify=false&ver=1a16f71f21c6d197f51b HTTP/1.1" 200 101 "https://www.wrinkledskinrepair.com/tag/skin-care-everybody-feels-the-need-to-look-great-the-key-is-healthy/" "Mozilla/5.0 (compatible; Bytespider; spider-feedback@bytedance.com) AppleWebKit/537.36 (KHTML, like Gecko) Chrome/70.0.0.0 Safari/537.36"
47.128.42.1 - - [27/Apr/2026:15:07:10 +0000] "GET /2025/06/19/5-natural-ways-to-reduce-wrinkles-achieve-youthful-skin/?share=x HTTP/1.1" 302 - "-" "Mozilla/5.0 (Linux; Android 5.0) AppleWebKit/537.36 (KHTML, like Gecko) Mobile Safari/537.36 (compatible; Bytespider; spider-feedback@bytedance.com)"
184.94.212.206 - - [27/Apr/2026:15:07:45 +0000] "POST /wp-cron.php?doing_wp_cron=1777302465.0806810855865478515625 HTTP/1.1" 200 - "-" "WordPress/6.9.4; https://www.wrinkledskinrepair.com"
114.119.143.101 - - [27/Apr/2026:15:07:43 +0000] "GET /2020/06/27/easy-skin-care-tips-to-achieve-the-great-skin-you-yearn-for-2/?share=facebook HTTP/1.1" 302 - "https://www.wrinkledskinrepair.com/2020/06/27/easy-skin-care-tips-to-achieve-the-great-skin-you-yearn-for-2" "Mozilla/5.0 (Linux; Android 7.0;) AppleWebKit/537.36 (HTML, like Gecko) Mobile Safari/537.36 (compatible; PetalBot;+https://webmaster.petalsearch.com/site/petalbot)"
47.128.41.88 - - [27/Apr/2026:15:07:45 +0000] "GET /2020/08/28/easy-skin-care-tips-to-achieve-the-great-skin-you-yearn-for-3/?share=x HTTP/1.1" 302 - "-" "Mozilla/5.0 (Linux; Android 5.0) AppleWebKit/537.36 (KHTML, like Gecko) Mobile Safari/537.36 (compatible; Bytespider; spider-feedback@bytedance.com)"
57.141.18.86 - - [27/Apr/2026:15:07:49 +0000] "GET /tag/skin-reflects/ HTTP/1.1" 200 150348 "-" "meta-externalagent/1.1 (+https://developers.facebook.com/docs/sharing/webmasters/crawler)"
184.94.212.206 - - [27/Apr/2026:15:08:53 +0000] "POST /wp-cron.php?doing_wp_cron=1777302533.0144329071044921875000 HTTP/1.1" 200 - "-" "WordPress/6.9.4; https://www.wrinkledskinrepair.com"
216.73.216.121 - - [27/Apr/2026:15:08:50 +0000] "GET /sitemap.xml HTTP/1.1" 200 407 "-" "Mozilla/5.0 AppleWebKit/537.36 (KHTML, like Gecko; compatible; ClaudeBot/1.0; +claudebot@anthropic.com)"
192.0.102.146 - - [27/Apr/2026:15:09:04 +0000] "HEAD / HTTP/1.1" 200 - "-" "jetmon/1.0 (Jetpack Site Uptime Monitor by WordPress.com)"
184.94.212.206 - - [27/Apr/2026:15:09:20 +0000] "POST /wp-cron.php?doing_wp_cron=1777302560.7962360382080078125000 HTTP/1.1" 200 - "-" "WordPress/6.9.4; https://www.wrinkledskinrepair.com"
57.141.18.24 - - [27/Apr/2026:15:09:19 +0000] "GET /2020/04/24/tips-to-solve-your-skin-care-woes-once-and-for-all/ HTTP/1.1" 200 186493 "-" "meta-externalagent/1.1 (+https://developers.facebook.com/docs/sharing/webmasters/crawler)"
3.210.114.189 - - [27/Apr/2026:15:09:40 +0000] "GET /wp-json/oembed/1.0/embed?format=xml&url=https://www.wrinkledskinrepair.com/store/ HTTP/1.1" 200 1184 "-" "Mozilla/5.0 AppleWebKit/537.36 (KHTML, like Gecko; compatible; Amazonbot/0.1; +https://developer.amazon.com/support/amazonbot) Chrome/119.0.6045.214 Safari/537.36"
184.94.212.206 - - [27/Apr/2026:15:10:19 +0000] "POST /wp-cron.php?doing_wp_cron=1777302619.8871760368347167968750 HTTP/1.1" 200 - "-" "WordPress/6.9.4; https://www.wrinkledskinrepair.com"
114.119.144.17 - - [27/Apr/2026:15:10:18 +0000] "GET /2020/06/25/tips-on-how-to-achieve-radiant-skin?share=x HTTP/1.1" 302 - "https://www.wrinkledskinrepair.com/2020/06/25/tips-on-how-to-achieve-radiant-skin" "Mozilla/5.0 (Linux; Android 7.0;) AppleWebKit/537.36 (HTML, like Gecko) Mobile Safari/537.36 (compatible; PetalBot;+https://webmaster.petalsearch.com/site/petalbot)"
184.94.212.206 - - [27/Apr/2026:15:12:59 +0000] "POST /wp-cron.php?doing_wp_cron=1777302779.2925369739532470703125 HTTP/1.1" 200 - "-" "WordPress/6.9.4; https://www.wrinkledskinrepair.com"
57.141.18.30 - - [27/Apr/2026:15:12:57 +0000] "GET /2020/05/20/avoid-skin-issues-with-these-easy-tips/ HTTP/1.1" 200 187161 "-" "meta-externalagent/1.1 (+https://developers.facebook.com/docs/sharing/webmasters/crawler)"
184.94.212.206 - - [27/Apr/2026:15:13:23 +0000] "POST /wp-cron.php?doing_wp_cron=1777302803.5951321125030517578125 HTTP/1.1" 200 - "-" "WordPress/6.9.4; https://www.wrinkledskinrepair.com"
114.119.157.239 - - [27/Apr/2026:15:13:22 +0000] "GET /2020/06/14/ideas-for-reducing-and-getting-rid-of-skin-care-problems-2?share=facebook HTTP/1.1" 302 - "-" "Mozilla/5.0 (Linux; Android 7.0;) AppleWebKit/537.36 (HTML, like Gecko) Mobile Safari/537.36 (compatible; PetalBot;+https://webmaster.petalsearch.com/site/petalbot)"
216.73.216.121 - - [27/Apr/2026:15:13:36 +0000] "GET /author/beautyoftheworld/page/15/ HTTP/1.1" 200 49016 "-" "Mozilla/5.0 AppleWebKit/537.36 (KHTML, like Gecko; compatible; ClaudeBot/1.0; +claudebot@anthropic.com)"
192.0.102.146 - - [27/Apr/2026:15:14:05 +0000] "HEAD / HTTP/1.1" 200 - "-" "jetmon/1.0 (Jetpack Site Uptime Monitor by WordPress.com)"
184.94.212.206 - - [27/Apr/2026:15:15:39 +0000] "POST /wp-cron.php?doing_wp_cron=1777302939.2815189361572265625000 HTTP/1.1" 200 - "-" "WordPress/6.9.4; https://www.wrinkledskinrepair.com"
114.119.157.239 - - [27/Apr/2026:15:15:37 +0000] "GET /2020/06/05/easy-ways-to-care-for-your-skin/ HTTP/1.1" 200 54301 "https://www.wrinkledskinrepair.com/blog/page/4" "Mozilla/5.0 (Linux; Android 7.0;) AppleWebKit/537.36 (HTML, like Gecko) Mobile Safari/537.36 (compatible; PetalBot;+https://webmaster.petalsearch.com/site/petalbot)"
57.141.18.103 - - [27/Apr/2026:15:15:59 +0000] "GET /tag/sensitive-skin/ HTTP/1.1" 200 175447 "-" "meta-externalagent/1.1 (+https://developers.facebook.com/docs/sharing/webmasters/crawler)"
184.94.212.206 - - [27/Apr/2026:15:16:39 +0000] "POST /wp-cron.php?doing_wp_cron=1777302999.5440270900726318359375 HTTP/1.1" 200 - "-" "WordPress/6.9.4; https://www.wrinkledskinrepair.com"
216.73.216.121 - - [27/Apr/2026:15:16:37 +0000] "GET /?p=1178 HTTP/1.1" 301 - "-" "Mozilla/5.0 AppleWebKit/537.36 (KHTML, like Gecko; compatible; ClaudeBot/1.0; +claudebot@anthropic.com)"
216.73.216.121 - - [27/Apr/2026:15:16:39 +0000] "GET /2019/07/08/quick-tricks-to-tackle-your-skin-care-issues/ HTTP/1.1" 200 53502 "https://www.wrinkledskinrepair.com/?p=1178" "Mozilla/5.0 AppleWebKit/537.36 (KHTML, like Gecko; compatible; ClaudeBot/1.0; +claudebot@anthropic.com)"
184.94.212.206 - - [27/Apr/2026:15:17:20 +0000] "POST /wp-cron.php?doing_wp_cron=1777303040.6462919712066650390625 HTTP/1.1" 200 - "-" "WordPress/6.9.4; https://www.wrinkledskinrepair.com"
136.144.35.63 - - [27/Apr/2026:15:17:18 +0000] "POST /wp-login.php HTTP/1.1" 401 3479 "-" "Mozilla/5.0"
184.94.212.206 - - [27/Apr/2026:15:18:13 +0000] "POST /wp-cron.php?doing_wp_cron=1777303093.4950680732727050781250 HTTP/1.1" 200 - "-" "WordPress/6.9.4; https://www.wrinkledskinrepair.com"
52.71.216.196 - - [27/Apr/2026:15:18:11 +0000] "GET /wp-json/oembed/1.0/embed?format=xml&url=https://www.wrinkledskinrepair.com/2020/06/20/problems-with-your-skin-try-these-helpful-tips/ HTTP/1.1" 200 1206 "-" "Mozilla/5.0 AppleWebKit/537.36 (KHTML, like Gecko; compatible; Amazonbot/0.1; +https://developer.amazon.com/support/amazonbot) Chrome/119.0.6045.214 Safari/537.36"
184.94.212.206 - - [27/Apr/2026:15:18:23 +0000] "POST /wp-cron.php?doing_wp_cron=1777303103.3436250686645507812500 HTTP/1.1" 200 - "-" "WordPress/6.9.4; https://www.wrinkledskinrepair.com"
114.119.143.101 - - [27/Apr/2026:15:18:21 +0000] "GET /2020/06/04/effective-skin-care-solutions-for-everyday-life-2/?share=facebook HTTP/1.1" 302 - "https://www.wrinkledskinrepair.com/2020/06/04/effective-skin-care-solutions-for-everyday-life-2/" "Mozilla/5.0 (Linux; Android 7.0;) AppleWebKit/537.36 (HTML, like Gecko) Mobile Safari/537.36 (compatible; PetalBot;+https://webmaster.petalsearch.com/site/petalbot)"
184.94.212.206 - - [27/Apr/2026:15:19:06 +0000] "POST /wp-cron.php?doing_wp_cron=1777303146.4997179508209228515625 HTTP/1.1" 200 - "-" "WordPress/6.9.4; https://www.wrinkledskinrepair.com"
192.0.102.146 - - [27/Apr/2026:15:19:04 +0000] "HEAD / HTTP/1.1" 200 - "-" "jetmon/1.0 (Jetpack Site Uptime Monitor by WordPress.com)"
184.94.212.206 - - [27/Apr/2026:15:19:18 +0000] "POST /wp-cron.php?doing_wp_cron=1777303158.8206040859222412109375 HTTP/1.1" 200 - "-" "WordPress/6.9.4; https://www.wrinkledskinrepair.com"
47.128.41.73 - - [27/Apr/2026:15:19:17 +0000] "GET /2020/05/07/care-for-your-skin-by-following-these-tips/?share=x HTTP/1.1" 302 - "-" "Mozilla/5.0 (Linux; Android 5.0) AppleWebKit/537.36 (KHTML, like Gecko) Mobile Safari/537.36 (compatible; Bytespider; spider-feedback@bytedance.com)"
184.94.212.206 - - [27/Apr/2026:15:20:43 +0000] "POST /wp-cron.php?doing_wp_cron=1777303243.9705219268798828125000 HTTP/1.1" 200 - "-" "WordPress/6.9.4; https://www.wrinkledskinrepair.com"
114.119.144.64 - - [27/Apr/2026:15:20:42 +0000] "GET /2020/06/02/take-care-of-your-beautiful-skin-with-these-tips/?share=facebook HTTP/1.1" 302 - "https://www.wrinkledskinrepair.com/2020/06/02/take-care-of-your-beautiful-skin-with-these-tips/" "Mozilla/5.0 (Linux; Android 7.0;) AppleWebKit/537.36 (HTML, like Gecko) Mobile Safari/537.36 (compatible; PetalBot;+https://webmaster.petalsearch.com/site/petalbot)"
184.94.212.206 - - [27/Apr/2026:15:23:15 +0000] "POST /wp-cron.php?doing_wp_cron=1777303395.2553870677947998046875 HTTP/1.1" 200 - "-" "WordPress/6.9.4; https://www.wrinkledskinrepair.com"
114.119.144.17 - - [27/Apr/2026:15:23:13 +0000] "GET /2020/05/17/the-best-skin-care-advice-you-will-ever-need/ HTTP/1.1" 200 53732 "https://www.wrinkledskinrepair.com/tag/foods-rich/" "Mozilla/5.0 (Linux; Android 7.0;) AppleWebKit/537.36 (HTML, like Gecko) Mobile Safari/537.36 (compatible; PetalBot;+https://webmaster.petalsearch.com/site/petalbot)"
184.94.212.206 - - [27/Apr/2026:15:24:01 +0000] "POST /wp-cron.php?doing_wp_cron=1777303441.8044559955596923828125 HTTP/1.1" 200 - "-" "WordPress/6.9.4; https://www.wrinkledskinrepair.com"
47.128.42.120 - - [27/Apr/2026:15:23:59 +0000] "GET /2013/06/08/home-remedies-for-wrinkles/?share=x HTTP/1.1" 302 - "-" "Mozilla/5.0 (Linux; Android 5.0) AppleWebKit/537.36 (KHTML, like Gecko) Mobile Safari/537.36 (compatible; Bytespider; spider-feedback@bytedance.com)"
192.0.102.146 - - [27/Apr/2026:15:24:04 +0000] "HEAD / HTTP/1.1" 200 - "-" "jetmon/1.0 (Jetpack Site Uptime Monitor by WordPress.com)"
184.94.212.206 - - [27/Apr/2026:15:25:52 +0000] "POST /wp-cron.php?doing_wp_cron=1777303552.3183889389038085937500 HTTP/1.1" 200 - "-" "WordPress/6.9.4; https://www.wrinkledskinrepair.com"
114.119.144.64 - - [27/Apr/2026:15:25:50 +0000] "GET /2020/05/12/skin-care-tips-for-healthy-glowing-skin?share=facebook HTTP/1.1" 302 - "-" "Mozilla/5.0 (Linux; Android 7.0;) AppleWebKit/537.36 (HTML, like Gecko) Mobile Safari/537.36 (compatible; PetalBot;+https://webmaster.petalsearch.com/site/petalbot)"
57.141.18.61 - - [27/Apr/2026:15:25:58 +0000] "GET /2019/02/18/clear-up-problems-with-your-skin-today/ HTTP/1.1" 200 185566 "-" "meta-externalagent/1.1 (+https://developers.facebook.com/docs/sharing/webmasters/crawler)"
184.94.212.206 - - [27/Apr/2026:15:27:56 +0000] "POST /wp-cron.php?doing_wp_cron=1777303676.1383590698242187500000 HTTP/1.1" 200 - "-" "WordPress/6.9.4; https://www.wrinkledskinrepair.com"
47.128.42.10 - - [27/Apr/2026:15:27:54 +0000] "GET /ftc-statement/?share=x HTTP/1.1" 302 - "-" "Mozilla/5.0 (Linux; Android 5.0) AppleWebKit/537.36 (KHTML, like Gecko) Mobile Safari/537.36 (compatible; Bytespider; spider-feedback@bytedance.com)"
184.94.212.206 - - [27/Apr/2026:15:28:17 +0000] "POST /wp-cron.php?doing_wp_cron=1777303697.5593590736389160156250 HTTP/1.1" 200 - "-" "WordPress/6.9.4; https://www.wrinkledskinrepair.com"
114.119.142.140 - - [27/Apr/2026:15:28:16 +0000] "GET /2020/05/05/easy-tips-to-care-for-your-skin HTTP/1.1" 301 - "-" "Mozilla/5.0 (Linux; Android 7.0;) AppleWebKit/537.36 (HTML, like Gecko) Mobile Safari/537.36 (compatible; PetalBot;+https://webmaster.petalsearch.com/site/petalbot)"
114.119.142.140 - - [27/Apr/2026:15:28:18 +0000] "GET /2020/05/05/easy-tips-to-care-for-your-skin/ HTTP/1.1" 200 54845 "https://www.wrinkledskinrepair.com/2020/05/05/easy-tips-to-care-for-your-skin" "Mozilla/5.0 (Linux; Android 7.0;) AppleWebKit/537.36 (HTML, like Gecko) Mobile Safari/537.36 (compatible; PetalBot;+https://webmaster.petalsearch.com/site/petalbot)"
57.141.18.80 - - [27/Apr/2026:15:28:40 +0000] "GET /2019/04/11/sound-advice-for-having-skin-care-success/ HTTP/1.1" 200 187422 "-" "meta-externalagent/1.1 (+https://developers.facebook.com/docs/sharing/webmasters/crawler)"
192.0.102.146 - - [27/Apr/2026:15:29:04 +0000] "HEAD / HTTP/1.1" 200 - "-" "jetmon/1.0 (Jetpack Site Uptime Monitor by WordPress.com)"
184.94.212.206 - - [27/Apr/2026:15:30:03 +0000] "POST /wp-cron.php?doing_wp_cron=1777303803.6812660694122314453125 HTTP/1.1" 200 - "-" "WordPress/6.9.4; https://www.wrinkledskinrepair.com"
57.141.18.54 - - [27/Apr/2026:15:30:01 +0000] "GET /2020/05/16/an-easy-skin-care-routine-can-change-your-life/ HTTP/1.1" 200 188792 "-" "meta-externalagent/1.1 (+https://developers.facebook.com/docs/sharing/webmasters/crawler)"
184.94.212.206 - - [27/Apr/2026:15:30:56 +0000] "POST /wp-cron.php?doing_wp_cron=1777303856.3620049953460693359375 HTTP/1.1" 200 - "-" "WordPress/6.9.4; https://www.wrinkledskinrepair.com"
114.119.142.210 - - [27/Apr/2026:15:30:54 +0000] "GET /2020/05/03/amazing-skin-care-advice-you-should-follow-2/?share=facebook HTTP/1.1" 302 - "https://www.wrinkledskinrepair.com/2020/05/03/amazing-skin-care-advice-you-should-follow-2/" "Mozilla/5.0 (Linux; Android 7.0;) AppleWebKit/537.36 (HTML, like Gecko) Mobile Safari/537.36 (compatible; PetalBot;+https://webmaster.petalsearch.com/site/petalbot)"
184.94.212.206 - - [27/Apr/2026:15:31:24 +0000] "POST /wp-cron.php?doing_wp_cron=1777303884.3193159103393554687500 HTTP/1.1" 200 - "-" "WordPress/6.9.4; https://www.wrinkledskinrepair.com"
57.141.18.89 - - [27/Apr/2026:15:31:22 +0000] "GET /2020/03/30/keep-your-skin-looking-its-best-with-these-tips/ HTTP/1.1" 200 188561 "-" "meta-externalagent/1.1 (+https://developers.facebook.com/docs/sharing/webmasters/crawler)"
184.94.212.206 - - [27/Apr/2026:15:33:35 +0000] "POST /wp-cron.php?doing_wp_cron=1777304015.6724839210510253906250 HTTP/1.1" 200 - "-" "WordPress/6.9.4; https://www.wrinkledskinrepair.com"
114.119.142.210 - - [27/Apr/2026:15:33:33 +0000] "GET /2020/05/01/create-a-skincare-regimen-that-works-with-these-tips/?share=x HTTP/1.1" 302 - "https://www.wrinkledskinrepair.com/2020/05/01/create-a-skincare-regimen-that-works-with-these-tips" "Mozilla/5.0 (Linux; Android 7.0;) AppleWebKit/537.36 (HTML, like Gecko) Mobile Safari/537.36 (compatible; PetalBot;+https://webmaster.petalsearch.com/site/petalbot)"
57.141.18.65 - - [27/Apr/2026:15:33:42 +0000] "GET /2020/04/20/the-right-advice-to-cut-through-your-skin-care-confusion/ HTTP/1.1" 200 188288 "-" "meta-externalagent/1.1 (+https://developers.facebook.com/docs/sharing/webmasters/crawler)"
173.239.240.112 - - [27/Apr/2026:15:33:44 +0000] "POST /wp-login.php HTTP/1.1" 401 3479 "-" "Mozilla/5.0"
192.0.102.146 - - [27/Apr/2026:15:34:04 +0000] "HEAD / HTTP/1.1" 200 - "-" "jetmon/1.0 (Jetpack Site Uptime Monitor by WordPress.com)"
184.94.212.206 - - [27/Apr/2026:15:36:15 +0000] "POST /wp-cron.php?doing_wp_cron=1777304175.4139199256896972656250 HTTP/1.1" 200 - "-" "WordPress/6.9.4; https://www.wrinkledskinrepair.com"
114.119.144.64 - - [27/Apr/2026:15:36:13 +0000] "GET /2020/05/01/create-a-skincare-regimen-that-works-with-these-tips HTTP/1.1" 301 - "https://www.wrinkledskinrepair.com/2020/04/30/wonderful-and-wise-ways-to-keep-your-skin-shining-2" "Mozilla/5.0 (Linux; Android 7.0;) AppleWebKit/537.36 (HTML, like Gecko) Mobile Safari/537.36 (compatible; PetalBot;+https://webmaster.petalsearch.com/site/petalbot)"
114.119.144.64 - - [27/Apr/2026:15:36:16 +0000] "GET /2020/05/01/create-a-skincare-regimen-that-works-with-these-tips/ HTTP/1.1" 200 53982 "https://www.wrinkledskinrepair.com/2020/04/30/wonderful-and-wise-ways-to-keep-your-skin-shining-2" "Mozilla/5.0 (Linux; Android 7.0;) AppleWebKit/537.36 (HTML, like Gecko) Mobile Safari/537.36 (compatible; PetalBot;+https://webmaster.petalsearch.com/site/petalbot)"
184.94.212.206 - - [27/Apr/2026:15:36:48 +0000] "POST /wp-cron.php?doing_wp_cron=1777304208.2675549983978271484375 HTTP/1.1" 200 - "-" "WordPress/6.9.4; https://www.wrinkledskinrepair.com"
52.255.111.9 - - [27/Apr/2026:15:36:46 +0000] "GET / HTTP/1.1" 301 - "-" "Mozilla/5.0 AppleWebKit/537.36 (KHTML, like Gecko); compatible; ChatGPT-User/1.0; +https://openai.com/bot"
52.255.111.1 - - [27/Apr/2026:15:36:48 +0000] "GET / HTTP/1.1" 200 47737 "-" "Mozilla/5.0 AppleWebKit/537.36 (KHTML, like Gecko); compatible; ChatGPT-User/1.0; +https://openai.com/bot"
57.141.18.4 - - [27/Apr/2026:15:37:06 +0000] "GET /2018/08/25/basic-tips-for-getting-beautifully-flawless-skin/ HTTP/1.1" 200 186425 "-" "meta-externalagent/1.1 (+https://developers.facebook.com/docs/sharing/webmasters/crawler)"
184.94.212.206 - - [27/Apr/2026:15:38:48 +0000] "POST /wp-cron.php?doing_wp_cron=1777304328.0622770786285400390625 HTTP/1.1" 200 - "-" "WordPress/6.9.4; https://www.wrinkledskinrepair.com"
114.119.142.140 - - [27/Apr/2026:15:38:46 +0000] "GET /2020/04/23/looking-for-skin-care-tips-check-out-these-ideas?share=facebook HTTP/1.1" 302 - "https://www.wrinkledskinrepair.com/2020/04/23/looking-for-skin-care-tips-check-out-these-ideas" "Mozilla/5.0 (Linux; Android 7.0;) AppleWebKit/537.36 (HTML, like Gecko) Mobile Safari/537.36 (compatible; PetalBot;+https://webmaster.petalsearch.com/site/petalbot)"
192.0.102.146 - - [27/Apr/2026:15:39:04 +0000] "HEAD / HTTP/1.1" 200 - "-" "jetmon/1.0 (Jetpack Site Uptime Monitor by WordPress.com)"
184.94.212.206 - - [27/Apr/2026:15:40:30 +0000] "POST /wp-cron.php?doing_wp_cron=1777304430.8208670616149902343750 HTTP/1.1" 200 - "-" "WordPress/6.9.4; https://www.wrinkledskinrepair.com"
57.141.18.101 - - [27/Apr/2026:15:40:28 +0000] "GET /2019/05/06/why-be-embarrassed-by-your-skin/ HTTP/1.1" 200 185926 "-" "meta-externalagent/1.1 (+https://developers.facebook.com/docs/sharing/webmasters/crawler)"
114.119.142.210 - - [27/Apr/2026:15:41:11 +0000] "GET /2020/04/11/tips-to-take-care-of-your-skin-better?share=x HTTP/1.1" 302 - "https://www.wrinkledskinrepair.com/2020/04/11/tips-to-take-care-of-your-skin-better" "Mozilla/5.0 (Linux; Android 7.0;) AppleWebKit/537.36 (HTML, like Gecko) Mobile Safari/537.36 (compatible; PetalBot;+https://webmaster.petalsearch.com/site/petalbot)"
184.94.212.206 - - [27/Apr/2026:15:42:51 +0000] "POST /wp-cron.php?doing_wp_cron=1777304571.0254149436950683593750 HTTP/1.1" 200 - "-" "WordPress/6.9.4; https://www.wrinkledskinrepair.com"
216.73.216.121 - - [27/Apr/2026:15:42:49 +0000] "GET /robots.txt HTTP/1.1" 200 127 "-" "Mozilla/5.0 AppleWebKit/537.36 (KHTML, like Gecko; compatible; ClaudeBot/1.0; +claudebot@anthropic.com)"
216.73.216.121 - - [27/Apr/2026:15:42:51 +0000] "GET /?p=3819 HTTP/1.1" 301 - "-" "Mozilla/5.0 AppleWebKit/537.36 (KHTML, like Gecko; compatible; ClaudeBot/1.0; +claudebot@anthropic.com)"
216.73.216.121 - - [27/Apr/2026:15:42:52 +0000] "GET /2020/05/19/keep-your-skin-healthy-and-fresh-with-these-skin-care-tips/ HTTP/1.1" 200 54612 "https://www.wrinkledskinrepair.com/?p=3819" "Mozilla/5.0 AppleWebKit/537.36 (KHTML, like Gecko; compatible; ClaudeBot/1.0; +claudebot@anthropic.com)"
216.73.216.121 - - [27/Apr/2026:15:43:03 +0000] "GET /2020/05/10/look-your-best-with-the-help-of-these-skin-care-tips/ HTTP/1.1" 200 53777 "-" "Mozilla/5.0 AppleWebKit/537.36 (KHTML, like Gecko; compatible; ClaudeBot/1.0; +claudebot@anthropic.com)"
184.94.212.206 - - [27/Apr/2026:15:43:11 +0000] "POST /wp-cron.php?doing_wp_cron=1777304591.1008989810943603515625 HTTP/1.1" 200 - "-" "WordPress/6.9.4; https://www.wrinkledskinrepair.com"
57.141.18.61 - - [27/Apr/2026:15:43:09 +0000] "GET /tag/wrinkledskin/ HTTP/1.1" 200 153934 "-" "meta-externalagent/1.1 (+https://developers.facebook.com/docs/sharing/webmasters/crawler)"
184.94.212.206 - - [27/Apr/2026:15:43:20 +0000] "POST /wp-cron.php?doing_wp_cron=1777304600.9294819831848144531250 HTTP/1.1" 200 - "-" "WordPress/6.9.4; https://www.wrinkledskinrepair.com"
216.73.216.121 - - [27/Apr/2026:15:43:19 +0000] "GET /author/beautyoftheworld/page/5/ HTTP/1.1" 200 50034 "-" "Mozilla/5.0 AppleWebKit/537.36 (KHTML, like Gecko; compatible; ClaudeBot/1.0; +claudebot@anthropic.com)"
114.119.142.210 - - [27/Apr/2026:15:43:49 +0000] "GET /2020/04/11/tips-to-take-care-of-your-skin-better?share=facebook HTTP/1.1" 302 - "https://www.wrinkledskinrepair.com/2020/04/11/tips-to-take-care-of-your-skin-better" "Mozilla/5.0 (Linux; Android 7.0;) AppleWebKit/537.36 (HTML, like Gecko) Mobile Safari/537.36 (compatible; PetalBot;+https://webmaster.petalsearch.com/site/petalbot)"
192.0.102.146 - - [27/Apr/2026:15:44:04 +0000] "HEAD / HTTP/1.1" 200 - "-" "jetmon/1.0 (Jetpack Site Uptime Monitor by WordPress.com)"
184.94.212.206 - - [27/Apr/2026:15:44:45 +0000] "POST /wp-cron.php?doing_wp_cron=1777304685.1924738883972167968750 HTTP/1.1" 200 - "-" "WordPress/6.9.4; https://www.wrinkledskinrepair.com"
216.73.216.121 - - [27/Apr/2026:15:44:43 +0000] "GET /sitemap.rss HTTP/1.1" 200 3441 "-" "Mozilla/5.0 AppleWebKit/537.36 (KHTML, like Gecko; compatible; ClaudeBot/1.0; +claudebot@anthropic.com)"
216.73.216.121 - - [27/Apr/2026:15:46:00 +0000] "GET /tag/effective-skin-care/ HTTP/1.1" 200 46413 "-" "Mozilla/5.0 AppleWebKit/537.36 (KHTML, like Gecko; compatible; ClaudeBot/1.0; +claudebot@anthropic.com)"
184.94.212.206 - - [27/Apr/2026:15:46:03 +0000] "POST /wp-cron.php?doing_wp_cron=1777304763.0594360828399658203125 HTTP/1.1" 200 - "-" "WordPress/6.9.4; https://www.wrinkledskinrepair.com"
216.73.216.121 - - [27/Apr/2026:15:46:01 +0000] "GET /tag/taking-proper-care/ HTTP/1.1" 200 45950 "-" "Mozilla/5.0 AppleWebKit/537.36 (KHTML, like Gecko; compatible; ClaudeBot/1.0; +claudebot@anthropic.com)"
184.94.212.206 - - [27/Apr/2026:15:46:25 +0000] "POST /wp-cron.php?doing_wp_cron=1777304785.5016748905181884765625 HTTP/1.1" 200 - "-" "WordPress/6.9.4; https://www.wrinkledskinrepair.com"
114.119.143.101 - - [27/Apr/2026:15:46:24 +0000] "GET /2020/04/04/skin-care-advice-for-achieving-radiant-healthy-skin-3?share=facebook HTTP/1.1" 302 - "https://www.wrinkledskinrepair.com/2020/04/04/skin-care-advice-for-achieving-radiant-healthy-skin-3" "Mozilla/5.0 (Linux; Android 7.0;) AppleWebKit/537.36 (HTML, like Gecko) Mobile Safari/537.36 (compatible; PetalBot;+https://webmaster.petalsearch.com/site/petalbot)"
184.94.212.206 - - [27/Apr/2026:15:49:08 +0000] "POST /wp-cron.php?doing_wp_cron=1777304948.2101430892944335937500 HTTP/1.1" 200 - "-" "WordPress/6.9.4; https://www.wrinkledskinrepair.com"
192.0.102.146 - - [27/Apr/2026:15:49:06 +0000] "HEAD / HTTP/1.1" 200 - "-" "jetmon/1.0 (Jetpack Site Uptime Monitor by WordPress.com)"
114.119.144.64 - - [27/Apr/2026:15:49:10 +0000] "GET /2020/03/31/care-for-your-skin-care-problems-using-these-tips HTTP/1.1" 301 - "https://www.wrinkledskinrepair.com/blog/page/9" "Mozilla/5.0 (Linux; Android 7.0;) AppleWebKit/537.36 (HTML, like Gecko) Mobile Safari/537.36 (compatible; PetalBot;+https://webmaster.petalsearch.com/site/petalbot)"
114.119.144.64 - - [27/Apr/2026:15:49:12 +0000] "GET /2020/03/31/care-for-your-skin-care-problems-using-these-tips/ HTTP/1.1" 200 52954 "https://www.wrinkledskinrepair.com/blog/page/9" "Mozilla/5.0 (Linux; Android 7.0;) AppleWebKit/537.36 (HTML, like Gecko) Mobile Safari/537.36 (compatible; PetalBot;+https://webmaster.petalsearch.com/site/petalbot)"
92.44.163.210 - - [27/Apr/2026:15:50:19 +0000] "GET / HTTP/1.1" 301 - "https://www.google.com/" "Mozilla/5.0 (Windows NT 10.0; Win64; x64) AppleWebKit/537.36 (KHTML, like Gecko) Chrome/143.0.0.0 Safari/537.36"
92.44.163.210 - - [27/Apr/2026:15:50:21 +0000] "GET / HTTP/1.1" 200 47737 "https://www.google.com/" "Mozilla/5.0 (Windows NT 10.0; Win64; x64) AppleWebKit/537.36 (KHTML, like Gecko) Chrome/143.0.0.0 Safari/537.36"
173.239.240.105 - - [27/Apr/2026:15:50:21 +0000] "POST /wp-login.php HTTP/1.1" 401 3480 "-" "Mozilla/5.0"
57.141.18.24 - - [27/Apr/2026:15:51:05 +0000] "GET /2019/02/23/great-advice-for-every-day-skin-care-2/ HTTP/1.1" 200 186802 "-" "meta-externalagent/1.1 (+https://developers.facebook.com/docs/sharing/webmasters/crawler)"
184.94.212.206 - - [27/Apr/2026:15:51:40 +0000] "POST /wp-cron.php?doing_wp_cron=1777305099.9952499866485595703125 HTTP/1.1" 200 - "-" "WordPress/6.9.4; https://www.wrinkledskinrepair.com"
114.119.143.101 - - [27/Apr/2026:15:51:38 +0000] "GET /2020/03/28/give-your-skin-some-tlc-with-these-tips-3/ HTTP/1.1" 200 54307 "https://www.wrinkledskinrepair.com/2020/03/29/easy-skin-care-tips-to-achieve-the-great-skin-you-yearn-for/" "Mozilla/5.0 (Linux; Android 7.0;) AppleWebKit/537.36 (HTML, like Gecko) Mobile Safari/537.36 (compatible; PetalBot;+https://webmaster.petalsearch.com/site/petalbot)"
184.94.212.206 - - [27/Apr/2026:15:52:23 +0000] "POST /wp-cron.php?doing_wp_cron=1777305143.6945068836212158203125 HTTP/1.1" 200 - "-" "WordPress/6.9.4; https://www.wrinkledskinrepair.com"
57.141.18.29 - - [27/Apr/2026:15:52:21 +0000] "GET /tag/jasmine-plant/ HTTP/1.1" 200 154982 "-" "meta-externalagent/1.1 (+https://developers.facebook.com/docs/sharing/webmasters/crawler)"
66.249.66.69 - - [27/Apr/2026:15:53:01 +0000] "GET /ads.txt HTTP/1.1" 200 58 "-" "Mozilla/5.0 (compatible; Googlebot/2.1; +http://www.google.com/bot.html)"
184.94.212.206 - - [27/Apr/2026:15:54:07 +0000] "POST /wp-cron.php?doing_wp_cron=1777305247.6391310691833496093750 HTTP/1.1" 200 - "-" "WordPress/6.9.4; https://www.wrinkledskinrepair.com"
192.0.102.146 - - [27/Apr/2026:15:54:05 +0000] "HEAD / HTTP/1.1" 200 - "-" "jetmon/1.0 (Jetpack Site Uptime Monitor by WordPress.com)"
114.119.142.210 - - [27/Apr/2026:15:54:11 +0000] "GET /2020/03/26/skin-care-tips-to-keep-you-looking-your-best?share=facebook HTTP/1.1" 302 - "https://www.wrinkledskinrepair.com/2020/03/26/skin-care-tips-to-keep-you-looking-your-best" "Mozilla/5.0 (Linux; Android 7.0;) AppleWebKit/537.36 (HTML, like Gecko) Mobile Safari/537.36 (compatible; PetalBot;+https://webmaster.petalsearch.com/site/petalbot)"
184.94.212.206 - - [27/Apr/2026:15:55:13 +0000] "POST /wp-cron.php?doing_wp_cron=1777305313.7059600353240966796875 HTTP/1.1" 200 - "-" "WordPress/6.9.4; https://www.wrinkledskinrepair.com"
57.141.18.45 - - [27/Apr/2026:15:55:11 +0000] "GET /2020/03/26/tend-to-your-skin-with-these-tips/ HTTP/1.1" 200 188473 "-" "meta-externalagent/1.1 (+https://developers.facebook.com/docs/sharing/webmasters/crawler)"
184.94.212.206 - - [27/Apr/2026:15:55:50 +0000] "POST /wp-cron.php?doing_wp_cron=1777305350.2300701141357421875000 HTTP/1.1" 200 - "-" "WordPress/6.9.4; https://www.wrinkledskinrepair.com"
57.141.18.25 - - [27/Apr/2026:15:55:47 +0000] "GET /2018/11/30/skin-care-techniques-that-really-work-2/ HTTP/1.1" 200 186089 "-" "meta-externalagent/1.1 (+https://developers.facebook.com/docs/sharing/webmasters/crawler)"
184.94.212.206 - - [27/Apr/2026:15:56:50 +0000] "POST /wp-cron.php?doing_wp_cron=1777305410.4885830879211425781250 HTTP/1.1" 200 - "-" "WordPress/6.9.4; https://www.wrinkledskinrepair.com"
114.119.142.210 - - [27/Apr/2026:15:56:48 +0000] "GET /2019/07/11/skin-care-rules-to-live-by-2?share=x HTTP/1.1" 302 - "http://www.wrinkledskinrepair.com/wrinkle-treatment/skin-care-rules-to-live-by-2" "Mozilla/5.0 (Linux; Android 7.0;) AppleWebKit/537.36 (HTML, like Gecko) Mobile Safari/537.36 (compatible; PetalBot;+https://webmaster.petalsearch.com/site/petalbot)"
184.94.212.206 - - [27/Apr/2026:15:57:56 +0000] "POST /wp-cron.php?doing_wp_cron=1777305476.1571900844573974609375 HTTP/1.1" 200 - "-" "WordPress/6.9.4; https://www.wrinkledskinrepair.com"
57.141.18.26 - - [27/Apr/2026:15:57:54 +0000] "GET /2018/07/24/tips-for-a-healthy-and-vibrant-complexion/ HTTP/1.1" 200 186568 "-" "meta-externalagent/1.1 (+https://developers.facebook.com/docs/sharing/webmasters/crawler)"
184.94.212.206 - - [27/Apr/2026:15:59:06 +0000] "POST /wp-cron.php?doing_wp_cron=1777305546.5520019531250000000000 HTTP/1.1" 200 - "-" "WordPress/6.9.4; https://www.wrinkledskinrepair.com"
192.0.102.146 - - [27/Apr/2026:15:59:04 +0000] "HEAD / HTTP/1.1" 200 - "-" "jetmon/1.0 (Jetpack Site Uptime Monitor by WordPress.com)"
184.94.212.206 - - [27/Apr/2026:15:59:27 +0000] "POST /wp-cron.php?doing_wp_cron=1777305567.4358201026916503906250 HTTP/1.1" 200 - "-" "WordPress/6.9.4; https://www.wrinkledskinrepair.com"
114.119.142.210 - - [27/Apr/2026:15:59:26 +0000] "GET /2019/07/09/beautiful-tips-for-having-healthier-skin-now/?share=x HTTP/1.1" 302 - "https://www.wrinkledskinrepair.com/2019/07/09/beautiful-tips-for-having-healthier-skin-now/" "Mozilla/5.0 (Linux; Android 7.0;) AppleWebKit/537.36 (HTML, like Gecko) Mobile Safari/537.36 (compatible; PetalBot;+https://webmaster.petalsearch.com/site/petalbot)"
184.94.212.206 - - [27/Apr/2026:16:00:01 +0000] "POST /wp-cron.php?doing_wp_cron=1777305601.2846970558166503906250 HTTP/1.1" 200 - "-" "WordPress/6.9.4; https://www.wrinkledskinrepair.com"
194.103.212.184 - - [27/Apr/2026:16:00:00 +0000] "GET / HTTP/1.1" 301 - "http://wrinkledskinrepair.com/" "Mozilla/5.0 (iPhone; CPU iPhone OS 17_3_1 like Mac OS X) AppleWebKit/605.1.15 (KHTML, like Gecko) Version/17.3.1 Mobile/15E148 Safari/604"
192.71.142.176 - - [27/Apr/2026:16:00:02 +0000] "GET / HTTP/1.1" 200 47737 "https://wrinkledskinrepair.com/" "Mozilla/5.0 (iPhone; CPU iPhone OS 17_3_1 like Mac OS X) AppleWebKit/605.1.15 (KHTML, like Gecko) Version/17.3.1 Mobile/15E148 Safari/604"
192.71.142.176 - - [27/Apr/2026:16:00:05 +0000] "GET /2020/06/29/interested-in-improving-the-appearance-of-your-skin-follow-these-hot-tips/ HTTP/1.1" 200 54662 "-" "Mozilla/5.0 (iPhone; CPU iPhone OS 17_3_1 like Mac OS X) AppleWebKit/605.1.15 (KHTML, like Gecko) Version/17.3.1 Mobile/15E148 Safari/604"
184.94.212.206 - - [27/Apr/2026:16:00:10 +0000] "POST /wp-cron.php?doing_wp_cron=1777305610.5013248920440673828125 HTTP/1.1" 200 - "-" "WordPress/6.9.4; https://www.wrinkledskinrepair.com"
192.71.2.57 - - [27/Apr/2026:16:00:08 +0000] "GET /2020/06/29/interested-in-improving-the-appearance-of-your-skin-follow-these-hot-tips/?share=facebook HTTP/1.1" 302 - "-" "Mozilla/5.0 (iPhone; CPU iPhone OS 17_3_1 like Mac OS X) AppleWebKit/605.1.15 (KHTML, like Gecko) Version/17.3.1 Mobile/15E148 Safari/604"
192.71.142.40 - - [27/Apr/2026:16:00:11 +0000] "GET /2020/06/29/interested-in-improving-the-appearance-of-your-skin-follow-these-hot-tips/?share=x HTTP/1.1" 302 - "-" "Mozilla/5.0 (iPhone; CPU iPhone OS 17_3_1 like Mac OS X) AppleWebKit/605.1.15 (KHTML, like Gecko) Version/17.3.1 Mobile/15E148 Safari/604"
184.94.212.206 - - [27/Apr/2026:16:00:50 +0000] "POST /wp-cron.php?doing_wp_cron=1777305650.7264029979705810546875 HTTP/1.1" 200 - "-" "WordPress/6.9.4; https://www.wrinkledskinrepair.com"
57.141.18.64 - - [27/Apr/2026:16:00:48 +0000] "GET /tag/poor-skin/ HTTP/1.1" 200 150300 "-" "meta-externalagent/1.1 (+https://developers.facebook.com/docs/sharing/webmasters/crawler)"
65.254.225.218 - - [27/Apr/2026:16:01:21 +0000] "GET /wp-login.php HTTP/1.1" 200 4401 "-" "Mozilla/4.0 (compatible; MSIE 7.0; Windows NT 6.1; WOW64; Trident/7.0; SLCC2; .NET CLR 2.0.50727; .NET CLR 3.5.30729; .NET CLR 3.0.30729; Media Center PC 6.0; .NET4.0C; .NET4.0E; ms-office)"
65.254.225.218 - - [27/Apr/2026:16:01:22 +0000] "POST /wp-login.php HTTP/1.1" 200 4401 "https://www.wrinkledskinrepair.com/wp-login.php" "Mozilla/4.0 (compatible; MSIE 7.0; Windows NT 6.1; WOW64; Trident/7.0; SLCC2; .NET CLR 2.0.50727; .NET CLR 3.5.30729; .NET CLR 3.0.30729; Media Center PC 6.0; .NET4.0C; .NET4.0E; ms-office)"
184.94.212.206 - - [27/Apr/2026:16:01:42 +0000] "POST /wp-cron.php?doing_wp_cron=1777305702.4344689846038818359375 HTTP/1.1" 200 - "-" "WordPress/6.9.4; https://www.wrinkledskinrepair.com"
54.92.171.106 - - [27/Apr/2026:16:01:41 +0000] "GET /2018/12/16/amazing-skin-care-advice-you-should-follow/ HTTP/1.1" 200 53729 "-" "Mozilla/5.0 AppleWebKit/537.36 (KHTML, like Gecko; compatible; Amazonbot/0.1; +https://developer.amazon.com/support/amazonbot) Chrome/119.0.6045.214 Safari/537.36"
114.119.157.239 - - [27/Apr/2026:16:02:01 +0000] "GET /2019/07/04/skin-care-tips-everyone-must-try-once/?share=facebook HTTP/1.1" 302 - "https://www.wrinkledskinrepair.com/2019/07/04/skin-care-tips-everyone-must-try-once" "Mozilla/5.0 (Linux; Android 7.0;) AppleWebKit/537.36 (HTML, like Gecko) Mobile Safari/537.36 (compatible; PetalBot;+https://webmaster.petalsearch.com/site/petalbot)"
184.94.212.206 - - [27/Apr/2026:16:02:25 +0000] "POST /wp-cron.php?doing_wp_cron=1777305744.9853999614715576171875 HTTP/1.1" 200 - "-" "WordPress/6.9.4; https://www.wrinkledskinrepair.com"
57.141.18.35 - - [27/Apr/2026:16:02:23 +0000] "GET /2018/09/17/simple-tips-to-follow-regarding-skin-care/ HTTP/1.1" 200 186800 "-" "meta-externalagent/1.1 (+https://developers.facebook.com/docs/sharing/webmasters/crawler)"
184.94.212.206 - - [27/Apr/2026:16:03:59 +0000] "POST /wp-cron.php?doing_wp_cron=1777305839.7876789569854736328125 HTTP/1.1" 200 - "-" "WordPress/6.9.4; https://www.wrinkledskinrepair.com"
84.54.70.85 - - [27/Apr/2026:16:03:57 +0000] "GET /contact/ HTTP/1.1" 200 46336 "-" "Mozilla/5.0 (Windows NT 10.0; Win64; x64) AppleWebKit/537.36 (KHTML, like Gecko) Chrome/91.0.4472.77 Safari/537.36"
192.0.102.146 - - [27/Apr/2026:16:04:04 +0000] "HEAD / HTTP/1.1" 200 - "-" "jetmon/1.0 (Jetpack Site Uptime Monitor by WordPress.com)"
184.94.212.206 - - [27/Apr/2026:16:04:29 +0000] "POST /wp-cron.php?doing_wp_cron=1777305869.6054120063781738281250 HTTP/1.1" 200 - "-" "WordPress/6.9.4; https://www.wrinkledskinrepair.com"
114.119.144.17 - - [27/Apr/2026:16:04:28 +0000] "GET /2019/07/03/easy-tips-to-quickly-improve-your-skin/?share=facebook HTTP/1.1" 302 - "https://www.wrinkledskinrepair.com/2019/07/03/easy-tips-to-quickly-improve-your-skin/" "Mozilla/5.0 (Linux; Android 7.0;) AppleWebKit/537.36 (HTML, like Gecko) Mobile Safari/537.36 (compatible; PetalBot;+https://webmaster.petalsearch.com/site/petalbot)"
184.94.212.206 - - [27/Apr/2026:16:05:12 +0000] "POST /wp-cron.php?doing_wp_cron=1777305912.7116520404815673828125 HTTP/1.1" 200 - "-" "WordPress/6.9.4; https://www.wrinkledskinrepair.com"
57.141.18.119 - - [27/Apr/2026:16:05:10 +0000] "GET /2018/08/16/how-to-keep-your-skin-healthy-and-beautiful/ HTTP/1.1" 200 186634 "-" "meta-externalagent/1.1 (+https://developers.facebook.com/docs/sharing/webmasters/crawler)"
184.94.212.206 - - [27/Apr/2026:16:05:19 +0000] "POST /wp-cron.php?doing_wp_cron=1777305919.8751909732818603515625 HTTP/1.1" 200 - "-" "WordPress/6.9.4; https://www.wrinkledskinrepair.com"
57.141.18.30 - - [27/Apr/2026:16:05:18 +0000] "GET /tag/broad-spectrum/ HTTP/1.1" 200 150172 "-" "meta-externalagent/1.1 (+https://developers.facebook.com/docs/sharing/webmasters/crawler)"
216.73.216.121 - - [27/Apr/2026:16:06:11 +0000] "GET /sitemap.xml HTTP/1.1" 200 407 "-" "Mozilla/5.0 AppleWebKit/537.36 (KHTML, like Gecko; compatible; ClaudeBot/1.0; +claudebot@anthropic.com)"
13.210.97.104 - - [27/Apr/2026:16:06:12 +0000] "GET /wp-login.php HTTP/1.1" 200 3331 "-" "Mozilla/4.0 (compatible; MSIE 7.0; Windows NT 6.1; Trident/7.0; SLCC2; .NET CLR 2.0.50727; .NET CLR 3.5.30729; .NET CLR 3.0.30729; Media Center PC 6.0; .NET4.0C; .NET4.0E; Tablet PC 2.0)"
13.210.97.104 - - [27/Apr/2026:16:06:14 +0000] "POST /wp-login.php HTTP/1.1" 401 1465 "https://www.wrinkledskinrepair.com/wp-login.php" "Mozilla/4.0 (compatible; MSIE 7.0; Windows NT 6.1; Trident/7.0; SLCC2; .NET CLR 2.0.50727; .NET CLR 3.5.30729; .NET CLR 3.0.30729; Media Center PC 6.0; .NET4.0C; .NET4.0E; Tablet PC 2.0)"
184.94.212.206 - - [27/Apr/2026:16:06:56 +0000] "POST /wp-cron.php?doing_wp_cron=1777306016.2608089447021484375000 HTTP/1.1" 200 - "-" "WordPress/6.9.4; https://www.wrinkledskinrepair.com"
136.144.35.74 - - [27/Apr/2026:16:06:54 +0000] "POST /wp-login.php HTTP/1.1" 401 3479 "-" "Mozilla/5.0"
114.119.144.17 - - [27/Apr/2026:16:07:03 +0000] "GET /2019/06/29/top-helpful-skin-care-tips-for-everyone-2/?share=x HTTP/1.1" 302 - "https://www.wrinkledskinrepair.com/2019/06/29/top-helpful-skin-care-tips-for-everyone-2/" "Mozilla/5.0 (Linux; Android 7.0;) AppleWebKit/537.36 (HTML, like Gecko) Mobile Safari/537.36 (compatible; PetalBot;+https://webmaster.petalsearch.com/site/petalbot)"
192.0.113.210 - - [27/Apr/2026:16:07:57 +0000] "GET /wp-content/uploads/2019/05/57e4d342495ba914f6da8c7dda793278143fdef85254744077267edd9e49_640.jpg HTTP/1.1" 404 135883 "-" "Photon/1.0"
184.94.212.206 - - [27/Apr/2026:16:09:07 +0000] "POST /wp-cron.php?doing_wp_cron=1777306147.5340900421142578125000 HTTP/1.1" 200 - "-" "WordPress/6.9.4; https://www.wrinkledskinrepair.com"
192.0.102.146 - - [27/Apr/2026:16:09:04 +0000] "HEAD / HTTP/1.1" 200 - "-" "jetmon/1.0 (Jetpack Site Uptime Monitor by WordPress.com)"
184.94.212.206 - - [27/Apr/2026:16:09:18 +0000] "POST /wp-cron.php?doing_wp_cron=1777306158.6893930435180664062500 HTTP/1.1" 200 - "-" "WordPress/6.9.4; https://www.wrinkledskinrepair.com"
