114.119.144.17 - - [28/Apr/2026:10:03:28 +0000] "GET /tag/gentle-exfoliation/ HTTP/1.1" 200 45587 "https://www.wrinkledskinrepair.com/category/wrinkle-treatment/page/8/" "Mozilla/5.0 (Linux; Android 7.0;) AppleWebKit/537.36 (HTML, like Gecko) Mobile Safari/537.36 (compatible; PetalBot;+https://webmaster.petalsearch.com/site/petalbot)"
185.191.171.15 - - [28/Apr/2026:10:03:35 +0000] "GET /2020/07/01/restoring-the-natural-clarity-and-tone-of-your-skin-2/ HTTP/1.1" 200 54014 "-" "Mozilla/5.0 (compatible; SemrushBot/7~bl; +http://www.semrush.com/bot.html)"
192.0.102.146 - - [28/Apr/2026:10:04:05 +0000] "HEAD / HTTP/1.1" 200 - "-" "jetmon/1.0 (Jetpack Site Uptime Monitor by WordPress.com)"
184.94.212.206 - - [28/Apr/2026:10:05:05 +0000] "POST /wp-cron.php?doing_wp_cron=1777370705.3763370513916015625000 HTTP/1.1" 200 - "-" "WordPress/6.9.4; https://www.wrinkledskinrepair.com"
57.141.18.69 - - [28/Apr/2026:10:05:03 +0000] "GET /terms-of-use/ HTTP/1.1" 200 160287 "-" "meta-externalagent/1.1 (+https://developers.facebook.com/docs/sharing/webmasters/crawler)"
184.94.212.206 - - [28/Apr/2026:10:05:13 +0000] "POST /wp-cron.php?doing_wp_cron=1777370713.3409359455108642578125 HTTP/1.1" 200 - "-" "WordPress/6.9.4; https://www.wrinkledskinrepair.com"
57.141.18.83 - - [28/Apr/2026:10:05:12 +0000] "GET /2020/07/03/finding-great-skin-care-tips-for-your-body/ HTTP/1.1" 200 185692 "-" "meta-externalagent/1.1 (+https://developers.facebook.com/docs/sharing/webmasters/crawler)"
184.94.212.206 - - [28/Apr/2026:10:06:19 +0000] "POST /wp-cron.php?doing_wp_cron=1777370779.5113708972930908203125 HTTP/1.1" 200 - "-" "WordPress/6.9.4; https://www.wrinkledskinrepair.com"
85.208.96.212 - - [28/Apr/2026:10:06:17 +0000] "GET /2018/09/30/tips-and-strategies-to-care-for-your-skin/ HTTP/1.1" 200 53228 "-" "Mozilla/5.0 (compatible; SemrushBot/7~bl; +http://www.semrush.com/bot.html)"
57.141.18.113 - - [28/Apr/2026:10:06:23 +0000] "GET /category-sitemap.xml HTTP/1.1" 200 2446 "-" "meta-externalagent/1.1 (+https://developers.facebook.com/docs/sharing/webmasters/crawler)"
62.201.242.80 - - [28/Apr/2026:10:06:35 +0000] "GET /2019/02/15/try-these-tips-for-a-cleaner-fresher-face/ HTTP/1.1" 200 53552 "-" "Mozilla/5.0 (Macintosh; Intel Mac OS X 10_14_5) AppleWebKit/537.36 (KHTML, like Gecko) Chrome/75.0.3770.142 Safari/537.36"
114.119.142.140 - - [28/Apr/2026:10:06:42 +0000] "GET /skin-care/easy-ways-to-care-for-your-skin HTTP/1.1" 301 - "-" "Mozilla/5.0 (Linux; Android 7.0;) AppleWebKit/537.36 (HTML, like Gecko) Mobile Safari/537.36 (compatible; PetalBot;+https://webmaster.petalsearch.com/site/petalbot)"
114.119.142.140 - - [28/Apr/2026:10:06:43 +0000] "GET /2020/06/05/easy-ways-to-care-for-your-skin/ HTTP/1.1" 200 54301 "https://www.wrinkledskinrepair.com/skin-care/easy-ways-to-care-for-your-skin" "Mozilla/5.0 (Linux; Android 7.0;) AppleWebKit/537.36 (HTML, like Gecko) Mobile Safari/537.36 (compatible; PetalBot;+https://webmaster.petalsearch.com/site/petalbot)"
34.234.116.23 - - [28/Apr/2026:10:07:22 +0000] "GET /ads.txt HTTP/1.1" 200 58 "-" "Amazon-Advertising-ad-standards-bot/1.0"
184.94.212.206 - - [28/Apr/2026:10:07:40 +0000] "POST /wp-cron.php?doing_wp_cron=1777370860.5817489624023437500000 HTTP/1.1" 200 - "-" "WordPress/6.9.4; https://www.wrinkledskinrepair.com"
185.191.171.13 - - [28/Apr/2026:10:07:38 +0000] "GET /2025/10/27/best-retinol-creams-under-50/ HTTP/1.1" 200 57373 "-" "Mozilla/5.0 (compatible; SemrushBot/7~bl; +http://www.semrush.com/bot.html)"
184.94.212.206 - - [28/Apr/2026:10:08:34 +0000] "POST /wp-cron.php?doing_wp_cron=1777370914.6395061016082763671875 HTTP/1.1" 200 - "-" "WordPress/6.9.4; https://www.wrinkledskinrepair.com"
85.208.96.196 - - [28/Apr/2026:10:08:32 +0000] "GET /2020/06/15/your-way-to-better-skin-care-quickly-and-easily-2/ HTTP/1.1" 200 52202 "-" "Mozilla/5.0 (compatible; SemrushBot/7~bl; +http://www.semrush.com/bot.html)"
185.191.171.5 - - [28/Apr/2026:10:09:02 +0000] "GET /tag/enlarged-pores/ HTTP/1.1" 200 45578 "-" "Mozilla/5.0 (compatible; SemrushBot/7~bl; +http://www.semrush.com/bot.html)"
192.0.102.146 - - [28/Apr/2026:10:09:04 +0000] "HEAD / HTTP/1.1" 200 - "-" "jetmon/1.0 (Jetpack Site Uptime Monitor by WordPress.com)"
184.94.212.206 - - [28/Apr/2026:10:09:47 +0000] "POST /wp-cron.php?doing_wp_cron=1777370987.1854360103607177734375 HTTP/1.1" 200 - "-" "WordPress/6.9.4; https://www.wrinkledskinrepair.com"
167.114.139.29 - - [28/Apr/2026:10:09:45 +0000] "GET /tag/skincareeducation/ HTTP/1.1" 200 46306 "-" "Mozilla/5.0 (compatible; AhrefsBot/7.0; +http://ahrefs.com/robot/)"
114.119.143.101 - - [28/Apr/2026:10:09:54 +0000] "GET /category/wrinkle-treatment/page/15 HTTP/1.1" 301 - "https://www.wrinkledskinrepair.com/category/wrinkle-treatment/page/14" "Mozilla/5.0 (Linux; Android 7.0;) AppleWebKit/537.36 (HTML, like Gecko) Mobile Safari/537.36 (compatible; PetalBot;+https://webmaster.petalsearch.com/site/petalbot)"
114.119.143.101 - - [28/Apr/2026:10:09:56 +0000] "GET /category/wrinkle-treatment/page/15/ HTTP/1.1" 200 48810 "https://www.wrinkledskinrepair.com/category/wrinkle-treatment/page/14" "Mozilla/5.0 (Linux; Android 7.0;) AppleWebKit/537.36 (HTML, like Gecko) Mobile Safari/537.36 (compatible; PetalBot;+https://webmaster.petalsearch.com/site/petalbot)"
184.94.212.206 - - [28/Apr/2026:10:11:27 +0000] "POST /wp-cron.php?doing_wp_cron=1777371087.6958730220794677734375 HTTP/1.1" 200 - "-" "WordPress/6.9.4; https://www.wrinkledskinrepair.com"
85.208.96.201 - - [28/Apr/2026:10:11:25 +0000] "GET /2019/06/22/these-great-skin-care-tips-can-change-your-life-2/ HTTP/1.1" 200 52448 "-" "Mozilla/5.0 (compatible; SemrushBot/7~bl; +http://www.semrush.com/bot.html)"
20.215.220.115 - - [28/Apr/2026:10:11:35 +0000] "GET / HTTP/1.1" 301 - "-" "Mozilla/5.0 AppleWebKit/537.36 (KHTML, like Gecko); compatible; ChatGPT-User/1.0; +https://openai.com/bot"
184.94.212.206 - - [28/Apr/2026:10:13:19 +0000] "POST /wp-cron.php?doing_wp_cron=1777371199.2608358860015869140625 HTTP/1.1" 200 - "-" "WordPress/6.9.4; https://www.wrinkledskinrepair.com"
114.119.143.101 - - [28/Apr/2026:10:13:17 +0000] "GET /category/skin-care/page/4/ HTTP/1.1" 200 49773 "https://www.wrinkledskinrepair.com/category/skin-care/page/4/" "Mozilla/5.0 (Linux; Android 7.0;) AppleWebKit/537.36 (HTML, like Gecko) Mobile Safari/537.36 (compatible; PetalBot;+https://webmaster.petalsearch.com/site/petalbot)"
57.141.18.92 - - [28/Apr/2026:10:13:18 +0000] "GET /2019/05/22/treat-yourself-to-timeless-skin-try-these-ideas/ HTTP/1.1" 200 187567 "-" "meta-externalagent/1.1 (+https://developers.facebook.com/docs/sharing/webmasters/crawler)"
185.191.171.12 - - [28/Apr/2026:10:13:46 +0000] "GET /2019/03/24/highly-effective-techniques-for-rejuvenating-your-skin/ HTTP/1.1" 200 53147 "-" "Mozilla/5.0 (compatible; SemrushBot/7~bl; +http://www.semrush.com/bot.html)"
57.141.18.17 - - [28/Apr/2026:10:13:59 +0000] "GET /2018/11/21/empowering-tips-to-get-you-in-control-of-your-skin-2/ HTTP/1.1" 200 187320 "-" "meta-externalagent/1.1 (+https://developers.facebook.com/docs/sharing/webmasters/crawler)"
192.0.102.146 - - [28/Apr/2026:10:14:04 +0000] "HEAD / HTTP/1.1" 200 - "-" "jetmon/1.0 (Jetpack Site Uptime Monitor by WordPress.com)"
184.94.212.206 - - [28/Apr/2026:10:14:19 +0000] "POST /wp-cron.php?doing_wp_cron=1777371259.5052559375762939453125 HTTP/1.1" 200 - "-" "WordPress/6.9.4; https://www.wrinkledskinrepair.com"
185.191.171.14 - - [28/Apr/2026:10:14:18 +0000] "GET /2018/06/14/give-skin-the-tender-loving-care-it-deserves-with-these-skin-care-tips/ HTTP/1.1" 200 53057 "-" "Mozilla/5.0 (compatible; SemrushBot/7~bl; +http://www.semrush.com/bot.html)"
178.236.185.165 - - [28/Apr/2026:10:15:11 +0000] "GET /wp-login.php HTTP/1.1" 200 4402 "-" "Mozilla/4.0 (compatible; MSIE 7.0; Windows NT 6.1; Trident/7.0; SLCC2; .NET CLR 2.0.50727; .NET CLR 3.5.30729; .NET CLR 3.0.30729; Media Center PC 6.0; .NET4.0C; .NET4.0E; GWX:QUALIFIED)"
178.236.185.165 - - [28/Apr/2026:10:15:14 +0000] "POST /wp-login.php HTTP/1.1" 200 4402 "https://www.wrinkledskinrepair.com/wp-login.php" "Mozilla/4.0 (compatible; MSIE 7.0; Windows NT 6.1; Trident/7.0; SLCC2; .NET CLR 2.0.50727; .NET CLR 3.5.30729; .NET CLR 3.0.30729; Media Center PC 6.0; .NET4.0C; .NET4.0E; GWX:QUALIFIED)"
184.94.212.206 - - [28/Apr/2026:10:15:27 +0000] "POST /wp-cron.php?doing_wp_cron=1777371327.0288128852844238281250 HTTP/1.1" 200 - "-" "WordPress/6.9.4; https://www.wrinkledskinrepair.com"
57.141.18.61 - - [28/Apr/2026:10:15:25 +0000] "GET /tag/skin-irritated/ HTTP/1.1" 200 150450 "-" "meta-externalagent/1.1 (+https://developers.facebook.com/docs/sharing/webmasters/crawler)"
15.235.98.17 - - [28/Apr/2026:10:15:44 +0000] "GET /tag/mouthwrinkles/ HTTP/1.1" 200 46301 "-" "Mozilla/5.0 (compatible; AhrefsBot/7.0; +http://ahrefs.com/robot/)"
184.94.212.206 - - [28/Apr/2026:10:16:23 +0000] "POST /wp-cron.php?doing_wp_cron=1777371383.1217749118804931640625 HTTP/1.1" 200 - "-" "WordPress/6.9.4; https://www.wrinkledskinrepair.com"
216.73.216.121 - - [28/Apr/2026:10:16:21 +0000] "GET /sitemap.rss HTTP/1.1" 200 3441 "-" "Mozilla/5.0 AppleWebKit/537.36 (KHTML, like Gecko; compatible; ClaudeBot/1.0; +claudebot@anthropic.com)"
114.119.142.140 - - [28/Apr/2026:10:16:22 +0000] "GET /blog/page/31 HTTP/1.1" 301 - "https://www.wrinkledskinrepair.com/blog/page/31" "Mozilla/5.0 (Linux; Android 7.0;) AppleWebKit/537.36 (HTML, like Gecko) Mobile Safari/537.36 (compatible; PetalBot;+https://webmaster.petalsearch.com/site/petalbot)"
114.119.142.140 - - [28/Apr/2026:10:16:24 +0000] "GET /blog/page/31/ HTTP/1.1" 200 49786 "https://www.wrinkledskinrepair.com/blog/page/31" "Mozilla/5.0 (Linux; Android 7.0;) AppleWebKit/537.36 (HTML, like Gecko) Mobile Safari/537.36 (compatible; PetalBot;+https://webmaster.petalsearch.com/site/petalbot)"
184.94.212.206 - - [28/Apr/2026:10:18:37 +0000] "POST /wp-cron.php?doing_wp_cron=1777371517.9388968944549560546875 HTTP/1.1" 200 - "-" "WordPress/6.9.4; https://www.wrinkledskinrepair.com"
216.73.216.121 - - [28/Apr/2026:10:18:36 +0000] "GET /?p=312 HTTP/1.1" 301 - "-" "Mozilla/5.0 AppleWebKit/537.36 (KHTML, like Gecko; compatible; ClaudeBot/1.0; +claudebot@anthropic.com)"
216.73.216.121 - - [28/Apr/2026:10:18:38 +0000] "GET /2018/07/21/take-care-of-your-skin-follow-these-techniques/ HTTP/1.1" 200 53301 "https://www.wrinkledskinrepair.com/?p=312" "Mozilla/5.0 AppleWebKit/537.36 (KHTML, like Gecko; compatible; ClaudeBot/1.0; +claudebot@anthropic.com)"
192.0.102.146 - - [28/Apr/2026:10:19:04 +0000] "HEAD / HTTP/1.1" 200 - "-" "jetmon/1.0 (Jetpack Site Uptime Monitor by WordPress.com)"
184.94.212.206 - - [28/Apr/2026:10:19:27 +0000] "POST /wp-cron.php?doing_wp_cron=1777371567.9085528850555419921875 HTTP/1.1" 200 - "-" "WordPress/6.9.4; https://www.wrinkledskinrepair.com"
57.141.18.56 - - [28/Apr/2026:10:19:26 +0000] "GET /2019/04/16/revitalize-your-skin-with-these-simple-tips/ HTTP/1.1" 200 187173 "-" "meta-externalagent/1.1 (+https://developers.facebook.com/docs/sharing/webmasters/crawler)"
114.119.142.140 - - [28/Apr/2026:10:19:43 +0000] "GET /blog/page/27/ HTTP/1.1" 200 50032 "https://www.wrinkledskinrepair.com/blog/page/27/" "Mozilla/5.0 (Linux; Android 7.0;) AppleWebKit/537.36 (HTML, like Gecko) Mobile Safari/537.36 (compatible; PetalBot;+https://webmaster.petalsearch.com/site/petalbot)"
51.222.95.49 - - [28/Apr/2026:10:20:59 +0000] "GET /tag/antiagingskin/ HTTP/1.1" 200 46302 "-" "Mozilla/5.0 (compatible; AhrefsBot/7.0; +http://ahrefs.com/robot/)"
184.94.212.206 - - [28/Apr/2026:10:21:35 +0000] "POST /wp-cron.php?doing_wp_cron=1777371695.4959459304809570312500 HTTP/1.1" 200 - "-" "WordPress/6.9.4; https://www.wrinkledskinrepair.com"
20.215.220.117 - - [28/Apr/2026:10:21:34 +0000] "GET / HTTP/1.1" 301 - "-" "Mozilla/5.0 AppleWebKit/537.36 (KHTML, like Gecko); compatible; ChatGPT-User/1.0; +https://openai.com/bot"
20.215.220.112 - - [28/Apr/2026:10:21:37 +0000] "GET / HTTP/1.1" 200 47736 "-" "Mozilla/5.0 AppleWebKit/537.36 (KHTML, like Gecko); compatible; ChatGPT-User/1.0; +https://openai.com/bot"
216.73.216.121 - - [28/Apr/2026:10:22:07 +0000] "GET /sitemap.xml HTTP/1.1" 200 407 "-" "Mozilla/5.0 AppleWebKit/537.36 (KHTML, like Gecko; compatible; ClaudeBot/1.0; +claudebot@anthropic.com)"
184.94.212.206 - - [28/Apr/2026:10:22:28 +0000] "POST /wp-cron.php?doing_wp_cron=1777371748.3798770904541015625000 HTTP/1.1" 200 - "-" "WordPress/6.9.4; https://www.wrinkledskinrepair.com"
85.208.96.202 - - [28/Apr/2026:10:22:26 +0000] "GET /2018/09/28/the-easy-way-to-attain-perfect-skin-2/ HTTP/1.1" 200 52938 "-" "Mozilla/5.0 (compatible; SemrushBot/7~bl; +http://www.semrush.com/bot.html)"
114.119.143.101 - - [28/Apr/2026:10:23:07 +0000] "GET /author/beautyoftheworld/page/34 HTTP/1.1" 301 - "https://www.wrinkledskinrepair.com/author/beautyoftheworld/page/33" "Mozilla/5.0 (Linux; Android 7.0;) AppleWebKit/537.36 (HTML, like Gecko) Mobile Safari/537.36 (compatible; PetalBot;+https://webmaster.petalsearch.com/site/petalbot)"
184.94.212.206 - - [28/Apr/2026:10:23:10 +0000] "POST /wp-cron.php?doing_wp_cron=1777371790.2775630950927734375000 HTTP/1.1" 200 - "-" "WordPress/6.9.4; https://www.wrinkledskinrepair.com"
114.119.143.101 - - [28/Apr/2026:10:23:08 +0000] "GET /author/beautyoftheworld/page/34/ HTTP/1.1" 200 48722 "https://www.wrinkledskinrepair.com/author/beautyoftheworld/page/33" "Mozilla/5.0 (Linux; Android 7.0;) AppleWebKit/537.36 (HTML, like Gecko) Mobile Safari/537.36 (compatible; PetalBot;+https://webmaster.petalsearch.com/site/petalbot)"
184.94.212.206 - - [28/Apr/2026:10:23:49 +0000] "POST /wp-cron.php?doing_wp_cron=1777371829.0031449794769287109375 HTTP/1.1" 200 - "-" "WordPress/6.9.4; https://www.wrinkledskinrepair.com"
44.215.235.20 - - [28/Apr/2026:10:23:47 +0000] "GET /tag/healthy-skin/page/10/ HTTP/1.1" 200 48622 "-" "Mozilla/5.0 AppleWebKit/537.36 (KHTML, like Gecko; compatible; Amazonbot/0.1; +https://developer.amazon.com/support/amazonbot) Chrome/119.0.6045.214 Safari/537.36"
192.0.102.146 - - [28/Apr/2026:10:24:05 +0000] "HEAD / HTTP/1.1" 200 - "-" "jetmon/1.0 (Jetpack Site Uptime Monitor by WordPress.com)"
192.0.112.177 - - [28/Apr/2026:10:25:24 +0000] "GET /wp-content/uploads/2018/07/eb31b9072df6093ed1584d05fb1d4390e277e2c818b4124397f3c079a4ec_640.jpg HTTP/1.1" 301 - "-" "Photon/1.0"
192.0.112.177 - - [28/Apr/2026:10:25:25 +0000] "GET /wp-content/uploads/2018/07/eb31b9072df6093ed1584d05fb1d4390e277e2c818b4124397f3c079a4ec_640.jpg HTTP/1.1" 404 135883 "-" "Photon/1.0"
184.94.212.206 - - [28/Apr/2026:10:25:26 +0000] "POST /wp-cron.php?doing_wp_cron=1777371926.8940119743347167968750 HTTP/1.1" 200 - "-" "WordPress/6.9.4; https://www.wrinkledskinrepair.com"
216.73.216.121 - - [28/Apr/2026:10:25:19 +0000] "GET /2018/07/21/take-care-of-your-skin-follow-these-techniques/?amp=1 HTTP/1.1" 200 21030 "-" "Mozilla/5.0 AppleWebKit/537.36 (KHTML, like Gecko; compatible; ClaudeBot/1.0; +claudebot@anthropic.com)"
47.128.41.71 - - [28/Apr/2026:10:26:06 +0000] "GET /2017/08/03/short-term-wrinkle-solutions/?share=x HTTP/1.1" 302 - "-" "Mozilla/5.0 (Linux; Android 5.0) AppleWebKit/537.36 (KHTML, like Gecko) Mobile Safari/537.36 (compatible; Bytespider; spider-feedback@bytedance.com)"
114.119.142.210 - - [28/Apr/2026:10:26:17 +0000] "GET /author/beautyoftheworld/page/3/ HTTP/1.1" 200 49221 "https://www.wrinkledskinrepair.com/author/beautyoftheworld/page/2" "Mozilla/5.0 (Linux; Android 7.0;) AppleWebKit/537.36 (HTML, like Gecko) Mobile Safari/537.36 (compatible; PetalBot;+https://webmaster.petalsearch.com/site/petalbot)"
184.94.212.206 - - [28/Apr/2026:10:26:30 +0000] "POST /wp-cron.php?doing_wp_cron=1777371990.7081120014190673828125 HTTP/1.1" 200 - "-" "WordPress/6.9.4; https://www.wrinkledskinrepair.com"
51.222.95.73 - - [28/Apr/2026:10:26:29 +0000] "GET /tag/skin-damage/feed/ HTTP/1.1" 200 3801 "-" "Mozilla/5.0 (compatible; AhrefsBot/7.0; +http://ahrefs.com/robot/)"
184.94.212.206 - - [28/Apr/2026:10:29:00 +0000] "POST /wp-cron.php?doing_wp_cron=1777372140.4975070953369140625000 HTTP/1.1" 200 - "-" "WordPress/6.9.4; https://www.wrinkledskinrepair.com"
57.141.18.20 - - [28/Apr/2026:10:28:58 +0000] "GET /2019/05/29/a-simple-guide-for-caring-for-your-skin/ HTTP/1.1" 200 185780 "-" "meta-externalagent/1.1 (+https://developers.facebook.com/docs/sharing/webmasters/crawler)"
192.0.102.146 - - [28/Apr/2026:10:29:04 +0000] "HEAD / HTTP/1.1" 200 - "-" "jetmon/1.0 (Jetpack Site Uptime Monitor by WordPress.com)"
114.119.144.64 - - [28/Apr/2026:10:29:14 +0000] "GET /about/?share=facebook HTTP/1.1" 302 - "https://www.wrinkledskinrepair.com/about/" "Mozilla/5.0 (Linux; Android 7.0;) AppleWebKit/537.36 (HTML, like Gecko) Mobile Safari/537.36 (compatible; PetalBot;+https://webmaster.petalsearch.com/site/petalbot)"
184.94.212.206 - - [28/Apr/2026:10:31:46 +0000] "POST /wp-cron.php?doing_wp_cron=1777372306.3649098873138427734375 HTTP/1.1" 200 - "-" "WordPress/6.9.4; https://www.wrinkledskinrepair.com"
142.44.220.51 - - [28/Apr/2026:10:31:44 +0000] "GET /tag/damaged-skin/ HTTP/1.1" 200 48573 "-" "Mozilla/5.0 (compatible; AhrefsBot/7.0; +http://ahrefs.com/robot/)"
184.94.212.206 - - [28/Apr/2026:10:32:27 +0000] "POST /wp-cron.php?doing_wp_cron=1777372347.8899719715118408203125 HTTP/1.1" 200 - "-" "WordPress/6.9.4; https://www.wrinkledskinrepair.com"
114.119.142.140 - - [28/Apr/2026:10:32:26 +0000] "GET /2025/09/15/wrinkled-skin-repair-understanding-wrinkled-skin?share=facebook HTTP/1.1" 302 - "-" "Mozilla/5.0 (Linux; Android 7.0;) AppleWebKit/537.36 (HTML, like Gecko) Mobile Safari/537.36 (compatible; PetalBot;+https://webmaster.petalsearch.com/site/petalbot)"
114.119.131.206 - - [28/Apr/2026:10:32:43 +0000] "GET /robots.txt HTTP/1.1" 200 127 "-" "Mozilla/5.0 (compatible;PetalBot;+https://webmaster.petalsearch.com/site/petalbot)"
184.94.212.206 - - [28/Apr/2026:10:33:14 +0000] "POST /wp-cron.php?doing_wp_cron=1777372394.6791360378265380859375 HTTP/1.1" 200 - "-" "WordPress/6.9.4; https://www.wrinkledskinrepair.com"
168.144.95.241 - - [28/Apr/2026:10:33:13 +0000] "GET /wp-login.php HTTP/1.1" 200 3333 "https://www.facebook.com/" "Mozilla/5.0 (Macintosh; Intel Mac OS X 10_15_7; rv:120.0) Gecko/20100101 Firefox/120.0"
168.144.95.241 - - [28/Apr/2026:10:33:15 +0000] "GET /?author=1 HTTP/1.1" 404 10191 "https://www.google.com/search?q=wordpress" "Mozilla/5.0 (Macintosh; Intel Mac OS X 10_15_7; rv:118.0) Gecko/20100101 Firefox/118.0"
184.94.212.206 - - [28/Apr/2026:10:33:18 +0000] "POST /wp-cron.php?doing_wp_cron=1777372398.6892580986022949218750 HTTP/1.1" 200 - "-" "WordPress/6.9.4; https://www.wrinkledskinrepair.com"
168.144.95.241 - - [28/Apr/2026:10:33:17 +0000] "GET /?author=2 HTTP/1.1" 404 10191 "" "Mozilla/5.0 (Macintosh; Intel Mac OS X 13_6_1) AppleWebKit/537.36 (KHTML, like Gecko) Chrome/120.0.0.0 Safari/537.36"
168.144.95.241 - - [28/Apr/2026:10:33:19 +0000] "GET /?author=3 HTTP/1.1" 404 10191 "https://www.google.com/" "Mozilla/5.0 (Macintosh; Intel Mac OS X 10_15_7; rv:120.0) Gecko/20100101 Firefox/120.0"
168.144.95.241 - - [28/Apr/2026:10:33:20 +0000] "GET /?author=4 HTTP/1.1" 404 10191 "https://www.google.com/search?q=wordpress" "Mozilla/5.0 (Windows NT 10.0; Win64; x64) AppleWebKit/537.36 (KHTML, like Gecko) Chrome/118.0.0.0 Safari/537.36"
168.144.95.241 - - [28/Apr/2026:10:33:22 +0000] "GET /?author=5 HTTP/1.1" 404 10191 "https://duckduckgo.com/" "Mozilla/5.0 (Windows NT 11.0; Win64; x64; rv:121.0) Gecko/20100101 Firefox/121.0"
168.144.95.241 - - [28/Apr/2026:10:33:23 +0000] "GET /wp-json/wp/v2/users HTTP/1.1" 401 110 "https://duckduckgo.com/" "Mozilla/5.0 (Macintosh; Intel Mac OS X 10_15_7; rv:120.0) Gecko/20100101 Firefox/120.0"
168.144.95.241 - - [28/Apr/2026:10:33:25 +0000] "POST /wp-login.php HTTP/1.1" 401 1465 "https://wrinkledskinrepair.com/wp-login.php" "Mozilla/5.0 (Macintosh; Intel Mac OS X 13_6_1) AppleWebKit/605.1.15 (KHTML, like Gecko) Version/17.2 Safari/605.1.15"
168.144.95.241 - - [28/Apr/2026:10:33:26 +0000] "GET /wp-admin/index.php HTTP/1.1" 302 - "https://wrinkledskinrepair.com/wp-login.php" "Mozilla/5.0 (Macintosh; Intel Mac OS X 10_15_7) AppleWebKit/537.36 (KHTML, like Gecko) Chrome/120.0.0.0 Safari/537.36"
168.144.95.241 - - [28/Apr/2026:10:33:29 +0000] "GET /wp-login.php?redirect_to=https%3A%2F%2Fwrinkledskinrepair.com%2Fwp-admin%2Findex.php&reauth=1 HTTP/1.1" 200 3410 "https://wrinkledskinrepair.com/wp-login.php" "Mozilla/5.0 (Macintosh; Intel Mac OS X 10_15_7) AppleWebKit/537.36 (KHTML, like Gecko) Chrome/120.0.0.0 Safari/537.36"
168.144.95.241 - - [28/Apr/2026:10:33:30 +0000] "POST /wp-login.php HTTP/1.1" 401 1464 "https://wrinkledskinrepair.com/wp-login.php" "Mozilla/5.0 (Macintosh; Intel Mac OS X 10_15_7; rv:121.0) Gecko/20100101 Firefox/121.0"
168.144.95.241 - - [28/Apr/2026:10:33:32 +0000] "GET /wp-admin/index.php HTTP/1.1" 302 - "https://wrinkledskinrepair.com/wp-login.php" "Mozilla/5.0 (Macintosh; Intel Mac OS X 13_6_1) AppleWebKit/605.1.15 (KHTML, like Gecko) Version/17.0 Safari/605.1.15"
168.144.95.241 - - [28/Apr/2026:10:33:33 +0000] "GET /wp-login.php?redirect_to=https%3A%2F%2Fwrinkledskinrepair.com%2Fwp-admin%2Findex.php&reauth=1 HTTP/1.1" 200 3412 "https://wrinkledskinrepair.com/wp-login.php" "Mozilla/5.0 (Macintosh; Intel Mac OS X 13_6_1) AppleWebKit/605.1.15 (KHTML, like Gecko) Version/17.0 Safari/605.1.15"
168.144.95.241 - - [28/Apr/2026:10:33:34 +0000] "POST /wp-login.php HTTP/1.1" 401 1465 "https://wrinkledskinrepair.com/wp-login.php" "Mozilla/5.0 (X11; Linux x86_64) AppleWebKit/537.36 (KHTML, like Gecko) Chrome/121.0.0.0 Safari/537.36"
168.144.95.241 - - [28/Apr/2026:10:33:36 +0000] "GET /wp-admin/index.php HTTP/1.1" 302 - "https://wrinkledskinrepair.com/wp-login.php" "Mozilla/5.0 (Macintosh; Intel Mac OS X 10_15_7) AppleWebKit/605.1.15 (KHTML, like Gecko) Version/17.0 Safari/605.1.15"
168.144.95.241 - - [28/Apr/2026:10:33:37 +0000] "GET /wp-login.php?redirect_to=https%3A%2F%2Fwrinkledskinrepair.com%2Fwp-admin%2Findex.php&reauth=1 HTTP/1.1" 200 3410 "https://wrinkledskinrepair.com/wp-login.php" "Mozilla/5.0 (Macintosh; Intel Mac OS X 10_15_7) AppleWebKit/605.1.15 (KHTML, like Gecko) Version/17.0 Safari/605.1.15"
168.144.95.241 - - [28/Apr/2026:10:33:39 +0000] "POST /wp-login.php HTTP/1.1" 401 1465 "https://wrinkledskinrepair.com/wp-login.php" "Mozilla/5.0 (X11; Ubuntu; Linux x86_64) AppleWebKit/537.36 (KHTML, like Gecko) Chrome/119.0.0.0 Safari/537.36"
168.144.95.241 - - [28/Apr/2026:10:33:42 +0000] "GET /wp-admin/index.php HTTP/1.1" 302 - "https://wrinkledskinrepair.com/wp-login.php" "Mozilla/5.0 (Windows NT 11.0; Win64; x64) AppleWebKit/537.36 (KHTML, like Gecko) Chrome/121.0.0.0 Safari/537.36"
168.144.95.241 - - [28/Apr/2026:10:33:45 +0000] "GET /wp-login.php?redirect_to=https%3A%2F%2Fwrinkledskinrepair.com%2Fwp-admin%2Findex.php&reauth=1 HTTP/1.1" 200 3410 "https://wrinkledskinrepair.com/wp-login.php" "Mozilla/5.0 (Windows NT 11.0; Win64; x64) AppleWebKit/537.36 (KHTML, like Gecko) Chrome/121.0.0.0 Safari/537.36"
168.144.95.241 - - [28/Apr/2026:10:33:46 +0000] "POST /wp-login.php HTTP/1.1" 401 1465 "https://wrinkledskinrepair.com/wp-login.php" "Mozilla/5.0 (Macintosh; Intel Mac OS X 13_6_1) AppleWebKit/605.1.15 (KHTML, like Gecko) Version/17.0 Safari/605.1.15"
168.144.95.241 - - [28/Apr/2026:10:33:47 +0000] "GET /wp-admin/index.php HTTP/1.1" 302 - "https://wrinkledskinrepair.com/wp-login.php" "Mozilla/5.0 (Macintosh; Intel Mac OS X 10_15_7) AppleWebKit/605.1.15 (KHTML, like Gecko) Version/17.0 Safari/605.1.15"
168.144.95.241 - - [28/Apr/2026:10:33:53 +0000] "GET /wp-login.php?redirect_to=https%3A%2F%2Fwrinkledskinrepair.com%2Fwp-admin%2Findex.php&reauth=1 HTTP/1.1" 200 3409 "https://wrinkledskinrepair.com/wp-login.php" "Mozilla/5.0 (Macintosh; Intel Mac OS X 10_15_7) AppleWebKit/605.1.15 (KHTML, like Gecko) Version/17.0 Safari/605.1.15"
168.144.95.241 - - [28/Apr/2026:10:33:55 +0000] "POST /wp-login.php HTTP/1.1" 401 1465 "https://wrinkledskinrepair.com/wp-login.php" "Mozilla/5.0 (Windows NT 11.0; Win64; x64) AppleWebKit/537.36 (KHTML, like Gecko) Chrome/119.0.0.0 Safari/537.36"
168.144.95.241 - - [28/Apr/2026:10:33:57 +0000] "GET /wp-admin/index.php HTTP/1.1" 302 - "https://wrinkledskinrepair.com/wp-login.php" "Mozilla/5.0 (Windows NT 10.0; Win64; x64) AppleWebKit/537.36 (KHTML, like Gecko) Chrome/118.0.0.0 Safari/537.36"
168.144.95.241 - - [28/Apr/2026:10:33:59 +0000] "GET /wp-login.php?redirect_to=https%3A%2F%2Fwrinkledskinrepair.com%2Fwp-admin%2Findex.php&reauth=1 HTTP/1.1" 200 3411 "https://wrinkledskinrepair.com/wp-login.php" "Mozilla/5.0 (Windows NT 10.0; Win64; x64) AppleWebKit/537.36 (KHTML, like Gecko) Chrome/118.0.0.0 Safari/537.36"
168.144.95.241 - - [28/Apr/2026:10:34:00 +0000] "POST /wp-login.php HTTP/1.1" 401 1466 "https://wrinkledskinrepair.com/wp-login.php" "Mozilla/5.0 (Windows NT 11.0; Win64; x64) AppleWebKit/537.36 (KHTML, like Gecko) Chrome/121.0.0.0 Safari/537.36"
168.144.95.241 - - [28/Apr/2026:10:34:02 +0000] "GET /wp-admin/index.php HTTP/1.1" 302 - "https://wrinkledskinrepair.com/wp-login.php" "Mozilla/5.0 (Macintosh; Intel Mac OS X 10_15_7; rv:118.0) Gecko/20100101 Firefox/118.0"
168.144.95.241 - - [28/Apr/2026:10:34:03 +0000] "GET /wp-login.php?redirect_to=https%3A%2F%2Fwrinkledskinrepair.com%2Fwp-admin%2Findex.php&reauth=1 HTTP/1.1" 200 3409 "https://wrinkledskinrepair.com/wp-login.php" "Mozilla/5.0 (Macintosh; Intel Mac OS X 10_15_7; rv:118.0) Gecko/20100101 Firefox/118.0"
168.144.95.241 - - [28/Apr/2026:10:34:05 +0000] "POST /wp-login.php HTTP/1.1" 401 1465 "https://wrinkledskinrepair.com/wp-login.php" "Mozilla/5.0 (Macintosh; Intel Mac OS X 13_6_1) AppleWebKit/605.1.15 (KHTML, like Gecko) Version/17.0 Safari/605.1.15"
192.0.102.146 - - [28/Apr/2026:10:34:05 +0000] "HEAD / HTTP/1.1" 200 - "-" "jetmon/1.0 (Jetpack Site Uptime Monitor by WordPress.com)"
168.144.95.241 - - [28/Apr/2026:10:34:06 +0000] "GET /wp-admin/index.php HTTP/1.1" 302 - "https://wrinkledskinrepair.com/wp-login.php" "Mozilla/5.0 (X11; Ubuntu; Linux x86_64) AppleWebKit/537.36 (KHTML, like Gecko) Chrome/120.0.0.0 Safari/537.36"
168.144.95.241 - - [28/Apr/2026:10:34:08 +0000] "GET /wp-login.php?redirect_to=https%3A%2F%2Fwrinkledskinrepair.com%2Fwp-admin%2Findex.php&reauth=1 HTTP/1.1" 200 3412 "https://wrinkledskinrepair.com/wp-login.php" "Mozilla/5.0 (X11; Ubuntu; Linux x86_64) AppleWebKit/537.36 (KHTML, like Gecko) Chrome/120.0.0.0 Safari/537.36"
168.144.95.241 - - [28/Apr/2026:10:34:09 +0000] "POST /wp-login.php HTTP/1.1" 401 1466 "https://wrinkledskinrepair.com/wp-login.php" "Mozilla/5.0 (Windows NT 10.0; Win64; x64; rv:121.0) Gecko/20100101 Firefox/121.0"
168.144.95.241 - - [28/Apr/2026:10:34:11 +0000] "GET /wp-admin/index.php HTTP/1.1" 302 - "https://wrinkledskinrepair.com/wp-login.php" "Mozilla/5.0 (Macintosh; Intel Mac OS X 10_15_7) AppleWebKit/537.36 (KHTML, like Gecko) Chrome/121.0.0.0 Safari/537.36"
168.144.95.241 - - [28/Apr/2026:10:34:12 +0000] "GET /wp-login.php?redirect_to=https%3A%2F%2Fwrinkledskinrepair.com%2Fwp-admin%2Findex.php&reauth=1 HTTP/1.1" 200 3405 "https://wrinkledskinrepair.com/wp-login.php" "Mozilla/5.0 (Macintosh; Intel Mac OS X 10_15_7) AppleWebKit/537.36 (KHTML, like Gecko) Chrome/121.0.0.0 Safari/537.36"
168.144.95.241 - - [28/Apr/2026:10:34:14 +0000] "POST /wp-login.php HTTP/1.1" 401 1465 "https://wrinkledskinrepair.com/wp-login.php" "Mozilla/5.0 (X11; Linux x86_64) AppleWebKit/537.36 (KHTML, like Gecko) Chrome/118.0.0.0 Safari/537.36"
168.144.95.241 - - [28/Apr/2026:10:34:15 +0000] "GET /wp-admin/index.php HTTP/1.1" 302 - "https://wrinkledskinrepair.com/wp-login.php" "Mozilla/5.0 (Macintosh; Intel Mac OS X 10_15_7) AppleWebKit/537.36 (KHTML, like Gecko) Chrome/121.0.0.0 Safari/537.36"
184.94.212.206 - - [28/Apr/2026:10:34:18 +0000] "POST /wp-cron.php?doing_wp_cron=1777372458.4251279830932617187500 HTTP/1.1" 200 - "-" "WordPress/6.9.4; https://www.wrinkledskinrepair.com"
168.144.95.241 - - [28/Apr/2026:10:34:17 +0000] "GET /wp-login.php?redirect_to=https%3A%2F%2Fwrinkledskinrepair.com%2Fwp-admin%2Findex.php&reauth=1 HTTP/1.1" 200 3409 "https://wrinkledskinrepair.com/wp-login.php" "Mozilla/5.0 (Macintosh; Intel Mac OS X 10_15_7) AppleWebKit/537.36 (KHTML, like Gecko) Chrome/121.0.0.0 Safari/537.36"
168.144.95.241 - - [28/Apr/2026:10:34:18 +0000] "POST /wp-login.php HTTP/1.1" 401 1466 "https://wrinkledskinrepair.com/wp-login.php" "Mozilla/5.0 (Windows NT 10.0; Win64; x64) AppleWebKit/537.36 (KHTML, like Gecko) Chrome/120.0.0.0 Safari/537.36"
184.94.212.206 - - [28/Apr/2026:10:34:21 +0000] "POST /wp-cron.php?doing_wp_cron=1777372461.3988370895385742187500 HTTP/1.1" 200 - "-" "WordPress/6.9.4; https://www.wrinkledskinrepair.com"
168.144.95.241 - - [28/Apr/2026:10:34:20 +0000] "GET /wp-admin/index.php HTTP/1.1" 302 - "https://wrinkledskinrepair.com/wp-login.php" "Mozilla/5.0 (Windows NT 10.0; Win64; x64) AppleWebKit/537.36 (KHTML, like Gecko) Chrome/118.0.0.0 Safari/537.36"
168.144.95.241 - - [28/Apr/2026:10:34:21 +0000] "GET /wp-login.php?redirect_to=https%3A%2F%2Fwrinkledskinrepair.com%2Fwp-admin%2Findex.php&reauth=1 HTTP/1.1" 200 3411 "https://wrinkledskinrepair.com/wp-login.php" "Mozilla/5.0 (Windows NT 10.0; Win64; x64) AppleWebKit/537.36 (KHTML, like Gecko) Chrome/118.0.0.0 Safari/537.36"
168.144.95.241 - - [28/Apr/2026:10:34:23 +0000] "POST /wp-login.php HTTP/1.1" 401 1466 "https://wrinkledskinrepair.com/wp-login.php" "Mozilla/5.0 (Macintosh; Intel Mac OS X 10_15_7) AppleWebKit/605.1.15 (KHTML, like Gecko) Version/17.0 Safari/605.1.15"
168.144.95.241 - - [28/Apr/2026:10:34:24 +0000] "GET /wp-admin/index.php HTTP/1.1" 302 - "https://wrinkledskinrepair.com/wp-login.php" "Mozilla/5.0 (Macintosh; Intel Mac OS X 13_6_1) AppleWebKit/605.1.15 (KHTML, like Gecko) Version/17.1 Safari/605.1.15"
168.144.95.241 - - [28/Apr/2026:10:34:26 +0000] "GET /wp-login.php?redirect_to=https%3A%2F%2Fwrinkledskinrepair.com%2Fwp-admin%2Findex.php&reauth=1 HTTP/1.1" 200 3410 "https://wrinkledskinrepair.com/wp-login.php" "Mozilla/5.0 (Macintosh; Intel Mac OS X 13_6_1) AppleWebKit/605.1.15 (KHTML, like Gecko) Version/17.1 Safari/605.1.15"
168.144.95.241 - - [28/Apr/2026:10:34:27 +0000] "POST /wp-login.php HTTP/1.1" 401 1467 "https://wrinkledskinrepair.com/wp-login.php" "Mozilla/5.0 (Macintosh; Intel Mac OS X 13_6_1) AppleWebKit/605.1.15 (KHTML, like Gecko) Version/16.6 Safari/605.1.15"
168.144.95.241 - - [28/Apr/2026:10:34:28 +0000] "GET /wp-admin/index.php HTTP/1.1" 302 - "https://wrinkledskinrepair.com/wp-login.php" "Mozilla/5.0 (Macintosh; Intel Mac OS X 10_15_7; rv:118.0) Gecko/20100101 Firefox/118.0"
168.144.95.241 - - [28/Apr/2026:10:34:30 +0000] "GET /wp-login.php?redirect_to=https%3A%2F%2Fwrinkledskinrepair.com%2Fwp-admin%2Findex.php&reauth=1 HTTP/1.1" 200 3411 "https://wrinkledskinrepair.com/wp-login.php" "Mozilla/5.0 (Macintosh; Intel Mac OS X 10_15_7; rv:118.0) Gecko/20100101 Firefox/118.0"
18.218.105.220 - - [28/Apr/2026:10:34:30 +0000] "GET /robots.txt HTTP/1.1" 200 127 "-" "Mozilla/5.0 (Macintosh; Intel Mac OS X 10_15_7) AppleWebKit/537.36 (KHTML, like Gecko) Chrome/131.0.0.0 Safari/537.36; ClaudeBot/1.0; +claudebot@anthropic.com)"
168.144.95.241 - - [28/Apr/2026:10:34:31 +0000] "POST /wp-login.php HTTP/1.1" 401 1466 "https://wrinkledskinrepair.com/wp-login.php" "Mozilla/5.0 (Macintosh; Intel Mac OS X 13_6_1; rv:118.0) Gecko/20100101 Firefox/118.0"
18.218.105.220 - - [28/Apr/2026:10:34:31 +0000] "GET /2019/06/06/simple-skin-care-tips-for-everyone-to-use/ HTTP/1.1" 200 53594 "-" "Mozilla/5.0 (Macintosh; Intel Mac OS X 10_15_7) AppleWebKit/537.36 (KHTML, like Gecko) Chrome/131.0.0.0 Safari/537.36; ClaudeBot/1.0; +claudebot@anthropic.com)"
18.218.105.220 - - [28/Apr/2026:10:34:32 +0000] "GET /wp-content/plugins/complianz-gdpr/assets/css/cookieblocker.min.css?ver=1741710170 HTTP/1.1" 200 723 "https://www.wrinkledskinrepair.com/2019/06/06/simple-skin-care-tips-for-everyone-to-use/" "Mozilla/5.0 (Macintosh; Intel Mac OS X 10_15_7) AppleWebKit/537.36 (KHTML, like Gecko) Chrome/131.0.0.0 Safari/537.36; ClaudeBot/1.0; +claudebot@anthropic.com)"
18.218.105.220 - - [28/Apr/2026:10:34:33 +0000] "GET /wp-content/plugins/recent-posts-widget-with-thumbnails/public.css?ver=7.1.1 HTTP/1.1" 200 487 "https://www.wrinkledskinrepair.com/2019/06/06/simple-skin-care-tips-for-everyone-to-use/" "Mozilla/5.0 (Macintosh; Intel Mac OS X 10_15_7) AppleWebKit/537.36 (KHTML, like Gecko) Chrome/131.0.0.0 Safari/537.36; ClaudeBot/1.0; +claudebot@anthropic.com)"
18.218.105.220 - - [28/Apr/2026:10:34:33 +0000] "GET /wp-content/themes/medical-spa/style.css?ver=1.0.7 HTTP/1.1" 200 5745 "https://www.wrinkledskinrepair.com/2019/06/06/simple-skin-care-tips-for-everyone-to-use/" "Mozilla/5.0 (Macintosh; Intel Mac OS X 10_15_7) AppleWebKit/537.36 (KHTML, like Gecko) Chrome/131.0.0.0 Safari/537.36; ClaudeBot/1.0; +claudebot@anthropic.com)"
18.218.105.220 - - [28/Apr/2026:10:34:33 +0000] "GET /wp-content/themes/spa-and-salon/css/perfect-scrollbar.min.css?ver=6.9.4 HTTP/1.1" 200 494 "https://www.wrinkledskinrepair.com/2019/06/06/simple-skin-care-tips-for-everyone-to-use/" "Mozilla/5.0 (Macintosh; Intel Mac OS X 10_15_7) AppleWebKit/537.36 (KHTML, like Gecko) Chrome/131.0.0.0 Safari/537.36; ClaudeBot/1.0; +claudebot@anthropic.com)"
18.218.105.220 - - [28/Apr/2026:10:34:33 +0000] "GET /wp-content/plugins/tablepress/css/build/default.css?ver=3.3 HTTP/1.1" 200 1767 "https://www.wrinkledskinrepair.com/2019/06/06/simple-skin-care-tips-for-everyone-to-use/" "Mozilla/5.0 (Macintosh; Intel Mac OS X 10_15_7) AppleWebKit/537.36 (KHTML, like Gecko) Chrome/131.0.0.0 Safari/537.36; ClaudeBot/1.0; +claudebot@anthropic.com)"
18.218.105.220 - - [28/Apr/2026:10:34:33 +0000] "GET /wp-content/themes/spa-and-salon/style.css?ver=6.9.4 HTTP/1.1" 200 13994 "https://www.wrinkledskinrepair.com/2019/06/06/simple-skin-care-tips-for-everyone-to-use/" "Mozilla/5.0 (Macintosh; Intel Mac OS X 10_15_7) AppleWebKit/537.36 (KHTML, like Gecko) Chrome/131.0.0.0 Safari/537.36; ClaudeBot/1.0; +claudebot@anthropic.com)"
18.218.105.220 - - [28/Apr/2026:10:34:33 +0000] "GET /wp-content/themes/spa-and-salon/css/slick.min.css?ver=6.9.4 HTTP/1.1" 200 490 "https://www.wrinkledskinrepair.com/2019/06/06/simple-skin-care-tips-for-everyone-to-use/" "Mozilla/5.0 (Macintosh; Intel Mac OS X 10_15_7) AppleWebKit/537.36 (KHTML, like Gecko) Chrome/131.0.0.0 Safari/537.36; ClaudeBot/1.0; +claudebot@anthropic.com)"
18.218.105.220 - - [28/Apr/2026:10:34:33 +0000] "GET /wp-content/plugins/jetpack/jetpack_vendor/automattic/jetpack-classic-theme-helper/dist/responsive-videos/responsive-videos.css?minify=false&ver=1a16f71f21c6d197f51b HTTP/1.1" 200 101 "https://www.wrinkledskinrepair.com/2019/06/06/simple-skin-care-tips-for-everyone-to-use/" "Mozilla/5.0 (Macintosh; Intel Mac OS X 10_15_7) AppleWebKit/537.36 (KHTML, like Gecko) Chrome/131.0.0.0 Safari/537.36; ClaudeBot/1.0; +claudebot@anthropic.com)"
18.218.105.220 - - [28/Apr/2026:10:34:33 +0000] "GET /wp-content/plugins/wp-meta-and-date-remover/assets/js/inspector.js?ver=1.1 HTTP/1.1" 200 1455 "https://www.wrinkledskinrepair.com/2019/06/06/simple-skin-care-tips-for-everyone-to-use/" "Mozilla/5.0 (Macintosh; Intel Mac OS X 10_15_7) AppleWebKit/537.36 (KHTML, like Gecko) Chrome/131.0.0.0 Safari/537.36; ClaudeBot/1.0; +claudebot@anthropic.com)"
18.218.105.220 - - [28/Apr/2026:10:34:33 +0000] "GET /wp-content/themes/spa-and-salon/js/v4-shims.min.js?ver=6.5.1 HTTP/1.1" 200 7909 "https://www.wrinkledskinrepair.com/2019/06/06/simple-skin-care-tips-for-everyone-to-use/" "Mozilla/5.0 (Macintosh; Intel Mac OS X 10_15_7) AppleWebKit/537.36 (KHTML, like Gecko) Chrome/131.0.0.0 Safari/537.36; ClaudeBot/1.0; +claudebot@anthropic.com)"
18.218.105.220 - - [28/Apr/2026:10:34:33 +0000] "GET /wp-content/themes/spa-and-salon/js/perfect-scrollbar.min.js?ver=1.0.7 HTTP/1.1" 200 5954 "https://www.wrinkledskinrepair.com/2019/06/06/simple-skin-care-tips-for-everyone-to-use/" "Mozilla/5.0 (Macintosh; Intel Mac OS X 10_15_7) AppleWebKit/537.36 (KHTML, like Gecko) Chrome/131.0.0.0 Safari/537.36; ClaudeBot/1.0; +claudebot@anthropic.com)"
18.218.105.220 - - [28/Apr/2026:10:34:33 +0000] "GET /wp-content/themes/spa-and-salon/js/modal-accessibility.min.js?ver=1.0.7 HTTP/1.1" 200 2033 "https://www.wrinkledskinrepair.com/2019/06/06/simple-skin-care-tips-for-everyone-to-use/" "Mozilla/5.0 (Macintosh; Intel Mac OS X 10_15_7) AppleWebKit/537.36 (KHTML, like Gecko) Chrome/131.0.0.0 Safari/537.36; ClaudeBot/1.0; +claudebot@anthropic.com)"
18.218.105.220 - - [28/Apr/2026:10:34:33 +0000] "GET /wp-content/themes/spa-and-salon/js/slick.min.js?ver=2.6.0 HTTP/1.1" 200 10445 "https://www.wrinkledskinrepair.com/2019/06/06/simple-skin-care-tips-for-everyone-to-use/" "Mozilla/5.0 (Macintosh; Intel Mac OS X 10_15_7) AppleWebKit/537.36 (KHTML, like Gecko) Chrome/131.0.0.0 Safari/537.36; ClaudeBot/1.0; +claudebot@anthropic.com)"
18.218.105.220 - - [28/Apr/2026:10:34:33 +0000] "GET /wp-content/themes/spa-and-salon/js/custom.min.js?ver=1.0.7 HTTP/1.1" 200 567 "https://www.wrinkledskinrepair.com/2019/06/06/simple-skin-care-tips-for-everyone-to-use/" "Mozilla/5.0 (Macintosh; Intel Mac OS X 10_15_7) AppleWebKit/537.36 (KHTML, like Gecko) Chrome/131.0.0.0 Safari/537.36; ClaudeBot/1.0; +claudebot@anthropic.com)"
18.218.105.220 - - [28/Apr/2026:10:34:33 +0000] "GET /wp-content/plugins/jetpack/jetpack_vendor/automattic/jetpack-classic-theme-helper/dist/responsive-videos/responsive-videos.js?minify=false&ver=1a16f71f21c6d197f51b HTTP/1.1" 200 645 "https://www.wrinkledskinrepair.com/2019/06/06/simple-skin-care-tips-for-everyone-to-use/" "Mozilla/5.0 (Macintosh; Intel Mac OS X 10_15_7) AppleWebKit/537.36 (KHTML, like Gecko) Chrome/131.0.0.0 Safari/537.36; ClaudeBot/1.0; +claudebot@anthropic.com)"
18.218.105.220 - - [28/Apr/2026:10:34:33 +0000] "GET /wp-content/plugins/jetpack/_inc/blocks/subscriptions/view.js?minify=false&ver=15.7.1 HTTP/1.1" 200 2286 "https://www.wrinkledskinrepair.com/2019/06/06/simple-skin-care-tips-for-everyone-to-use/" "Mozilla/5.0 (Macintosh; Intel Mac OS X 10_15_7) AppleWebKit/537.36 (KHTML, like Gecko) Chrome/131.0.0.0 Safari/537.36; ClaudeBot/1.0; +claudebot@anthropic.com)"
18.218.105.220 - - [28/Apr/2026:10:34:33 +0000] "GET /wp-content/plugins/wp-consent-api/assets/js/wp-consent-api.min.js?ver=2.0.1 HTTP/1.1" 200 822 "https://www.wrinkledskinrepair.com/2019/06/06/simple-skin-care-tips-for-everyone-to-use/" "Mozilla/5.0 (Macintosh; Intel Mac OS X 10_15_7) AppleWebKit/537.36 (KHTML, like Gecko) Chrome/131.0.0.0 Safari/537.36; ClaudeBot/1.0; +claudebot@anthropic.com)"
18.218.105.220 - - [28/Apr/2026:10:34:33 +0000] "GET /wp-content/plugins/google-site-kit/dist/assets/js/googlesitekit-consent-mode-bc2e26cfa69fcd4a8261.js HTTP/1.1" 200 25395 "https://www.wrinkledskinrepair.com/2019/06/06/simple-skin-care-tips-for-everyone-to-use/" "Mozilla/5.0 (Macintosh; Intel Mac OS X 10_15_7) AppleWebKit/537.36 (KHTML, like Gecko) Chrome/131.0.0.0 Safari/537.36; ClaudeBot/1.0; +claudebot@anthropic.com)"
18.218.105.220 - - [28/Apr/2026:10:34:33 +0000] "GET /wp-content/themes/spa-and-salon/js/all.min.js?ver=6.5.1 HTTP/1.1" 200 542300 "https://www.wrinkledskinrepair.com/2019/06/06/simple-skin-care-tips-for-everyone-to-use/" "Mozilla/5.0 (Macintosh; Intel Mac OS X 10_15_7) AppleWebKit/537.36 (KHTML, like Gecko) Chrome/131.0.0.0 Safari/537.36; ClaudeBot/1.0; +claudebot@anthropic.com)"
114.119.156.95 - - [28/Apr/2026:10:34:32 +0000] "GET /robots.txt HTTP/1.1" 200 127 "-" "Mozilla/5.0 (compatible;PetalBot;+https://webmaster.petalsearch.com/site/petalbot)"
168.144.95.241 - - [28/Apr/2026:10:34:32 +0000] "GET /wp-admin/index.php HTTP/1.1" 302 - "https://wrinkledskinrepair.com/wp-login.php" "Mozilla/5.0 (X11; Ubuntu; Linux x86_64) AppleWebKit/537.36 (KHTML, like Gecko) Chrome/120.0.0.0 Safari/537.36"
168.144.95.241 - - [28/Apr/2026:10:34:34 +0000] "GET /wp-login.php?redirect_to=https%3A%2F%2Fwrinkledskinrepair.com%2Fwp-admin%2Findex.php&reauth=1 HTTP/1.1" 200 3410 "https://wrinkledskinrepair.com/wp-login.php" "Mozilla/5.0 (X11; Ubuntu; Linux x86_64) AppleWebKit/537.36 (KHTML, like Gecko) Chrome/120.0.0.0 Safari/537.36"
18.218.105.220 - - [28/Apr/2026:10:34:35 +0000] "GET /wp-includes/js/wp-emoji-release.min.js?ver=6.9.4 HTTP/1.1" 200 5375 "https://www.wrinkledskinrepair.com/2019/06/06/simple-skin-care-tips-for-everyone-to-use/" "Mozilla/5.0 (Macintosh; Intel Mac OS X 10_15_7) AppleWebKit/537.36 (KHTML, like Gecko) Chrome/131.0.0.0 Safari/537.36; ClaudeBot/1.0; +claudebot@anthropic.com)"
18.218.105.220 - - [28/Apr/2026:10:34:34 +0000] "POST /wp-admin/admin-ajax.php HTTP/1.1" 200 62 "https://www.wrinkledskinrepair.com/2019/06/06/simple-skin-care-tips-for-everyone-to-use/" "Mozilla/5.0 (Macintosh; Intel Mac OS X 10_15_7) AppleWebKit/537.36 (KHTML, like Gecko) Chrome/131.0.0.0 Safari/537.36; ClaudeBot/1.0; +claudebot@anthropic.com)"
18.218.105.220 - - [28/Apr/2026:10:34:34 +0000] "GET /2019/06/06/simple-skin-care-tips-for-everyone-to-use/?relatedposts=1 HTTP/1.1" 200 1166 "https://www.wrinkledskinrepair.com/2019/06/06/simple-skin-care-tips-for-everyone-to-use/" "Mozilla/5.0 (Macintosh; Intel Mac OS X 10_15_7) AppleWebKit/537.36 (KHTML, like Gecko) Chrome/131.0.0.0 Safari/537.36; ClaudeBot/1.0; +claudebot@anthropic.com)"
192.0.102.116 - - [28/Apr/2026:10:34:35 +0000] "GET /wp-content/uploads/2019/06/57e7d5424354a814f6da8c7dda793278143fdef852547440722b7cd4924c_640.jpg HTTP/1.1" 404 135883 "-" "Photon/1.0"
168.144.95.241 - - [28/Apr/2026:10:34:35 +0000] "POST /wp-login.php HTTP/1.1" 401 1467 "https://wrinkledskinrepair.com/wp-login.php" "Mozilla/5.0 (Macintosh; Intel Mac OS X 10_15_7) AppleWebKit/537.36 (KHTML, like Gecko) Chrome/120.0.0.0 Safari/537.36"
168.144.95.241 - - [28/Apr/2026:10:34:37 +0000] "GET /wp-admin/index.php HTTP/1.1" 302 - "https://wrinkledskinrepair.com/wp-login.php" "Mozilla/5.0 (Macintosh; Intel Mac OS X 13_6_1) AppleWebKit/605.1.15 (KHTML, like Gecko) Version/17.0 Safari/605.1.15"
168.144.95.241 - - [28/Apr/2026:10:34:38 +0000] "GET /wp-login.php?redirect_to=https%3A%2F%2Fwrinkledskinrepair.com%2Fwp-admin%2Findex.php&reauth=1 HTTP/1.1" 200 3405 "https://wrinkledskinrepair.com/wp-login.php" "Mozilla/5.0 (Macintosh; Intel Mac OS X 13_6_1) AppleWebKit/605.1.15 (KHTML, like Gecko) Version/17.0 Safari/605.1.15"
192.0.100.107 - - [28/Apr/2026:10:34:39 +0000] "GET /wp-content/uploads/2020/05/amazing_skin_care_advice_you_should_follow-1.jpg HTTP/1.1" 404 135743 "-" "Photon/1.0"
192.0.102.92 - - [28/Apr/2026:10:34:39 +0000] "GET /wp-content/uploads/2020/03/beautiful-face-1.jpg HTTP/1.1" 404 135547 "-" "Photon/1.0"
168.144.95.241 - - [28/Apr/2026:10:34:40 +0000] "POST /wp-login.php HTTP/1.1" 401 1466 "https://wrinkledskinrepair.com/wp-login.php" "Mozilla/5.0 (Macintosh; Intel Mac OS X 13_6_1; rv:119.0) Gecko/20100101 Firefox/119.0"
184.94.212.206 - - [28/Apr/2026:10:34:42 +0000] "POST /wp-cron.php?doing_wp_cron=1777372482.4880409240722656250000 HTTP/1.1" 200 - "-" "WordPress/6.9.4; https://www.wrinkledskinrepair.com"
168.144.95.241 - - [28/Apr/2026:10:34:41 +0000] "GET /wp-admin/index.php HTTP/1.1" 302 - "https://wrinkledskinrepair.com/wp-login.php" "Mozilla/5.0 (Macintosh; Intel Mac OS X 10_15_7; rv:121.0) Gecko/20100101 Firefox/121.0"
168.144.95.241 - - [28/Apr/2026:10:34:42 +0000] "GET /wp-login.php?redirect_to=https%3A%2F%2Fwrinkledskinrepair.com%2Fwp-admin%2Findex.php&reauth=1 HTTP/1.1" 200 3411 "https://wrinkledskinrepair.com/wp-login.php" "Mozilla/5.0 (Macintosh; Intel Mac OS X 10_15_7; rv:121.0) Gecko/20100101 Firefox/121.0"
168.144.95.241 - - [28/Apr/2026:10:34:44 +0000] "POST /wp-login.php HTTP/1.1" 401 1465 "https://wrinkledskinrepair.com/wp-login.php" "Mozilla/5.0 (Windows NT 10.0; Win64; x64) AppleWebKit/537.36 (KHTML, like Gecko) Chrome/118.0.0.0 Safari/537.36"
168.144.95.241 - - [28/Apr/2026:10:34:45 +0000] "GET /wp-admin/index.php HTTP/1.1" 302 - "https://wrinkledskinrepair.com/wp-login.php" "Mozilla/5.0 (Windows NT 10.0; Win64; x64) AppleWebKit/537.36 (KHTML, like Gecko) Chrome/121.0.0.0 Safari/537.36"
168.144.95.241 - - [28/Apr/2026:10:34:47 +0000] "GET /wp-login.php?redirect_to=https%3A%2F%2Fwrinkledskinrepair.com%2Fwp-admin%2Findex.php&reauth=1 HTTP/1.1" 200 3408 "https://wrinkledskinrepair.com/wp-login.php" "Mozilla/5.0 (Windows NT 10.0; Win64; x64) AppleWebKit/537.36 (KHTML, like Gecko) Chrome/121.0.0.0 Safari/537.36"
168.144.95.241 - - [28/Apr/2026:10:34:48 +0000] "POST /wp-login.php HTTP/1.1" 401 1466 "https://wrinkledskinrepair.com/wp-login.php" "Mozilla/5.0 (X11; Ubuntu; Linux x86_64) AppleWebKit/537.36 (KHTML, like Gecko) Chrome/119.0.0.0 Safari/537.36"
168.144.95.241 - - [28/Apr/2026:10:34:49 +0000] "GET /wp-admin/index.php HTTP/1.1" 302 - "https://wrinkledskinrepair.com/wp-login.php" "Mozilla/5.0 (Macintosh; Intel Mac OS X 13_6_1) AppleWebKit/605.1.15 (KHTML, like Gecko) Version/17.1 Safari/605.1.15"
168.144.95.241 - - [28/Apr/2026:10:34:50 +0000] "GET /wp-login.php?redirect_to=https%3A%2F%2Fwrinkledskinrepair.com%2Fwp-admin%2Findex.php&reauth=1 HTTP/1.1" 200 3409 "https://wrinkledskinrepair.com/wp-login.php" "Mozilla/5.0 (Macintosh; Intel Mac OS X 13_6_1) AppleWebKit/605.1.15 (KHTML, like Gecko) Version/17.1 Safari/605.1.15"
168.144.95.241 - - [28/Apr/2026:10:34:52 +0000] "POST /wp-login.php HTTP/1.1" 401 1467 "https://wrinkledskinrepair.com/wp-login.php" "Mozilla/5.0 (Macintosh; Intel Mac OS X 13_6_1) AppleWebKit/605.1.15 (KHTML, like Gecko) Version/17.0 Safari/605.1.15"
168.144.95.241 - - [28/Apr/2026:10:34:53 +0000] "GET /wp-admin/index.php HTTP/1.1" 302 - "https://wrinkledskinrepair.com/wp-login.php" "Mozilla/5.0 (Windows NT 11.0; Win64; x64; rv:119.0) Gecko/20100101 Firefox/119.0"
168.144.95.241 - - [28/Apr/2026:10:34:55 +0000] "GET /wp-login.php?redirect_to=https%3A%2F%2Fwrinkledskinrepair.com%2Fwp-admin%2Findex.php&reauth=1 HTTP/1.1" 200 3410 "https://wrinkledskinrepair.com/wp-login.php" "Mozilla/5.0 (Windows NT 11.0; Win64; x64; rv:119.0) Gecko/20100101 Firefox/119.0"
168.144.95.241 - - [28/Apr/2026:10:34:56 +0000] "POST /wp-login.php HTTP/1.1" 401 1464 "https://wrinkledskinrepair.com/wp-login.php" "Mozilla/5.0 (Windows NT 10.0; Win64; x64; rv:121.0) Gecko/20100101 Firefox/121.0"
168.144.95.241 - - [28/Apr/2026:10:34:57 +0000] "GET /wp-admin/index.php HTTP/1.1" 302 - "https://wrinkledskinrepair.com/wp-login.php" "Mozilla/5.0 (Windows NT 11.0; Win64; x64; rv:121.0) Gecko/20100101 Firefox/121.0"
168.144.95.241 - - [28/Apr/2026:10:34:59 +0000] "GET /wp-login.php?redirect_to=https%3A%2F%2Fwrinkledskinrepair.com%2Fwp-admin%2Findex.php&reauth=1 HTTP/1.1" 200 3411 "https://wrinkledskinrepair.com/wp-login.php" "Mozilla/5.0 (Windows NT 11.0; Win64; x64; rv:121.0) Gecko/20100101 Firefox/121.0"
168.144.95.241 - - [28/Apr/2026:10:35:03 +0000] "POST /wp-login.php HTTP/1.1" 401 1466 "https://wrinkledskinrepair.com/wp-login.php" "Mozilla/5.0 (Windows NT 11.0; Win64; x64) AppleWebKit/537.36 (KHTML, like Gecko) Chrome/118.0.0.0 Safari/537.36"
168.144.95.241 - - [28/Apr/2026:10:35:04 +0000] "GET /wp-admin/index.php HTTP/1.1" 302 - "https://wrinkledskinrepair.com/wp-login.php" "Mozilla/5.0 (Macintosh; Intel Mac OS X 10_15_7) AppleWebKit/605.1.15 (KHTML, like Gecko) Version/17.2 Safari/605.1.15"
184.94.212.206 - - [28/Apr/2026:10:35:08 +0000] "POST /wp-cron.php?doing_wp_cron=1777372508.3515040874481201171875 HTTP/1.1" 200 - "-" "WordPress/6.9.4; https://www.wrinkledskinrepair.com"
168.144.95.241 - - [28/Apr/2026:10:35:07 +0000] "GET /wp-login.php?redirect_to=https%3A%2F%2Fwrinkledskinrepair.com%2Fwp-admin%2Findex.php&reauth=1 HTTP/1.1" 200 3411 "https://wrinkledskinrepair.com/wp-login.php" "Mozilla/5.0 (Macintosh; Intel Mac OS X 10_15_7) AppleWebKit/605.1.15 (KHTML, like Gecko) Version/17.2 Safari/605.1.15"
168.144.95.241 - - [28/Apr/2026:10:35:08 +0000] "POST /wp-login.php HTTP/1.1" 401 1466 "https://wrinkledskinrepair.com/wp-login.php" "Mozilla/5.0 (Macintosh; Intel Mac OS X 13_6_1) AppleWebKit/605.1.15 (KHTML, like Gecko) Version/17.0 Safari/605.1.15"
168.144.95.241 - - [28/Apr/2026:10:35:10 +0000] "GET /wp-admin/index.php HTTP/1.1" 302 - "https://wrinkledskinrepair.com/wp-login.php" "Mozilla/5.0 (Macintosh; Intel Mac OS X 10_15_7) AppleWebKit/605.1.15 (KHTML, like Gecko) Version/17.1 Safari/605.1.15"
168.144.95.241 - - [28/Apr/2026:10:35:12 +0000] "GET /wp-login.php?redirect_to=https%3A%2F%2Fwrinkledskinrepair.com%2Fwp-admin%2Findex.php&reauth=1 HTTP/1.1" 200 3410 "https://wrinkledskinrepair.com/wp-login.php" "Mozilla/5.0 (Macintosh; Intel Mac OS X 10_15_7) AppleWebKit/605.1.15 (KHTML, like Gecko) Version/17.1 Safari/605.1.15"
168.144.95.241 - - [28/Apr/2026:10:35:14 +0000] "POST /wp-login.php HTTP/1.1" 401 1465 "https://wrinkledskinrepair.com/wp-login.php" "Mozilla/5.0 (Windows NT 11.0; Win64; x64) AppleWebKit/537.36 (KHTML, like Gecko) Chrome/121.0.0.0 Safari/537.36"
168.144.95.241 - - [28/Apr/2026:10:35:15 +0000] "GET /wp-admin/index.php HTTP/1.1" 302 - "https://wrinkledskinrepair.com/wp-login.php" "Mozilla/5.0 (Macintosh; Intel Mac OS X 10_15_7) AppleWebKit/605.1.15 (KHTML, like Gecko) Version/17.2 Safari/605.1.15"
184.94.212.206 - - [28/Apr/2026:10:35:18 +0000] "POST /wp-cron.php?doing_wp_cron=1777372518.5686559677124023437500 HTTP/1.1" 200 - "-" "WordPress/6.9.4; https://www.wrinkledskinrepair.com"
168.144.95.241 - - [28/Apr/2026:10:35:17 +0000] "GET /wp-login.php?redirect_to=https%3A%2F%2Fwrinkledskinrepair.com%2Fwp-admin%2Findex.php&reauth=1 HTTP/1.1" 200 3411 "https://wrinkledskinrepair.com/wp-login.php" "Mozilla/5.0 (Macintosh; Intel Mac OS X 10_15_7) AppleWebKit/605.1.15 (KHTML, like Gecko) Version/17.2 Safari/605.1.15"
168.144.95.241 - - [28/Apr/2026:10:35:19 +0000] "POST /wp-login.php HTTP/1.1" 401 1463 "https://wrinkledskinrepair.com/wp-login.php" "Mozilla/5.0 (X11; Linux x86_64) AppleWebKit/537.36 (KHTML, like Gecko) Chrome/120.0.0.0 Safari/537.36"
168.144.95.241 - - [28/Apr/2026:10:35:20 +0000] "GET /wp-admin/index.php HTTP/1.1" 302 - "https://wrinkledskinrepair.com/wp-login.php" "Mozilla/5.0 (Macintosh; Intel Mac OS X 10_15_7; rv:120.0) Gecko/20100101 Firefox/120.0"
