184.94.212.206 - - [27/Apr/2026:20:20:24 +0000] "POST /wp-cron.php?doing_wp_cron=1777321224.1769769191741943359375 HTTP/1.1" 200 - "-" "WordPress/6.9.4; https://www.wrinkledskinrepair.com"
40.67.183.173 - - [27/Apr/2026:20:20:22 +0000] "GET / HTTP/1.1" 301 - "-" "Mozilla/5.0 AppleWebKit/537.36 (KHTML, like Gecko); compatible; ChatGPT-User/1.0; +https://openai.com/bot"
20.169.73.36 - - [27/Apr/2026:20:20:25 +0000] "GET / HTTP/1.1" 301 - "-" "Mozilla/5.0 AppleWebKit/537.36 (KHTML, like Gecko); compatible; ChatGPT-User/1.0; +https://openai.com/bot"
20.169.73.44 - - [27/Apr/2026:20:20:26 +0000] "GET / HTTP/1.1" 200 47737 "-" "Mozilla/5.0 AppleWebKit/537.36 (KHTML, like Gecko); compatible; ChatGPT-User/1.0; +https://openai.com/bot"
20.92.73.174 - - [27/Apr/2026:20:21:02 +0000] "GET /inputs.php HTTP/1.1" 301 - "-" "Mozilla/5.0 (Windows NT 10.0; Win64; x64) AppleWebKit/537.36 (KHTML, like Gecko) Chrome/120.0.0.0 Safari/537.36"
20.92.73.174 - - [27/Apr/2026:20:21:04 +0000] "GET /ioxi-o.php HTTP/1.1" 301 - "-" "Mozilla/5.0 (Windows NT 10.0; Win64; x64) AppleWebKit/537.36 (KHTML, like Gecko) Chrome/120.0.0.0 Safari/537.36"
20.92.73.174 - - [27/Apr/2026:20:21:05 +0000] "GET /function/function.php HTTP/1.1" 301 - "-" "Mozilla/5.0 (Windows NT 10.0; Win64; x64) AppleWebKit/537.36 (KHTML, like Gecko) Chrome/120.0.0.0 Safari/537.36"
20.92.73.174 - - [27/Apr/2026:20:21:06 +0000] "GET /rip.php HTTP/1.1" 301 - "-" "Mozilla/5.0 (Windows NT 10.0; Win64; x64) AppleWebKit/537.36 (KHTML, like Gecko) Chrome/120.0.0.0 Safari/537.36"
20.92.73.174 - - [27/Apr/2026:20:21:08 +0000] "GET /admin.php HTTP/1.1" 301 - "-" "Mozilla/5.0 (Windows NT 10.0; Win64; x64) AppleWebKit/537.36 (KHTML, like Gecko) Chrome/120.0.0.0 Safari/537.36"
20.92.73.174 - - [27/Apr/2026:20:21:09 +0000] "GET /wp-content/uploads/index.php HTTP/1.1" 301 - "-" "Mozilla/5.0 (Windows NT 10.0; Win64; x64) AppleWebKit/537.36 (KHTML, like Gecko) Chrome/120.0.0.0 Safari/537.36"
20.92.73.174 - - [27/Apr/2026:20:21:10 +0000] "GET /cache.php HTTP/1.1" 301 - "-" "Mozilla/5.0 (Windows NT 10.0; Win64; x64) AppleWebKit/537.36 (KHTML, like Gecko) Chrome/120.0.0.0 Safari/537.36"
20.92.73.174 - - [27/Apr/2026:20:21:11 +0000] "GET /themes.php HTTP/1.1" 301 - "-" "Mozilla/5.0 (Windows NT 10.0; Win64; x64) AppleWebKit/537.36 (KHTML, like Gecko) Chrome/120.0.0.0 Safari/537.36"
20.92.73.174 - - [27/Apr/2026:20:21:13 +0000] "GET /an.php HTTP/1.1" 301 - "-" "Mozilla/5.0 (Windows NT 10.0; Win64; x64) AppleWebKit/537.36 (KHTML, like Gecko) Chrome/120.0.0.0 Safari/537.36"
20.92.73.174 - - [27/Apr/2026:20:21:14 +0000] "GET /index/function.php HTTP/1.1" 301 - "-" "Mozilla/5.0 (Windows NT 10.0; Win64; x64) AppleWebKit/537.36 (KHTML, like Gecko) Chrome/120.0.0.0 Safari/537.36"
20.92.73.174 - - [27/Apr/2026:20:21:15 +0000] "GET /randkeyword.PhP7 HTTP/1.1" 301 - "-" "Mozilla/5.0 (Windows NT 10.0; Win64; x64) AppleWebKit/537.36 (KHTML, like Gecko) Chrome/120.0.0.0 Safari/537.36"
184.94.212.206 - - [27/Apr/2026:20:21:18 +0000] "POST /wp-cron.php?doing_wp_cron=1777321278.6005790233612060546875 HTTP/1.1" 200 - "-" "WordPress/6.9.4; https://www.wrinkledskinrepair.com"
114.119.157.239 - - [27/Apr/2026:20:21:16 +0000] "GET /2019/02/25/wonderful-and-wise-ways-to-keep-your-skin-shining/?share=x HTTP/1.1" 302 - "https://www.wrinkledskinrepair.com/2019/02/25/wonderful-and-wise-ways-to-keep-your-skin-shining/" "Mozilla/5.0 (Linux; Android 7.0;) AppleWebKit/537.36 (HTML, like Gecko) Mobile Safari/537.36 (compatible; PetalBot;+https://webmaster.petalsearch.com/site/petalbot)"
20.92.73.174 - - [27/Apr/2026:20:21:16 +0000] "GET /ws.php HTTP/1.1" 301 - "-" "Mozilla/5.0 (Windows NT 10.0; Win64; x64) AppleWebKit/537.36 (KHTML, like Gecko) Chrome/120.0.0.0 Safari/537.36"
20.92.73.174 - - [27/Apr/2026:20:21:19 +0000] "GET /404.php HTTP/1.1" 301 - "-" "Mozilla/5.0 (Windows NT 10.0; Win64; x64) AppleWebKit/537.36 (KHTML, like Gecko) Chrome/120.0.0.0 Safari/537.36"
20.92.73.174 - - [27/Apr/2026:20:21:20 +0000] "GET /wp-admin/user.php HTTP/1.1" 301 - "-" "Mozilla/5.0 (Windows NT 10.0; Win64; x64) AppleWebKit/537.36 (KHTML, like Gecko) Chrome/120.0.0.0 Safari/537.36"
20.92.73.174 - - [27/Apr/2026:20:21:22 +0000] "GET /wp-conf.php HTTP/1.1" 301 - "-" "Mozilla/5.0 (Windows NT 10.0; Win64; x64) AppleWebKit/537.36 (KHTML, like Gecko) Chrome/120.0.0.0 Safari/537.36"
216.73.216.121 - - [27/Apr/2026:20:21:21 +0000] "GET /sitemap.xml HTTP/1.1" 200 407 "-" "Mozilla/5.0 AppleWebKit/537.36 (KHTML, like Gecko; compatible; ClaudeBot/1.0; +claudebot@anthropic.com)"
20.92.73.174 - - [27/Apr/2026:20:21:23 +0000] "GET /wp-content/themes/hideo/network.php HTTP/1.1" 301 - "-" "Mozilla/5.0 (Windows NT 10.0; Win64; x64) AppleWebKit/537.36 (KHTML, like Gecko) Chrome/120.0.0.0 Safari/537.36"
20.92.73.174 - - [27/Apr/2026:20:21:25 +0000] "GET /wp-login.php HTTP/1.1" 200 3331 "-" "Mozilla/5.0 (Windows NT 10.0; Win64; x64) AppleWebKit/537.36 (KHTML, like Gecko) Chrome/120.0.0.0 Safari/537.36"
20.92.73.174 - - [27/Apr/2026:20:21:26 +0000] "GET /abc.php HTTP/1.1" 301 - "-" "Mozilla/5.0 (Windows NT 10.0; Win64; x64) AppleWebKit/537.36 (KHTML, like Gecko) Chrome/120.0.0.0 Safari/537.36"
20.92.73.174 - - [27/Apr/2026:20:21:27 +0000] "GET /abcd.php HTTP/1.1" 301 - "-" "Mozilla/5.0 (Windows NT 10.0; Win64; x64) AppleWebKit/537.36 (KHTML, like Gecko) Chrome/120.0.0.0 Safari/537.36"
20.92.73.174 - - [27/Apr/2026:20:21:29 +0000] "GET /as.php HTTP/1.1" 301 - "-" "Mozilla/5.0 (Windows NT 10.0; Win64; x64) AppleWebKit/537.36 (KHTML, like Gecko) Chrome/120.0.0.0 Safari/537.36"
20.92.73.174 - - [27/Apr/2026:20:21:31 +0000] "GET /wp-trackback.php HTTP/1.1" 404 130 "-" "Mozilla/5.0 (Windows NT 10.0; Win64; x64) AppleWebKit/537.36 (KHTML, like Gecko) Chrome/120.0.0.0 Safari/537.36"
20.92.73.174 - - [27/Apr/2026:20:21:32 +0000] "GET /about.php HTTP/1.1" 301 - "-" "Mozilla/5.0 (Windows NT 10.0; Win64; x64) AppleWebKit/537.36 (KHTML, like Gecko) Chrome/120.0.0.0 Safari/537.36"
20.92.73.174 - - [27/Apr/2026:20:21:34 +0000] "GET /file.php HTTP/1.1" 301 - "-" "Mozilla/5.0 (Windows NT 10.0; Win64; x64) AppleWebKit/537.36 (KHTML, like Gecko) Chrome/120.0.0.0 Safari/537.36"
20.92.73.174 - - [27/Apr/2026:20:21:35 +0000] "GET /adminfuns.php HTTP/1.1" 301 - "-" "Mozilla/5.0 (Windows NT 10.0; Win64; x64) AppleWebKit/537.36 (KHTML, like Gecko) Chrome/120.0.0.0 Safari/537.36"
20.92.73.174 - - [27/Apr/2026:20:21:37 +0000] "GET /wp-good.php HTTP/1.1" 301 - "-" "Mozilla/5.0 (Windows NT 10.0; Win64; x64) AppleWebKit/537.36 (KHTML, like Gecko) Chrome/120.0.0.0 Safari/537.36"
20.92.73.174 - - [27/Apr/2026:20:21:38 +0000] "GET /xmlrpc.php HTTP/1.1" 301 - "-" "Mozilla/5.0 (Windows NT 10.0; Win64; x64) AppleWebKit/537.36 (KHTML, like Gecko) Chrome/120.0.0.0 Safari/537.36"
20.92.73.174 - - [27/Apr/2026:20:21:40 +0000] "GET /goods.php HTTP/1.1" 301 - "-" "Mozilla/5.0 (Windows NT 10.0; Win64; x64) AppleWebKit/537.36 (KHTML, like Gecko) Chrome/120.0.0.0 Safari/537.36"
20.92.73.174 - - [27/Apr/2026:20:21:41 +0000] "GET /class-t.api.php HTTP/1.1" 301 - "-" "Mozilla/5.0 (Windows NT 10.0; Win64; x64) AppleWebKit/537.36 (KHTML, like Gecko) Chrome/120.0.0.0 Safari/537.36"
20.92.73.174 - - [27/Apr/2026:20:21:42 +0000] "GET /sf.php HTTP/1.1" 301 - "-" "Mozilla/5.0 (Windows NT 10.0; Win64; x64) AppleWebKit/537.36 (KHTML, like Gecko) Chrome/120.0.0.0 Safari/537.36"
20.92.73.174 - - [27/Apr/2026:20:21:44 +0000] "GET /kbfr.php HTTP/1.1" 301 - "-" "Mozilla/5.0 (Windows NT 10.0; Win64; x64) AppleWebKit/537.36 (KHTML, like Gecko) Chrome/120.0.0.0 Safari/537.36"
20.92.73.174 - - [27/Apr/2026:20:21:45 +0000] "GET /autoload_classmap.php HTTP/1.1" 301 - "-" "Mozilla/5.0 (Windows NT 10.0; Win64; x64) AppleWebKit/537.36 (KHTML, like Gecko) Chrome/120.0.0.0 Safari/537.36"
20.92.73.174 - - [27/Apr/2026:20:21:46 +0000] "GET /chosen.php?p= HTTP/1.1" 301 - "-" "Mozilla/5.0 (Windows NT 10.0; Win64; x64) AppleWebKit/537.36 (KHTML, like Gecko) Chrome/120.0.0.0 Safari/537.36"
20.92.73.174 - - [27/Apr/2026:20:21:47 +0000] "GET /classwithtostring.php HTTP/1.1" 301 - "-" "Mozilla/5.0 (Windows NT 10.0; Win64; x64) AppleWebKit/537.36 (KHTML, like Gecko) Chrome/120.0.0.0 Safari/537.36"
20.92.73.174 - - [27/Apr/2026:20:21:49 +0000] "GET /defaults.php HTTP/1.1" 301 - "-" "Mozilla/5.0 (Windows NT 10.0; Win64; x64) AppleWebKit/537.36 (KHTML, like Gecko) Chrome/120.0.0.0 Safari/537.36"
20.92.73.174 - - [27/Apr/2026:20:21:50 +0000] "GET /.well-known/ HTTP/1.1" 301 - "-" "Mozilla/5.0 (Windows NT 10.0; Win64; x64) AppleWebKit/537.36 (KHTML, like Gecko) Chrome/120.0.0.0 Safari/537.36"
20.92.73.174 - - [27/Apr/2026:20:21:52 +0000] "GET /info.php HTTP/1.1" 301 - "-" "Mozilla/5.0 (Windows NT 10.0; Win64; x64) AppleWebKit/537.36 (KHTML, like Gecko) Chrome/120.0.0.0 Safari/537.36"
20.92.73.174 - - [27/Apr/2026:20:21:53 +0000] "GET /cgi-bin/ HTTP/1.1" 301 - "-" "Mozilla/5.0 (Windows NT 10.0; Win64; x64) AppleWebKit/537.36 (KHTML, like Gecko) Chrome/120.0.0.0 Safari/537.36"
20.92.73.174 - - [27/Apr/2026:20:21:54 +0000] "GET /wp-includes/Requests/src/Response/about.php HTTP/1.1" 301 - "-" "Mozilla/5.0 (Windows NT 10.0; Win64; x64) AppleWebKit/537.36 (KHTML, like Gecko) Chrome/120.0.0.0 Safari/537.36"
20.92.73.174 - - [27/Apr/2026:20:21:56 +0000] "GET /wp-includes/html-api/ HTTP/1.1" 301 - "-" "Mozilla/5.0 (Windows NT 10.0; Win64; x64) AppleWebKit/537.36 (KHTML, like Gecko) Chrome/120.0.0.0 Safari/537.36"
20.92.73.174 - - [27/Apr/2026:20:21:57 +0000] "GET /wp-content/admin.php HTTP/1.1" 301 - "-" "Mozilla/5.0 (Windows NT 10.0; Win64; x64) AppleWebKit/537.36 (KHTML, like Gecko) Chrome/120.0.0.0 Safari/537.36"
20.92.73.174 - - [27/Apr/2026:20:21:58 +0000] "GET /wp-admin/css/colors/ectoplasm/ HTTP/1.1" 301 - "-" "Mozilla/5.0 (Windows NT 10.0; Win64; x64) AppleWebKit/537.36 (KHTML, like Gecko) Chrome/120.0.0.0 Safari/537.36"
20.92.73.174 - - [27/Apr/2026:20:22:00 +0000] "GET /wp-content/uploads/ HTTP/1.1" 301 - "-" "Mozilla/5.0 (Windows NT 10.0; Win64; x64) AppleWebKit/537.36 (KHTML, like Gecko) Chrome/120.0.0.0 Safari/537.36"
20.92.73.174 - - [27/Apr/2026:20:22:01 +0000] "GET /wp-content/themes/admin.php HTTP/1.1" 301 - "-" "Mozilla/5.0 (Windows NT 10.0; Win64; x64) AppleWebKit/537.36 (KHTML, like Gecko) Chrome/120.0.0.0 Safari/537.36"
20.92.73.174 - - [27/Apr/2026:20:22:03 +0000] "GET /wp-content/themes/index.php HTTP/1.1" 200 - "-" "Mozilla/5.0 (Windows NT 10.0; Win64; x64) AppleWebKit/537.36 (KHTML, like Gecko) Chrome/120.0.0.0 Safari/537.36"
20.92.73.174 - - [27/Apr/2026:20:22:03 +0000] "GET /wp-content/plugins/index.php HTTP/1.1" 200 - "-" "Mozilla/5.0 (Windows NT 10.0; Win64; x64) AppleWebKit/537.36 (KHTML, like Gecko) Chrome/120.0.0.0 Safari/537.36"
20.92.73.174 - - [27/Apr/2026:20:22:03 +0000] "GET /wp-includes/PHPMailer/ HTTP/1.1" 301 - "-" "Mozilla/5.0 (Windows NT 10.0; Win64; x64) AppleWebKit/537.36 (KHTML, like Gecko) Chrome/120.0.0.0 Safari/537.36"
20.92.73.174 - - [27/Apr/2026:20:22:05 +0000] "GET /wp-includes/images/ HTTP/1.1" 301 - "-" "Mozilla/5.0 (Windows NT 10.0; Win64; x64) AppleWebKit/537.36 (KHTML, like Gecko) Chrome/120.0.0.0 Safari/537.36"
20.92.73.174 - - [27/Apr/2026:20:22:06 +0000] "GET /wp-content/plugins/WordPressCore/ HTTP/1.1" 301 - "-" "Mozilla/5.0 (Windows NT 10.0; Win64; x64) AppleWebKit/537.36 (KHTML, like Gecko) Chrome/120.0.0.0 Safari/537.36"
184.94.212.206 - - [27/Apr/2026:20:23:24 +0000] "POST /wp-cron.php?doing_wp_cron=1777321404.6364068984985351562500 HTTP/1.1" 200 - "-" "WordPress/6.9.4; https://www.wrinkledskinrepair.com"
57.141.18.42 - - [27/Apr/2026:20:23:22 +0000] "GET /2020/06/25/tips-on-how-to-achieve-radiant-skin/ HTTP/1.1" 200 186840 "-" "meta-externalagent/1.1 (+https://developers.facebook.com/docs/sharing/webmasters/crawler)"
65.19.141.115 - - [27/Apr/2026:20:23:49 +0000] "GET / HTTP/1.1" 301 - "-" "Mozilla/5.0 (Macintosh; Intel Mac OS X 10_15_7) AppleWebKit/537.36 (KHTML, like Gecko) Chrome/146.0.7680.165 Safari/537.36"
114.119.144.64 - - [27/Apr/2026:20:23:51 +0000] "GET /2019/02/24/easy-help-for-common-skin-care-problems?share=x HTTP/1.1" 302 - "http://www.wrinkledskinrepair.com/wrinkle-treatment/easy-help-for-common-skin-care-problems" "Mozilla/5.0 (Linux; Android 7.0;) AppleWebKit/537.36 (HTML, like Gecko) Mobile Safari/537.36 (compatible; PetalBot;+https://webmaster.petalsearch.com/site/petalbot)"
85.235.74.161 - - [27/Apr/2026:20:23:56 +0000] "GET /wp-login.php HTTP/1.1" 200 4401 "-" "Mozilla/5.0 (X11; CrOS x86_64 10323.62.0) AppleWebKit/537.36 (KHTML, like Gecko) Chrome/65.0.3325.184 Safari/537.36"
85.235.74.161 - - [27/Apr/2026:20:23:58 +0000] "POST /wp-login.php HTTP/1.1" 200 4401 "https://www.wrinkledskinrepair.com/wp-login.php" "Mozilla/5.0 (X11; CrOS x86_64 10323.62.0) AppleWebKit/537.36 (KHTML, like Gecko) Chrome/65.0.3325.184 Safari/537.36"
192.0.102.146 - - [27/Apr/2026:20:24:04 +0000] "HEAD / HTTP/1.1" 200 - "-" "jetmon/1.0 (Jetpack Site Uptime Monitor by WordPress.com)"
184.94.212.206 - - [27/Apr/2026:20:25:07 +0000] "POST /wp-cron.php?doing_wp_cron=1777321507.7878649234771728515625 HTTP/1.1" 200 - "-" "WordPress/6.9.4; https://www.wrinkledskinrepair.com"
57.141.18.63 - - [27/Apr/2026:20:25:05 +0000] "GET /tag/skin-looks/ HTTP/1.1" 200 156022 "-" "meta-externalagent/1.1 (+https://developers.facebook.com/docs/sharing/webmasters/crawler)"
184.94.212.206 - - [27/Apr/2026:20:25:59 +0000] "POST /wp-cron.php?doing_wp_cron=1777321559.4918448925018310546875 HTTP/1.1" 200 - "-" "WordPress/6.9.4; https://www.wrinkledskinrepair.com"
20.215.220.176 - - [27/Apr/2026:20:25:57 +0000] "GET / HTTP/1.1" 301 - "-" "Mozilla/5.0 AppleWebKit/537.36 (KHTML, like Gecko); compatible; ChatGPT-User/1.0; +https://openai.com/bot"
184.94.212.206 - - [27/Apr/2026:20:26:37 +0000] "POST /wp-cron.php?doing_wp_cron=1777321597.8027000427246093750000 HTTP/1.1" 200 - "-" "WordPress/6.9.4; https://www.wrinkledskinrepair.com"
114.119.145.116 - - [27/Apr/2026:20:26:36 +0000] "GET /2019/02/24/easy-help-for-common-skin-care-problems/ HTTP/1.1" 200 53126 "https://www.wrinkledskinrepair.com/blog/page/23" "Mozilla/5.0 (Linux; Android 7.0;) AppleWebKit/537.36 (HTML, like Gecko) Mobile Safari/537.36 (compatible; PetalBot;+https://webmaster.petalsearch.com/site/petalbot)"
184.94.212.206 - - [27/Apr/2026:20:27:21 +0000] "POST /wp-cron.php?doing_wp_cron=1777321641.2062029838562011718750 HTTP/1.1" 200 - "-" "WordPress/6.9.4; https://www.wrinkledskinrepair.com"
57.141.18.48 - - [27/Apr/2026:20:27:19 +0000] "GET /tag/uv-rays/ HTTP/1.1" 200 169512 "-" "meta-externalagent/1.1 (+https://developers.facebook.com/docs/sharing/webmasters/crawler)"
184.94.212.206 - - [27/Apr/2026:20:28:36 +0000] "POST /wp-cron.php?doing_wp_cron=1777321716.5896420478820800781250 HTTP/1.1" 200 - "-" "WordPress/6.9.4; https://www.wrinkledskinrepair.com"
57.141.18.33 - - [27/Apr/2026:20:28:34 +0000] "GET /2019/05/07/learn-to-understand-your-skin-and-care-for-it-properly-2/ HTTP/1.1" 200 186413 "-" "meta-externalagent/1.1 (+https://developers.facebook.com/docs/sharing/webmasters/crawler)"
192.0.102.146 - - [27/Apr/2026:20:29:04 +0000] "HEAD / HTTP/1.1" 200 - "-" "jetmon/1.0 (Jetpack Site Uptime Monitor by WordPress.com)"
114.119.144.64 - - [27/Apr/2026:20:29:12 +0000] "GET /2019/02/22/take-care-of-your-skin-by-following-these-ideas/ HTTP/1.1" 200 53871 "https://www.wrinkledskinrepair.com/tag/skin-condition/" "Mozilla/5.0 (Linux; Android 7.0;) AppleWebKit/537.36 (HTML, like Gecko) Mobile Safari/537.36 (compatible; PetalBot;+https://webmaster.petalsearch.com/site/petalbot)"
184.94.212.206 - - [27/Apr/2026:20:31:08 +0000] "POST /wp-cron.php?doing_wp_cron=1777321868.7552859783172607421875 HTTP/1.1" 200 - "-" "WordPress/6.9.4; https://www.wrinkledskinrepair.com"
57.141.18.67 - - [27/Apr/2026:20:31:06 +0000] "GET /tag/contain-sunscreen/ HTTP/1.1" 200 155077 "-" "meta-externalagent/1.1 (+https://developers.facebook.com/docs/sharing/webmasters/crawler)"
184.94.212.206 - - [27/Apr/2026:20:31:21 +0000] "POST /wp-cron.php?doing_wp_cron=1777321881.0477530956268310546875 HTTP/1.1" 200 - "-" "WordPress/6.9.4; https://www.wrinkledskinrepair.com"
15.235.96.187 - - [27/Apr/2026:20:31:19 +0000] "GET /tag/prevent-premature/ HTTP/1.1" 200 45603 "-" "Mozilla/5.0 (compatible; AhrefsBot/7.0; +http://ahrefs.com/robot/)"
114.119.145.116 - - [27/Apr/2026:20:31:58 +0000] "GET /2019/02/21/useful-beauty-tips-for-great-skin-care-2 HTTP/1.1" 301 - "https://www.wrinkledskinrepair.com/tag/contain-sunscreen" "Mozilla/5.0 (Linux; Android 7.0;) AppleWebKit/537.36 (HTML, like Gecko) Mobile Safari/537.36 (compatible; PetalBot;+https://webmaster.petalsearch.com/site/petalbot)"
114.119.145.116 - - [27/Apr/2026:20:31:59 +0000] "GET /2019/02/21/useful-beauty-tips-for-great-skin-care-2/ HTTP/1.1" 200 53622 "https://www.wrinkledskinrepair.com/tag/contain-sunscreen" "Mozilla/5.0 (Linux; Android 7.0;) AppleWebKit/537.36 (HTML, like Gecko) Mobile Safari/537.36 (compatible; PetalBot;+https://webmaster.petalsearch.com/site/petalbot)"
184.94.212.206 - - [27/Apr/2026:20:33:26 +0000] "POST /wp-cron.php?doing_wp_cron=1777322006.1176760196685791015625 HTTP/1.1" 200 - "-" "WordPress/6.9.4; https://www.wrinkledskinrepair.com"
57.141.18.90 - - [27/Apr/2026:20:33:24 +0000] "GET /tag/fine-lines/ HTTP/1.1" 200 154915 "-" "meta-externalagent/1.1 (+https://developers.facebook.com/docs/sharing/webmasters/crawler)"
192.0.102.146 - - [27/Apr/2026:20:34:05 +0000] "HEAD / HTTP/1.1" 200 - "-" "jetmon/1.0 (Jetpack Site Uptime Monitor by WordPress.com)"
184.94.212.206 - - [27/Apr/2026:20:34:35 +0000] "POST /wp-cron.php?doing_wp_cron=1777322075.1013131141662597656250 HTTP/1.1" 200 - "-" "WordPress/6.9.4; https://www.wrinkledskinrepair.com"
57.141.18.62 - - [27/Apr/2026:20:34:33 +0000] "GET /tag/dark-circles/ HTTP/1.1" 200 152795 "-" "meta-externalagent/1.1 (+https://developers.facebook.com/docs/sharing/webmasters/crawler)"
114.119.144.17 - - [27/Apr/2026:20:34:39 +0000] "GET /contact/?share=facebook HTTP/1.1" 302 - "https://www.wrinkledskinrepair.com/contact/" "Mozilla/5.0 (Linux; Android 7.0;) AppleWebKit/537.36 (HTML, like Gecko) Mobile Safari/537.36 (compatible; PetalBot;+https://webmaster.petalsearch.com/site/petalbot)"
184.94.212.206 - - [27/Apr/2026:20:34:43 +0000] "POST /wp-cron.php?doing_wp_cron=1777322083.3008890151977539062500 HTTP/1.1" 200 - "-" "WordPress/6.9.4; https://www.wrinkledskinrepair.com"
115.45.40.103 - - [27/Apr/2026:20:34:42 +0000] "GET /robots.txt HTTP/1.1" 301 - "-" "Mozilla/5.0 (Windows NT 10.0; Win64; x64) AppleWebKit/537.36 (KHTML, like Gecko) Chrome/81.0.3933.55 Safari/537.36"
116.76.38.229 - - [27/Apr/2026:20:34:45 +0000] "GET /robots.txt HTTP/1.1" 200 127 "-" "Mozilla/5.0 (Windows NT 10.0; Win64; x64) AppleWebKit/537.36 (KHTML, like Gecko) Chrome/81.0.3933.55 Safari/537.36"
184.94.212.206 - - [27/Apr/2026:20:36:28 +0000] "POST /wp-cron.php?doing_wp_cron=1777322188.8808910846710205078125 HTTP/1.1" 200 - "-" "WordPress/6.9.4; https://www.wrinkledskinrepair.com"
57.141.18.3 - - [27/Apr/2026:20:36:26 +0000] "GET /tag/harsh-scrubbing/ HTTP/1.1" 200 152301 "-" "meta-externalagent/1.1 (+https://developers.facebook.com/docs/sharing/webmasters/crawler)"
184.94.212.206 - - [27/Apr/2026:20:37:27 +0000] "POST /wp-cron.php?doing_wp_cron=1777322247.2449929714202880859375 HTTP/1.1" 200 - "-" "WordPress/6.9.4; https://www.wrinkledskinrepair.com"
68.183.26.200 - - [27/Apr/2026:20:37:25 +0000] "GET /2020/05/02/care-for-your-skin-care-problems-using-these-tips-2/480,640 HTTP/1.1" 404 42503 "https://www.wrinkledskinrepair.com/" "Mozilla/5.0 (Windows NT 10.0; Win64; x64) AppleWebKit/537.36 (KHTML, like Gecko) Chrome/133.0.0.0 Safari/537.36"
14.162.232.174 - - [27/Apr/2026:20:37:29 +0000] "GET /2020/05/02/care-for-your-skin-care-problems-using-these-tips-2/480,640 HTTP/1.1" 404 42503 "https://www.wrinkledskinrepair.com/" "Mozilla/5.0 (Windows NT 10.0; Win64; x64) AppleWebKit/537.36 (KHTML, like Gecko) Chrome/133.0.0.0 Safari/537.36"
57.141.18.59 - - [27/Apr/2026:20:37:30 +0000] "GET /2019/05/28/learn-to-understand-your-skin-and-care-for-it-properly-3/ HTTP/1.1" 200 187490 "-" "meta-externalagent/1.1 (+https://developers.facebook.com/docs/sharing/webmasters/crawler)"
184.94.212.206 - - [27/Apr/2026:20:37:32 +0000] "POST /wp-cron.php?doing_wp_cron=1777322252.4852499961853027343750 HTTP/1.1" 200 - "-" "WordPress/6.9.4; https://www.wrinkledskinrepair.com"
57.141.18.5 - - [27/Apr/2026:20:37:31 +0000] "GET /tag/antiagingskin/ HTTP/1.1" 200 153952 "-" "meta-externalagent/1.1 (+https://developers.facebook.com/docs/sharing/webmasters/crawler)"
57.141.18.35 - - [27/Apr/2026:20:38:00 +0000] "GET /2019/03/03/healthy-skin-is-possible-with-these-smart-tips/ HTTP/1.1" 200 187364 "-" "meta-externalagent/1.1 (+https://developers.facebook.com/docs/sharing/webmasters/crawler)"
184.94.212.206 - - [27/Apr/2026:20:38:35 +0000] "POST /wp-cron.php?doing_wp_cron=1777322315.7194280624389648437500 HTTP/1.1" 200 - "-" "WordPress/6.9.4; https://www.wrinkledskinrepair.com"
57.141.18.104 - - [27/Apr/2026:20:38:34 +0000] "GET /tag/getting-older/ HTTP/1.1" 200 154734 "-" "meta-externalagent/1.1 (+https://developers.facebook.com/docs/sharing/webmasters/crawler)"
51.68.107.137 - - [27/Apr/2026:20:38:41 +0000] "GET /robots.txt HTTP/1.1" 200 127 "-" "Mozilla/5.0 (compatible; MJ12bot/v2.0.5; http://mj12bot.com/)"
51.68.107.137 - - [27/Apr/2026:20:38:45 +0000] "GET / HTTP/1.1" 403 47737 "-" "Mozilla/5.0 (compatible; MJ12bot/v2.0.5; http://mj12bot.com/)"
192.0.102.146 - - [27/Apr/2026:20:39:04 +0000] "HEAD / HTTP/1.1" 200 - "-" "jetmon/1.0 (Jetpack Site Uptime Monitor by WordPress.com)"
176.241.84.106 - - [27/Apr/2026:20:39:06 +0000] "GET /tag/wearing-sunscreen/ HTTP/1.1" 301 - "-" "Mozilla/5.0 (Macintosh; Intel Mac OS X 11_7_0) AppleWebKit/537.36 (KHTML, like Gecko) Chrome/134.0.6998.88 Safari/537.36"
57.141.18.27 - - [27/Apr/2026:20:39:06 +0000] "GET /2018/08/23/the-easy-way-to-attain-perfect-skin/ HTTP/1.1" 200 187227 "-" "meta-externalagent/1.1 (+https://developers.facebook.com/docs/sharing/webmasters/crawler)"
109.221.216.170 - - [27/Apr/2026:20:39:10 +0000] "GET /tag/wearing-sunscreen/ HTTP/1.1" 200 48240 "-" "Mozilla/5.0 (Macintosh; Intel Mac OS X 11_7_0) AppleWebKit/537.36 (KHTML, like Gecko) Chrome/134.0.6998.88 Safari/537.36"
184.94.212.206 - - [27/Apr/2026:20:40:16 +0000] "POST /wp-cron.php?doing_wp_cron=1777322416.0670650005340576171875 HTTP/1.1" 200 - "-" "WordPress/6.9.4; https://www.wrinkledskinrepair.com"
114.119.142.210 - - [27/Apr/2026:20:40:12 +0000] "GET /category/wrinkle-reducer/ HTTP/1.1" 200 46241 "https://www.wrinkledskinrepair.com/category/wrinkle-treatment/page/30/" "Mozilla/5.0 (Linux; Android 7.0;) AppleWebKit/537.36 (HTML, like Gecko) Mobile Safari/537.36 (compatible; PetalBot;+https://webmaster.petalsearch.com/site/petalbot)"
57.141.18.88 - - [27/Apr/2026:20:40:25 +0000] "GET /category/wrinkle-cream/ HTTP/1.1" 200 161392 "-" "meta-externalagent/1.1 (+https://developers.facebook.com/docs/sharing/webmasters/crawler)"
57.141.18.34 - - [27/Apr/2026:20:40:33 +0000] "GET /2018/08/13/advice-for-skin-care-2/ HTTP/1.1" 200 185603 "-" "meta-externalagent/1.1 (+https://developers.facebook.com/docs/sharing/webmasters/crawler)"
184.94.212.206 - - [27/Apr/2026:20:41:26 +0000] "POST /wp-cron.php?doing_wp_cron=1777322486.1857841014862060546875 HTTP/1.1" 200 - "-" "WordPress/6.9.4; https://www.wrinkledskinrepair.com"
57.141.18.19 - - [27/Apr/2026:20:41:24 +0000] "GET /tag/getting-rid/ HTTP/1.1" 200 158760 "-" "meta-externalagent/1.1 (+https://developers.facebook.com/docs/sharing/webmasters/crawler)"
57.141.18.6 - - [27/Apr/2026:20:41:42 +0000] "GET /2025/11/08/laser-treatment-for-wrinkled-skin-cost-and-results/ HTTP/1.1" 200 199300 "-" "meta-externalagent/1.1 (+https://developers.facebook.com/docs/sharing/webmasters/crawler)"
184.94.212.206 - - [27/Apr/2026:20:42:56 +0000] "POST /wp-cron.php?doing_wp_cron=1777322576.1587059497833251953125 HTTP/1.1" 200 - "-" "WordPress/6.9.4; https://www.wrinkledskinrepair.com"
114.119.146.179 - - [27/Apr/2026:20:42:54 +0000] "GET /author/beautyoftheworld/page/29/ HTTP/1.1" 200 48823 "https://www.wrinkledskinrepair.com/author/beautyoftheworld/page/29/" "Mozilla/5.0 (Linux; Android 7.0;) AppleWebKit/537.36 (HTML, like Gecko) Mobile Safari/537.36 (compatible; PetalBot;+https://webmaster.petalsearch.com/site/petalbot)"
184.94.212.206 - - [27/Apr/2026:20:43:28 +0000] "POST /wp-cron.php?doing_wp_cron=1777322608.1039791107177734375000 HTTP/1.1" 200 - "-" "WordPress/6.9.4; https://www.wrinkledskinrepair.com"
196.64.77.50 - - [27/Apr/2026:20:43:26 +0000] "GET /tag/protein-cells/page/2/ HTTP/1.1" 200 48755 "-" "Mozilla/5.0 (Windows NT 6.2; WOW64) AppleWebKit/537.36 (KHTML, like Gecko) Chrome/30.0.1599.17 Safari/537.36"
192.0.102.146 - - [27/Apr/2026:20:44:04 +0000] "HEAD / HTTP/1.1" 200 - "-" "jetmon/1.0 (Jetpack Site Uptime Monitor by WordPress.com)"
184.94.212.206 - - [27/Apr/2026:20:45:47 +0000] "POST /wp-cron.php?doing_wp_cron=1777322747.7808330059051513671875 HTTP/1.1" 200 - "-" "WordPress/6.9.4; https://www.wrinkledskinrepair.com"
57.141.18.108 - - [27/Apr/2026:20:45:45 +0000] "GET /2018/05/20/things-to-follow-in-order-to-look-young/ HTTP/1.1" 200 187196 "-" "meta-externalagent/1.1 (+https://developers.facebook.com/docs/sharing/webmasters/crawler)"
114.119.144.17 - - [27/Apr/2026:20:45:53 +0000] "GET /anti-spam-policy?share=x HTTP/1.1" 302 - "https://www.wrinkledskinrepair.com/anti-spam-policy" "Mozilla/5.0 (Linux; Android 7.0;) AppleWebKit/537.36 (HTML, like Gecko) Mobile Safari/537.36 (compatible; PetalBot;+https://webmaster.petalsearch.com/site/petalbot)"
184.94.212.206 - - [27/Apr/2026:20:48:38 +0000] "POST /wp-cron.php?doing_wp_cron=1777322918.0199460983276367187500 HTTP/1.1" 200 - "-" "WordPress/6.9.4; https://www.wrinkledskinrepair.com"
114.119.144.17 - - [27/Apr/2026:20:48:36 +0000] "GET /2020/04/11/tips-to-take-care-of-your-skin-better/?share=x HTTP/1.1" 302 - "https://www.wrinkledskinrepair.com/2020/04/11/tips-to-take-care-of-your-skin-better" "Mozilla/5.0 (Linux; Android 7.0;) AppleWebKit/537.36 (HTML, like Gecko) Mobile Safari/537.36 (compatible; PetalBot;+https://webmaster.petalsearch.com/site/petalbot)"
57.141.18.22 - - [27/Apr/2026:20:48:45 +0000] "GET /2020/05/03/amazing-skin-care-advice-you-should-follow-2/ HTTP/1.1" 200 187585 "-" "meta-externalagent/1.1 (+https://developers.facebook.com/docs/sharing/webmasters/crawler)"
192.0.102.146 - - [27/Apr/2026:20:49:04 +0000] "HEAD / HTTP/1.1" 200 - "-" "jetmon/1.0 (Jetpack Site Uptime Monitor by WordPress.com)"
184.94.212.206 - - [27/Apr/2026:20:50:49 +0000] "POST /wp-cron.php?doing_wp_cron=1777323049.5109410285949707031250 HTTP/1.1" 200 - "-" "WordPress/6.9.4; https://www.wrinkledskinrepair.com"
57.141.18.85 - - [27/Apr/2026:20:50:47 +0000] "GET /2019/05/11/clear-skin-is-just-an-article-away/ HTTP/1.1" 200 186753 "-" "meta-externalagent/1.1 (+https://developers.facebook.com/docs/sharing/webmasters/crawler)"
20.89.19.162 - - [27/Apr/2026:20:50:54 +0000] "GET /inputs.php HTTP/1.1" 404 42417 "-" "Mozilla/5.0 (Windows NT 10.0; Win64; x64) AppleWebKit/537.36 (KHTML, like Gecko) Chrome/120.0.0.0 Safari/537.36"
20.89.19.162 - - [27/Apr/2026:20:50:56 +0000] "GET /ioxi-o.php HTTP/1.1" 404 42418 "-" "Mozilla/5.0 (Windows NT 10.0; Win64; x64) AppleWebKit/537.36 (KHTML, like Gecko) Chrome/120.0.0.0 Safari/537.36"
20.89.19.162 - - [27/Apr/2026:20:50:57 +0000] "GET /function/function.php HTTP/1.1" 404 42417 "-" "Mozilla/5.0 (Windows NT 10.0; Win64; x64) AppleWebKit/537.36 (KHTML, like Gecko) Chrome/120.0.0.0 Safari/537.36"
20.89.19.162 - - [27/Apr/2026:20:50:59 +0000] "GET /rip.php HTTP/1.1" 404 42411 "-" "Mozilla/5.0 (Windows NT 10.0; Win64; x64) AppleWebKit/537.36 (KHTML, like Gecko) Chrome/120.0.0.0 Safari/537.36"
20.89.19.162 - - [27/Apr/2026:20:51:00 +0000] "GET /admin.php HTTP/1.1" 404 42413 "-" "Mozilla/5.0 (Windows NT 10.0; Win64; x64) AppleWebKit/537.36 (KHTML, like Gecko) Chrome/120.0.0.0 Safari/537.36"
20.89.19.162 - - [27/Apr/2026:20:51:02 +0000] "GET /wp-content/uploads/index.php HTTP/1.1" 301 - "-" "Mozilla/5.0 (Windows NT 10.0; Win64; x64) AppleWebKit/537.36 (KHTML, like Gecko) Chrome/120.0.0.0 Safari/537.36"
20.89.19.162 - - [27/Apr/2026:20:51:03 +0000] "GET /cache.php HTTP/1.1" 404 42415 "-" "Mozilla/5.0 (Windows NT 10.0; Win64; x64) AppleWebKit/537.36 (KHTML, like Gecko) Chrome/120.0.0.0 Safari/537.36"
20.89.19.162 - - [27/Apr/2026:20:51:05 +0000] "GET /themes.php HTTP/1.1" 404 42412 "-" "Mozilla/5.0 (Windows NT 10.0; Win64; x64) AppleWebKit/537.36 (KHTML, like Gecko) Chrome/120.0.0.0 Safari/537.36"
20.89.19.162 - - [27/Apr/2026:20:51:06 +0000] "GET /an.php HTTP/1.1" 404 42411 "-" "Mozilla/5.0 (Windows NT 10.0; Win64; x64) AppleWebKit/537.36 (KHTML, like Gecko) Chrome/120.0.0.0 Safari/537.36"
20.89.19.162 - - [27/Apr/2026:20:51:08 +0000] "GET /index/function.php HTTP/1.1" 404 42420 "-" "Mozilla/5.0 (Windows NT 10.0; Win64; x64) AppleWebKit/537.36 (KHTML, like Gecko) Chrome/120.0.0.0 Safari/537.36"
114.119.142.140 - - [27/Apr/2026:20:51:09 +0000] "GET /2020/03/29/easy-skin-care-tips-to-achieve-the-great-skin-you-yearn-for?share=x HTTP/1.1" 302 - "https://www.wrinkledskinrepair.com/2020/03/29/easy-skin-care-tips-to-achieve-the-great-skin-you-yearn-for" "Mozilla/5.0 (Linux; Android 7.0;) AppleWebKit/537.36 (HTML, like Gecko) Mobile Safari/537.36 (compatible; PetalBot;+https://webmaster.petalsearch.com/site/petalbot)"
20.89.19.162 - - [27/Apr/2026:20:51:09 +0000] "GET /randkeyword.PhP7 HTTP/1.1" 404 42432 "-" "Mozilla/5.0 (Windows NT 10.0; Win64; x64) AppleWebKit/537.36 (KHTML, like Gecko) Chrome/120.0.0.0 Safari/537.36"
20.89.19.162 - - [27/Apr/2026:20:51:11 +0000] "GET /ws.php HTTP/1.1" 404 42409 "-" "Mozilla/5.0 (Windows NT 10.0; Win64; x64) AppleWebKit/537.36 (KHTML, like Gecko) Chrome/120.0.0.0 Safari/537.36"
20.89.19.162 - - [27/Apr/2026:20:51:12 +0000] "GET /404.php HTTP/1.1" 404 42412 "-" "Mozilla/5.0 (Windows NT 10.0; Win64; x64) AppleWebKit/537.36 (KHTML, like Gecko) Chrome/120.0.0.0 Safari/537.36"
20.89.19.162 - - [27/Apr/2026:20:51:14 +0000] "GET /wp-admin/user.php HTTP/1.1" 404 42419 "-" "Mozilla/5.0 (Windows NT 10.0; Win64; x64) AppleWebKit/537.36 (KHTML, like Gecko) Chrome/120.0.0.0 Safari/537.36"
20.89.19.162 - - [27/Apr/2026:20:51:15 +0000] "GET /wp-conf.php HTTP/1.1" 404 42413 "-" "Mozilla/5.0 (Windows NT 10.0; Win64; x64) AppleWebKit/537.36 (KHTML, like Gecko) Chrome/120.0.0.0 Safari/537.36"
184.94.212.206 - - [27/Apr/2026:20:51:18 +0000] "POST /wp-cron.php?doing_wp_cron=1777323078.4589900970458984375000 HTTP/1.1" 200 - "-" "WordPress/6.9.4; https://www.wrinkledskinrepair.com"
20.89.19.162 - - [27/Apr/2026:20:51:17 +0000] "GET /wp-content/themes/hideo/network.php HTTP/1.1" 404 42435 "-" "Mozilla/5.0 (Windows NT 10.0; Win64; x64) AppleWebKit/537.36 (KHTML, like Gecko) Chrome/120.0.0.0 Safari/537.36"
20.89.19.162 - - [27/Apr/2026:20:51:18 +0000] "GET /wp-login.php HTTP/1.1" 200 3333 "-" "Mozilla/5.0 (Windows NT 10.0; Win64; x64) AppleWebKit/537.36 (KHTML, like Gecko) Chrome/120.0.0.0 Safari/537.36"
20.89.19.162 - - [27/Apr/2026:20:51:20 +0000] "GET /abc.php HTTP/1.1" 404 42412 "-" "Mozilla/5.0 (Windows NT 10.0; Win64; x64) AppleWebKit/537.36 (KHTML, like Gecko) Chrome/120.0.0.0 Safari/537.36"
20.89.19.162 - - [27/Apr/2026:20:51:22 +0000] "GET /abcd.php HTTP/1.1" 404 42414 "-" "Mozilla/5.0 (Windows NT 10.0; Win64; x64) AppleWebKit/537.36 (KHTML, like Gecko) Chrome/120.0.0.0 Safari/537.36"
20.89.19.162 - - [27/Apr/2026:20:51:23 +0000] "GET /as.php HTTP/1.1" 404 42411 "-" "Mozilla/5.0 (Windows NT 10.0; Win64; x64) AppleWebKit/537.36 (KHTML, like Gecko) Chrome/120.0.0.0 Safari/537.36"
20.89.19.162 - - [27/Apr/2026:20:51:25 +0000] "GET /wp-trackback.php HTTP/1.1" 404 130 "-" "Mozilla/5.0 (Windows NT 10.0; Win64; x64) AppleWebKit/537.36 (KHTML, like Gecko) Chrome/120.0.0.0 Safari/537.36"
20.89.19.162 - - [27/Apr/2026:20:51:26 +0000] "GET /about.php HTTP/1.1" 404 42414 "-" "Mozilla/5.0 (Windows NT 10.0; Win64; x64) AppleWebKit/537.36 (KHTML, like Gecko) Chrome/120.0.0.0 Safari/537.36"
20.89.19.162 - - [27/Apr/2026:20:51:27 +0000] "GET /file.php HTTP/1.1" 404 42413 "-" "Mozilla/5.0 (Windows NT 10.0; Win64; x64) AppleWebKit/537.36 (KHTML, like Gecko) Chrome/120.0.0.0 Safari/537.36"
20.89.19.162 - - [27/Apr/2026:20:51:29 +0000] "GET /adminfuns.php HTTP/1.1" 404 42419 "-" "Mozilla/5.0 (Windows NT 10.0; Win64; x64) AppleWebKit/537.36 (KHTML, like Gecko) Chrome/120.0.0.0 Safari/537.36"
20.89.19.162 - - [27/Apr/2026:20:51:30 +0000] "GET /wp-good.php HTTP/1.1" 404 42415 "-" "Mozilla/5.0 (Windows NT 10.0; Win64; x64) AppleWebKit/537.36 (KHTML, like Gecko) Chrome/120.0.0.0 Safari/537.36"
20.89.19.162 - - [27/Apr/2026:20:51:32 +0000] "GET /xmlrpc.php HTTP/1.1" 404 42409 "-" "Mozilla/5.0 (Windows NT 10.0; Win64; x64) AppleWebKit/537.36 (KHTML, like Gecko) Chrome/120.0.0.0 Safari/537.36"
20.89.19.162 - - [27/Apr/2026:20:51:33 +0000] "GET /goods.php HTTP/1.1" 404 42415 "-" "Mozilla/5.0 (Windows NT 10.0; Win64; x64) AppleWebKit/537.36 (KHTML, like Gecko) Chrome/120.0.0.0 Safari/537.36"
20.89.19.162 - - [27/Apr/2026:20:51:35 +0000] "GET /class-t.api.php HTTP/1.1" 404 42422 "-" "Mozilla/5.0 (Windows NT 10.0; Win64; x64) AppleWebKit/537.36 (KHTML, like Gecko) Chrome/120.0.0.0 Safari/537.36"
20.89.19.162 - - [27/Apr/2026:20:51:36 +0000] "GET /sf.php HTTP/1.1" 404 42410 "-" "Mozilla/5.0 (Windows NT 10.0; Win64; x64) AppleWebKit/537.36 (KHTML, like Gecko) Chrome/120.0.0.0 Safari/537.36"
20.89.19.162 - - [27/Apr/2026:20:51:38 +0000] "GET /kbfr.php HTTP/1.1" 404 42415 "-" "Mozilla/5.0 (Windows NT 10.0; Win64; x64) AppleWebKit/537.36 (KHTML, like Gecko) Chrome/120.0.0.0 Safari/537.36"
16.59.211.10 - - [27/Apr/2026:20:51:39 +0000] "GET /robots.txt HTTP/1.1" 200 127 "-" "Mozilla/5.0 (Macintosh; Intel Mac OS X 10_15_7) AppleWebKit/537.36 (KHTML, like Gecko) Chrome/131.0.0.0 Safari/537.36; ClaudeBot/1.0; +claudebot@anthropic.com)"
20.89.19.162 - - [27/Apr/2026:20:51:39 +0000] "GET /autoload_classmap.php HTTP/1.1" 404 42428 "-" "Mozilla/5.0 (Windows NT 10.0; Win64; x64) AppleWebKit/537.36 (KHTML, like Gecko) Chrome/120.0.0.0 Safari/537.36"
16.59.211.10 - - [27/Apr/2026:20:51:40 +0000] "GET /2019/05/01/skin-care-advice-that-everyone-should-check-out/ HTTP/1.1" 200 53093 "-" "Mozilla/5.0 (Macintosh; Intel Mac OS X 10_15_7) AppleWebKit/537.36 (KHTML, like Gecko) Chrome/131.0.0.0 Safari/537.36; ClaudeBot/1.0; +claudebot@anthropic.com)"
16.59.211.10 - - [27/Apr/2026:20:51:41 +0000] "GET /wp-content/plugins/complianz-gdpr/assets/css/cookieblocker.min.css?ver=1741710170 HTTP/1.1" 200 723 "https://www.wrinkledskinrepair.com/2019/05/01/skin-care-advice-that-everyone-should-check-out/" "Mozilla/5.0 (Macintosh; Intel Mac OS X 10_15_7) AppleWebKit/537.36 (KHTML, like Gecko) Chrome/131.0.0.0 Safari/537.36; ClaudeBot/1.0; +claudebot@anthropic.com)"
16.59.211.10 - - [27/Apr/2026:20:51:41 +0000] "GET /wp-content/themes/spa-and-salon/style.css?ver=6.9.4 HTTP/1.1" 200 13994 "https://www.wrinkledskinrepair.com/2019/05/01/skin-care-advice-that-everyone-should-check-out/" "Mozilla/5.0 (Macintosh; Intel Mac OS X 10_15_7) AppleWebKit/537.36 (KHTML, like Gecko) Chrome/131.0.0.0 Safari/537.36; ClaudeBot/1.0; +claudebot@anthropic.com)"
16.59.211.10 - - [27/Apr/2026:20:51:41 +0000] "GET /wp-content/themes/spa-and-salon/css/slick.min.css?ver=6.9.4 HTTP/1.1" 200 490 "https://www.wrinkledskinrepair.com/2019/05/01/skin-care-advice-that-everyone-should-check-out/" "Mozilla/5.0 (Macintosh; Intel Mac OS X 10_15_7) AppleWebKit/537.36 (KHTML, like Gecko) Chrome/131.0.0.0 Safari/537.36; ClaudeBot/1.0; +claudebot@anthropic.com)"
16.59.211.10 - - [27/Apr/2026:20:51:41 +0000] "GET /wp-content/themes/medical-spa/style.css?ver=1.0.7 HTTP/1.1" 200 5745 "https://www.wrinkledskinrepair.com/2019/05/01/skin-care-advice-that-everyone-should-check-out/" "Mozilla/5.0 (Macintosh; Intel Mac OS X 10_15_7) AppleWebKit/537.36 (KHTML, like Gecko) Chrome/131.0.0.0 Safari/537.36; ClaudeBot/1.0; +claudebot@anthropic.com)"
16.59.211.10 - - [27/Apr/2026:20:51:41 +0000] "GET /wp-content/themes/spa-and-salon/css/perfect-scrollbar.min.css?ver=6.9.4 HTTP/1.1" 200 494 "https://www.wrinkledskinrepair.com/2019/05/01/skin-care-advice-that-everyone-should-check-out/" "Mozilla/5.0 (Macintosh; Intel Mac OS X 10_15_7) AppleWebKit/537.36 (KHTML, like Gecko) Chrome/131.0.0.0 Safari/537.36; ClaudeBot/1.0; +claudebot@anthropic.com)"
16.59.211.10 - - [27/Apr/2026:20:51:41 +0000] "GET /wp-content/plugins/tablepress/css/build/default.css?ver=3.3 HTTP/1.1" 200 1767 "https://www.wrinkledskinrepair.com/2019/05/01/skin-care-advice-that-everyone-should-check-out/" "Mozilla/5.0 (Macintosh; Intel Mac OS X 10_15_7) AppleWebKit/537.36 (KHTML, like Gecko) Chrome/131.0.0.0 Safari/537.36; ClaudeBot/1.0; +claudebot@anthropic.com)"
16.59.211.10 - - [27/Apr/2026:20:51:41 +0000] "GET /wp-content/plugins/recent-posts-widget-with-thumbnails/public.css?ver=7.1.1 HTTP/1.1" 200 487 "https://www.wrinkledskinrepair.com/2019/05/01/skin-care-advice-that-everyone-should-check-out/" "Mozilla/5.0 (Macintosh; Intel Mac OS X 10_15_7) AppleWebKit/537.36 (KHTML, like Gecko) Chrome/131.0.0.0 Safari/537.36; ClaudeBot/1.0; +claudebot@anthropic.com)"
16.59.211.10 - - [27/Apr/2026:20:51:41 +0000] "GET /wp-content/plugins/jetpack/jetpack_vendor/automattic/jetpack-classic-theme-helper/dist/responsive-videos/responsive-videos.css?minify=false&ver=1a16f71f21c6d197f51b HTTP/1.1" 200 101 "https://www.wrinkledskinrepair.com/2019/05/01/skin-care-advice-that-everyone-should-check-out/" "Mozilla/5.0 (Macintosh; Intel Mac OS X 10_15_7) AppleWebKit/537.36 (KHTML, like Gecko) Chrome/131.0.0.0 Safari/537.36; ClaudeBot/1.0; +claudebot@anthropic.com)"
16.59.211.10 - - [27/Apr/2026:20:51:42 +0000] "GET /wp-content/plugins/wp-meta-and-date-remover/assets/js/inspector.js?ver=1.1 HTTP/1.1" 200 1455 "https://www.wrinkledskinrepair.com/2019/05/01/skin-care-advice-that-everyone-should-check-out/" "Mozilla/5.0 (Macintosh; Intel Mac OS X 10_15_7) AppleWebKit/537.36 (KHTML, like Gecko) Chrome/131.0.0.0 Safari/537.36; ClaudeBot/1.0; +claudebot@anthropic.com)"
20.89.19.162 - - [27/Apr/2026:20:51:41 +0000] "GET /chosen.php?p= HTTP/1.1" 301 - "-" "Mozilla/5.0 (Windows NT 10.0; Win64; x64) AppleWebKit/537.36 (KHTML, like Gecko) Chrome/120.0.0.0 Safari/537.36"
16.59.211.10 - - [27/Apr/2026:20:51:42 +0000] "GET /wp-content/themes/spa-and-salon/js/v4-shims.min.js?ver=6.5.1 HTTP/1.1" 200 7909 "https://www.wrinkledskinrepair.com/2019/05/01/skin-care-advice-that-everyone-should-check-out/" "Mozilla/5.0 (Macintosh; Intel Mac OS X 10_15_7) AppleWebKit/537.36 (KHTML, like Gecko) Chrome/131.0.0.0 Safari/537.36; ClaudeBot/1.0; +claudebot@anthropic.com)"
16.59.211.10 - - [27/Apr/2026:20:51:42 +0000] "GET /wp-content/themes/spa-and-salon/js/slick.min.js?ver=2.6.0 HTTP/1.1" 200 10445 "https://www.wrinkledskinrepair.com/2019/05/01/skin-care-advice-that-everyone-should-check-out/" "Mozilla/5.0 (Macintosh; Intel Mac OS X 10_15_7) AppleWebKit/537.36 (KHTML, like Gecko) Chrome/131.0.0.0 Safari/537.36; ClaudeBot/1.0; +claudebot@anthropic.com)"
16.59.211.10 - - [27/Apr/2026:20:51:42 +0000] "GET /wp-content/themes/spa-and-salon/js/modal-accessibility.min.js?ver=1.0.7 HTTP/1.1" 200 2033 "https://www.wrinkledskinrepair.com/2019/05/01/skin-care-advice-that-everyone-should-check-out/" "Mozilla/5.0 (Macintosh; Intel Mac OS X 10_15_7) AppleWebKit/537.36 (KHTML, like Gecko) Chrome/131.0.0.0 Safari/537.36; ClaudeBot/1.0; +claudebot@anthropic.com)"
16.59.211.10 - - [27/Apr/2026:20:51:42 +0000] "GET /wp-content/themes/spa-and-salon/js/perfect-scrollbar.min.js?ver=1.0.7 HTTP/1.1" 200 5954 "https://www.wrinkledskinrepair.com/2019/05/01/skin-care-advice-that-everyone-should-check-out/" "Mozilla/5.0 (Macintosh; Intel Mac OS X 10_15_7) AppleWebKit/537.36 (KHTML, like Gecko) Chrome/131.0.0.0 Safari/537.36; ClaudeBot/1.0; +claudebot@anthropic.com)"
16.59.211.10 - - [27/Apr/2026:20:51:42 +0000] "GET /wp-content/themes/spa-and-salon/js/custom.min.js?ver=1.0.7 HTTP/1.1" 200 567 "https://www.wrinkledskinrepair.com/2019/05/01/skin-care-advice-that-everyone-should-check-out/" "Mozilla/5.0 (Macintosh; Intel Mac OS X 10_15_7) AppleWebKit/537.36 (KHTML, like Gecko) Chrome/131.0.0.0 Safari/537.36; ClaudeBot/1.0; +claudebot@anthropic.com)"
16.59.211.10 - - [27/Apr/2026:20:51:42 +0000] "GET /wp-content/themes/spa-and-salon/js/all.min.js?ver=6.5.1 HTTP/1.1" 200 542300 "https://www.wrinkledskinrepair.com/2019/05/01/skin-care-advice-that-everyone-should-check-out/" "Mozilla/5.0 (Macintosh; Intel Mac OS X 10_15_7) AppleWebKit/537.36 (KHTML, like Gecko) Chrome/131.0.0.0 Safari/537.36; ClaudeBot/1.0; +claudebot@anthropic.com)"
16.59.211.10 - - [27/Apr/2026:20:51:42 +0000] "GET /wp-content/plugins/google-site-kit/dist/assets/js/googlesitekit-consent-mode-bc2e26cfa69fcd4a8261.js HTTP/1.1" 200 25395 "https://www.wrinkledskinrepair.com/2019/05/01/skin-care-advice-that-everyone-should-check-out/" "Mozilla/5.0 (Macintosh; Intel Mac OS X 10_15_7) AppleWebKit/537.36 (KHTML, like Gecko) Chrome/131.0.0.0 Safari/537.36; ClaudeBot/1.0; +claudebot@anthropic.com)"
16.59.211.10 - - [27/Apr/2026:20:51:42 +0000] "GET /wp-content/plugins/jetpack/jetpack_vendor/automattic/jetpack-classic-theme-helper/dist/responsive-videos/responsive-videos.js?minify=false&ver=1a16f71f21c6d197f51b HTTP/1.1" 200 645 "https://www.wrinkledskinrepair.com/2019/05/01/skin-care-advice-that-everyone-should-check-out/" "Mozilla/5.0 (Macintosh; Intel Mac OS X 10_15_7) AppleWebKit/537.36 (KHTML, like Gecko) Chrome/131.0.0.0 Safari/537.36; ClaudeBot/1.0; +claudebot@anthropic.com)"
16.59.211.10 - - [27/Apr/2026:20:51:42 +0000] "GET /wp-content/plugins/wp-consent-api/assets/js/wp-consent-api.min.js?ver=2.0.1 HTTP/1.1" 200 822 "https://www.wrinkledskinrepair.com/2019/05/01/skin-care-advice-that-everyone-should-check-out/" "Mozilla/5.0 (Macintosh; Intel Mac OS X 10_15_7) AppleWebKit/537.36 (KHTML, like Gecko) Chrome/131.0.0.0 Safari/537.36; ClaudeBot/1.0; +claudebot@anthropic.com)"
16.59.211.10 - - [27/Apr/2026:20:51:42 +0000] "GET /wp-content/plugins/jetpack/_inc/blocks/subscriptions/view.js?minify=false&ver=15.7.1 HTTP/1.1" 200 2286 "https://www.wrinkledskinrepair.com/2019/05/01/skin-care-advice-that-everyone-should-check-out/" "Mozilla/5.0 (Macintosh; Intel Mac OS X 10_15_7) AppleWebKit/537.36 (KHTML, like Gecko) Chrome/131.0.0.0 Safari/537.36; ClaudeBot/1.0; +claudebot@anthropic.com)"
20.89.19.162 - - [27/Apr/2026:20:51:42 +0000] "GET /classwithtostring.php HTTP/1.1" 404 42424 "-" "Mozilla/5.0 (Windows NT 10.0; Win64; x64) AppleWebKit/537.36 (KHTML, like Gecko) Chrome/120.0.0.0 Safari/537.36"
16.59.211.10 - - [27/Apr/2026:20:51:44 +0000] "GET /wp-includes/js/wp-emoji-release.min.js?ver=6.9.4 HTTP/1.1" 200 5375 "https://www.wrinkledskinrepair.com/2019/05/01/skin-care-advice-that-everyone-should-check-out/" "Mozilla/5.0 (Macintosh; Intel Mac OS X 10_15_7) AppleWebKit/537.36 (KHTML, like Gecko) Chrome/131.0.0.0 Safari/537.36; ClaudeBot/1.0; +claudebot@anthropic.com)"
16.59.211.10 - - [27/Apr/2026:20:51:43 +0000] "GET /2019/05/01/skin-care-advice-that-everyone-should-check-out/?relatedposts=1 HTTP/1.1" 200 1041 "https://www.wrinkledskinrepair.com/2019/05/01/skin-care-advice-that-everyone-should-check-out/" "Mozilla/5.0 (Macintosh; Intel Mac OS X 10_15_7) AppleWebKit/537.36 (KHTML, like Gecko) Chrome/131.0.0.0 Safari/537.36; ClaudeBot/1.0; +claudebot@anthropic.com)"
20.89.19.162 - - [27/Apr/2026:20:51:43 +0000] "GET /defaults.php HTTP/1.1" 404 42415 "-" "Mozilla/5.0 (Windows NT 10.0; Win64; x64) AppleWebKit/537.36 (KHTML, like Gecko) Chrome/120.0.0.0 Safari/537.36"
16.59.211.10 - - [27/Apr/2026:20:51:43 +0000] "POST /wp-admin/admin-ajax.php HTTP/1.1" 200 62 "https://www.wrinkledskinrepair.com/2019/05/01/skin-care-advice-that-everyone-should-check-out/" "Mozilla/5.0 (Macintosh; Intel Mac OS X 10_15_7) AppleWebKit/537.36 (KHTML, like Gecko) Chrome/131.0.0.0 Safari/537.36; ClaudeBot/1.0; +claudebot@anthropic.com)"
192.0.102.90 - - [27/Apr/2026:20:51:44 +0000] "GET /wp-content/uploads/2019/05/eb32b3092bf3003ed1584d05fb1d4390e277e2c818b4144792f0c97caeec_640.jpg HTTP/1.1" 301 - "-" "Photon/1.0"
20.89.19.162 - - [27/Apr/2026:20:51:46 +0000] "GET /.well-known/ HTTP/1.1" 404 42423 "-" "Mozilla/5.0 (Windows NT 10.0; Win64; x64) AppleWebKit/537.36 (KHTML, like Gecko) Chrome/120.0.0.0 Safari/537.36"
192.0.102.90 - - [27/Apr/2026:20:51:46 +0000] "GET /wp-content/uploads/2019/05/eb32b3092bf3003ed1584d05fb1d4390e277e2c818b4144792f0c97caeec_640.jpg HTTP/1.1" 404 135883 "-" "Photon/1.0"
20.89.19.162 - - [27/Apr/2026:20:51:47 +0000] "GET /info.php HTTP/1.1" 404 42413 "-" "Mozilla/5.0 (Windows NT 10.0; Win64; x64) AppleWebKit/537.36 (KHTML, like Gecko) Chrome/120.0.0.0 Safari/537.36"
20.89.19.162 - - [27/Apr/2026:20:51:49 +0000] "GET /cgi-bin/ HTTP/1.1" 404 42417 "-" "Mozilla/5.0 (Windows NT 10.0; Win64; x64) AppleWebKit/537.36 (KHTML, like Gecko) Chrome/120.0.0.0 Safari/537.36"
192.0.99.106 - - [27/Apr/2026:20:51:50 +0000] "GET /wp-content/uploads/2020/04/tips_and_advice_for_your_skin_care_regimen-1.jpg HTTP/1.1" 404 135743 "-" "Photon/1.0"
20.89.19.162 - - [27/Apr/2026:20:51:50 +0000] "GET /wp-includes/Requests/src/Response/about.php HTTP/1.1" 404 42452 "-" "Mozilla/5.0 (Windows NT 10.0; Win64; x64) AppleWebKit/537.36 (KHTML, like Gecko) Chrome/120.0.0.0 Safari/537.36"
20.89.19.162 - - [27/Apr/2026:20:51:52 +0000] "GET /wp-includes/html-api/ HTTP/1.1" 404 42419 "-" "Mozilla/5.0 (Windows NT 10.0; Win64; x64) AppleWebKit/537.36 (KHTML, like Gecko) Chrome/120.0.0.0 Safari/537.36"
20.89.19.162 - - [27/Apr/2026:20:51:53 +0000] "GET /wp-content/admin.php HTTP/1.1" 404 42415 "-" "Mozilla/5.0 (Windows NT 10.0; Win64; x64) AppleWebKit/537.36 (KHTML, like Gecko) Chrome/120.0.0.0 Safari/537.36"
20.89.19.162 - - [27/Apr/2026:20:51:55 +0000] "GET /wp-admin/css/colors/ectoplasm/ HTTP/1.1" 404 42438 "-" "Mozilla/5.0 (Windows NT 10.0; Win64; x64) AppleWebKit/537.36 (KHTML, like Gecko) Chrome/120.0.0.0 Safari/537.36"
20.89.19.162 - - [27/Apr/2026:20:51:56 +0000] "GET /wp-content/uploads/ HTTP/1.1" 404 42404 "-" "Mozilla/5.0 (Windows NT 10.0; Win64; x64) AppleWebKit/537.36 (KHTML, like Gecko) Chrome/120.0.0.0 Safari/537.36"
20.89.19.162 - - [27/Apr/2026:20:51:58 +0000] "GET /wp-content/themes/admin.php HTTP/1.1" 404 42420 "-" "Mozilla/5.0 (Windows NT 10.0; Win64; x64) AppleWebKit/537.36 (KHTML, like Gecko) Chrome/120.0.0.0 Safari/537.36"
20.89.19.162 - - [27/Apr/2026:20:51:59 +0000] "GET /wp-content/themes/index.php HTTP/1.1" 200 - "-" "Mozilla/5.0 (Windows NT 10.0; Win64; x64) AppleWebKit/537.36 (KHTML, like Gecko) Chrome/120.0.0.0 Safari/537.36"
20.89.19.162 - - [27/Apr/2026:20:51:59 +0000] "GET /wp-content/plugins/index.php HTTP/1.1" 200 - "-" "Mozilla/5.0 (Windows NT 10.0; Win64; x64) AppleWebKit/537.36 (KHTML, like Gecko) Chrome/120.0.0.0 Safari/537.36"
51.103.73.149 - - [27/Apr/2026:20:51:59 +0000] "GET /inputs.php HTTP/1.1" 404 42417 "-" "Mozilla/5.0 (Windows NT 10.0; Win64; x64) AppleWebKit/537.36 (KHTML, like Gecko) Chrome/120.0.0.0 Safari/537.36"
20.89.19.162 - - [27/Apr/2026:20:52:00 +0000] "GET /wp-includes/PHPMailer/ HTTP/1.1" 404 42425 "-" "Mozilla/5.0 (Windows NT 10.0; Win64; x64) AppleWebKit/537.36 (KHTML, like Gecko) Chrome/120.0.0.0 Safari/537.36"
51.103.73.149 - - [27/Apr/2026:20:52:01 +0000] "GET /ioxi-o.php HTTP/1.1" 404 42418 "-" "Mozilla/5.0 (Windows NT 10.0; Win64; x64) AppleWebKit/537.36 (KHTML, like Gecko) Chrome/120.0.0.0 Safari/537.36"
20.89.19.162 - - [27/Apr/2026:20:52:01 +0000] "GET /wp-includes/images/ HTTP/1.1" 404 42412 "-" "Mozilla/5.0 (Windows NT 10.0; Win64; x64) AppleWebKit/537.36 (KHTML, like Gecko) Chrome/120.0.0.0 Safari/537.36"
51.103.73.149 - - [27/Apr/2026:20:52:03 +0000] "GET /function/function.php HTTP/1.1" 404 42417 "-" "Mozilla/5.0 (Windows NT 10.0; Win64; x64) AppleWebKit/537.36 (KHTML, like Gecko) Chrome/120.0.0.0 Safari/537.36"
20.89.19.162 - - [27/Apr/2026:20:52:03 +0000] "GET /wp-content/plugins/WordPressCore/ HTTP/1.1" 404 42425 "-" "Mozilla/5.0 (Windows NT 10.0; Win64; x64) AppleWebKit/537.36 (KHTML, like Gecko) Chrome/120.0.0.0 Safari/537.36"
51.103.73.149 - - [27/Apr/2026:20:52:04 +0000] "GET /rip.php HTTP/1.1" 404 42411 "-" "Mozilla/5.0 (Windows NT 10.0; Win64; x64) AppleWebKit/537.36 (KHTML, like Gecko) Chrome/120.0.0.0 Safari/537.36"
51.103.73.149 - - [27/Apr/2026:20:52:06 +0000] "GET /admin.php HTTP/1.1" 404 42413 "-" "Mozilla/5.0 (Windows NT 10.0; Win64; x64) AppleWebKit/537.36 (KHTML, like Gecko) Chrome/120.0.0.0 Safari/537.36"
51.103.73.149 - - [27/Apr/2026:20:52:08 +0000] "GET /wp-content/uploads/index.php HTTP/1.1" 301 - "-" "Mozilla/5.0 (Windows NT 10.0; Win64; x64) AppleWebKit/537.36 (KHTML, like Gecko) Chrome/120.0.0.0 Safari/537.36"
51.103.73.149 - - [27/Apr/2026:20:52:09 +0000] "GET /cache.php HTTP/1.1" 404 42415 "-" "Mozilla/5.0 (Windows NT 10.0; Win64; x64) AppleWebKit/537.36 (KHTML, like Gecko) Chrome/120.0.0.0 Safari/537.36"
51.103.73.149 - - [27/Apr/2026:20:52:10 +0000] "GET /themes.php HTTP/1.1" 404 42412 "-" "Mozilla/5.0 (Windows NT 10.0; Win64; x64) AppleWebKit/537.36 (KHTML, like Gecko) Chrome/120.0.0.0 Safari/537.36"
51.103.73.149 - - [27/Apr/2026:20:52:12 +0000] "GET /an.php HTTP/1.1" 404 42411 "-" "Mozilla/5.0 (Windows NT 10.0; Win64; x64) AppleWebKit/537.36 (KHTML, like Gecko) Chrome/120.0.0.0 Safari/537.36"
184.94.212.206 - - [27/Apr/2026:20:52:15 +0000] "POST /wp-cron.php?doing_wp_cron=1777323135.3108270168304443359375 HTTP/1.1" 200 - "-" "WordPress/6.9.4; https://www.wrinkledskinrepair.com"
51.103.73.149 - - [27/Apr/2026:20:52:14 +0000] "GET /index/function.php HTTP/1.1" 404 42420 "-" "Mozilla/5.0 (Windows NT 10.0; Win64; x64) AppleWebKit/537.36 (KHTML, like Gecko) Chrome/120.0.0.0 Safari/537.36"
51.103.73.149 - - [27/Apr/2026:20:52:15 +0000] "GET /randkeyword.PhP7 HTTP/1.1" 404 42432 "-" "Mozilla/5.0 (Windows NT 10.0; Win64; x64) AppleWebKit/537.36 (KHTML, like Gecko) Chrome/120.0.0.0 Safari/537.36"
184.94.212.206 - - [27/Apr/2026:20:52:18 +0000] "POST /wp-cron.php?doing_wp_cron=1777323138.6021089553833007812500 HTTP/1.1" 200 - "-" "WordPress/6.9.4; https://www.wrinkledskinrepair.com"
