168.144.95.241 - - [28/Apr/2026:10:58:33 +0000] "GET /wp-login.php?redirect_to=https%3A%2F%2Fwrinkledskinrepair.com%2Fwp-admin%2Findex.php&reauth=1 HTTP/1.1" 200 3410 "https://wrinkledskinrepair.com/wp-login.php" "Mozilla/5.0 (X11; Linux x86_64) AppleWebKit/537.36 (KHTML, like Gecko) Chrome/121.0.0.0 Safari/537.36"
168.144.95.241 - - [28/Apr/2026:10:58:34 +0000] "POST /wp-login.php HTTP/1.1" 401 1466 "https://wrinkledskinrepair.com/wp-login.php" "Mozilla/5.0 (Macintosh; Intel Mac OS X 13_6_1) AppleWebKit/537.36 (KHTML, like Gecko) Chrome/121.0.0.0 Safari/537.36"
168.144.95.241 - - [28/Apr/2026:10:58:35 +0000] "GET /wp-admin/index.php HTTP/1.1" 302 - "https://wrinkledskinrepair.com/wp-login.php" "Mozilla/5.0 (Macintosh; Intel Mac OS X 13_6_1) AppleWebKit/605.1.15 (KHTML, like Gecko) Version/16.6 Safari/605.1.15"
168.144.95.241 - - [28/Apr/2026:10:58:37 +0000] "GET /wp-login.php?redirect_to=https%3A%2F%2Fwrinkledskinrepair.com%2Fwp-admin%2Findex.php&reauth=1 HTTP/1.1" 200 3409 "https://wrinkledskinrepair.com/wp-login.php" "Mozilla/5.0 (Macintosh; Intel Mac OS X 13_6_1) AppleWebKit/605.1.15 (KHTML, like Gecko) Version/16.6 Safari/605.1.15"
168.144.95.241 - - [28/Apr/2026:10:58:38 +0000] "POST /wp-login.php HTTP/1.1" 401 1466 "https://wrinkledskinrepair.com/wp-login.php" "Mozilla/5.0 (Macintosh; Intel Mac OS X 10_15_7) AppleWebKit/605.1.15 (KHTML, like Gecko) Version/16.6 Safari/605.1.15"
168.144.95.241 - - [28/Apr/2026:10:58:40 +0000] "GET /wp-admin/index.php HTTP/1.1" 302 - "https://wrinkledskinrepair.com/wp-login.php" "Mozilla/5.0 (Macintosh; Intel Mac OS X 10_15_7) AppleWebKit/537.36 (KHTML, like Gecko) Chrome/120.0.0.0 Safari/537.36"
168.144.95.241 - - [28/Apr/2026:10:58:41 +0000] "GET /wp-login.php?redirect_to=https%3A%2F%2Fwrinkledskinrepair.com%2Fwp-admin%2Findex.php&reauth=1 HTTP/1.1" 200 3409 "https://wrinkledskinrepair.com/wp-login.php" "Mozilla/5.0 (Macintosh; Intel Mac OS X 10_15_7) AppleWebKit/537.36 (KHTML, like Gecko) Chrome/120.0.0.0 Safari/537.36"
168.144.95.241 - - [28/Apr/2026:10:58:42 +0000] "POST /wp-login.php HTTP/1.1" 401 1465 "https://wrinkledskinrepair.com/wp-login.php" "Mozilla/5.0 (Windows NT 11.0; Win64; x64) AppleWebKit/537.36 (KHTML, like Gecko) Chrome/120.0.0.0 Safari/537.36"
168.144.95.241 - - [28/Apr/2026:10:58:44 +0000] "GET /wp-admin/index.php HTTP/1.1" 302 - "https://wrinkledskinrepair.com/wp-login.php" "Mozilla/5.0 (Windows NT 11.0; Win64; x64) AppleWebKit/537.36 (KHTML, like Gecko) Chrome/119.0.0.0 Safari/537.36"
168.144.95.241 - - [28/Apr/2026:10:58:45 +0000] "GET /wp-login.php?redirect_to=https%3A%2F%2Fwrinkledskinrepair.com%2Fwp-admin%2Findex.php&reauth=1 HTTP/1.1" 200 3413 "https://wrinkledskinrepair.com/wp-login.php" "Mozilla/5.0 (Windows NT 11.0; Win64; x64) AppleWebKit/537.36 (KHTML, like Gecko) Chrome/119.0.0.0 Safari/537.36"
168.144.95.241 - - [28/Apr/2026:10:58:46 +0000] "POST /wp-login.php HTTP/1.1" 401 1465 "https://wrinkledskinrepair.com/wp-login.php" "Mozilla/5.0 (Macintosh; Intel Mac OS X 10_15_7) AppleWebKit/605.1.15 (KHTML, like Gecko) Version/17.1 Safari/605.1.15"
168.144.95.241 - - [28/Apr/2026:10:58:51 +0000] "GET /wp-admin/index.php HTTP/1.1" 302 - "https://wrinkledskinrepair.com/wp-login.php" "Mozilla/5.0 (Windows NT 10.0; Win64; x64) AppleWebKit/537.36 (KHTML, like Gecko) Chrome/121.0.0.0 Safari/537.36"
168.144.95.241 - - [28/Apr/2026:10:58:53 +0000] "GET /wp-login.php?redirect_to=https%3A%2F%2Fwrinkledskinrepair.com%2Fwp-admin%2Findex.php&reauth=1 HTTP/1.1" 200 3407 "https://wrinkledskinrepair.com/wp-login.php" "Mozilla/5.0 (Windows NT 10.0; Win64; x64) AppleWebKit/537.36 (KHTML, like Gecko) Chrome/121.0.0.0 Safari/537.36"
168.144.95.241 - - [28/Apr/2026:10:58:54 +0000] "POST /wp-login.php HTTP/1.1" 401 1464 "https://wrinkledskinrepair.com/wp-login.php" "Mozilla/5.0 (Windows NT 11.0; Win64; x64; rv:119.0) Gecko/20100101 Firefox/119.0"
168.144.95.241 - - [28/Apr/2026:10:58:56 +0000] "GET /wp-admin/index.php HTTP/1.1" 302 - "https://wrinkledskinrepair.com/wp-login.php" "Mozilla/5.0 (Macintosh; Intel Mac OS X 10_15_7; rv:120.0) Gecko/20100101 Firefox/120.0"
168.144.95.241 - - [28/Apr/2026:10:58:57 +0000] "GET /wp-login.php?redirect_to=https%3A%2F%2Fwrinkledskinrepair.com%2Fwp-admin%2Findex.php&reauth=1 HTTP/1.1" 200 3410 "https://wrinkledskinrepair.com/wp-login.php" "Mozilla/5.0 (Macintosh; Intel Mac OS X 10_15_7; rv:120.0) Gecko/20100101 Firefox/120.0"
168.144.95.241 - - [28/Apr/2026:10:58:58 +0000] "POST /wp-login.php HTTP/1.1" 401 1467 "https://wrinkledskinrepair.com/wp-login.php" "Mozilla/5.0 (Macintosh; Intel Mac OS X 10_15_7; rv:120.0) Gecko/20100101 Firefox/120.0"
168.144.95.241 - - [28/Apr/2026:10:59:00 +0000] "GET /wp-admin/index.php HTTP/1.1" 302 - "https://wrinkledskinrepair.com/wp-login.php" "Mozilla/5.0 (Macintosh; Intel Mac OS X 10_15_7) AppleWebKit/605.1.15 (KHTML, like Gecko) Version/17.0 Safari/605.1.15"
168.144.95.241 - - [28/Apr/2026:10:59:01 +0000] "GET /wp-login.php?redirect_to=https%3A%2F%2Fwrinkledskinrepair.com%2Fwp-admin%2Findex.php&reauth=1 HTTP/1.1" 200 3410 "https://wrinkledskinrepair.com/wp-login.php" "Mozilla/5.0 (Macintosh; Intel Mac OS X 10_15_7) AppleWebKit/605.1.15 (KHTML, like Gecko) Version/17.0 Safari/605.1.15"
192.0.102.146 - - [28/Apr/2026:10:59:04 +0000] "HEAD / HTTP/1.1" 200 - "-" "jetmon/1.0 (Jetpack Site Uptime Monitor by WordPress.com)"
168.144.95.241 - - [28/Apr/2026:10:59:05 +0000] "POST /wp-login.php HTTP/1.1" 401 1466 "https://wrinkledskinrepair.com/wp-login.php" "Mozilla/5.0 (Macintosh; Intel Mac OS X 13_6_1; rv:120.0) Gecko/20100101 Firefox/120.0"
168.144.95.241 - - [28/Apr/2026:10:59:07 +0000] "GET /wp-admin/index.php HTTP/1.1" 302 - "https://wrinkledskinrepair.com/wp-login.php" "Mozilla/5.0 (Macintosh; Intel Mac OS X 13_6_1) AppleWebKit/605.1.15 (KHTML, like Gecko) Version/17.1 Safari/605.1.15"
168.144.95.241 - - [28/Apr/2026:10:59:09 +0000] "GET /wp-login.php?redirect_to=https%3A%2F%2Fwrinkledskinrepair.com%2Fwp-admin%2Findex.php&reauth=1 HTTP/1.1" 200 3410 "https://wrinkledskinrepair.com/wp-login.php" "Mozilla/5.0 (Macintosh; Intel Mac OS X 13_6_1) AppleWebKit/605.1.15 (KHTML, like Gecko) Version/17.1 Safari/605.1.15"
168.144.95.241 - - [28/Apr/2026:10:59:10 +0000] "POST /wp-login.php HTTP/1.1" 401 1466 "https://wrinkledskinrepair.com/wp-login.php" "Mozilla/5.0 (Macintosh; Intel Mac OS X 10_15_7; rv:118.0) Gecko/20100101 Firefox/118.0"
168.144.95.241 - - [28/Apr/2026:10:59:11 +0000] "GET /wp-admin/index.php HTTP/1.1" 302 - "https://wrinkledskinrepair.com/wp-login.php" "Mozilla/5.0 (Macintosh; Intel Mac OS X 13_6_1; rv:118.0) Gecko/20100101 Firefox/118.0"
168.144.95.241 - - [28/Apr/2026:10:59:13 +0000] "GET /wp-login.php?redirect_to=https%3A%2F%2Fwrinkledskinrepair.com%2Fwp-admin%2Findex.php&reauth=1 HTTP/1.1" 200 3410 "https://wrinkledskinrepair.com/wp-login.php" "Mozilla/5.0 (Macintosh; Intel Mac OS X 13_6_1; rv:118.0) Gecko/20100101 Firefox/118.0"
168.144.95.241 - - [28/Apr/2026:10:59:14 +0000] "POST /wp-login.php HTTP/1.1" 401 1465 "https://wrinkledskinrepair.com/wp-login.php" "Mozilla/5.0 (Macintosh; Intel Mac OS X 13_6_1) AppleWebKit/605.1.15 (KHTML, like Gecko) Version/16.6 Safari/605.1.15"
168.144.95.241 - - [28/Apr/2026:10:59:16 +0000] "GET /wp-admin/index.php HTTP/1.1" 302 - "https://wrinkledskinrepair.com/wp-login.php" "Mozilla/5.0 (Macintosh; Intel Mac OS X 10_15_7) AppleWebKit/605.1.15 (KHTML, like Gecko) Version/17.1 Safari/605.1.15"
184.94.212.206 - - [28/Apr/2026:10:59:18 +0000] "POST /wp-cron.php?doing_wp_cron=1777373958.3843040466308593750000 HTTP/1.1" 200 - "-" "WordPress/6.9.4; https://www.wrinkledskinrepair.com"
168.144.95.241 - - [28/Apr/2026:10:59:17 +0000] "GET /wp-login.php?redirect_to=https%3A%2F%2Fwrinkledskinrepair.com%2Fwp-admin%2Findex.php&reauth=1 HTTP/1.1" 200 3408 "https://wrinkledskinrepair.com/wp-login.php" "Mozilla/5.0 (Macintosh; Intel Mac OS X 10_15_7) AppleWebKit/605.1.15 (KHTML, like Gecko) Version/17.1 Safari/605.1.15"
168.144.95.241 - - [28/Apr/2026:10:59:18 +0000] "POST /wp-login.php HTTP/1.1" 401 1461 "https://wrinkledskinrepair.com/wp-login.php" "Mozilla/5.0 (X11; Linux x86_64) AppleWebKit/537.36 (KHTML, like Gecko) Chrome/119.0.0.0 Safari/537.36"
168.144.95.241 - - [28/Apr/2026:10:59:20 +0000] "GET /wp-admin/index.php HTTP/1.1" 302 - "https://wrinkledskinrepair.com/wp-login.php" "Mozilla/5.0 (Windows NT 10.0; Win64; x64; rv:119.0) Gecko/20100101 Firefox/119.0"
168.144.95.241 - - [28/Apr/2026:10:59:21 +0000] "GET /wp-login.php?redirect_to=https%3A%2F%2Fwrinkledskinrepair.com%2Fwp-admin%2Findex.php&reauth=1 HTTP/1.1" 200 3409 "https://wrinkledskinrepair.com/wp-login.php" "Mozilla/5.0 (Windows NT 10.0; Win64; x64; rv:119.0) Gecko/20100101 Firefox/119.0"
168.144.95.241 - - [28/Apr/2026:10:59:23 +0000] "POST /wp-login.php HTTP/1.1" 401 1465 "https://wrinkledskinrepair.com/wp-login.php" "Mozilla/5.0 (Macintosh; Intel Mac OS X 13_6_1; rv:118.0) Gecko/20100101 Firefox/118.0"
168.144.95.241 - - [28/Apr/2026:10:59:24 +0000] "GET /wp-admin/index.php HTTP/1.1" 302 - "https://wrinkledskinrepair.com/wp-login.php" "Mozilla/5.0 (Macintosh; Intel Mac OS X 10_15_7) AppleWebKit/605.1.15 (KHTML, like Gecko) Version/17.2 Safari/605.1.15"
168.144.95.241 - - [28/Apr/2026:10:59:25 +0000] "GET /wp-login.php?redirect_to=https%3A%2F%2Fwrinkledskinrepair.com%2Fwp-admin%2Findex.php&reauth=1 HTTP/1.1" 200 3409 "https://wrinkledskinrepair.com/wp-login.php" "Mozilla/5.0 (Macintosh; Intel Mac OS X 10_15_7) AppleWebKit/605.1.15 (KHTML, like Gecko) Version/17.2 Safari/605.1.15"
168.144.95.241 - - [28/Apr/2026:10:59:27 +0000] "POST /wp-login.php HTTP/1.1" 401 1466 "https://wrinkledskinrepair.com/wp-login.php" "Mozilla/5.0 (Macintosh; Intel Mac OS X 10_15_7) AppleWebKit/605.1.15 (KHTML, like Gecko) Version/17.1 Safari/605.1.15"
168.144.95.241 - - [28/Apr/2026:10:59:28 +0000] "GET /wp-admin/index.php HTTP/1.1" 302 - "https://wrinkledskinrepair.com/wp-login.php" "Mozilla/5.0 (X11; Linux x86_64) AppleWebKit/537.36 (KHTML, like Gecko) Chrome/119.0.0.0 Safari/537.36"
168.144.95.241 - - [28/Apr/2026:10:59:30 +0000] "GET /wp-login.php?redirect_to=https%3A%2F%2Fwrinkledskinrepair.com%2Fwp-admin%2Findex.php&reauth=1 HTTP/1.1" 200 3410 "https://wrinkledskinrepair.com/wp-login.php" "Mozilla/5.0 (X11; Linux x86_64) AppleWebKit/537.36 (KHTML, like Gecko) Chrome/119.0.0.0 Safari/537.36"
168.144.95.241 - - [28/Apr/2026:10:59:31 +0000] "POST /wp-login.php HTTP/1.1" 401 1466 "https://wrinkledskinrepair.com/wp-login.php" "Mozilla/5.0 (X11; Linux x86_64) AppleWebKit/537.36 (KHTML, like Gecko) Chrome/119.0.0.0 Safari/537.36"
168.144.95.241 - - [28/Apr/2026:10:59:32 +0000] "GET /wp-admin/index.php HTTP/1.1" 302 - "https://wrinkledskinrepair.com/wp-login.php" "Mozilla/5.0 (Macintosh; Intel Mac OS X 10_15_7) AppleWebKit/605.1.15 (KHTML, like Gecko) Version/17.0 Safari/605.1.15"
168.144.95.241 - - [28/Apr/2026:10:59:34 +0000] "GET /wp-login.php?redirect_to=https%3A%2F%2Fwrinkledskinrepair.com%2Fwp-admin%2Findex.php&reauth=1 HTTP/1.1" 200 3410 "https://wrinkledskinrepair.com/wp-login.php" "Mozilla/5.0 (Macintosh; Intel Mac OS X 10_15_7) AppleWebKit/605.1.15 (KHTML, like Gecko) Version/17.0 Safari/605.1.15"
168.144.95.241 - - [28/Apr/2026:10:59:35 +0000] "POST /wp-login.php HTTP/1.1" 401 1466 "https://wrinkledskinrepair.com/wp-login.php" "Mozilla/5.0 (Macintosh; Intel Mac OS X 13_6_1) AppleWebKit/537.36 (KHTML, like Gecko) Chrome/121.0.0.0 Safari/537.36"
168.144.95.241 - - [28/Apr/2026:10:59:36 +0000] "GET /wp-admin/index.php HTTP/1.1" 302 - "https://wrinkledskinrepair.com/wp-login.php" "Mozilla/5.0 (Macintosh; Intel Mac OS X 10_15_7) AppleWebKit/605.1.15 (KHTML, like Gecko) Version/16.6 Safari/605.1.15"
168.144.95.241 - - [28/Apr/2026:10:59:38 +0000] "GET /wp-login.php?redirect_to=https%3A%2F%2Fwrinkledskinrepair.com%2Fwp-admin%2Findex.php&reauth=1 HTTP/1.1" 200 3410 "https://wrinkledskinrepair.com/wp-login.php" "Mozilla/5.0 (Macintosh; Intel Mac OS X 10_15_7) AppleWebKit/605.1.15 (KHTML, like Gecko) Version/16.6 Safari/605.1.15"
168.144.95.241 - - [28/Apr/2026:10:59:39 +0000] "POST /wp-login.php HTTP/1.1" 401 1465 "https://wrinkledskinrepair.com/wp-login.php" "Mozilla/5.0 (X11; Ubuntu; Linux x86_64) AppleWebKit/537.36 (KHTML, like Gecko) Chrome/119.0.0.0 Safari/537.36"
168.144.95.241 - - [28/Apr/2026:10:59:41 +0000] "GET /wp-admin/index.php HTTP/1.1" 302 - "https://wrinkledskinrepair.com/wp-login.php" "Mozilla/5.0 (Windows NT 11.0; Win64; x64; rv:118.0) Gecko/20100101 Firefox/118.0"
168.144.95.241 - - [28/Apr/2026:10:59:42 +0000] "GET /wp-login.php?redirect_to=https%3A%2F%2Fwrinkledskinrepair.com%2Fwp-admin%2Findex.php&reauth=1 HTTP/1.1" 200 3410 "https://wrinkledskinrepair.com/wp-login.php" "Mozilla/5.0 (Windows NT 11.0; Win64; x64; rv:118.0) Gecko/20100101 Firefox/118.0"
168.144.95.241 - - [28/Apr/2026:10:59:43 +0000] "POST /wp-login.php HTTP/1.1" 401 1466 "https://wrinkledskinrepair.com/wp-login.php" "Mozilla/5.0 (Windows NT 11.0; Win64; x64) AppleWebKit/537.36 (KHTML, like Gecko) Chrome/121.0.0.0 Safari/537.36"
168.144.95.241 - - [28/Apr/2026:10:59:45 +0000] "GET /wp-admin/index.php HTTP/1.1" 302 - "https://wrinkledskinrepair.com/wp-login.php" "Mozilla/5.0 (Macintosh; Intel Mac OS X 13_6_1) AppleWebKit/537.36 (KHTML, like Gecko) Chrome/119.0.0.0 Safari/537.36"
168.144.95.241 - - [28/Apr/2026:10:59:46 +0000] "GET /wp-login.php?redirect_to=https%3A%2F%2Fwrinkledskinrepair.com%2Fwp-admin%2Findex.php&reauth=1 HTTP/1.1" 200 3410 "https://wrinkledskinrepair.com/wp-login.php" "Mozilla/5.0 (Macintosh; Intel Mac OS X 13_6_1) AppleWebKit/537.36 (KHTML, like Gecko) Chrome/119.0.0.0 Safari/537.36"
168.144.95.241 - - [28/Apr/2026:10:59:48 +0000] "POST /wp-login.php HTTP/1.1" 401 1466 "https://wrinkledskinrepair.com/wp-login.php" "Mozilla/5.0 (X11; Linux x86_64) AppleWebKit/537.36 (KHTML, like Gecko) Chrome/120.0.0.0 Safari/537.36"
168.144.95.241 - - [28/Apr/2026:10:59:49 +0000] "GET /wp-admin/index.php HTTP/1.1" 302 - "https://wrinkledskinrepair.com/wp-login.php" "Mozilla/5.0 (Macintosh; Intel Mac OS X 10_15_7) AppleWebKit/537.36 (KHTML, like Gecko) Chrome/120.0.0.0 Safari/537.36"
168.144.95.241 - - [28/Apr/2026:10:59:50 +0000] "GET /wp-login.php?redirect_to=https%3A%2F%2Fwrinkledskinrepair.com%2Fwp-admin%2Findex.php&reauth=1 HTTP/1.1" 200 3411 "https://wrinkledskinrepair.com/wp-login.php" "Mozilla/5.0 (Macintosh; Intel Mac OS X 10_15_7) AppleWebKit/537.36 (KHTML, like Gecko) Chrome/120.0.0.0 Safari/537.36"
168.144.95.241 - - [28/Apr/2026:10:59:52 +0000] "POST /wp-login.php HTTP/1.1" 401 1466 "https://wrinkledskinrepair.com/wp-login.php" "Mozilla/5.0 (Macintosh; Intel Mac OS X 10_15_7; rv:119.0) Gecko/20100101 Firefox/119.0"
168.144.95.241 - - [28/Apr/2026:10:59:56 +0000] "GET /wp-admin/index.php HTTP/1.1" 302 - "https://wrinkledskinrepair.com/wp-login.php" "Mozilla/5.0 (Macintosh; Intel Mac OS X 13_6_1) AppleWebKit/605.1.15 (KHTML, like Gecko) Version/17.1 Safari/605.1.15"
168.144.95.241 - - [28/Apr/2026:10:59:58 +0000] "GET /wp-login.php?redirect_to=https%3A%2F%2Fwrinkledskinrepair.com%2Fwp-admin%2Findex.php&reauth=1 HTTP/1.1" 200 3411 "https://wrinkledskinrepair.com/wp-login.php" "Mozilla/5.0 (Macintosh; Intel Mac OS X 13_6_1) AppleWebKit/605.1.15 (KHTML, like Gecko) Version/17.1 Safari/605.1.15"
168.144.95.241 - - [28/Apr/2026:11:00:00 +0000] "POST /wp-login.php HTTP/1.1" 401 1467 "https://wrinkledskinrepair.com/wp-login.php" "Mozilla/5.0 (Macintosh; Intel Mac OS X 13_6_1) AppleWebKit/605.1.15 (KHTML, like Gecko) Version/16.6 Safari/605.1.15"
168.144.95.241 - - [28/Apr/2026:11:00:01 +0000] "GET /wp-admin/index.php HTTP/1.1" 302 - "https://wrinkledskinrepair.com/wp-login.php" "Mozilla/5.0 (Windows NT 11.0; Win64; x64; rv:119.0) Gecko/20100101 Firefox/119.0"
168.144.95.241 - - [28/Apr/2026:11:00:04 +0000] "GET /wp-login.php?redirect_to=https%3A%2F%2Fwrinkledskinrepair.com%2Fwp-admin%2Findex.php&reauth=1 HTTP/1.1" 200 3410 "https://wrinkledskinrepair.com/wp-login.php" "Mozilla/5.0 (Windows NT 11.0; Win64; x64; rv:119.0) Gecko/20100101 Firefox/119.0"
184.94.212.206 - - [28/Apr/2026:11:00:07 +0000] "POST /wp-cron.php?doing_wp_cron=1777374007.9719579219818115234375 HTTP/1.1" 200 - "-" "WordPress/6.9.4; https://www.wrinkledskinrepair.com"
168.144.95.241 - - [28/Apr/2026:11:00:06 +0000] "POST /wp-login.php HTTP/1.1" 401 1466 "https://wrinkledskinrepair.com/wp-login.php" "Mozilla/5.0 (Windows NT 11.0; Win64; x64; rv:120.0) Gecko/20100101 Firefox/120.0"
168.144.95.241 - - [28/Apr/2026:11:00:08 +0000] "GET /wp-admin/index.php HTTP/1.1" 302 - "https://wrinkledskinrepair.com/wp-login.php" "Mozilla/5.0 (Windows NT 10.0; Win64; x64; rv:118.0) Gecko/20100101 Firefox/118.0"
168.144.95.241 - - [28/Apr/2026:11:00:10 +0000] "GET /wp-login.php?redirect_to=https%3A%2F%2Fwrinkledskinrepair.com%2Fwp-admin%2Findex.php&reauth=1 HTTP/1.1" 200 3408 "https://wrinkledskinrepair.com/wp-login.php" "Mozilla/5.0 (Windows NT 10.0; Win64; x64; rv:118.0) Gecko/20100101 Firefox/118.0"
168.144.95.241 - - [28/Apr/2026:11:00:16 +0000] "POST /wp-login.php HTTP/1.1" 401 1464 "https://wrinkledskinrepair.com/wp-login.php" "Mozilla/5.0 (Macintosh; Intel Mac OS X 10_15_7) AppleWebKit/537.36 (KHTML, like Gecko) Chrome/121.0.0.0 Safari/537.36"
184.94.212.206 - - [28/Apr/2026:11:00:19 +0000] "POST /wp-cron.php?doing_wp_cron=1777374019.5738959312438964843750 HTTP/1.1" 200 - "-" "WordPress/6.9.4; https://www.wrinkledskinrepair.com"
168.144.95.241 - - [28/Apr/2026:11:00:18 +0000] "GET /wp-admin/index.php HTTP/1.1" 302 - "https://wrinkledskinrepair.com/wp-login.php" "Mozilla/5.0 (Windows NT 10.0; Win64; x64) AppleWebKit/537.36 (KHTML, like Gecko) Chrome/119.0.0.0 Safari/537.36"
168.144.95.241 - - [28/Apr/2026:11:00:20 +0000] "GET /wp-login.php?redirect_to=https%3A%2F%2Fwrinkledskinrepair.com%2Fwp-admin%2Findex.php&reauth=1 HTTP/1.1" 200 3411 "https://wrinkledskinrepair.com/wp-login.php" "Mozilla/5.0 (Windows NT 10.0; Win64; x64) AppleWebKit/537.36 (KHTML, like Gecko) Chrome/119.0.0.0 Safari/537.36"
168.144.95.241 - - [28/Apr/2026:11:00:22 +0000] "POST /wp-login.php HTTP/1.1" 401 1465 "https://wrinkledskinrepair.com/wp-login.php" "Mozilla/5.0 (Macintosh; Intel Mac OS X 10_15_7; rv:119.0) Gecko/20100101 Firefox/119.0"
168.144.95.241 - - [28/Apr/2026:11:00:24 +0000] "GET /wp-admin/index.php HTTP/1.1" 302 - "https://wrinkledskinrepair.com/wp-login.php" "Mozilla/5.0 (Macintosh; Intel Mac OS X 10_15_7) AppleWebKit/605.1.15 (KHTML, like Gecko) Version/17.2 Safari/605.1.15"
85.208.96.211 - - [28/Apr/2026:11:00:24 +0000] "GET /2018/12/27/some-gentle-remedies-for-great-skin-care/ HTTP/1.1" 200 53072 "-" "Mozilla/5.0 (compatible; SemrushBot/7~bl; +http://www.semrush.com/bot.html)"
168.144.95.241 - - [28/Apr/2026:11:00:27 +0000] "GET /wp-login.php?redirect_to=https%3A%2F%2Fwrinkledskinrepair.com%2Fwp-admin%2Findex.php&reauth=1 HTTP/1.1" 200 3409 "https://wrinkledskinrepair.com/wp-login.php" "Mozilla/5.0 (Macintosh; Intel Mac OS X 10_15_7) AppleWebKit/605.1.15 (KHTML, like Gecko) Version/17.2 Safari/605.1.15"
168.144.95.241 - - [28/Apr/2026:11:00:28 +0000] "POST /wp-login.php HTTP/1.1" 401 1465 "https://wrinkledskinrepair.com/wp-login.php" "Mozilla/5.0 (Macintosh; Intel Mac OS X 10_15_7) AppleWebKit/605.1.15 (KHTML, like Gecko) Version/17.2 Safari/605.1.15"
168.144.95.241 - - [28/Apr/2026:11:00:30 +0000] "GET /wp-admin/index.php HTTP/1.1" 302 - "https://wrinkledskinrepair.com/wp-login.php" "Mozilla/5.0 (Windows NT 10.0; Win64; x64; rv:119.0) Gecko/20100101 Firefox/119.0"
168.144.95.241 - - [28/Apr/2026:11:00:32 +0000] "GET /wp-login.php?redirect_to=https%3A%2F%2Fwrinkledskinrepair.com%2Fwp-admin%2Findex.php&reauth=1 HTTP/1.1" 200 3410 "https://wrinkledskinrepair.com/wp-login.php" "Mozilla/5.0 (Windows NT 10.0; Win64; x64; rv:119.0) Gecko/20100101 Firefox/119.0"
168.144.95.241 - - [28/Apr/2026:11:00:33 +0000] "POST /wp-login.php HTTP/1.1" 401 1465 "https://wrinkledskinrepair.com/wp-login.php" "Mozilla/5.0 (Windows NT 10.0; Win64; x64; rv:119.0) Gecko/20100101 Firefox/119.0"
168.144.95.241 - - [28/Apr/2026:11:00:35 +0000] "GET /wp-admin/index.php HTTP/1.1" 302 - "https://wrinkledskinrepair.com/wp-login.php" "Mozilla/5.0 (Macintosh; Intel Mac OS X 13_6_1; rv:120.0) Gecko/20100101 Firefox/120.0"
168.144.95.241 - - [28/Apr/2026:11:00:36 +0000] "GET /wp-login.php?redirect_to=https%3A%2F%2Fwrinkledskinrepair.com%2Fwp-admin%2Findex.php&reauth=1 HTTP/1.1" 200 3410 "https://wrinkledskinrepair.com/wp-login.php" "Mozilla/5.0 (Macintosh; Intel Mac OS X 13_6_1; rv:120.0) Gecko/20100101 Firefox/120.0"
168.144.95.241 - - [28/Apr/2026:11:00:38 +0000] "POST /wp-login.php HTTP/1.1" 401 1465 "https://wrinkledskinrepair.com/wp-login.php" "Mozilla/5.0 (Macintosh; Intel Mac OS X 13_6_1) AppleWebKit/605.1.15 (KHTML, like Gecko) Version/17.1 Safari/605.1.15"
168.144.95.241 - - [28/Apr/2026:11:00:39 +0000] "GET /wp-admin/index.php HTTP/1.1" 302 - "https://wrinkledskinrepair.com/wp-login.php" "Mozilla/5.0 (Macintosh; Intel Mac OS X 10_15_7) AppleWebKit/537.36 (KHTML, like Gecko) Chrome/121.0.0.0 Safari/537.36"
168.144.95.241 - - [28/Apr/2026:11:00:41 +0000] "GET /wp-login.php?redirect_to=https%3A%2F%2Fwrinkledskinrepair.com%2Fwp-admin%2Findex.php&reauth=1 HTTP/1.1" 200 3408 "https://wrinkledskinrepair.com/wp-login.php" "Mozilla/5.0 (Macintosh; Intel Mac OS X 10_15_7) AppleWebKit/537.36 (KHTML, like Gecko) Chrome/121.0.0.0 Safari/537.36"
168.144.95.241 - - [28/Apr/2026:11:00:42 +0000] "POST /wp-login.php HTTP/1.1" 401 1465 "https://wrinkledskinrepair.com/wp-login.php" "Mozilla/5.0 (Windows NT 11.0; Win64; x64; rv:120.0) Gecko/20100101 Firefox/120.0"
168.144.95.241 - - [28/Apr/2026:11:00:44 +0000] "GET /wp-admin/index.php HTTP/1.1" 302 - "https://wrinkledskinrepair.com/wp-login.php" "Mozilla/5.0 (Macintosh; Intel Mac OS X 13_6_1) AppleWebKit/605.1.15 (KHTML, like Gecko) Version/17.2 Safari/605.1.15"
168.144.95.241 - - [28/Apr/2026:11:00:45 +0000] "GET /wp-login.php?redirect_to=https%3A%2F%2Fwrinkledskinrepair.com%2Fwp-admin%2Findex.php&reauth=1 HTTP/1.1" 200 3408 "https://wrinkledskinrepair.com/wp-login.php" "Mozilla/5.0 (Macintosh; Intel Mac OS X 13_6_1) AppleWebKit/605.1.15 (KHTML, like Gecko) Version/17.2 Safari/605.1.15"
168.144.95.241 - - [28/Apr/2026:11:00:46 +0000] "POST /wp-login.php HTTP/1.1" 401 1463 "https://wrinkledskinrepair.com/wp-login.php" "Mozilla/5.0 (Macintosh; Intel Mac OS X 10_15_7) AppleWebKit/605.1.15 (KHTML, like Gecko) Version/16.6 Safari/605.1.15"
168.144.95.241 - - [28/Apr/2026:11:00:48 +0000] "GET /wp-admin/index.php HTTP/1.1" 302 - "https://wrinkledskinrepair.com/wp-login.php" "Mozilla/5.0 (Macintosh; Intel Mac OS X 13_6_1; rv:119.0) Gecko/20100101 Firefox/119.0"
168.144.95.241 - - [28/Apr/2026:11:00:50 +0000] "GET /wp-login.php?redirect_to=https%3A%2F%2Fwrinkledskinrepair.com%2Fwp-admin%2Findex.php&reauth=1 HTTP/1.1" 200 3202 "https://wrinkledskinrepair.com/wp-login.php" "Mozilla/5.0 (Macintosh; Intel Mac OS X 13_6_1; rv:119.0) Gecko/20100101 Firefox/119.0"
168.144.95.241 - - [28/Apr/2026:11:00:51 +0000] "POST /wp-login.php HTTP/1.1" 503 7318 "https://wrinkledskinrepair.com/wp-login.php" "Mozilla/5.0 (Windows NT 10.0; Win64; x64) AppleWebKit/537.36 (KHTML, like Gecko) Chrome/119.0.0.0 Safari/537.36"
168.144.95.241 - - [28/Apr/2026:11:00:54 +0000] "GET /wp-admin/index.php HTTP/1.1" 503 7317 "https://wrinkledskinrepair.com/wp-login.php" "Mozilla/5.0 (Macintosh; Intel Mac OS X 10_15_7) AppleWebKit/605.1.15 (KHTML, like Gecko) Version/17.2 Safari/605.1.15"
168.144.95.241 - - [28/Apr/2026:11:00:56 +0000] "GET /wp-admin/profile.php HTTP/1.1" 503 7317 "https://wrinkledskinrepair.com/wp-login.php" "Mozilla/5.0 (Macintosh; Intel Mac OS X 10_15_7) AppleWebKit/605.1.15 (KHTML, like Gecko) Version/17.2 Safari/605.1.15"
168.144.95.241 - - [28/Apr/2026:11:00:58 +0000] "GET /wp-admin/edit.php HTTP/1.1" 503 7317 "https://wrinkledskinrepair.com/wp-login.php" "Mozilla/5.0 (Macintosh; Intel Mac OS X 10_15_7) AppleWebKit/605.1.15 (KHTML, like Gecko) Version/17.2 Safari/605.1.15"
168.144.95.241 - - [28/Apr/2026:11:01:00 +0000] "GET /wp-admin/plugins.php HTTP/1.1" 503 7316 "https://wrinkledskinrepair.com/wp-login.php" "Mozilla/5.0 (Macintosh; Intel Mac OS X 10_15_7) AppleWebKit/605.1.15 (KHTML, like Gecko) Version/17.2 Safari/605.1.15"
168.144.95.241 - - [28/Apr/2026:11:01:02 +0000] "POST /wp-login.php HTTP/1.1" 503 7117 "https://wrinkledskinrepair.com/wp-login.php" "Mozilla/5.0 (Macintosh; Intel Mac OS X 13_6_1) AppleWebKit/537.36 (KHTML, like Gecko) Chrome/119.0.0.0 Safari/537.36"
168.144.95.241 - - [28/Apr/2026:11:01:03 +0000] "GET /wp-admin/index.php HTTP/1.1" 503 7317 "https://wrinkledskinrepair.com/wp-login.php" "Mozilla/5.0 (Macintosh; Intel Mac OS X 10_15_7) AppleWebKit/605.1.15 (KHTML, like Gecko) Version/17.2 Safari/605.1.15"
184.94.212.206 - - [28/Apr/2026:11:01:04 +0000] "POST /?wordfence_syncAttackData=1777374064.8417 HTTP/1.1" 200 - "-" "WordPress/6.9.4; https://www.wrinkledskinrepair.com"
168.144.95.241 - - [28/Apr/2026:11:01:06 +0000] "GET /wp-admin/profile.php HTTP/1.1" 503 7317 "https://wrinkledskinrepair.com/wp-login.php" "Mozilla/5.0 (Macintosh; Intel Mac OS X 10_15_7) AppleWebKit/605.1.15 (KHTML, like Gecko) Version/17.2 Safari/605.1.15"
168.144.95.241 - - [28/Apr/2026:11:01:09 +0000] "GET /wp-admin/edit.php HTTP/1.1" 503 7317 "https://wrinkledskinrepair.com/wp-login.php" "Mozilla/5.0 (Macintosh; Intel Mac OS X 10_15_7) AppleWebKit/605.1.15 (KHTML, like Gecko) Version/17.2 Safari/605.1.15"
116.179.32.164 - - [28/Apr/2026:11:01:12 +0000] "GET /ea33b70f2ff71c22d2524518b7494097e377ffd41cb3194390f7c67ca0_640-326x245/ HTTP/1.1" 404 42527 "-" "Mozilla/5.0 (compatible; Baiduspider/2.0; +http://www.baidu.com/search/spider.html)"
168.144.95.241 - - [28/Apr/2026:11:01:14 +0000] "GET /wp-admin/plugins.php HTTP/1.1" 503 7318 "https://wrinkledskinrepair.com/wp-login.php" "Mozilla/5.0 (Macintosh; Intel Mac OS X 10_15_7) AppleWebKit/605.1.15 (KHTML, like Gecko) Version/17.2 Safari/605.1.15"
168.144.95.241 - - [28/Apr/2026:11:01:16 +0000] "POST /wp-login.php HTTP/1.1" 503 7118 "https://wrinkledskinrepair.com/wp-login.php" "Mozilla/5.0 (Windows NT 11.0; Win64; x64) AppleWebKit/537.36 (KHTML, like Gecko) Chrome/118.0.0.0 Safari/537.36"
168.144.95.241 - - [28/Apr/2026:11:01:17 +0000] "GET /wp-admin/index.php HTTP/1.1" 503 7317 "https://wrinkledskinrepair.com/wp-login.php" "Mozilla/5.0 (X11; Ubuntu; Linux x86_64) AppleWebKit/537.36 (KHTML, like Gecko) Chrome/121.0.0.0 Safari/537.36"
184.94.212.206 - - [28/Apr/2026:11:01:19 +0000] "POST /wp-cron.php?doing_wp_cron=1777374079.1495759487152099609375 HTTP/1.1" 200 - "-" "WordPress/6.9.4; https://www.wrinkledskinrepair.com"
184.94.212.206 - - [28/Apr/2026:11:01:17 +0000] "POST /?wordfence_syncAttackData=1777374077.9471 HTTP/1.1" 200 - "-" "WordPress/6.9.4; https://www.wrinkledskinrepair.com"
168.144.95.241 - - [28/Apr/2026:11:01:19 +0000] "GET /wp-admin/profile.php HTTP/1.1" 503 7317 "https://wrinkledskinrepair.com/wp-login.php" "Mozilla/5.0 (X11; Ubuntu; Linux x86_64) AppleWebKit/537.36 (KHTML, like Gecko) Chrome/121.0.0.0 Safari/537.36"
168.144.95.241 - - [28/Apr/2026:11:01:21 +0000] "GET /wp-admin/edit.php HTTP/1.1" 503 7317 "https://wrinkledskinrepair.com/wp-login.php" "Mozilla/5.0 (X11; Ubuntu; Linux x86_64) AppleWebKit/537.36 (KHTML, like Gecko) Chrome/121.0.0.0 Safari/537.36"
168.144.95.241 - - [28/Apr/2026:11:01:23 +0000] "GET /wp-admin/plugins.php HTTP/1.1" 503 7317 "https://wrinkledskinrepair.com/wp-login.php" "Mozilla/5.0 (X11; Ubuntu; Linux x86_64) AppleWebKit/537.36 (KHTML, like Gecko) Chrome/121.0.0.0 Safari/537.36"
168.144.95.241 - - [28/Apr/2026:11:01:25 +0000] "POST /wp-login.php HTTP/1.1" 503 7118 "https://wrinkledskinrepair.com/wp-login.php" "Mozilla/5.0 (Windows NT 10.0; Win64; x64; rv:118.0) Gecko/20100101 Firefox/118.0"
168.144.95.241 - - [28/Apr/2026:11:01:26 +0000] "GET /wp-admin/index.php HTTP/1.1" 503 7317 "https://wrinkledskinrepair.com/wp-login.php" "Mozilla/5.0 (Macintosh; Intel Mac OS X 10_15_7) AppleWebKit/537.36 (KHTML, like Gecko) Chrome/121.0.0.0 Safari/537.36"
168.144.95.241 - - [28/Apr/2026:11:01:31 +0000] "GET /wp-admin/profile.php HTTP/1.1" 503 7317 "https://wrinkledskinrepair.com/wp-login.php" "Mozilla/5.0 (Macintosh; Intel Mac OS X 10_15_7) AppleWebKit/537.36 (KHTML, like Gecko) Chrome/121.0.0.0 Safari/537.36"
184.94.212.206 - - [28/Apr/2026:11:01:32 +0000] "POST /wp-cron.php?doing_wp_cron=1777374092.2916100025177001953125 HTTP/1.1" 200 - "-" "WordPress/6.9.4; https://www.wrinkledskinrepair.com"
184.94.212.206 - - [28/Apr/2026:11:01:31 +0000] "POST /?wordfence_syncAttackData=1777374091.0823 HTTP/1.1" 200 - "-" "WordPress/6.9.4; https://www.wrinkledskinrepair.com"
114.119.142.210 - - [28/Apr/2026:11:01:30 +0000] "GET /2020/05/23/tips-to-easy-and-effective-skin-care/ HTTP/1.1" 200 53936 "https://www.wrinkledskinrepair.com/2020/05/22/skin-care-tips-and-tricks-that-really-work-2" "Mozilla/5.0 (Linux; Android 7.0;) AppleWebKit/537.36 (HTML, like Gecko) Mobile Safari/537.36 (compatible; PetalBot;+https://webmaster.petalsearch.com/site/petalbot)"
168.144.95.241 - - [28/Apr/2026:11:01:33 +0000] "GET /wp-admin/edit.php HTTP/1.1" 503 7318 "https://wrinkledskinrepair.com/wp-login.php" "Mozilla/5.0 (Macintosh; Intel Mac OS X 10_15_7) AppleWebKit/537.36 (KHTML, like Gecko) Chrome/121.0.0.0 Safari/537.36"
168.144.95.241 - - [28/Apr/2026:11:01:34 +0000] "GET /wp-admin/plugins.php HTTP/1.1" 503 7317 "https://wrinkledskinrepair.com/wp-login.php" "Mozilla/5.0 (Macintosh; Intel Mac OS X 10_15_7) AppleWebKit/537.36 (KHTML, like Gecko) Chrome/121.0.0.0 Safari/537.36"
168.144.95.241 - - [28/Apr/2026:11:01:36 +0000] "POST /wp-login.php HTTP/1.1" 503 7118 "https://wrinkledskinrepair.com/wp-login.php" "Mozilla/5.0 (Windows NT 11.0; Win64; x64) AppleWebKit/537.36 (KHTML, like Gecko) Chrome/120.0.0.0 Safari/537.36"
168.144.95.241 - - [28/Apr/2026:11:01:37 +0000] "GET /wp-admin/index.php HTTP/1.1" 503 7318 "https://wrinkledskinrepair.com/wp-login.php" "Mozilla/5.0 (Macintosh; Intel Mac OS X 10_15_7) AppleWebKit/537.36 (KHTML, like Gecko) Chrome/120.0.0.0 Safari/537.36"
168.144.95.241 - - [28/Apr/2026:11:01:39 +0000] "GET /wp-admin/profile.php HTTP/1.1" 503 7317 "https://wrinkledskinrepair.com/wp-login.php" "Mozilla/5.0 (Macintosh; Intel Mac OS X 10_15_7) AppleWebKit/537.36 (KHTML, like Gecko) Chrome/120.0.0.0 Safari/537.36"
168.144.95.241 - - [28/Apr/2026:11:01:41 +0000] "GET /wp-admin/edit.php HTTP/1.1" 503 7317 "https://wrinkledskinrepair.com/wp-login.php" "Mozilla/5.0 (Macintosh; Intel Mac OS X 10_15_7) AppleWebKit/537.36 (KHTML, like Gecko) Chrome/120.0.0.0 Safari/537.36"
184.94.212.206 - - [28/Apr/2026:11:01:43 +0000] "POST /wp-cron.php?doing_wp_cron=1777374103.4719250202178955078125 HTTP/1.1" 200 - "-" "WordPress/6.9.4; https://www.wrinkledskinrepair.com"
184.94.212.206 - - [28/Apr/2026:11:01:42 +0000] "POST /?wordfence_syncAttackData=1777374102.2747 HTTP/1.1" 200 - "-" "WordPress/6.9.4; https://www.wrinkledskinrepair.com"
168.144.95.241 - - [28/Apr/2026:11:01:44 +0000] "GET /wp-admin/plugins.php HTTP/1.1" 503 7317 "https://wrinkledskinrepair.com/wp-login.php" "Mozilla/5.0 (Macintosh; Intel Mac OS X 10_15_7) AppleWebKit/537.36 (KHTML, like Gecko) Chrome/120.0.0.0 Safari/537.36"
168.144.95.241 - - [28/Apr/2026:11:01:45 +0000] "POST /wp-login.php HTTP/1.1" 503 7118 "https://wrinkledskinrepair.com/wp-login.php" "Mozilla/5.0 (Macintosh; Intel Mac OS X 10_15_7; rv:118.0) Gecko/20100101 Firefox/118.0"
168.144.95.241 - - [28/Apr/2026:11:01:46 +0000] "GET /wp-admin/index.php HTTP/1.1" 503 7317 "https://wrinkledskinrepair.com/wp-login.php" "Mozilla/5.0 (Macintosh; Intel Mac OS X 10_15_7; rv:119.0) Gecko/20100101 Firefox/119.0"
168.144.95.241 - - [28/Apr/2026:11:01:48 +0000] "GET /wp-admin/profile.php HTTP/1.1" 503 7317 "https://wrinkledskinrepair.com/wp-login.php" "Mozilla/5.0 (Macintosh; Intel Mac OS X 10_15_7; rv:119.0) Gecko/20100101 Firefox/119.0"
168.144.95.241 - - [28/Apr/2026:11:01:50 +0000] "GET /wp-admin/edit.php HTTP/1.1" 503 7317 "https://wrinkledskinrepair.com/wp-login.php" "Mozilla/5.0 (Macintosh; Intel Mac OS X 10_15_7; rv:119.0) Gecko/20100101 Firefox/119.0"
168.144.95.241 - - [28/Apr/2026:11:01:52 +0000] "GET /wp-admin/plugins.php HTTP/1.1" 503 7317 "https://wrinkledskinrepair.com/wp-login.php" "Mozilla/5.0 (Macintosh; Intel Mac OS X 10_15_7; rv:119.0) Gecko/20100101 Firefox/119.0"
184.94.212.206 - - [28/Apr/2026:11:01:52 +0000] "POST /?wordfence_syncAttackData=1777374112.9405 HTTP/1.1" 200 - "-" "WordPress/6.9.4; https://www.wrinkledskinrepair.com"
168.144.95.241 - - [28/Apr/2026:11:01:54 +0000] "POST /wp-login.php HTTP/1.1" 503 7118 "https://wrinkledskinrepair.com/wp-login.php" "Mozilla/5.0 (Windows NT 11.0; Win64; x64; rv:121.0) Gecko/20100101 Firefox/121.0"
168.144.95.241 - - [28/Apr/2026:11:01:55 +0000] "GET /wp-admin/index.php HTTP/1.1" 503 7317 "https://wrinkledskinrepair.com/wp-login.php" "Mozilla/5.0 (X11; Linux x86_64) AppleWebKit/537.36 (KHTML, like Gecko) Chrome/121.0.0.0 Safari/537.36"
168.144.95.241 - - [28/Apr/2026:11:01:57 +0000] "GET /wp-admin/profile.php HTTP/1.1" 503 7317 "https://wrinkledskinrepair.com/wp-login.php" "Mozilla/5.0 (X11; Linux x86_64) AppleWebKit/537.36 (KHTML, like Gecko) Chrome/121.0.0.0 Safari/537.36"
168.144.95.241 - - [28/Apr/2026:11:01:59 +0000] "GET /wp-admin/edit.php HTTP/1.1" 503 7317 "https://wrinkledskinrepair.com/wp-login.php" "Mozilla/5.0 (X11; Linux x86_64) AppleWebKit/537.36 (KHTML, like Gecko) Chrome/121.0.0.0 Safari/537.36"
168.144.95.241 - - [28/Apr/2026:11:02:01 +0000] "GET /wp-admin/plugins.php HTTP/1.1" 503 7317 "https://wrinkledskinrepair.com/wp-login.php" "Mozilla/5.0 (X11; Linux x86_64) AppleWebKit/537.36 (KHTML, like Gecko) Chrome/121.0.0.0 Safari/537.36"
168.144.95.241 - - [28/Apr/2026:11:02:02 +0000] "POST /wp-login.php HTTP/1.1" 503 7118 "https://wrinkledskinrepair.com/wp-login.php" "Mozilla/5.0 (Macintosh; Intel Mac OS X 13_6_1) AppleWebKit/537.36 (KHTML, like Gecko) Chrome/119.0.0.0 Safari/537.36"
168.144.95.241 - - [28/Apr/2026:11:02:03 +0000] "GET /wp-admin/index.php HTTP/1.1" 503 7317 "https://wrinkledskinrepair.com/wp-login.php" "Mozilla/5.0 (Macintosh; Intel Mac OS X 10_15_7) AppleWebKit/537.36 (KHTML, like Gecko) Chrome/118.0.0.0 Safari/537.36"
184.94.212.206 - - [28/Apr/2026:11:02:04 +0000] "POST /?wordfence_syncAttackData=1777374124.7516 HTTP/1.1" 200 - "-" "WordPress/6.9.4; https://www.wrinkledskinrepair.com"
168.144.95.241 - - [28/Apr/2026:11:02:06 +0000] "GET /wp-admin/profile.php HTTP/1.1" 503 7317 "https://wrinkledskinrepair.com/wp-login.php" "Mozilla/5.0 (Macintosh; Intel Mac OS X 10_15_7) AppleWebKit/537.36 (KHTML, like Gecko) Chrome/118.0.0.0 Safari/537.36"
168.144.95.241 - - [28/Apr/2026:11:02:08 +0000] "GET /wp-admin/edit.php HTTP/1.1" 503 7317 "https://wrinkledskinrepair.com/wp-login.php" "Mozilla/5.0 (Macintosh; Intel Mac OS X 10_15_7) AppleWebKit/537.36 (KHTML, like Gecko) Chrome/118.0.0.0 Safari/537.36"
168.144.95.241 - - [28/Apr/2026:11:02:09 +0000] "GET /wp-admin/plugins.php HTTP/1.1" 503 7317 "https://wrinkledskinrepair.com/wp-login.php" "Mozilla/5.0 (Macintosh; Intel Mac OS X 10_15_7) AppleWebKit/537.36 (KHTML, like Gecko) Chrome/118.0.0.0 Safari/537.36"
168.144.95.241 - - [28/Apr/2026:11:02:11 +0000] "POST /wp-login.php HTTP/1.1" 503 7118 "https://wrinkledskinrepair.com/wp-login.php" "Mozilla/5.0 (Windows NT 11.0; Win64; x64) AppleWebKit/537.36 (KHTML, like Gecko) Chrome/119.0.0.0 Safari/537.36"
168.144.95.241 - - [28/Apr/2026:11:02:12 +0000] "GET /wp-admin/index.php HTTP/1.1" 503 7317 "https://wrinkledskinrepair.com/wp-login.php" "Mozilla/5.0 (Macintosh; Intel Mac OS X 10_15_7) AppleWebKit/537.36 (KHTML, like Gecko) Chrome/121.0.0.0 Safari/537.36"
168.144.95.241 - - [28/Apr/2026:11:02:14 +0000] "GET /wp-admin/profile.php HTTP/1.1" 503 7317 "https://wrinkledskinrepair.com/wp-login.php" "Mozilla/5.0 (Macintosh; Intel Mac OS X 10_15_7) AppleWebKit/537.36 (KHTML, like Gecko) Chrome/121.0.0.0 Safari/537.36"
184.94.212.206 - - [28/Apr/2026:11:02:16 +0000] "POST /wp-cron.php?doing_wp_cron=1777374136.2522749900817871093750 HTTP/1.1" 200 - "-" "WordPress/6.9.4; https://www.wrinkledskinrepair.com"
184.94.212.206 - - [28/Apr/2026:11:02:15 +0000] "POST /?wordfence_syncAttackData=1777374135.0827 HTTP/1.1" 200 - "-" "WordPress/6.9.4; https://www.wrinkledskinrepair.com"
168.144.95.241 - - [28/Apr/2026:11:02:17 +0000] "GET /wp-admin/edit.php HTTP/1.1" 503 7317 "https://wrinkledskinrepair.com/wp-login.php" "Mozilla/5.0 (Macintosh; Intel Mac OS X 10_15_7) AppleWebKit/537.36 (KHTML, like Gecko) Chrome/121.0.0.0 Safari/537.36"
168.144.95.241 - - [28/Apr/2026:11:02:18 +0000] "GET /wp-admin/plugins.php HTTP/1.1" 503 7317 "https://wrinkledskinrepair.com/wp-login.php" "Mozilla/5.0 (Macintosh; Intel Mac OS X 10_15_7) AppleWebKit/537.36 (KHTML, like Gecko) Chrome/121.0.0.0 Safari/537.36"
168.144.95.241 - - [28/Apr/2026:11:02:24 +0000] "POST /wp-login.php HTTP/1.1" 503 7118 "https://wrinkledskinrepair.com/wp-login.php" "Mozilla/5.0 (Windows NT 10.0; Win64; x64; rv:118.0) Gecko/20100101 Firefox/118.0"
168.144.95.241 - - [28/Apr/2026:11:02:25 +0000] "GET /wp-admin/index.php HTTP/1.1" 503 7317 "https://wrinkledskinrepair.com/wp-login.php" "Mozilla/5.0 (Macintosh; Intel Mac OS X 13_6_1) AppleWebKit/605.1.15 (KHTML, like Gecko) Version/17.1 Safari/605.1.15"
184.94.212.206 - - [28/Apr/2026:11:02:27 +0000] "POST /wp-cron.php?doing_wp_cron=1777374147.2798790931701660156250 HTTP/1.1" 200 - "-" "WordPress/6.9.4; https://www.wrinkledskinrepair.com"
184.94.212.206 - - [28/Apr/2026:11:02:26 +0000] "POST /?wordfence_syncAttackData=1777374146.0202 HTTP/1.1" 200 - "-" "WordPress/6.9.4; https://www.wrinkledskinrepair.com"
216.73.216.121 - - [28/Apr/2026:11:02:26 +0000] "GET /robots.txt HTTP/1.1" 200 127 "-" "Mozilla/5.0 AppleWebKit/537.36 (KHTML, like Gecko; compatible; ClaudeBot/1.0; +claudebot@anthropic.com)"
184.94.212.206 - - [28/Apr/2026:11:02:26 +0000] "POST /?wordfence_syncAttackData=1777374146.3434 HTTP/1.1" 200 47772 "-" "WordPress/6.9.4; https://www.wrinkledskinrepair.com"
52.3.127.170 - - [28/Apr/2026:11:02:25 +0000] "GET /2018/11/12/these-great-skin-care-tips-can-change-your-life/ HTTP/1.1" 200 53665 "-" "Mozilla/5.0 AppleWebKit/537.36 (KHTML, like Gecko; compatible; Amazonbot/0.1; +https://developer.amazon.com/support/amazonbot) Chrome/119.0.6045.214 Safari/537.36"
168.144.95.241 - - [28/Apr/2026:11:02:28 +0000] "GET /wp-admin/profile.php HTTP/1.1" 503 7317 "https://wrinkledskinrepair.com/wp-login.php" "Mozilla/5.0 (Macintosh; Intel Mac OS X 13_6_1) AppleWebKit/605.1.15 (KHTML, like Gecko) Version/17.1 Safari/605.1.15"
216.73.216.121 - - [28/Apr/2026:11:02:27 +0000] "GET /store/?noamp=mobile HTTP/1.1" 200 46084 "-" "Mozilla/5.0 AppleWebKit/537.36 (KHTML, like Gecko; compatible; ClaudeBot/1.0; +claudebot@anthropic.com)"
168.144.95.241 - - [28/Apr/2026:11:02:29 +0000] "GET /wp-admin/edit.php HTTP/1.1" 503 7317 "https://wrinkledskinrepair.com/wp-login.php" "Mozilla/5.0 (Macintosh; Intel Mac OS X 13_6_1) AppleWebKit/605.1.15 (KHTML, like Gecko) Version/17.1 Safari/605.1.15"
52.73.6.26 - - [28/Apr/2026:11:02:29 +0000] "GET /2019/04/05/tips-to-resolve-your-skincare-issues-once-and-for-all-2/ HTTP/1.1" 200 53245 "-" "Mozilla/5.0 AppleWebKit/537.36 (KHTML, like Gecko; compatible; Amazonbot/0.1; +https://developer.amazon.com/support/amazonbot) Chrome/119.0.6045.214 Safari/537.36"
168.144.95.241 - - [28/Apr/2026:11:02:31 +0000] "GET /wp-admin/plugins.php HTTP/1.1" 503 7317 "https://wrinkledskinrepair.com/wp-login.php" "Mozilla/5.0 (Macintosh; Intel Mac OS X 13_6_1) AppleWebKit/605.1.15 (KHTML, like Gecko) Version/17.1 Safari/605.1.15"
168.144.95.241 - - [28/Apr/2026:11:02:33 +0000] "POST /wp-login.php HTTP/1.1" 503 7118 "https://wrinkledskinrepair.com/wp-login.php" "Mozilla/5.0 (Macintosh; Intel Mac OS X 10_15_7) AppleWebKit/537.36 (KHTML, like Gecko) Chrome/121.0.0.0 Safari/537.36"
44.223.193.255 - - [28/Apr/2026:11:02:33 +0000] "GET /2019/06/14/skin-care-that-actually-works-how-you-want-it-to/ HTTP/1.1" 200 53553 "-" "Mozilla/5.0 AppleWebKit/537.36 (KHTML, like Gecko; compatible; Amazonbot/0.1; +https://developer.amazon.com/support/amazonbot) Chrome/119.0.6045.214 Safari/537.36"
168.144.95.241 - - [28/Apr/2026:11:02:34 +0000] "GET /wp-admin/index.php HTTP/1.1" 503 7317 "https://wrinkledskinrepair.com/wp-login.php" "Mozilla/5.0 (X11; Ubuntu; Linux x86_64) AppleWebKit/537.36 (KHTML, like Gecko) Chrome/120.0.0.0 Safari/537.36"
168.144.95.241 - - [28/Apr/2026:11:02:36 +0000] "GET /wp-admin/profile.php HTTP/1.1" 503 7317 "https://wrinkledskinrepair.com/wp-login.php" "Mozilla/5.0 (X11; Ubuntu; Linux x86_64) AppleWebKit/537.36 (KHTML, like Gecko) Chrome/120.0.0.0 Safari/537.36"
184.94.212.206 - - [28/Apr/2026:11:02:36 +0000] "POST /?wordfence_syncAttackData=1777374156.9662 HTTP/1.1" 200 - "-" "WordPress/6.9.4; https://www.wrinkledskinrepair.com"
44.215.61.66 - - [28/Apr/2026:11:02:37 +0000] "GET /2020/03/31/care-for-your-skin-care-problems-using-these-tips/ HTTP/1.1" 200 52954 "-" "Mozilla/5.0 AppleWebKit/537.36 (KHTML, like Gecko; compatible; Amazonbot/0.1; +https://developer.amazon.com/support/amazonbot) Chrome/119.0.6045.214 Safari/537.36"
168.144.95.241 - - [28/Apr/2026:11:02:41 +0000] "GET /wp-admin/edit.php HTTP/1.1" 503 7317 "https://wrinkledskinrepair.com/wp-login.php" "Mozilla/5.0 (X11; Ubuntu; Linux x86_64) AppleWebKit/537.36 (KHTML, like Gecko) Chrome/120.0.0.0 Safari/537.36"
168.144.95.241 - - [28/Apr/2026:11:02:43 +0000] "GET /wp-admin/plugins.php HTTP/1.1" 503 7317 "https://wrinkledskinrepair.com/wp-login.php" "Mozilla/5.0 (X11; Ubuntu; Linux x86_64) AppleWebKit/537.36 (KHTML, like Gecko) Chrome/120.0.0.0 Safari/537.36"
168.144.95.241 - - [28/Apr/2026:11:02:44 +0000] "POST /wp-login.php HTTP/1.1" 503 7118 "https://wrinkledskinrepair.com/wp-login.php" "Mozilla/5.0 (Windows NT 11.0; Win64; x64) AppleWebKit/537.36 (KHTML, like Gecko) Chrome/120.0.0.0 Safari/537.36"
168.144.95.241 - - [28/Apr/2026:11:02:45 +0000] "GET /wp-admin/index.php HTTP/1.1" 503 7317 "https://wrinkledskinrepair.com/wp-login.php" "Mozilla/5.0 (Macintosh; Intel Mac OS X 10_15_7) AppleWebKit/605.1.15 (KHTML, like Gecko) Version/16.6 Safari/605.1.15"
184.94.212.206 - - [28/Apr/2026:11:02:46 +0000] "POST /?wordfence_syncAttackData=1777374166.642 HTTP/1.1" 200 - "-" "WordPress/6.9.4; https://www.wrinkledskinrepair.com"
168.144.95.241 - - [28/Apr/2026:11:02:48 +0000] "GET /wp-admin/profile.php HTTP/1.1" 503 7317 "https://wrinkledskinrepair.com/wp-login.php" "Mozilla/5.0 (Macintosh; Intel Mac OS X 10_15_7) AppleWebKit/605.1.15 (KHTML, like Gecko) Version/16.6 Safari/605.1.15"
168.144.95.241 - - [28/Apr/2026:11:02:50 +0000] "GET /wp-admin/edit.php HTTP/1.1" 503 7317 "https://wrinkledskinrepair.com/wp-login.php" "Mozilla/5.0 (Macintosh; Intel Mac OS X 10_15_7) AppleWebKit/605.1.15 (KHTML, like Gecko) Version/16.6 Safari/605.1.15"
168.144.95.241 - - [28/Apr/2026:11:02:51 +0000] "GET /wp-admin/plugins.php HTTP/1.1" 503 7318 "https://wrinkledskinrepair.com/wp-login.php" "Mozilla/5.0 (Macintosh; Intel Mac OS X 10_15_7) AppleWebKit/605.1.15 (KHTML, like Gecko) Version/16.6 Safari/605.1.15"
168.144.95.241 - - [28/Apr/2026:11:02:53 +0000] "POST /wp-login.php HTTP/1.1" 503 7118 "https://wrinkledskinrepair.com/wp-login.php" "Mozilla/5.0 (Macintosh; Intel Mac OS X 13_6_1) AppleWebKit/537.36 (KHTML, like Gecko) Chrome/119.0.0.0 Safari/537.36"
57.141.18.122 - - [28/Apr/2026:11:02:53 +0000] "GET /2017/07/23/getting-rid-of-wrinkles/ HTTP/1.1" 200 183234 "-" "meta-externalagent/1.1 (+https://developers.facebook.com/docs/sharing/webmasters/crawler)"
168.144.95.241 - - [28/Apr/2026:11:02:54 +0000] "GET /wp-admin/index.php HTTP/1.1" 503 7317 "https://wrinkledskinrepair.com/wp-login.php" "Mozilla/5.0 (Macintosh; Intel Mac OS X 10_15_7) AppleWebKit/605.1.15 (KHTML, like Gecko) Version/16.6 Safari/605.1.15"
168.144.95.241 - - [28/Apr/2026:11:02:56 +0000] "GET /wp-admin/profile.php HTTP/1.1" 503 7317 "https://wrinkledskinrepair.com/wp-login.php" "Mozilla/5.0 (Macintosh; Intel Mac OS X 10_15_7) AppleWebKit/605.1.15 (KHTML, like Gecko) Version/16.6 Safari/605.1.15"
184.94.212.206 - - [28/Apr/2026:11:02:57 +0000] "POST /?wordfence_syncAttackData=1777374177.0925 HTTP/1.1" 200 - "-" "WordPress/6.9.4; https://www.wrinkledskinrepair.com"
168.144.95.241 - - [28/Apr/2026:11:02:58 +0000] "GET /wp-admin/edit.php HTTP/1.1" 503 7317 "https://wrinkledskinrepair.com/wp-login.php" "Mozilla/5.0 (Macintosh; Intel Mac OS X 10_15_7) AppleWebKit/605.1.15 (KHTML, like Gecko) Version/16.6 Safari/605.1.15"
168.144.95.241 - - [28/Apr/2026:11:03:00 +0000] "GET /wp-admin/plugins.php HTTP/1.1" 503 7317 "https://wrinkledskinrepair.com/wp-login.php" "Mozilla/5.0 (Macintosh; Intel Mac OS X 10_15_7) AppleWebKit/605.1.15 (KHTML, like Gecko) Version/16.6 Safari/605.1.15"
168.144.95.241 - - [28/Apr/2026:11:03:02 +0000] "POST /wp-login.php HTTP/1.1" 503 7118 "https://wrinkledskinrepair.com/wp-login.php" "Mozilla/5.0 (Windows NT 11.0; Win64; x64) AppleWebKit/537.36 (KHTML, like Gecko) Chrome/121.0.0.0 Safari/537.36"
168.144.95.241 - - [28/Apr/2026:11:03:03 +0000] "GET /wp-admin/index.php HTTP/1.1" 503 7318 "https://wrinkledskinrepair.com/wp-login.php" "Mozilla/5.0 (Macintosh; Intel Mac OS X 10_15_7; rv:119.0) Gecko/20100101 Firefox/119.0"
168.144.95.241 - - [28/Apr/2026:11:03:05 +0000] "GET /wp-admin/profile.php HTTP/1.1" 503 7317 "https://wrinkledskinrepair.com/wp-login.php" "Mozilla/5.0 (Macintosh; Intel Mac OS X 10_15_7; rv:119.0) Gecko/20100101 Firefox/119.0"
168.144.95.241 - - [28/Apr/2026:11:03:06 +0000] "GET /wp-admin/edit.php HTTP/1.1" 503 7317 "https://wrinkledskinrepair.com/wp-login.php" "Mozilla/5.0 (Macintosh; Intel Mac OS X 10_15_7; rv:119.0) Gecko/20100101 Firefox/119.0"
184.94.212.206 - - [28/Apr/2026:11:03:08 +0000] "POST /wp-cron.php?doing_wp_cron=1777374188.7643990516662597656250 HTTP/1.1" 200 - "-" "WordPress/6.9.4; https://www.wrinkledskinrepair.com"
184.94.212.206 - - [28/Apr/2026:11:03:07 +0000] "POST /?wordfence_syncAttackData=1777374187.6578 HTTP/1.1" 200 - "-" "WordPress/6.9.4; https://www.wrinkledskinrepair.com"
168.144.95.241 - - [28/Apr/2026:11:03:09 +0000] "GET /wp-admin/plugins.php HTTP/1.1" 503 7317 "https://wrinkledskinrepair.com/wp-login.php" "Mozilla/5.0 (Macintosh; Intel Mac OS X 10_15_7; rv:119.0) Gecko/20100101 Firefox/119.0"
184.94.212.206 - - [28/Apr/2026:11:03:09 +0000] "POST /wp-admin/admin-ajax.php?action=wordfence_testAjax HTTP/1.1" 200 32 "-" "WordPress/6.9.4; https://www.wrinkledskinrepair.com"
168.144.95.241 - - [28/Apr/2026:11:03:11 +0000] "POST /wp-login.php HTTP/1.1" 503 7118 "https://wrinkledskinrepair.com/wp-login.php" "Mozilla/5.0 (Macintosh; Intel Mac OS X 13_6_1) AppleWebKit/605.1.15 (KHTML, like Gecko) Version/17.2 Safari/605.1.15"
168.144.95.241 - - [28/Apr/2026:11:03:12 +0000] "GET /wp-admin/index.php HTTP/1.1" 503 7317 "https://wrinkledskinrepair.com/wp-login.php" "Mozilla/5.0 (Macintosh; Intel Mac OS X 10_15_7) AppleWebKit/537.36 (KHTML, like Gecko) Chrome/118.0.0.0 Safari/537.36"
184.94.212.206 - - [28/Apr/2026:11:03:12 +0000] "GET /wp-admin/admin-ajax.php?action=wordfence_doScan&isFork=0&scanMode=quick&cronKey=8ec852dc35c2f27d0662aee4707ae5c5&signature=f4bfca1d0d737b304f7770957ebc09a170114b9e24053c5e5110dd2909063116 HTTP/1.1" 200 - "-" "WordPress/6.9.4; https://www.wrinkledskinrepair.com"
168.144.95.241 - - [28/Apr/2026:11:03:14 +0000] "GET /wp-admin/profile.php HTTP/1.1" 503 7318 "https://wrinkledskinrepair.com/wp-login.php" "Mozilla/5.0 (Macintosh; Intel Mac OS X 10_15_7) AppleWebKit/537.36 (KHTML, like Gecko) Chrome/118.0.0.0 Safari/537.36"
168.144.95.241 - - [28/Apr/2026:11:03:15 +0000] "GET /wp-admin/edit.php HTTP/1.1" 503 7317 "https://wrinkledskinrepair.com/wp-login.php" "Mozilla/5.0 (Macintosh; Intel Mac OS X 10_15_7) AppleWebKit/537.36 (KHTML, like Gecko) Chrome/118.0.0.0 Safari/537.36"
168.144.95.241 - - [28/Apr/2026:11:03:17 +0000] "GET /wp-admin/plugins.php HTTP/1.1" 503 7317 "https://wrinkledskinrepair.com/wp-login.php" "Mozilla/5.0 (Macintosh; Intel Mac OS X 10_15_7) AppleWebKit/537.36 (KHTML, like Gecko) Chrome/118.0.0.0 Safari/537.36"
184.94.212.206 - - [28/Apr/2026:11:03:19 +0000] "POST /wp-cron.php?doing_wp_cron=1777374199.3077850341796875000000 HTTP/1.1" 200 - "-" "WordPress/6.9.4; https://www.wrinkledskinrepair.com"
184.94.212.206 - - [28/Apr/2026:11:03:18 +0000] "POST /?wordfence_syncAttackData=1777374198.2809 HTTP/1.1" 200 - "-" "WordPress/6.9.4; https://www.wrinkledskinrepair.com"
168.144.95.241 - - [28/Apr/2026:11:03:20 +0000] "POST /wp-login.php HTTP/1.1" 503 7118 "https://wrinkledskinrepair.com/wp-login.php" "Mozilla/5.0 (Macintosh; Intel Mac OS X 13_6_1; rv:118.0) Gecko/20100101 Firefox/118.0"
168.144.95.241 - - [28/Apr/2026:11:03:21 +0000] "GET /wp-admin/index.php HTTP/1.1" 503 7318 "https://wrinkledskinrepair.com/wp-login.php" "Mozilla/5.0 (Macintosh; Intel Mac OS X 13_6_1) AppleWebKit/605.1.15 (KHTML, like Gecko) Version/16.6 Safari/605.1.15"
168.144.95.241 - - [28/Apr/2026:11:03:22 +0000] "GET /wp-admin/profile.php HTTP/1.1" 503 7317 "https://wrinkledskinrepair.com/wp-login.php" "Mozilla/5.0 (Macintosh; Intel Mac OS X 13_6_1) AppleWebKit/605.1.15 (KHTML, like Gecko) Version/16.6 Safari/605.1.15"
168.144.95.241 - - [28/Apr/2026:11:03:27 +0000] "GET /wp-admin/edit.php HTTP/1.1" 503 7317 "https://wrinkledskinrepair.com/wp-login.php" "Mozilla/5.0 (Macintosh; Intel Mac OS X 13_6_1) AppleWebKit/605.1.15 (KHTML, like Gecko) Version/16.6 Safari/605.1.15"
184.94.212.206 - - [28/Apr/2026:11:03:28 +0000] "POST /?wordfence_syncAttackData=1777374208.249 HTTP/1.1" 200 - "-" "WordPress/6.9.4; https://www.wrinkledskinrepair.com"
168.144.95.241 - - [28/Apr/2026:11:03:30 +0000] "GET /wp-admin/plugins.php HTTP/1.1" 503 7317 "https://wrinkledskinrepair.com/wp-login.php" "Mozilla/5.0 (Macintosh; Intel Mac OS X 13_6_1) AppleWebKit/605.1.15 (KHTML, like Gecko) Version/16.6 Safari/605.1.15"
168.144.95.241 - - [28/Apr/2026:11:03:31 +0000] "POST /wp-login.php HTTP/1.1" 503 7118 "https://wrinkledskinrepair.com/wp-login.php" "Mozilla/5.0 (Macintosh; Intel Mac OS X 10_15_7) AppleWebKit/537.36 (KHTML, like Gecko) Chrome/119.0.0.0 Safari/537.36"
