57.141.18.112 - - [27/Apr/2026:16:09:17 +0000] "GET /2019/05/30/dont-age-prematurely-how-to-care-for-your-skin/ HTTP/1.1" 200 185982 "-" "meta-externalagent/1.1 (+https://developers.facebook.com/docs/sharing/webmasters/crawler)"
114.119.157.239 - - [27/Apr/2026:16:09:43 +0000] "GET /2019/06/25/basic-skin-care-tips-that-will-work-for-any-skin-type?share=x HTTP/1.1" 302 - "https://www.wrinkledskinrepair.com/2019/06/25/basic-skin-care-tips-that-will-work-for-any-skin-type" "Mozilla/5.0 (Linux; Android 7.0;) AppleWebKit/537.36 (HTML, like Gecko) Mobile Safari/537.36 (compatible; PetalBot;+https://webmaster.petalsearch.com/site/petalbot)"
184.94.212.206 - - [27/Apr/2026:16:10:28 +0000] "POST /wp-cron.php?doing_wp_cron=1777306228.3084518909454345703125 HTTP/1.1" 200 - "-" "WordPress/6.9.4; https://www.wrinkledskinrepair.com"
57.141.18.74 - - [27/Apr/2026:16:10:26 +0000] "GET /2019/06/09/effective-skin-care-solutions-for-everyday-life/ HTTP/1.1" 200 186013 "-" "meta-externalagent/1.1 (+https://developers.facebook.com/docs/sharing/webmasters/crawler)"
57.141.18.21 - - [27/Apr/2026:16:10:52 +0000] "GET /tag/exfoliating-facial-scrub/ HTTP/1.1" 200 150632 "-" "meta-externalagent/1.1 (+https://developers.facebook.com/docs/sharing/webmasters/crawler)"
184.94.212.206 - - [27/Apr/2026:16:12:09 +0000] "POST /wp-cron.php?doing_wp_cron=1777306329.7841958999633789062500 HTTP/1.1" 200 - "-" "WordPress/6.9.4; https://www.wrinkledskinrepair.com"
114.119.143.101 - - [27/Apr/2026:16:12:07 +0000] "GET /2019/06/23/get-great-skin-with-this-amazing-advice/ HTTP/1.1" 200 53129 "https://www.wrinkledskinrepair.com/blog/page/14/" "Mozilla/5.0 (Linux; Android 7.0;) AppleWebKit/537.36 (HTML, like Gecko) Mobile Safari/537.36 (compatible; PetalBot;+https://webmaster.petalsearch.com/site/petalbot)"
184.94.212.206 - - [27/Apr/2026:16:12:30 +0000] "POST /wp-cron.php?doing_wp_cron=1777306350.7854659557342529296875 HTTP/1.1" 200 - "-" "WordPress/6.9.4; https://www.wrinkledskinrepair.com"
57.141.18.2 - - [27/Apr/2026:16:12:29 +0000] "GET /tag/feeling-healthy/ HTTP/1.1" 200 150487 "-" "meta-externalagent/1.1 (+https://developers.facebook.com/docs/sharing/webmasters/crawler)"
47.128.41.61 - - [27/Apr/2026:16:12:39 +0000] "GET / HTTP/1.1" 200 47737 "-" "Mozilla/5.0 (compatible; Bytespider; spider-feedback@bytedance.com) AppleWebKit/537.36 (KHTML, like Gecko) Chrome/70.0.0.0 Safari/537.36"
47.128.41.61 - - [27/Apr/2026:16:12:42 +0000] "GET /wp-content/plugins/complianz-gdpr/assets/css/cookieblocker.min.css?ver=1741710170 HTTP/1.1" 200 723 "https://www.wrinkledskinrepair.com/" "Mozilla/5.0 (compatible; Bytespider; spider-feedback@bytedance.com) AppleWebKit/537.36 (KHTML, like Gecko) Chrome/70.0.0.0 Safari/537.36"
47.128.41.61 - - [27/Apr/2026:16:12:42 +0000] "GET /wp-content/themes/spa-and-salon/style.css?ver=6.9.4 HTTP/1.1" 200 13994 "https://www.wrinkledskinrepair.com/" "Mozilla/5.0 (compatible; Bytespider; spider-feedback@bytedance.com) AppleWebKit/537.36 (KHTML, like Gecko) Chrome/70.0.0.0 Safari/537.36"
47.128.41.61 - - [27/Apr/2026:16:12:43 +0000] "GET /wp-content/plugins/recent-posts-widget-with-thumbnails/public.css?ver=7.1.1 HTTP/1.1" 200 487 "https://www.wrinkledskinrepair.com/" "Mozilla/5.0 (compatible; Bytespider; spider-feedback@bytedance.com) AppleWebKit/537.36 (KHTML, like Gecko) Chrome/70.0.0.0 Safari/537.36"
47.128.41.61 - - [27/Apr/2026:16:12:43 +0000] "GET /wp-content/themes/spa-and-salon/css/slick.min.css?ver=6.9.4 HTTP/1.1" 200 490 "https://www.wrinkledskinrepair.com/" "Mozilla/5.0 (compatible; Bytespider; spider-feedback@bytedance.com) AppleWebKit/537.36 (KHTML, like Gecko) Chrome/70.0.0.0 Safari/537.36"
47.128.41.61 - - [27/Apr/2026:16:12:44 +0000] "GET /wp-content/themes/spa-and-salon/css/perfect-scrollbar.min.css?ver=6.9.4 HTTP/1.1" 200 494 "https://www.wrinkledskinrepair.com/" "Mozilla/5.0 (compatible; Bytespider; spider-feedback@bytedance.com) AppleWebKit/537.36 (KHTML, like Gecko) Chrome/70.0.0.0 Safari/537.36"
47.128.41.61 - - [27/Apr/2026:16:12:44 +0000] "GET /wp-content/plugins/jetpack/_inc/blocks/subscriptions/view.css?minify=false&ver=15.7.1 HTTP/1.1" 200 1072 "https://www.wrinkledskinrepair.com/" "Mozilla/5.0 (compatible; Bytespider; spider-feedback@bytedance.com) AppleWebKit/537.36 (KHTML, like Gecko) Chrome/70.0.0.0 Safari/537.36"
47.128.41.61 - - [27/Apr/2026:16:12:44 +0000] "GET /wp-content/themes/medical-spa/style.css?ver=1.0.7 HTTP/1.1" 200 5745 "https://www.wrinkledskinrepair.com/" "Mozilla/5.0 (compatible; Bytespider; spider-feedback@bytedance.com) AppleWebKit/537.36 (KHTML, like Gecko) Chrome/70.0.0.0 Safari/537.36"
184.94.212.206 - - [27/Apr/2026:16:13:38 +0000] "POST /wp-cron.php?doing_wp_cron=1777306418.4859290122985839843750 HTTP/1.1" 200 - "-" "WordPress/6.9.4; https://www.wrinkledskinrepair.com"
57.141.18.108 - - [27/Apr/2026:16:13:36 +0000] "GET /2018/09/05/no-need-for-an-expensive-skin-care-regimen-basic-advice-to-keep-skin-looking-great/ HTTP/1.1" 200 187064 "-" "meta-externalagent/1.1 (+https://developers.facebook.com/docs/sharing/webmasters/crawler)"
216.73.216.121 - - [27/Apr/2026:16:13:38 +0000] "GET /sitemap.rss HTTP/1.1" 200 3442 "-" "Mozilla/5.0 AppleWebKit/537.36 (KHTML, like Gecko; compatible; ClaudeBot/1.0; +claudebot@anthropic.com)"
192.0.102.146 - - [27/Apr/2026:16:14:04 +0000] "HEAD / HTTP/1.1" 200 - "-" "jetmon/1.0 (Jetpack Site Uptime Monitor by WordPress.com)"
184.94.212.206 - - [27/Apr/2026:16:14:45 +0000] "POST /wp-cron.php?doing_wp_cron=1777306485.2075140476226806640625 HTTP/1.1" 200 - "-" "WordPress/6.9.4; https://www.wrinkledskinrepair.com"
114.119.144.17 - - [27/Apr/2026:16:14:43 +0000] "GET /2019/06/10/proper-skin-care-for-you/?share=x HTTP/1.1" 302 - "https://www.wrinkledskinrepair.com/2019/06/10/proper-skin-care-for-you/" "Mozilla/5.0 (Linux; Android 7.0;) AppleWebKit/537.36 (HTML, like Gecko) Mobile Safari/537.36 (compatible; PetalBot;+https://webmaster.petalsearch.com/site/petalbot)"
184.94.212.206 - - [27/Apr/2026:16:17:22 +0000] "POST /wp-cron.php?doing_wp_cron=1777306642.1901299953460693359375 HTTP/1.1" 200 - "-" "WordPress/6.9.4; https://www.wrinkledskinrepair.com"
114.119.145.116 - - [27/Apr/2026:16:17:20 +0000] "GET /2019/06/01/our-best-and-easiest-skin-care-tips/?share=x HTTP/1.1" 302 - "https://www.wrinkledskinrepair.com/2019/06/01/our-best-and-easiest-skin-care-tips/" "Mozilla/5.0 (Linux; Android 7.0;) AppleWebKit/537.36 (HTML, like Gecko) Mobile Safari/537.36 (compatible; PetalBot;+https://webmaster.petalsearch.com/site/petalbot)"
184.94.212.206 - - [27/Apr/2026:16:19:03 +0000] "POST /wp-cron.php?doing_wp_cron=1777306743.5094580650329589843750 HTTP/1.1" 200 - "-" "WordPress/6.9.4; https://www.wrinkledskinrepair.com"
57.141.18.39 - - [27/Apr/2026:16:19:01 +0000] "GET /tag/skin-care-products/ HTTP/1.1" 200 178259 "-" "meta-externalagent/1.1 (+https://developers.facebook.com/docs/sharing/webmasters/crawler)"
192.0.102.146 - - [27/Apr/2026:16:19:05 +0000] "HEAD / HTTP/1.1" 200 - "-" "jetmon/1.0 (Jetpack Site Uptime Monitor by WordPress.com)"
184.94.212.206 - - [27/Apr/2026:16:20:13 +0000] "POST /wp-cron.php?doing_wp_cron=1777306813.5317618846893310546875 HTTP/1.1" 200 - "-" "WordPress/6.9.4; https://www.wrinkledskinrepair.com"
114.119.157.239 - - [27/Apr/2026:16:20:11 +0000] "GET /2019/05/30/dont-age-prematurely-how-to-care-for-your-skin/ HTTP/1.1" 200 53178 "https://www.wrinkledskinrepair.com/author/beautyoftheworld/page/16" "Mozilla/5.0 (Linux; Android 7.0;) AppleWebKit/537.36 (HTML, like Gecko) Mobile Safari/537.36 (compatible; PetalBot;+https://webmaster.petalsearch.com/site/petalbot)"
95.215.32.14 - - [27/Apr/2026:16:22:17 +0000] "GET /plugins/plupload/examples/upload.php HTTP/1.1" 403 17008 "-" "ALittle Client"
184.94.212.206 - - [27/Apr/2026:16:22:44 +0000] "POST /?wordfence_syncAttackData=1777306964.406 HTTP/1.1" 200 - "-" "WordPress/6.9.4; https://www.wrinkledskinrepair.com"
184.94.212.206 - - [27/Apr/2026:16:22:45 +0000] "POST /wp-cron.php?doing_wp_cron=1777306965.8359169960021972656250 HTTP/1.1" 200 - "-" "WordPress/6.9.4; https://www.wrinkledskinrepair.com"
114.119.157.239 - - [27/Apr/2026:16:22:43 +0000] "GET /2019/05/28/learn-to-understand-your-skin-and-care-for-it-properly-3 HTTP/1.1" 301 - "https://www.wrinkledskinrepair.com/blog/page/15" "Mozilla/5.0 (Linux; Android 7.0;) AppleWebKit/537.36 (HTML, like Gecko) Mobile Safari/537.36 (compatible; PetalBot;+https://webmaster.petalsearch.com/site/petalbot)"
114.119.157.239 - - [27/Apr/2026:16:22:46 +0000] "GET /2019/05/28/learn-to-understand-your-skin-and-care-for-it-properly-3/ HTTP/1.1" 200 53497 "https://www.wrinkledskinrepair.com/blog/page/15" "Mozilla/5.0 (Linux; Android 7.0;) AppleWebKit/537.36 (HTML, like Gecko) Mobile Safari/537.36 (compatible; PetalBot;+https://webmaster.petalsearch.com/site/petalbot)"
184.94.212.206 - - [27/Apr/2026:16:23:36 +0000] "POST /wp-cron.php?doing_wp_cron=1777307016.3743989467620849609375 HTTP/1.1" 200 - "-" "WordPress/6.9.4; https://www.wrinkledskinrepair.com"
136.144.35.71 - - [27/Apr/2026:16:23:34 +0000] "POST /wp-login.php HTTP/1.1" 401 3479 "-" "Mozilla/5.0"
66.249.66.39 - - [27/Apr/2026:16:23:56 +0000] "GET /robots.txt HTTP/1.1" 200 127 "-" "Mozilla/5.0 (compatible; Googlebot/2.1; +http://www.google.com/bot.html)"
192.0.102.146 - - [27/Apr/2026:16:24:04 +0000] "HEAD / HTTP/1.1" 200 - "-" "jetmon/1.0 (Jetpack Site Uptime Monitor by WordPress.com)"
184.94.212.206 - - [27/Apr/2026:16:24:50 +0000] "POST /wp-cron.php?doing_wp_cron=1777307090.3087780475616455078125 HTTP/1.1" 200 - "-" "WordPress/6.9.4; https://www.wrinkledskinrepair.com"
191.235.99.93 - - [27/Apr/2026:16:24:48 +0000] "GET / HTTP/1.1" 301 - "-" "Mozilla/5.0 AppleWebKit/537.36 (KHTML, like Gecko); compatible; ChatGPT-User/1.0; +https://openai.com/bot"
184.94.212.206 - - [27/Apr/2026:16:25:42 +0000] "POST /wp-cron.php?doing_wp_cron=1777307142.6728930473327636718750 HTTP/1.1" 200 - "-" "WordPress/6.9.4; https://www.wrinkledskinrepair.com"
20.169.78.184 - - [27/Apr/2026:16:25:40 +0000] "GET / HTTP/1.1" 301 - "-" "Mozilla/5.0 AppleWebKit/537.36 (KHTML, like Gecko); compatible; ChatGPT-User/1.0; +https://openai.com/bot"
114.119.145.116 - - [27/Apr/2026:16:25:58 +0000] "GET /2019/05/24/confused-about-skin-care-use-these-great-tips/?share=x HTTP/1.1" 302 - "https://www.wrinkledskinrepair.com/2019/05/24/confused-about-skin-care-use-these-great-tips/" "Mozilla/5.0 (Linux; Android 7.0;) AppleWebKit/537.36 (HTML, like Gecko) Mobile Safari/537.36 (compatible; PetalBot;+https://webmaster.petalsearch.com/site/petalbot)"
184.94.212.206 - - [27/Apr/2026:16:26:27 +0000] "POST /wp-cron.php?doing_wp_cron=1777307187.9171400070190429687500 HTTP/1.1" 200 - "-" "WordPress/6.9.4; https://www.wrinkledskinrepair.com"
104.210.140.129 - - [27/Apr/2026:16:26:26 +0000] "GET /robots.txt HTTP/1.1" 301 - "-" "Mozilla/5.0 (Macintosh; Intel Mac OS X 10_15_7) AppleWebKit/537.36 (KHTML, like Gecko) Chrome/131.0.0.0 Safari/537.36; compatible; OAI-SearchBot/1.0; +https://openai.com/searchbot"
104.210.140.134 - - [27/Apr/2026:16:26:31 +0000] "GET /robots.txt HTTP/1.1" 200 127 "-" "Mozilla/5.0 (Macintosh; Intel Mac OS X 10_15_7) AppleWebKit/537.36 (KHTML, like Gecko) Chrome/131.0.0.0 Safari/537.36; compatible; OAI-SearchBot/1.0; +https://openai.com/searchbot"
57.141.18.28 - - [27/Apr/2026:16:26:57 +0000] "GET /tag/skincare-products/ HTTP/1.1" 200 156962 "-" "meta-externalagent/1.1 (+https://developers.facebook.com/docs/sharing/webmasters/crawler)"
184.94.212.206 - - [27/Apr/2026:16:28:52 +0000] "POST /wp-cron.php?doing_wp_cron=1777307332.7931530475616455078125 HTTP/1.1" 200 - "-" "WordPress/6.9.4; https://www.wrinkledskinrepair.com"
114.119.142.140 - - [27/Apr/2026:16:28:50 +0000] "GET /2019/05/24/confused-about-skin-care-use-these-great-tips/ HTTP/1.1" 200 53824 "https://www.wrinkledskinrepair.com/2019/05/24/confused-about-skin-care-use-these-great-tips/" "Mozilla/5.0 (Linux; Android 7.0;) AppleWebKit/537.36 (HTML, like Gecko) Mobile Safari/537.36 (compatible; PetalBot;+https://webmaster.petalsearch.com/site/petalbot)"
66.249.66.39 - - [27/Apr/2026:16:28:51 +0000] "GET /tag/anti-aging/ HTTP/1.1" 200 46325 "-" "Mozilla/5.0 (Linux; Android 6.0.1; Nexus 5X Build/MMB29P) AppleWebKit/537.36 (KHTML, like Gecko) Chrome/146.0.7680.177 Mobile Safari/537.36 (compatible; Googlebot/2.1; +http://www.google.com/bot.html)"
66.249.66.37 - - [27/Apr/2026:16:29:00 +0000] "GET /wp-content/themes/spa-and-salon/css/perfect-scrollbar.min.css?ver=6.9.4 HTTP/1.1" 200 494 "https://www.wrinkledskinrepair.com/tag/anti-aging/" "Mozilla/5.0 (Linux; Android 6.0.1; Nexus 5X Build/MMB29P) AppleWebKit/537.36 (KHTML, like Gecko) Chrome/146.0.7680.177 Mobile Safari/537.36 (compatible; Googlebot/2.1; +http://www.google.com/bot.html)"
66.249.66.37 - - [27/Apr/2026:16:29:01 +0000] "GET /wp-content/themes/spa-and-salon/js/all.min.js?ver=6.5.1 HTTP/1.1" 200 542300 "https://www.wrinkledskinrepair.com/tag/anti-aging/" "Mozilla/5.0 (Linux; Android 6.0.1; Nexus 5X Build/MMB29P) AppleWebKit/537.36 (KHTML, like Gecko) Chrome/146.0.7680.177 Mobile Safari/537.36 (compatible; Googlebot/2.1; +http://www.google.com/bot.html)"
66.249.66.37 - - [27/Apr/2026:16:29:03 +0000] "GET /wp-content/themes/spa-and-salon/js/modal-accessibility.min.js?ver=1.0.7 HTTP/1.1" 200 2033 "https://www.wrinkledskinrepair.com/tag/anti-aging/" "Mozilla/5.0 (Linux; Android 6.0.1; Nexus 5X Build/MMB29P) AppleWebKit/537.36 (KHTML, like Gecko) Chrome/146.0.7680.177 Mobile Safari/537.36 (compatible; Googlebot/2.1; +http://www.google.com/bot.html)"
66.249.66.37 - - [27/Apr/2026:16:29:04 +0000] "GET /wp-content/plugins/jetpack/jetpack_vendor/automattic/jetpack-classic-theme-helper/dist/responsive-videos/responsive-videos.css?minify=false&ver=1a16f71f21c6d197f51b HTTP/1.1" 200 101 "https://www.wrinkledskinrepair.com/tag/anti-aging/" "Mozilla/5.0 (Linux; Android 6.0.1; Nexus 5X Build/MMB29P) AppleWebKit/537.36 (KHTML, like Gecko) Chrome/146.0.7680.177 Mobile Safari/537.36 (compatible; Googlebot/2.1; +http://www.google.com/bot.html)"
192.0.102.146 - - [27/Apr/2026:16:29:04 +0000] "HEAD / HTTP/1.1" 200 - "-" "jetmon/1.0 (Jetpack Site Uptime Monitor by WordPress.com)"
66.249.66.37 - - [27/Apr/2026:16:29:05 +0000] "GET /wp-content/themes/spa-and-salon/js/perfect-scrollbar.min.js?ver=1.0.7 HTTP/1.1" 200 5954 "https://www.wrinkledskinrepair.com/tag/anti-aging/" "Mozilla/5.0 (Linux; Android 6.0.1; Nexus 5X Build/MMB29P) AppleWebKit/537.36 (KHTML, like Gecko) Chrome/146.0.7680.177 Mobile Safari/537.36 (compatible; Googlebot/2.1; +http://www.google.com/bot.html)"
66.249.66.37 - - [27/Apr/2026:16:29:07 +0000] "GET /wp-content/plugins/google-site-kit/dist/assets/js/googlesitekit-consent-mode-bc2e26cfa69fcd4a8261.js HTTP/1.1" 200 25395 "https://www.wrinkledskinrepair.com/tag/anti-aging/" "Mozilla/5.0 (Linux; Android 6.0.1; Nexus 5X Build/MMB29P) AppleWebKit/537.36 (KHTML, like Gecko) Chrome/146.0.7680.177 Mobile Safari/537.36 (compatible; Googlebot/2.1; +http://www.google.com/bot.html)"
66.249.66.37 - - [27/Apr/2026:16:29:09 +0000] "GET /wp-content/themes/spa-and-salon/js/custom.min.js?ver=1.0.7 HTTP/1.1" 200 567 "https://www.wrinkledskinrepair.com/tag/anti-aging/" "Mozilla/5.0 (Linux; Android 6.0.1; Nexus 5X Build/MMB29P) AppleWebKit/537.36 (KHTML, like Gecko) Chrome/146.0.7680.177 Mobile Safari/537.36 (compatible; Googlebot/2.1; +http://www.google.com/bot.html)"
184.94.212.206 - - [27/Apr/2026:16:30:42 +0000] "POST /wp-cron.php?doing_wp_cron=1777307442.7889330387115478515625 HTTP/1.1" 200 - "-" "WordPress/6.9.4; https://www.wrinkledskinrepair.com"
68.221.75.30 - - [27/Apr/2026:16:30:35 +0000] "GET / HTTP/1.1" 301 - "-" "Mozilla/5.0 AppleWebKit/537.36 (KHTML, like Gecko); compatible; ChatGPT-User/1.0; +https://openai.com/bot"
184.94.212.206 - - [27/Apr/2026:16:31:30 +0000] "POST /wp-cron.php?doing_wp_cron=1777307490.4070620536804199218750 HTTP/1.1" 200 - "-" "WordPress/6.9.4; https://www.wrinkledskinrepair.com"
114.119.142.210 - - [27/Apr/2026:16:31:28 +0000] "GET /2019/05/22/treat-yourself-to-timeless-skin-try-these-ideas/ HTTP/1.1" 200 53716 "https://www.wrinkledskinrepair.com/tag/uv-protection" "Mozilla/5.0 (Linux; Android 7.0;) AppleWebKit/537.36 (HTML, like Gecko) Mobile Safari/537.36 (compatible; PetalBot;+https://webmaster.petalsearch.com/site/petalbot)"
184.94.212.206 - - [27/Apr/2026:16:33:48 +0000] "POST /wp-cron.php?doing_wp_cron=1777307628.1612579822540283203125 HTTP/1.1" 200 - "-" "WordPress/6.9.4; https://www.wrinkledskinrepair.com"
114.119.144.17 - - [27/Apr/2026:16:33:46 +0000] "GET /2019/05/21/you-can-have-great-skin-follow-these-tips/?share=x HTTP/1.1" 302 - "https://www.wrinkledskinrepair.com/2019/05/21/you-can-have-great-skin-follow-these-tips/" "Mozilla/5.0 (Linux; Android 7.0;) AppleWebKit/537.36 (HTML, like Gecko) Mobile Safari/537.36 (compatible; PetalBot;+https://webmaster.petalsearch.com/site/petalbot)"
3.224.215.150 - - [27/Apr/2026:16:33:56 +0000] "GET /wp-json/wp/v2/posts/814 HTTP/1.1" 200 3555 "-" "Mozilla/5.0 AppleWebKit/537.36 (KHTML, like Gecko; compatible; Amazonbot/0.1; +https://developer.amazon.com/support/amazonbot) Chrome/119.0.6045.214 Safari/537.36"
192.0.102.146 - - [27/Apr/2026:16:34:04 +0000] "HEAD / HTTP/1.1" 200 - "-" "jetmon/1.0 (Jetpack Site Uptime Monitor by WordPress.com)"
184.94.212.206 - - [27/Apr/2026:16:36:14 +0000] "POST /wp-cron.php?doing_wp_cron=1777307774.2809350490570068359375 HTTP/1.1" 200 - "-" "WordPress/6.9.4; https://www.wrinkledskinrepair.com"
14.175.34.208 - - [27/Apr/2026:16:36:12 +0000] "GET /2019/02/13/advice-for-skin-care-that-will-help-keep-you-looking-great/ HTTP/1.1" 200 53647 "-" "Mozilla/5.0 (Macintosh; Intel Mac OS X 10_11_3) AppleWebKit/537.36 (KHTML, like Gecko) Chrome/68.0.3409.1 Safari/537.36"
184.94.212.206 - - [27/Apr/2026:16:36:25 +0000] "POST /wp-cron.php?doing_wp_cron=1777307784.9980370998382568359375 HTTP/1.1" 200 - "-" "WordPress/6.9.4; https://www.wrinkledskinrepair.com"
216.73.216.121 - - [27/Apr/2026:16:36:23 +0000] "GET /?p=1071 HTTP/1.1" 301 - "-" "Mozilla/5.0 AppleWebKit/537.36 (KHTML, like Gecko; compatible; ClaudeBot/1.0; +claudebot@anthropic.com)"
216.73.216.121 - - [27/Apr/2026:16:36:25 +0000] "GET /2019/06/01/our-best-and-easiest-skin-care-tips/ HTTP/1.1" 200 52998 "https://www.wrinkledskinrepair.com/?p=1071" "Mozilla/5.0 AppleWebKit/537.36 (KHTML, like Gecko; compatible; ClaudeBot/1.0; +claudebot@anthropic.com)"
114.119.142.140 - - [27/Apr/2026:16:36:41 +0000] "GET /2019/05/16/get-on-the-path-to-beautiful-skin-with-these-ideas/?share=facebook HTTP/1.1" 302 - "https://www.wrinkledskinrepair.com/2019/05/16/get-on-the-path-to-beautiful-skin-with-these-ideas/" "Mozilla/5.0 (Linux; Android 7.0;) AppleWebKit/537.36 (HTML, like Gecko) Mobile Safari/537.36 (compatible; PetalBot;+https://webmaster.petalsearch.com/site/petalbot)"
184.94.212.206 - - [27/Apr/2026:16:38:08 +0000] "POST /wp-cron.php?doing_wp_cron=1777307888.8939270973205566406250 HTTP/1.1" 200 - "-" "WordPress/6.9.4; https://www.wrinkledskinrepair.com"
57.141.18.70 - - [27/Apr/2026:16:38:06 +0000] "GET /2020/05/18/confused-about-skin-care-use-these-great-tips-2/ HTTP/1.1" 200 186782 "-" "meta-externalagent/1.1 (+https://developers.facebook.com/docs/sharing/webmasters/crawler)"
184.94.212.206 - - [27/Apr/2026:16:39:06 +0000] "POST /wp-cron.php?doing_wp_cron=1777307946.8390750885009765625000 HTTP/1.1" 200 - "-" "WordPress/6.9.4; https://www.wrinkledskinrepair.com"
192.0.102.146 - - [27/Apr/2026:16:39:04 +0000] "HEAD / HTTP/1.1" 200 - "-" "jetmon/1.0 (Jetpack Site Uptime Monitor by WordPress.com)"
184.94.212.206 - - [27/Apr/2026:16:39:21 +0000] "POST /wp-cron.php?doing_wp_cron=1777307961.8128790855407714843750 HTTP/1.1" 200 - "-" "WordPress/6.9.4; https://www.wrinkledskinrepair.com"
114.119.143.101 - - [27/Apr/2026:16:39:20 +0000] "GET /2019/05/15/helpful-advice-about-your-skin-care-regiment?share=x HTTP/1.1" 302 - "-" "Mozilla/5.0 (Linux; Android 7.0;) AppleWebKit/537.36 (HTML, like Gecko) Mobile Safari/537.36 (compatible; PetalBot;+https://webmaster.petalsearch.com/site/petalbot)"
184.94.212.206 - - [27/Apr/2026:16:40:07 +0000] "POST /wp-cron.php?doing_wp_cron=1777308007.8039379119873046875000 HTTP/1.1" 200 - "-" "WordPress/6.9.4; https://www.wrinkledskinrepair.com"
173.239.240.107 - - [27/Apr/2026:16:40:05 +0000] "POST /wp-login.php HTTP/1.1" 401 3479 "-" "Mozilla/5.0"
184.94.212.206 - - [27/Apr/2026:16:41:15 +0000] "POST /wp-cron.php?doing_wp_cron=1777308075.5205678939819335937500 HTTP/1.1" 200 - "-" "WordPress/6.9.4; https://www.wrinkledskinrepair.com"
3.145.81.238 - - [27/Apr/2026:16:41:13 +0000] "GET /robots.txt HTTP/1.1" 200 127 "-" "Mozilla/5.0 (Macintosh; Intel Mac OS X 10_15_7) AppleWebKit/537.36 (KHTML, like Gecko) Chrome/131.0.0.0 Safari/537.36; ClaudeBot/1.0; +claudebot@anthropic.com)"
3.145.81.238 - - [27/Apr/2026:16:41:15 +0000] "GET /2018/11/30/skin-care-techniques-that-really-work-2/ HTTP/1.1" 200 53251 "-" "Mozilla/5.0 (Macintosh; Intel Mac OS X 10_15_7) AppleWebKit/537.36 (KHTML, like Gecko) Chrome/131.0.0.0 Safari/537.36; ClaudeBot/1.0; +claudebot@anthropic.com)"
3.145.81.238 - - [27/Apr/2026:16:41:17 +0000] "GET /wp-content/plugins/complianz-gdpr/assets/css/cookieblocker.min.css?ver=1741710170 HTTP/1.1" 200 723 "https://www.wrinkledskinrepair.com/2018/11/30/skin-care-techniques-that-really-work-2/" "Mozilla/5.0 (Macintosh; Intel Mac OS X 10_15_7) AppleWebKit/537.36 (KHTML, like Gecko) Chrome/131.0.0.0 Safari/537.36; ClaudeBot/1.0; +claudebot@anthropic.com)"
3.145.81.238 - - [27/Apr/2026:16:41:17 +0000] "GET /wp-content/themes/spa-and-salon/style.css?ver=6.9.4 HTTP/1.1" 200 13994 "https://www.wrinkledskinrepair.com/2018/11/30/skin-care-techniques-that-really-work-2/" "Mozilla/5.0 (Macintosh; Intel Mac OS X 10_15_7) AppleWebKit/537.36 (KHTML, like Gecko) Chrome/131.0.0.0 Safari/537.36; ClaudeBot/1.0; +claudebot@anthropic.com)"
3.145.81.238 - - [27/Apr/2026:16:41:17 +0000] "GET /wp-content/themes/medical-spa/style.css?ver=1.0.7 HTTP/1.1" 200 5745 "https://www.wrinkledskinrepair.com/2018/11/30/skin-care-techniques-that-really-work-2/" "Mozilla/5.0 (Macintosh; Intel Mac OS X 10_15_7) AppleWebKit/537.36 (KHTML, like Gecko) Chrome/131.0.0.0 Safari/537.36; ClaudeBot/1.0; +claudebot@anthropic.com)"
3.145.81.238 - - [27/Apr/2026:16:41:17 +0000] "GET /wp-content/themes/spa-and-salon/css/slick.min.css?ver=6.9.4 HTTP/1.1" 200 490 "https://www.wrinkledskinrepair.com/2018/11/30/skin-care-techniques-that-really-work-2/" "Mozilla/5.0 (Macintosh; Intel Mac OS X 10_15_7) AppleWebKit/537.36 (KHTML, like Gecko) Chrome/131.0.0.0 Safari/537.36; ClaudeBot/1.0; +claudebot@anthropic.com)"
3.145.81.238 - - [27/Apr/2026:16:41:17 +0000] "GET /wp-content/themes/spa-and-salon/css/perfect-scrollbar.min.css?ver=6.9.4 HTTP/1.1" 200 494 "https://www.wrinkledskinrepair.com/2018/11/30/skin-care-techniques-that-really-work-2/" "Mozilla/5.0 (Macintosh; Intel Mac OS X 10_15_7) AppleWebKit/537.36 (KHTML, like Gecko) Chrome/131.0.0.0 Safari/537.36; ClaudeBot/1.0; +claudebot@anthropic.com)"
3.145.81.238 - - [27/Apr/2026:16:41:17 +0000] "GET /wp-content/plugins/jetpack/jetpack_vendor/automattic/jetpack-classic-theme-helper/dist/responsive-videos/responsive-videos.css?minify=false&ver=1a16f71f21c6d197f51b HTTP/1.1" 200 101 "https://www.wrinkledskinrepair.com/2018/11/30/skin-care-techniques-that-really-work-2/" "Mozilla/5.0 (Macintosh; Intel Mac OS X 10_15_7) AppleWebKit/537.36 (KHTML, like Gecko) Chrome/131.0.0.0 Safari/537.36; ClaudeBot/1.0; +claudebot@anthropic.com)"
3.145.81.238 - - [27/Apr/2026:16:41:17 +0000] "GET /wp-content/plugins/recent-posts-widget-with-thumbnails/public.css?ver=7.1.1 HTTP/1.1" 200 487 "https://www.wrinkledskinrepair.com/2018/11/30/skin-care-techniques-that-really-work-2/" "Mozilla/5.0 (Macintosh; Intel Mac OS X 10_15_7) AppleWebKit/537.36 (KHTML, like Gecko) Chrome/131.0.0.0 Safari/537.36; ClaudeBot/1.0; +claudebot@anthropic.com)"
3.145.81.238 - - [27/Apr/2026:16:41:17 +0000] "GET /wp-content/plugins/tablepress/css/build/default.css?ver=3.3 HTTP/1.1" 200 1767 "https://www.wrinkledskinrepair.com/2018/11/30/skin-care-techniques-that-really-work-2/" "Mozilla/5.0 (Macintosh; Intel Mac OS X 10_15_7) AppleWebKit/537.36 (KHTML, like Gecko) Chrome/131.0.0.0 Safari/537.36; ClaudeBot/1.0; +claudebot@anthropic.com)"
3.145.81.238 - - [27/Apr/2026:16:41:17 +0000] "GET /wp-content/plugins/wp-meta-and-date-remover/assets/js/inspector.js?ver=1.1 HTTP/1.1" 200 1455 "https://www.wrinkledskinrepair.com/2018/11/30/skin-care-techniques-that-really-work-2/" "Mozilla/5.0 (Macintosh; Intel Mac OS X 10_15_7) AppleWebKit/537.36 (KHTML, like Gecko) Chrome/131.0.0.0 Safari/537.36; ClaudeBot/1.0; +claudebot@anthropic.com)"
3.145.81.238 - - [27/Apr/2026:16:41:18 +0000] "GET /wp-content/themes/spa-and-salon/js/modal-accessibility.min.js?ver=1.0.7 HTTP/1.1" 200 2033 "https://www.wrinkledskinrepair.com/2018/11/30/skin-care-techniques-that-really-work-2/" "Mozilla/5.0 (Macintosh; Intel Mac OS X 10_15_7) AppleWebKit/537.36 (KHTML, like Gecko) Chrome/131.0.0.0 Safari/537.36; ClaudeBot/1.0; +claudebot@anthropic.com)"
3.145.81.238 - - [27/Apr/2026:16:41:18 +0000] "GET /wp-content/themes/spa-and-salon/js/v4-shims.min.js?ver=6.5.1 HTTP/1.1" 200 7909 "https://www.wrinkledskinrepair.com/2018/11/30/skin-care-techniques-that-really-work-2/" "Mozilla/5.0 (Macintosh; Intel Mac OS X 10_15_7) AppleWebKit/537.36 (KHTML, like Gecko) Chrome/131.0.0.0 Safari/537.36; ClaudeBot/1.0; +claudebot@anthropic.com)"
3.145.81.238 - - [27/Apr/2026:16:41:18 +0000] "GET /wp-content/themes/spa-and-salon/js/slick.min.js?ver=2.6.0 HTTP/1.1" 200 10445 "https://www.wrinkledskinrepair.com/2018/11/30/skin-care-techniques-that-really-work-2/" "Mozilla/5.0 (Macintosh; Intel Mac OS X 10_15_7) AppleWebKit/537.36 (KHTML, like Gecko) Chrome/131.0.0.0 Safari/537.36; ClaudeBot/1.0; +claudebot@anthropic.com)"
3.145.81.238 - - [27/Apr/2026:16:41:18 +0000] "GET /wp-content/themes/spa-and-salon/js/custom.min.js?ver=1.0.7 HTTP/1.1" 200 567 "https://www.wrinkledskinrepair.com/2018/11/30/skin-care-techniques-that-really-work-2/" "Mozilla/5.0 (Macintosh; Intel Mac OS X 10_15_7) AppleWebKit/537.36 (KHTML, like Gecko) Chrome/131.0.0.0 Safari/537.36; ClaudeBot/1.0; +claudebot@anthropic.com)"
3.145.81.238 - - [27/Apr/2026:16:41:18 +0000] "GET /wp-content/themes/spa-and-salon/js/perfect-scrollbar.min.js?ver=1.0.7 HTTP/1.1" 200 5954 "https://www.wrinkledskinrepair.com/2018/11/30/skin-care-techniques-that-really-work-2/" "Mozilla/5.0 (Macintosh; Intel Mac OS X 10_15_7) AppleWebKit/537.36 (KHTML, like Gecko) Chrome/131.0.0.0 Safari/537.36; ClaudeBot/1.0; +claudebot@anthropic.com)"
3.145.81.238 - - [27/Apr/2026:16:41:18 +0000] "GET /wp-content/plugins/google-site-kit/dist/assets/js/googlesitekit-consent-mode-bc2e26cfa69fcd4a8261.js HTTP/1.1" 200 25395 "https://www.wrinkledskinrepair.com/2018/11/30/skin-care-techniques-that-really-work-2/" "Mozilla/5.0 (Macintosh; Intel Mac OS X 10_15_7) AppleWebKit/537.36 (KHTML, like Gecko) Chrome/131.0.0.0 Safari/537.36; ClaudeBot/1.0; +claudebot@anthropic.com)"
3.145.81.238 - - [27/Apr/2026:16:41:18 +0000] "GET /wp-content/themes/spa-and-salon/js/all.min.js?ver=6.5.1 HTTP/1.1" 200 542300 "https://www.wrinkledskinrepair.com/2018/11/30/skin-care-techniques-that-really-work-2/" "Mozilla/5.0 (Macintosh; Intel Mac OS X 10_15_7) AppleWebKit/537.36 (KHTML, like Gecko) Chrome/131.0.0.0 Safari/537.36; ClaudeBot/1.0; +claudebot@anthropic.com)"
3.145.81.238 - - [27/Apr/2026:16:41:18 +0000] "GET /wp-content/plugins/wp-consent-api/assets/js/wp-consent-api.min.js?ver=2.0.1 HTTP/1.1" 200 822 "https://www.wrinkledskinrepair.com/2018/11/30/skin-care-techniques-that-really-work-2/" "Mozilla/5.0 (Macintosh; Intel Mac OS X 10_15_7) AppleWebKit/537.36 (KHTML, like Gecko) Chrome/131.0.0.0 Safari/537.36; ClaudeBot/1.0; +claudebot@anthropic.com)"
3.145.81.238 - - [27/Apr/2026:16:41:18 +0000] "GET /wp-content/plugins/jetpack/jetpack_vendor/automattic/jetpack-classic-theme-helper/dist/responsive-videos/responsive-videos.js?minify=false&ver=1a16f71f21c6d197f51b HTTP/1.1" 200 645 "https://www.wrinkledskinrepair.com/2018/11/30/skin-care-techniques-that-really-work-2/" "Mozilla/5.0 (Macintosh; Intel Mac OS X 10_15_7) AppleWebKit/537.36 (KHTML, like Gecko) Chrome/131.0.0.0 Safari/537.36; ClaudeBot/1.0; +claudebot@anthropic.com)"
3.145.81.238 - - [27/Apr/2026:16:41:18 +0000] "GET /wp-content/plugins/jetpack/_inc/blocks/subscriptions/view.js?minify=false&ver=15.7.1 HTTP/1.1" 200 2286 "https://www.wrinkledskinrepair.com/2018/11/30/skin-care-techniques-that-really-work-2/" "Mozilla/5.0 (Macintosh; Intel Mac OS X 10_15_7) AppleWebKit/537.36 (KHTML, like Gecko) Chrome/131.0.0.0 Safari/537.36; ClaudeBot/1.0; +claudebot@anthropic.com)"
3.145.81.238 - - [27/Apr/2026:16:41:20 +0000] "GET /wp-includes/js/wp-emoji-release.min.js?ver=6.9.4 HTTP/1.1" 200 5375 "https://www.wrinkledskinrepair.com/2018/11/30/skin-care-techniques-that-really-work-2/" "Mozilla/5.0 (Macintosh; Intel Mac OS X 10_15_7) AppleWebKit/537.36 (KHTML, like Gecko) Chrome/131.0.0.0 Safari/537.36; ClaudeBot/1.0; +claudebot@anthropic.com)"
3.145.81.238 - - [27/Apr/2026:16:41:20 +0000] "GET /2018/11/30/skin-care-techniques-that-really-work-2/?relatedposts=1 HTTP/1.1" 200 990 "https://www.wrinkledskinrepair.com/2018/11/30/skin-care-techniques-that-really-work-2/" "Mozilla/5.0 (Macintosh; Intel Mac OS X 10_15_7) AppleWebKit/537.36 (KHTML, like Gecko) Chrome/131.0.0.0 Safari/537.36; ClaudeBot/1.0; +claudebot@anthropic.com)"
192.0.102.66 - - [27/Apr/2026:16:41:20 +0000] "GET /wp-content/uploads/2018/11/e830b80828f0093ed1584d05fb1d4390e277e2c818b4154290f5c270a3ef_640.jpg HTTP/1.1" 301 - "-" "Photon/1.0"
3.145.81.238 - - [27/Apr/2026:16:41:20 +0000] "POST /wp-admin/admin-ajax.php HTTP/1.1" 200 62 "https://www.wrinkledskinrepair.com/2018/11/30/skin-care-techniques-that-really-work-2/" "Mozilla/5.0 (Macintosh; Intel Mac OS X 10_15_7) AppleWebKit/537.36 (KHTML, like Gecko) Chrome/131.0.0.0 Safari/537.36; ClaudeBot/1.0; +claudebot@anthropic.com)"
192.0.102.66 - - [27/Apr/2026:16:41:22 +0000] "GET /wp-content/uploads/2018/11/e830b80828f0093ed1584d05fb1d4390e277e2c818b4154290f5c270a3ef_640.jpg HTTP/1.1" 404 135883 "-" "Photon/1.0"
74.206.180.196 - - [27/Apr/2026:16:42:02 +0000] "GET /wp-login.php HTTP/1.1" 200 4401 "-" "Mozilla/5.0 (Macintosh; Intel Mac OS X 10_11_6) AppleWebKit/603.2.5 (KHTML, like Gecko) Version/10.1.1 Safari/603.2.5"
74.206.180.196 - - [27/Apr/2026:16:42:04 +0000] "POST /wp-login.php HTTP/1.1" 200 4401 "https://www.wrinkledskinrepair.com/wp-login.php" "Mozilla/5.0 (Macintosh; Intel Mac OS X 10_11_6) AppleWebKit/603.2.5 (KHTML, like Gecko) Version/10.1.1 Safari/603.2.5"
145.223.131.224 - - [27/Apr/2026:16:44:00 +0000] "GET /wrinkle-treatment/simple-secrets-and-tips-to-healthier-skin/?share=facebook HTTP/1.1" 301 - "-" "Mozilla/5.0 (Macintosh; Intel Mac OS X 13_5) AppleWebKit/605.1.15 (KHTML, like Gecko) Version/17.0 Safari/180.1"
145.223.131.224 - - [27/Apr/2026:16:44:01 +0000] "GET /2019/02/19/simple-secrets-and-tips-to-healthier-skin/?share=facebook HTTP/1.1" 302 - "-" "Mozilla/5.0 (Macintosh; Intel Mac OS X 13_5) AppleWebKit/605.1.15 (KHTML, like Gecko) Version/17.0 Safari/180.1"
192.0.102.146 - - [27/Apr/2026:16:44:04 +0000] "HEAD / HTTP/1.1" 200 - "-" "jetmon/1.0 (Jetpack Site Uptime Monitor by WordPress.com)"
184.94.212.206 - - [27/Apr/2026:16:44:26 +0000] "POST /wp-cron.php?doing_wp_cron=1777308266.0196409225463867187500 HTTP/1.1" 200 - "-" "WordPress/6.9.4; https://www.wrinkledskinrepair.com"
114.119.146.179 - - [27/Apr/2026:16:44:24 +0000] "GET /2019/05/13/improve-your-skin-with-these-great-tips-2?share=x HTTP/1.1" 302 - "-" "Mozilla/5.0 (Linux; Android 7.0;) AppleWebKit/537.36 (HTML, like Gecko) Mobile Safari/537.36 (compatible; PetalBot;+https://webmaster.petalsearch.com/site/petalbot)"
184.94.212.206 - - [27/Apr/2026:16:45:09 +0000] "POST /wp-cron.php?doing_wp_cron=1777308309.4940500259399414062500 HTTP/1.1" 200 - "-" "WordPress/6.9.4; https://www.wrinkledskinrepair.com"
54.197.178.107 - - [27/Apr/2026:16:45:07 +0000] "GET /2020/06/18/care-for-your-skin-with-these-steps-4/ HTTP/1.1" 200 52315 "-" "Mozilla/5.0 AppleWebKit/537.36 (KHTML, like Gecko; compatible; Amazonbot/0.1; +https://developer.amazon.com/support/amazonbot) Chrome/119.0.6045.214 Safari/537.36"
184.94.212.206 - - [27/Apr/2026:16:47:33 +0000] "POST /wp-cron.php?doing_wp_cron=1777308453.7093710899353027343750 HTTP/1.1" 200 - "-" "WordPress/6.9.4; https://www.wrinkledskinrepair.com"
114.119.142.140 - - [27/Apr/2026:16:47:31 +0000] "GET /2019/05/13/improve-your-skin-with-these-great-tips-2/?share=x HTTP/1.1" 302 - "https://www.wrinkledskinrepair.com/2019/05/13/improve-your-skin-with-these-great-tips-2/" "Mozilla/5.0 (Linux; Android 7.0;) AppleWebKit/537.36 (HTML, like Gecko) Mobile Safari/537.36 (compatible; PetalBot;+https://webmaster.petalsearch.com/site/petalbot)"
83.164.26.133 - - [27/Apr/2026:16:47:58 +0000] "GET /2025/11/08/best-creams-over-50/?utm_source=copilot.com HTTP/1.1" 200 56434 "-" "Mozilla/5.0 (Android 16; Mobile; rv:150.0) Gecko/150.0 Firefox/150.0"
83.164.26.133 - - [27/Apr/2026:16:48:00 +0000] "GET /wp-content/plugins/complianz-gdpr/assets/css/cookieblocker.min.css?ver=1741710170 HTTP/1.1" 200 723 "https://www.wrinkledskinrepair.com/2025/11/08/best-creams-over-50/?utm_source=copilot.com" "Mozilla/5.0 (Android 16; Mobile; rv:150.0) Gecko/150.0 Firefox/150.0"
83.164.26.133 - - [27/Apr/2026:16:48:00 +0000] "GET /wp-content/themes/spa-and-salon/style.css?ver=6.9.4 HTTP/1.1" 200 13994 "https://www.wrinkledskinrepair.com/2025/11/08/best-creams-over-50/?utm_source=copilot.com" "Mozilla/5.0 (Android 16; Mobile; rv:150.0) Gecko/150.0 Firefox/150.0"
83.164.26.133 - - [27/Apr/2026:16:48:00 +0000] "GET /wp-content/themes/spa-and-salon/css/slick.min.css?ver=6.9.4 HTTP/1.1" 200 490 "https://www.wrinkledskinrepair.com/2025/11/08/best-creams-over-50/?utm_source=copilot.com" "Mozilla/5.0 (Android 16; Mobile; rv:150.0) Gecko/150.0 Firefox/150.0"
83.164.26.133 - - [27/Apr/2026:16:48:00 +0000] "GET /wp-content/plugins/recent-posts-widget-with-thumbnails/public.css?ver=7.1.1 HTTP/1.1" 200 487 "https://www.wrinkledskinrepair.com/2025/11/08/best-creams-over-50/?utm_source=copilot.com" "Mozilla/5.0 (Android 16; Mobile; rv:150.0) Gecko/150.0 Firefox/150.0"
83.164.26.133 - - [27/Apr/2026:16:48:00 +0000] "GET /wp-content/plugins/tablepress/css/build/default.css?ver=3.3 HTTP/1.1" 200 1767 "https://www.wrinkledskinrepair.com/2025/11/08/best-creams-over-50/?utm_source=copilot.com" "Mozilla/5.0 (Android 16; Mobile; rv:150.0) Gecko/150.0 Firefox/150.0"
83.164.26.133 - - [27/Apr/2026:16:48:00 +0000] "GET /wp-content/plugins/jetpack/jetpack_vendor/automattic/jetpack-classic-theme-helper/dist/responsive-videos/responsive-videos.css?minify=false&ver=1a16f71f21c6d197f51b HTTP/1.1" 200 101 "https://www.wrinkledskinrepair.com/2025/11/08/best-creams-over-50/?utm_source=copilot.com" "Mozilla/5.0 (Android 16; Mobile; rv:150.0) Gecko/150.0 Firefox/150.0"
83.164.26.133 - - [27/Apr/2026:16:48:00 +0000] "GET /wp-content/themes/medical-spa/style.css?ver=1.0.7 HTTP/1.1" 200 5745 "https://www.wrinkledskinrepair.com/2025/11/08/best-creams-over-50/?utm_source=copilot.com" "Mozilla/5.0 (Android 16; Mobile; rv:150.0) Gecko/150.0 Firefox/150.0"
83.164.26.133 - - [27/Apr/2026:16:48:00 +0000] "GET /wp-content/themes/spa-and-salon/css/perfect-scrollbar.min.css?ver=6.9.4 HTTP/1.1" 200 494 "https://www.wrinkledskinrepair.com/2025/11/08/best-creams-over-50/?utm_source=copilot.com" "Mozilla/5.0 (Android 16; Mobile; rv:150.0) Gecko/150.0 Firefox/150.0"
83.164.26.133 - - [27/Apr/2026:16:48:01 +0000] "GET /wp-content/plugins/wp-meta-and-date-remover/assets/js/inspector.js?ver=1.1 HTTP/1.1" 200 1455 "https://www.wrinkledskinrepair.com/2025/11/08/best-creams-over-50/?utm_source=copilot.com" "Mozilla/5.0 (Android 16; Mobile; rv:150.0) Gecko/150.0 Firefox/150.0"
83.164.26.133 - - [27/Apr/2026:16:48:01 +0000] "GET /wp-content/themes/spa-and-salon/js/modal-accessibility.min.js?ver=1.0.7 HTTP/1.1" 200 2033 "https://www.wrinkledskinrepair.com/2025/11/08/best-creams-over-50/?utm_source=copilot.com" "Mozilla/5.0 (Android 16; Mobile; rv:150.0) Gecko/150.0 Firefox/150.0"
83.164.26.133 - - [27/Apr/2026:16:48:01 +0000] "GET /wp-content/themes/spa-and-salon/js/slick.min.js?ver=2.6.0 HTTP/1.1" 200 10445 "https://www.wrinkledskinrepair.com/2025/11/08/best-creams-over-50/?utm_source=copilot.com" "Mozilla/5.0 (Android 16; Mobile; rv:150.0) Gecko/150.0 Firefox/150.0"
83.164.26.133 - - [27/Apr/2026:16:48:01 +0000] "GET /wp-content/themes/spa-and-salon/js/perfect-scrollbar.min.js?ver=1.0.7 HTTP/1.1" 200 5954 "https://www.wrinkledskinrepair.com/2025/11/08/best-creams-over-50/?utm_source=copilot.com" "Mozilla/5.0 (Android 16; Mobile; rv:150.0) Gecko/150.0 Firefox/150.0"
83.164.26.133 - - [27/Apr/2026:16:48:01 +0000] "GET /wp-content/themes/spa-and-salon/js/v4-shims.min.js?ver=6.5.1 HTTP/1.1" 200 7909 "https://www.wrinkledskinrepair.com/2025/11/08/best-creams-over-50/?utm_source=copilot.com" "Mozilla/5.0 (Android 16; Mobile; rv:150.0) Gecko/150.0 Firefox/150.0"
83.164.26.133 - - [27/Apr/2026:16:48:01 +0000] "GET /wp-content/themes/spa-and-salon/js/custom.min.js?ver=1.0.7 HTTP/1.1" 200 567 "https://www.wrinkledskinrepair.com/2025/11/08/best-creams-over-50/?utm_source=copilot.com" "Mozilla/5.0 (Android 16; Mobile; rv:150.0) Gecko/150.0 Firefox/150.0"
83.164.26.133 - - [27/Apr/2026:16:48:01 +0000] "GET /wp-content/plugins/wp-consent-api/assets/js/wp-consent-api.min.js?ver=2.0.1 HTTP/1.1" 200 822 "https://www.wrinkledskinrepair.com/2025/11/08/best-creams-over-50/?utm_source=copilot.com" "Mozilla/5.0 (Android 16; Mobile; rv:150.0) Gecko/150.0 Firefox/150.0"
83.164.26.133 - - [27/Apr/2026:16:48:01 +0000] "GET /wp-content/plugins/google-site-kit/dist/assets/js/googlesitekit-consent-mode-bc2e26cfa69fcd4a8261.js HTTP/1.1" 200 25395 "https://www.wrinkledskinrepair.com/2025/11/08/best-creams-over-50/?utm_source=copilot.com" "Mozilla/5.0 (Android 16; Mobile; rv:150.0) Gecko/150.0 Firefox/150.0"
83.164.26.133 - - [27/Apr/2026:16:48:01 +0000] "GET /wp-content/plugins/jetpack/_inc/blocks/subscriptions/view.js?minify=false&ver=15.7.1 HTTP/1.1" 200 2286 "https://www.wrinkledskinrepair.com/2025/11/08/best-creams-over-50/?utm_source=copilot.com" "Mozilla/5.0 (Android 16; Mobile; rv:150.0) Gecko/150.0 Firefox/150.0"
83.164.26.133 - - [27/Apr/2026:16:48:01 +0000] "GET /wp-content/plugins/jetpack/jetpack_vendor/automattic/jetpack-classic-theme-helper/dist/responsive-videos/responsive-videos.js?minify=false&ver=1a16f71f21c6d197f51b HTTP/1.1" 200 645 "https://www.wrinkledskinrepair.com/2025/11/08/best-creams-over-50/?utm_source=copilot.com" "Mozilla/5.0 (Android 16; Mobile; rv:150.0) Gecko/150.0 Firefox/150.0"
83.164.26.133 - - [27/Apr/2026:16:48:01 +0000] "GET /wp-content/themes/spa-and-salon/images/bg-quote.png HTTP/1.1" 200 1207 "https://www.wrinkledskinrepair.com/wp-content/themes/spa-and-salon/style.css?ver=6.9.4" "Mozilla/5.0 (Android 16; Mobile; rv:150.0) Gecko/150.0 Firefox/150.0"
83.164.26.133 - - [27/Apr/2026:16:48:01 +0000] "GET /wp-content/themes/spa-and-salon/js/all.min.js?ver=6.5.1 HTTP/1.1" 200 542300 "https://www.wrinkledskinrepair.com/2025/11/08/best-creams-over-50/?utm_source=copilot.com" "Mozilla/5.0 (Android 16; Mobile; rv:150.0) Gecko/150.0 Firefox/150.0"
195.234.109.48 - - [27/Apr/2026:16:48:01 +0000] "GET /wp-content/uploads/2025/11/Best_Creams_Over_50-1.png HTTP/1.1" 200 2246919 "-" "Photon/1.0"
83.164.26.133 - - [27/Apr/2026:16:48:02 +0000] "GET /2025/11/08/best-creams-over-50/?utm_source=copilot.com&relatedposts=1 HTTP/1.1" 200 1380 "https://www.wrinkledskinrepair.com/2025/11/08/best-creams-over-50/?utm_source=copilot.com" "Mozilla/5.0 (Android 16; Mobile; rv:150.0) Gecko/150.0 Firefox/150.0"
83.164.26.133 - - [27/Apr/2026:16:48:02 +0000] "POST /wp-admin/admin-ajax.php HTTP/1.1" 200 62 "https://www.wrinkledskinrepair.com/2025/11/08/best-creams-over-50/?utm_source=copilot.com" "Mozilla/5.0 (Android 16; Mobile; rv:150.0) Gecko/150.0 Firefox/150.0"
184.94.212.206 - - [27/Apr/2026:16:49:06 +0000] "POST /wp-cron.php?doing_wp_cron=1777308546.9516980648040771484375 HTTP/1.1" 200 - "-" "WordPress/6.9.4; https://www.wrinkledskinrepair.com"
192.0.102.146 - - [27/Apr/2026:16:49:05 +0000] "HEAD / HTTP/1.1" 200 - "-" "jetmon/1.0 (Jetpack Site Uptime Monitor by WordPress.com)"
66.249.92.38 - - [27/Apr/2026:16:49:16 +0000] "GET /2025/11/08/best-creams-over-50/?utm_source=copilot.com HTTP/1.1" 200 56434 "-" "Mediapartners-Google"
184.94.212.206 - - [27/Apr/2026:16:50:43 +0000] "POST /wp-cron.php?doing_wp_cron=1777308643.1382789611816406250000 HTTP/1.1" 200 - "-" "WordPress/6.9.4; https://www.wrinkledskinrepair.com"
114.119.142.210 - - [27/Apr/2026:16:50:41 +0000] "GET /2019/05/13/improve-your-skin-with-these-great-tips-2/?share=facebook HTTP/1.1" 302 - "https://www.wrinkledskinrepair.com/2019/05/13/improve-your-skin-with-these-great-tips-2/" "Mozilla/5.0 (Linux; Android 7.0;) AppleWebKit/537.36 (HTML, like Gecko) Mobile Safari/537.36 (compatible; PetalBot;+https://webmaster.petalsearch.com/site/petalbot)"
34.7.101.20 - - [27/Apr/2026:16:50:44 +0000] "GET /2025/11/08/best-creams-over-50 HTTP/1.1" 301 - "-" "Mozilla/5.0 (Windows NT 10.0; Win64; x64) AppleWebKit/537.36 (KHTML, like Gecko) Chrome/144.0.0.0 Safari/537.36 OPR/128.0.0.0 (Edition GX-CN)"
34.32.204.45 - - [27/Apr/2026:16:50:46 +0000] "GET /2025/11/08/best-creams-over-50/ HTTP/1.1" 200 56382 "-" "Mozilla/5.0 (Windows NT 10.0; Win64; x64) AppleWebKit/537.36 (KHTML, like Gecko) Chrome/144.0.0.0 Safari/537.36 OPR/128.0.0.0 (Edition GX-CN)"
184.94.212.206 - - [27/Apr/2026:16:51:18 +0000] "POST /wp-cron.php?doing_wp_cron=1777308678.7156379222869873046875 HTTP/1.1" 200 - "-" "WordPress/6.9.4; https://www.wrinkledskinrepair.com"
66.249.66.39 - - [27/Apr/2026:16:51:17 +0000] "GET /2025/11/08/best-creams-over-50/?utm_source=copilot.com&amp=1 HTTP/1.1" 200 22908 "-" "Mozilla/5.0 (Linux; Android 6.0.1; Nexus 5X Build/MMB29P) AppleWebKit/537.36 (KHTML, like Gecko) Chrome/147.0.7727.116 Mobile Safari/537.36 (compatible; Googlebot/2.1; +http://www.google.com/bot.html)"
66.249.66.38 - - [27/Apr/2026:16:51:24 +0000] "GET /wp-content/themes/spa-and-salon/js/all.min.js?ver=6.5.1 HTTP/1.1" 200 542300 "https://www.wrinkledskinrepair.com/2025/11/08/best-creams-over-50/" "Mediapartners-Google"
66.249.66.38 - - [27/Apr/2026:16:51:26 +0000] "GET /wp-content/themes/medical-spa/style.css?ver=1.0.7 HTTP/1.1" 200 5745 "https://www.wrinkledskinrepair.com/2025/11/08/best-creams-over-50/" "Mediapartners-Google"
66.249.66.37 - - [27/Apr/2026:16:51:28 +0000] "GET /wp-content/plugins/wp-meta-and-date-remover/assets/js/inspector.js?ver=1.1 HTTP/1.1" 200 1455 "https://www.wrinkledskinrepair.com/2025/11/08/best-creams-over-50/" "Mediapartners-Google"
66.249.66.37 - - [27/Apr/2026:16:51:41 +0000] "POST /wp-admin/admin-ajax.php HTTP/1.1" 200 62 "https://www.wrinkledskinrepair.com/2025/11/08/best-creams-over-50/" "Mediapartners-Google"
66.249.66.37 - - [27/Apr/2026:16:51:43 +0000] "GET /2025/11/08/best-creams-over-50/?relatedposts=1 HTTP/1.1" 200 1380 "https://www.wrinkledskinrepair.com/2025/11/08/best-creams-over-50/" "Mediapartners-Google"
66.249.66.37 - - [27/Apr/2026:16:51:59 +0000] "GET /2025/11/08/best-creams-over-50/ HTTP/1.1" 200 56382 "-" "Googlebot-Image/1.0"
184.94.212.206 - - [27/Apr/2026:16:53:14 +0000] "POST /wp-cron.php?doing_wp_cron=1777308794.2548139095306396484375 HTTP/1.1" 200 - "-" "WordPress/6.9.4; https://www.wrinkledskinrepair.com"
114.119.142.140 - - [27/Apr/2026:16:53:12 +0000] "GET /2019/05/11/clear-skin-is-just-an-article-away/?share=x HTTP/1.1" 302 - "https://www.wrinkledskinrepair.com/2019/05/11/clear-skin-is-just-an-article-away" "Mozilla/5.0 (Linux; Android 7.0;) AppleWebKit/537.36 (HTML, like Gecko) Mobile Safari/537.36 (compatible; PetalBot;+https://webmaster.petalsearch.com/site/petalbot)"
184.94.212.206 - - [27/Apr/2026:16:53:21 +0000] "POST /wp-cron.php?doing_wp_cron=1777308801.4866080284118652343750 HTTP/1.1" 200 - "-" "WordPress/6.9.4; https://www.wrinkledskinrepair.com"
57.141.18.38 - - [27/Apr/2026:16:53:20 +0000] "GET /tag/premature-skin/ HTTP/1.1" 200 150535 "-" "meta-externalagent/1.1 (+https://developers.facebook.com/docs/sharing/webmasters/crawler)"
192.0.102.146 - - [27/Apr/2026:16:54:04 +0000] "HEAD / HTTP/1.1" 200 - "-" "jetmon/1.0 (Jetpack Site Uptime Monitor by WordPress.com)"
66.249.66.69 - - [27/Apr/2026:16:54:23 +0000] "GET /ads.txt HTTP/1.1" 200 58 "-" "Google-adstxt"
184.94.212.206 - - [27/Apr/2026:16:55:40 +0000] "POST /wp-cron.php?doing_wp_cron=1777308940.0049419403076171875000 HTTP/1.1" 200 - "-" "WordPress/6.9.4; https://www.wrinkledskinrepair.com"
114.119.144.17 - - [27/Apr/2026:16:55:38 +0000] "GET /2019/05/10/keep-your-skin-fresh-clean-and-clear-with-this-helpful-advice-2/?share=x HTTP/1.1" 302 - "https://www.wrinkledskinrepair.com/2019/05/10/keep-your-skin-fresh-clean-and-clear-with-this-helpful-advice-2/" "Mozilla/5.0 (Linux; Android 7.0;) AppleWebKit/537.36 (HTML, like Gecko) Mobile Safari/537.36 (compatible; PetalBot;+https://webmaster.petalsearch.com/site/petalbot)"
184.94.212.206 - - [27/Apr/2026:16:56:38 +0000] "POST /wp-cron.php?doing_wp_cron=1777308998.7221100330352783203125 HTTP/1.1" 200 - "-" "WordPress/6.9.4; https://www.wrinkledskinrepair.com"
136.144.35.62 - - [27/Apr/2026:16:56:36 +0000] "POST /wp-login.php HTTP/1.1" 401 3480 "-" "Mozilla/5.0"
74.7.175.154 - - [27/Apr/2026:16:56:42 +0000] "GET /robots.txt HTTP/1.1" 301 - "-" "Mozilla/5.0 (Macintosh; Intel Mac OS X 10_15_7) AppleWebKit/537.36 (KHTML, like Gecko) Chrome/131.0.0.0 Safari/537.36; compatible; OAI-SearchBot/1.3; robots.txt; +https://openai.com/searchbot"
74.7.175.154 - - [27/Apr/2026:16:56:43 +0000] "GET /robots.txt HTTP/1.1" 200 127 "https://wrinkledskinrepair.com/robots.txt" "Mozilla/5.0 (Macintosh; Intel Mac OS X 10_15_7) AppleWebKit/537.36 (KHTML, like Gecko) Chrome/131.0.0.0 Safari/537.36; compatible; OAI-SearchBot/1.3; robots.txt; +https://openai.com/searchbot"
184.94.212.206 - - [27/Apr/2026:16:57:19 +0000] "POST /wp-cron.php?doing_wp_cron=1777309039.1959190368652343750000 HTTP/1.1" 200 - "-" "WordPress/6.9.4; https://www.wrinkledskinrepair.com"
66.249.92.166 - - [27/Apr/2026:16:57:17 +0000] "GET /2017/10/24/look-and-feel-more-youthful/?share=jetpack-whatsapp HTTP/1.1" 200 56122 "-" "Mozilla/5.0"
66.249.92.39 - - [27/Apr/2026:16:57:19 +0000] "GET /2017/10/24/look-and-feel-more-youthful/?share=jetpack-whatsapp HTTP/1.1" 200 56119 "-" "Mozilla/5.0"
66.249.92.7 - - [27/Apr/2026:16:57:21 +0000] "GET /wp-content/themes/spa-and-salon/css/slick.min.css?ver=6.9.4 HTTP/1.1" 200 490 "https://www.wrinkledskinrepair.com/2017/10/24/look-and-feel-more-youthful/?share=jetpack-whatsapp" "Mozilla/5.0"
192.0.101.166 - - [27/Apr/2026:16:57:20 +0000] "GET /wp-content/uploads/2018/05/Nutrients_1526651787-300x198.jpg HTTP/1.1" 301 - "-" "Photon/1.0"
192.0.100.107 - - [27/Apr/2026:16:57:21 +0000] "GET /wp-content/uploads/2017/10/Youth_1508832467-300x200.jpg HTTP/1.1" 301 - "-" "Photon/1.0"
66.249.92.7 - - [27/Apr/2026:16:57:22 +0000] "GET /wp-content/plugins/complianz-gdpr/assets/css/cookieblocker.min.css?ver=1741710170 HTTP/1.1" 200 723 "https://www.wrinkledskinrepair.com/2017/10/24/look-and-feel-more-youthful/?share=jetpack-whatsapp" "Mozilla/5.0"
192.0.101.166 - - [27/Apr/2026:16:57:22 +0000] "GET /wp-content/uploads/2018/05/Nutrients_1526651787-300x198.jpg HTTP/1.1" 404 135631 "-" "Photon/1.0"
192.0.100.107 - - [27/Apr/2026:16:57:22 +0000] "GET /wp-content/uploads/2017/10/Youth_1508832467-300x200.jpg HTTP/1.1" 404 135603 "-" "Photon/1.0"
66.249.92.7 - - [27/Apr/2026:16:57:23 +0000] "GET /wp-content/themes/spa-and-salon/style.css?ver=6.9.4 HTTP/1.1" 200 13994 "https://www.wrinkledskinrepair.com/2017/10/24/look-and-feel-more-youthful/?share=jetpack-whatsapp" "Mozilla/5.0"
66.249.92.165 - - [27/Apr/2026:16:57:25 +0000] "GET /wp-content/plugins/tablepress/css/build/default.css?ver=3.3 HTTP/1.1" 200 1767 "https://www.wrinkledskinrepair.com/2017/10/24/look-and-feel-more-youthful/?share=jetpack-whatsapp" "Mozilla/5.0"
66.249.92.165 - - [27/Apr/2026:16:57:26 +0000] "GET /wp-content/plugins/recent-posts-widget-with-thumbnails/public.css?ver=7.1.1 HTTP/1.1" 200 487 "https://www.wrinkledskinrepair.com/2017/10/24/look-and-feel-more-youthful/?share=jetpack-whatsapp" "Mozilla/5.0"
66.249.92.6 - - [27/Apr/2026:16:57:27 +0000] "GET /wp-content/plugins/jetpack/jetpack_vendor/automattic/jetpack-classic-theme-helper/dist/responsive-videos/responsive-videos.css?minify=false&ver=1a16f71f21c6d197f51b HTTP/1.1" 200 101 "https://www.wrinkledskinrepair.com/2017/10/24/look-and-feel-more-youthful/?share=jetpack-whatsapp" "Mozilla/5.0"
66.249.92.165 - - [27/Apr/2026:16:57:29 +0000] "GET /wp-content/themes/medical-spa/style.css?ver=1.0.7 HTTP/1.1" 200 5745 "https://www.wrinkledskinrepair.com/2017/10/24/look-and-feel-more-youthful/?share=jetpack-whatsapp" "Mozilla/5.0"
66.249.92.133 - - [27/Apr/2026:16:57:31 +0000] "GET /wp-content/themes/spa-and-salon/css/perfect-scrollbar.min.css?ver=6.9.4 HTTP/1.1" 200 494 "https://www.wrinkledskinrepair.com/2017/10/24/look-and-feel-more-youthful/?share=jetpack-whatsapp" "Mozilla/5.0"
66.249.92.6 - - [27/Apr/2026:16:57:32 +0000] "GET /wp-content/plugins/wp-meta-and-date-remover/assets/js/inspector.js?ver=1.1 HTTP/1.1" 200 1455 "https://www.wrinkledskinrepair.com/2017/10/24/look-and-feel-more-youthful/?share=jetpack-whatsapp" "Mozilla/5.0"
66.249.92.37 - - [27/Apr/2026:16:57:34 +0000] "GET /wp-content/themes/spa-and-salon/css/perfect-scrollbar.min.css?ver=6.9.4 HTTP/1.1" 200 494 "https://www.wrinkledskinrepair.com/2017/10/24/look-and-feel-more-youthful/?share=jetpack-whatsapp" "Mozilla/5.0"
66.249.92.203 - - [27/Apr/2026:16:57:35 +0000] "GET /wp-content/plugins/tablepress/css/build/default.css?ver=3.3 HTTP/1.1" 200 1767 "https://www.wrinkledskinrepair.com/2017/10/24/look-and-feel-more-youthful/?share=jetpack-whatsapp" "Mozilla/5.0"
