51.103.73.149 - - [27/Apr/2026:20:52:17 +0000] "GET /ws.php HTTP/1.1" 404 42409 "-" "Mozilla/5.0 (Windows NT 10.0; Win64; x64) AppleWebKit/537.36 (KHTML, like Gecko) Chrome/120.0.0.0 Safari/537.36"
51.103.73.149 - - [27/Apr/2026:20:52:19 +0000] "GET /404.php HTTP/1.1" 404 42412 "-" "Mozilla/5.0 (Windows NT 10.0; Win64; x64) AppleWebKit/537.36 (KHTML, like Gecko) Chrome/120.0.0.0 Safari/537.36"
51.103.73.149 - - [27/Apr/2026:20:52:20 +0000] "GET /wp-admin/user.php HTTP/1.1" 404 42419 "-" "Mozilla/5.0 (Windows NT 10.0; Win64; x64) AppleWebKit/537.36 (KHTML, like Gecko) Chrome/120.0.0.0 Safari/537.36"
51.103.73.149 - - [27/Apr/2026:20:52:22 +0000] "GET /wp-conf.php HTTP/1.1" 404 42413 "-" "Mozilla/5.0 (Windows NT 10.0; Win64; x64) AppleWebKit/537.36 (KHTML, like Gecko) Chrome/120.0.0.0 Safari/537.36"
51.103.73.149 - - [27/Apr/2026:20:52:23 +0000] "GET /wp-content/themes/hideo/network.php HTTP/1.1" 404 42435 "-" "Mozilla/5.0 (Windows NT 10.0; Win64; x64) AppleWebKit/537.36 (KHTML, like Gecko) Chrome/120.0.0.0 Safari/537.36"
51.103.73.149 - - [27/Apr/2026:20:52:25 +0000] "GET /wp-login.php HTTP/1.1" 200 3124 "-" "Mozilla/5.0 (Windows NT 10.0; Win64; x64) AppleWebKit/537.36 (KHTML, like Gecko) Chrome/120.0.0.0 Safari/537.36"
51.103.73.149 - - [27/Apr/2026:20:52:27 +0000] "GET /abc.php HTTP/1.1" 404 42412 "-" "Mozilla/5.0 (Windows NT 10.0; Win64; x64) AppleWebKit/537.36 (KHTML, like Gecko) Chrome/120.0.0.0 Safari/537.36"
51.103.73.149 - - [27/Apr/2026:20:52:28 +0000] "GET /abcd.php HTTP/1.1" 404 42414 "-" "Mozilla/5.0 (Windows NT 10.0; Win64; x64) AppleWebKit/537.36 (KHTML, like Gecko) Chrome/120.0.0.0 Safari/537.36"
51.103.73.149 - - [27/Apr/2026:20:52:30 +0000] "GET /as.php HTTP/1.1" 404 42411 "-" "Mozilla/5.0 (Windows NT 10.0; Win64; x64) AppleWebKit/537.36 (KHTML, like Gecko) Chrome/120.0.0.0 Safari/537.36"
51.103.73.149 - - [27/Apr/2026:20:52:31 +0000] "GET /wp-trackback.php HTTP/1.1" 404 130 "-" "Mozilla/5.0 (Windows NT 10.0; Win64; x64) AppleWebKit/537.36 (KHTML, like Gecko) Chrome/120.0.0.0 Safari/537.36"
51.103.73.149 - - [27/Apr/2026:20:52:33 +0000] "GET /about.php HTTP/1.1" 404 42414 "-" "Mozilla/5.0 (Windows NT 10.0; Win64; x64) AppleWebKit/537.36 (KHTML, like Gecko) Chrome/120.0.0.0 Safari/537.36"
51.103.73.149 - - [27/Apr/2026:20:52:34 +0000] "GET /file.php HTTP/1.1" 404 42413 "-" "Mozilla/5.0 (Windows NT 10.0; Win64; x64) AppleWebKit/537.36 (KHTML, like Gecko) Chrome/120.0.0.0 Safari/537.36"
51.103.73.149 - - [27/Apr/2026:20:52:36 +0000] "GET /adminfuns.php HTTP/1.1" 404 42419 "-" "Mozilla/5.0 (Windows NT 10.0; Win64; x64) AppleWebKit/537.36 (KHTML, like Gecko) Chrome/120.0.0.0 Safari/537.36"
51.103.73.149 - - [27/Apr/2026:20:52:37 +0000] "GET /wp-good.php HTTP/1.1" 404 42415 "-" "Mozilla/5.0 (Windows NT 10.0; Win64; x64) AppleWebKit/537.36 (KHTML, like Gecko) Chrome/120.0.0.0 Safari/537.36"
51.103.73.149 - - [27/Apr/2026:20:52:39 +0000] "GET /xmlrpc.php HTTP/1.1" 404 42409 "-" "Mozilla/5.0 (Windows NT 10.0; Win64; x64) AppleWebKit/537.36 (KHTML, like Gecko) Chrome/120.0.0.0 Safari/537.36"
51.103.73.149 - - [27/Apr/2026:20:52:41 +0000] "GET /goods.php HTTP/1.1" 404 42415 "-" "Mozilla/5.0 (Windows NT 10.0; Win64; x64) AppleWebKit/537.36 (KHTML, like Gecko) Chrome/120.0.0.0 Safari/537.36"
51.103.73.149 - - [27/Apr/2026:20:52:42 +0000] "GET /class-t.api.php HTTP/1.1" 404 42422 "-" "Mozilla/5.0 (Windows NT 10.0; Win64; x64) AppleWebKit/537.36 (KHTML, like Gecko) Chrome/120.0.0.0 Safari/537.36"
51.103.73.149 - - [27/Apr/2026:20:52:44 +0000] "GET /sf.php HTTP/1.1" 404 42410 "-" "Mozilla/5.0 (Windows NT 10.0; Win64; x64) AppleWebKit/537.36 (KHTML, like Gecko) Chrome/120.0.0.0 Safari/537.36"
51.107.70.194 - - [27/Apr/2026:20:52:45 +0000] "GET / HTTP/1.1" 301 - "-" "Mozilla/5.0 AppleWebKit/537.36 (KHTML, like Gecko); compatible; ChatGPT-User/1.0; +https://openai.com/bot"
51.103.73.149 - - [27/Apr/2026:20:52:45 +0000] "GET /kbfr.php HTTP/1.1" 404 42415 "-" "Mozilla/5.0 (Windows NT 10.0; Win64; x64) AppleWebKit/537.36 (KHTML, like Gecko) Chrome/120.0.0.0 Safari/537.36"
51.103.73.149 - - [27/Apr/2026:20:52:47 +0000] "GET /autoload_classmap.php HTTP/1.1" 404 42428 "-" "Mozilla/5.0 (Windows NT 10.0; Win64; x64) AppleWebKit/537.36 (KHTML, like Gecko) Chrome/120.0.0.0 Safari/537.36"
51.103.73.149 - - [27/Apr/2026:20:52:49 +0000] "GET /chosen.php?p= HTTP/1.1" 301 - "-" "Mozilla/5.0 (Windows NT 10.0; Win64; x64) AppleWebKit/537.36 (KHTML, like Gecko) Chrome/120.0.0.0 Safari/537.36"
51.103.73.149 - - [27/Apr/2026:20:52:50 +0000] "GET /classwithtostring.php HTTP/1.1" 404 42424 "-" "Mozilla/5.0 (Windows NT 10.0; Win64; x64) AppleWebKit/537.36 (KHTML, like Gecko) Chrome/120.0.0.0 Safari/537.36"
51.103.73.149 - - [27/Apr/2026:20:52:52 +0000] "GET /defaults.php HTTP/1.1" 404 42415 "-" "Mozilla/5.0 (Windows NT 10.0; Win64; x64) AppleWebKit/537.36 (KHTML, like Gecko) Chrome/120.0.0.0 Safari/537.36"
51.103.73.149 - - [27/Apr/2026:20:52:53 +0000] "GET /.well-known/ HTTP/1.1" 404 42423 "-" "Mozilla/5.0 (Windows NT 10.0; Win64; x64) AppleWebKit/537.36 (KHTML, like Gecko) Chrome/120.0.0.0 Safari/537.36"
51.103.73.149 - - [27/Apr/2026:20:52:55 +0000] "GET /info.php HTTP/1.1" 404 42413 "-" "Mozilla/5.0 (Windows NT 10.0; Win64; x64) AppleWebKit/537.36 (KHTML, like Gecko) Chrome/120.0.0.0 Safari/537.36"
51.103.73.149 - - [27/Apr/2026:20:52:57 +0000] "GET /cgi-bin/ HTTP/1.1" 404 42417 "-" "Mozilla/5.0 (Windows NT 10.0; Win64; x64) AppleWebKit/537.36 (KHTML, like Gecko) Chrome/120.0.0.0 Safari/537.36"
51.103.73.149 - - [27/Apr/2026:20:52:58 +0000] "GET /wp-includes/Requests/src/Response/about.php HTTP/1.1" 404 42452 "-" "Mozilla/5.0 (Windows NT 10.0; Win64; x64) AppleWebKit/537.36 (KHTML, like Gecko) Chrome/120.0.0.0 Safari/537.36"
51.103.73.149 - - [27/Apr/2026:20:53:00 +0000] "GET /wp-includes/html-api/ HTTP/1.1" 404 42419 "-" "Mozilla/5.0 (Windows NT 10.0; Win64; x64) AppleWebKit/537.36 (KHTML, like Gecko) Chrome/120.0.0.0 Safari/537.36"
51.103.73.149 - - [27/Apr/2026:20:53:01 +0000] "GET /wp-content/admin.php HTTP/1.1" 404 42415 "-" "Mozilla/5.0 (Windows NT 10.0; Win64; x64) AppleWebKit/537.36 (KHTML, like Gecko) Chrome/120.0.0.0 Safari/537.36"
51.103.73.149 - - [27/Apr/2026:20:53:03 +0000] "GET /wp-admin/css/colors/ectoplasm/ HTTP/1.1" 404 42438 "-" "Mozilla/5.0 (Windows NT 10.0; Win64; x64) AppleWebKit/537.36 (KHTML, like Gecko) Chrome/120.0.0.0 Safari/537.36"
51.103.73.149 - - [27/Apr/2026:20:53:04 +0000] "GET /wp-content/uploads/ HTTP/1.1" 404 42404 "-" "Mozilla/5.0 (Windows NT 10.0; Win64; x64) AppleWebKit/537.36 (KHTML, like Gecko) Chrome/120.0.0.0 Safari/537.36"
51.103.73.149 - - [27/Apr/2026:20:53:06 +0000] "GET /wp-content/themes/admin.php HTTP/1.1" 404 42420 "-" "Mozilla/5.0 (Windows NT 10.0; Win64; x64) AppleWebKit/537.36 (KHTML, like Gecko) Chrome/120.0.0.0 Safari/537.36"
51.103.73.149 - - [27/Apr/2026:20:53:07 +0000] "GET /wp-content/themes/index.php HTTP/1.1" 200 - "-" "Mozilla/5.0 (Windows NT 10.0; Win64; x64) AppleWebKit/537.36 (KHTML, like Gecko) Chrome/120.0.0.0 Safari/537.36"
51.103.73.149 - - [27/Apr/2026:20:53:08 +0000] "GET /wp-content/plugins/index.php HTTP/1.1" 200 - "-" "Mozilla/5.0 (Windows NT 10.0; Win64; x64) AppleWebKit/537.36 (KHTML, like Gecko) Chrome/120.0.0.0 Safari/537.36"
184.94.212.206 - - [27/Apr/2026:20:53:09 +0000] "POST /wp-cron.php?doing_wp_cron=1777323189.6360518932342529296875 HTTP/1.1" 200 - "-" "WordPress/6.9.4; https://www.wrinkledskinrepair.com"
51.103.73.149 - - [27/Apr/2026:20:53:08 +0000] "GET /wp-includes/PHPMailer/ HTTP/1.1" 404 42425 "-" "Mozilla/5.0 (Windows NT 10.0; Win64; x64) AppleWebKit/537.36 (KHTML, like Gecko) Chrome/120.0.0.0 Safari/537.36"
51.103.73.149 - - [27/Apr/2026:20:53:10 +0000] "GET /wp-includes/images/ HTTP/1.1" 404 42412 "-" "Mozilla/5.0 (Windows NT 10.0; Win64; x64) AppleWebKit/537.36 (KHTML, like Gecko) Chrome/120.0.0.0 Safari/537.36"
57.141.18.86 - - [27/Apr/2026:20:53:11 +0000] "GET /2019/02/27/skin-care-suggestions-that-clearly-pay-off-2/ HTTP/1.1" 200 185930 "-" "meta-externalagent/1.1 (+https://developers.facebook.com/docs/sharing/webmasters/crawler)"
51.103.73.149 - - [27/Apr/2026:20:53:11 +0000] "GET /wp-content/plugins/WordPressCore/ HTTP/1.1" 404 42425 "-" "Mozilla/5.0 (Windows NT 10.0; Win64; x64) AppleWebKit/537.36 (KHTML, like Gecko) Chrome/120.0.0.0 Safari/537.36"
184.94.212.206 - - [27/Apr/2026:20:53:37 +0000] "POST /wp-cron.php?doing_wp_cron=1777323217.8329219818115234375000 HTTP/1.1" 200 - "-" "WordPress/6.9.4; https://www.wrinkledskinrepair.com"
114.119.157.239 - - [27/Apr/2026:20:53:36 +0000] "GET /2019/07/20/care-for-your-skin-better-with-these-tips HTTP/1.1" 301 - "https://www.wrinkledskinrepair.com/2019/07/20/care-for-your-skin-better-with-these-tips" "Mozilla/5.0 (Linux; Android 7.0;) AppleWebKit/537.36 (HTML, like Gecko) Mobile Safari/537.36 (compatible; PetalBot;+https://webmaster.petalsearch.com/site/petalbot)"
114.119.157.239 - - [27/Apr/2026:20:53:38 +0000] "GET /2019/07/20/care-for-your-skin-better-with-these-tips/ HTTP/1.1" 200 57686 "https://www.wrinkledskinrepair.com/2019/07/20/care-for-your-skin-better-with-these-tips" "Mozilla/5.0 (Linux; Android 7.0;) AppleWebKit/537.36 (HTML, like Gecko) Mobile Safari/537.36 (compatible; PetalBot;+https://webmaster.petalsearch.com/site/petalbot)"
192.0.102.146 - - [27/Apr/2026:20:54:04 +0000] "HEAD / HTTP/1.1" 200 - "-" "jetmon/1.0 (Jetpack Site Uptime Monitor by WordPress.com)"
141.94.194.132 - - [27/Apr/2026:20:55:55 +0000] "GET /atom HTTP/1.1" 301 - "-" "Mozilla/5.0 (X11; Linux i686) AppleWebKit/537.36 (KHTML, like Gecko) Chrome/30.0.1599.66 Safari/537.36"
141.94.194.132 - - [27/Apr/2026:20:55:57 +0000] "GET /feed/atom/ HTTP/1.1" 200 29993 "-" "Mozilla/5.0 (X11; Linux i686) AppleWebKit/537.36 (KHTML, like Gecko) Chrome/30.0.1599.66 Safari/537.36"
57.141.18.64 - - [27/Apr/2026:20:56:00 +0000] "GET /2020/05/04/skin-care-tips-everyone-can-benefit-from-2/ HTTP/1.1" 200 191661 "-" "meta-externalagent/1.1 (+https://developers.facebook.com/docs/sharing/webmasters/crawler)"
184.94.212.206 - - [27/Apr/2026:20:56:21 +0000] "POST /wp-cron.php?doing_wp_cron=1777323381.0407249927520751953125 HTTP/1.1" 200 - "-" "WordPress/6.9.4; https://www.wrinkledskinrepair.com"
57.141.18.55 - - [27/Apr/2026:20:56:19 +0000] "GET /2013/06/08/different-treatments-for-eye-wrinkles/ HTTP/1.1" 200 182980 "-" "meta-externalagent/1.1 (+https://developers.facebook.com/docs/sharing/webmasters/crawler)"
114.119.146.179 - - [27/Apr/2026:20:56:31 +0000] "GET /2019/06/28/effective-solutions-for-your-skin-care-dilemmas?share=facebook HTTP/1.1" 302 - "-" "Mozilla/5.0 (Linux; Android 7.0;) AppleWebKit/537.36 (HTML, like Gecko) Mobile Safari/537.36 (compatible; PetalBot;+https://webmaster.petalsearch.com/site/petalbot)"
192.0.102.146 - - [27/Apr/2026:20:59:04 +0000] "HEAD / HTTP/1.1" 200 - "-" "jetmon/1.0 (Jetpack Site Uptime Monitor by WordPress.com)"
114.119.143.101 - - [27/Apr/2026:20:59:08 +0000] "GET /2019/06/17/get-the-skin-you-want-with-these-tips HTTP/1.1" 301 - "https://www.wrinkledskinrepair.com/2019/06/17/get-the-skin-you-want-with-these-tips" "Mozilla/5.0 (Linux; Android 7.0;) AppleWebKit/537.36 (HTML, like Gecko) Mobile Safari/537.36 (compatible; PetalBot;+https://webmaster.petalsearch.com/site/petalbot)"
114.119.143.101 - - [27/Apr/2026:20:59:09 +0000] "GET /2019/06/17/get-the-skin-you-want-with-these-tips/ HTTP/1.1" 200 52892 "https://www.wrinkledskinrepair.com/2019/06/17/get-the-skin-you-want-with-these-tips" "Mozilla/5.0 (Linux; Android 7.0;) AppleWebKit/537.36 (HTML, like Gecko) Mobile Safari/537.36 (compatible; PetalBot;+https://webmaster.petalsearch.com/site/petalbot)"
184.94.212.206 - - [27/Apr/2026:21:02:13 +0000] "POST /wp-cron.php?doing_wp_cron=1777323733.8985428810119628906250 HTTP/1.1" 200 - "-" "WordPress/6.9.4; https://www.wrinkledskinrepair.com"
57.141.18.71 - - [27/Apr/2026:21:02:11 +0000] "GET /tag/stay-healthy/ HTTP/1.1" 200 156986 "-" "meta-externalagent/1.1 (+https://developers.facebook.com/docs/sharing/webmasters/crawler)"
184.94.212.206 - - [27/Apr/2026:21:03:03 +0000] "POST /wp-cron.php?doing_wp_cron=1777323783.7909278869628906250000 HTTP/1.1" 200 - "-" "WordPress/6.9.4; https://www.wrinkledskinrepair.com"
57.141.18.50 - - [27/Apr/2026:21:03:01 +0000] "GET /2018/12/16/amazing-skin-care-advice-you-should-follow/ HTTP/1.1" 200 187584 "-" "meta-externalagent/1.1 (+https://developers.facebook.com/docs/sharing/webmasters/crawler)"
184.94.212.206 - - [27/Apr/2026:21:04:06 +0000] "POST /wp-cron.php?doing_wp_cron=1777323846.3858981132507324218750 HTTP/1.1" 200 - "-" "WordPress/6.9.4; https://www.wrinkledskinrepair.com"
192.0.102.146 - - [27/Apr/2026:21:04:04 +0000] "HEAD / HTTP/1.1" 200 - "-" "jetmon/1.0 (Jetpack Site Uptime Monitor by WordPress.com)"
184.94.212.206 - - [27/Apr/2026:21:04:29 +0000] "POST /wp-cron.php?doing_wp_cron=1777323869.1353409290313720703125 HTTP/1.1" 200 - "-" "WordPress/6.9.4; https://www.wrinkledskinrepair.com"
114.119.143.101 - - [27/Apr/2026:21:04:27 +0000] "GET /2020/05/18/confused-about-skin-care-use-these-great-tips-2?share=facebook HTTP/1.1" 302 - "https://www.wrinkledskinrepair.com/2020/05/18/confused-about-skin-care-use-these-great-tips-2" "Mozilla/5.0 (Linux; Android 7.0;) AppleWebKit/537.36 (HTML, like Gecko) Mobile Safari/537.36 (compatible; PetalBot;+https://webmaster.petalsearch.com/site/petalbot)"
184.94.212.206 - - [27/Apr/2026:21:07:13 +0000] "POST /wp-cron.php?doing_wp_cron=1777324033.7011260986328125000000 HTTP/1.1" 200 - "-" "WordPress/6.9.4; https://www.wrinkledskinrepair.com"
114.119.144.64 - - [27/Apr/2026:21:07:11 +0000] "GET /2019/05/26/top-helpful-skin-care-tips-for-everyone?share=x HTTP/1.1" 302 - "http://www.wrinkledskinrepair.com/wrinkle-treatment/top-helpful-skin-care-tips-for-everyone" "Mozilla/5.0 (Linux; Android 7.0;) AppleWebKit/537.36 (HTML, like Gecko) Mobile Safari/537.36 (compatible; PetalBot;+https://webmaster.petalsearch.com/site/petalbot)"
54.39.89.246 - - [27/Apr/2026:21:07:14 +0000] "GET /tag/improve-digestion/ HTTP/1.1" 200 45583 "-" "Mozilla/5.0 (compatible; AhrefsBot/7.0; +http://ahrefs.com/robot/)"
184.94.212.206 - - [27/Apr/2026:21:09:06 +0000] "POST /wp-cron.php?doing_wp_cron=1777324146.6856369972229003906250 HTTP/1.1" 200 - "-" "WordPress/6.9.4; https://www.wrinkledskinrepair.com"
192.0.102.146 - - [27/Apr/2026:21:09:04 +0000] "HEAD / HTTP/1.1" 200 - "-" "jetmon/1.0 (Jetpack Site Uptime Monitor by WordPress.com)"
184.94.212.206 - - [27/Apr/2026:21:09:56 +0000] "POST /wp-cron.php?doing_wp_cron=1777324196.0836029052734375000000 HTTP/1.1" 200 - "-" "WordPress/6.9.4; https://www.wrinkledskinrepair.com"
114.119.143.101 - - [27/Apr/2026:21:09:54 +0000] "GET /2019/05/19/skin-care-secrets-that-you-probably-didnt-know-about/?share=facebook HTTP/1.1" 302 - "https://www.wrinkledskinrepair.com/2019/05/19/skin-care-secrets-that-you-probably-didnt-know-about/" "Mozilla/5.0 (Linux; Android 7.0;) AppleWebKit/537.36 (HTML, like Gecko) Mobile Safari/537.36 (compatible; PetalBot;+https://webmaster.petalsearch.com/site/petalbot)"
216.244.66.203 - - [27/Apr/2026:21:09:57 +0000] "GET /robots.txt HTTP/1.1" 200 185 "-" "Mozilla/5.0 (compatible; DotBot/1.2; +https://opensiteexplorer.org/dotbot; help@moz.com)"
184.94.212.206 - - [27/Apr/2026:21:10:21 +0000] "POST /wp-cron.php?doing_wp_cron=1777324221.3163731098175048828125 HTTP/1.1" 200 - "-" "WordPress/6.9.4; https://www.wrinkledskinrepair.com"
68.221.67.172 - - [27/Apr/2026:21:10:20 +0000] "GET / HTTP/1.1" 301 - "-" "Mozilla/5.0 AppleWebKit/537.36 (KHTML, like Gecko); compatible; ChatGPT-User/1.0; +https://openai.com/bot"
216.73.216.121 - - [27/Apr/2026:21:10:59 +0000] "GET /robots.txt HTTP/1.1" 200 127 "-" "Mozilla/5.0 AppleWebKit/537.36 (KHTML, like Gecko; compatible; ClaudeBot/1.0; +claudebot@anthropic.com)"
216.73.216.121 - - [27/Apr/2026:21:11:01 +0000] "GET /sitemap.xml HTTP/1.1" 200 407 "-" "Mozilla/5.0 AppleWebKit/537.36 (KHTML, like Gecko; compatible; ClaudeBot/1.0; +claudebot@anthropic.com)"
184.94.212.206 - - [27/Apr/2026:21:12:13 +0000] "POST /wp-cron.php?doing_wp_cron=1777324332.9915409088134765625000 HTTP/1.1" 200 - "-" "WordPress/6.9.4; https://www.wrinkledskinrepair.com"
47.128.41.77 - - [27/Apr/2026:21:12:11 +0000] "GET /2020/05/12/skin-care-tips-for-healthy-glowing-skin/?share=x HTTP/1.1" 302 - "-" "Mozilla/5.0 (Linux; Android 5.0) AppleWebKit/537.36 (KHTML, like Gecko) Mobile Safari/537.36 (compatible; Bytespider; spider-feedback@bytedance.com)"
184.94.212.206 - - [27/Apr/2026:21:12:34 +0000] "POST /wp-cron.php?doing_wp_cron=1777324354.9799010753631591796875 HTTP/1.1" 200 - "-" "WordPress/6.9.4; https://www.wrinkledskinrepair.com"
114.119.144.17 - - [27/Apr/2026:21:12:33 +0000] "GET /2019/05/01/skin-care-advice-that-everyone-should-check-out?share=twitter HTTP/1.1" 302 - "-" "Mozilla/5.0 (Linux; Android 7.0;) AppleWebKit/537.36 (HTML, like Gecko) Mobile Safari/537.36 (compatible; PetalBot;+https://webmaster.petalsearch.com/site/petalbot)"
184.94.212.206 - - [27/Apr/2026:21:14:06 +0000] "POST /wp-cron.php?doing_wp_cron=1777324446.4078710079193115234375 HTTP/1.1" 200 - "-" "WordPress/6.9.4; https://www.wrinkledskinrepair.com"
192.0.102.146 - - [27/Apr/2026:21:14:04 +0000] "HEAD / HTTP/1.1" 200 - "-" "jetmon/1.0 (Jetpack Site Uptime Monitor by WordPress.com)"
184.94.212.206 - - [27/Apr/2026:21:15:15 +0000] "POST /wp-cron.php?doing_wp_cron=1777324515.1121919155120849609375 HTTP/1.1" 200 - "-" "WordPress/6.9.4; https://www.wrinkledskinrepair.com"
114.119.145.116 - - [27/Apr/2026:21:15:13 +0000] "GET /2019/04/23/revitalize-your-skin-with-these-simple-tips-2?share=facebook HTTP/1.1" 302 - "https://www.wrinkledskinrepair.com/2019/04/23/revitalize-your-skin-with-these-simple-tips-2" "Mozilla/5.0 (Linux; Android 7.0;) AppleWebKit/537.36 (HTML, like Gecko) Mobile Safari/537.36 (compatible; PetalBot;+https://webmaster.petalsearch.com/site/petalbot)"
57.141.18.89 - - [27/Apr/2026:21:15:15 +0000] "GET /2020/04/23/looking-for-skin-care-tips-check-out-these-ideas/ HTTP/1.1" 200 187460 "-" "meta-externalagent/1.1 (+https://developers.facebook.com/docs/sharing/webmasters/crawler)"
184.94.212.206 - - [27/Apr/2026:21:17:33 +0000] "POST /wp-cron.php?doing_wp_cron=1777324653.3845229148864746093750 HTTP/1.1" 200 - "-" "WordPress/6.9.4; https://www.wrinkledskinrepair.com"
5.102.173.71 - - [27/Apr/2026:21:17:31 +0000] "GET /robots.txt HTTP/1.1" 200 127 "-" "Mozilla/5.0 (compatible; MojeekBot/0.11; +https://www.mojeek.com/bot.html)"
5.102.173.71 - - [27/Apr/2026:21:17:33 +0000] "GET /2019/06/08/skin-care-advice-for-achieving-radiant-healthy-skin-2/ HTTP/1.1" 200 53191 "-" "Mozilla/5.0 (compatible; MojeekBot/0.11; +https://www.mojeek.com/bot.html)"
114.119.144.64 - - [27/Apr/2026:21:18:01 +0000] "GET /2019/04/21/learn-to-understand-your-skin-and-care-for-it-properly?share=x HTTP/1.1" 302 - "https://www.wrinkledskinrepair.com/2019/04/21/learn-to-understand-your-skin-and-care-for-it-properly" "Mozilla/5.0 (Linux; Android 7.0;) AppleWebKit/537.36 (HTML, like Gecko) Mobile Safari/537.36 (compatible; PetalBot;+https://webmaster.petalsearch.com/site/petalbot)"
184.94.212.206 - - [27/Apr/2026:21:18:29 +0000] "POST /wp-cron.php?doing_wp_cron=1777324709.6391789913177490234375 HTTP/1.1" 200 - "-" "WordPress/6.9.4; https://www.wrinkledskinrepair.com"
57.141.18.97 - - [27/Apr/2026:21:18:28 +0000] "GET /2020/06/20/problems-with-your-skin-try-these-helpful-tips/ HTTP/1.1" 200 188964 "-" "meta-externalagent/1.1 (+https://developers.facebook.com/docs/sharing/webmasters/crawler)"
57.141.18.14 - - [27/Apr/2026:21:19:05 +0000] "GET /anti-spam-policy/ HTTP/1.1" 200 159008 "-" "meta-externalagent/1.1 (+https://developers.facebook.com/docs/sharing/webmasters/crawler)"
192.0.102.146 - - [27/Apr/2026:21:19:06 +0000] "HEAD / HTTP/1.1" 200 - "-" "jetmon/1.0 (Jetpack Site Uptime Monitor by WordPress.com)"
184.94.212.206 - - [27/Apr/2026:21:20:34 +0000] "POST /wp-cron.php?doing_wp_cron=1777324834.2806959152221679687500 HTTP/1.1" 200 - "-" "WordPress/6.9.4; https://www.wrinkledskinrepair.com"
216.73.216.121 - - [27/Apr/2026:21:20:32 +0000] "GET /sitemap.rss HTTP/1.1" 200 3441 "-" "Mozilla/5.0 AppleWebKit/537.36 (KHTML, like Gecko; compatible; ClaudeBot/1.0; +claudebot@anthropic.com)"
114.119.144.64 - - [27/Apr/2026:21:20:36 +0000] "GET /2019/04/12/look-your-best-with-these-skin-tips/ HTTP/1.1" 200 53655 "https://www.wrinkledskinrepair.com/blog/page/20" "Mozilla/5.0 (Linux; Android 7.0;) AppleWebKit/537.36 (HTML, like Gecko) Mobile Safari/537.36 (compatible; PetalBot;+https://webmaster.petalsearch.com/site/petalbot)"
184.94.212.206 - - [27/Apr/2026:21:21:18 +0000] "POST /wp-cron.php?doing_wp_cron=1777324878.2180700302124023437500 HTTP/1.1" 200 - "-" "WordPress/6.9.4; https://www.wrinkledskinrepair.com"
216.244.66.203 - - [27/Apr/2026:21:21:16 +0000] "GET /tag/razor-burn/feed/ HTTP/1.1" 200 7666 "-" "Mozilla/5.0 (compatible; DotBot/1.2; +https://opensiteexplorer.org/dotbot; help@moz.com)"
43.172.195.86 - - [27/Apr/2026:21:21:21 +0000] "GET /tag/oil-production/ HTTP/1.1" 200 45585 "-" "Mozilla/5.0 (Windows NT 10.0; Win64; x64) AppleWebKit/537.36 (KHTML, like Gecko) Chrome/133.0.0.0 Safari/537.36"
43.172.195.235 - - [27/Apr/2026:21:21:24 +0000] "GET /wp-content/plugins/jetpack/jetpack_vendor/automattic/jetpack-classic-theme-helper/dist/responsive-videos/responsive-videos.css?minify=false&ver=1a16f71f21c6d197f51b HTTP/1.1" 200 101 "https://www.wrinkledskinrepair.com/tag/oil-production/" "Mozilla/5.0 (Windows NT 10.0; Win64; x64) AppleWebKit/537.36 (KHTML, like Gecko) Chrome/133.0.0.0 Safari/537.36"
43.172.194.62 - - [27/Apr/2026:21:21:24 +0000] "GET /wp-content/themes/spa-and-salon/js/modal-accessibility.min.js?ver=1.0.7 HTTP/1.1" 200 2033 "https://www.wrinkledskinrepair.com/tag/oil-production/" "Mozilla/5.0 (Windows NT 10.0; Win64; x64) AppleWebKit/537.36 (KHTML, like Gecko) Chrome/133.0.0.0 Safari/537.36"
43.172.195.136 - - [27/Apr/2026:21:21:25 +0000] "GET /wp-content/themes/spa-and-salon/js/perfect-scrollbar.min.js?ver=1.0.7 HTTP/1.1" 200 5954 "https://www.wrinkledskinrepair.com/tag/oil-production/" "Mozilla/5.0 (Windows NT 10.0; Win64; x64) AppleWebKit/537.36 (KHTML, like Gecko) Chrome/133.0.0.0 Safari/537.36"
43.173.178.129 - - [27/Apr/2026:21:21:25 +0000] "GET /wp-content/plugins/jetpack/jetpack_vendor/automattic/jetpack-classic-theme-helper/dist/responsive-videos/responsive-videos.js?minify=false&ver=1a16f71f21c6d197f51b HTTP/1.1" 200 645 "https://www.wrinkledskinrepair.com/tag/oil-production/" "Mozilla/5.0 (Windows NT 10.0; Win64; x64) AppleWebKit/537.36 (KHTML, like Gecko) Chrome/133.0.0.0 Safari/537.36"
43.173.175.93 - - [27/Apr/2026:21:21:25 +0000] "GET /wp-content/plugins/google-site-kit/dist/assets/js/googlesitekit-consent-mode-bc2e26cfa69fcd4a8261.js HTTP/1.1" 200 25395 "https://www.wrinkledskinrepair.com/tag/oil-production/" "Mozilla/5.0 (Windows NT 10.0; Win64; x64) AppleWebKit/537.36 (KHTML, like Gecko) Chrome/133.0.0.0 Safari/537.36"
43.173.176.175 - - [27/Apr/2026:21:21:25 +0000] "GET /wp-content/themes/spa-and-salon/js/slick.min.js?ver=2.6.0 HTTP/1.1" 200 10445 "https://www.wrinkledskinrepair.com/tag/oil-production/" "Mozilla/5.0 (Windows NT 10.0; Win64; x64) AppleWebKit/537.36 (KHTML, like Gecko) Chrome/133.0.0.0 Safari/537.36"
184.94.212.206 - - [27/Apr/2026:21:22:19 +0000] "POST /wp-cron.php?doing_wp_cron=1777324939.5588340759277343750000 HTTP/1.1" 200 - "-" "WordPress/6.9.4; https://www.wrinkledskinrepair.com"
57.141.18.94 - - [27/Apr/2026:21:22:17 +0000] "GET /sitemap.rss HTTP/1.1" 200 19878 "-" "meta-externalagent/1.1 (+https://developers.facebook.com/docs/sharing/webmasters/crawler)"
184.94.212.206 - - [27/Apr/2026:21:23:23 +0000] "POST /wp-cron.php?doing_wp_cron=1777325003.1588129997253417968750 HTTP/1.1" 200 - "-" "WordPress/6.9.4; https://www.wrinkledskinrepair.com"
114.119.142.210 - - [27/Apr/2026:21:23:21 +0000] "GET /2019/03/27/look-after-your-skin-with-this-great-information/?share=facebook HTTP/1.1" 302 - "https://www.wrinkledskinrepair.com/2019/03/27/look-after-your-skin-with-this-great-information" "Mozilla/5.0 (Linux; Android 7.0;) AppleWebKit/537.36 (HTML, like Gecko) Mobile Safari/537.36 (compatible; PetalBot;+https://webmaster.petalsearch.com/site/petalbot)"
192.0.102.146 - - [27/Apr/2026:21:24:04 +0000] "HEAD / HTTP/1.1" 200 - "-" "jetmon/1.0 (Jetpack Site Uptime Monitor by WordPress.com)"
184.94.212.206 - - [27/Apr/2026:21:26:04 +0000] "POST /wp-cron.php?doing_wp_cron=1777325164.1406729221343994140625 HTTP/1.1" 200 - "-" "WordPress/6.9.4; https://www.wrinkledskinrepair.com"
114.119.143.101 - - [27/Apr/2026:21:26:02 +0000] "GET /2019/02/18/clear-up-problems-with-your-skin-today?share=x HTTP/1.1" 302 - "https://www.wrinkledskinrepair.com/2019/02/18/clear-up-problems-with-your-skin-today" "Mozilla/5.0 (Linux; Android 7.0;) AppleWebKit/537.36 (HTML, like Gecko) Mobile Safari/537.36 (compatible; PetalBot;+https://webmaster.petalsearch.com/site/petalbot)"
184.94.212.206 - - [27/Apr/2026:21:29:03 +0000] "POST /wp-cron.php?doing_wp_cron=1777325343.3683419227600097656250 HTTP/1.1" 200 - "-" "WordPress/6.9.4; https://www.wrinkledskinrepair.com"
114.119.144.64 - - [27/Apr/2026:21:29:00 +0000] "GET /2019/02/18/clear-up-problems-with-your-skin-today/ HTTP/1.1" 200 53102 "https://www.wrinkledskinrepair.com/tag/honey-mask" "Mozilla/5.0 (Linux; Android 7.0;) AppleWebKit/537.36 (HTML, like Gecko) Mobile Safari/537.36 (compatible; PetalBot;+https://webmaster.petalsearch.com/site/petalbot)"
192.0.102.146 - - [27/Apr/2026:21:29:04 +0000] "HEAD / HTTP/1.1" 200 - "-" "jetmon/1.0 (Jetpack Site Uptime Monitor by WordPress.com)"
184.94.212.206 - - [27/Apr/2026:21:30:46 +0000] "POST /wp-cron.php?doing_wp_cron=1777325446.3747389316558837890625 HTTP/1.1" 200 - "-" "WordPress/6.9.4; https://www.wrinkledskinrepair.com"
52.230.164.187 - - [27/Apr/2026:21:30:44 +0000] "GET / HTTP/1.1" 301 - "-" "Mozilla/5.0 AppleWebKit/537.36 (KHTML, like Gecko); compatible; ChatGPT-User/1.0; +https://openai.com/bot"
184.94.212.206 - - [27/Apr/2026:21:31:27 +0000] "POST /wp-cron.php?doing_wp_cron=1777325487.1762080192565917968750 HTTP/1.1" 200 - "-" "WordPress/6.9.4; https://www.wrinkledskinrepair.com"
114.119.142.210 - - [27/Apr/2026:21:31:25 +0000] "GET /2019/02/16/skin-care-techniques-that-really-work-3?share=x HTTP/1.1" 302 - "https://www.wrinkledskinrepair.com/2019/02/16/skin-care-techniques-that-really-work-3" "Mozilla/5.0 (Linux; Android 7.0;) AppleWebKit/537.36 (HTML, like Gecko) Mobile Safari/537.36 (compatible; PetalBot;+https://webmaster.petalsearch.com/site/petalbot)"
184.94.212.206 - - [27/Apr/2026:21:33:58 +0000] "POST /wp-cron.php?doing_wp_cron=1777325638.6831479072570800781250 HTTP/1.1" 200 - "-" "WordPress/6.9.4; https://www.wrinkledskinrepair.com"
57.141.18.57 - - [27/Apr/2026:21:33:56 +0000] "GET /2020/06/26/advice-to-help-bring-about-soft-and-beautiful-skin/ HTTP/1.1" 200 190195 "-" "meta-externalagent/1.1 (+https://developers.facebook.com/docs/sharing/webmasters/crawler)"
192.0.102.146 - - [27/Apr/2026:21:34:04 +0000] "HEAD / HTTP/1.1" 200 - "-" "jetmon/1.0 (Jetpack Site Uptime Monitor by WordPress.com)"
114.119.143.101 - - [27/Apr/2026:21:34:07 +0000] "GET /2019/02/16/skin-care-techniques-that-really-work-3?share=facebook HTTP/1.1" 302 - "https://www.wrinkledskinrepair.com/2019/02/16/skin-care-techniques-that-really-work-3" "Mozilla/5.0 (Linux; Android 7.0;) AppleWebKit/537.36 (HTML, like Gecko) Mobile Safari/537.36 (compatible; PetalBot;+https://webmaster.petalsearch.com/site/petalbot)"
81.254.172.70 - - [27/Apr/2026:21:35:27 +0000] "GET /wp-login.php HTTP/1.1" 200 4400 "-" "Mozilla/5.0 (Windows NT 10.0) AppleWebKit/537.36 (KHTML, like Gecko) Chrome/58.0.3029.110 Safari/537.36 Edge/16.16299"
81.254.172.70 - - [27/Apr/2026:21:35:29 +0000] "POST /wp-login.php HTTP/1.1" 200 4400 "https://www.wrinkledskinrepair.com/wp-login.php" "Mozilla/5.0 (Windows NT 10.0) AppleWebKit/537.36 (KHTML, like Gecko) Chrome/58.0.3029.110 Safari/537.36 Edge/16.16299"
184.94.212.206 - - [27/Apr/2026:21:36:37 +0000] "POST /wp-cron.php?doing_wp_cron=1777325797.8150479793548583984375 HTTP/1.1" 200 - "-" "WordPress/6.9.4; https://www.wrinkledskinrepair.com"
20.169.87.125 - - [27/Apr/2026:21:36:35 +0000] "GET / HTTP/1.1" 301 - "-" "Mozilla/5.0 AppleWebKit/537.36 (KHTML, like Gecko); compatible; ChatGPT-User/1.0; +https://openai.com/bot"
114.119.143.101 - - [27/Apr/2026:21:36:58 +0000] "GET /2019/02/16/skin-care-techniques-that-really-work-3/?share=facebook HTTP/1.1" 302 - "https://www.wrinkledskinrepair.com/2019/02/16/skin-care-techniques-that-really-work-3/" "Mozilla/5.0 (Linux; Android 7.0;) AppleWebKit/537.36 (HTML, like Gecko) Mobile Safari/537.36 (compatible; PetalBot;+https://webmaster.petalsearch.com/site/petalbot)"
184.94.212.206 - - [27/Apr/2026:21:38:50 +0000] "POST /wp-cron.php?doing_wp_cron=1777325930.4007329940795898437500 HTTP/1.1" 200 - "-" "WordPress/6.9.4; https://www.wrinkledskinrepair.com"
57.141.18.14 - - [27/Apr/2026:21:38:48 +0000] "GET /tag/apply-lotion/ HTTP/1.1" 200 150384 "-" "meta-externalagent/1.1 (+https://developers.facebook.com/docs/sharing/webmasters/crawler)"
192.0.102.146 - - [27/Apr/2026:21:39:04 +0000] "HEAD / HTTP/1.1" 200 - "-" "jetmon/1.0 (Jetpack Site Uptime Monitor by WordPress.com)"
184.94.212.206 - - [27/Apr/2026:21:39:35 +0000] "POST /wp-cron.php?doing_wp_cron=1777325975.2489900588989257812500 HTTP/1.1" 200 - "-" "WordPress/6.9.4; https://www.wrinkledskinrepair.com"
114.119.144.17 - - [27/Apr/2026:21:39:33 +0000] "GET /2019/02/15/try-these-tips-for-a-cleaner-fresher-face?share=x HTTP/1.1" 302 - "https://www.wrinkledskinrepair.com/2019/02/15/try-these-tips-for-a-cleaner-fresher-face" "Mozilla/5.0 (Linux; Android 7.0;) AppleWebKit/537.36 (HTML, like Gecko) Mobile Safari/537.36 (compatible; PetalBot;+https://webmaster.petalsearch.com/site/petalbot)"
104.131.50.136 - - [27/Apr/2026:21:40:00 +0000] "GET /wp-login.php HTTP/1.1" 200 4400 "-" "Mozilla/5.0 (Windows NT 6.3; WOW64; Trident/7.0; MAGWJS; rv:11.0) like Gecko"
104.131.50.136 - - [27/Apr/2026:21:40:01 +0000] "POST /wp-login.php HTTP/1.1" 200 4400 "https://www.wrinkledskinrepair.com/wp-login.php" "Mozilla/5.0 (Windows NT 6.3; WOW64; Trident/7.0; MAGWJS; rv:11.0) like Gecko"
184.94.212.206 - - [27/Apr/2026:21:42:17 +0000] "POST /wp-cron.php?doing_wp_cron=1777326137.1476469039916992187500 HTTP/1.1" 200 - "-" "WordPress/6.9.4; https://www.wrinkledskinrepair.com"
114.119.144.17 - - [27/Apr/2026:21:42:15 +0000] "GET /page/6 HTTP/1.1" 301 - "-" "Mozilla/5.0 (Linux; Android 7.0;) AppleWebKit/537.36 (HTML, like Gecko) Mobile Safari/537.36 (compatible; PetalBot;+https://webmaster.petalsearch.com/site/petalbot)"
114.119.144.17 - - [27/Apr/2026:21:42:17 +0000] "GET /page/6/ HTTP/1.1" 200 47825 "https://www.wrinkledskinrepair.com/page/6" "Mozilla/5.0 (Linux; Android 7.0;) AppleWebKit/537.36 (HTML, like Gecko) Mobile Safari/537.36 (compatible; PetalBot;+https://webmaster.petalsearch.com/site/petalbot)"
185.117.225.184 - - [27/Apr/2026:21:43:01 +0000] "GET /robots.txt HTTP/1.1" 301 - "-" "python-requests/2.31.0"
185.117.225.184 - - [27/Apr/2026:21:43:02 +0000] "GET /robots.txt HTTP/1.1" 200 127 "-" "python-requests/2.31.0"
185.117.225.184 - - [27/Apr/2026:21:43:05 +0000] "GET / HTTP/1.1" 301 - "-" "Mozilla/5.0 AppleWebKit/537.36 (KHTML, like Gecko) Chrome/123.0.6312.86 Safari/537.36 BitSightBot/1.0"
185.117.225.184 - - [27/Apr/2026:21:43:07 +0000] "GET / HTTP/1.1" 200 47737 "-" "Mozilla/5.0 AppleWebKit/537.36 (KHTML, like Gecko) Chrome/123.0.6312.86 Safari/537.36 BitSightBot/1.0"
185.117.225.184 - - [27/Apr/2026:21:43:11 +0000] "GET /wp-content/plugins/complianz-gdpr/assets/css/cookieblocker.min.css?ver=1741710170 HTTP/1.1" 200 723 "https://www.wrinkledskinrepair.com/" "Mozilla/5.0 (X11; Linux x86_64) AppleWebKit/537.36 (KHTML, like Gecko) HeadlessChrome/123.0.6312.86 Safari/537.36"
185.117.225.184 - - [27/Apr/2026:21:43:11 +0000] "GET /wp-content/themes/spa-and-salon/style.css?ver=6.9.4 HTTP/1.1" 200 13994 "https://www.wrinkledskinrepair.com/" "Mozilla/5.0 (X11; Linux x86_64) AppleWebKit/537.36 (KHTML, like Gecko) HeadlessChrome/123.0.6312.86 Safari/537.36"
185.117.225.184 - - [27/Apr/2026:21:43:11 +0000] "GET /wp-content/themes/medical-spa/style.css?ver=1.0.7 HTTP/1.1" 200 5745 "https://www.wrinkledskinrepair.com/" "Mozilla/5.0 (X11; Linux x86_64) AppleWebKit/537.36 (KHTML, like Gecko) HeadlessChrome/123.0.6312.86 Safari/537.36"
185.117.225.184 - - [27/Apr/2026:21:43:11 +0000] "GET /wp-content/themes/spa-and-salon/css/slick.min.css?ver=6.9.4 HTTP/1.1" 200 490 "https://www.wrinkledskinrepair.com/" "Mozilla/5.0 (X11; Linux x86_64) AppleWebKit/537.36 (KHTML, like Gecko) HeadlessChrome/123.0.6312.86 Safari/537.36"
185.117.225.184 - - [27/Apr/2026:21:43:11 +0000] "GET /wp-content/themes/spa-and-salon/css/perfect-scrollbar.min.css?ver=6.9.4 HTTP/1.1" 200 494 "https://www.wrinkledskinrepair.com/" "Mozilla/5.0 (X11; Linux x86_64) AppleWebKit/537.36 (KHTML, like Gecko) HeadlessChrome/123.0.6312.86 Safari/537.36"
185.117.225.184 - - [27/Apr/2026:21:43:11 +0000] "GET /wp-content/plugins/recent-posts-widget-with-thumbnails/public.css?ver=7.1.1 HTTP/1.1" 200 487 "https://www.wrinkledskinrepair.com/" "Mozilla/5.0 (X11; Linux x86_64) AppleWebKit/537.36 (KHTML, like Gecko) HeadlessChrome/123.0.6312.86 Safari/537.36"
185.117.225.184 - - [27/Apr/2026:21:43:11 +0000] "GET /wp-content/plugins/tablepress/css/build/default.css?ver=3.3 HTTP/1.1" 200 1767 "https://www.wrinkledskinrepair.com/" "Mozilla/5.0 (X11; Linux x86_64) AppleWebKit/537.36 (KHTML, like Gecko) HeadlessChrome/123.0.6312.86 Safari/537.36"
185.117.225.184 - - [27/Apr/2026:21:43:11 +0000] "GET /wp-content/themes/medical-spa/style.css?ver=1.0.7 HTTP/1.1" 200 5745 "https://www.wrinkledskinrepair.com/" "Mozilla/5.0 AppleWebKit/537.36 (KHTML, like Gecko) Chrome/123.0.6312.86 Safari/537.36 BitSightBot/1.0"
185.117.225.184 - - [27/Apr/2026:21:43:11 +0000] "GET /wp-content/plugins/jetpack/_inc/blocks/subscriptions/view.css?minify=false&ver=15.7.1 HTTP/1.1" 200 1072 "https://www.wrinkledskinrepair.com/" "Mozilla/5.0 (X11; Linux x86_64) AppleWebKit/537.36 (KHTML, like Gecko) HeadlessChrome/123.0.6312.86 Safari/537.36"
185.117.225.184 - - [27/Apr/2026:21:43:11 +0000] "GET /wp-content/plugins/wp-meta-and-date-remover/assets/js/inspector.js?ver=1.1 HTTP/1.1" 200 1455 "https://www.wrinkledskinrepair.com/" "Mozilla/5.0 (X11; Linux x86_64) AppleWebKit/537.36 (KHTML, like Gecko) HeadlessChrome/123.0.6312.86 Safari/537.36"
185.117.225.184 - - [27/Apr/2026:21:43:11 +0000] "GET /wp-content/themes/spa-and-salon/js/modal-accessibility.min.js?ver=1.0.7 HTTP/1.1" 200 2033 "https://www.wrinkledskinrepair.com/" "Mozilla/5.0 (X11; Linux x86_64) AppleWebKit/537.36 (KHTML, like Gecko) HeadlessChrome/123.0.6312.86 Safari/537.36"
185.117.225.184 - - [27/Apr/2026:21:43:11 +0000] "GET /wp-content/themes/spa-and-salon/js/custom.min.js?ver=1.0.7 HTTP/1.1" 200 567 "https://www.wrinkledskinrepair.com/" "Mozilla/5.0 (X11; Linux x86_64) AppleWebKit/537.36 (KHTML, like Gecko) HeadlessChrome/123.0.6312.86 Safari/537.36"
185.117.225.184 - - [27/Apr/2026:21:43:11 +0000] "GET /wp-content/themes/spa-and-salon/js/v4-shims.min.js?ver=6.5.1 HTTP/1.1" 200 7909 "https://www.wrinkledskinrepair.com/" "Mozilla/5.0 (X11; Linux x86_64) AppleWebKit/537.36 (KHTML, like Gecko) HeadlessChrome/123.0.6312.86 Safari/537.36"
185.117.225.184 - - [27/Apr/2026:21:43:11 +0000] "GET /wp-content/themes/spa-and-salon/js/perfect-scrollbar.min.js?ver=1.0.7 HTTP/1.1" 200 5954 "https://www.wrinkledskinrepair.com/" "Mozilla/5.0 (X11; Linux x86_64) AppleWebKit/537.36 (KHTML, like Gecko) HeadlessChrome/123.0.6312.86 Safari/537.36"
185.117.225.184 - - [27/Apr/2026:21:43:11 +0000] "GET /wp-content/themes/spa-and-salon/js/slick.min.js?ver=2.6.0 HTTP/1.1" 200 10445 "https://www.wrinkledskinrepair.com/" "Mozilla/5.0 (X11; Linux x86_64) AppleWebKit/537.36 (KHTML, like Gecko) HeadlessChrome/123.0.6312.86 Safari/537.36"
185.117.225.184 - - [27/Apr/2026:21:43:11 +0000] "GET /wp-content/plugins/wp-consent-api/assets/js/wp-consent-api.min.js?ver=2.0.1 HTTP/1.1" 200 822 "https://www.wrinkledskinrepair.com/" "Mozilla/5.0 (X11; Linux x86_64) AppleWebKit/537.36 (KHTML, like Gecko) HeadlessChrome/123.0.6312.86 Safari/537.36"
185.117.225.184 - - [27/Apr/2026:21:43:11 +0000] "GET /wp-content/plugins/google-site-kit/dist/assets/js/googlesitekit-consent-mode-bc2e26cfa69fcd4a8261.js HTTP/1.1" 200 25395 "https://www.wrinkledskinrepair.com/" "Mozilla/5.0 (X11; Linux x86_64) AppleWebKit/537.36 (KHTML, like Gecko) HeadlessChrome/123.0.6312.86 Safari/537.36"
185.117.225.184 - - [27/Apr/2026:21:43:11 +0000] "GET /wp-content/themes/spa-and-salon/js/all.min.js?ver=6.5.1 HTTP/1.1" 200 542300 "https://www.wrinkledskinrepair.com/" "Mozilla/5.0 (X11; Linux x86_64) AppleWebKit/537.36 (KHTML, like Gecko) HeadlessChrome/123.0.6312.86 Safari/537.36"
185.117.225.184 - - [27/Apr/2026:21:43:11 +0000] "GET /wp-content/plugins/jetpack/_inc/blocks/subscriptions/view.js?minify=false&ver=15.7.1 HTTP/1.1" 200 2286 "https://www.wrinkledskinrepair.com/" "Mozilla/5.0 (X11; Linux x86_64) AppleWebKit/537.36 (KHTML, like Gecko) HeadlessChrome/123.0.6312.86 Safari/537.36"
185.117.225.184 - - [27/Apr/2026:21:43:13 +0000] "GET /wp-content/plugins/complianz-gdpr/assets/css/cookieblocker.min.css?ver=1741710170 HTTP/1.1" 200 723 "https://www.wrinkledskinrepair.com/" "Mozilla/5.0 AppleWebKit/537.36 (KHTML, like Gecko) Chrome/123.0.6312.86 Safari/537.36 BitSightBot/1.0"
185.117.225.184 - - [27/Apr/2026:21:43:13 +0000] "GET /wp-content/themes/spa-and-salon/css/perfect-scrollbar.min.css?ver=6.9.4 HTTP/1.1" 200 494 "https://www.wrinkledskinrepair.com/" "Mozilla/5.0 AppleWebKit/537.36 (KHTML, like Gecko) Chrome/123.0.6312.86 Safari/537.36 BitSightBot/1.0"
185.117.225.184 - - [27/Apr/2026:21:43:13 +0000] "GET /wp-content/plugins/tablepress/css/build/default.css?ver=3.3 HTTP/1.1" 200 1767 "https://www.wrinkledskinrepair.com/" "Mozilla/5.0 AppleWebKit/537.36 (KHTML, like Gecko) Chrome/123.0.6312.86 Safari/537.36 BitSightBot/1.0"
185.117.225.184 - - [27/Apr/2026:21:43:13 +0000] "GET /wp-content/plugins/recent-posts-widget-with-thumbnails/public.css?ver=7.1.1 HTTP/1.1" 200 487 "https://www.wrinkledskinrepair.com/" "Mozilla/5.0 AppleWebKit/537.36 (KHTML, like Gecko) Chrome/123.0.6312.86 Safari/537.36 BitSightBot/1.0"
185.117.225.184 - - [27/Apr/2026:21:43:13 +0000] "GET /wp-content/themes/spa-and-salon/css/slick.min.css?ver=6.9.4 HTTP/1.1" 200 490 "https://www.wrinkledskinrepair.com/" "Mozilla/5.0 AppleWebKit/537.36 (KHTML, like Gecko) Chrome/123.0.6312.86 Safari/537.36 BitSightBot/1.0"
185.117.225.184 - - [27/Apr/2026:21:43:13 +0000] "GET /wp-content/themes/spa-and-salon/style.css?ver=6.9.4 HTTP/1.1" 200 13994 "https://www.wrinkledskinrepair.com/" "Mozilla/5.0 AppleWebKit/537.36 (KHTML, like Gecko) Chrome/123.0.6312.86 Safari/537.36 BitSightBot/1.0"
185.117.225.184 - - [27/Apr/2026:21:43:13 +0000] "GET /wp-content/plugins/jetpack/_inc/blocks/subscriptions/view.css?minify=false&ver=15.7.1 HTTP/1.1" 200 1072 "https://www.wrinkledskinrepair.com/" "Mozilla/5.0 AppleWebKit/537.36 (KHTML, like Gecko) Chrome/123.0.6312.86 Safari/537.36 BitSightBot/1.0"
185.117.225.184 - - [27/Apr/2026:21:43:13 +0000] "GET /wp-includes/js/wp-emoji-release.min.js?ver=6.9.4 HTTP/1.1" 200 5375 "https://www.wrinkledskinrepair.com/" "Mozilla/5.0 AppleWebKit/537.36 (KHTML, like Gecko) Chrome/123.0.6312.86 Safari/537.36 BitSightBot/1.0"
184.94.212.206 - - [27/Apr/2026:21:43:16 +0000] "POST /wp-cron.php?doing_wp_cron=1777326196.4349339008331298828125 HTTP/1.1" 200 - "-" "WordPress/6.9.4; https://www.wrinkledskinrepair.com"
68.221.67.160 - - [27/Apr/2026:21:43:15 +0000] "GET / HTTP/1.1" 301 - "-" "Mozilla/5.0 AppleWebKit/537.36 (KHTML, like Gecko); compatible; ChatGPT-User/1.0; +https://openai.com/bot"
68.221.67.172 - - [27/Apr/2026:21:43:17 +0000] "GET / HTTP/1.1" 200 47737 "-" "Mozilla/5.0 AppleWebKit/537.36 (KHTML, like Gecko); compatible; ChatGPT-User/1.0; +https://openai.com/bot"
54.82.159.71 - - [27/Apr/2026:21:43:49 +0000] "GET /robots.txt HTTP/1.1" 301 - "-" "Mozilla/5.0 (compatible; AmazonAdBot/1.0; +https://adbot.amazon.com)"
54.82.159.71 - - [27/Apr/2026:21:43:50 +0000] "GET /robots.txt HTTP/1.1" 200 127 "-" "Mozilla/5.0 (compatible; AmazonAdBot/1.0; +https://adbot.amazon.com)"
192.0.102.146 - - [27/Apr/2026:21:44:04 +0000] "HEAD / HTTP/1.1" 200 - "-" "jetmon/1.0 (Jetpack Site Uptime Monitor by WordPress.com)"
184.94.212.206 - - [27/Apr/2026:21:44:58 +0000] "POST /wp-cron.php?doing_wp_cron=1777326297.9984450340270996093750 HTTP/1.1" 200 - "-" "WordPress/6.9.4; https://www.wrinkledskinrepair.com"
114.119.144.17 - - [27/Apr/2026:21:44:56 +0000] "GET /about/?share=twitter HTTP/1.1" 302 - "https://www.wrinkledskinrepair.com/about/" "Mozilla/5.0 (Linux; Android 7.0;) AppleWebKit/537.36 (HTML, like Gecko) Mobile Safari/537.36 (compatible; PetalBot;+https://webmaster.petalsearch.com/site/petalbot)"
184.94.212.206 - - [27/Apr/2026:21:47:17 +0000] "POST /wp-cron.php?doing_wp_cron=1777326437.5516650676727294921875 HTTP/1.1" 200 - "-" "WordPress/6.9.4; https://www.wrinkledskinrepair.com"
142.44.228.162 - - [27/Apr/2026:21:47:15 +0000] "GET /tag/skin-appears/ HTTP/1.1" 200 45515 "-" "Mozilla/5.0 (compatible; AhrefsBot/7.0; +http://ahrefs.com/robot/)"
114.119.143.101 - - [27/Apr/2026:21:47:40 +0000] "GET /2025/12/29/what-causes-wrinkled-skin-around-mouth-and-how-to-fix/?share=x HTTP/1.1" 302 - "https://www.wrinkledskinrepair.com/2025/12/29/what-causes-wrinkled-skin-around-mouth-and-how-to-fix/" "Mozilla/5.0 (Linux; Android 7.0;) AppleWebKit/537.36 (HTML, like Gecko) Mobile Safari/537.36 (compatible; PetalBot;+https://webmaster.petalsearch.com/site/petalbot)"
44.212.145.46 - - [27/Apr/2026:21:48:06 +0000] "GET /2019/07/12/take-better-care-of-your-skin-starting-today/ HTTP/1.1" 200 53272 "-" "Mozilla/5.0 AppleWebKit/537.36 (KHTML, like Gecko; compatible; Amazonbot/0.1; +https://developer.amazon.com/support/amazonbot) Chrome/119.0.6045.214 Safari/537.36"
184.94.212.206 - - [27/Apr/2026:21:48:12 +0000] "POST /wp-cron.php?doing_wp_cron=1777326492.7294209003448486328125 HTTP/1.1" 200 - "-" "WordPress/6.9.4; https://www.wrinkledskinrepair.com"
3.232.39.98 - - [27/Apr/2026:21:48:11 +0000] "GET /2020/05/07/care-for-your-skin-by-following-these-tips/ HTTP/1.1" 200 54277 "-" "Mozilla/5.0 AppleWebKit/537.36 (KHTML, like Gecko; compatible; Amazonbot/0.1; +https://developer.amazon.com/support/amazonbot) Chrome/119.0.6045.214 Safari/537.36"
52.71.203.206 - - [27/Apr/2026:21:48:13 +0000] "GET /2019/05/31/care-for-your-skin-with-these-simple-tips/ HTTP/1.1" 200 53156 "-" "Mozilla/5.0 AppleWebKit/537.36 (KHTML, like Gecko; compatible; Amazonbot/0.1; +https://developer.amazon.com/support/amazonbot) Chrome/119.0.6045.214 Safari/537.36"
184.94.212.206 - - [27/Apr/2026:21:49:06 +0000] "POST /wp-cron.php?doing_wp_cron=1777326546.5739951133728027343750 HTTP/1.1" 200 - "-" "WordPress/6.9.4; https://www.wrinkledskinrepair.com"
192.0.102.146 - - [27/Apr/2026:21:49:04 +0000] "HEAD / HTTP/1.1" 200 - "-" "jetmon/1.0 (Jetpack Site Uptime Monitor by WordPress.com)"
184.94.212.206 - - [27/Apr/2026:21:49:36 +0000] "POST /wp-cron.php?doing_wp_cron=1777326576.9422869682312011718750 HTTP/1.1" 200 - "-" "WordPress/6.9.4; https://www.wrinkledskinrepair.com"
57.141.18.105 - - [27/Apr/2026:21:49:35 +0000] "GET /tag/free-radicals/ HTTP/1.1" 200 154053 "-" "meta-externalagent/1.1 (+https://developers.facebook.com/docs/sharing/webmasters/crawler)"
184.94.212.206 - - [27/Apr/2026:21:50:25 +0000] "POST /wp-cron.php?doing_wp_cron=1777326625.2399909496307373046875 HTTP/1.1" 200 - "-" "WordPress/6.9.4; https://www.wrinkledskinrepair.com"
114.119.143.101 - - [27/Apr/2026:21:50:23 +0000] "GET /2020/05/17/the-best-skin-care-advice-you-will-ever-need?share=x HTTP/1.1" 302 - "-" "Mozilla/5.0 (Linux; Android 7.0;) AppleWebKit/537.36 (HTML, like Gecko) Mobile Safari/537.36 (compatible; PetalBot;+https://webmaster.petalsearch.com/site/petalbot)"
184.94.212.206 - - [27/Apr/2026:21:52:02 +0000] "POST /wp-cron.php?doing_wp_cron=1777326722.0192720890045166015625 HTTP/1.1" 200 - "-" "WordPress/6.9.4; https://www.wrinkledskinrepair.com"
113.190.64.235 - - [27/Apr/2026:21:51:59 +0000] "GET /2020/06/30/helpful-advice-about-your-skin-care-regiment-2/ HTTP/1.1" 200 53796 "-" "Mozilla/5.0 (Macintosh; Intel Mac OS X 11_0_1) AppleWebKit/537.36 (KHTML, like Gecko) Brave Chrome/88.0.4324.96 Safari/537.36"
184.94.212.206 - - [27/Apr/2026:21:53:05 +0000] "POST /wp-cron.php?doing_wp_cron=1777326785.0519659519195556640625 HTTP/1.1" 200 - "-" "WordPress/6.9.4; https://www.wrinkledskinrepair.com"
114.119.145.116 - - [27/Apr/2026:21:53:03 +0000] "GET /2020/04/12/caring-for-your-skin-has-never-been-easier HTTP/1.1" 301 - "https://www.wrinkledskinrepair.com/category/skin-care/page/8" "Mozilla/5.0 (Linux; Android 7.0;) AppleWebKit/537.36 (HTML, like Gecko) Mobile Safari/537.36 (compatible; PetalBot;+https://webmaster.petalsearch.com/site/petalbot)"
114.119.145.116 - - [27/Apr/2026:21:53:05 +0000] "GET /2020/04/12/caring-for-your-skin-has-never-been-easier/ HTTP/1.1" 200 53035 "https://www.wrinkledskinrepair.com/category/skin-care/page/8" "Mozilla/5.0 (Linux; Android 7.0;) AppleWebKit/537.36 (HTML, like Gecko) Mobile Safari/537.36 (compatible; PetalBot;+https://webmaster.petalsearch.com/site/petalbot)"
184.94.212.206 - - [27/Apr/2026:21:54:06 +0000] "POST /wp-cron.php?doing_wp_cron=1777326846.5264050960540771484375 HTTP/1.1" 200 - "-" "WordPress/6.9.4; https://www.wrinkledskinrepair.com"
192.0.102.146 - - [27/Apr/2026:21:54:04 +0000] "HEAD / HTTP/1.1" 200 - "-" "jetmon/1.0 (Jetpack Site Uptime Monitor by WordPress.com)"
184.94.212.206 - - [27/Apr/2026:21:54:57 +0000] "POST /wp-cron.php?doing_wp_cron=1777326897.5832030773162841796875 HTTP/1.1" 200 - "-" "WordPress/6.9.4; https://www.wrinkledskinrepair.com"
57.141.18.88 - - [27/Apr/2026:21:54:55 +0000] "GET /2019/03/22/great-skin-care-tips-for-healthy-skin/ HTTP/1.1" 200 186078 "-" "meta-externalagent/1.1 (+https://developers.facebook.com/docs/sharing/webmasters/crawler)"
184.94.212.206 - - [27/Apr/2026:21:55:36 +0000] "POST /wp-cron.php?doing_wp_cron=1777326936.5783801078796386718750 HTTP/1.1" 200 - "-" "WordPress/6.9.4; https://www.wrinkledskinrepair.com"
57.141.18.64 - - [27/Apr/2026:21:55:35 +0000] "GET /tag/15-minutes/ HTTP/1.1" 200 165073 "-" "meta-externalagent/1.1 (+https://developers.facebook.com/docs/sharing/webmasters/crawler)"
114.119.144.17 - - [27/Apr/2026:21:55:46 +0000] "GET /2020/04/06/wash-your-stress-away-with-a-skin-care-routine?share=x HTTP/1.1" 302 - "-" "Mozilla/5.0 (Linux; Android 7.0;) AppleWebKit/537.36 (HTML, like Gecko) Mobile Safari/537.36 (compatible; PetalBot;+https://webmaster.petalsearch.com/site/petalbot)"
34.232.137.97 - - [27/Apr/2026:21:56:04 +0000] "GET / HTTP/1.1" 200 47737 "-" "Mozilla/5.0 (compatible; AmazonAdBot/1.0; +https://adbot.amazon.com)"
34.232.137.97 - - [27/Apr/2026:21:56:05 +0000] "GET /wp-content/themes/spa-and-salon/style.css?ver=6.9.4 HTTP/1.1" 200 13994 "https://www.wrinkledskinrepair.com/" "Mozilla/5.0 (compatible; AmazonAdBot/1.0; +https://adbot.amazon.com)"
34.232.137.97 - - [27/Apr/2026:21:56:06 +0000] "GET /wp-content/themes/medical-spa/style.css?ver=1.0.7 HTTP/1.1" 200 5745 "https://www.wrinkledskinrepair.com/" "Mozilla/5.0 (compatible; AmazonAdBot/1.0; +https://adbot.amazon.com)"
34.232.137.97 - - [27/Apr/2026:21:56:06 +0000] "GET /wp-content/themes/spa-and-salon/css/slick.min.css?ver=6.9.4 HTTP/1.1" 200 490 "https://www.wrinkledskinrepair.com/" "Mozilla/5.0 (compatible; AmazonAdBot/1.0; +https://adbot.amazon.com)"
34.232.137.97 - - [27/Apr/2026:21:56:06 +0000] "GET /wp-content/themes/spa-and-salon/css/perfect-scrollbar.min.css?ver=6.9.4 HTTP/1.1" 200 494 "https://www.wrinkledskinrepair.com/" "Mozilla/5.0 (compatible; AmazonAdBot/1.0; +https://adbot.amazon.com)"
34.232.137.97 - - [27/Apr/2026:21:56:06 +0000] "GET /wp-content/plugins/recent-posts-widget-with-thumbnails/public.css?ver=7.1.1 HTTP/1.1" 200 487 "https://www.wrinkledskinrepair.com/" "Mozilla/5.0 (compatible; AmazonAdBot/1.0; +https://adbot.amazon.com)"
34.232.137.97 - - [27/Apr/2026:21:56:06 +0000] "GET /wp-content/plugins/tablepress/css/build/default.css?ver=3.3 HTTP/1.1" 200 1767 "https://www.wrinkledskinrepair.com/" "Mozilla/5.0 (compatible; AmazonAdBot/1.0; +https://adbot.amazon.com)"
34.232.137.97 - - [27/Apr/2026:21:56:06 +0000] "GET /wp-content/plugins/jetpack/_inc/blocks/subscriptions/view.css?minify=false&ver=15.7.1 HTTP/1.1" 200 1072 "https://www.wrinkledskinrepair.com/" "Mozilla/5.0 (compatible; AmazonAdBot/1.0; +https://adbot.amazon.com)"
34.232.137.97 - - [27/Apr/2026:21:56:06 +0000] "GET /wp-content/plugins/wp-meta-and-date-remover/assets/js/inspector.js?ver=1.1 HTTP/1.1" 200 1455 "https://www.wrinkledskinrepair.com/" "Mozilla/5.0 (compatible; AmazonAdBot/1.0; +https://adbot.amazon.com)"
34.232.137.97 - - [27/Apr/2026:21:56:06 +0000] "GET /wp-content/themes/spa-and-salon/js/v4-shims.min.js?ver=6.5.1 HTTP/1.1" 200 7909 "https://www.wrinkledskinrepair.com/" "Mozilla/5.0 (compatible; AmazonAdBot/1.0; +https://adbot.amazon.com)"
34.232.137.97 - - [27/Apr/2026:21:56:06 +0000] "GET /wp-content/themes/spa-and-salon/js/modal-accessibility.min.js?ver=1.0.7 HTTP/1.1" 200 2033 "https://www.wrinkledskinrepair.com/" "Mozilla/5.0 (compatible; AmazonAdBot/1.0; +https://adbot.amazon.com)"
34.232.137.97 - - [27/Apr/2026:21:56:06 +0000] "GET /wp-content/themes/spa-and-salon/js/perfect-scrollbar.min.js?ver=1.0.7 HTTP/1.1" 200 5954 "https://www.wrinkledskinrepair.com/" "Mozilla/5.0 (compatible; AmazonAdBot/1.0; +https://adbot.amazon.com)"
34.232.137.97 - - [27/Apr/2026:21:56:06 +0000] "GET /wp-content/themes/spa-and-salon/js/custom.min.js?ver=1.0.7 HTTP/1.1" 200 567 "https://www.wrinkledskinrepair.com/" "Mozilla/5.0 (compatible; AmazonAdBot/1.0; +https://adbot.amazon.com)"
34.232.137.97 - - [27/Apr/2026:21:56:06 +0000] "GET /wp-content/themes/spa-and-salon/js/slick.min.js?ver=2.6.0 HTTP/1.1" 200 10445 "https://www.wrinkledskinrepair.com/" "Mozilla/5.0 (compatible; AmazonAdBot/1.0; +https://adbot.amazon.com)"
