168.144.95.241 - - [28/Apr/2026:11:03:32 +0000] "GET /wp-admin/index.php HTTP/1.1" 503 7318 "https://wrinkledskinrepair.com/wp-login.php" "Mozilla/5.0 (Macintosh; Intel Mac OS X 13_6_1) AppleWebKit/605.1.15 (KHTML, like Gecko) Version/16.6 Safari/605.1.15"
168.144.95.241 - - [28/Apr/2026:11:03:34 +0000] "GET /wp-admin/profile.php HTTP/1.1" 503 7317 "https://wrinkledskinrepair.com/wp-login.php" "Mozilla/5.0 (Macintosh; Intel Mac OS X 13_6_1) AppleWebKit/605.1.15 (KHTML, like Gecko) Version/16.6 Safari/605.1.15"
168.144.95.241 - - [28/Apr/2026:11:03:36 +0000] "GET /wp-admin/edit.php HTTP/1.1" 503 7317 "https://wrinkledskinrepair.com/wp-login.php" "Mozilla/5.0 (Macintosh; Intel Mac OS X 13_6_1) AppleWebKit/605.1.15 (KHTML, like Gecko) Version/16.6 Safari/605.1.15"
168.144.95.241 - - [28/Apr/2026:11:03:38 +0000] "GET /wp-admin/plugins.php HTTP/1.1" 503 7317 "https://wrinkledskinrepair.com/wp-login.php" "Mozilla/5.0 (Macintosh; Intel Mac OS X 13_6_1) AppleWebKit/605.1.15 (KHTML, like Gecko) Version/16.6 Safari/605.1.15"
184.94.212.206 - - [28/Apr/2026:11:03:38 +0000] "POST /?wordfence_syncAttackData=1777374218.8109 HTTP/1.1" 200 - "-" "WordPress/6.9.4; https://www.wrinkledskinrepair.com"
168.144.95.241 - - [28/Apr/2026:11:03:42 +0000] "POST /wp-login.php HTTP/1.1" 503 7118 "https://wrinkledskinrepair.com/wp-login.php" "Mozilla/5.0 (X11; Ubuntu; Linux x86_64) AppleWebKit/537.36 (KHTML, like Gecko) Chrome/118.0.0.0 Safari/537.36"
168.144.95.241 - - [28/Apr/2026:11:03:43 +0000] "GET /wp-admin/index.php HTTP/1.1" 503 7317 "https://wrinkledskinrepair.com/wp-login.php" "Mozilla/5.0 (Macintosh; Intel Mac OS X 10_15_7) AppleWebKit/537.36 (KHTML, like Gecko) Chrome/121.0.0.0 Safari/537.36"
168.144.95.241 - - [28/Apr/2026:11:03:45 +0000] "GET /wp-admin/profile.php HTTP/1.1" 503 7318 "https://wrinkledskinrepair.com/wp-login.php" "Mozilla/5.0 (Macintosh; Intel Mac OS X 10_15_7) AppleWebKit/537.36 (KHTML, like Gecko) Chrome/121.0.0.0 Safari/537.36"
168.144.95.241 - - [28/Apr/2026:11:03:46 +0000] "GET /wp-admin/edit.php HTTP/1.1" 503 7317 "https://wrinkledskinrepair.com/wp-login.php" "Mozilla/5.0 (Macintosh; Intel Mac OS X 10_15_7) AppleWebKit/537.36 (KHTML, like Gecko) Chrome/121.0.0.0 Safari/537.36"
168.144.95.241 - - [28/Apr/2026:11:03:48 +0000] "GET /wp-admin/plugins.php HTTP/1.1" 503 7317 "https://wrinkledskinrepair.com/wp-login.php" "Mozilla/5.0 (Macintosh; Intel Mac OS X 10_15_7) AppleWebKit/537.36 (KHTML, like Gecko) Chrome/121.0.0.0 Safari/537.36"
184.94.212.206 - - [28/Apr/2026:11:03:49 +0000] "POST /?wordfence_syncAttackData=1777374229.3296 HTTP/1.1" 200 - "-" "WordPress/6.9.4; https://www.wrinkledskinrepair.com"
168.144.95.241 - - [28/Apr/2026:11:03:51 +0000] "POST /wp-login.php HTTP/1.1" 503 7118 "https://wrinkledskinrepair.com/wp-login.php" "Mozilla/5.0 (Windows NT 10.0; Win64; x64) AppleWebKit/537.36 (KHTML, like Gecko) Chrome/119.0.0.0 Safari/537.36"
168.144.95.241 - - [28/Apr/2026:11:03:52 +0000] "GET /wp-admin/index.php HTTP/1.1" 503 7317 "https://wrinkledskinrepair.com/wp-login.php" "Mozilla/5.0 (Macintosh; Intel Mac OS X 13_6_1) AppleWebKit/537.36 (KHTML, like Gecko) Chrome/121.0.0.0 Safari/537.36"
168.144.95.241 - - [28/Apr/2026:11:03:54 +0000] "GET /wp-admin/profile.php HTTP/1.1" 503 7317 "https://wrinkledskinrepair.com/wp-login.php" "Mozilla/5.0 (Macintosh; Intel Mac OS X 13_6_1) AppleWebKit/537.36 (KHTML, like Gecko) Chrome/121.0.0.0 Safari/537.36"
168.144.95.241 - - [28/Apr/2026:11:03:56 +0000] "GET /wp-admin/edit.php HTTP/1.1" 503 7317 "https://wrinkledskinrepair.com/wp-login.php" "Mozilla/5.0 (Macintosh; Intel Mac OS X 13_6_1) AppleWebKit/537.36 (KHTML, like Gecko) Chrome/121.0.0.0 Safari/537.36"
168.144.95.241 - - [28/Apr/2026:11:03:57 +0000] "GET /wp-admin/plugins.php HTTP/1.1" 503 7317 "https://wrinkledskinrepair.com/wp-login.php" "Mozilla/5.0 (Macintosh; Intel Mac OS X 13_6_1) AppleWebKit/537.36 (KHTML, like Gecko) Chrome/121.0.0.0 Safari/537.36"
168.144.95.241 - - [28/Apr/2026:11:03:59 +0000] "POST /wp-login.php HTTP/1.1" 503 7118 "https://wrinkledskinrepair.com/wp-login.php" "Mozilla/5.0 (Macintosh; Intel Mac OS X 10_15_7) AppleWebKit/605.1.15 (KHTML, like Gecko) Version/17.1 Safari/605.1.15"
168.144.95.241 - - [28/Apr/2026:11:04:00 +0000] "GET /wp-admin/index.php HTTP/1.1" 503 7317 "https://wrinkledskinrepair.com/wp-login.php" "Mozilla/5.0 (Windows NT 11.0; Win64; x64; rv:119.0) Gecko/20100101 Firefox/119.0"
184.94.212.206 - - [28/Apr/2026:11:04:02 +0000] "POST /wp-cron.php?doing_wp_cron=1777374242.7825601100921630859375 HTTP/1.1" 200 - "-" "WordPress/6.9.4; https://www.wrinkledskinrepair.com"
184.94.212.206 - - [28/Apr/2026:11:04:01 +0000] "POST /?wordfence_syncAttackData=1777374241.2811 HTTP/1.1" 200 - "-" "WordPress/6.9.4; https://www.wrinkledskinrepair.com"
168.144.95.241 - - [28/Apr/2026:11:04:03 +0000] "GET /wp-admin/profile.php HTTP/1.1" 503 7317 "https://wrinkledskinrepair.com/wp-login.php" "Mozilla/5.0 (Windows NT 11.0; Win64; x64; rv:119.0) Gecko/20100101 Firefox/119.0"
168.144.95.241 - - [28/Apr/2026:11:04:04 +0000] "GET /wp-admin/edit.php HTTP/1.1" 503 7317 "https://wrinkledskinrepair.com/wp-login.php" "Mozilla/5.0 (Windows NT 11.0; Win64; x64; rv:119.0) Gecko/20100101 Firefox/119.0"
192.0.102.146 - - [28/Apr/2026:11:04:04 +0000] "HEAD / HTTP/1.1" 200 - "-" "jetmon/1.0 (Jetpack Site Uptime Monitor by WordPress.com)"
168.144.95.241 - - [28/Apr/2026:11:04:06 +0000] "GET /wp-admin/plugins.php HTTP/1.1" 503 7318 "https://wrinkledskinrepair.com/wp-login.php" "Mozilla/5.0 (Windows NT 11.0; Win64; x64; rv:119.0) Gecko/20100101 Firefox/119.0"
168.144.95.241 - - [28/Apr/2026:11:04:08 +0000] "POST /wp-login.php HTTP/1.1" 503 7118 "https://wrinkledskinrepair.com/wp-login.php" "Mozilla/5.0 (Macintosh; Intel Mac OS X 13_6_1) AppleWebKit/605.1.15 (KHTML, like Gecko) Version/17.2 Safari/605.1.15"
168.144.95.241 - - [28/Apr/2026:11:04:09 +0000] "GET /wp-admin/index.php HTTP/1.1" 503 7317 "https://wrinkledskinrepair.com/wp-login.php" "Mozilla/5.0 (Windows NT 10.0; Win64; x64; rv:120.0) Gecko/20100101 Firefox/120.0"
168.144.95.241 - - [28/Apr/2026:11:04:11 +0000] "GET /wp-admin/profile.php HTTP/1.1" 503 7317 "https://wrinkledskinrepair.com/wp-login.php" "Mozilla/5.0 (Windows NT 10.0; Win64; x64; rv:120.0) Gecko/20100101 Firefox/120.0"
184.94.212.206 - - [28/Apr/2026:11:04:11 +0000] "POST /?wordfence_syncAttackData=1777374251.9711 HTTP/1.1" 200 - "-" "WordPress/6.9.4; https://www.wrinkledskinrepair.com"
168.144.95.241 - - [28/Apr/2026:11:04:13 +0000] "GET /wp-admin/edit.php HTTP/1.1" 503 7318 "https://wrinkledskinrepair.com/wp-login.php" "Mozilla/5.0 (Windows NT 10.0; Win64; x64; rv:120.0) Gecko/20100101 Firefox/120.0"
168.144.95.241 - - [28/Apr/2026:11:04:15 +0000] "GET /wp-admin/plugins.php HTTP/1.1" 503 7317 "https://wrinkledskinrepair.com/wp-login.php" "Mozilla/5.0 (Windows NT 10.0; Win64; x64; rv:120.0) Gecko/20100101 Firefox/120.0"
168.144.95.241 - - [28/Apr/2026:11:04:17 +0000] "POST /wp-login.php HTTP/1.1" 503 7118 "https://wrinkledskinrepair.com/wp-login.php" "Mozilla/5.0 (Macintosh; Intel Mac OS X 10_15_7; rv:120.0) Gecko/20100101 Firefox/120.0"
184.94.212.206 - - [28/Apr/2026:11:04:18 +0000] "POST /wp-cron.php?doing_wp_cron=1777374258.6227860450744628906250 HTTP/1.1" 200 - "-" "WordPress/6.9.4; https://www.wrinkledskinrepair.com"
54.39.210.172 - - [28/Apr/2026:11:04:17 +0000] "GET /tag/honey-mask/ HTTP/1.1" 200 48533 "-" "Mozilla/5.0 (compatible; AhrefsBot/7.0; +http://ahrefs.com/robot/)"
168.144.95.241 - - [28/Apr/2026:11:04:18 +0000] "GET /wp-admin/index.php HTTP/1.1" 503 7317 "https://wrinkledskinrepair.com/wp-login.php" "Mozilla/5.0 (Windows NT 11.0; Win64; x64) AppleWebKit/537.36 (KHTML, like Gecko) Chrome/119.0.0.0 Safari/537.36"
168.144.95.241 - - [28/Apr/2026:11:04:20 +0000] "GET /wp-admin/profile.php HTTP/1.1" 503 7317 "https://wrinkledskinrepair.com/wp-login.php" "Mozilla/5.0 (Windows NT 11.0; Win64; x64) AppleWebKit/537.36 (KHTML, like Gecko) Chrome/119.0.0.0 Safari/537.36"
168.144.95.241 - - [28/Apr/2026:11:04:21 +0000] "GET /wp-admin/edit.php HTTP/1.1" 503 7317 "https://wrinkledskinrepair.com/wp-login.php" "Mozilla/5.0 (Windows NT 11.0; Win64; x64) AppleWebKit/537.36 (KHTML, like Gecko) Chrome/119.0.0.0 Safari/537.36"
184.94.212.206 - - [28/Apr/2026:11:04:22 +0000] "POST /?wordfence_syncAttackData=1777374262.4589 HTTP/1.1" 200 - "-" "WordPress/6.9.4; https://www.wrinkledskinrepair.com"
168.144.95.241 - - [28/Apr/2026:11:04:24 +0000] "GET /wp-admin/plugins.php HTTP/1.1" 503 7317 "https://wrinkledskinrepair.com/wp-login.php" "Mozilla/5.0 (Windows NT 11.0; Win64; x64) AppleWebKit/537.36 (KHTML, like Gecko) Chrome/119.0.0.0 Safari/537.36"
168.144.95.241 - - [28/Apr/2026:11:04:26 +0000] "POST /wp-login.php HTTP/1.1" 503 7118 "https://wrinkledskinrepair.com/wp-login.php" "Mozilla/5.0 (Windows NT 11.0; Win64; x64; rv:118.0) Gecko/20100101 Firefox/118.0"
168.144.95.241 - - [28/Apr/2026:11:04:30 +0000] "GET /wp-admin/index.php HTTP/1.1" 503 7318 "https://wrinkledskinrepair.com/wp-login.php" "Mozilla/5.0 (Macintosh; Intel Mac OS X 13_6_1) AppleWebKit/537.36 (KHTML, like Gecko) Chrome/120.0.0.0 Safari/537.36"
168.144.95.241 - - [28/Apr/2026:11:04:32 +0000] "GET /wp-admin/profile.php HTTP/1.1" 503 7317 "https://wrinkledskinrepair.com/wp-login.php" "Mozilla/5.0 (Macintosh; Intel Mac OS X 13_6_1) AppleWebKit/537.36 (KHTML, like Gecko) Chrome/120.0.0.0 Safari/537.36"
184.94.212.206 - - [28/Apr/2026:11:04:33 +0000] "POST /?wordfence_syncAttackData=1777374273.13 HTTP/1.1" 200 - "-" "WordPress/6.9.4; https://www.wrinkledskinrepair.com"
168.144.95.241 - - [28/Apr/2026:11:04:34 +0000] "GET /wp-admin/edit.php HTTP/1.1" 503 7317 "https://wrinkledskinrepair.com/wp-login.php" "Mozilla/5.0 (Macintosh; Intel Mac OS X 13_6_1) AppleWebKit/537.36 (KHTML, like Gecko) Chrome/120.0.0.0 Safari/537.36"
20.0.53.108 - - [28/Apr/2026:11:04:35 +0000] "GET / HTTP/1.1" 301 - "-" "Mozilla/5.0 AppleWebKit/537.36 (KHTML, like Gecko); compatible; ChatGPT-User/1.0; +https://openai.com/bot"
20.0.53.104 - - [28/Apr/2026:11:04:37 +0000] "GET / HTTP/1.1" 200 47736 "-" "Mozilla/5.0 AppleWebKit/537.36 (KHTML, like Gecko); compatible; ChatGPT-User/1.0; +https://openai.com/bot"
216.73.216.121 - - [28/Apr/2026:11:04:37 +0000] "GET / HTTP/1.1" 200 47736 "-" "Mozilla/5.0 AppleWebKit/537.36 (KHTML, like Gecko; compatible; ClaudeBot/1.0; +claudebot@anthropic.com)"
168.144.95.241 - - [28/Apr/2026:11:04:40 +0000] "GET /wp-admin/plugins.php HTTP/1.1" 503 7317 "https://wrinkledskinrepair.com/wp-login.php" "Mozilla/5.0 (Macintosh; Intel Mac OS X 13_6_1) AppleWebKit/537.36 (KHTML, like Gecko) Chrome/120.0.0.0 Safari/537.36"
168.144.95.241 - - [28/Apr/2026:11:04:42 +0000] "POST /wp-login.php HTTP/1.1" 503 7118 "https://wrinkledskinrepair.com/wp-login.php" "Mozilla/5.0 (Macintosh; Intel Mac OS X 13_6_1) AppleWebKit/537.36 (KHTML, like Gecko) Chrome/120.0.0.0 Safari/537.36"
184.94.212.206 - - [28/Apr/2026:11:04:42 +0000] "POST /wp-cron.php?doing_wp_cron=1777374282.5210289955139160156250 HTTP/1.1" 200 - "-" "WordPress/6.9.4; https://www.wrinkledskinrepair.com"
114.119.144.64 - - [28/Apr/2026:11:04:41 +0000] "GET /2020/05/20/avoid-skin-issues-with-these-easy-tips?share=x HTTP/1.1" 302 - "https://www.wrinkledskinrepair.com/2020/05/20/avoid-skin-issues-with-these-easy-tips" "Mozilla/5.0 (Linux; Android 7.0;) AppleWebKit/537.36 (HTML, like Gecko) Mobile Safari/537.36 (compatible; PetalBot;+https://webmaster.petalsearch.com/site/petalbot)"
184.94.212.206 - - [28/Apr/2026:11:04:43 +0000] "POST /?wordfence_syncAttackData=1777374283.3595 HTTP/1.1" 200 - "-" "WordPress/6.9.4; https://www.wrinkledskinrepair.com"
168.144.95.241 - - [28/Apr/2026:11:04:43 +0000] "GET /wp-admin/index.php HTTP/1.1" 503 7318 "https://wrinkledskinrepair.com/wp-login.php" "Mozilla/5.0 (Windows NT 11.0; Win64; x64) AppleWebKit/537.36 (KHTML, like Gecko) Chrome/118.0.0.0 Safari/537.36"
184.94.212.206 - - [28/Apr/2026:11:04:43 +0000] "POST /?wordfence_syncAttackData=1777374283.761 HTTP/1.1" 200 47770 "-" "WordPress/6.9.4; https://www.wrinkledskinrepair.com"
168.144.95.241 - - [28/Apr/2026:11:04:45 +0000] "GET /wp-admin/profile.php HTTP/1.1" 503 7318 "https://wrinkledskinrepair.com/wp-login.php" "Mozilla/5.0 (Windows NT 11.0; Win64; x64) AppleWebKit/537.36 (KHTML, like Gecko) Chrome/118.0.0.0 Safari/537.36"
168.144.95.241 - - [28/Apr/2026:11:04:47 +0000] "GET /wp-admin/edit.php HTTP/1.1" 503 7317 "https://wrinkledskinrepair.com/wp-login.php" "Mozilla/5.0 (Windows NT 11.0; Win64; x64) AppleWebKit/537.36 (KHTML, like Gecko) Chrome/118.0.0.0 Safari/537.36"
168.144.95.241 - - [28/Apr/2026:11:04:49 +0000] "GET /wp-admin/plugins.php HTTP/1.1" 503 7318 "https://wrinkledskinrepair.com/wp-login.php" "Mozilla/5.0 (Windows NT 11.0; Win64; x64) AppleWebKit/537.36 (KHTML, like Gecko) Chrome/118.0.0.0 Safari/537.36"
168.144.95.241 - - [28/Apr/2026:11:04:51 +0000] "POST /wp-login.php HTTP/1.1" 503 7118 "https://wrinkledskinrepair.com/wp-login.php" "Mozilla/5.0 (Macintosh; Intel Mac OS X 10_15_7) AppleWebKit/537.36 (KHTML, like Gecko) Chrome/121.0.0.0 Safari/537.36"
168.144.95.241 - - [28/Apr/2026:11:04:52 +0000] "GET /wp-admin/index.php HTTP/1.1" 503 7317 "https://wrinkledskinrepair.com/wp-login.php" "Mozilla/5.0 (Macintosh; Intel Mac OS X 10_15_7; rv:119.0) Gecko/20100101 Firefox/119.0"
184.94.212.206 - - [28/Apr/2026:11:04:53 +0000] "POST /?wordfence_syncAttackData=1777374293.0618 HTTP/1.1" 200 - "-" "WordPress/6.9.4; https://www.wrinkledskinrepair.com"
168.144.95.241 - - [28/Apr/2026:11:04:55 +0000] "GET /wp-admin/profile.php HTTP/1.1" 503 7317 "https://wrinkledskinrepair.com/wp-login.php" "Mozilla/5.0 (Macintosh; Intel Mac OS X 10_15_7; rv:119.0) Gecko/20100101 Firefox/119.0"
168.144.95.241 - - [28/Apr/2026:11:04:57 +0000] "GET /wp-admin/edit.php HTTP/1.1" 503 7317 "https://wrinkledskinrepair.com/wp-login.php" "Mozilla/5.0 (Macintosh; Intel Mac OS X 10_15_7; rv:119.0) Gecko/20100101 Firefox/119.0"
168.144.95.241 - - [28/Apr/2026:11:04:59 +0000] "GET /wp-admin/plugins.php HTTP/1.1" 503 7317 "https://wrinkledskinrepair.com/wp-login.php" "Mozilla/5.0 (Macintosh; Intel Mac OS X 10_15_7; rv:119.0) Gecko/20100101 Firefox/119.0"
168.144.95.241 - - [28/Apr/2026:11:05:02 +0000] "POST /wp-login.php HTTP/1.1" 503 7118 "https://wrinkledskinrepair.com/wp-login.php" "Mozilla/5.0 (Macintosh; Intel Mac OS X 13_6_1) AppleWebKit/605.1.15 (KHTML, like Gecko) Version/17.1 Safari/605.1.15"
168.144.95.241 - - [28/Apr/2026:11:05:03 +0000] "GET /wp-admin/index.php HTTP/1.1" 503 7317 "https://wrinkledskinrepair.com/wp-login.php" "Mozilla/5.0 (Windows NT 11.0; Win64; x64) AppleWebKit/537.36 (KHTML, like Gecko) Chrome/121.0.0.0 Safari/537.36"
184.94.212.206 - - [28/Apr/2026:11:05:04 +0000] "POST /?wordfence_syncAttackData=1777374304.8987 HTTP/1.1" 200 - "-" "WordPress/6.9.4; https://www.wrinkledskinrepair.com"
168.144.95.241 - - [28/Apr/2026:11:05:07 +0000] "GET /wp-admin/profile.php HTTP/1.1" 503 7317 "https://wrinkledskinrepair.com/wp-login.php" "Mozilla/5.0 (Windows NT 11.0; Win64; x64) AppleWebKit/537.36 (KHTML, like Gecko) Chrome/121.0.0.0 Safari/537.36"
168.144.95.241 - - [28/Apr/2026:11:05:09 +0000] "GET /wp-admin/edit.php HTTP/1.1" 503 7317 "https://wrinkledskinrepair.com/wp-login.php" "Mozilla/5.0 (Windows NT 11.0; Win64; x64) AppleWebKit/537.36 (KHTML, like Gecko) Chrome/121.0.0.0 Safari/537.36"
168.144.95.241 - - [28/Apr/2026:11:05:11 +0000] "GET /wp-admin/plugins.php HTTP/1.1" 503 7317 "https://wrinkledskinrepair.com/wp-login.php" "Mozilla/5.0 (Windows NT 11.0; Win64; x64) AppleWebKit/537.36 (KHTML, like Gecko) Chrome/121.0.0.0 Safari/537.36"
168.144.95.241 - - [28/Apr/2026:11:05:13 +0000] "POST /wp-login.php HTTP/1.1" 503 7120 "https://wrinkledskinrepair.com/wp-login.php" "Mozilla/5.0 (X11; Ubuntu; Linux x86_64) AppleWebKit/537.36 (KHTML, like Gecko) Chrome/119.0.0.0 Safari/537.36"
34.6.200.184 - - [28/Apr/2026:11:05:13 +0000] "GET /robots.txt HTTP/1.1" 200 127 "-" "Python/3.12 aiohttp/3.11.11"
168.144.95.241 - - [28/Apr/2026:11:05:14 +0000] "GET /wp-admin/index.php HTTP/1.1" 503 7317 "https://wrinkledskinrepair.com/wp-login.php" "Mozilla/5.0 (Macintosh; Intel Mac OS X 10_15_7; rv:118.0) Gecko/20100101 Firefox/118.0"
184.94.212.206 - - [28/Apr/2026:11:05:15 +0000] "POST /?wordfence_syncAttackData=1777374315.16 HTTP/1.1" 200 - "-" "WordPress/6.9.4; https://www.wrinkledskinrepair.com"
168.144.95.241 - - [28/Apr/2026:11:05:17 +0000] "GET /wp-admin/profile.php HTTP/1.1" 503 7317 "https://wrinkledskinrepair.com/wp-login.php" "Mozilla/5.0 (Macintosh; Intel Mac OS X 10_15_7; rv:118.0) Gecko/20100101 Firefox/118.0"
168.144.95.241 - - [28/Apr/2026:11:05:19 +0000] "GET /wp-admin/edit.php HTTP/1.1" 503 7317 "https://wrinkledskinrepair.com/wp-login.php" "Mozilla/5.0 (Macintosh; Intel Mac OS X 10_15_7; rv:118.0) Gecko/20100101 Firefox/118.0"
168.144.95.241 - - [28/Apr/2026:11:05:20 +0000] "GET /wp-admin/plugins.php HTTP/1.1" 503 7318 "https://wrinkledskinrepair.com/wp-login.php" "Mozilla/5.0 (Macintosh; Intel Mac OS X 10_15_7; rv:118.0) Gecko/20100101 Firefox/118.0"
168.144.95.241 - - [28/Apr/2026:11:05:22 +0000] "POST /wp-login.php HTTP/1.1" 503 7118 "https://wrinkledskinrepair.com/wp-login.php" "Mozilla/5.0 (X11; Ubuntu; Linux x86_64) AppleWebKit/537.36 (KHTML, like Gecko) Chrome/118.0.0.0 Safari/537.36"
168.144.95.241 - - [28/Apr/2026:11:05:23 +0000] "GET /wp-admin/index.php HTTP/1.1" 503 7317 "https://wrinkledskinrepair.com/wp-login.php" "Mozilla/5.0 (Macintosh; Intel Mac OS X 13_6_1) AppleWebKit/537.36 (KHTML, like Gecko) Chrome/119.0.0.0 Safari/537.36"
168.144.95.241 - - [28/Apr/2026:11:05:28 +0000] "GET /wp-admin/profile.php HTTP/1.1" 503 7317 "https://wrinkledskinrepair.com/wp-login.php" "Mozilla/5.0 (Macintosh; Intel Mac OS X 13_6_1) AppleWebKit/537.36 (KHTML, like Gecko) Chrome/119.0.0.0 Safari/537.36"
184.94.212.206 - - [28/Apr/2026:11:05:31 +0000] "POST /wp-cron.php?doing_wp_cron=1777374331.1983859539031982421875 HTTP/1.1" 200 - "-" "WordPress/6.9.4; https://www.wrinkledskinrepair.com"
184.94.212.206 - - [28/Apr/2026:11:05:29 +0000] "POST /?wordfence_syncAttackData=1777374329.9541 HTTP/1.1" 200 - "-" "WordPress/6.9.4; https://www.wrinkledskinrepair.com"
168.144.95.241 - - [28/Apr/2026:11:05:34 +0000] "GET /wp-admin/edit.php HTTP/1.1" 503 7317 "https://wrinkledskinrepair.com/wp-login.php" "Mozilla/5.0 (Macintosh; Intel Mac OS X 13_6_1) AppleWebKit/537.36 (KHTML, like Gecko) Chrome/119.0.0.0 Safari/537.36"
168.144.95.241 - - [28/Apr/2026:11:05:36 +0000] "GET /wp-admin/plugins.php HTTP/1.1" 503 7318 "https://wrinkledskinrepair.com/wp-login.php" "Mozilla/5.0 (Macintosh; Intel Mac OS X 13_6_1) AppleWebKit/537.36 (KHTML, like Gecko) Chrome/119.0.0.0 Safari/537.36"
168.144.95.241 - - [28/Apr/2026:11:05:39 +0000] "POST /wp-login.php HTTP/1.1" 503 7118 "https://wrinkledskinrepair.com/wp-login.php" "Mozilla/5.0 (X11; Linux x86_64) AppleWebKit/537.36 (KHTML, like Gecko) Chrome/119.0.0.0 Safari/537.36"
168.144.95.241 - - [28/Apr/2026:11:05:39 +0000] "GET /wp-admin/index.php HTTP/1.1" 503 7317 "https://wrinkledskinrepair.com/wp-login.php" "Mozilla/5.0 (Macintosh; Intel Mac OS X 13_6_1; rv:118.0) Gecko/20100101 Firefox/118.0"
184.94.212.206 - - [28/Apr/2026:11:05:40 +0000] "POST /?wordfence_syncAttackData=1777374340.786 HTTP/1.1" 200 - "-" "WordPress/6.9.4; https://www.wrinkledskinrepair.com"
168.144.95.241 - - [28/Apr/2026:11:05:42 +0000] "GET /wp-admin/profile.php HTTP/1.1" 503 7317 "https://wrinkledskinrepair.com/wp-login.php" "Mozilla/5.0 (Macintosh; Intel Mac OS X 13_6_1; rv:118.0) Gecko/20100101 Firefox/118.0"
168.144.95.241 - - [28/Apr/2026:11:05:44 +0000] "GET /wp-admin/edit.php HTTP/1.1" 503 7317 "https://wrinkledskinrepair.com/wp-login.php" "Mozilla/5.0 (Macintosh; Intel Mac OS X 13_6_1; rv:118.0) Gecko/20100101 Firefox/118.0"
168.144.95.241 - - [28/Apr/2026:11:05:46 +0000] "GET /wp-admin/plugins.php HTTP/1.1" 503 7318 "https://wrinkledskinrepair.com/wp-login.php" "Mozilla/5.0 (Macintosh; Intel Mac OS X 13_6_1; rv:118.0) Gecko/20100101 Firefox/118.0"
168.144.95.241 - - [28/Apr/2026:11:05:47 +0000] "POST /wp-login.php HTTP/1.1" 503 7118 "https://wrinkledskinrepair.com/wp-login.php" "Mozilla/5.0 (Macintosh; Intel Mac OS X 10_15_7) AppleWebKit/605.1.15 (KHTML, like Gecko) Version/17.0 Safari/605.1.15"
40.67.183.166 - - [28/Apr/2026:11:05:48 +0000] "GET / HTTP/1.1" 301 - "-" "Mozilla/5.0 AppleWebKit/537.36 (KHTML, like Gecko); compatible; ChatGPT-User/1.0; +https://openai.com/bot"
168.144.95.241 - - [28/Apr/2026:11:05:48 +0000] "GET /wp-admin/index.php HTTP/1.1" 503 7317 "https://wrinkledskinrepair.com/wp-login.php" "Mozilla/5.0 (X11; Linux x86_64) AppleWebKit/537.36 (KHTML, like Gecko) Chrome/118.0.0.0 Safari/537.36"
168.144.95.241 - - [28/Apr/2026:11:05:50 +0000] "GET /wp-admin/profile.php HTTP/1.1" 503 7317 "https://wrinkledskinrepair.com/wp-login.php" "Mozilla/5.0 (X11; Linux x86_64) AppleWebKit/537.36 (KHTML, like Gecko) Chrome/118.0.0.0 Safari/537.36"
184.94.212.206 - - [28/Apr/2026:11:05:50 +0000] "POST /?wordfence_syncAttackData=1777374350.2547 HTTP/1.1" 200 - "-" "WordPress/6.9.4; https://www.wrinkledskinrepair.com"
40.67.183.171 - - [28/Apr/2026:11:05:49 +0000] "GET / HTTP/1.1" 200 47736 "-" "Mozilla/5.0 AppleWebKit/537.36 (KHTML, like Gecko); compatible; ChatGPT-User/1.0; +https://openai.com/bot"
168.144.95.241 - - [28/Apr/2026:11:05:52 +0000] "GET /wp-admin/edit.php HTTP/1.1" 503 7317 "https://wrinkledskinrepair.com/wp-login.php" "Mozilla/5.0 (X11; Linux x86_64) AppleWebKit/537.36 (KHTML, like Gecko) Chrome/118.0.0.0 Safari/537.36"
168.144.95.241 - - [28/Apr/2026:11:05:54 +0000] "GET /wp-admin/plugins.php HTTP/1.1" 503 7317 "https://wrinkledskinrepair.com/wp-login.php" "Mozilla/5.0 (X11; Linux x86_64) AppleWebKit/537.36 (KHTML, like Gecko) Chrome/118.0.0.0 Safari/537.36"
168.144.95.241 - - [28/Apr/2026:11:05:56 +0000] "POST /wp-login.php HTTP/1.1" 503 7118 "https://wrinkledskinrepair.com/wp-login.php" "Mozilla/5.0 (Macintosh; Intel Mac OS X 13_6_1) AppleWebKit/605.1.15 (KHTML, like Gecko) Version/17.2 Safari/605.1.15"
168.144.95.241 - - [28/Apr/2026:11:05:57 +0000] "GET /wp-admin/index.php HTTP/1.1" 503 7317 "https://wrinkledskinrepair.com/wp-login.php" "Mozilla/5.0 (Macintosh; Intel Mac OS X 13_6_1) AppleWebKit/605.1.15 (KHTML, like Gecko) Version/17.2 Safari/605.1.15"
168.144.95.241 - - [28/Apr/2026:11:05:58 +0000] "GET /wp-admin/profile.php HTTP/1.1" 503 7317 "https://wrinkledskinrepair.com/wp-login.php" "Mozilla/5.0 (Macintosh; Intel Mac OS X 13_6_1) AppleWebKit/605.1.15 (KHTML, like Gecko) Version/17.2 Safari/605.1.15"
168.144.95.241 - - [28/Apr/2026:11:06:00 +0000] "GET /wp-admin/edit.php HTTP/1.1" 503 7316 "https://wrinkledskinrepair.com/wp-login.php" "Mozilla/5.0 (Macintosh; Intel Mac OS X 13_6_1) AppleWebKit/605.1.15 (KHTML, like Gecko) Version/17.2 Safari/605.1.15"
184.94.212.206 - - [28/Apr/2026:11:06:06 +0000] "POST /wp-cron.php?doing_wp_cron=1777374366.7332060337066650390625 HTTP/1.1" 200 - "-" "WordPress/6.9.4; https://www.wrinkledskinrepair.com"
184.94.212.206 - - [28/Apr/2026:11:06:01 +0000] "POST /?wordfence_syncAttackData=1777374361.5549 HTTP/1.1" 200 - "-" "WordPress/6.9.4; https://www.wrinkledskinrepair.com"
168.144.95.241 - - [28/Apr/2026:11:06:09 +0000] "GET /wp-admin/plugins.php HTTP/1.1" 503 7317 "https://wrinkledskinrepair.com/wp-login.php" "Mozilla/5.0 (Macintosh; Intel Mac OS X 13_6_1) AppleWebKit/605.1.15 (KHTML, like Gecko) Version/17.2 Safari/605.1.15"
168.144.95.241 - - [28/Apr/2026:11:06:10 +0000] "POST /wp-login.php HTTP/1.1" 503 7118 "https://wrinkledskinrepair.com/wp-login.php" "Mozilla/5.0 (X11; Ubuntu; Linux x86_64) AppleWebKit/537.36 (KHTML, like Gecko) Chrome/118.0.0.0 Safari/537.36"
168.144.95.241 - - [28/Apr/2026:11:06:11 +0000] "GET /wp-admin/index.php HTTP/1.1" 503 7317 "https://wrinkledskinrepair.com/wp-login.php" "Mozilla/5.0 (Windows NT 10.0; Win64; x64; rv:120.0) Gecko/20100101 Firefox/120.0"
168.144.95.241 - - [28/Apr/2026:11:06:14 +0000] "GET /wp-admin/profile.php HTTP/1.1" 503 7317 "https://wrinkledskinrepair.com/wp-login.php" "Mozilla/5.0 (Windows NT 10.0; Win64; x64; rv:120.0) Gecko/20100101 Firefox/120.0"
184.94.212.206 - - [28/Apr/2026:11:06:16 +0000] "POST /wp-cron.php?doing_wp_cron=1777374376.6846570968627929687500 HTTP/1.1" 200 - "-" "WordPress/6.9.4; https://www.wrinkledskinrepair.com"
184.94.212.206 - - [28/Apr/2026:11:06:15 +0000] "POST /?wordfence_syncAttackData=1777374375.3217 HTTP/1.1" 200 - "-" "WordPress/6.9.4; https://www.wrinkledskinrepair.com"
168.144.95.241 - - [28/Apr/2026:11:06:17 +0000] "GET /wp-admin/edit.php HTTP/1.1" 503 7317 "https://wrinkledskinrepair.com/wp-login.php" "Mozilla/5.0 (Windows NT 10.0; Win64; x64; rv:120.0) Gecko/20100101 Firefox/120.0"
168.144.95.241 - - [28/Apr/2026:11:06:19 +0000] "GET /wp-admin/plugins.php HTTP/1.1" 503 7317 "https://wrinkledskinrepair.com/wp-login.php" "Mozilla/5.0 (Windows NT 10.0; Win64; x64; rv:120.0) Gecko/20100101 Firefox/120.0"
168.144.95.241 - - [28/Apr/2026:11:06:20 +0000] "POST /wp-login.php HTTP/1.1" 503 7118 "https://wrinkledskinrepair.com/wp-login.php" "Mozilla/5.0 (Macintosh; Intel Mac OS X 13_6_1; rv:121.0) Gecko/20100101 Firefox/121.0"
168.144.95.241 - - [28/Apr/2026:11:06:26 +0000] "GET /wp-admin/index.php HTTP/1.1" 503 7318 "https://wrinkledskinrepair.com/wp-login.php" "Mozilla/5.0 (Macintosh; Intel Mac OS X 13_6_1; rv:120.0) Gecko/20100101 Firefox/120.0"
184.94.212.206 - - [28/Apr/2026:11:06:27 +0000] "POST /?wordfence_syncAttackData=1777374387.48 HTTP/1.1" 200 - "-" "WordPress/6.9.4; https://www.wrinkledskinrepair.com"
168.144.95.241 - - [28/Apr/2026:11:06:32 +0000] "GET /wp-admin/profile.php HTTP/1.1" 503 7317 "https://wrinkledskinrepair.com/wp-login.php" "Mozilla/5.0 (Macintosh; Intel Mac OS X 13_6_1; rv:120.0) Gecko/20100101 Firefox/120.0"
168.144.95.241 - - [28/Apr/2026:11:06:37 +0000] "GET /wp-admin/edit.php HTTP/1.1" 503 7317 "https://wrinkledskinrepair.com/wp-login.php" "Mozilla/5.0 (Macintosh; Intel Mac OS X 13_6_1; rv:120.0) Gecko/20100101 Firefox/120.0"
168.144.95.241 - - [28/Apr/2026:11:06:40 +0000] "GET /wp-admin/plugins.php HTTP/1.1" 503 7317 "https://wrinkledskinrepair.com/wp-login.php" "Mozilla/5.0 (Macintosh; Intel Mac OS X 13_6_1; rv:120.0) Gecko/20100101 Firefox/120.0"
168.144.95.241 - - [28/Apr/2026:11:06:42 +0000] "POST /wp-login.php HTTP/1.1" 503 7118 "https://wrinkledskinrepair.com/wp-login.php" "Mozilla/5.0 (Macintosh; Intel Mac OS X 13_6_1) AppleWebKit/605.1.15 (KHTML, like Gecko) Version/17.1 Safari/605.1.15"
168.144.95.241 - - [28/Apr/2026:11:06:43 +0000] "GET /wp-admin/index.php HTTP/1.1" 503 7317 "https://wrinkledskinrepair.com/wp-login.php" "Mozilla/5.0 (X11; Linux x86_64) AppleWebKit/537.36 (KHTML, like Gecko) Chrome/119.0.0.0 Safari/537.36"
184.94.212.206 - - [28/Apr/2026:11:06:44 +0000] "POST /?wordfence_syncAttackData=1777374404.0661 HTTP/1.1" 200 - "-" "WordPress/6.9.4; https://www.wrinkledskinrepair.com"
168.144.95.241 - - [28/Apr/2026:11:06:46 +0000] "GET /wp-admin/profile.php HTTP/1.1" 503 7318 "https://wrinkledskinrepair.com/wp-login.php" "Mozilla/5.0 (X11; Linux x86_64) AppleWebKit/537.36 (KHTML, like Gecko) Chrome/119.0.0.0 Safari/537.36"
168.144.95.241 - - [28/Apr/2026:11:06:51 +0000] "GET /wp-admin/edit.php HTTP/1.1" 503 7317 "https://wrinkledskinrepair.com/wp-login.php" "Mozilla/5.0 (X11; Linux x86_64) AppleWebKit/537.36 (KHTML, like Gecko) Chrome/119.0.0.0 Safari/537.36"
168.144.95.241 - - [28/Apr/2026:11:06:57 +0000] "GET /wp-admin/plugins.php HTTP/1.1" 503 7317 "https://wrinkledskinrepair.com/wp-login.php" "Mozilla/5.0 (X11; Linux x86_64) AppleWebKit/537.36 (KHTML, like Gecko) Chrome/119.0.0.0 Safari/537.36"
168.144.95.241 - - [28/Apr/2026:11:06:58 +0000] "POST /wp-login.php HTTP/1.1" 503 7118 "https://wrinkledskinrepair.com/wp-login.php" "Mozilla/5.0 (Macintosh; Intel Mac OS X 10_15_7; rv:118.0) Gecko/20100101 Firefox/118.0"
168.144.95.241 - - [28/Apr/2026:11:06:59 +0000] "GET /wp-admin/index.php HTTP/1.1" 503 7317 "https://wrinkledskinrepair.com/wp-login.php" "Mozilla/5.0 (Windows NT 10.0; Win64; x64; rv:119.0) Gecko/20100101 Firefox/119.0"
184.94.212.206 - - [28/Apr/2026:11:07:02 +0000] "POST /wp-cron.php?doing_wp_cron=1777374422.5749809741973876953125 HTTP/1.1" 200 - "-" "WordPress/6.9.4; https://www.wrinkledskinrepair.com"
57.141.18.52 - - [28/Apr/2026:11:07:00 +0000] "GET /tag/dry-legs/ HTTP/1.1" 200 151993 "-" "meta-externalagent/1.1 (+https://developers.facebook.com/docs/sharing/webmasters/crawler)"
184.94.212.206 - - [28/Apr/2026:11:07:00 +0000] "POST /?wordfence_syncAttackData=1777374420.7966 HTTP/1.1" 200 - "-" "WordPress/6.9.4; https://www.wrinkledskinrepair.com"
184.94.212.206 - - [28/Apr/2026:11:07:00 +0000] "POST /?wordfence_syncAttackData=1777374420.941 HTTP/1.1" 200 47770 "-" "WordPress/6.9.4; https://www.wrinkledskinrepair.com"
168.144.95.241 - - [28/Apr/2026:11:07:02 +0000] "GET /wp-admin/profile.php HTTP/1.1" 503 7318 "https://wrinkledskinrepair.com/wp-login.php" "Mozilla/5.0 (Windows NT 10.0; Win64; x64; rv:119.0) Gecko/20100101 Firefox/119.0"
168.144.95.241 - - [28/Apr/2026:11:07:04 +0000] "GET /wp-admin/edit.php HTTP/1.1" 503 7317 "https://wrinkledskinrepair.com/wp-login.php" "Mozilla/5.0 (Windows NT 10.0; Win64; x64; rv:119.0) Gecko/20100101 Firefox/119.0"
168.144.95.241 - - [28/Apr/2026:11:07:06 +0000] "GET /wp-admin/plugins.php HTTP/1.1" 503 7317 "https://wrinkledskinrepair.com/wp-login.php" "Mozilla/5.0 (Windows NT 10.0; Win64; x64; rv:119.0) Gecko/20100101 Firefox/119.0"
168.144.95.241 - - [28/Apr/2026:11:07:08 +0000] "POST /wp-login.php HTTP/1.1" 503 7118 "https://wrinkledskinrepair.com/wp-login.php" "Mozilla/5.0 (X11; Linux x86_64) AppleWebKit/537.36 (KHTML, like Gecko) Chrome/120.0.0.0 Safari/537.36"
184.94.212.206 - - [28/Apr/2026:11:07:15 +0000] "POST /wp-cron.php?doing_wp_cron=1777374435.1623589992523193359375 HTTP/1.1" 200 - "-" "WordPress/6.9.4; https://www.wrinkledskinrepair.com"
14.169.98.217 - - [28/Apr/2026:11:07:13 +0000] "GET / HTTP/1.1" 301 - "-" "Mozilla/5.0 (Macintosh; Intel Mac OS X 10_15_6) AppleWebKit/537.36 (KHTML, like Gecko) Brave Chrome/84.0.4147.125 Safari/537.36"
168.144.95.241 - - [28/Apr/2026:11:07:09 +0000] "GET /wp-admin/index.php HTTP/1.1" 503 7317 "https://wrinkledskinrepair.com/wp-login.php" "Mozilla/5.0 (Macintosh; Intel Mac OS X 10_15_7; rv:120.0) Gecko/20100101 Firefox/120.0"
184.94.212.206 - - [28/Apr/2026:11:07:18 +0000] "POST /wp-cron.php?doing_wp_cron=1777374438.6034359931945800781250 HTTP/1.1" 200 - "-" "WordPress/6.9.4; https://www.wrinkledskinrepair.com"
184.94.212.206 - - [28/Apr/2026:11:07:13 +0000] "POST /?wordfence_syncAttackData=1777374433.7627 HTTP/1.1" 200 - "-" "WordPress/6.9.4; https://www.wrinkledskinrepair.com"
168.144.95.241 - - [28/Apr/2026:11:07:18 +0000] "GET /wp-admin/profile.php HTTP/1.1" 503 7317 "https://wrinkledskinrepair.com/wp-login.php" "Mozilla/5.0 (Macintosh; Intel Mac OS X 10_15_7; rv:120.0) Gecko/20100101 Firefox/120.0"
168.144.95.241 - - [28/Apr/2026:11:07:19 +0000] "GET /wp-admin/edit.php HTTP/1.1" 503 7317 "https://wrinkledskinrepair.com/wp-login.php" "Mozilla/5.0 (Macintosh; Intel Mac OS X 10_15_7; rv:120.0) Gecko/20100101 Firefox/120.0"
168.144.95.241 - - [28/Apr/2026:11:07:21 +0000] "GET /wp-admin/plugins.php HTTP/1.1" 503 7318 "https://wrinkledskinrepair.com/wp-login.php" "Mozilla/5.0 (Macintosh; Intel Mac OS X 10_15_7; rv:120.0) Gecko/20100101 Firefox/120.0"
168.144.95.241 - - [28/Apr/2026:11:07:23 +0000] "POST /wp-login.php HTTP/1.1" 503 7118 "https://wrinkledskinrepair.com/wp-login.php" "Mozilla/5.0 (Windows NT 10.0; Win64; x64; rv:120.0) Gecko/20100101 Firefox/120.0"
168.144.95.241 - - [28/Apr/2026:11:07:24 +0000] "GET /wp-admin/index.php HTTP/1.1" 503 7317 "https://wrinkledskinrepair.com/wp-login.php" "Mozilla/5.0 (Windows NT 10.0; Win64; x64) AppleWebKit/537.36 (KHTML, like Gecko) Chrome/119.0.0.0 Safari/537.36"
168.144.95.241 - - [28/Apr/2026:11:07:26 +0000] "GET /wp-admin/profile.php HTTP/1.1" 503 7317 "https://wrinkledskinrepair.com/wp-login.php" "Mozilla/5.0 (Windows NT 10.0; Win64; x64) AppleWebKit/537.36 (KHTML, like Gecko) Chrome/119.0.0.0 Safari/537.36"
168.144.95.241 - - [28/Apr/2026:11:07:28 +0000] "GET /wp-admin/edit.php HTTP/1.1" 503 7317 "https://wrinkledskinrepair.com/wp-login.php" "Mozilla/5.0 (Windows NT 10.0; Win64; x64) AppleWebKit/537.36 (KHTML, like Gecko) Chrome/119.0.0.0 Safari/537.36"
184.94.212.206 - - [28/Apr/2026:11:07:29 +0000] "POST /?wordfence_syncAttackData=1777374449.1694 HTTP/1.1" 200 - "-" "WordPress/6.9.4; https://www.wrinkledskinrepair.com"
168.144.95.241 - - [28/Apr/2026:11:07:31 +0000] "GET /wp-admin/plugins.php HTTP/1.1" 503 7317 "https://wrinkledskinrepair.com/wp-login.php" "Mozilla/5.0 (Windows NT 10.0; Win64; x64) AppleWebKit/537.36 (KHTML, like Gecko) Chrome/119.0.0.0 Safari/537.36"
168.144.95.241 - - [28/Apr/2026:11:07:33 +0000] "POST /wp-login.php HTTP/1.1" 503 7118 "https://wrinkledskinrepair.com/wp-login.php" "Mozilla/5.0 (Windows NT 11.0; Win64; x64; rv:118.0) Gecko/20100101 Firefox/118.0"
168.144.95.241 - - [28/Apr/2026:11:07:34 +0000] "GET /wp-admin/index.php HTTP/1.1" 503 7317 "https://wrinkledskinrepair.com/wp-login.php" "Mozilla/5.0 (Windows NT 11.0; Win64; x64; rv:120.0) Gecko/20100101 Firefox/120.0"
168.144.95.241 - - [28/Apr/2026:11:07:40 +0000] "GET /wp-admin/profile.php HTTP/1.1" 503 7317 "https://wrinkledskinrepair.com/wp-login.php" "Mozilla/5.0 (Windows NT 11.0; Win64; x64; rv:120.0) Gecko/20100101 Firefox/120.0"
184.94.212.206 - - [28/Apr/2026:11:07:41 +0000] "POST /?wordfence_syncAttackData=1777374461.6396 HTTP/1.1" 200 - "-" "WordPress/6.9.4; https://www.wrinkledskinrepair.com"
168.144.95.241 - - [28/Apr/2026:11:07:43 +0000] "GET /wp-admin/edit.php HTTP/1.1" 503 7318 "https://wrinkledskinrepair.com/wp-login.php" "Mozilla/5.0 (Windows NT 11.0; Win64; x64; rv:120.0) Gecko/20100101 Firefox/120.0"
168.144.95.241 - - [28/Apr/2026:11:07:45 +0000] "GET /wp-admin/plugins.php HTTP/1.1" 503 7318 "https://wrinkledskinrepair.com/wp-login.php" "Mozilla/5.0 (Windows NT 11.0; Win64; x64; rv:120.0) Gecko/20100101 Firefox/120.0"
168.144.95.241 - - [28/Apr/2026:11:07:47 +0000] "POST /wp-login.php HTTP/1.1" 503 7118 "https://wrinkledskinrepair.com/wp-login.php" "Mozilla/5.0 (Windows NT 11.0; Win64; x64) AppleWebKit/537.36 (KHTML, like Gecko) Chrome/121.0.0.0 Safari/537.36"
168.144.95.241 - - [28/Apr/2026:11:07:48 +0000] "GET /wp-admin/index.php HTTP/1.1" 503 7318 "https://wrinkledskinrepair.com/wp-login.php" "Mozilla/5.0 (Macintosh; Intel Mac OS X 10_15_7) AppleWebKit/605.1.15 (KHTML, like Gecko) Version/17.0 Safari/605.1.15"
168.144.95.241 - - [28/Apr/2026:11:07:54 +0000] "GET /wp-admin/profile.php HTTP/1.1" 503 7317 "https://wrinkledskinrepair.com/wp-login.php" "Mozilla/5.0 (Macintosh; Intel Mac OS X 10_15_7) AppleWebKit/605.1.15 (KHTML, like Gecko) Version/17.0 Safari/605.1.15"
184.94.212.206 - - [28/Apr/2026:11:07:56 +0000] "POST /wp-cron.php?doing_wp_cron=1777374476.8397030830383300781250 HTTP/1.1" 200 - "-" "WordPress/6.9.4; https://www.wrinkledskinrepair.com"
184.94.212.206 - - [28/Apr/2026:11:07:55 +0000] "POST /?wordfence_syncAttackData=1777374475.5538 HTTP/1.1" 200 - "-" "WordPress/6.9.4; https://www.wrinkledskinrepair.com"
114.119.145.116 - - [28/Apr/2026:11:07:56 +0000] "GET /2020/05/19/keep-your-skin-healthy-and-fresh-with-these-skin-care-tips?share=facebook HTTP/1.1" 302 - "https://www.wrinkledskinrepair.com/2020/05/19/keep-your-skin-healthy-and-fresh-with-these-skin-care-tips" "Mozilla/5.0 (Linux; Android 7.0;) AppleWebKit/537.36 (HTML, like Gecko) Mobile Safari/537.36 (compatible; PetalBot;+https://webmaster.petalsearch.com/site/petalbot)"
168.144.95.241 - - [28/Apr/2026:11:07:57 +0000] "GET /wp-admin/edit.php HTTP/1.1" 503 7317 "https://wrinkledskinrepair.com/wp-login.php" "Mozilla/5.0 (Macintosh; Intel Mac OS X 10_15_7) AppleWebKit/605.1.15 (KHTML, like Gecko) Version/17.0 Safari/605.1.15"
168.144.95.241 - - [28/Apr/2026:11:07:59 +0000] "GET /wp-admin/plugins.php HTTP/1.1" 503 7317 "https://wrinkledskinrepair.com/wp-login.php" "Mozilla/5.0 (Macintosh; Intel Mac OS X 10_15_7) AppleWebKit/605.1.15 (KHTML, like Gecko) Version/17.0 Safari/605.1.15"
168.144.95.241 - - [28/Apr/2026:11:08:01 +0000] "POST /wp-login.php HTTP/1.1" 503 7118 "https://wrinkledskinrepair.com/wp-login.php" "Mozilla/5.0 (Macintosh; Intel Mac OS X 10_15_7) AppleWebKit/537.36 (KHTML, like Gecko) Chrome/120.0.0.0 Safari/537.36"
168.144.95.241 - - [28/Apr/2026:11:08:02 +0000] "GET /wp-admin/index.php HTTP/1.1" 503 7317 "https://wrinkledskinrepair.com/wp-login.php" "Mozilla/5.0 (Windows NT 11.0; Win64; x64) AppleWebKit/537.36 (KHTML, like Gecko) Chrome/121.0.0.0 Safari/537.36"
168.144.95.241 - - [28/Apr/2026:11:08:04 +0000] "GET /wp-admin/profile.php HTTP/1.1" 503 7317 "https://wrinkledskinrepair.com/wp-login.php" "Mozilla/5.0 (Windows NT 11.0; Win64; x64) AppleWebKit/537.36 (KHTML, like Gecko) Chrome/121.0.0.0 Safari/537.36"
168.144.95.241 - - [28/Apr/2026:11:08:06 +0000] "GET /wp-admin/edit.php HTTP/1.1" 503 7317 "https://wrinkledskinrepair.com/wp-login.php" "Mozilla/5.0 (Windows NT 11.0; Win64; x64) AppleWebKit/537.36 (KHTML, like Gecko) Chrome/121.0.0.0 Safari/537.36"
184.94.212.206 - - [28/Apr/2026:11:08:11 +0000] "POST /wp-cron.php?doing_wp_cron=1777374491.1710889339447021484375 HTTP/1.1" 200 - "-" "WordPress/6.9.4; https://www.wrinkledskinrepair.com"
184.94.212.206 - - [28/Apr/2026:11:08:06 +0000] "POST /?wordfence_syncAttackData=1777374486.9035 HTTP/1.1" 200 - "-" "WordPress/6.9.4; https://www.wrinkledskinrepair.com"
168.144.95.241 - - [28/Apr/2026:11:08:12 +0000] "GET /wp-admin/plugins.php HTTP/1.1" 503 7317 "https://wrinkledskinrepair.com/wp-login.php" "Mozilla/5.0 (Windows NT 11.0; Win64; x64) AppleWebKit/537.36 (KHTML, like Gecko) Chrome/121.0.0.0 Safari/537.36"
168.144.95.241 - - [28/Apr/2026:11:08:13 +0000] "POST /wp-login.php HTTP/1.1" 503 7118 "https://wrinkledskinrepair.com/wp-login.php" "Mozilla/5.0 (Windows NT 11.0; Win64; x64; rv:121.0) Gecko/20100101 Firefox/121.0"
168.144.95.241 - - [28/Apr/2026:11:08:14 +0000] "GET /wp-admin/index.php HTTP/1.1" 503 7318 "https://wrinkledskinrepair.com/wp-login.php" "Mozilla/5.0 (Macintosh; Intel Mac OS X 13_6_1) AppleWebKit/537.36 (KHTML, like Gecko) Chrome/121.0.0.0 Safari/537.36"
168.144.95.241 - - [28/Apr/2026:11:08:16 +0000] "GET /wp-admin/profile.php HTTP/1.1" 503 7317 "https://wrinkledskinrepair.com/wp-login.php" "Mozilla/5.0 (Macintosh; Intel Mac OS X 13_6_1) AppleWebKit/537.36 (KHTML, like Gecko) Chrome/121.0.0.0 Safari/537.36"
168.144.95.241 - - [28/Apr/2026:11:08:18 +0000] "GET /wp-admin/edit.php HTTP/1.1" 503 7317 "https://wrinkledskinrepair.com/wp-login.php" "Mozilla/5.0 (Macintosh; Intel Mac OS X 13_6_1) AppleWebKit/537.36 (KHTML, like Gecko) Chrome/121.0.0.0 Safari/537.36"
168.144.95.241 - - [28/Apr/2026:11:08:19 +0000] "GET /wp-admin/plugins.php HTTP/1.1" 503 7318 "https://wrinkledskinrepair.com/wp-login.php" "Mozilla/5.0 (Macintosh; Intel Mac OS X 13_6_1) AppleWebKit/537.36 (KHTML, like Gecko) Chrome/121.0.0.0 Safari/537.36"
184.94.212.206 - - [28/Apr/2026:11:08:21 +0000] "POST /wp-cron.php?doing_wp_cron=1777374501.8097200393676757812500 HTTP/1.1" 200 - "-" "WordPress/6.9.4; https://www.wrinkledskinrepair.com"
184.94.212.206 - - [28/Apr/2026:11:08:20 +0000] "POST /?wordfence_syncAttackData=1777374500.5807 HTTP/1.1" 200 - "-" "WordPress/6.9.4; https://www.wrinkledskinrepair.com"
168.144.95.241 - - [28/Apr/2026:11:08:22 +0000] "POST /wp-login.php HTTP/1.1" 503 7118 "https://wrinkledskinrepair.com/wp-login.php" "Mozilla/5.0 (Windows NT 11.0; Win64; x64) AppleWebKit/537.36 (KHTML, like Gecko) Chrome/118.0.0.0 Safari/537.36"
168.144.95.241 - - [28/Apr/2026:11:08:23 +0000] "GET /wp-admin/index.php HTTP/1.1" 503 7317 "https://wrinkledskinrepair.com/wp-login.php" "Mozilla/5.0 (Macintosh; Intel Mac OS X 10_15_7; rv:121.0) Gecko/20100101 Firefox/121.0"
168.144.95.241 - - [28/Apr/2026:11:08:25 +0000] "GET /wp-admin/profile.php HTTP/1.1" 503 7317 "https://wrinkledskinrepair.com/wp-login.php" "Mozilla/5.0 (Macintosh; Intel Mac OS X 10_15_7; rv:121.0) Gecko/20100101 Firefox/121.0"
168.144.95.241 - - [28/Apr/2026:11:08:26 +0000] "GET /wp-admin/edit.php HTTP/1.1" 503 7317 "https://wrinkledskinrepair.com/wp-login.php" "Mozilla/5.0 (Macintosh; Intel Mac OS X 10_15_7; rv:121.0) Gecko/20100101 Firefox/121.0"
168.144.95.241 - - [28/Apr/2026:11:08:28 +0000] "GET /wp-admin/plugins.php HTTP/1.1" 503 7318 "https://wrinkledskinrepair.com/wp-login.php" "Mozilla/5.0 (Macintosh; Intel Mac OS X 10_15_7; rv:121.0) Gecko/20100101 Firefox/121.0"
168.144.95.241 - - [28/Apr/2026:11:08:30 +0000] "POST /wp-login.php HTTP/1.1" 503 7118 "https://wrinkledskinrepair.com/wp-login.php" "Mozilla/5.0 (Macintosh; Intel Mac OS X 10_15_7) AppleWebKit/537.36 (KHTML, like Gecko) Chrome/119.0.0.0 Safari/537.36"
168.144.95.241 - - [28/Apr/2026:11:08:31 +0000] "GET /wp-admin/index.php HTTP/1.1" 503 7317 "https://wrinkledskinrepair.com/wp-login.php" "Mozilla/5.0 (Macintosh; Intel Mac OS X 13_6_1) AppleWebKit/537.36 (KHTML, like Gecko) Chrome/121.0.0.0 Safari/537.36"
184.94.212.206 - - [28/Apr/2026:11:08:31 +0000] "POST /?wordfence_syncAttackData=1777374511.95 HTTP/1.1" 200 - "-" "WordPress/6.9.4; https://www.wrinkledskinrepair.com"
168.144.95.241 - - [28/Apr/2026:11:08:33 +0000] "GET /wp-admin/profile.php HTTP/1.1" 503 7317 "https://wrinkledskinrepair.com/wp-login.php" "Mozilla/5.0 (Macintosh; Intel Mac OS X 13_6_1) AppleWebKit/537.36 (KHTML, like Gecko) Chrome/121.0.0.0 Safari/537.36"
168.144.95.241 - - [28/Apr/2026:11:08:35 +0000] "GET /wp-admin/edit.php HTTP/1.1" 503 7317 "https://wrinkledskinrepair.com/wp-login.php" "Mozilla/5.0 (Macintosh; Intel Mac OS X 13_6_1) AppleWebKit/537.36 (KHTML, like Gecko) Chrome/121.0.0.0 Safari/537.36"
168.144.95.241 - - [28/Apr/2026:11:08:37 +0000] "GET /wp-admin/plugins.php HTTP/1.1" 503 7317 "https://wrinkledskinrepair.com/wp-login.php" "Mozilla/5.0 (Macintosh; Intel Mac OS X 13_6_1) AppleWebKit/537.36 (KHTML, like Gecko) Chrome/121.0.0.0 Safari/537.36"
168.144.95.241 - - [28/Apr/2026:11:08:38 +0000] "POST /wp-login.php HTTP/1.1" 503 7118 "https://wrinkledskinrepair.com/wp-login.php" "Mozilla/5.0 (Windows NT 11.0; Win64; x64; rv:119.0) Gecko/20100101 Firefox/119.0"
168.144.95.241 - - [28/Apr/2026:11:08:39 +0000] "GET /wp-admin/index.php HTTP/1.1" 503 7318 "https://wrinkledskinrepair.com/wp-login.php" "Mozilla/5.0 (Macintosh; Intel Mac OS X 10_15_7) AppleWebKit/605.1.15 (KHTML, like Gecko) Version/17.2 Safari/605.1.15"
168.144.95.241 - - [28/Apr/2026:11:08:41 +0000] "GET /wp-admin/profile.php HTTP/1.1" 503 7317 "https://wrinkledskinrepair.com/wp-login.php" "Mozilla/5.0 (Macintosh; Intel Mac OS X 10_15_7) AppleWebKit/605.1.15 (KHTML, like Gecko) Version/17.2 Safari/605.1.15"
184.94.212.206 - - [28/Apr/2026:11:08:43 +0000] "POST /wp-cron.php?doing_wp_cron=1777374523.3111350536346435546875 HTTP/1.1" 200 - "-" "WordPress/6.9.4; https://www.wrinkledskinrepair.com"
184.94.212.206 - - [28/Apr/2026:11:08:42 +0000] "POST /?wordfence_syncAttackData=1777374522.3232 HTTP/1.1" 200 - "-" "WordPress/6.9.4; https://www.wrinkledskinrepair.com"
168.144.95.241 - - [28/Apr/2026:11:08:44 +0000] "GET /wp-admin/edit.php HTTP/1.1" 503 7317 "https://wrinkledskinrepair.com/wp-login.php" "Mozilla/5.0 (Macintosh; Intel Mac OS X 10_15_7) AppleWebKit/605.1.15 (KHTML, like Gecko) Version/17.2 Safari/605.1.15"
168.144.95.241 - - [28/Apr/2026:11:08:45 +0000] "GET /wp-admin/plugins.php HTTP/1.1" 503 7318 "https://wrinkledskinrepair.com/wp-login.php" "Mozilla/5.0 (Macintosh; Intel Mac OS X 10_15_7) AppleWebKit/605.1.15 (KHTML, like Gecko) Version/17.2 Safari/605.1.15"
192.0.102.146 - - [28/Apr/2026:11:09:04 +0000] "HEAD / HTTP/1.1" 200 - "-" "jetmon/1.0 (Jetpack Site Uptime Monitor by WordPress.com)"
184.94.212.206 - - [28/Apr/2026:11:10:09 +0000] "POST /wp-cron.php?doing_wp_cron=1777374609.6028580665588378906250 HTTP/1.1" 200 - "-" "WordPress/6.9.4; https://www.wrinkledskinrepair.com"
85.208.96.208 - - [28/Apr/2026:11:10:07 +0000] "GET /2018/07/18/be-successful-with-your-skin-care/ HTTP/1.1" 200 52996 "-" "Mozilla/5.0 (compatible; SemrushBot/7~bl; +http://www.semrush.com/bot.html)"
184.94.212.206 - - [28/Apr/2026:11:11:04 +0000] "POST /wp-cron.php?doing_wp_cron=1777374664.7480080127716064453125 HTTP/1.1" 200 - "-" "WordPress/6.9.4; https://www.wrinkledskinrepair.com"
57.141.18.60 - - [28/Apr/2026:11:11:03 +0000] "GET /2019/05/27/follow-this-advice-to-achieve-the-best-skin-possible-3/ HTTP/1.1" 200 187094 "-" "meta-externalagent/1.1 (+https://developers.facebook.com/docs/sharing/webmasters/crawler)"
114.119.146.179 - - [28/Apr/2026:11:11:03 +0000] "GET /2020/05/17/the-best-skin-care-advice-you-will-ever-need?share=twitter HTTP/1.1" 302 - "-" "Mozilla/5.0 (Linux; Android 7.0;) AppleWebKit/537.36 (HTML, like Gecko) Mobile Safari/537.36 (compatible; PetalBot;+https://webmaster.petalsearch.com/site/petalbot)"
3.239.172.5 - - [28/Apr/2026:11:12:10 +0000] "GET /wp-login.php HTTP/1.1" 200 4399 "-" "Mozilla/5.0 (Windows NT 6.1; WOW64; Trident/7.0; QwestIE8x64; rv:11.0) like Gecko"
184.94.212.206 - - [28/Apr/2026:11:12:13 +0000] "POST /wp-cron.php?doing_wp_cron=1777374733.5979290008544921875000 HTTP/1.1" 200 - "-" "WordPress/6.9.4; https://www.wrinkledskinrepair.com"
15.235.27.222 - - [28/Apr/2026:11:12:12 +0000] "GET /tag/proper-skin-care/feed/ HTTP/1.1" 200 12260 "-" "Mozilla/5.0 (compatible; AhrefsBot/7.0; +http://ahrefs.com/robot/)"
3.239.172.5 - - [28/Apr/2026:11:12:13 +0000] "POST /wp-login.php HTTP/1.1" 200 4399 "https://www.wrinkledskinrepair.com/wp-login.php" "Mozilla/5.0 (Windows NT 6.1; WOW64; Trident/7.0; QwestIE8x64; rv:11.0) like Gecko"
184.94.212.206 - - [28/Apr/2026:11:13:26 +0000] "POST /wp-cron.php?doing_wp_cron=1777374806.4329431056976318359375 HTTP/1.1" 200 - "-" "WordPress/6.9.4; https://www.wrinkledskinrepair.com"
57.141.18.116 - - [28/Apr/2026:11:13:24 +0000] "GET /2019/04/19/skin-care-tips-you-should-try-out-today-2/ HTTP/1.1" 200 186462 "-" "meta-externalagent/1.1 (+https://developers.facebook.com/docs/sharing/webmasters/crawler)"
192.0.102.146 - - [28/Apr/2026:11:14:05 +0000] "HEAD / HTTP/1.1" 200 - "-" "jetmon/1.0 (Jetpack Site Uptime Monitor by WordPress.com)"
184.94.212.206 - - [28/Apr/2026:11:14:19 +0000] "POST /wp-cron.php?doing_wp_cron=1777374859.7791190147399902343750 HTTP/1.1" 200 - "-" "WordPress/6.9.4; https://www.wrinkledskinrepair.com"
114.119.142.210 - - [28/Apr/2026:11:14:18 +0000] "GET /2020/05/14/caring-for-your-skin-with-a-few-great-tips/ HTTP/1.1" 200 53226 "https://www.wrinkledskinrepair.com/2020/05/15/want-healthy-skin-its-easy-with-these-tips/" "Mozilla/5.0 (Linux; Android 7.0;) AppleWebKit/537.36 (HTML, like Gecko) Mobile Safari/537.36 (compatible; PetalBot;+https://webmaster.petalsearch.com/site/petalbot)"
184.94.212.206 - - [28/Apr/2026:11:14:54 +0000] "POST /wp-cron.php?doing_wp_cron=1777374894.4747378826141357421875 HTTP/1.1" 200 - "-" "WordPress/6.9.4; https://www.wrinkledskinrepair.com"
57.141.18.14 - - [28/Apr/2026:11:14:52 +0000] "GET /tag/sunscreen-regularly/ HTTP/1.1" 200 150566 "-" "meta-externalagent/1.1 (+https://developers.facebook.com/docs/sharing/webmasters/crawler)"
3.81.31.21 - - [28/Apr/2026:11:15:11 +0000] "GET /ads.txt HTTP/1.1" 200 58 "-" "Mozilla/5.0 (Windows NT 10.0; Win64; x64) AppleWebKit/537.36 (KHTML, like Gecko) Chrome/124.0.0.0 Safari/537.36"
184.94.212.206 - - [28/Apr/2026:11:16:11 +0000] "POST /wp-cron.php?doing_wp_cron=1777374971.6930789947509765625000 HTTP/1.1" 200 - "-" "WordPress/6.9.4; https://www.wrinkledskinrepair.com"
57.141.18.117 - - [28/Apr/2026:11:16:09 +0000] "GET /2019/03/13/how-to-maintain-your-glow-with-skin-care/ HTTP/1.1" 200 186931 "-" "meta-externalagent/1.1 (+https://developers.facebook.com/docs/sharing/webmasters/crawler)"
184.94.212.206 - - [28/Apr/2026:11:17:18 +0000] "POST /wp-cron.php?doing_wp_cron=1777375038.1114621162414550781250 HTTP/1.1" 200 - "-" "WordPress/6.9.4; https://www.wrinkledskinrepair.com"
47.128.41.55 - - [28/Apr/2026:11:17:16 +0000] "GET /2017/07/23/getting-rid-of-wrinkles/?share=x HTTP/1.1" 302 - "-" "Mozilla/5.0 (Linux; Android 5.0) AppleWebKit/537.36 (KHTML, like Gecko) Mobile Safari/537.36 (compatible; Bytespider; spider-feedback@bytedance.com)"
57.141.18.8 - - [28/Apr/2026:11:17:26 +0000] "GET /2020/06/10/quick-tips-for-common-skin-care-issues-2/ HTTP/1.1" 200 189097 "-" "meta-externalagent/1.1 (+https://developers.facebook.com/docs/sharing/webmasters/crawler)"
114.119.142.210 - - [28/Apr/2026:11:17:39 +0000] "GET /2020/05/03/amazing-skin-care-advice-you-should-follow-2/ HTTP/1.1" 200 53383 "https://www.wrinkledskinrepair.com/2020/05/04/skin-care-tips-everyone-can-benefit-from-2/" "Mozilla/5.0 (Linux; Android 7.0;) AppleWebKit/537.36 (HTML, like Gecko) Mobile Safari/537.36 (compatible; PetalBot;+https://webmaster.petalsearch.com/site/petalbot)"
47.128.41.8 - - [28/Apr/2026:11:17:48 +0000] "GET /ftc-statement/?share=x HTTP/1.1" 302 - "-" "Mozilla/5.0 (Linux; Android 5.0) AppleWebKit/537.36 (KHTML, like Gecko) Mobile Safari/537.36 (compatible; Bytespider; spider-feedback@bytedance.com)"
9.160.164.133 - - [28/Apr/2026:11:17:57 +0000] "GET / HTTP/1.1" 301 - "-" "Mozilla/5.0 AppleWebKit/537.36 (KHTML, like Gecko); compatible; ChatGPT-User/1.0; +https://openai.com/bot"
184.94.212.206 - - [28/Apr/2026:11:19:06 +0000] "POST /wp-cron.php?doing_wp_cron=1777375146.4632289409637451171875 HTTP/1.1" 200 - "-" "WordPress/6.9.4; https://www.wrinkledskinrepair.com"
192.0.102.146 - - [28/Apr/2026:11:19:04 +0000] "HEAD / HTTP/1.1" 200 - "-" "jetmon/1.0 (Jetpack Site Uptime Monitor by WordPress.com)"
216.73.216.121 - - [28/Apr/2026:11:19:10 +0000] "GET /?p=580 HTTP/1.1" 301 - "-" "Mozilla/5.0 AppleWebKit/537.36 (KHTML, like Gecko; compatible; ClaudeBot/1.0; +claudebot@anthropic.com)"
216.73.216.121 - - [28/Apr/2026:11:19:12 +0000] "GET /2018/12/17/care-for-your-skin-with-these-easy-to-follow-tips/ HTTP/1.1" 200 53784 "https://www.wrinkledskinrepair.com/?p=580" "Mozilla/5.0 AppleWebKit/537.36 (KHTML, like Gecko; compatible; ClaudeBot/1.0; +claudebot@anthropic.com)"
