20.92.73.174 - - [28/Apr/2026:07:21:27 +0000] "GET /NewFile.php HTTP/1.1" 301 - "-" "Mozilla/5.0 (Windows NT 10.0; Win64; x64) AppleWebKit/537.36 (KHTML, like Gecko) Chrome/120.0.0.0 Safari/537.36"
20.92.73.174 - - [28/Apr/2026:07:21:28 +0000] "GET /aaa.php HTTP/1.1" 301 - "-" "Mozilla/5.0 (Windows NT 10.0; Win64; x64) AppleWebKit/537.36 (KHTML, like Gecko) Chrome/120.0.0.0 Safari/537.36"
20.92.73.174 - - [28/Apr/2026:07:21:29 +0000] "GET /ab.php HTTP/1.1" 301 - "-" "Mozilla/5.0 (Windows NT 10.0; Win64; x64) AppleWebKit/537.36 (KHTML, like Gecko) Chrome/120.0.0.0 Safari/537.36"
20.92.73.174 - - [28/Apr/2026:07:21:31 +0000] "GET /about/function.php HTTP/1.1" 301 - "-" "Mozilla/5.0 (Windows NT 10.0; Win64; x64) AppleWebKit/537.36 (KHTML, like Gecko) Chrome/120.0.0.0 Safari/537.36"
20.92.73.174 - - [28/Apr/2026:07:21:32 +0000] "GET /admin/function.php HTTP/1.1" 301 - "-" "Mozilla/5.0 (Windows NT 10.0; Win64; x64) AppleWebKit/537.36 (KHTML, like Gecko) Chrome/120.0.0.0 Safari/537.36"
20.92.73.174 - - [28/Apr/2026:07:21:33 +0000] "GET /admin/index_upload.php HTTP/1.1" 301 - "-" "Mozilla/5.0 (Windows NT 10.0; Win64; x64) AppleWebKit/537.36 (KHTML, like Gecko) Chrome/120.0.0.0 Safari/537.36"
20.92.73.174 - - [28/Apr/2026:07:21:35 +0000] "GET /al.php HTTP/1.1" 301 - "-" "Mozilla/5.0 (Windows NT 10.0; Win64; x64) AppleWebKit/537.36 (KHTML, like Gecko) Chrome/120.0.0.0 Safari/537.36"
20.92.73.174 - - [28/Apr/2026:07:21:36 +0000] "GET /alfa-rex.php HTTP/1.1" 301 - "-" "Mozilla/5.0 (Windows NT 10.0; Win64; x64) AppleWebKit/537.36 (KHTML, like Gecko) Chrome/120.0.0.0 Safari/537.36"
20.92.73.174 - - [28/Apr/2026:07:21:37 +0000] "GET /alfanew.PHP7 HTTP/1.1" 301 - "-" "Mozilla/5.0 (Windows NT 10.0; Win64; x64) AppleWebKit/537.36 (KHTML, like Gecko) Chrome/120.0.0.0 Safari/537.36"
20.92.73.174 - - [28/Apr/2026:07:21:39 +0000] "GET /alfanew.php HTTP/1.1" 301 - "-" "Mozilla/5.0 (Windows NT 10.0; Win64; x64) AppleWebKit/537.36 (KHTML, like Gecko) Chrome/120.0.0.0 Safari/537.36"
20.92.73.174 - - [28/Apr/2026:07:21:40 +0000] "GET /auth.php HTTP/1.1" 301 - "-" "Mozilla/5.0 (Windows NT 10.0; Win64; x64) AppleWebKit/537.36 (KHTML, like Gecko) Chrome/120.0.0.0 Safari/537.36"
20.92.73.174 - - [28/Apr/2026:07:21:41 +0000] "GET /b.php HTTP/1.1" 301 - "-" "Mozilla/5.0 (Windows NT 10.0; Win64; x64) AppleWebKit/537.36 (KHTML, like Gecko) Chrome/120.0.0.0 Safari/537.36"
20.92.73.174 - - [28/Apr/2026:07:21:42 +0000] "GET /b0.php HTTP/1.1" 301 - "-" "Mozilla/5.0 (Windows NT 10.0; Win64; x64) AppleWebKit/537.36 (KHTML, like Gecko) Chrome/120.0.0.0 Safari/537.36"
20.92.73.174 - - [28/Apr/2026:07:21:44 +0000] "GET /back.php HTTP/1.1" 301 - "-" "Mozilla/5.0 (Windows NT 10.0; Win64; x64) AppleWebKit/537.36 (KHTML, like Gecko) Chrome/120.0.0.0 Safari/537.36"
20.92.73.174 - - [28/Apr/2026:07:21:45 +0000] "GET /bala.php HTTP/1.1" 301 - "-" "Mozilla/5.0 (Windows NT 10.0; Win64; x64) AppleWebKit/537.36 (KHTML, like Gecko) Chrome/120.0.0.0 Safari/537.36"
20.92.73.174 - - [28/Apr/2026:07:21:46 +0000] "GET /baxa1.php HTTP/1.1" 301 - "-" "Mozilla/5.0 (Windows NT 10.0; Win64; x64) AppleWebKit/537.36 (KHTML, like Gecko) Chrome/120.0.0.0 Safari/537.36"
20.92.73.174 - - [28/Apr/2026:07:21:47 +0000] "GET /buy.php HTTP/1.1" 301 - "-" "Mozilla/5.0 (Windows NT 10.0; Win64; x64) AppleWebKit/537.36 (KHTML, like Gecko) Chrome/120.0.0.0 Safari/537.36"
20.92.73.174 - - [28/Apr/2026:07:21:48 +0000] "GET /byp.php HTTP/1.1" 301 - "-" "Mozilla/5.0 (Windows NT 10.0; Win64; x64) AppleWebKit/537.36 (KHTML, like Gecko) Chrome/120.0.0.0 Safari/537.36"
20.92.73.174 - - [28/Apr/2026:07:21:50 +0000] "GET /c.php HTTP/1.1" 301 - "-" "Mozilla/5.0 (Windows NT 10.0; Win64; x64) AppleWebKit/537.36 (KHTML, like Gecko) Chrome/120.0.0.0 Safari/537.36"
20.92.73.174 - - [28/Apr/2026:07:21:51 +0000] "GET /c99.php? HTTP/1.1" 301 - "-" "Mozilla/5.0 (Windows NT 10.0; Win64; x64) AppleWebKit/537.36 (KHTML, like Gecko) Chrome/120.0.0.0 Safari/537.36"
20.92.73.174 - - [28/Apr/2026:07:21:52 +0000] "GET /chosen.php HTTP/1.1" 301 - "-" "Mozilla/5.0 (Windows NT 10.0; Win64; x64) AppleWebKit/537.36 (KHTML, like Gecko) Chrome/120.0.0.0 Safari/537.36"
20.92.73.174 - - [28/Apr/2026:07:21:54 +0000] "GET /class-wp-lock.php HTTP/1.1" 301 - "-" "Mozilla/5.0 (Windows NT 10.0; Win64; x64) AppleWebKit/537.36 (KHTML, like Gecko) Chrome/120.0.0.0 Safari/537.36"
20.92.73.174 - - [28/Apr/2026:07:21:55 +0000] "GET /cong.php HTTP/1.1" 301 - "-" "Mozilla/5.0 (Windows NT 10.0; Win64; x64) AppleWebKit/537.36 (KHTML, like Gecko) Chrome/120.0.0.0 Safari/537.36"
20.92.73.174 - - [28/Apr/2026:07:21:56 +0000] "GET /content.php HTTP/1.1" 301 - "-" "Mozilla/5.0 (Windows NT 10.0; Win64; x64) AppleWebKit/537.36 (KHTML, like Gecko) Chrome/120.0.0.0 Safari/537.36"
20.92.73.174 - - [28/Apr/2026:07:21:57 +0000] "GET /control.php HTTP/1.1" 301 - "-" "Mozilla/5.0 (Windows NT 10.0; Win64; x64) AppleWebKit/537.36 (KHTML, like Gecko) Chrome/120.0.0.0 Safari/537.36"
20.92.73.174 - - [28/Apr/2026:07:21:59 +0000] "GET /cookie.php HTTP/1.1" 301 - "-" "Mozilla/5.0 (Windows NT 10.0; Win64; x64) AppleWebKit/537.36 (KHTML, like Gecko) Chrome/120.0.0.0 Safari/537.36"
20.92.73.174 - - [28/Apr/2026:07:22:00 +0000] "GET /credits.php HTTP/1.1" 301 - "-" "Mozilla/5.0 (Windows NT 10.0; Win64; x64) AppleWebKit/537.36 (KHTML, like Gecko) Chrome/120.0.0.0 Safari/537.36"
20.92.73.174 - - [28/Apr/2026:07:22:02 +0000] "GET /cron.php HTTP/1.1" 301 - "-" "Mozilla/5.0 (Windows NT 10.0; Win64; x64) AppleWebKit/537.36 (KHTML, like Gecko) Chrome/120.0.0.0 Safari/537.36"
20.92.73.174 - - [28/Apr/2026:07:22:03 +0000] "GET /css.php HTTP/1.1" 301 - "-" "Mozilla/5.0 (Windows NT 10.0; Win64; x64) AppleWebKit/537.36 (KHTML, like Gecko) Chrome/120.0.0.0 Safari/537.36"
20.92.73.174 - - [28/Apr/2026:07:22:04 +0000] "GET /css/autoload_classmap.php HTTP/1.1" 301 - "-" "Mozilla/5.0 (Windows NT 10.0; Win64; x64) AppleWebKit/537.36 (KHTML, like Gecko) Chrome/120.0.0.0 Safari/537.36"
20.92.73.174 - - [28/Apr/2026:07:22:06 +0000] "GET /data.php HTTP/1.1" 301 - "-" "Mozilla/5.0 (Windows NT 10.0; Win64; x64) AppleWebKit/537.36 (KHTML, like Gecko) Chrome/120.0.0.0 Safari/537.36"
20.92.73.174 - - [28/Apr/2026:07:22:07 +0000] "GET /disagreed.php HTTP/1.1" 301 - "-" "Mozilla/5.0 (Windows NT 10.0; Win64; x64) AppleWebKit/537.36 (KHTML, like Gecko) Chrome/120.0.0.0 Safari/537.36"
20.92.73.174 - - [28/Apr/2026:07:22:08 +0000] "GET /doc.php HTTP/1.1" 301 - "-" "Mozilla/5.0 (Windows NT 10.0; Win64; x64) AppleWebKit/537.36 (KHTML, like Gecko) Chrome/120.0.0.0 Safari/537.36"
20.92.73.174 - - [28/Apr/2026:07:22:09 +0000] "GET /dropdown.php HTTP/1.1" 301 - "-" "Mozilla/5.0 (Windows NT 10.0; Win64; x64) AppleWebKit/537.36 (KHTML, like Gecko) Chrome/120.0.0.0 Safari/537.36"
20.92.73.174 - - [28/Apr/2026:07:22:11 +0000] "GET /ds.php HTTP/1.1" 301 - "-" "Mozilla/5.0 (Windows NT 10.0; Win64; x64) AppleWebKit/537.36 (KHTML, like Gecko) Chrome/120.0.0.0 Safari/537.36"
20.92.73.174 - - [28/Apr/2026:07:22:12 +0000] "GET /ee.php HTTP/1.1" 301 - "-" "Mozilla/5.0 (Windows NT 10.0; Win64; x64) AppleWebKit/537.36 (KHTML, like Gecko) Chrome/120.0.0.0 Safari/537.36"
184.94.212.206 - - [28/Apr/2026:07:22:14 +0000] "POST /wp-cron.php?doing_wp_cron=1777360934.8917970657348632812500 HTTP/1.1" 200 - "-" "WordPress/6.9.4; https://www.wrinkledskinrepair.com"
20.92.73.174 - - [28/Apr/2026:07:22:13 +0000] "GET /en.php HTTP/1.1" 301 - "-" "Mozilla/5.0 (Windows NT 10.0; Win64; x64) AppleWebKit/537.36 (KHTML, like Gecko) Chrome/120.0.0.0 Safari/537.36"
20.92.73.174 - - [28/Apr/2026:07:22:15 +0000] "GET /error.php HTTP/1.1" 301 - "-" "Mozilla/5.0 (Windows NT 10.0; Win64; x64) AppleWebKit/537.36 (KHTML, like Gecko) Chrome/120.0.0.0 Safari/537.36"
184.94.212.206 - - [28/Apr/2026:07:22:17 +0000] "POST /wp-cron.php?doing_wp_cron=1777360937.4333839416503906250000 HTTP/1.1" 200 - "-" "WordPress/6.9.4; https://www.wrinkledskinrepair.com"
20.92.73.174 - - [28/Apr/2026:07:22:16 +0000] "GET /f35.php HTTP/1.1" 301 - "-" "Mozilla/5.0 (Windows NT 10.0; Win64; x64) AppleWebKit/537.36 (KHTML, like Gecko) Chrome/120.0.0.0 Safari/537.36"
20.92.73.174 - - [28/Apr/2026:07:22:17 +0000] "GET /favicon.php HTTP/1.1" 301 - "-" "Mozilla/5.0 (Windows NT 10.0; Win64; x64) AppleWebKit/537.36 (KHTML, like Gecko) Chrome/120.0.0.0 Safari/537.36"
20.92.73.174 - - [28/Apr/2026:07:22:19 +0000] "GET /feeds.php HTTP/1.1" 301 - "-" "Mozilla/5.0 (Windows NT 10.0; Win64; x64) AppleWebKit/537.36 (KHTML, like Gecko) Chrome/120.0.0.0 Safari/537.36"
20.92.73.174 - - [28/Apr/2026:07:22:20 +0000] "GET /files.php HTTP/1.1" 301 - "-" "Mozilla/5.0 (Windows NT 10.0; Win64; x64) AppleWebKit/537.36 (KHTML, like Gecko) Chrome/120.0.0.0 Safari/537.36"
20.92.73.174 - - [28/Apr/2026:07:22:21 +0000] "GET /files/autoload_classmap.php HTTP/1.1" 301 - "-" "Mozilla/5.0 (Windows NT 10.0; Win64; x64) AppleWebKit/537.36 (KHTML, like Gecko) Chrome/120.0.0.0 Safari/537.36"
20.92.73.174 - - [28/Apr/2026:07:22:22 +0000] "GET /flower.php HTTP/1.1" 301 - "-" "Mozilla/5.0 (Windows NT 10.0; Win64; x64) AppleWebKit/537.36 (KHTML, like Gecko) Chrome/120.0.0.0 Safari/537.36"
20.92.73.174 - - [28/Apr/2026:07:22:23 +0000] "GET /function.php HTTP/1.1" 301 - "-" "Mozilla/5.0 (Windows NT 10.0; Win64; x64) AppleWebKit/537.36 (KHTML, like Gecko) Chrome/120.0.0.0 Safari/537.36"
20.92.73.174 - - [28/Apr/2026:07:22:25 +0000] "GET /functions.php HTTP/1.1" 301 - "-" "Mozilla/5.0 (Windows NT 10.0; Win64; x64) AppleWebKit/537.36 (KHTML, like Gecko) Chrome/120.0.0.0 Safari/537.36"
20.92.73.174 - - [28/Apr/2026:07:22:26 +0000] "GET /gecko-new.php HTTP/1.1" 301 - "-" "Mozilla/5.0 (Windows NT 10.0; Win64; x64) AppleWebKit/537.36 (KHTML, like Gecko) Chrome/120.0.0.0 Safari/537.36"
20.92.73.174 - - [28/Apr/2026:07:22:27 +0000] "GET /ggfi.php HTTP/1.1" 301 - "-" "Mozilla/5.0 (Windows NT 10.0; Win64; x64) AppleWebKit/537.36 (KHTML, like Gecko) Chrome/120.0.0.0 Safari/537.36"
20.92.73.174 - - [28/Apr/2026:07:22:29 +0000] "GET /gzak2w.php HTTP/1.1" 301 - "-" "Mozilla/5.0 (Windows NT 10.0; Win64; x64) AppleWebKit/537.36 (KHTML, like Gecko) Chrome/120.0.0.0 Safari/537.36"
20.92.73.174 - - [28/Apr/2026:07:22:30 +0000] "GET /hehe.php HTTP/1.1" 301 - "-" "Mozilla/5.0 (Windows NT 10.0; Win64; x64) AppleWebKit/537.36 (KHTML, like Gecko) Chrome/120.0.0.0 Safari/537.36"
20.92.73.174 - - [28/Apr/2026:07:22:31 +0000] "GET /hehehehe.php HTTP/1.1" 301 - "-" "Mozilla/5.0 (Windows NT 10.0; Win64; x64) AppleWebKit/537.36 (KHTML, like Gecko) Chrome/120.0.0.0 Safari/537.36"
20.92.73.174 - - [28/Apr/2026:07:22:32 +0000] "GET /help.php HTTP/1.1" 301 - "-" "Mozilla/5.0 (Windows NT 10.0; Win64; x64) AppleWebKit/537.36 (KHTML, like Gecko) Chrome/120.0.0.0 Safari/537.36"
20.92.73.174 - - [28/Apr/2026:07:22:33 +0000] "GET /images/wp-login.php HTTP/1.1" 301 - "-" "Mozilla/5.0 (Windows NT 10.0; Win64; x64) AppleWebKit/537.36 (KHTML, like Gecko) Chrome/120.0.0.0 Safari/537.36"
20.92.73.174 - - [28/Apr/2026:07:22:35 +0000] "GET /index.php HTTP/1.1" 301 - "-" "Mozilla/5.0 (Windows NT 10.0; Win64; x64) AppleWebKit/537.36 (KHTML, like Gecko) Chrome/120.0.0.0 Safari/537.36"
20.92.73.174 - - [28/Apr/2026:07:22:36 +0000] "GET /index/function.php HTTP/1.1" 301 - "-" "Mozilla/5.0 (Windows NT 10.0; Win64; x64) AppleWebKit/537.36 (KHTML, like Gecko) Chrome/120.0.0.0 Safari/537.36"
20.92.73.174 - - [28/Apr/2026:07:22:37 +0000] "GET /install.php HTTP/1.1" 301 - "-" "Mozilla/5.0 (Windows NT 10.0; Win64; x64) AppleWebKit/537.36 (KHTML, like Gecko) Chrome/120.0.0.0 Safari/537.36"
20.92.73.174 - - [28/Apr/2026:07:22:38 +0000] "GET /jp.php HTTP/1.1" 301 - "-" "Mozilla/5.0 (Windows NT 10.0; Win64; x64) AppleWebKit/537.36 (KHTML, like Gecko) Chrome/120.0.0.0 Safari/537.36"
216.73.216.121 - - [28/Apr/2026:07:22:39 +0000] "GET /robots.txt HTTP/1.1" 200 127 "-" "Mozilla/5.0 AppleWebKit/537.36 (KHTML, like Gecko; compatible; ClaudeBot/1.0; +claudebot@anthropic.com)"
20.92.73.174 - - [28/Apr/2026:07:22:40 +0000] "GET /mah/function.php HTTP/1.1" 301 - "-" "Mozilla/5.0 (Windows NT 10.0; Win64; x64) AppleWebKit/537.36 (KHTML, like Gecko) Chrome/120.0.0.0 Safari/537.36"
216.73.216.121 - - [28/Apr/2026:07:22:40 +0000] "GET /sitemap.xml HTTP/1.1" 200 407 "-" "Mozilla/5.0 AppleWebKit/537.36 (KHTML, like Gecko; compatible; ClaudeBot/1.0; +claudebot@anthropic.com)"
20.92.73.174 - - [28/Apr/2026:07:22:41 +0000] "GET /meta.php HTTP/1.1" 301 - "-" "Mozilla/5.0 (Windows NT 10.0; Win64; x64) AppleWebKit/537.36 (KHTML, like Gecko) Chrome/120.0.0.0 Safari/537.36"
20.92.73.174 - - [28/Apr/2026:07:22:42 +0000] "GET /moon.php HTTP/1.1" 301 - "-" "Mozilla/5.0 (Windows NT 10.0; Win64; x64) AppleWebKit/537.36 (KHTML, like Gecko) Chrome/120.0.0.0 Safari/537.36"
20.92.73.174 - - [28/Apr/2026:07:22:43 +0000] "GET /new.php HTTP/1.1" 301 - "-" "Mozilla/5.0 (Windows NT 10.0; Win64; x64) AppleWebKit/537.36 (KHTML, like Gecko) Chrome/120.0.0.0 Safari/537.36"
20.92.73.174 - - [28/Apr/2026:07:22:45 +0000] "GET /ova.php HTTP/1.1" 301 - "-" "Mozilla/5.0 (Windows NT 10.0; Win64; x64) AppleWebKit/537.36 (KHTML, like Gecko) Chrome/120.0.0.0 Safari/537.36"
20.92.73.174 - - [28/Apr/2026:07:22:46 +0000] "GET /print/bkindex.php HTTP/1.1" 301 - "-" "Mozilla/5.0 (Windows NT 10.0; Win64; x64) AppleWebKit/537.36 (KHTML, like Gecko) Chrome/120.0.0.0 Safari/537.36"
20.92.73.174 - - [28/Apr/2026:07:22:47 +0000] "GET /radio.php HTTP/1.1" 301 - "-" "Mozilla/5.0 (Windows NT 10.0; Win64; x64) AppleWebKit/537.36 (KHTML, like Gecko) Chrome/120.0.0.0 Safari/537.36"
20.92.73.174 - - [28/Apr/2026:07:22:48 +0000] "GET /randkeyword.php HTTP/1.1" 301 - "-" "Mozilla/5.0 (Windows NT 10.0; Win64; x64) AppleWebKit/537.36 (KHTML, like Gecko) Chrome/120.0.0.0 Safari/537.36"
20.92.73.174 - - [28/Apr/2026:07:22:49 +0000] "GET /room.php HTTP/1.1" 301 - "-" "Mozilla/5.0 (Windows NT 10.0; Win64; x64) AppleWebKit/537.36 (KHTML, like Gecko) Chrome/120.0.0.0 Safari/537.36"
185.191.171.1 - - [28/Apr/2026:07:22:49 +0000] "GET /tag/stay-healthy/ HTTP/1.1" 200 46583 "-" "Mozilla/5.0 (compatible; SemrushBot/7~bl; +http://www.semrush.com/bot.html)"
20.92.73.174 - - [28/Apr/2026:07:22:51 +0000] "GET /sad/about.php HTTP/1.1" 301 - "-" "Mozilla/5.0 (Windows NT 10.0; Win64; x64) AppleWebKit/537.36 (KHTML, like Gecko) Chrome/120.0.0.0 Safari/537.36"
20.92.73.174 - - [28/Apr/2026:07:22:52 +0000] "GET /sim.php/wp-includes/certificates/plugins.php HTTP/1.1" 301 - "-" "Mozilla/5.0 (Windows NT 10.0; Win64; x64) AppleWebKit/537.36 (KHTML, like Gecko) Chrome/120.0.0.0 Safari/537.36"
20.92.73.174 - - [28/Apr/2026:07:22:53 +0000] "GET /simple.php HTTP/1.1" 301 - "-" "Mozilla/5.0 (Windows NT 10.0; Win64; x64) AppleWebKit/537.36 (KHTML, like Gecko) Chrome/120.0.0.0 Safari/537.36"
20.92.73.174 - - [28/Apr/2026:07:22:54 +0000] "GET /templates/beez3/1.php HTTP/1.1" 301 - "-" "Mozilla/5.0 (Windows NT 10.0; Win64; x64) AppleWebKit/537.36 (KHTML, like Gecko) Chrome/120.0.0.0 Safari/537.36"
20.92.73.174 - - [28/Apr/2026:07:22:56 +0000] "GET /templates/beez3/index.php HTTP/1.1" 301 - "-" "Mozilla/5.0 (Windows NT 10.0; Win64; x64) AppleWebKit/537.36 (KHTML, like Gecko) Chrome/120.0.0.0 Safari/537.36"
114.119.142.140 - - [28/Apr/2026:07:23:02 +0000] "GET /2018/12/17/care-for-your-skin-with-these-easy-to-follow-tips/?share=x HTTP/1.1" 302 - "https://www.wrinkledskinrepair.com/2018/12/17/care-for-your-skin-with-these-easy-to-follow-tips/" "Mozilla/5.0 (Linux; Android 7.0;) AppleWebKit/537.36 (HTML, like Gecko) Mobile Safari/537.36 (compatible; PetalBot;+https://webmaster.petalsearch.com/site/petalbot)"
184.94.212.206 - - [28/Apr/2026:07:23:25 +0000] "POST /wp-cron.php?doing_wp_cron=1777361005.2530429363250732421875 HTTP/1.1" 200 - "-" "WordPress/6.9.4; https://www.wrinkledskinrepair.com"
216.73.216.121 - - [28/Apr/2026:07:23:24 +0000] "GET /sitemap.rss HTTP/1.1" 200 3441 "-" "Mozilla/5.0 AppleWebKit/537.36 (KHTML, like Gecko; compatible; ClaudeBot/1.0; +claudebot@anthropic.com)"
192.0.102.146 - - [28/Apr/2026:07:24:05 +0000] "HEAD / HTTP/1.1" 200 - "-" "jetmon/1.0 (Jetpack Site Uptime Monitor by WordPress.com)"
184.94.212.206 - - [28/Apr/2026:07:24:43 +0000] "POST /wp-cron.php?doing_wp_cron=1777361083.2227818965911865234375 HTTP/1.1" 200 - "-" "WordPress/6.9.4; https://www.wrinkledskinrepair.com"
57.141.18.60 - - [28/Apr/2026:07:24:41 +0000] "GET /tag/anti-aging/ HTTP/1.1" 200 153646 "-" "meta-externalagent/1.1 (+https://developers.facebook.com/docs/sharing/webmasters/crawler)"
184.94.212.206 - - [28/Apr/2026:07:25:32 +0000] "POST /wp-cron.php?doing_wp_cron=1777361132.5918200016021728515625 HTTP/1.1" 200 - "-" "WordPress/6.9.4; https://www.wrinkledskinrepair.com"
57.141.18.32 - - [28/Apr/2026:07:25:30 +0000] "GET /tag/jasmine-extract-contains/ HTTP/1.1" 200 150622 "-" "meta-externalagent/1.1 (+https://developers.facebook.com/docs/sharing/webmasters/crawler)"
173.20.249.130 - - [28/Apr/2026:07:25:49 +0000] "GET /tag/foundation-doesn/ HTTP/1.1" 200 46284 "-" "Mozilla/5.0 (Windows NT 10.0; Win64; x64) AppleWebKit/537.36 (KHTML, like Gecko) Chrome/107.0.0.0 Safari/537.36"
184.94.212.206 - - [28/Apr/2026:07:26:05 +0000] "POST /wp-cron.php?doing_wp_cron=1777361165.7766849994659423828125 HTTP/1.1" 200 - "-" "WordPress/6.9.4; https://www.wrinkledskinrepair.com"
114.119.142.140 - - [28/Apr/2026:07:26:04 +0000] "GET /2018/12/14/skin-care-tips-that-work-for-busy-people/?share=x HTTP/1.1" 302 - "https://www.wrinkledskinrepair.com/2018/12/14/skin-care-tips-that-work-for-busy-people" "Mozilla/5.0 (Linux; Android 7.0;) AppleWebKit/537.36 (HTML, like Gecko) Mobile Safari/537.36 (compatible; PetalBot;+https://webmaster.petalsearch.com/site/petalbot)"
184.94.212.206 - - [28/Apr/2026:07:26:47 +0000] "POST /wp-cron.php?doing_wp_cron=1777361207.3529479503631591796875 HTTP/1.1" 200 - "-" "WordPress/6.9.4; https://www.wrinkledskinrepair.com"
185.98.170.54 - - [28/Apr/2026:07:26:45 +0000] "GET /tag/premature-aging/ HTTP/1.1" 200 45881 "-" "Mozilla/5.0 (Windows NT 10.0; Win64; x64) AppleWebKit/537.36 (KHTML, like Gecko) Chrome/100.0.4896.75 Safari/537.36"
72.213.174.112 - - [28/Apr/2026:07:27:00 +0000] "GET /tag/premature-aging/ HTTP/1.1" 200 45881 "-" "Mozilla/5.0 (Macintosh; Intel Mac OS X 10_15_7) AppleWebKit/537.36 (KHTML, like Gecko) Chrome/120.0.0.0 Safari/537.36"
184.94.212.206 - - [28/Apr/2026:07:27:15 +0000] "POST /wp-cron.php?doing_wp_cron=1777361235.0369811058044433593750 HTTP/1.1" 200 - "-" "WordPress/6.9.4; https://www.wrinkledskinrepair.com"
66.171.94.0 - - [28/Apr/2026:07:27:13 +0000] "GET /2019/03/13/how-to-maintain-your-glow-with-skin-care/ HTTP/1.1" 200 53529 "-" "Mozilla/5.0 (Macintosh; Intel Mac OS X 10_15_7) AppleWebKit/537.36 (KHTML, like Gecko) Chrome/119.0.0.0 Safari/537.36"
184.94.212.206 - - [28/Apr/2026:07:27:31 +0000] "POST /wp-cron.php?doing_wp_cron=1777361251.3615739345550537109375 HTTP/1.1" 200 - "-" "WordPress/6.9.4; https://www.wrinkledskinrepair.com"
57.141.18.123 - - [28/Apr/2026:07:27:29 +0000] "GET /2018/06/22/beautiful-skin-can-be-yours-with-our-tips/ HTTP/1.1" 200 187445 "-" "meta-externalagent/1.1 (+https://developers.facebook.com/docs/sharing/webmasters/crawler)"
47.128.42.124 - - [28/Apr/2026:07:27:38 +0000] "GET /2013/06/08/over-the-counter-wrinkle-removers/?share=x HTTP/1.1" 302 - "-" "Mozilla/5.0 (Linux; Android 5.0) AppleWebKit/537.36 (KHTML, like Gecko) Mobile Safari/537.36 (compatible; Bytespider; spider-feedback@bytedance.com)"
184.94.212.206 - - [28/Apr/2026:07:28:14 +0000] "POST /wp-cron.php?doing_wp_cron=1777361294.2788090705871582031250 HTTP/1.1" 200 - "-" "WordPress/6.9.4; https://www.wrinkledskinrepair.com"
47.128.41.83 - - [28/Apr/2026:07:28:12 +0000] "GET /2019/07/12/take-better-care-of-your-skin-starting-today/?share=x HTTP/1.1" 302 - "-" "Mozilla/5.0 (Linux; Android 5.0) AppleWebKit/537.36 (KHTML, like Gecko) Mobile Safari/537.36 (compatible; Bytespider; spider-feedback@bytedance.com)"
184.94.212.206 - - [28/Apr/2026:07:28:39 +0000] "POST /wp-cron.php?doing_wp_cron=1777361319.3839910030364990234375 HTTP/1.1" 200 - "-" "WordPress/6.9.4; https://www.wrinkledskinrepair.com"
43.173.176.204 - - [28/Apr/2026:07:28:38 +0000] "GET /2018/10/31/skin-care-tips-for-you-and-your-family/?noamp=mobile&share=jetpack-whatsapp HTTP/1.1" 200 53471 "-" "Mozilla/5.0 (Windows NT 10.0; Win64; x64) AppleWebKit/537.36 (KHTML, like Gecko) Chrome/107.0.0.0 Safari/537.36"
199.127.250.139 - - [28/Apr/2026:07:28:42 +0000] "GET /category/wrinkles/ HTTP/1.1" 200 48808 "-" "Mozilla/5.0 (Macintosh; Intel Mac OS X 10_15_7) AppleWebKit/537.36 (KHTML, like Gecko) Chrome/133.0.0.0 Safari/537.36"
47.128.41.53 - - [28/Apr/2026:07:28:47 +0000] "GET /2020/05/12/skin-care-tips-for-healthy-glowing-skin/?share=x HTTP/1.1" 302 - "-" "Mozilla/5.0 (Linux; Android 5.0) AppleWebKit/537.36 (KHTML, like Gecko) Mobile Safari/537.36 (compatible; Bytespider; spider-feedback@bytedance.com)"
192.0.102.146 - - [28/Apr/2026:07:29:04 +0000] "HEAD / HTTP/1.1" 200 - "-" "jetmon/1.0 (Jetpack Site Uptime Monitor by WordPress.com)"
114.119.144.17 - - [28/Apr/2026:07:29:09 +0000] "GET /2018/12/10/improve-your-skin-with-these-helpful-tips?share=facebook HTTP/1.1" 302 - "https://www.wrinkledskinrepair.com/2018/12/10/improve-your-skin-with-these-helpful-tips" "Mozilla/5.0 (Linux; Android 7.0;) AppleWebKit/537.36 (HTML, like Gecko) Mobile Safari/537.36 (compatible; PetalBot;+https://webmaster.petalsearch.com/site/petalbot)"
184.94.212.206 - - [28/Apr/2026:07:29:20 +0000] "POST /wp-cron.php?doing_wp_cron=1777361360.3375329971313476562500 HTTP/1.1" 200 - "-" "WordPress/6.9.4; https://www.wrinkledskinrepair.com"
73.213.225.165 - - [28/Apr/2026:07:29:18 +0000] "GET /2017/10/24/look-and-feel-more-youthful/ HTTP/1.1" 200 56100 "-" "Mozilla/5.0 (Macintosh; Intel Mac OS X 10_15_7) AppleWebKit/537.36 (KHTML, like Gecko) Chrome/124.0.0.0 Safari/537.36"
57.141.18.112 - - [28/Apr/2026:07:29:24 +0000] "GET /tag/what-causes-wrinkled-skin-around-mouth-and-how-to-fix/ HTTP/1.1" 200 154666 "-" "meta-externalagent/1.1 (+https://developers.facebook.com/docs/sharing/webmasters/crawler)"
34.74.242.206 - - [28/Apr/2026:07:30:13 +0000] "GET /robots.txt HTTP/1.1" 301 - "-" "ZoominfoBot (zoominfobot at zoominfo dot com)"
34.74.242.206 - - [28/Apr/2026:07:30:15 +0000] "GET /robots.txt HTTP/1.1" 200 127 "-" "ZoominfoBot (zoominfobot at zoominfo dot com)"
34.74.242.206 - - [28/Apr/2026:07:30:18 +0000] "GET /robots.txt HTTP/1.0" 301 - "-" "ZoominfoBot (zoominfobot at zoominfo dot com)"
34.74.242.206 - - [28/Apr/2026:07:30:20 +0000] "GET /robots.txt HTTP/1.1" 200 127 "-" "ZoominfoBot (zoominfobot at zoominfo dot com)"
34.74.242.206 - - [28/Apr/2026:07:30:21 +0000] "GET / HTTP/1.0" 301 - "-" "ZoominfoBot (zoominfobot at zoominfo dot com)"
207.180.11.195 - - [28/Apr/2026:07:30:49 +0000] "GET /wp-json/wp/v2/posts/1124 HTTP/1.1" 200 3482 "-" "Mozilla/5.0 (Macintosh; Intel Mac OS X 10_15_7) AppleWebKit/537.36 (KHTML, like Gecko) Chrome/135.0.0.0 Safari/537.36"
184.94.212.206 - - [28/Apr/2026:07:31:47 +0000] "POST /wp-cron.php?doing_wp_cron=1777361507.0978879928588867187500 HTTP/1.1" 200 - "-" "WordPress/6.9.4; https://www.wrinkledskinrepair.com"
3.229.164.203 - - [28/Apr/2026:07:31:45 +0000] "GET /wp-json/wp/v2/tags/320 HTTP/1.1" 200 301 "-" "Mozilla/5.0 AppleWebKit/537.36 (KHTML, like Gecko; compatible; Amazonbot/0.1; +https://developer.amazon.com/support/amazonbot) Chrome/119.0.6045.214 Safari/537.36"
184.94.212.206 - - [28/Apr/2026:07:32:18 +0000] "POST /wp-cron.php?doing_wp_cron=1777361538.3475449085235595703125 HTTP/1.1" 200 - "-" "WordPress/6.9.4; https://www.wrinkledskinrepair.com"
114.119.157.239 - - [28/Apr/2026:07:32:17 +0000] "GET /2018/12/10/improve-your-skin-with-these-helpful-tips/?share=facebook HTTP/1.1" 302 - "https://www.wrinkledskinrepair.com/2018/12/10/improve-your-skin-with-these-helpful-tips/" "Mozilla/5.0 (Linux; Android 7.0;) AppleWebKit/537.36 (HTML, like Gecko) Mobile Safari/537.36 (compatible; PetalBot;+https://webmaster.petalsearch.com/site/petalbot)"
20.215.220.122 - - [28/Apr/2026:07:33:06 +0000] "GET / HTTP/1.1" 301 - "-" "Mozilla/5.0 AppleWebKit/537.36 (KHTML, like Gecko); compatible; ChatGPT-User/1.0; +https://openai.com/bot"
184.94.212.206 - - [28/Apr/2026:07:33:33 +0000] "POST /wp-cron.php?doing_wp_cron=1777361613.1549179553985595703125 HTTP/1.1" 200 - "-" "WordPress/6.9.4; https://www.wrinkledskinrepair.com"
185.191.171.3 - - [28/Apr/2026:07:33:31 +0000] "GET /robots.txt HTTP/1.1" 200 127 "-" "Mozilla/5.0 (compatible; SemrushBot/7~bl; +http://www.semrush.com/bot.html)"
85.208.96.205 - - [28/Apr/2026:07:33:33 +0000] "GET /2020/05/07/care-for-your-skin-by-following-these-tips/ HTTP/1.1" 200 53784 "-" "Mozilla/5.0 (compatible; SemrushBot/7~bl; +http://www.semrush.com/bot.html)"
192.0.102.146 - - [28/Apr/2026:07:34:04 +0000] "HEAD / HTTP/1.1" 200 - "-" "jetmon/1.0 (Jetpack Site Uptime Monitor by WordPress.com)"
184.94.212.206 - - [28/Apr/2026:07:34:43 +0000] "POST /wp-cron.php?doing_wp_cron=1777361683.8269619941711425781250 HTTP/1.1" 200 - "-" "WordPress/6.9.4; https://www.wrinkledskinrepair.com"
57.141.18.53 - - [28/Apr/2026:07:34:42 +0000] "GET /tag/liquid-foundation/ HTTP/1.1" 200 155227 "-" "meta-externalagent/1.1 (+https://developers.facebook.com/docs/sharing/webmasters/crawler)"
184.94.212.206 - - [28/Apr/2026:07:35:57 +0000] "POST /wp-cron.php?doing_wp_cron=1777361757.4088211059570312500000 HTTP/1.1" 200 - "-" "WordPress/6.9.4; https://www.wrinkledskinrepair.com"
114.119.146.179 - - [28/Apr/2026:07:35:55 +0000] "GET /2018/12/10/improve-your-skin-with-these-helpful-tips/ HTTP/1.1" 200 53337 "https://www.wrinkledskinrepair.com/blog/page/27/" "Mozilla/5.0 (Linux; Android 7.0;) AppleWebKit/537.36 (KHTML, like Gecko) Mobile Safari/537.36 (compatible; PetalBot;+https://webmaster.petalsearch.com/site/petalbot)"
184.94.212.206 - - [28/Apr/2026:07:36:38 +0000] "POST /wp-cron.php?doing_wp_cron=1777361798.6501929759979248046875 HTTP/1.1" 200 - "-" "WordPress/6.9.4; https://www.wrinkledskinrepair.com"
57.141.18.75 - - [28/Apr/2026:07:36:37 +0000] "GET /tag/protein-cells/ HTTP/1.1" 200 172812 "-" "meta-externalagent/1.1 (+https://developers.facebook.com/docs/sharing/webmasters/crawler)"
57.141.18.13 - - [28/Apr/2026:07:36:51 +0000] "GET /tag/moisturizing-body-wash/ HTTP/1.1" 200 150595 "-" "meta-externalagent/1.1 (+https://developers.facebook.com/docs/sharing/webmasters/crawler)"
184.94.212.206 - - [28/Apr/2026:07:37:32 +0000] "POST /wp-cron.php?doing_wp_cron=1777361852.4094650745391845703125 HTTP/1.1" 200 - "-" "WordPress/6.9.4; https://www.wrinkledskinrepair.com"
54.37.118.79 - - [28/Apr/2026:07:37:31 +0000] "GET /robots.txt HTTP/1.1" 200 127 "-" "Mozilla/5.0 (compatible; AhrefsBot/7.0; +http://ahrefs.com/robot/)"
54.39.136.125 - - [28/Apr/2026:07:37:34 +0000] "GET /tag/skin-looking/ HTTP/1.1" 200 49149 "-" "Mozilla/5.0 (compatible; AhrefsBot/7.0; +http://ahrefs.com/robot/)"
184.94.212.206 - - [28/Apr/2026:07:38:39 +0000] "POST /wp-cron.php?doing_wp_cron=1777361919.2323980331420898437500 HTTP/1.1" 200 - "-" "WordPress/6.9.4; https://www.wrinkledskinrepair.com"
114.119.144.64 - - [28/Apr/2026:07:38:37 +0000] "GET /2018/12/09/everything-you-ever-wanted-to-know-about-taking-care-of-your-skin?share=facebook HTTP/1.1" 302 - "https://www.wrinkledskinrepair.com/2018/12/09/everything-you-ever-wanted-to-know-about-taking-care-of-your-skin" "Mozilla/5.0 (Linux; Android 7.0;) AppleWebKit/537.36 (HTML, like Gecko) Mobile Safari/537.36 (compatible; PetalBot;+https://webmaster.petalsearch.com/site/petalbot)"
192.0.102.146 - - [28/Apr/2026:07:39:04 +0000] "HEAD / HTTP/1.1" 200 - "-" "jetmon/1.0 (Jetpack Site Uptime Monitor by WordPress.com)"
184.94.212.206 - - [28/Apr/2026:07:40:48 +0000] "POST /wp-cron.php?doing_wp_cron=1777362048.9692070484161376953125 HTTP/1.1" 200 - "-" "WordPress/6.9.4; https://www.wrinkledskinrepair.com"
52.1.157.90 - - [28/Apr/2026:07:40:47 +0000] "GET /wp-json/wp/v2/posts/1220 HTTP/1.1" 200 3972 "-" "Mozilla/5.0 AppleWebKit/537.36 (KHTML, like Gecko; compatible; Amazonbot/0.1; +https://developer.amazon.com/support/amazonbot) Chrome/119.0.6045.214 Safari/537.36"
184.94.212.206 - - [28/Apr/2026:07:41:52 +0000] "POST /wp-cron.php?doing_wp_cron=1777362112.3359029293060302734375 HTTP/1.1" 200 - "-" "WordPress/6.9.4; https://www.wrinkledskinrepair.com"
114.119.144.17 - - [28/Apr/2026:07:41:50 +0000] "GET /2018/12/06/things-you-can-use-from-home-for-beautiful-skin-2?share=facebook HTTP/1.1" 302 - "https://www.wrinkledskinrepair.com/2018/12/06/things-you-can-use-from-home-for-beautiful-skin-2" "Mozilla/5.0 (Linux; Android 7.0;) AppleWebKit/537.36 (HTML, like Gecko) Mobile Safari/537.36 (compatible; PetalBot;+https://webmaster.petalsearch.com/site/petalbot)"
85.208.96.206 - - [28/Apr/2026:07:47:50 +0000] "GET /tag/eye-wrinkles/ HTTP/1.1" 500 164 "-" "Mozilla/5.0 (compatible; SemrushBot/7~bl; +http://www.semrush.com/bot.html)"
57.141.18.14 - - [28/Apr/2026:07:47:50 +0000] "GET /2018/08/15/keep-your-skin-perfect-with-these-tips/ HTTP/1.1" 500 2431 "-" "meta-externalagent/1.1 (+https://developers.facebook.com/docs/sharing/webmasters/crawler)"
85.208.96.206 - - [28/Apr/2026:07:48:41 +0000] "GET /tag/eye-wrinkles/ HTTP/1.1" 500 164 "-" "Mozilla/5.0 (compatible; SemrushBot/7~bl; +http://www.semrush.com/bot.html)"
114.119.142.210 - - [28/Apr/2026:07:48:23 +0000] "GET /2018/12/06/things-you-can-use-from-home-for-beautiful-skin-2/?share=facebook HTTP/1.1" 500 1004 "https://www.wrinkledskinrepair.com/2018/12/06/things-you-can-use-from-home-for-beautiful-skin-2/" "Mozilla/5.0 (Linux; Android 7.0;) AppleWebKit/537.36 (HTML, like Gecko) Mobile Safari/537.36 (compatible; PetalBot;+https://webmaster.petalsearch.com/site/petalbot)"
184.94.212.206 - - [28/Apr/2026:07:49:47 +0000] "POST /wp-cron.php?doing_wp_cron=1777362587.0937399864196777343750 HTTP/1.1" 200 - "-" "WordPress/6.9.4; https://www.wrinkledskinrepair.com"
185.191.171.5 - - [28/Apr/2026:07:49:02 +0000] "GET /2019/03/02/great-ideas-to-get-that-beautiful-skin/ HTTP/1.1" 200 52699 "-" "Mozilla/5.0 (compatible; SemrushBot/7~bl; +http://www.semrush.com/bot.html)"
192.0.102.146 - - [28/Apr/2026:07:49:04 +0000] "HEAD / HTTP/1.1" 200 - "-" "jetmon/1.0 (Jetpack Site Uptime Monitor by WordPress.com)"
185.191.171.5 - - [28/Apr/2026:07:49:53 +0000] "GET /2019/03/02/great-ideas-to-get-that-beautiful-skin/ HTTP/1.1" 200 52699 "-" "Mozilla/5.0 (compatible; SemrushBot/7~bl; +http://www.semrush.com/bot.html)"
184.94.212.206 - - [28/Apr/2026:07:50:43 +0000] "POST /wp-cron.php?doing_wp_cron=1777362643.4213440418243408203125 HTTP/1.1" 200 - "-" "WordPress/6.9.4; https://www.wrinkledskinrepair.com"
64.89.160.114 - - [28/Apr/2026:07:50:42 +0000] "GET / HTTP/1.1" 301 - "-" "OwnedAsset/1.0 (+authorized)"
64.89.160.114 - - [28/Apr/2026:07:50:44 +0000] "GET / HTTP/1.1" 200 47736 "https://wrinkledskinrepair.com" "OwnedAsset/1.0 (+authorized)"
64.89.160.114 - - [28/Apr/2026:07:50:46 +0000] "GET / HTTP/1.1" 301 - "http://wrinkledskinrepair.com" "OwnedAsset/1.0 (+authorized)"
184.94.212.206 - - [28/Apr/2026:07:51:35 +0000] "POST /wp-cron.php?doing_wp_cron=1777362695.0516750812530517578125 HTTP/1.1" 200 - "-" "WordPress/6.9.4; https://www.wrinkledskinrepair.com"
114.119.157.239 - - [28/Apr/2026:07:51:33 +0000] "GET /2018/12/06/things-you-can-use-from-home-for-beautiful-skin-2/ HTTP/1.1" 200 53358 "https://www.wrinkledskinrepair.com/blog/page/28/" "Mozilla/5.0 (Linux; Android 7.0;) AppleWebKit/537.36 (HTML, like Gecko) Mobile Safari/537.36 (compatible; PetalBot;+https://webmaster.petalsearch.com/site/petalbot)"
184.94.212.206 - - [28/Apr/2026:07:52:46 +0000] "POST /wp-cron.php?doing_wp_cron=1777362766.7741980552673339843750 HTTP/1.1" 200 - "-" "WordPress/6.9.4; https://www.wrinkledskinrepair.com"
57.141.18.107 - - [28/Apr/2026:07:52:44 +0000] "GET /2018/05/21/how-to-use-nutrition-to-look-and-feel-years-younger-than-you-are/ HTTP/1.1" 200 187561 "-" "meta-externalagent/1.1 (+https://developers.facebook.com/docs/sharing/webmasters/crawler)"
184.94.212.206 - - [28/Apr/2026:07:54:06 +0000] "POST /wp-cron.php?doing_wp_cron=1777362846.9538049697875976562500 HTTP/1.1" 200 - "-" "WordPress/6.9.4; https://www.wrinkledskinrepair.com"
192.0.102.146 - - [28/Apr/2026:07:54:05 +0000] "HEAD / HTTP/1.1" 200 - "-" "jetmon/1.0 (Jetpack Site Uptime Monitor by WordPress.com)"
184.94.212.206 - - [28/Apr/2026:07:54:57 +0000] "POST /wp-cron.php?doing_wp_cron=1777362897.6360769271850585937500 HTTP/1.1" 200 - "-" "WordPress/6.9.4; https://www.wrinkledskinrepair.com"
114.119.142.140 - - [28/Apr/2026:07:54:55 +0000] "GET /2018/12/05/stop-wishing-you-had-great-skin-and-get-it-thanks-to-these-tips/?share=x HTTP/1.1" 302 - "https://www.wrinkledskinrepair.com/2018/12/05/stop-wishing-you-had-great-skin-and-get-it-thanks-to-these-tips/" "Mozilla/5.0 (Linux; Android 7.0;) AppleWebKit/537.36 (HTML, like Gecko) Mobile Safari/537.36 (compatible; PetalBot;+https://webmaster.petalsearch.com/site/petalbot)"
184.94.212.206 - - [28/Apr/2026:07:58:13 +0000] "POST /wp-cron.php?doing_wp_cron=1777363093.4734261035919189453125 HTTP/1.1" 200 - "-" "WordPress/6.9.4; https://www.wrinkledskinrepair.com"
114.119.142.140 - - [28/Apr/2026:07:58:11 +0000] "GET /2018/12/05/stop-wishing-you-had-great-skin-and-get-it-thanks-to-these-tips HTTP/1.1" 301 - "https://www.wrinkledskinrepair.com/2018/12/05/stop-wishing-you-had-great-skin-and-get-it-thanks-to-these-tips" "Mozilla/5.0 (Linux; Android 7.0;) AppleWebKit/537.36 (HTML, like Gecko) Mobile Safari/537.36 (compatible; PetalBot;+https://webmaster.petalsearch.com/site/petalbot)"
114.119.142.140 - - [28/Apr/2026:07:58:13 +0000] "GET /2018/12/05/stop-wishing-you-had-great-skin-and-get-it-thanks-to-these-tips/ HTTP/1.1" 200 53679 "https://www.wrinkledskinrepair.com/2018/12/05/stop-wishing-you-had-great-skin-and-get-it-thanks-to-these-tips" "Mozilla/5.0 (Linux; Android 7.0;) AppleWebKit/537.36 (HTML, like Gecko) Mobile Safari/537.36 (compatible; PetalBot;+https://webmaster.petalsearch.com/site/petalbot)"
184.94.212.206 - - [28/Apr/2026:07:58:18 +0000] "POST /wp-cron.php?doing_wp_cron=1777363098.2264719009399414062500 HTTP/1.1" 200 - "-" "WordPress/6.9.4; https://www.wrinkledskinrepair.com"
216.73.216.121 - - [28/Apr/2026:07:58:16 +0000] "GET /store/ HTTP/1.1" 200 46083 "-" "Mozilla/5.0 AppleWebKit/537.36 (KHTML, like Gecko; compatible; ClaudeBot/1.0; +claudebot@anthropic.com)"
184.94.212.206 - - [28/Apr/2026:07:58:27 +0000] "POST /wp-cron.php?doing_wp_cron=1777363107.2250220775604248046875 HTTP/1.1" 200 - "-" "WordPress/6.9.4; https://www.wrinkledskinrepair.com"
57.141.18.64 - - [28/Apr/2026:07:58:25 +0000] "GET /2019/06/10/proper-skin-care-for-you/ HTTP/1.1" 200 185968 "-" "meta-externalagent/1.1 (+https://developers.facebook.com/docs/sharing/webmasters/crawler)"
57.141.18.5 - - [28/Apr/2026:07:58:49 +0000] "GET /tag/skin-starts/ HTTP/1.1" 200 150528 "-" "meta-externalagent/1.1 (+https://developers.facebook.com/docs/sharing/webmasters/crawler)"
192.0.102.146 - - [28/Apr/2026:07:59:04 +0000] "HEAD / HTTP/1.1" 200 - "-" "jetmon/1.0 (Jetpack Site Uptime Monitor by WordPress.com)"
184.94.212.206 - - [28/Apr/2026:08:00:04 +0000] "POST /wp-cron.php?doing_wp_cron=1777363203.9372329711914062500000 HTTP/1.1" 200 - "-" "WordPress/6.9.4; https://www.wrinkledskinrepair.com"
216.73.216.121 - - [28/Apr/2026:08:00:00 +0000] "GET /sitemap.rss HTTP/1.1" 200 3441 "-" "Mozilla/5.0 AppleWebKit/537.36 (KHTML, like Gecko; compatible; ClaudeBot/1.0; +claudebot@anthropic.com)"
184.94.212.206 - - [28/Apr/2026:08:01:10 +0000] "POST /wp-cron.php?doing_wp_cron=1777363270.7949221134185791015625 HTTP/1.1" 200 - "-" "WordPress/6.9.4; https://www.wrinkledskinrepair.com"
114.119.146.179 - - [28/Apr/2026:08:01:09 +0000] "GET /2018/12/04/how-to-best-care-for-your-skin HTTP/1.1" 301 - "https://www.wrinkledskinrepair.com/2018/12/02/does-your-skin-need-help-try-these-tips" "Mozilla/5.0 (Linux; Android 7.0;) AppleWebKit/537.36 (HTML, like Gecko) Mobile Safari/537.36 (compatible; PetalBot;+https://webmaster.petalsearch.com/site/petalbot)"
114.119.146.179 - - [28/Apr/2026:08:01:11 +0000] "GET /2018/12/04/how-to-best-care-for-your-skin/ HTTP/1.1" 200 53612 "https://www.wrinkledskinrepair.com/2018/12/02/does-your-skin-need-help-try-these-tips" "Mozilla/5.0 (Linux; Android 7.0;) AppleWebKit/537.36 (HTML, like Gecko) Mobile Safari/537.36 (compatible; PetalBot;+https://webmaster.petalsearch.com/site/petalbot)"
184.94.212.206 - - [28/Apr/2026:08:03:32 +0000] "POST /wp-cron.php?doing_wp_cron=1777363412.3852469921112060546875 HTTP/1.1" 200 - "-" "WordPress/6.9.4; https://www.wrinkledskinrepair.com"
85.208.96.202 - - [28/Apr/2026:08:03:30 +0000] "GET /2020/06/25/tips-on-how-to-achieve-radiant-skin/ HTTP/1.1" 200 52980 "-" "Mozilla/5.0 (compatible; SemrushBot/7~bl; +http://www.semrush.com/bot.html)"
192.0.102.146 - - [28/Apr/2026:08:04:04 +0000] "HEAD / HTTP/1.1" 200 - "-" "jetmon/1.0 (Jetpack Site Uptime Monitor by WordPress.com)"
184.94.212.206 - - [28/Apr/2026:08:04:26 +0000] "POST /wp-cron.php?doing_wp_cron=1777363466.0424349308013916015625 HTTP/1.1" 200 - "-" "WordPress/6.9.4; https://www.wrinkledskinrepair.com"
114.119.142.210 - - [28/Apr/2026:08:04:24 +0000] "GET /2018/12/02/does-your-skin-need-help-try-these-tips?share=facebook HTTP/1.1" 302 - "https://www.wrinkledskinrepair.com/2018/12/02/does-your-skin-need-help-try-these-tips" "Mozilla/5.0 (Linux; Android 7.0;) AppleWebKit/537.36 (HTML, like Gecko) Mobile Safari/537.36 (compatible; PetalBot;+https://webmaster.petalsearch.com/site/petalbot)"
184.94.212.206 - - [28/Apr/2026:08:05:08 +0000] "POST /wp-cron.php?doing_wp_cron=1777363508.1213300228118896484375 HTTP/1.1" 200 - "-" "WordPress/6.9.4; https://www.wrinkledskinrepair.com"
57.141.18.11 - - [28/Apr/2026:08:05:06 +0000] "GET /tag/radiant-skin/ HTTP/1.1" 200 152602 "-" "meta-externalagent/1.1 (+https://developers.facebook.com/docs/sharing/webmasters/crawler)"
184.94.212.206 - - [28/Apr/2026:08:05:19 +0000] "POST /wp-cron.php?doing_wp_cron=1777363519.1022861003875732421875 HTTP/1.1" 200 - "-" "WordPress/6.9.4; https://www.wrinkledskinrepair.com"
15.235.98.19 - - [28/Apr/2026:08:05:17 +0000] "GET /tag/baking-soda/ HTTP/1.1" 200 49301 "-" "Mozilla/5.0 (compatible; AhrefsBot/7.0; +http://ahrefs.com/robot/)"
198.163.194.124 - - [28/Apr/2026:08:05:48 +0000] "GET /2019/05/31/care-for-your-skin-with-these-simple-tips/ HTTP/1.1" 200 53156 "-" "Mozilla/5.0 (Windows NT 10.0; Win64; x64) AppleWebKit/537.36 (KHTML, like Gecko) Chrome/78.0.3904.97 Safari/537.36"
185.191.171.5 - - [28/Apr/2026:08:05:48 +0000] "GET /2019/03/23/tips-to-resolve-your-skincare-issues-once-and-for-all/ HTTP/1.1" 200 53025 "-" "Mozilla/5.0 (compatible; SemrushBot/7~bl; +http://www.semrush.com/bot.html)"
57.141.18.62 - - [28/Apr/2026:08:06:39 +0000] "GET /2020/05/07/care-for-your-skin-by-following-these-tips/ HTTP/1.1" 200 189557 "-" "meta-externalagent/1.1 (+https://developers.facebook.com/docs/sharing/webmasters/crawler)"
216.73.216.121 - - [28/Apr/2026:08:07:11 +0000] "GET /sitemap.xml HTTP/1.1" 200 407 "-" "Mozilla/5.0 AppleWebKit/537.36 (KHTML, like Gecko; compatible; ClaudeBot/1.0; +claudebot@anthropic.com)"
184.94.212.206 - - [28/Apr/2026:08:07:36 +0000] "POST /wp-cron.php?doing_wp_cron=1777363656.9772648811340332031250 HTTP/1.1" 200 - "-" "WordPress/6.9.4; https://www.wrinkledskinrepair.com"
17.246.23.92 - - [28/Apr/2026:08:07:35 +0000] "GET /2019/05/28/learn-to-understand-your-skin-and-care-for-it-properly-3/?share=jetpack-whatsapp HTTP/1.1" 200 53508 "-" "Mozilla/5.0 (Macintosh; Intel Mac OS X 10_15_7) AppleWebKit/605.1.15 (KHTML, like Gecko) Version/17.4 Safari/605.1.15 (Applebot/0.1; +http://www.apple.com/go/applebot)"
114.119.144.64 - - [28/Apr/2026:08:07:41 +0000] "GET /2018/12/02/does-your-skin-need-help-try-these-tips/?share=facebook HTTP/1.1" 302 - "https://www.wrinkledskinrepair.com/2018/12/02/does-your-skin-need-help-try-these-tips" "Mozilla/5.0 (Linux; Android 7.0;) AppleWebKit/537.36 (HTML, like Gecko) Mobile Safari/537.36 (compatible; PetalBot;+https://webmaster.petalsearch.com/site/petalbot)"
184.94.212.206 - - [28/Apr/2026:08:08:41 +0000] "POST /wp-cron.php?doing_wp_cron=1777363721.1822149753570556640625 HTTP/1.1" 200 - "-" "WordPress/6.9.4; https://www.wrinkledskinrepair.com"
51.8.155.68 - - [28/Apr/2026:08:08:39 +0000] "GET / HTTP/1.1" 301 - "-" "Mozilla/5.0 AppleWebKit/537.36 (KHTML, like Gecko); compatible; ChatGPT-User/1.0; +https://openai.com/bot"
85.208.96.202 - - [28/Apr/2026:08:08:39 +0000] "GET /2019/06/27/tips-and-tricks-for-healthy-youthful-skin-2/ HTTP/1.1" 200 52468 "-" "Mozilla/5.0 (compatible; SemrushBot/7~bl; +http://www.semrush.com/bot.html)"
51.8.155.73 - - [28/Apr/2026:08:08:41 +0000] "GET / HTTP/1.1" 200 47736 "-" "Mozilla/5.0 AppleWebKit/537.36 (KHTML, like Gecko); compatible; ChatGPT-User/1.0; +https://openai.com/bot"
192.0.102.146 - - [28/Apr/2026:08:09:04 +0000] "HEAD / HTTP/1.1" 200 - "-" "jetmon/1.0 (Jetpack Site Uptime Monitor by WordPress.com)"
34.228.219.188 - - [28/Apr/2026:08:10:35 +0000] "GET /ads.txt HTTP/1.1" 200 58 "-" "Mozilla/5.0 (Windows NT 10.0; Win64; x64) AppleWebKit/537.36 (KHTML, like Gecko) Chrome/124.0.0.0 Safari/537.36"
184.94.212.206 - - [28/Apr/2026:08:10:49 +0000] "POST /wp-cron.php?doing_wp_cron=1777363849.7627620697021484375000 HTTP/1.1" 200 - "-" "WordPress/6.9.4; https://www.wrinkledskinrepair.com"
114.119.145.116 - - [28/Apr/2026:08:10:47 +0000] "GET /2018/12/02/does-your-skin-need-help-try-these-tips/ HTTP/1.1" 200 53735 "https://www.wrinkledskinrepair.com/author/beautyoftheworld/page/28" "Mozilla/5.0 (Linux; Android 7.0;) AppleWebKit/537.36 (HTML, like Gecko) Mobile Safari/537.36 (compatible; PetalBot;+https://webmaster.petalsearch.com/site/petalbot)"
184.94.212.206 - - [28/Apr/2026:08:11:32 +0000] "POST /wp-cron.php?doing_wp_cron=1777363892.1732261180877685546875 HTTP/1.1" 200 - "-" "WordPress/6.9.4; https://www.wrinkledskinrepair.com"
17.22.237.182 - - [28/Apr/2026:08:11:30 +0000] "GET /tag/skin-care-routine/feed/ HTTP/1.1" 200 22754 "-" "Mozilla/5.0 (Macintosh; Intel Mac OS X 10_15_7) AppleWebKit/605.1.15 (KHTML, like Gecko) Version/17.4 Safari/605.1.15 (Applebot/0.1; +http://www.apple.com/go/applebot)"
17.246.15.126 - - [28/Apr/2026:08:11:49 +0000] "GET /wp-content/themes/medical-spa/style.css?ver=1.0.7 HTTP/1.1" 200 5745 "https://www.wrinkledskinrepair.com/2019/05/28/learn-to-understand-your-skin-and-care-for-it-properly-3/?share=jetpack-whatsapp" "Mozilla/5.0 (Macintosh; Intel Mac OS X 10_15_7) AppleWebKit/605.1.15 (KHTML, like Gecko) Version/17.4 Safari/605.1.15 (Applebot/0.1; +http://www.apple.com/go/applebot)"
17.246.23.97 - - [28/Apr/2026:08:11:50 +0000] "GET /wp-content/themes/spa-and-salon/css/slick.min.css?ver=6.9.4 HTTP/1.1" 200 490 "https://www.wrinkledskinrepair.com/2019/05/28/learn-to-understand-your-skin-and-care-for-it-properly-3/?share=jetpack-whatsapp" "Mozilla/5.0 (Macintosh; Intel Mac OS X 10_15_7) AppleWebKit/605.1.15 (KHTML, like Gecko) Version/17.4 Safari/605.1.15 (Applebot/0.1; +http://www.apple.com/go/applebot)"
17.246.23.216 - - [28/Apr/2026:08:11:52 +0000] "GET /wp-content/themes/spa-and-salon/style.css?ver=6.9.4 HTTP/1.1" 200 13994 "https://www.wrinkledskinrepair.com/2019/05/28/learn-to-understand-your-skin-and-care-for-it-properly-3/?share=jetpack-whatsapp" "Mozilla/5.0 (Macintosh; Intel Mac OS X 10_15_7) AppleWebKit/605.1.15 (KHTML, like Gecko) Version/17.4 Safari/605.1.15 (Applebot/0.1; +http://www.apple.com/go/applebot)"
17.246.23.125 - - [28/Apr/2026:08:11:54 +0000] "GET /wp-content/plugins/complianz-gdpr/assets/css/cookieblocker.min.css?ver=1741710170 HTTP/1.1" 200 723 "https://www.wrinkledskinrepair.com/2019/05/28/learn-to-understand-your-skin-and-care-for-it-properly-3/?share=jetpack-whatsapp" "Mozilla/5.0 (Macintosh; Intel Mac OS X 10_15_7) AppleWebKit/605.1.15 (KHTML, like Gecko) Version/17.4 Safari/605.1.15 (Applebot/0.1; +http://www.apple.com/go/applebot)"
17.246.23.38 - - [28/Apr/2026:08:11:55 +0000] "GET /wp-content/themes/spa-and-salon/css/perfect-scrollbar.min.css?ver=6.9.4 HTTP/1.1" 200 494 "https://www.wrinkledskinrepair.com/2019/05/28/learn-to-understand-your-skin-and-care-for-it-properly-3/?share=jetpack-whatsapp" "Mozilla/5.0 (Macintosh; Intel Mac OS X 10_15_7) AppleWebKit/605.1.15 (KHTML, like Gecko) Version/17.4 Safari/605.1.15 (Applebot/0.1; +http://www.apple.com/go/applebot)"
17.246.23.194 - - [28/Apr/2026:08:11:57 +0000] "GET /wp-content/plugins/recent-posts-widget-with-thumbnails/public.css?ver=7.1.1 HTTP/1.1" 200 487 "https://www.wrinkledskinrepair.com/2019/05/28/learn-to-understand-your-skin-and-care-for-it-properly-3/?share=jetpack-whatsapp" "Mozilla/5.0 (Macintosh; Intel Mac OS X 10_15_7) AppleWebKit/605.1.15 (KHTML, like Gecko) Version/17.4 Safari/605.1.15 (Applebot/0.1; +http://www.apple.com/go/applebot)"
17.246.15.194 - - [28/Apr/2026:08:11:58 +0000] "GET /wp-content/plugins/tablepress/css/build/default.css?ver=3.3 HTTP/1.1" 200 1767 "https://www.wrinkledskinrepair.com/2019/05/28/learn-to-understand-your-skin-and-care-for-it-properly-3/?share=jetpack-whatsapp" "Mozilla/5.0 (Macintosh; Intel Mac OS X 10_15_7) AppleWebKit/605.1.15 (KHTML, like Gecko) Version/17.4 Safari/605.1.15 (Applebot/0.1; +http://www.apple.com/go/applebot)"
17.246.15.52 - - [28/Apr/2026:08:12:00 +0000] "GET /wp-content/plugins/jetpack/jetpack_vendor/automattic/jetpack-classic-theme-helper/dist/responsive-videos/responsive-videos.css?minify=false&ver=1a16f71f21c6d197f51b HTTP/1.1" 200 101 "https://www.wrinkledskinrepair.com/2019/05/28/learn-to-understand-your-skin-and-care-for-it-properly-3/?share=jetpack-whatsapp" "Mozilla/5.0 (Macintosh; Intel Mac OS X 10_15_7) AppleWebKit/605.1.15 (KHTML, like Gecko) Version/17.4 Safari/605.1.15 (Applebot/0.1; +http://www.apple.com/go/applebot)"
17.246.23.105 - - [28/Apr/2026:08:12:01 +0000] "GET /wp-content/plugins/wp-meta-and-date-remover/assets/js/inspector.js?ver=1.1 HTTP/1.1" 200 1455 "https://www.wrinkledskinrepair.com/2019/05/28/learn-to-understand-your-skin-and-care-for-it-properly-3/?share=jetpack-whatsapp" "Mozilla/5.0 (Macintosh; Intel Mac OS X 10_15_7) AppleWebKit/605.1.15 (KHTML, like Gecko) Version/17.4 Safari/605.1.15 (Applebot/0.1; +http://www.apple.com/go/applebot)"
17.246.23.18 - - [28/Apr/2026:08:12:02 +0000] "GET /wp-content/themes/spa-and-salon/js/all.min.js?ver=6.5.1 HTTP/1.1" 200 542300 "https://www.wrinkledskinrepair.com/2019/05/28/learn-to-understand-your-skin-and-care-for-it-properly-3/?share=jetpack-whatsapp" "Mozilla/5.0 (Macintosh; Intel Mac OS X 10_15_7) AppleWebKit/605.1.15 (KHTML, like Gecko) Version/17.4 Safari/605.1.15 (Applebot/0.1; +http://www.apple.com/go/applebot)"
17.246.19.152 - - [28/Apr/2026:08:12:03 +0000] "GET /wp-content/themes/spa-and-salon/js/v4-shims.min.js?ver=6.5.1 HTTP/1.1" 200 7909 "https://www.wrinkledskinrepair.com/2019/05/28/learn-to-understand-your-skin-and-care-for-it-properly-3/?share=jetpack-whatsapp" "Mozilla/5.0 (Macintosh; Intel Mac OS X 10_15_7) AppleWebKit/605.1.15 (KHTML, like Gecko) Version/17.4 Safari/605.1.15 (Applebot/0.1; +http://www.apple.com/go/applebot)"
159.89.94.245 - - [28/Apr/2026:08:12:02 +0000] "GET /wp-login.php HTTP/1.1" 200 4400 "-" "Mozilla/4.0 (compatible; MSIE 7.0; Windows NT 6.1; Trident/7.0; SLCC2; .NET CLR 2.0.50727; .NET CLR 3.5.30729; .NET CLR 3.0.30729; Media Center PC 6.0; .NET4.0C; .NET4.0E; GWX:QUALIFIED)"
17.246.15.164 - - [28/Apr/2026:08:12:04 +0000] "GET /wp-content/themes/spa-and-salon/js/modal-accessibility.min.js?ver=1.0.7 HTTP/1.1" 200 2033 "https://www.wrinkledskinrepair.com/2019/05/28/learn-to-understand-your-skin-and-care-for-it-properly-3/?share=jetpack-whatsapp" "Mozilla/5.0 (Macintosh; Intel Mac OS X 10_15_7) AppleWebKit/605.1.15 (KHTML, like Gecko) Version/17.4 Safari/605.1.15 (Applebot/0.1; +http://www.apple.com/go/applebot)"
159.89.94.245 - - [28/Apr/2026:08:12:04 +0000] "POST /wp-login.php HTTP/1.1" 200 4400 "https://www.wrinkledskinrepair.com/wp-login.php" "Mozilla/4.0 (compatible; MSIE 7.0; Windows NT 6.1; Trident/7.0; SLCC2; .NET CLR 2.0.50727; .NET CLR 3.5.30729; .NET CLR 3.0.30729; Media Center PC 6.0; .NET4.0C; .NET4.0E; GWX:QUALIFIED)"
17.246.19.94 - - [28/Apr/2026:08:12:05 +0000] "GET /wp-content/themes/spa-and-salon/js/slick.min.js?ver=2.6.0 HTTP/1.1" 200 10445 "https://www.wrinkledskinrepair.com/2019/05/28/learn-to-understand-your-skin-and-care-for-it-properly-3/?share=jetpack-whatsapp" "Mozilla/5.0 (Macintosh; Intel Mac OS X 10_15_7) AppleWebKit/605.1.15 (KHTML, like Gecko) Version/17.4 Safari/605.1.15 (Applebot/0.1; +http://www.apple.com/go/applebot)"
17.246.19.183 - - [28/Apr/2026:08:12:06 +0000] "GET /wp-content/themes/spa-and-salon/js/perfect-scrollbar.min.js?ver=1.0.7 HTTP/1.1" 200 5954 "https://www.wrinkledskinrepair.com/2019/05/28/learn-to-understand-your-skin-and-care-for-it-properly-3/?share=jetpack-whatsapp" "Mozilla/5.0 (Macintosh; Intel Mac OS X 10_15_7) AppleWebKit/605.1.15 (KHTML, like Gecko) Version/17.4 Safari/605.1.15 (Applebot/0.1; +http://www.apple.com/go/applebot)"
17.246.23.15 - - [28/Apr/2026:08:12:08 +0000] "GET /wp-content/themes/spa-and-salon/js/custom.min.js?ver=1.0.7 HTTP/1.1" 200 567 "https://www.wrinkledskinrepair.com/2019/05/28/learn-to-understand-your-skin-and-care-for-it-properly-3/?share=jetpack-whatsapp" "Mozilla/5.0 (Macintosh; Intel Mac OS X 10_15_7) AppleWebKit/605.1.15 (KHTML, like Gecko) Version/17.4 Safari/605.1.15 (Applebot/0.1; +http://www.apple.com/go/applebot)"
17.246.15.161 - - [28/Apr/2026:08:12:09 +0000] "GET /wp-content/plugins/google-site-kit/dist/assets/js/googlesitekit-consent-mode-bc2e26cfa69fcd4a8261.js HTTP/1.1" 200 25395 "https://www.wrinkledskinrepair.com/2019/05/28/learn-to-understand-your-skin-and-care-for-it-properly-3/?share=jetpack-whatsapp" "Mozilla/5.0 (Macintosh; Intel Mac OS X 10_15_7) AppleWebKit/605.1.15 (KHTML, like Gecko) Version/17.4 Safari/605.1.15 (Applebot/0.1; +http://www.apple.com/go/applebot)"
