168.144.95.241 - - [28/Apr/2026:10:44:38 +0000] "POST /wp-login.php HTTP/1.1" 401 1466 "https://wrinkledskinrepair.com/wp-login.php" "Mozilla/5.0 (Macintosh; Intel Mac OS X 13_6_1) AppleWebKit/605.1.15 (KHTML, like Gecko) Version/17.1 Safari/605.1.15"
184.94.212.206 - - [28/Apr/2026:10:44:44 +0000] "POST /wp-cron.php?doing_wp_cron=1777373084.0035040378570556640625 HTTP/1.1" 200 - "-" "WordPress/6.9.4; https://www.wrinkledskinrepair.com"
168.144.95.241 - - [28/Apr/2026:10:44:42 +0000] "GET /wp-admin/index.php HTTP/1.1" 302 - "https://wrinkledskinrepair.com/wp-login.php" "Mozilla/5.0 (Macintosh; Intel Mac OS X 13_6_1) AppleWebKit/537.36 (KHTML, like Gecko) Chrome/120.0.0.0 Safari/537.36"
168.144.95.241 - - [28/Apr/2026:10:44:45 +0000] "GET /wp-login.php?redirect_to=https%3A%2F%2Fwrinkledskinrepair.com%2Fwp-admin%2Findex.php&reauth=1 HTTP/1.1" 200 3411 "https://wrinkledskinrepair.com/wp-login.php" "Mozilla/5.0 (Macintosh; Intel Mac OS X 13_6_1) AppleWebKit/537.36 (KHTML, like Gecko) Chrome/120.0.0.0 Safari/537.36"
168.144.95.241 - - [28/Apr/2026:10:44:46 +0000] "POST /wp-login.php HTTP/1.1" 401 1465 "https://wrinkledskinrepair.com/wp-login.php" "Mozilla/5.0 (Windows NT 11.0; Win64; x64; rv:118.0) Gecko/20100101 Firefox/118.0"
168.144.95.241 - - [28/Apr/2026:10:44:48 +0000] "GET /wp-admin/index.php HTTP/1.1" 302 - "https://wrinkledskinrepair.com/wp-login.php" "Mozilla/5.0 (Macintosh; Intel Mac OS X 10_15_7; rv:121.0) Gecko/20100101 Firefox/121.0"
168.144.95.241 - - [28/Apr/2026:10:44:49 +0000] "GET /wp-login.php?redirect_to=https%3A%2F%2Fwrinkledskinrepair.com%2Fwp-admin%2Findex.php&reauth=1 HTTP/1.1" 200 3409 "https://wrinkledskinrepair.com/wp-login.php" "Mozilla/5.0 (Macintosh; Intel Mac OS X 10_15_7; rv:121.0) Gecko/20100101 Firefox/121.0"
168.144.95.241 - - [28/Apr/2026:10:44:50 +0000] "POST /wp-login.php HTTP/1.1" 401 1465 "https://wrinkledskinrepair.com/wp-login.php" "Mozilla/5.0 (Windows NT 11.0; Win64; x64) AppleWebKit/537.36 (KHTML, like Gecko) Chrome/118.0.0.0 Safari/537.36"
168.144.95.241 - - [28/Apr/2026:10:44:52 +0000] "GET /wp-admin/index.php HTTP/1.1" 302 - "https://wrinkledskinrepair.com/wp-login.php" "Mozilla/5.0 (Windows NT 11.0; Win64; x64; rv:121.0) Gecko/20100101 Firefox/121.0"
168.144.95.241 - - [28/Apr/2026:10:44:53 +0000] "GET /wp-login.php?redirect_to=https%3A%2F%2Fwrinkledskinrepair.com%2Fwp-admin%2Findex.php&reauth=1 HTTP/1.1" 200 3411 "https://wrinkledskinrepair.com/wp-login.php" "Mozilla/5.0 (Windows NT 11.0; Win64; x64; rv:121.0) Gecko/20100101 Firefox/121.0"
168.144.95.241 - - [28/Apr/2026:10:44:55 +0000] "POST /wp-login.php HTTP/1.1" 401 1465 "https://wrinkledskinrepair.com/wp-login.php" "Mozilla/5.0 (Windows NT 11.0; Win64; x64) AppleWebKit/537.36 (KHTML, like Gecko) Chrome/119.0.0.0 Safari/537.36"
168.144.95.241 - - [28/Apr/2026:10:44:56 +0000] "GET /wp-admin/index.php HTTP/1.1" 302 - "https://wrinkledskinrepair.com/wp-login.php" "Mozilla/5.0 (Windows NT 11.0; Win64; x64) AppleWebKit/537.36 (KHTML, like Gecko) Chrome/121.0.0.0 Safari/537.36"
168.144.95.241 - - [28/Apr/2026:10:44:58 +0000] "GET /wp-login.php?redirect_to=https%3A%2F%2Fwrinkledskinrepair.com%2Fwp-admin%2Findex.php&reauth=1 HTTP/1.1" 200 3411 "https://wrinkledskinrepair.com/wp-login.php" "Mozilla/5.0 (Windows NT 11.0; Win64; x64) AppleWebKit/537.36 (KHTML, like Gecko) Chrome/121.0.0.0 Safari/537.36"
168.144.95.241 - - [28/Apr/2026:10:44:59 +0000] "POST /wp-login.php HTTP/1.1" 401 1465 "https://wrinkledskinrepair.com/wp-login.php" "Mozilla/5.0 (Macintosh; Intel Mac OS X 13_6_1) AppleWebKit/537.36 (KHTML, like Gecko) Chrome/119.0.0.0 Safari/537.36"
168.144.95.241 - - [28/Apr/2026:10:45:00 +0000] "GET /wp-admin/index.php HTTP/1.1" 302 - "https://wrinkledskinrepair.com/wp-login.php" "Mozilla/5.0 (Windows NT 10.0; Win64; x64; rv:121.0) Gecko/20100101 Firefox/121.0"
168.144.95.241 - - [28/Apr/2026:10:45:02 +0000] "GET /wp-login.php?redirect_to=https%3A%2F%2Fwrinkledskinrepair.com%2Fwp-admin%2Findex.php&reauth=1 HTTP/1.1" 200 3410 "https://wrinkledskinrepair.com/wp-login.php" "Mozilla/5.0 (Windows NT 10.0; Win64; x64; rv:121.0) Gecko/20100101 Firefox/121.0"
168.144.95.241 - - [28/Apr/2026:10:45:04 +0000] "POST /wp-login.php HTTP/1.1" 401 1464 "https://wrinkledskinrepair.com/wp-login.php" "Mozilla/5.0 (X11; Linux x86_64) AppleWebKit/537.36 (KHTML, like Gecko) Chrome/119.0.0.0 Safari/537.36"
184.94.212.206 - - [28/Apr/2026:10:45:09 +0000] "POST /wp-cron.php?doing_wp_cron=1777373109.0455119609832763671875 HTTP/1.1" 200 - "-" "WordPress/6.9.4; https://www.wrinkledskinrepair.com"
185.191.171.8 - - [28/Apr/2026:10:45:07 +0000] "GET /2019/05/14/try-these-skin-care-tips-for-healthier-skin/ HTTP/1.1" 200 52721 "-" "Mozilla/5.0 (compatible; SemrushBot/7~bl; +http://www.semrush.com/bot.html)"
168.144.95.241 - - [28/Apr/2026:10:45:08 +0000] "GET /wp-admin/index.php HTTP/1.1" 302 - "https://wrinkledskinrepair.com/wp-login.php" "Mozilla/5.0 (X11; Ubuntu; Linux x86_64) AppleWebKit/537.36 (KHTML, like Gecko) Chrome/119.0.0.0 Safari/537.36"
168.144.95.241 - - [28/Apr/2026:10:45:10 +0000] "GET /wp-login.php?redirect_to=https%3A%2F%2Fwrinkledskinrepair.com%2Fwp-admin%2Findex.php&reauth=1 HTTP/1.1" 200 3410 "https://wrinkledskinrepair.com/wp-login.php" "Mozilla/5.0 (X11; Ubuntu; Linux x86_64) AppleWebKit/537.36 (KHTML, like Gecko) Chrome/119.0.0.0 Safari/537.36"
168.144.95.241 - - [28/Apr/2026:10:45:12 +0000] "POST /wp-login.php HTTP/1.1" 401 1466 "https://wrinkledskinrepair.com/wp-login.php" "Mozilla/5.0 (Windows NT 11.0; Win64; x64) AppleWebKit/537.36 (KHTML, like Gecko) Chrome/118.0.0.0 Safari/537.36"
168.144.95.241 - - [28/Apr/2026:10:45:13 +0000] "GET /wp-admin/index.php HTTP/1.1" 302 - "https://wrinkledskinrepair.com/wp-login.php" "Mozilla/5.0 (Macintosh; Intel Mac OS X 13_6_1) AppleWebKit/605.1.15 (KHTML, like Gecko) Version/17.0 Safari/605.1.15"
168.144.95.241 - - [28/Apr/2026:10:45:14 +0000] "GET /wp-login.php?redirect_to=https%3A%2F%2Fwrinkledskinrepair.com%2Fwp-admin%2Findex.php&reauth=1 HTTP/1.1" 200 3411 "https://wrinkledskinrepair.com/wp-login.php" "Mozilla/5.0 (Macintosh; Intel Mac OS X 13_6_1) AppleWebKit/605.1.15 (KHTML, like Gecko) Version/17.0 Safari/605.1.15"
168.144.95.241 - - [28/Apr/2026:10:45:16 +0000] "POST /wp-login.php HTTP/1.1" 401 1465 "https://wrinkledskinrepair.com/wp-login.php" "Mozilla/5.0 (Macintosh; Intel Mac OS X 13_6_1) AppleWebKit/537.36 (KHTML, like Gecko) Chrome/121.0.0.0 Safari/537.36"
184.94.212.206 - - [28/Apr/2026:10:45:19 +0000] "POST /wp-cron.php?doing_wp_cron=1777373119.0165979862213134765625 HTTP/1.1" 200 - "-" "WordPress/6.9.4; https://www.wrinkledskinrepair.com"
168.144.95.241 - - [28/Apr/2026:10:45:17 +0000] "GET /wp-admin/index.php HTTP/1.1" 302 - "https://wrinkledskinrepair.com/wp-login.php" "Mozilla/5.0 (Windows NT 11.0; Win64; x64; rv:120.0) Gecko/20100101 Firefox/120.0"
168.144.95.241 - - [28/Apr/2026:10:45:19 +0000] "GET /wp-login.php?redirect_to=https%3A%2F%2Fwrinkledskinrepair.com%2Fwp-admin%2Findex.php&reauth=1 HTTP/1.1" 200 3410 "https://wrinkledskinrepair.com/wp-login.php" "Mozilla/5.0 (Windows NT 11.0; Win64; x64; rv:120.0) Gecko/20100101 Firefox/120.0"
168.144.95.241 - - [28/Apr/2026:10:45:20 +0000] "POST /wp-login.php HTTP/1.1" 401 1466 "https://wrinkledskinrepair.com/wp-login.php" "Mozilla/5.0 (X11; Linux x86_64) AppleWebKit/537.36 (KHTML, like Gecko) Chrome/119.0.0.0 Safari/537.36"
168.144.95.241 - - [28/Apr/2026:10:45:22 +0000] "GET /wp-admin/index.php HTTP/1.1" 302 - "https://wrinkledskinrepair.com/wp-login.php" "Mozilla/5.0 (Windows NT 11.0; Win64; x64) AppleWebKit/537.36 (KHTML, like Gecko) Chrome/118.0.0.0 Safari/537.36"
168.144.95.241 - - [28/Apr/2026:10:45:23 +0000] "GET /wp-login.php?redirect_to=https%3A%2F%2Fwrinkledskinrepair.com%2Fwp-admin%2Findex.php&reauth=1 HTTP/1.1" 200 3411 "https://wrinkledskinrepair.com/wp-login.php" "Mozilla/5.0 (Windows NT 11.0; Win64; x64) AppleWebKit/537.36 (KHTML, like Gecko) Chrome/118.0.0.0 Safari/537.36"
168.144.95.241 - - [28/Apr/2026:10:45:25 +0000] "POST /wp-login.php HTTP/1.1" 401 1466 "https://wrinkledskinrepair.com/wp-login.php" "Mozilla/5.0 (Macintosh; Intel Mac OS X 10_15_7) AppleWebKit/537.36 (KHTML, like Gecko) Chrome/121.0.0.0 Safari/537.36"
168.144.95.241 - - [28/Apr/2026:10:45:26 +0000] "GET /wp-admin/index.php HTTP/1.1" 302 - "https://wrinkledskinrepair.com/wp-login.php" "Mozilla/5.0 (Macintosh; Intel Mac OS X 10_15_7) AppleWebKit/537.36 (KHTML, like Gecko) Chrome/120.0.0.0 Safari/537.36"
168.144.95.241 - - [28/Apr/2026:10:45:28 +0000] "GET /wp-login.php?redirect_to=https%3A%2F%2Fwrinkledskinrepair.com%2Fwp-admin%2Findex.php&reauth=1 HTTP/1.1" 200 3410 "https://wrinkledskinrepair.com/wp-login.php" "Mozilla/5.0 (Macintosh; Intel Mac OS X 10_15_7) AppleWebKit/537.36 (KHTML, like Gecko) Chrome/120.0.0.0 Safari/537.36"
168.144.95.241 - - [28/Apr/2026:10:45:29 +0000] "POST /wp-login.php HTTP/1.1" 401 1465 "https://wrinkledskinrepair.com/wp-login.php" "Mozilla/5.0 (Windows NT 10.0; Win64; x64) AppleWebKit/537.36 (KHTML, like Gecko) Chrome/119.0.0.0 Safari/537.36"
168.144.95.241 - - [28/Apr/2026:10:45:30 +0000] "GET /wp-admin/index.php HTTP/1.1" 302 - "https://wrinkledskinrepair.com/wp-login.php" "Mozilla/5.0 (Macintosh; Intel Mac OS X 13_6_1) AppleWebKit/605.1.15 (KHTML, like Gecko) Version/16.6 Safari/605.1.15"
168.144.95.241 - - [28/Apr/2026:10:45:32 +0000] "GET /wp-login.php?redirect_to=https%3A%2F%2Fwrinkledskinrepair.com%2Fwp-admin%2Findex.php&reauth=1 HTTP/1.1" 200 3410 "https://wrinkledskinrepair.com/wp-login.php" "Mozilla/5.0 (Macintosh; Intel Mac OS X 13_6_1) AppleWebKit/605.1.15 (KHTML, like Gecko) Version/16.6 Safari/605.1.15"
168.144.95.241 - - [28/Apr/2026:10:45:33 +0000] "POST /wp-login.php HTTP/1.1" 401 1465 "https://wrinkledskinrepair.com/wp-login.php" "Mozilla/5.0 (Windows NT 11.0; Win64; x64) AppleWebKit/537.36 (KHTML, like Gecko) Chrome/120.0.0.0 Safari/537.36"
168.144.95.241 - - [28/Apr/2026:10:45:34 +0000] "GET /wp-admin/index.php HTTP/1.1" 302 - "https://wrinkledskinrepair.com/wp-login.php" "Mozilla/5.0 (X11; Ubuntu; Linux x86_64) AppleWebKit/537.36 (KHTML, like Gecko) Chrome/120.0.0.0 Safari/537.36"
168.144.95.241 - - [28/Apr/2026:10:45:36 +0000] "GET /wp-login.php?redirect_to=https%3A%2F%2Fwrinkledskinrepair.com%2Fwp-admin%2Findex.php&reauth=1 HTTP/1.1" 200 3410 "https://wrinkledskinrepair.com/wp-login.php" "Mozilla/5.0 (X11; Ubuntu; Linux x86_64) AppleWebKit/537.36 (KHTML, like Gecko) Chrome/120.0.0.0 Safari/537.36"
168.144.95.241 - - [28/Apr/2026:10:45:37 +0000] "POST /wp-login.php HTTP/1.1" 401 1466 "https://wrinkledskinrepair.com/wp-login.php" "Mozilla/5.0 (Macintosh; Intel Mac OS X 13_6_1) AppleWebKit/605.1.15 (KHTML, like Gecko) Version/16.6 Safari/605.1.15"
168.144.95.241 - - [28/Apr/2026:10:45:39 +0000] "GET /wp-admin/index.php HTTP/1.1" 302 - "https://wrinkledskinrepair.com/wp-login.php" "Mozilla/5.0 (Macintosh; Intel Mac OS X 13_6_1) AppleWebKit/605.1.15 (KHTML, like Gecko) Version/16.6 Safari/605.1.15"
168.144.95.241 - - [28/Apr/2026:10:45:40 +0000] "GET /wp-login.php?redirect_to=https%3A%2F%2Fwrinkledskinrepair.com%2Fwp-admin%2Findex.php&reauth=1 HTTP/1.1" 200 3409 "https://wrinkledskinrepair.com/wp-login.php" "Mozilla/5.0 (Macintosh; Intel Mac OS X 13_6_1) AppleWebKit/605.1.15 (KHTML, like Gecko) Version/16.6 Safari/605.1.15"
168.144.95.241 - - [28/Apr/2026:10:45:41 +0000] "POST /wp-login.php HTTP/1.1" 401 1466 "https://wrinkledskinrepair.com/wp-login.php" "Mozilla/5.0 (Macintosh; Intel Mac OS X 10_15_7) AppleWebKit/537.36 (KHTML, like Gecko) Chrome/118.0.0.0 Safari/537.36"
114.119.157.239 - - [28/Apr/2026:10:45:42 +0000] "GET /author/beautyoftheworld/page/23/ HTTP/1.1" 200 48886 "https://www.wrinkledskinrepair.com/author/beautyoftheworld/page/23/" "Mozilla/5.0 (Linux; Android 7.0;) AppleWebKit/537.36 (HTML, like Gecko) Mobile Safari/537.36 (compatible; PetalBot;+https://webmaster.petalsearch.com/site/petalbot)"
168.144.95.241 - - [28/Apr/2026:10:45:43 +0000] "GET /wp-admin/index.php HTTP/1.1" 302 - "https://wrinkledskinrepair.com/wp-login.php" "Mozilla/5.0 (Macintosh; Intel Mac OS X 10_15_7) AppleWebKit/605.1.15 (KHTML, like Gecko) Version/17.0 Safari/605.1.15"
168.144.95.241 - - [28/Apr/2026:10:45:44 +0000] "GET /wp-login.php?redirect_to=https%3A%2F%2Fwrinkledskinrepair.com%2Fwp-admin%2Findex.php&reauth=1 HTTP/1.1" 200 3409 "https://wrinkledskinrepair.com/wp-login.php" "Mozilla/5.0 (Macintosh; Intel Mac OS X 10_15_7) AppleWebKit/605.1.15 (KHTML, like Gecko) Version/17.0 Safari/605.1.15"
168.144.95.241 - - [28/Apr/2026:10:45:46 +0000] "POST /wp-login.php HTTP/1.1" 401 1465 "https://wrinkledskinrepair.com/wp-login.php" "Mozilla/5.0 (Macintosh; Intel Mac OS X 13_6_1) AppleWebKit/605.1.15 (KHTML, like Gecko) Version/17.1 Safari/605.1.15"
142.44.225.148 - - [28/Apr/2026:10:45:46 +0000] "GET /tag/to-protect/feed/ HTTP/1.1" 200 5860 "-" "Mozilla/5.0 (compatible; AhrefsBot/7.0; +http://ahrefs.com/robot/)"
168.144.95.241 - - [28/Apr/2026:10:45:47 +0000] "GET /wp-admin/index.php HTTP/1.1" 302 - "https://wrinkledskinrepair.com/wp-login.php" "Mozilla/5.0 (Macintosh; Intel Mac OS X 13_6_1; rv:118.0) Gecko/20100101 Firefox/118.0"
168.144.95.241 - - [28/Apr/2026:10:45:48 +0000] "GET /wp-login.php?redirect_to=https%3A%2F%2Fwrinkledskinrepair.com%2Fwp-admin%2Findex.php&reauth=1 HTTP/1.1" 200 3411 "https://wrinkledskinrepair.com/wp-login.php" "Mozilla/5.0 (Macintosh; Intel Mac OS X 13_6_1; rv:118.0) Gecko/20100101 Firefox/118.0"
168.144.95.241 - - [28/Apr/2026:10:45:50 +0000] "POST /wp-login.php HTTP/1.1" 401 1465 "https://wrinkledskinrepair.com/wp-login.php" "Mozilla/5.0 (Windows NT 11.0; Win64; x64) AppleWebKit/537.36 (KHTML, like Gecko) Chrome/121.0.0.0 Safari/537.36"
168.144.95.241 - - [28/Apr/2026:10:45:51 +0000] "GET /wp-admin/index.php HTTP/1.1" 302 - "https://wrinkledskinrepair.com/wp-login.php" "Mozilla/5.0 (Windows NT 11.0; Win64; x64; rv:119.0) Gecko/20100101 Firefox/119.0"
168.144.95.241 - - [28/Apr/2026:10:45:52 +0000] "GET /wp-login.php?redirect_to=https%3A%2F%2Fwrinkledskinrepair.com%2Fwp-admin%2Findex.php&reauth=1 HTTP/1.1" 200 3411 "https://wrinkledskinrepair.com/wp-login.php" "Mozilla/5.0 (Windows NT 11.0; Win64; x64; rv:119.0) Gecko/20100101 Firefox/119.0"
168.144.95.241 - - [28/Apr/2026:10:45:54 +0000] "POST /wp-login.php HTTP/1.1" 401 1465 "https://wrinkledskinrepair.com/wp-login.php" "Mozilla/5.0 (Macintosh; Intel Mac OS X 10_15_7; rv:118.0) Gecko/20100101 Firefox/118.0"
168.144.95.241 - - [28/Apr/2026:10:45:55 +0000] "GET /wp-admin/index.php HTTP/1.1" 302 - "https://wrinkledskinrepair.com/wp-login.php" "Mozilla/5.0 (Macintosh; Intel Mac OS X 13_6_1) AppleWebKit/605.1.15 (KHTML, like Gecko) Version/17.1 Safari/605.1.15"
168.144.95.241 - - [28/Apr/2026:10:45:57 +0000] "GET /wp-login.php?redirect_to=https%3A%2F%2Fwrinkledskinrepair.com%2Fwp-admin%2Findex.php&reauth=1 HTTP/1.1" 200 3411 "https://wrinkledskinrepair.com/wp-login.php" "Mozilla/5.0 (Macintosh; Intel Mac OS X 13_6_1) AppleWebKit/605.1.15 (KHTML, like Gecko) Version/17.1 Safari/605.1.15"
168.144.95.241 - - [28/Apr/2026:10:45:58 +0000] "POST /wp-login.php HTTP/1.1" 401 1466 "https://wrinkledskinrepair.com/wp-login.php" "Mozilla/5.0 (Macintosh; Intel Mac OS X 13_6_1) AppleWebKit/537.36 (KHTML, like Gecko) Chrome/119.0.0.0 Safari/537.36"
168.144.95.241 - - [28/Apr/2026:10:45:59 +0000] "GET /wp-admin/index.php HTTP/1.1" 302 - "https://wrinkledskinrepair.com/wp-login.php" "Mozilla/5.0 (X11; Ubuntu; Linux x86_64) AppleWebKit/537.36 (KHTML, like Gecko) Chrome/118.0.0.0 Safari/537.36"
168.144.95.241 - - [28/Apr/2026:10:46:01 +0000] "GET /wp-login.php?redirect_to=https%3A%2F%2Fwrinkledskinrepair.com%2Fwp-admin%2Findex.php&reauth=1 HTTP/1.1" 200 3411 "https://wrinkledskinrepair.com/wp-login.php" "Mozilla/5.0 (X11; Ubuntu; Linux x86_64) AppleWebKit/537.36 (KHTML, like Gecko) Chrome/118.0.0.0 Safari/537.36"
168.144.95.241 - - [28/Apr/2026:10:46:03 +0000] "POST /wp-login.php HTTP/1.1" 401 1466 "https://wrinkledskinrepair.com/wp-login.php" "Mozilla/5.0 (Macintosh; Intel Mac OS X 13_6_1) AppleWebKit/605.1.15 (KHTML, like Gecko) Version/16.6 Safari/605.1.15"
168.144.95.241 - - [28/Apr/2026:10:46:04 +0000] "GET /wp-admin/index.php HTTP/1.1" 302 - "https://wrinkledskinrepair.com/wp-login.php" "Mozilla/5.0 (Macintosh; Intel Mac OS X 13_6_1) AppleWebKit/537.36 (KHTML, like Gecko) Chrome/119.0.0.0 Safari/537.36"
168.144.95.241 - - [28/Apr/2026:10:46:06 +0000] "GET /wp-login.php?redirect_to=https%3A%2F%2Fwrinkledskinrepair.com%2Fwp-admin%2Findex.php&reauth=1 HTTP/1.1" 200 3409 "https://wrinkledskinrepair.com/wp-login.php" "Mozilla/5.0 (Macintosh; Intel Mac OS X 13_6_1) AppleWebKit/537.36 (KHTML, like Gecko) Chrome/119.0.0.0 Safari/537.36"
168.144.95.241 - - [28/Apr/2026:10:46:07 +0000] "POST /wp-login.php HTTP/1.1" 401 1466 "https://wrinkledskinrepair.com/wp-login.php" "Mozilla/5.0 (Macintosh; Intel Mac OS X 13_6_1) AppleWebKit/605.1.15 (KHTML, like Gecko) Version/17.1 Safari/605.1.15"
168.144.95.241 - - [28/Apr/2026:10:46:08 +0000] "GET /wp-admin/index.php HTTP/1.1" 302 - "https://wrinkledskinrepair.com/wp-login.php" "Mozilla/5.0 (Macintosh; Intel Mac OS X 13_6_1) AppleWebKit/537.36 (KHTML, like Gecko) Chrome/119.0.0.0 Safari/537.36"
168.144.95.241 - - [28/Apr/2026:10:46:13 +0000] "GET /wp-login.php?redirect_to=https%3A%2F%2Fwrinkledskinrepair.com%2Fwp-admin%2Findex.php&reauth=1 HTTP/1.1" 200 3408 "https://wrinkledskinrepair.com/wp-login.php" "Mozilla/5.0 (Macintosh; Intel Mac OS X 13_6_1) AppleWebKit/537.36 (KHTML, like Gecko) Chrome/119.0.0.0 Safari/537.36"
168.144.95.241 - - [28/Apr/2026:10:46:16 +0000] "POST /wp-login.php HTTP/1.1" 401 1466 "https://wrinkledskinrepair.com/wp-login.php" "Mozilla/5.0 (Macintosh; Intel Mac OS X 13_6_1) AppleWebKit/537.36 (KHTML, like Gecko) Chrome/120.0.0.0 Safari/537.36"
184.94.212.206 - - [28/Apr/2026:10:46:18 +0000] "POST /wp-cron.php?doing_wp_cron=1777373178.5825130939483642578125 HTTP/1.1" 200 - "-" "WordPress/6.9.4; https://www.wrinkledskinrepair.com"
168.144.95.241 - - [28/Apr/2026:10:46:17 +0000] "GET /wp-admin/index.php HTTP/1.1" 302 - "https://wrinkledskinrepair.com/wp-login.php" "Mozilla/5.0 (Macintosh; Intel Mac OS X 10_15_7) AppleWebKit/605.1.15 (KHTML, like Gecko) Version/17.1 Safari/605.1.15"
168.144.95.241 - - [28/Apr/2026:10:46:18 +0000] "GET /wp-login.php?redirect_to=https%3A%2F%2Fwrinkledskinrepair.com%2Fwp-admin%2Findex.php&reauth=1 HTTP/1.1" 200 3412 "https://wrinkledskinrepair.com/wp-login.php" "Mozilla/5.0 (Macintosh; Intel Mac OS X 10_15_7) AppleWebKit/605.1.15 (KHTML, like Gecko) Version/17.1 Safari/605.1.15"
168.144.95.241 - - [28/Apr/2026:10:46:20 +0000] "POST /wp-login.php HTTP/1.1" 401 1467 "https://wrinkledskinrepair.com/wp-login.php" "Mozilla/5.0 (X11; Ubuntu; Linux x86_64) AppleWebKit/537.36 (KHTML, like Gecko) Chrome/121.0.0.0 Safari/537.36"
168.144.95.241 - - [28/Apr/2026:10:46:21 +0000] "GET /wp-admin/index.php HTTP/1.1" 302 - "https://wrinkledskinrepair.com/wp-login.php" "Mozilla/5.0 (Macintosh; Intel Mac OS X 13_6_1) AppleWebKit/537.36 (KHTML, like Gecko) Chrome/119.0.0.0 Safari/537.36"
168.144.95.241 - - [28/Apr/2026:10:46:23 +0000] "GET /wp-login.php?redirect_to=https%3A%2F%2Fwrinkledskinrepair.com%2Fwp-admin%2Findex.php&reauth=1 HTTP/1.1" 200 3411 "https://wrinkledskinrepair.com/wp-login.php" "Mozilla/5.0 (Macintosh; Intel Mac OS X 13_6_1) AppleWebKit/537.36 (KHTML, like Gecko) Chrome/119.0.0.0 Safari/537.36"
168.144.95.241 - - [28/Apr/2026:10:46:24 +0000] "POST /wp-login.php HTTP/1.1" 401 1466 "https://wrinkledskinrepair.com/wp-login.php" "Mozilla/5.0 (Macintosh; Intel Mac OS X 13_6_1; rv:119.0) Gecko/20100101 Firefox/119.0"
168.144.95.241 - - [28/Apr/2026:10:46:25 +0000] "GET /wp-admin/index.php HTTP/1.1" 302 - "https://wrinkledskinrepair.com/wp-login.php" "Mozilla/5.0 (Windows NT 11.0; Win64; x64; rv:121.0) Gecko/20100101 Firefox/121.0"
168.144.95.241 - - [28/Apr/2026:10:46:27 +0000] "GET /wp-login.php?redirect_to=https%3A%2F%2Fwrinkledskinrepair.com%2Fwp-admin%2Findex.php&reauth=1 HTTP/1.1" 200 3411 "https://wrinkledskinrepair.com/wp-login.php" "Mozilla/5.0 (Windows NT 11.0; Win64; x64; rv:121.0) Gecko/20100101 Firefox/121.0"
168.144.95.241 - - [28/Apr/2026:10:46:31 +0000] "POST /wp-login.php HTTP/1.1" 401 1466 "https://wrinkledskinrepair.com/wp-login.php" "Mozilla/5.0 (Macintosh; Intel Mac OS X 10_15_7) AppleWebKit/537.36 (KHTML, like Gecko) Chrome/121.0.0.0 Safari/537.36"
168.144.95.241 - - [28/Apr/2026:10:46:32 +0000] "GET /wp-admin/index.php HTTP/1.1" 302 - "https://wrinkledskinrepair.com/wp-login.php" "Mozilla/5.0 (Windows NT 11.0; Win64; x64) AppleWebKit/537.36 (KHTML, like Gecko) Chrome/121.0.0.0 Safari/537.36"
168.144.95.241 - - [28/Apr/2026:10:46:34 +0000] "GET /wp-login.php?redirect_to=https%3A%2F%2Fwrinkledskinrepair.com%2Fwp-admin%2Findex.php&reauth=1 HTTP/1.1" 200 3411 "https://wrinkledskinrepair.com/wp-login.php" "Mozilla/5.0 (Windows NT 11.0; Win64; x64) AppleWebKit/537.36 (KHTML, like Gecko) Chrome/121.0.0.0 Safari/537.36"
168.144.95.241 - - [28/Apr/2026:10:46:36 +0000] "POST /wp-login.php HTTP/1.1" 401 1465 "https://wrinkledskinrepair.com/wp-login.php" "Mozilla/5.0 (Windows NT 11.0; Win64; x64; rv:118.0) Gecko/20100101 Firefox/118.0"
168.144.95.241 - - [28/Apr/2026:10:46:37 +0000] "GET /wp-admin/index.php HTTP/1.1" 302 - "https://wrinkledskinrepair.com/wp-login.php" "Mozilla/5.0 (Macintosh; Intel Mac OS X 10_15_7) AppleWebKit/605.1.15 (KHTML, like Gecko) Version/17.2 Safari/605.1.15"
168.144.95.241 - - [28/Apr/2026:10:46:38 +0000] "GET /wp-login.php?redirect_to=https%3A%2F%2Fwrinkledskinrepair.com%2Fwp-admin%2Findex.php&reauth=1 HTTP/1.1" 200 3411 "https://wrinkledskinrepair.com/wp-login.php" "Mozilla/5.0 (Macintosh; Intel Mac OS X 10_15_7) AppleWebKit/605.1.15 (KHTML, like Gecko) Version/17.2 Safari/605.1.15"
168.144.95.241 - - [28/Apr/2026:10:46:40 +0000] "POST /wp-login.php HTTP/1.1" 401 1465 "https://wrinkledskinrepair.com/wp-login.php" "Mozilla/5.0 (Windows NT 11.0; Win64; x64; rv:119.0) Gecko/20100101 Firefox/119.0"
168.144.95.241 - - [28/Apr/2026:10:46:41 +0000] "GET /wp-admin/index.php HTTP/1.1" 302 - "https://wrinkledskinrepair.com/wp-login.php" "Mozilla/5.0 (Macintosh; Intel Mac OS X 10_15_7) AppleWebKit/605.1.15 (KHTML, like Gecko) Version/17.2 Safari/605.1.15"
168.144.95.241 - - [28/Apr/2026:10:46:43 +0000] "GET /wp-login.php?redirect_to=https%3A%2F%2Fwrinkledskinrepair.com%2Fwp-admin%2Findex.php&reauth=1 HTTP/1.1" 200 3410 "https://wrinkledskinrepair.com/wp-login.php" "Mozilla/5.0 (Macintosh; Intel Mac OS X 10_15_7) AppleWebKit/605.1.15 (KHTML, like Gecko) Version/17.2 Safari/605.1.15"
168.144.95.241 - - [28/Apr/2026:10:46:44 +0000] "POST /wp-login.php HTTP/1.1" 401 1465 "https://wrinkledskinrepair.com/wp-login.php" "Mozilla/5.0 (Macintosh; Intel Mac OS X 10_15_7) AppleWebKit/605.1.15 (KHTML, like Gecko) Version/17.1 Safari/605.1.15"
168.144.95.241 - - [28/Apr/2026:10:46:46 +0000] "GET /wp-admin/index.php HTTP/1.1" 302 - "https://wrinkledskinrepair.com/wp-login.php" "Mozilla/5.0 (Windows NT 10.0; Win64; x64; rv:120.0) Gecko/20100101 Firefox/120.0"
168.144.95.241 - - [28/Apr/2026:10:46:47 +0000] "GET /wp-login.php?redirect_to=https%3A%2F%2Fwrinkledskinrepair.com%2Fwp-admin%2Findex.php&reauth=1 HTTP/1.1" 200 3407 "https://wrinkledskinrepair.com/wp-login.php" "Mozilla/5.0 (Windows NT 10.0; Win64; x64; rv:120.0) Gecko/20100101 Firefox/120.0"
168.144.95.241 - - [28/Apr/2026:10:46:49 +0000] "POST /wp-login.php HTTP/1.1" 401 1466 "https://wrinkledskinrepair.com/wp-login.php" "Mozilla/5.0 (X11; Linux x86_64) AppleWebKit/537.36 (KHTML, like Gecko) Chrome/119.0.0.0 Safari/537.36"
168.144.95.241 - - [28/Apr/2026:10:46:50 +0000] "GET /wp-admin/index.php HTTP/1.1" 302 - "https://wrinkledskinrepair.com/wp-login.php" "Mozilla/5.0 (Macintosh; Intel Mac OS X 10_15_7; rv:118.0) Gecko/20100101 Firefox/118.0"
168.144.95.241 - - [28/Apr/2026:10:46:52 +0000] "GET /wp-login.php?redirect_to=https%3A%2F%2Fwrinkledskinrepair.com%2Fwp-admin%2Findex.php&reauth=1 HTTP/1.1" 200 3409 "https://wrinkledskinrepair.com/wp-login.php" "Mozilla/5.0 (Macintosh; Intel Mac OS X 10_15_7; rv:118.0) Gecko/20100101 Firefox/118.0"
168.144.95.241 - - [28/Apr/2026:10:46:53 +0000] "POST /wp-login.php HTTP/1.1" 401 1467 "https://wrinkledskinrepair.com/wp-login.php" "Mozilla/5.0 (Windows NT 11.0; Win64; x64) AppleWebKit/537.36 (KHTML, like Gecko) Chrome/121.0.0.0 Safari/537.36"
168.144.95.241 - - [28/Apr/2026:10:46:55 +0000] "GET /wp-admin/index.php HTTP/1.1" 302 - "https://wrinkledskinrepair.com/wp-login.php" "Mozilla/5.0 (Windows NT 10.0; Win64; x64) AppleWebKit/537.36 (KHTML, like Gecko) Chrome/119.0.0.0 Safari/537.36"
168.144.95.241 - - [28/Apr/2026:10:46:56 +0000] "GET /wp-login.php?redirect_to=https%3A%2F%2Fwrinkledskinrepair.com%2Fwp-admin%2Findex.php&reauth=1 HTTP/1.1" 200 3411 "https://wrinkledskinrepair.com/wp-login.php" "Mozilla/5.0 (Windows NT 10.0; Win64; x64) AppleWebKit/537.36 (KHTML, like Gecko) Chrome/119.0.0.0 Safari/537.36"
168.144.95.241 - - [28/Apr/2026:10:46:58 +0000] "POST /wp-login.php HTTP/1.1" 401 1467 "https://wrinkledskinrepair.com/wp-login.php" "Mozilla/5.0 (Windows NT 11.0; Win64; x64) AppleWebKit/537.36 (KHTML, like Gecko) Chrome/118.0.0.0 Safari/537.36"
168.144.95.241 - - [28/Apr/2026:10:46:59 +0000] "GET /wp-admin/index.php HTTP/1.1" 302 - "https://wrinkledskinrepair.com/wp-login.php" "Mozilla/5.0 (Macintosh; Intel Mac OS X 10_15_7) AppleWebKit/537.36 (KHTML, like Gecko) Chrome/118.0.0.0 Safari/537.36"
168.144.95.241 - - [28/Apr/2026:10:47:00 +0000] "GET /wp-login.php?redirect_to=https%3A%2F%2Fwrinkledskinrepair.com%2Fwp-admin%2Findex.php&reauth=1 HTTP/1.1" 200 3412 "https://wrinkledskinrepair.com/wp-login.php" "Mozilla/5.0 (Macintosh; Intel Mac OS X 10_15_7) AppleWebKit/537.36 (KHTML, like Gecko) Chrome/118.0.0.0 Safari/537.36"
168.144.95.241 - - [28/Apr/2026:10:47:02 +0000] "POST /wp-login.php HTTP/1.1" 401 1467 "https://wrinkledskinrepair.com/wp-login.php" "Mozilla/5.0 (Macintosh; Intel Mac OS X 13_6_1) AppleWebKit/605.1.15 (KHTML, like Gecko) Version/17.2 Safari/605.1.15"
168.144.95.241 - - [28/Apr/2026:10:47:03 +0000] "GET /wp-admin/index.php HTTP/1.1" 302 - "https://wrinkledskinrepair.com/wp-login.php" "Mozilla/5.0 (X11; Linux x86_64) AppleWebKit/537.36 (KHTML, like Gecko) Chrome/121.0.0.0 Safari/537.36"
57.141.18.4 - - [28/Apr/2026:10:47:04 +0000] "GET /tag/wrinkle-cream-review/ HTTP/1.1" 200 166109 "-" "meta-externalagent/1.1 (+https://developers.facebook.com/docs/sharing/webmasters/crawler)"
168.144.95.241 - - [28/Apr/2026:10:47:05 +0000] "GET /wp-login.php?redirect_to=https%3A%2F%2Fwrinkledskinrepair.com%2Fwp-admin%2Findex.php&reauth=1 HTTP/1.1" 200 3410 "https://wrinkledskinrepair.com/wp-login.php" "Mozilla/5.0 (X11; Linux x86_64) AppleWebKit/537.36 (KHTML, like Gecko) Chrome/121.0.0.0 Safari/537.36"
168.144.95.241 - - [28/Apr/2026:10:47:06 +0000] "POST /wp-login.php HTTP/1.1" 401 1466 "https://wrinkledskinrepair.com/wp-login.php" "Mozilla/5.0 (Windows NT 11.0; Win64; x64) AppleWebKit/537.36 (KHTML, like Gecko) Chrome/118.0.0.0 Safari/537.36"
168.144.95.241 - - [28/Apr/2026:10:47:07 +0000] "GET /wp-admin/index.php HTTP/1.1" 302 - "https://wrinkledskinrepair.com/wp-login.php" "Mozilla/5.0 (Macintosh; Intel Mac OS X 10_15_7) AppleWebKit/605.1.15 (KHTML, like Gecko) Version/17.1 Safari/605.1.15"
168.144.95.241 - - [28/Apr/2026:10:47:09 +0000] "GET /wp-login.php?redirect_to=https%3A%2F%2Fwrinkledskinrepair.com%2Fwp-admin%2Findex.php&reauth=1 HTTP/1.1" 200 3410 "https://wrinkledskinrepair.com/wp-login.php" "Mozilla/5.0 (Macintosh; Intel Mac OS X 10_15_7) AppleWebKit/605.1.15 (KHTML, like Gecko) Version/17.1 Safari/605.1.15"
168.144.95.241 - - [28/Apr/2026:10:47:10 +0000] "POST /wp-login.php HTTP/1.1" 401 1464 "https://wrinkledskinrepair.com/wp-login.php" "Mozilla/5.0 (Macintosh; Intel Mac OS X 10_15_7) AppleWebKit/605.1.15 (KHTML, like Gecko) Version/17.2 Safari/605.1.15"
168.144.95.241 - - [28/Apr/2026:10:47:12 +0000] "GET /wp-admin/index.php HTTP/1.1" 302 - "https://wrinkledskinrepair.com/wp-login.php" "Mozilla/5.0 (X11; Linux x86_64) AppleWebKit/537.36 (KHTML, like Gecko) Chrome/121.0.0.0 Safari/537.36"
184.94.212.206 - - [28/Apr/2026:10:47:14 +0000] "POST /wp-cron.php?doing_wp_cron=1777373234.6090428829193115234375 HTTP/1.1" 200 - "-" "WordPress/6.9.4; https://www.wrinkledskinrepair.com"
168.144.95.241 - - [28/Apr/2026:10:47:13 +0000] "GET /wp-login.php?redirect_to=https%3A%2F%2Fwrinkledskinrepair.com%2Fwp-admin%2Findex.php&reauth=1 HTTP/1.1" 200 3409 "https://wrinkledskinrepair.com/wp-login.php" "Mozilla/5.0 (X11; Linux x86_64) AppleWebKit/537.36 (KHTML, like Gecko) Chrome/121.0.0.0 Safari/537.36"
168.144.95.241 - - [28/Apr/2026:10:47:15 +0000] "POST /wp-login.php HTTP/1.1" 401 1467 "https://wrinkledskinrepair.com/wp-login.php" "Mozilla/5.0 (Windows NT 11.0; Win64; x64; rv:121.0) Gecko/20100101 Firefox/121.0"
168.144.95.241 - - [28/Apr/2026:10:47:16 +0000] "GET /wp-admin/index.php HTTP/1.1" 302 - "https://wrinkledskinrepair.com/wp-login.php" "Mozilla/5.0 (Macintosh; Intel Mac OS X 13_6_1; rv:118.0) Gecko/20100101 Firefox/118.0"
184.94.212.206 - - [28/Apr/2026:10:47:18 +0000] "POST /wp-cron.php?doing_wp_cron=1777373238.7886700630187988281250 HTTP/1.1" 200 - "-" "WordPress/6.9.4; https://www.wrinkledskinrepair.com"
168.144.95.241 - - [28/Apr/2026:10:47:17 +0000] "GET /wp-login.php?redirect_to=https%3A%2F%2Fwrinkledskinrepair.com%2Fwp-admin%2Findex.php&reauth=1 HTTP/1.1" 200 3411 "https://wrinkledskinrepair.com/wp-login.php" "Mozilla/5.0 (Macintosh; Intel Mac OS X 13_6_1; rv:118.0) Gecko/20100101 Firefox/118.0"
168.144.95.241 - - [28/Apr/2026:10:47:19 +0000] "POST /wp-login.php HTTP/1.1" 401 1465 "https://wrinkledskinrepair.com/wp-login.php" "Mozilla/5.0 (X11; Ubuntu; Linux x86_64) AppleWebKit/537.36 (KHTML, like Gecko) Chrome/118.0.0.0 Safari/537.36"
168.144.95.241 - - [28/Apr/2026:10:47:20 +0000] "GET /wp-admin/index.php HTTP/1.1" 302 - "https://wrinkledskinrepair.com/wp-login.php" "Mozilla/5.0 (Windows NT 11.0; Win64; x64) AppleWebKit/537.36 (KHTML, like Gecko) Chrome/119.0.0.0 Safari/537.36"
168.144.95.241 - - [28/Apr/2026:10:47:22 +0000] "GET /wp-login.php?redirect_to=https%3A%2F%2Fwrinkledskinrepair.com%2Fwp-admin%2Findex.php&reauth=1 HTTP/1.1" 200 3411 "https://wrinkledskinrepair.com/wp-login.php" "Mozilla/5.0 (Windows NT 11.0; Win64; x64) AppleWebKit/537.36 (KHTML, like Gecko) Chrome/119.0.0.0 Safari/537.36"
168.144.95.241 - - [28/Apr/2026:10:47:23 +0000] "POST /wp-login.php HTTP/1.1" 401 1466 "https://wrinkledskinrepair.com/wp-login.php" "Mozilla/5.0 (Macintosh; Intel Mac OS X 13_6_1) AppleWebKit/537.36 (KHTML, like Gecko) Chrome/120.0.0.0 Safari/537.36"
168.144.95.241 - - [28/Apr/2026:10:47:25 +0000] "GET /wp-admin/index.php HTTP/1.1" 302 - "https://wrinkledskinrepair.com/wp-login.php" "Mozilla/5.0 (X11; Ubuntu; Linux x86_64) AppleWebKit/537.36 (KHTML, like Gecko) Chrome/118.0.0.0 Safari/537.36"
168.144.95.241 - - [28/Apr/2026:10:47:27 +0000] "GET /wp-login.php?redirect_to=https%3A%2F%2Fwrinkledskinrepair.com%2Fwp-admin%2Findex.php&reauth=1 HTTP/1.1" 200 3411 "https://wrinkledskinrepair.com/wp-login.php" "Mozilla/5.0 (X11; Ubuntu; Linux x86_64) AppleWebKit/537.36 (KHTML, like Gecko) Chrome/118.0.0.0 Safari/537.36"
168.144.95.241 - - [28/Apr/2026:10:47:28 +0000] "POST /wp-login.php HTTP/1.1" 401 1464 "https://wrinkledskinrepair.com/wp-login.php" "Mozilla/5.0 (Windows NT 10.0; Win64; x64; rv:118.0) Gecko/20100101 Firefox/118.0"
168.144.95.241 - - [28/Apr/2026:10:47:29 +0000] "GET /wp-admin/index.php HTTP/1.1" 302 - "https://wrinkledskinrepair.com/wp-login.php" "Mozilla/5.0 (Macintosh; Intel Mac OS X 13_6_1) AppleWebKit/605.1.15 (KHTML, like Gecko) Version/17.2 Safari/605.1.15"
168.144.95.241 - - [28/Apr/2026:10:47:31 +0000] "GET /wp-login.php?redirect_to=https%3A%2F%2Fwrinkledskinrepair.com%2Fwp-admin%2Findex.php&reauth=1 HTTP/1.1" 200 3411 "https://wrinkledskinrepair.com/wp-login.php" "Mozilla/5.0 (Macintosh; Intel Mac OS X 13_6_1) AppleWebKit/605.1.15 (KHTML, like Gecko) Version/17.2 Safari/605.1.15"
168.144.95.241 - - [28/Apr/2026:10:47:32 +0000] "POST /wp-login.php HTTP/1.1" 401 1464 "https://wrinkledskinrepair.com/wp-login.php" "Mozilla/5.0 (Macintosh; Intel Mac OS X 10_15_7) AppleWebKit/605.1.15 (KHTML, like Gecko) Version/17.0 Safari/605.1.15"
168.144.95.241 - - [28/Apr/2026:10:47:34 +0000] "GET /wp-admin/index.php HTTP/1.1" 302 - "https://wrinkledskinrepair.com/wp-login.php" "Mozilla/5.0 (Windows NT 11.0; Win64; x64; rv:118.0) Gecko/20100101 Firefox/118.0"
168.144.95.241 - - [28/Apr/2026:10:47:35 +0000] "GET /wp-login.php?redirect_to=https%3A%2F%2Fwrinkledskinrepair.com%2Fwp-admin%2Findex.php&reauth=1 HTTP/1.1" 200 3410 "https://wrinkledskinrepair.com/wp-login.php" "Mozilla/5.0 (Windows NT 11.0; Win64; x64; rv:118.0) Gecko/20100101 Firefox/118.0"
168.144.95.241 - - [28/Apr/2026:10:47:36 +0000] "POST /wp-login.php HTTP/1.1" 401 1466 "https://wrinkledskinrepair.com/wp-login.php" "Mozilla/5.0 (Macintosh; Intel Mac OS X 13_6_1) AppleWebKit/605.1.15 (KHTML, like Gecko) Version/17.2 Safari/605.1.15"
57.141.18.85 - - [28/Apr/2026:10:47:37 +0000] "GET /2018/07/03/skin-care-tips-you-should-try-out-today/ HTTP/1.1" 200 186892 "-" "meta-externalagent/1.1 (+https://developers.facebook.com/docs/sharing/webmasters/crawler)"
168.144.95.241 - - [28/Apr/2026:10:47:38 +0000] "GET /wp-admin/index.php HTTP/1.1" 302 - "https://wrinkledskinrepair.com/wp-login.php" "Mozilla/5.0 (Windows NT 10.0; Win64; x64; rv:119.0) Gecko/20100101 Firefox/119.0"
168.144.95.241 - - [28/Apr/2026:10:47:39 +0000] "GET /wp-login.php?redirect_to=https%3A%2F%2Fwrinkledskinrepair.com%2Fwp-admin%2Findex.php&reauth=1 HTTP/1.1" 200 3411 "https://wrinkledskinrepair.com/wp-login.php" "Mozilla/5.0 (Windows NT 10.0; Win64; x64; rv:119.0) Gecko/20100101 Firefox/119.0"
168.144.95.241 - - [28/Apr/2026:10:47:40 +0000] "POST /wp-login.php HTTP/1.1" 401 1462 "https://wrinkledskinrepair.com/wp-login.php" "Mozilla/5.0 (Macintosh; Intel Mac OS X 13_6_1) AppleWebKit/537.36 (KHTML, like Gecko) Chrome/119.0.0.0 Safari/537.36"
168.144.95.241 - - [28/Apr/2026:10:47:42 +0000] "GET /wp-admin/index.php HTTP/1.1" 302 - "https://wrinkledskinrepair.com/wp-login.php" "Mozilla/5.0 (X11; Ubuntu; Linux x86_64) AppleWebKit/537.36 (KHTML, like Gecko) Chrome/120.0.0.0 Safari/537.36"
168.144.95.241 - - [28/Apr/2026:10:47:47 +0000] "GET /wp-login.php?redirect_to=https%3A%2F%2Fwrinkledskinrepair.com%2Fwp-admin%2Findex.php&reauth=1 HTTP/1.1" 200 3411 "https://wrinkledskinrepair.com/wp-login.php" "Mozilla/5.0 (X11; Ubuntu; Linux x86_64) AppleWebKit/537.36 (KHTML, like Gecko) Chrome/120.0.0.0 Safari/537.36"
168.144.95.241 - - [28/Apr/2026:10:47:49 +0000] "POST /wp-login.php HTTP/1.1" 401 1465 "https://wrinkledskinrepair.com/wp-login.php" "Mozilla/5.0 (Macintosh; Intel Mac OS X 10_15_7) AppleWebKit/605.1.15 (KHTML, like Gecko) Version/16.6 Safari/605.1.15"
168.144.95.241 - - [28/Apr/2026:10:47:50 +0000] "GET /wp-admin/index.php HTTP/1.1" 302 - "https://wrinkledskinrepair.com/wp-login.php" "Mozilla/5.0 (Macintosh; Intel Mac OS X 10_15_7) AppleWebKit/605.1.15 (KHTML, like Gecko) Version/17.2 Safari/605.1.15"
168.144.95.241 - - [28/Apr/2026:10:47:52 +0000] "GET /wp-login.php?redirect_to=https%3A%2F%2Fwrinkledskinrepair.com%2Fwp-admin%2Findex.php&reauth=1 HTTP/1.1" 200 3411 "https://wrinkledskinrepair.com/wp-login.php" "Mozilla/5.0 (Macintosh; Intel Mac OS X 10_15_7) AppleWebKit/605.1.15 (KHTML, like Gecko) Version/17.2 Safari/605.1.15"
168.144.95.241 - - [28/Apr/2026:10:47:53 +0000] "POST /wp-login.php HTTP/1.1" 401 1467 "https://wrinkledskinrepair.com/wp-login.php" "Mozilla/5.0 (Macintosh; Intel Mac OS X 13_6_1) AppleWebKit/605.1.15 (KHTML, like Gecko) Version/17.2 Safari/605.1.15"
168.144.95.241 - - [28/Apr/2026:10:47:55 +0000] "GET /wp-admin/index.php HTTP/1.1" 302 - "https://wrinkledskinrepair.com/wp-login.php" "Mozilla/5.0 (Macintosh; Intel Mac OS X 10_15_7) AppleWebKit/605.1.15 (KHTML, like Gecko) Version/17.1 Safari/605.1.15"
168.144.95.241 - - [28/Apr/2026:10:47:56 +0000] "GET /wp-login.php?redirect_to=https%3A%2F%2Fwrinkledskinrepair.com%2Fwp-admin%2Findex.php&reauth=1 HTTP/1.1" 200 3410 "https://wrinkledskinrepair.com/wp-login.php" "Mozilla/5.0 (Macintosh; Intel Mac OS X 10_15_7) AppleWebKit/605.1.15 (KHTML, like Gecko) Version/17.1 Safari/605.1.15"
168.144.95.241 - - [28/Apr/2026:10:47:57 +0000] "POST /wp-login.php HTTP/1.1" 401 1465 "https://wrinkledskinrepair.com/wp-login.php" "Mozilla/5.0 (Macintosh; Intel Mac OS X 10_15_7) AppleWebKit/605.1.15 (KHTML, like Gecko) Version/17.0 Safari/605.1.15"
168.144.95.241 - - [28/Apr/2026:10:47:59 +0000] "GET /wp-admin/index.php HTTP/1.1" 302 - "https://wrinkledskinrepair.com/wp-login.php" "Mozilla/5.0 (Macintosh; Intel Mac OS X 10_15_7; rv:120.0) Gecko/20100101 Firefox/120.0"
168.144.95.241 - - [28/Apr/2026:10:48:00 +0000] "GET /wp-login.php?redirect_to=https%3A%2F%2Fwrinkledskinrepair.com%2Fwp-admin%2Findex.php&reauth=1 HTTP/1.1" 200 3412 "https://wrinkledskinrepair.com/wp-login.php" "Mozilla/5.0 (Macintosh; Intel Mac OS X 10_15_7; rv:120.0) Gecko/20100101 Firefox/120.0"
168.144.95.241 - - [28/Apr/2026:10:48:02 +0000] "POST /wp-login.php HTTP/1.1" 401 1467 "https://wrinkledskinrepair.com/wp-login.php" "Mozilla/5.0 (Macintosh; Intel Mac OS X 13_6_1; rv:120.0) Gecko/20100101 Firefox/120.0"
168.144.95.241 - - [28/Apr/2026:10:48:03 +0000] "GET /wp-admin/index.php HTTP/1.1" 302 - "https://wrinkledskinrepair.com/wp-login.php" "Mozilla/5.0 (Windows NT 11.0; Win64; x64; rv:119.0) Gecko/20100101 Firefox/119.0"
168.144.95.241 - - [28/Apr/2026:10:48:05 +0000] "GET /wp-login.php?redirect_to=https%3A%2F%2Fwrinkledskinrepair.com%2Fwp-admin%2Findex.php&reauth=1 HTTP/1.1" 200 3412 "https://wrinkledskinrepair.com/wp-login.php" "Mozilla/5.0 (Windows NT 11.0; Win64; x64; rv:119.0) Gecko/20100101 Firefox/119.0"
168.144.95.241 - - [28/Apr/2026:10:48:06 +0000] "POST /wp-login.php HTTP/1.1" 401 1464 "https://wrinkledskinrepair.com/wp-login.php" "Mozilla/5.0 (Macintosh; Intel Mac OS X 13_6_1) AppleWebKit/605.1.15 (KHTML, like Gecko) Version/17.0 Safari/605.1.15"
184.94.212.206 - - [28/Apr/2026:10:48:09 +0000] "POST /wp-cron.php?doing_wp_cron=1777373289.0332589149475097656250 HTTP/1.1" 200 - "-" "WordPress/6.9.4; https://www.wrinkledskinrepair.com"
168.144.95.241 - - [28/Apr/2026:10:48:07 +0000] "GET /wp-admin/index.php HTTP/1.1" 302 - "https://wrinkledskinrepair.com/wp-login.php" "Mozilla/5.0 (Macintosh; Intel Mac OS X 10_15_7) AppleWebKit/605.1.15 (KHTML, like Gecko) Version/17.0 Safari/605.1.15"
168.144.95.241 - - [28/Apr/2026:10:48:09 +0000] "GET /wp-login.php?redirect_to=https%3A%2F%2Fwrinkledskinrepair.com%2Fwp-admin%2Findex.php&reauth=1 HTTP/1.1" 200 3410 "https://wrinkledskinrepair.com/wp-login.php" "Mozilla/5.0 (Macintosh; Intel Mac OS X 10_15_7) AppleWebKit/605.1.15 (KHTML, like Gecko) Version/17.0 Safari/605.1.15"
168.144.95.241 - - [28/Apr/2026:10:48:10 +0000] "POST /wp-login.php HTTP/1.1" 401 1465 "https://wrinkledskinrepair.com/wp-login.php" "Mozilla/5.0 (Macintosh; Intel Mac OS X 13_6_1) AppleWebKit/537.36 (KHTML, like Gecko) Chrome/120.0.0.0 Safari/537.36"
168.144.95.241 - - [28/Apr/2026:10:48:12 +0000] "GET /wp-admin/index.php HTTP/1.1" 302 - "https://wrinkledskinrepair.com/wp-login.php" "Mozilla/5.0 (Windows NT 10.0; Win64; x64; rv:118.0) Gecko/20100101 Firefox/118.0"
168.144.95.241 - - [28/Apr/2026:10:48:13 +0000] "GET /wp-login.php?redirect_to=https%3A%2F%2Fwrinkledskinrepair.com%2Fwp-admin%2Findex.php&reauth=1 HTTP/1.1" 200 3410 "https://wrinkledskinrepair.com/wp-login.php" "Mozilla/5.0 (Windows NT 10.0; Win64; x64; rv:118.0) Gecko/20100101 Firefox/118.0"
57.141.18.103 - - [28/Apr/2026:10:48:14 +0000] "GET /2025/09/15/wrinkled-skin-repair-understanding-wrinkled-skin/ HTTP/1.1" 200 213242 "-" "meta-externalagent/1.1 (+https://developers.facebook.com/docs/sharing/webmasters/crawler)"
168.144.95.241 - - [28/Apr/2026:10:48:15 +0000] "POST /wp-login.php HTTP/1.1" 401 1464 "https://wrinkledskinrepair.com/wp-login.php" "Mozilla/5.0 (Macintosh; Intel Mac OS X 10_15_7) AppleWebKit/605.1.15 (KHTML, like Gecko) Version/16.6 Safari/605.1.15"
168.144.95.241 - - [28/Apr/2026:10:48:16 +0000] "GET /wp-admin/index.php HTTP/1.1" 302 - "https://wrinkledskinrepair.com/wp-login.php" "Mozilla/5.0 (X11; Linux x86_64) AppleWebKit/537.36 (KHTML, like Gecko) Chrome/118.0.0.0 Safari/537.36"
184.94.212.206 - - [28/Apr/2026:10:48:18 +0000] "POST /wp-cron.php?doing_wp_cron=1777373298.7225639820098876953125 HTTP/1.1" 200 - "-" "WordPress/6.9.4; https://www.wrinkledskinrepair.com"
168.144.95.241 - - [28/Apr/2026:10:48:17 +0000] "GET /wp-login.php?redirect_to=https%3A%2F%2Fwrinkledskinrepair.com%2Fwp-admin%2Findex.php&reauth=1 HTTP/1.1" 200 3410 "https://wrinkledskinrepair.com/wp-login.php" "Mozilla/5.0 (X11; Linux x86_64) AppleWebKit/537.36 (KHTML, like Gecko) Chrome/118.0.0.0 Safari/537.36"
168.144.95.241 - - [28/Apr/2026:10:48:19 +0000] "POST /wp-login.php HTTP/1.1" 401 1467 "https://wrinkledskinrepair.com/wp-login.php" "Mozilla/5.0 (X11; Linux x86_64) AppleWebKit/537.36 (KHTML, like Gecko) Chrome/118.0.0.0 Safari/537.36"
168.144.95.241 - - [28/Apr/2026:10:48:20 +0000] "GET /wp-admin/index.php HTTP/1.1" 302 - "https://wrinkledskinrepair.com/wp-login.php" "Mozilla/5.0 (Macintosh; Intel Mac OS X 13_6_1) AppleWebKit/605.1.15 (KHTML, like Gecko) Version/16.6 Safari/605.1.15"
168.144.95.241 - - [28/Apr/2026:10:48:21 +0000] "GET /wp-login.php?redirect_to=https%3A%2F%2Fwrinkledskinrepair.com%2Fwp-admin%2Findex.php&reauth=1 HTTP/1.1" 200 3410 "https://wrinkledskinrepair.com/wp-login.php" "Mozilla/5.0 (Macintosh; Intel Mac OS X 13_6_1) AppleWebKit/605.1.15 (KHTML, like Gecko) Version/16.6 Safari/605.1.15"
168.144.95.241 - - [28/Apr/2026:10:48:23 +0000] "POST /wp-login.php HTTP/1.1" 401 1465 "https://wrinkledskinrepair.com/wp-login.php" "Mozilla/5.0 (Windows NT 10.0; Win64; x64; rv:119.0) Gecko/20100101 Firefox/119.0"
168.144.95.241 - - [28/Apr/2026:10:48:24 +0000] "GET /wp-admin/index.php HTTP/1.1" 302 - "https://wrinkledskinrepair.com/wp-login.php" "Mozilla/5.0 (X11; Ubuntu; Linux x86_64) AppleWebKit/537.36 (KHTML, like Gecko) Chrome/119.0.0.0 Safari/537.36"
168.144.95.241 - - [28/Apr/2026:10:48:25 +0000] "GET /wp-login.php?redirect_to=https%3A%2F%2Fwrinkledskinrepair.com%2Fwp-admin%2Findex.php&reauth=1 HTTP/1.1" 200 3408 "https://wrinkledskinrepair.com/wp-login.php" "Mozilla/5.0 (X11; Ubuntu; Linux x86_64) AppleWebKit/537.36 (KHTML, like Gecko) Chrome/119.0.0.0 Safari/537.36"
168.144.95.241 - - [28/Apr/2026:10:48:27 +0000] "POST /wp-login.php HTTP/1.1" 401 1465 "https://wrinkledskinrepair.com/wp-login.php" "Mozilla/5.0 (Windows NT 10.0; Win64; x64) AppleWebKit/537.36 (KHTML, like Gecko) Chrome/118.0.0.0 Safari/537.36"
168.144.95.241 - - [28/Apr/2026:10:48:28 +0000] "GET /wp-admin/index.php HTTP/1.1" 302 - "https://wrinkledskinrepair.com/wp-login.php" "Mozilla/5.0 (Macintosh; Intel Mac OS X 10_15_7) AppleWebKit/537.36 (KHTML, like Gecko) Chrome/118.0.0.0 Safari/537.36"
168.144.95.241 - - [28/Apr/2026:10:48:30 +0000] "GET /wp-login.php?redirect_to=https%3A%2F%2Fwrinkledskinrepair.com%2Fwp-admin%2Findex.php&reauth=1 HTTP/1.1" 200 3408 "https://wrinkledskinrepair.com/wp-login.php" "Mozilla/5.0 (Macintosh; Intel Mac OS X 10_15_7) AppleWebKit/537.36 (KHTML, like Gecko) Chrome/118.0.0.0 Safari/537.36"
168.144.95.241 - - [28/Apr/2026:10:48:31 +0000] "POST /wp-login.php HTTP/1.1" 401 1465 "https://wrinkledskinrepair.com/wp-login.php" "Mozilla/5.0 (Windows NT 10.0; Win64; x64; rv:119.0) Gecko/20100101 Firefox/119.0"
114.119.143.101 - - [28/Apr/2026:10:48:32 +0000] "GET /anti-spam-policy/?share=facebook HTTP/1.1" 302 - "https://www.wrinkledskinrepair.com/anti-spam-policy" "Mozilla/5.0 (Linux; Android 7.0;) AppleWebKit/537.36 (HTML, like Gecko) Mobile Safari/537.36 (compatible; PetalBot;+https://webmaster.petalsearch.com/site/petalbot)"
168.144.95.241 - - [28/Apr/2026:10:48:32 +0000] "GET /wp-admin/index.php HTTP/1.1" 302 - "https://wrinkledskinrepair.com/wp-login.php" "Mozilla/5.0 (X11; Linux x86_64) AppleWebKit/537.36 (KHTML, like Gecko) Chrome/118.0.0.0 Safari/537.36"
168.144.95.241 - - [28/Apr/2026:10:48:34 +0000] "GET /wp-login.php?redirect_to=https%3A%2F%2Fwrinkledskinrepair.com%2Fwp-admin%2Findex.php&reauth=1 HTTP/1.1" 200 3407 "https://wrinkledskinrepair.com/wp-login.php" "Mozilla/5.0 (X11; Linux x86_64) AppleWebKit/537.36 (KHTML, like Gecko) Chrome/118.0.0.0 Safari/537.36"
168.144.95.241 - - [28/Apr/2026:10:48:35 +0000] "POST /wp-login.php HTTP/1.1" 401 1466 "https://wrinkledskinrepair.com/wp-login.php" "Mozilla/5.0 (Windows NT 11.0; Win64; x64; rv:120.0) Gecko/20100101 Firefox/120.0"
168.144.95.241 - - [28/Apr/2026:10:48:36 +0000] "GET /wp-admin/index.php HTTP/1.1" 302 - "https://wrinkledskinrepair.com/wp-login.php" "Mozilla/5.0 (Macintosh; Intel Mac OS X 13_6_1) AppleWebKit/537.36 (KHTML, like Gecko) Chrome/119.0.0.0 Safari/537.36"
168.144.95.241 - - [28/Apr/2026:10:48:38 +0000] "GET /wp-login.php?redirect_to=https%3A%2F%2Fwrinkledskinrepair.com%2Fwp-admin%2Findex.php&reauth=1 HTTP/1.1" 200 3411 "https://wrinkledskinrepair.com/wp-login.php" "Mozilla/5.0 (Macintosh; Intel Mac OS X 13_6_1) AppleWebKit/537.36 (KHTML, like Gecko) Chrome/119.0.0.0 Safari/537.36"
168.144.95.241 - - [28/Apr/2026:10:48:39 +0000] "POST /wp-login.php HTTP/1.1" 401 1465 "https://wrinkledskinrepair.com/wp-login.php" "Mozilla/5.0 (Macintosh; Intel Mac OS X 10_15_7) AppleWebKit/605.1.15 (KHTML, like Gecko) Version/17.2 Safari/605.1.15"
168.144.95.241 - - [28/Apr/2026:10:48:41 +0000] "GET /wp-admin/index.php HTTP/1.1" 302 - "https://wrinkledskinrepair.com/wp-login.php" "Mozilla/5.0 (Macintosh; Intel Mac OS X 10_15_7) AppleWebKit/605.1.15 (KHTML, like Gecko) Version/17.2 Safari/605.1.15"
168.144.95.241 - - [28/Apr/2026:10:48:42 +0000] "GET /wp-login.php?redirect_to=https%3A%2F%2Fwrinkledskinrepair.com%2Fwp-admin%2Findex.php&reauth=1 HTTP/1.1" 200 3412 "https://wrinkledskinrepair.com/wp-login.php" "Mozilla/5.0 (Macintosh; Intel Mac OS X 10_15_7) AppleWebKit/605.1.15 (KHTML, like Gecko) Version/17.2 Safari/605.1.15"
168.144.95.241 - - [28/Apr/2026:10:48:44 +0000] "POST /wp-login.php HTTP/1.1" 401 1465 "https://wrinkledskinrepair.com/wp-login.php" "Mozilla/5.0 (Macintosh; Intel Mac OS X 10_15_7) AppleWebKit/605.1.15 (KHTML, like Gecko) Version/17.2 Safari/605.1.15"
15.235.96.10 - - [28/Apr/2026:10:48:44 +0000] "GET /tag/skin-care-everybody-feels-the-need-to-look-great-the-key-is-healthy/feed/ HTTP/1.1" 200 3959 "-" "Mozilla/5.0 (compatible; AhrefsBot/7.0; +http://ahrefs.com/robot/)"
168.144.95.241 - - [28/Apr/2026:10:48:51 +0000] "GET /wp-admin/index.php HTTP/1.1" 302 - "https://wrinkledskinrepair.com/wp-login.php" "Mozilla/5.0 (Macintosh; Intel Mac OS X 13_6_1) AppleWebKit/605.1.15 (KHTML, like Gecko) Version/17.1 Safari/605.1.15"
168.144.95.241 - - [28/Apr/2026:10:48:53 +0000] "GET /wp-login.php?redirect_to=https%3A%2F%2Fwrinkledskinrepair.com%2Fwp-admin%2Findex.php&reauth=1 HTTP/1.1" 200 3410 "https://wrinkledskinrepair.com/wp-login.php" "Mozilla/5.0 (Macintosh; Intel Mac OS X 13_6_1) AppleWebKit/605.1.15 (KHTML, like Gecko) Version/17.1 Safari/605.1.15"
168.144.95.241 - - [28/Apr/2026:10:48:55 +0000] "POST /wp-login.php HTTP/1.1" 401 1463 "https://wrinkledskinrepair.com/wp-login.php" "Mozilla/5.0 (Macintosh; Intel Mac OS X 10_15_7; rv:119.0) Gecko/20100101 Firefox/119.0"
168.144.95.241 - - [28/Apr/2026:10:48:56 +0000] "GET /wp-admin/index.php HTTP/1.1" 302 - "https://wrinkledskinrepair.com/wp-login.php" "Mozilla/5.0 (X11; Linux x86_64) AppleWebKit/537.36 (KHTML, like Gecko) Chrome/118.0.0.0 Safari/537.36"
168.144.95.241 - - [28/Apr/2026:10:48:57 +0000] "GET /wp-login.php?redirect_to=https%3A%2F%2Fwrinkledskinrepair.com%2Fwp-admin%2Findex.php&reauth=1 HTTP/1.1" 200 3410 "https://wrinkledskinrepair.com/wp-login.php" "Mozilla/5.0 (X11; Linux x86_64) AppleWebKit/537.36 (KHTML, like Gecko) Chrome/118.0.0.0 Safari/537.36"
168.144.95.241 - - [28/Apr/2026:10:48:59 +0000] "POST /wp-login.php HTTP/1.1" 401 1465 "https://wrinkledskinrepair.com/wp-login.php" "Mozilla/5.0 (Macintosh; Intel Mac OS X 10_15_7; rv:119.0) Gecko/20100101 Firefox/119.0"
168.144.95.241 - - [28/Apr/2026:10:49:00 +0000] "GET /wp-admin/index.php HTTP/1.1" 302 - "https://wrinkledskinrepair.com/wp-login.php" "Mozilla/5.0 (X11; Linux x86_64) AppleWebKit/537.36 (KHTML, like Gecko) Chrome/118.0.0.0 Safari/537.36"
168.144.95.241 - - [28/Apr/2026:10:49:02 +0000] "GET /wp-login.php?redirect_to=https%3A%2F%2Fwrinkledskinrepair.com%2Fwp-admin%2Findex.php&reauth=1 HTTP/1.1" 200 3409 "https://wrinkledskinrepair.com/wp-login.php" "Mozilla/5.0 (X11; Linux x86_64) AppleWebKit/537.36 (KHTML, like Gecko) Chrome/118.0.0.0 Safari/537.36"
168.144.95.241 - - [28/Apr/2026:10:49:03 +0000] "POST /wp-login.php HTTP/1.1" 401 1465 "https://wrinkledskinrepair.com/wp-login.php" "Mozilla/5.0 (X11; Linux x86_64) AppleWebKit/537.36 (KHTML, like Gecko) Chrome/119.0.0.0 Safari/537.36"
192.0.102.146 - - [28/Apr/2026:10:49:04 +0000] "HEAD / HTTP/1.1" 200 - "-" "jetmon/1.0 (Jetpack Site Uptime Monitor by WordPress.com)"
168.144.95.241 - - [28/Apr/2026:10:49:05 +0000] "GET /wp-admin/index.php HTTP/1.1" 302 - "https://wrinkledskinrepair.com/wp-login.php" "Mozilla/5.0 (X11; Linux x86_64) AppleWebKit/537.36 (KHTML, like Gecko) Chrome/119.0.0.0 Safari/537.36"
168.144.95.241 - - [28/Apr/2026:10:49:06 +0000] "GET /wp-login.php?redirect_to=https%3A%2F%2Fwrinkledskinrepair.com%2Fwp-admin%2Findex.php&reauth=1 HTTP/1.1" 200 3408 "https://wrinkledskinrepair.com/wp-login.php" "Mozilla/5.0 (X11; Linux x86_64) AppleWebKit/537.36 (KHTML, like Gecko) Chrome/119.0.0.0 Safari/537.36"
168.144.95.241 - - [28/Apr/2026:10:49:07 +0000] "POST /wp-login.php HTTP/1.1" 401 1465 "https://wrinkledskinrepair.com/wp-login.php" "Mozilla/5.0 (Macintosh; Intel Mac OS X 10_15_7) AppleWebKit/605.1.15 (KHTML, like Gecko) Version/17.1 Safari/605.1.15"
168.144.95.241 - - [28/Apr/2026:10:49:11 +0000] "GET /wp-admin/index.php HTTP/1.1" 302 - "https://wrinkledskinrepair.com/wp-login.php" "Mozilla/5.0 (Macintosh; Intel Mac OS X 13_6_1; rv:120.0) Gecko/20100101 Firefox/120.0"
