78.159.131.56 - - [28/Apr/2026:09:22:51 +0000] "GET / HTTP/1.1" 301 - "-" "Mozilla/5.0 (Windows NT 10.0; Win64; x64) AppleWebKit/537.36 (KHTML, like Gecko) Chrome/131.0.0.0 Safari/537.36"
185.191.171.5 - - [28/Apr/2026:09:23:19 +0000] "GET /2018/08/22/tips-to-help-you-uncover-your-healthy-beautiful-skin/ HTTP/1.1" 200 53003 "-" "Mozilla/5.0 (compatible; SemrushBot/7~bl; +http://www.semrush.com/bot.html)"
192.0.102.146 - - [28/Apr/2026:09:24:04 +0000] "HEAD / HTTP/1.1" 200 - "-" "jetmon/1.0 (Jetpack Site Uptime Monitor by WordPress.com)"
184.94.212.206 - - [28/Apr/2026:09:24:20 +0000] "POST /wp-cron.php?doing_wp_cron=1777368260.0391678810119628906250 HTTP/1.1" 200 - "-" "WordPress/6.9.4; https://www.wrinkledskinrepair.com"
185.191.171.16 - - [28/Apr/2026:09:24:18 +0000] "GET /2018/12/10/improve-your-skin-with-these-helpful-tips/ HTTP/1.1" 200 52870 "-" "Mozilla/5.0 (compatible; SemrushBot/7~bl; +http://www.semrush.com/bot.html)"
145.223.131.14 - - [28/Apr/2026:09:24:38 +0000] "GET /wrinkle-treatment/a-simple-guide-for-caring-for-your-skin/?share=jetpack-whatsapp HTTP/1.1" 301 - "-" "Mozilla/5.0 (Macintosh; Intel Mac OS X 10_15_7) AppleWebKit/537.36 (KHTML, like Gecko) Chrome/120.0.0.0 Safari/537.36"
145.223.131.14 - - [28/Apr/2026:09:24:39 +0000] "GET /2019/05/29/a-simple-guide-for-caring-for-your-skin/?share=jetpack-whatsapp HTTP/1.1" 200 53089 "-" "Mozilla/5.0 (Macintosh; Intel Mac OS X 10_15_7) AppleWebKit/537.36 (KHTML, like Gecko) Chrome/120.0.0.0 Safari/537.36"
184.94.212.206 - - [28/Apr/2026:09:24:52 +0000] "POST /wp-cron.php?doing_wp_cron=1777368292.2226150035858154296875 HTTP/1.1" 200 - "-" "WordPress/6.9.4; https://www.wrinkledskinrepair.com"
114.119.142.210 - - [28/Apr/2026:09:24:51 +0000] "GET /2018/11/21/empowering-tips-to-get-you-in-control-of-your-skin-2?share=facebook HTTP/1.1" 302 - "https://www.wrinkledskinrepair.com/2018/11/21/empowering-tips-to-get-you-in-control-of-your-skin-2" "Mozilla/5.0 (Linux; Android 7.0;) AppleWebKit/537.36 (HTML, like Gecko) Mobile Safari/537.36 (compatible; PetalBot;+https://webmaster.petalsearch.com/site/petalbot)"
184.94.212.206 - - [28/Apr/2026:09:25:21 +0000] "POST /wp-cron.php?doing_wp_cron=1777368321.2241830825805664062500 HTTP/1.1" 200 - "-" "WordPress/6.9.4; https://www.wrinkledskinrepair.com"
57.141.18.25 - - [28/Apr/2026:09:25:19 +0000] "GET /2019/03/02/great-ideas-to-get-that-beautiful-skin/ HTTP/1.1" 200 185800 "-" "meta-externalagent/1.1 (+https://developers.facebook.com/docs/sharing/webmasters/crawler)"
47.128.41.68 - - [28/Apr/2026:09:25:49 +0000] "GET /robots.txt HTTP/1.1" 200 127 "-" "Mozilla/5.0 (Linux; Android 5.0) AppleWebKit/537.36 (KHTML, like Gecko) Mobile Safari/537.36 (compatible; Bytespider; spider-feedback@bytedance.com)"
184.94.212.206 - - [28/Apr/2026:09:26:18 +0000] "POST /wp-cron.php?doing_wp_cron=1777368378.9141330718994140625000 HTTP/1.1" 200 - "-" "WordPress/6.9.4; https://www.wrinkledskinrepair.com"
54.39.6.78 - - [28/Apr/2026:09:26:17 +0000] "GET /tag/antiagingskin/ HTTP/1.1" 200 46302 "-" "Mozilla/5.0 (compatible; AhrefsBot/7.0; +http://ahrefs.com/robot/)"
144.31.151.48 - - [28/Apr/2026:09:26:51 +0000] "HEAD /wordpress HTTP/1.1" 301 - "http://wrinkledskinrepair.com/wordpress" "Mozilla/5.0 (Windows NT 10.0; Win64; x64) AppleWebKit/537.36 (KHTML, like Gecko) Chrome/74.0.3729.169 Safari/537.36"
216.73.216.121 - - [28/Apr/2026:09:26:53 +0000] "GET /store/?amp=1 HTTP/1.1" 200 17681 "-" "Mozilla/5.0 AppleWebKit/537.36 (KHTML, like Gecko; compatible; ClaudeBot/1.0; +claudebot@anthropic.com)"
144.31.151.48 - - [28/Apr/2026:09:26:53 +0000] "HEAD /wordpress HTTP/1.1" 404 - "https://wrinkledskinrepair.com/wordpress" "Mozilla/5.0 (Windows NT 10.0; Win64; x64) AppleWebKit/537.36 (KHTML, like Gecko) Chrome/74.0.3729.169 Safari/537.36"
144.31.151.48 - - [28/Apr/2026:09:26:56 +0000] "HEAD /Wordpress HTTP/1.1" 301 - "http://wrinkledskinrepair.com/Wordpress" "Mozilla/5.0 (Windows NT 10.0; Win64; x64) AppleWebKit/537.36 (KHTML, like Gecko) Chrome/74.0.3729.169 Safari/537.36"
144.31.151.48 - - [28/Apr/2026:09:26:57 +0000] "HEAD /Wordpress HTTP/1.1" 404 - "https://wrinkledskinrepair.com/Wordpress" "Mozilla/5.0 (Windows NT 10.0; Win64; x64) AppleWebKit/537.36 (KHTML, like Gecko) Chrome/74.0.3729.169 Safari/537.36"
144.31.151.48 - - [28/Apr/2026:09:27:00 +0000] "HEAD /WORDPRESS HTTP/1.1" 301 - "http://wrinkledskinrepair.com/WORDPRESS" "Mozilla/5.0 (Windows NT 10.0; Win64; x64) AppleWebKit/537.36 (KHTML, like Gecko) Chrome/74.0.3729.169 Safari/537.36"
144.31.151.48 - - [28/Apr/2026:09:27:01 +0000] "HEAD /WORDPRESS HTTP/1.1" 404 - "https://wrinkledskinrepair.com/WORDPRESS" "Mozilla/5.0 (Windows NT 10.0; Win64; x64) AppleWebKit/537.36 (KHTML, like Gecko) Chrome/74.0.3729.169 Safari/537.36"
144.31.151.48 - - [28/Apr/2026:09:27:03 +0000] "HEAD /WordPress HTTP/1.1" 301 - "http://wrinkledskinrepair.com/WordPress" "Mozilla/5.0 (Windows NT 10.0; Win64; x64) AppleWebKit/537.36 (KHTML, like Gecko) Chrome/74.0.3729.169 Safari/537.36"
144.31.151.48 - - [28/Apr/2026:09:27:05 +0000] "HEAD /WordPress HTTP/1.1" 404 - "https://wrinkledskinrepair.com/WordPress" "Mozilla/5.0 (Windows NT 10.0; Win64; x64) AppleWebKit/537.36 (KHTML, like Gecko) Chrome/74.0.3729.169 Safari/537.36"
144.31.151.48 - - [28/Apr/2026:09:27:07 +0000] "HEAD /wp HTTP/1.1" 301 - "http://wrinkledskinrepair.com/wp" "Mozilla/5.0 (Windows NT 10.0; Win64; x64) AppleWebKit/537.36 (KHTML, like Gecko) Chrome/74.0.3729.169 Safari/537.36"
144.31.151.48 - - [28/Apr/2026:09:27:08 +0000] "HEAD /wp HTTP/1.1" 404 - "https://wrinkledskinrepair.com/wp" "Mozilla/5.0 (Windows NT 10.0; Win64; x64) AppleWebKit/537.36 (KHTML, like Gecko) Chrome/74.0.3729.169 Safari/537.36"
144.31.151.48 - - [28/Apr/2026:09:27:11 +0000] "HEAD /Wp HTTP/1.1" 301 - "http://wrinkledskinrepair.com/Wp" "Mozilla/5.0 (Windows NT 10.0; Win64; x64) AppleWebKit/537.36 (KHTML, like Gecko) Chrome/74.0.3729.169 Safari/537.36"
144.31.151.48 - - [28/Apr/2026:09:27:12 +0000] "HEAD /Wp HTTP/1.1" 404 - "https://wrinkledskinrepair.com/Wp" "Mozilla/5.0 (Windows NT 10.0; Win64; x64) AppleWebKit/537.36 (KHTML, like Gecko) Chrome/74.0.3729.169 Safari/537.36"
144.31.151.48 - - [28/Apr/2026:09:27:14 +0000] "HEAD /WP HTTP/1.1" 301 - "http://wrinkledskinrepair.com/WP" "Mozilla/5.0 (Windows NT 10.0; Win64; x64) AppleWebKit/537.36 (KHTML, like Gecko) Chrome/74.0.3729.169 Safari/537.36"
144.31.151.48 - - [28/Apr/2026:09:27:15 +0000] "HEAD /WP HTTP/1.1" 404 - "https://wrinkledskinrepair.com/WP" "Mozilla/5.0 (Windows NT 10.0; Win64; x64) AppleWebKit/537.36 (KHTML, like Gecko) Chrome/74.0.3729.169 Safari/537.36"
144.31.151.48 - - [28/Apr/2026:09:27:18 +0000] "HEAD /old HTTP/1.1" 301 - "http://wrinkledskinrepair.com/old" "Mozilla/5.0 (Windows NT 10.0; Win64; x64) AppleWebKit/537.36 (KHTML, like Gecko) Chrome/74.0.3729.169 Safari/537.36"
144.31.151.48 - - [28/Apr/2026:09:27:19 +0000] "HEAD /old HTTP/1.1" 404 - "https://wrinkledskinrepair.com/old" "Mozilla/5.0 (Windows NT 10.0; Win64; x64) AppleWebKit/537.36 (KHTML, like Gecko) Chrome/74.0.3729.169 Safari/537.36"
144.31.151.48 - - [28/Apr/2026:09:27:22 +0000] "HEAD /Old HTTP/1.1" 301 - "http://wrinkledskinrepair.com/Old" "Mozilla/5.0 (Windows NT 10.0; Win64; x64) AppleWebKit/537.36 (KHTML, like Gecko) Chrome/74.0.3729.169 Safari/537.36"
144.31.151.48 - - [28/Apr/2026:09:27:23 +0000] "HEAD /Old HTTP/1.1" 404 - "https://wrinkledskinrepair.com/Old" "Mozilla/5.0 (Windows NT 10.0; Win64; x64) AppleWebKit/537.36 (KHTML, like Gecko) Chrome/74.0.3729.169 Safari/537.36"
144.31.151.48 - - [28/Apr/2026:09:27:25 +0000] "HEAD /OLD HTTP/1.1" 301 - "http://wrinkledskinrepair.com/OLD" "Mozilla/5.0 (Windows NT 10.0; Win64; x64) AppleWebKit/537.36 (KHTML, like Gecko) Chrome/74.0.3729.169 Safari/537.36"
144.31.151.48 - - [28/Apr/2026:09:27:27 +0000] "HEAD /OLD HTTP/1.1" 404 - "https://wrinkledskinrepair.com/OLD" "Mozilla/5.0 (Windows NT 10.0; Win64; x64) AppleWebKit/537.36 (KHTML, like Gecko) Chrome/74.0.3729.169 Safari/537.36"
144.31.151.48 - - [28/Apr/2026:09:27:29 +0000] "HEAD /oldsite HTTP/1.1" 301 - "http://wrinkledskinrepair.com/oldsite" "Mozilla/5.0 (Windows NT 10.0; Win64; x64) AppleWebKit/537.36 (KHTML, like Gecko) Chrome/74.0.3729.169 Safari/537.36"
144.31.151.48 - - [28/Apr/2026:09:27:30 +0000] "HEAD /oldsite HTTP/1.1" 404 - "https://wrinkledskinrepair.com/oldsite" "Mozilla/5.0 (Windows NT 10.0; Win64; x64) AppleWebKit/537.36 (KHTML, like Gecko) Chrome/74.0.3729.169 Safari/537.36"
144.31.151.48 - - [28/Apr/2026:09:27:33 +0000] "HEAD /new HTTP/1.1" 301 - "http://wrinkledskinrepair.com/new" "Mozilla/5.0 (Windows NT 10.0; Win64; x64) AppleWebKit/537.36 (KHTML, like Gecko) Chrome/74.0.3729.169 Safari/537.36"
144.31.151.48 - - [28/Apr/2026:09:27:34 +0000] "HEAD /new HTTP/1.1" 404 - "https://wrinkledskinrepair.com/new" "Mozilla/5.0 (Windows NT 10.0; Win64; x64) AppleWebKit/537.36 (KHTML, like Gecko) Chrome/74.0.3729.169 Safari/537.36"
144.31.151.48 - - [28/Apr/2026:09:27:36 +0000] "HEAD /New HTTP/1.1" 301 - "http://wrinkledskinrepair.com/New" "Mozilla/5.0 (Windows NT 10.0; Win64; x64) AppleWebKit/537.36 (KHTML, like Gecko) Chrome/74.0.3729.169 Safari/537.36"
144.31.151.48 - - [28/Apr/2026:09:27:38 +0000] "HEAD /New HTTP/1.1" 404 - "https://wrinkledskinrepair.com/New" "Mozilla/5.0 (Windows NT 10.0; Win64; x64) AppleWebKit/537.36 (KHTML, like Gecko) Chrome/74.0.3729.169 Safari/537.36"
144.31.151.48 - - [28/Apr/2026:09:27:40 +0000] "HEAD /NEW HTTP/1.1" 301 - "http://wrinkledskinrepair.com/NEW" "Mozilla/5.0 (Windows NT 10.0; Win64; x64) AppleWebKit/537.36 (KHTML, like Gecko) Chrome/74.0.3729.169 Safari/537.36"
144.31.151.48 - - [28/Apr/2026:09:27:41 +0000] "HEAD /NEW HTTP/1.1" 404 - "https://wrinkledskinrepair.com/NEW" "Mozilla/5.0 (Windows NT 10.0; Win64; x64) AppleWebKit/537.36 (KHTML, like Gecko) Chrome/74.0.3729.169 Safari/537.36"
144.31.151.48 - - [28/Apr/2026:09:27:44 +0000] "HEAD /wp-old HTTP/1.1" 301 - "http://wrinkledskinrepair.com/wp-old" "Mozilla/5.0 (Windows NT 10.0; Win64; x64) AppleWebKit/537.36 (KHTML, like Gecko) Chrome/74.0.3729.169 Safari/537.36"
144.31.151.48 - - [28/Apr/2026:09:27:45 +0000] "HEAD /wp-old HTTP/1.1" 404 - "https://wrinkledskinrepair.com/wp-old" "Mozilla/5.0 (Windows NT 10.0; Win64; x64) AppleWebKit/537.36 (KHTML, like Gecko) Chrome/74.0.3729.169 Safari/537.36"
57.141.18.14 - - [28/Apr/2026:09:27:47 +0000] "GET /2019/03/23/tips-to-resolve-your-skincare-issues-once-and-for-all/ HTTP/1.1" 200 186891 "-" "meta-externalagent/1.1 (+https://developers.facebook.com/docs/sharing/webmasters/crawler)"
144.31.151.48 - - [28/Apr/2026:09:27:47 +0000] "HEAD /2022 HTTP/1.1" 301 - "http://wrinkledskinrepair.com/2022" "Mozilla/5.0 (Windows NT 10.0; Win64; x64) AppleWebKit/537.36 (KHTML, like Gecko) Chrome/74.0.3729.169 Safari/537.36"
144.31.151.48 - - [28/Apr/2026:09:27:49 +0000] "HEAD /2022 HTTP/1.1" 404 - "https://wrinkledskinrepair.com/2022" "Mozilla/5.0 (Windows NT 10.0; Win64; x64) AppleWebKit/537.36 (KHTML, like Gecko) Chrome/74.0.3729.169 Safari/537.36"
144.31.151.48 - - [28/Apr/2026:09:27:51 +0000] "HEAD /2023 HTTP/1.1" 301 - "http://wrinkledskinrepair.com/2023" "Mozilla/5.0 (Windows NT 10.0; Win64; x64) AppleWebKit/537.36 (KHTML, like Gecko) Chrome/74.0.3729.169 Safari/537.36"
144.31.151.48 - - [28/Apr/2026:09:27:52 +0000] "HEAD /2023 HTTP/1.1" 404 - "https://wrinkledskinrepair.com/2023" "Mozilla/5.0 (Windows NT 10.0; Win64; x64) AppleWebKit/537.36 (KHTML, like Gecko) Chrome/74.0.3729.169 Safari/537.36"
144.31.151.48 - - [28/Apr/2026:09:27:55 +0000] "HEAD /2024 HTTP/1.1" 301 - "http://wrinkledskinrepair.com/2024" "Mozilla/5.0 (Windows NT 10.0; Win64; x64) AppleWebKit/537.36 (KHTML, like Gecko) Chrome/74.0.3729.169 Safari/537.36"
144.31.151.48 - - [28/Apr/2026:09:27:56 +0000] "HEAD /2024 HTTP/1.1" 404 - "https://wrinkledskinrepair.com/2024" "Mozilla/5.0 (Windows NT 10.0; Win64; x64) AppleWebKit/537.36 (KHTML, like Gecko) Chrome/74.0.3729.169 Safari/537.36"
144.31.151.48 - - [28/Apr/2026:09:27:59 +0000] "HEAD /2017 HTTP/1.1" 301 - "http://wrinkledskinrepair.com/2017" "Mozilla/5.0 (Windows NT 10.0; Win64; x64) AppleWebKit/537.36 (KHTML, like Gecko) Chrome/74.0.3729.169 Safari/537.36"
144.31.151.48 - - [28/Apr/2026:09:28:00 +0000] "HEAD /2017/ HTTP/1.1" 200 - "https://wrinkledskinrepair.com/2017" "Mozilla/5.0 (Windows NT 10.0; Win64; x64) AppleWebKit/537.36 (KHTML, like Gecko) Chrome/74.0.3729.169 Safari/537.36"
144.31.151.48 - - [28/Apr/2026:09:28:02 +0000] "HEAD /2020 HTTP/1.1" 301 - "http://wrinkledskinrepair.com/2020" "Mozilla/5.0 (Windows NT 10.0; Win64; x64) AppleWebKit/537.36 (KHTML, like Gecko) Chrome/74.0.3729.169 Safari/537.36"
144.31.151.48 - - [28/Apr/2026:09:28:04 +0000] "HEAD /2020/ HTTP/1.1" 200 - "https://wrinkledskinrepair.com/2020" "Mozilla/5.0 (Windows NT 10.0; Win64; x64) AppleWebKit/537.36 (KHTML, like Gecko) Chrome/74.0.3729.169 Safari/537.36"
114.119.142.140 - - [28/Apr/2026:09:28:06 +0000] "GET /2018/11/20/no-longer-be-embarrassed-by-your-skin?share=x HTTP/1.1" 302 - "http://www.wrinkledskinrepair.com/wrinkle-treatment/no-longer-be-embarrassed-by-your-skin" "Mozilla/5.0 (Linux; Android 7.0;) AppleWebKit/537.36 (HTML, like Gecko) Mobile Safari/537.36 (compatible; PetalBot;+https://webmaster.petalsearch.com/site/petalbot)"
144.31.151.48 - - [28/Apr/2026:09:28:06 +0000] "HEAD /2019 HTTP/1.1" 301 - "http://wrinkledskinrepair.com/2019" "Mozilla/5.0 (Windows NT 10.0; Win64; x64) AppleWebKit/537.36 (KHTML, like Gecko) Chrome/74.0.3729.169 Safari/537.36"
144.31.151.48 - - [28/Apr/2026:09:28:07 +0000] "HEAD /2019/ HTTP/1.1" 200 - "https://wrinkledskinrepair.com/2019" "Mozilla/5.0 (Windows NT 10.0; Win64; x64) AppleWebKit/537.36 (KHTML, like Gecko) Chrome/74.0.3729.169 Safari/537.36"
144.31.151.48 - - [28/Apr/2026:09:28:10 +0000] "HEAD /2018 HTTP/1.1" 301 - "http://wrinkledskinrepair.com/2018" "Mozilla/5.0 (Windows NT 10.0; Win64; x64) AppleWebKit/537.36 (KHTML, like Gecko) Chrome/74.0.3729.169 Safari/537.36"
144.31.151.48 - - [28/Apr/2026:09:28:11 +0000] "HEAD /2018/ HTTP/1.1" 200 - "https://wrinkledskinrepair.com/2018" "Mozilla/5.0 (Windows NT 10.0; Win64; x64) AppleWebKit/537.36 (KHTML, like Gecko) Chrome/74.0.3729.169 Safari/537.36"
144.31.151.48 - - [28/Apr/2026:09:28:13 +0000] "HEAD /backup HTTP/1.1" 301 - "http://wrinkledskinrepair.com/backup" "Mozilla/5.0 (Windows NT 10.0; Win64; x64) AppleWebKit/537.36 (KHTML, like Gecko) Chrome/74.0.3729.169 Safari/537.36"
144.31.151.48 - - [28/Apr/2026:09:28:15 +0000] "HEAD /backup HTTP/1.1" 404 - "https://wrinkledskinrepair.com/backup" "Mozilla/5.0 (Windows NT 10.0; Win64; x64) AppleWebKit/537.36 (KHTML, like Gecko) Chrome/74.0.3729.169 Safari/537.36"
184.94.212.206 - - [28/Apr/2026:09:28:18 +0000] "POST /wp-cron.php?doing_wp_cron=1777368498.8129160404205322265625 HTTP/1.1" 200 - "-" "WordPress/6.9.4; https://www.wrinkledskinrepair.com"
144.31.151.48 - - [28/Apr/2026:09:28:17 +0000] "HEAD /test HTTP/1.1" 301 - "http://wrinkledskinrepair.com/test" "Mozilla/5.0 (Windows NT 10.0; Win64; x64) AppleWebKit/537.36 (KHTML, like Gecko) Chrome/74.0.3729.169 Safari/537.36"
144.31.151.48 - - [28/Apr/2026:09:28:19 +0000] "HEAD /test HTTP/1.1" 404 - "https://wrinkledskinrepair.com/test" "Mozilla/5.0 (Windows NT 10.0; Win64; x64) AppleWebKit/537.36 (KHTML, like Gecko) Chrome/74.0.3729.169 Safari/537.36"
144.31.151.48 - - [28/Apr/2026:09:28:21 +0000] "HEAD /Test HTTP/1.1" 301 - "http://wrinkledskinrepair.com/Test" "Mozilla/5.0 (Windows NT 10.0; Win64; x64) AppleWebKit/537.36 (KHTML, like Gecko) Chrome/74.0.3729.169 Safari/537.36"
144.31.151.48 - - [28/Apr/2026:09:28:22 +0000] "HEAD /Test HTTP/1.1" 404 - "https://wrinkledskinrepair.com/Test" "Mozilla/5.0 (Windows NT 10.0; Win64; x64) AppleWebKit/537.36 (KHTML, like Gecko) Chrome/74.0.3729.169 Safari/537.36"
144.31.151.48 - - [28/Apr/2026:09:28:24 +0000] "HEAD /TEST HTTP/1.1" 301 - "http://wrinkledskinrepair.com/TEST" "Mozilla/5.0 (Windows NT 10.0; Win64; x64) AppleWebKit/537.36 (KHTML, like Gecko) Chrome/74.0.3729.169 Safari/537.36"
144.31.151.48 - - [28/Apr/2026:09:28:26 +0000] "HEAD /TEST HTTP/1.1" 404 - "https://wrinkledskinrepair.com/TEST" "Mozilla/5.0 (Windows NT 10.0; Win64; x64) AppleWebKit/537.36 (KHTML, like Gecko) Chrome/74.0.3729.169 Safari/537.36"
144.31.151.48 - - [28/Apr/2026:09:28:28 +0000] "HEAD /demo HTTP/1.1" 301 - "http://wrinkledskinrepair.com/demo" "Mozilla/5.0 (Windows NT 10.0; Win64; x64) AppleWebKit/537.36 (KHTML, like Gecko) Chrome/74.0.3729.169 Safari/537.36"
144.31.151.48 - - [28/Apr/2026:09:28:29 +0000] "HEAD /demo HTTP/1.1" 404 - "https://wrinkledskinrepair.com/demo" "Mozilla/5.0 (Windows NT 10.0; Win64; x64) AppleWebKit/537.36 (KHTML, like Gecko) Chrome/74.0.3729.169 Safari/537.36"
144.31.151.48 - - [28/Apr/2026:09:28:32 +0000] "HEAD /bc HTTP/1.1" 301 - "http://wrinkledskinrepair.com/bc" "Mozilla/5.0 (Windows NT 10.0; Win64; x64) AppleWebKit/537.36 (KHTML, like Gecko) Chrome/74.0.3729.169 Safari/537.36"
144.31.151.48 - - [28/Apr/2026:09:28:33 +0000] "HEAD /bc HTTP/1.1" 404 - "https://wrinkledskinrepair.com/bc" "Mozilla/5.0 (Windows NT 10.0; Win64; x64) AppleWebKit/537.36 (KHTML, like Gecko) Chrome/74.0.3729.169 Safari/537.36"
144.31.151.48 - - [28/Apr/2026:09:28:35 +0000] "HEAD /www HTTP/1.1" 301 - "http://wrinkledskinrepair.com/www" "Mozilla/5.0 (Windows NT 10.0; Win64; x64) AppleWebKit/537.36 (KHTML, like Gecko) Chrome/74.0.3729.169 Safari/537.36"
144.31.151.48 - - [28/Apr/2026:09:28:37 +0000] "HEAD /www HTTP/1.1" 404 - "https://wrinkledskinrepair.com/www" "Mozilla/5.0 (Windows NT 10.0; Win64; x64) AppleWebKit/537.36 (KHTML, like Gecko) Chrome/74.0.3729.169 Safari/537.36"
144.31.151.48 - - [28/Apr/2026:09:28:39 +0000] "HEAD /WWW HTTP/1.1" 301 - "http://wrinkledskinrepair.com/WWW" "Mozilla/5.0 (Windows NT 10.0; Win64; x64) AppleWebKit/537.36 (KHTML, like Gecko) Chrome/74.0.3729.169 Safari/537.36"
144.31.151.48 - - [28/Apr/2026:09:28:40 +0000] "HEAD /WWW HTTP/1.1" 404 - "https://wrinkledskinrepair.com/WWW" "Mozilla/5.0 (Windows NT 10.0; Win64; x64) AppleWebKit/537.36 (KHTML, like Gecko) Chrome/74.0.3729.169 Safari/537.36"
144.31.151.48 - - [28/Apr/2026:09:28:43 +0000] "HEAD /Www HTTP/1.1" 301 - "http://wrinkledskinrepair.com/Www" "Mozilla/5.0 (Windows NT 10.0; Win64; x64) AppleWebKit/537.36 (KHTML, like Gecko) Chrome/74.0.3729.169 Safari/537.36"
144.31.151.48 - - [28/Apr/2026:09:28:44 +0000] "HEAD /Www HTTP/1.1" 404 - "https://wrinkledskinrepair.com/Www" "Mozilla/5.0 (Windows NT 10.0; Win64; x64) AppleWebKit/537.36 (KHTML, like Gecko) Chrome/74.0.3729.169 Safari/537.36"
144.31.151.48 - - [28/Apr/2026:09:28:46 +0000] "HEAD /2021 HTTP/1.1" 301 - "http://wrinkledskinrepair.com/2021" "Mozilla/5.0 (Windows NT 10.0; Win64; x64) AppleWebKit/537.36 (KHTML, like Gecko) Chrome/74.0.3729.169 Safari/537.36"
144.31.151.48 - - [28/Apr/2026:09:28:47 +0000] "HEAD /2021 HTTP/1.1" 404 - "https://wrinkledskinrepair.com/2021" "Mozilla/5.0 (Windows NT 10.0; Win64; x64) AppleWebKit/537.36 (KHTML, like Gecko) Chrome/74.0.3729.169 Safari/537.36"
144.31.151.48 - - [28/Apr/2026:09:28:50 +0000] "HEAD /main HTTP/1.1" 301 - "http://wrinkledskinrepair.com/main" "Mozilla/5.0 (Windows NT 10.0; Win64; x64) AppleWebKit/537.36 (KHTML, like Gecko) Chrome/74.0.3729.169 Safari/537.36"
144.31.151.48 - - [28/Apr/2026:09:28:51 +0000] "HEAD /2018/06/27/maintain-a-youthful-look-with-these-skin-care-tips/ HTTP/1.1" 200 - "https://wrinkledskinrepair.com/main" "Mozilla/5.0 (Windows NT 10.0; Win64; x64) AppleWebKit/537.36 (KHTML, like Gecko) Chrome/74.0.3729.169 Safari/537.36"
144.31.151.48 - - [28/Apr/2026:09:28:53 +0000] "HEAD /old-site HTTP/1.1" 301 - "http://wrinkledskinrepair.com/old-site" "Mozilla/5.0 (Windows NT 10.0; Win64; x64) AppleWebKit/537.36 (KHTML, like Gecko) Chrome/74.0.3729.169 Safari/537.36"
144.31.151.48 - - [28/Apr/2026:09:28:55 +0000] "HEAD /old-site HTTP/1.1" 404 - "https://wrinkledskinrepair.com/old-site" "Mozilla/5.0 (Windows NT 10.0; Win64; x64) AppleWebKit/537.36 (KHTML, like Gecko) Chrome/74.0.3729.169 Safari/537.36"
144.31.151.48 - - [28/Apr/2026:09:28:57 +0000] "HEAD /bk HTTP/1.1" 301 - "http://wrinkledskinrepair.com/bk" "Mozilla/5.0 (Windows NT 10.0; Win64; x64) AppleWebKit/537.36 (KHTML, like Gecko) Chrome/74.0.3729.169 Safari/537.36"
144.31.151.48 - - [28/Apr/2026:09:28:58 +0000] "HEAD /bk HTTP/1.1" 404 - "https://wrinkledskinrepair.com/bk" "Mozilla/5.0 (Windows NT 10.0; Win64; x64) AppleWebKit/537.36 (KHTML, like Gecko) Chrome/74.0.3729.169 Safari/537.36"
144.31.151.48 - - [28/Apr/2026:09:29:00 +0000] "HEAD /Backup HTTP/1.1" 301 - "http://wrinkledskinrepair.com/Backup" "Mozilla/5.0 (Windows NT 10.0; Win64; x64) AppleWebKit/537.36 (KHTML, like Gecko) Chrome/74.0.3729.169 Safari/537.36"
144.31.151.48 - - [28/Apr/2026:09:29:02 +0000] "HEAD /Backup HTTP/1.1" 404 - "https://wrinkledskinrepair.com/Backup" "Mozilla/5.0 (Windows NT 10.0; Win64; x64) AppleWebKit/537.36 (KHTML, like Gecko) Chrome/74.0.3729.169 Safari/537.36"
192.0.102.146 - - [28/Apr/2026:09:29:04 +0000] "HEAD / HTTP/1.1" 200 - "-" "jetmon/1.0 (Jetpack Site Uptime Monitor by WordPress.com)"
144.31.151.48 - - [28/Apr/2026:09:29:04 +0000] "HEAD /BACKUP HTTP/1.1" 301 - "http://wrinkledskinrepair.com/BACKUP" "Mozilla/5.0 (Windows NT 10.0; Win64; x64) AppleWebKit/537.36 (KHTML, like Gecko) Chrome/74.0.3729.169 Safari/537.36"
144.31.151.48 - - [28/Apr/2026:09:29:05 +0000] "HEAD /BACKUP HTTP/1.1" 404 - "https://wrinkledskinrepair.com/BACKUP" "Mozilla/5.0 (Windows NT 10.0; Win64; x64) AppleWebKit/537.36 (KHTML, like Gecko) Chrome/74.0.3729.169 Safari/537.36"
144.31.151.48 - - [28/Apr/2026:09:29:08 +0000] "HEAD /SHOP HTTP/1.1" 301 - "http://wrinkledskinrepair.com/SHOP" "Mozilla/5.0 (Windows NT 10.0; Win64; x64) AppleWebKit/537.36 (KHTML, like Gecko) Chrome/74.0.3729.169 Safari/537.36"
144.31.151.48 - - [28/Apr/2026:09:29:09 +0000] "HEAD /SHOP HTTP/1.1" 404 - "https://wrinkledskinrepair.com/SHOP" "Mozilla/5.0 (Windows NT 10.0; Win64; x64) AppleWebKit/537.36 (KHTML, like Gecko) Chrome/74.0.3729.169 Safari/537.36"
144.31.151.48 - - [28/Apr/2026:09:29:11 +0000] "HEAD /Shop HTTP/1.1" 301 - "http://wrinkledskinrepair.com/Shop" "Mozilla/5.0 (Windows NT 10.0; Win64; x64) AppleWebKit/537.36 (KHTML, like Gecko) Chrome/74.0.3729.169 Safari/537.36"
144.31.151.48 - - [28/Apr/2026:09:29:13 +0000] "HEAD /Shop HTTP/1.1" 404 - "https://wrinkledskinrepair.com/Shop" "Mozilla/5.0 (Windows NT 10.0; Win64; x64) AppleWebKit/537.36 (KHTML, like Gecko) Chrome/74.0.3729.169 Safari/537.36"
144.31.151.48 - - [28/Apr/2026:09:29:15 +0000] "HEAD /shop HTTP/1.1" 301 - "http://wrinkledskinrepair.com/shop" "Mozilla/5.0 (Windows NT 10.0; Win64; x64) AppleWebKit/537.36 (KHTML, like Gecko) Chrome/74.0.3729.169 Safari/537.36"
144.31.151.48 - - [28/Apr/2026:09:29:16 +0000] "HEAD /shop HTTP/1.1" 404 - "https://wrinkledskinrepair.com/shop" "Mozilla/5.0 (Windows NT 10.0; Win64; x64) AppleWebKit/537.36 (KHTML, like Gecko) Chrome/74.0.3729.169 Safari/537.36"
144.31.151.48 - - [28/Apr/2026:09:29:19 +0000] "HEAD /bak HTTP/1.1" 301 - "http://wrinkledskinrepair.com/bak" "Mozilla/5.0 (Windows NT 10.0; Win64; x64) AppleWebKit/537.36 (KHTML, like Gecko) Chrome/74.0.3729.169 Safari/537.36"
144.31.151.48 - - [28/Apr/2026:09:29:20 +0000] "HEAD /bak HTTP/1.1" 404 - "https://wrinkledskinrepair.com/bak" "Mozilla/5.0 (Windows NT 10.0; Win64; x64) AppleWebKit/537.36 (KHTML, like Gecko) Chrome/74.0.3729.169 Safari/537.36"
144.31.151.48 - - [28/Apr/2026:09:29:22 +0000] "HEAD /sitio HTTP/1.1" 301 - "http://wrinkledskinrepair.com/sitio" "Mozilla/5.0 (Windows NT 10.0; Win64; x64) AppleWebKit/537.36 (KHTML, like Gecko) Chrome/74.0.3729.169 Safari/537.36"
144.31.151.48 - - [28/Apr/2026:09:29:23 +0000] "HEAD /sitio HTTP/1.1" 404 - "https://wrinkledskinrepair.com/sitio" "Mozilla/5.0 (Windows NT 10.0; Win64; x64) AppleWebKit/537.36 (KHTML, like Gecko) Chrome/74.0.3729.169 Safari/537.36"
144.31.151.48 - - [28/Apr/2026:09:29:26 +0000] "HEAD /bac HTTP/1.1" 301 - "http://wrinkledskinrepair.com/bac" "Mozilla/5.0 (Windows NT 10.0; Win64; x64) AppleWebKit/537.36 (KHTML, like Gecko) Chrome/74.0.3729.169 Safari/537.36"
144.31.151.48 - - [28/Apr/2026:09:29:27 +0000] "HEAD /bac HTTP/1.1" 404 - "https://wrinkledskinrepair.com/bac" "Mozilla/5.0 (Windows NT 10.0; Win64; x64) AppleWebKit/537.36 (KHTML, like Gecko) Chrome/74.0.3729.169 Safari/537.36"
144.31.151.48 - - [28/Apr/2026:09:29:30 +0000] "HEAD /sito HTTP/1.1" 301 - "http://wrinkledskinrepair.com/sito" "Mozilla/5.0 (Windows NT 10.0; Win64; x64) AppleWebKit/537.36 (KHTML, like Gecko) Chrome/74.0.3729.169 Safari/537.36"
144.31.151.48 - - [28/Apr/2026:09:29:31 +0000] "HEAD /sito HTTP/1.1" 404 - "https://wrinkledskinrepair.com/sito" "Mozilla/5.0 (Windows NT 10.0; Win64; x64) AppleWebKit/537.36 (KHTML, like Gecko) Chrome/74.0.3729.169 Safari/537.36"
216.73.216.121 - - [28/Apr/2026:09:29:32 +0000] "GET /robots.txt HTTP/1.1" 200 127 "-" "Mozilla/5.0 AppleWebKit/537.36 (KHTML, like Gecko; compatible; ClaudeBot/1.0; +claudebot@anthropic.com)"
216.73.216.121 - - [28/Apr/2026:09:29:33 +0000] "GET /?p=4500 HTTP/1.1" 301 - "-" "Mozilla/5.0 AppleWebKit/537.36 (KHTML, like Gecko; compatible; ClaudeBot/1.0; +claudebot@anthropic.com)"
57.141.18.4 - - [28/Apr/2026:09:29:33 +0000] "GET /tag/stay-relaxed/ HTTP/1.1" 200 150336 "-" "meta-externalagent/1.1 (+https://developers.facebook.com/docs/sharing/webmasters/crawler)"
144.31.151.48 - - [28/Apr/2026:09:29:33 +0000] "HEAD /site HTTP/1.1" 301 - "http://wrinkledskinrepair.com/site" "Mozilla/5.0 (Windows NT 10.0; Win64; x64) AppleWebKit/537.36 (KHTML, like Gecko) Chrome/74.0.3729.169 Safari/537.36"
216.73.216.121 - - [28/Apr/2026:09:29:34 +0000] "GET /store/ HTTP/1.1" 200 46083 "https://www.wrinkledskinrepair.com/?p=4500" "Mozilla/5.0 AppleWebKit/537.36 (KHTML, like Gecko; compatible; ClaudeBot/1.0; +claudebot@anthropic.com)"
144.31.151.48 - - [28/Apr/2026:09:29:35 +0000] "HEAD /site HTTP/1.1" 404 - "https://wrinkledskinrepair.com/site" "Mozilla/5.0 (Windows NT 10.0; Win64; x64) AppleWebKit/537.36 (KHTML, like Gecko) Chrome/74.0.3729.169 Safari/537.36"
144.31.151.48 - - [28/Apr/2026:09:29:37 +0000] "HEAD /Site HTTP/1.1" 301 - "http://wrinkledskinrepair.com/Site" "Mozilla/5.0 (Windows NT 10.0; Win64; x64) AppleWebKit/537.36 (KHTML, like Gecko) Chrome/74.0.3729.169 Safari/537.36"
144.31.151.48 - - [28/Apr/2026:09:29:39 +0000] "HEAD /Site HTTP/1.1" 404 - "https://wrinkledskinrepair.com/Site" "Mozilla/5.0 (Windows NT 10.0; Win64; x64) AppleWebKit/537.36 (KHTML, like Gecko) Chrome/74.0.3729.169 Safari/537.36"
144.31.151.48 - - [28/Apr/2026:09:29:41 +0000] "HEAD /SITE HTTP/1.1" 301 - "http://wrinkledskinrepair.com/SITE" "Mozilla/5.0 (Windows NT 10.0; Win64; x64) AppleWebKit/537.36 (KHTML, like Gecko) Chrome/74.0.3729.169 Safari/537.36"
184.94.212.206 - - [28/Apr/2026:09:29:44 +0000] "POST /wp-cron.php?doing_wp_cron=1777368584.0547769069671630859375 HTTP/1.1" 200 - "-" "WordPress/6.9.4; https://www.wrinkledskinrepair.com"
144.31.151.48 - - [28/Apr/2026:09:29:42 +0000] "HEAD /SITE HTTP/1.1" 404 - "https://wrinkledskinrepair.com/SITE" "Mozilla/5.0 (Windows NT 10.0; Win64; x64) AppleWebKit/537.36 (KHTML, like Gecko) Chrome/74.0.3729.169 Safari/537.36"
144.31.151.48 - - [28/Apr/2026:09:29:45 +0000] "HEAD /blog HTTP/1.1" 301 - "http://wrinkledskinrepair.com/blog" "Mozilla/5.0 (Windows NT 10.0; Win64; x64) AppleWebKit/537.36 (KHTML, like Gecko) Chrome/74.0.3729.169 Safari/537.36"
144.31.151.48 - - [28/Apr/2026:09:29:46 +0000] "HEAD /blog/ HTTP/1.1" 200 - "https://wrinkledskinrepair.com/blog" "Mozilla/5.0 (Windows NT 10.0; Win64; x64) AppleWebKit/537.36 (KHTML, like Gecko) Chrome/74.0.3729.169 Safari/537.36"
144.31.151.48 - - [28/Apr/2026:09:29:49 +0000] "HEAD /BLOG HTTP/1.1" 301 - "http://wrinkledskinrepair.com/BLOG" "Mozilla/5.0 (Windows NT 10.0; Win64; x64) AppleWebKit/537.36 (KHTML, like Gecko) Chrome/74.0.3729.169 Safari/537.36"
144.31.151.48 - - [28/Apr/2026:09:29:50 +0000] "HEAD /BLOG/ HTTP/1.1" 200 - "https://wrinkledskinrepair.com/BLOG" "Mozilla/5.0 (Windows NT 10.0; Win64; x64) AppleWebKit/537.36 (KHTML, like Gecko) Chrome/74.0.3729.169 Safari/537.36"
144.31.151.48 - - [28/Apr/2026:09:29:52 +0000] "HEAD /Blog HTTP/1.1" 301 - "http://wrinkledskinrepair.com/Blog" "Mozilla/5.0 (Windows NT 10.0; Win64; x64) AppleWebKit/537.36 (KHTML, like Gecko) Chrome/74.0.3729.169 Safari/537.36"
144.31.151.48 - - [28/Apr/2026:09:29:54 +0000] "HEAD /Blog/ HTTP/1.1" 200 - "https://wrinkledskinrepair.com/Blog" "Mozilla/5.0 (Windows NT 10.0; Win64; x64) AppleWebKit/537.36 (KHTML, like Gecko) Chrome/74.0.3729.169 Safari/537.36"
184.94.212.206 - - [28/Apr/2026:09:30:59 +0000] "POST /wp-cron.php?doing_wp_cron=1777368659.2306089401245117187500 HTTP/1.1" 200 - "-" "WordPress/6.9.4; https://www.wrinkledskinrepair.com"
85.208.96.204 - - [28/Apr/2026:09:30:57 +0000] "GET /2018/07/20/take-care-of-your-skin-with-these-simple-steps/ HTTP/1.1" 200 53150 "-" "Mozilla/5.0 (compatible; SemrushBot/7~bl; +http://www.semrush.com/bot.html)"
184.94.212.206 - - [28/Apr/2026:09:31:24 +0000] "POST /wp-cron.php?doing_wp_cron=1777368684.0661530494689941406250 HTTP/1.1" 200 - "-" "WordPress/6.9.4; https://www.wrinkledskinrepair.com"
114.119.144.64 - - [28/Apr/2026:09:31:22 +0000] "GET /2018/11/20/no-longer-be-embarrassed-by-your-skin HTTP/1.1" 301 - "https://www.wrinkledskinrepair.com/2018/11/21/empowering-tips-to-get-you-in-control-of-your-skin-2" "Mozilla/5.0 (Linux; Android 7.0;) AppleWebKit/537.36 (HTML, like Gecko) Mobile Safari/537.36 (compatible; PetalBot;+https://webmaster.petalsearch.com/site/petalbot)"
114.119.144.64 - - [28/Apr/2026:09:31:24 +0000] "GET /2018/11/20/no-longer-be-embarrassed-by-your-skin/ HTTP/1.1" 200 53401 "https://www.wrinkledskinrepair.com/2018/11/21/empowering-tips-to-get-you-in-control-of-your-skin-2" "Mozilla/5.0 (Linux; Android 7.0;) AppleWebKit/537.36 (HTML, like Gecko) Mobile Safari/537.36 (compatible; PetalBot;+https://webmaster.petalsearch.com/site/petalbot)"
46.8.187.186 - - [28/Apr/2026:09:31:59 +0000] "GET /wp-login.php HTTP/1.1" 200 4400 "-" "Mozilla/5.0 (Windows NT 6.3; Win64; x64; Trident/7.0; Touch; MAARJS; rv:11.0) like Gecko"
46.8.187.186 - - [28/Apr/2026:09:32:00 +0000] "POST /wp-login.php HTTP/1.1" 200 4400 "https://www.wrinkledskinrepair.com/wp-login.php" "Mozilla/5.0 (Windows NT 6.3; Win64; x64; Trident/7.0; Touch; MAARJS; rv:11.0) like Gecko"
184.94.212.206 - - [28/Apr/2026:09:33:15 +0000] "POST /wp-cron.php?doing_wp_cron=1777368795.8163220882415771484375 HTTP/1.1" 200 - "-" "WordPress/6.9.4; https://www.wrinkledskinrepair.com"
185.191.171.9 - - [28/Apr/2026:09:33:13 +0000] "GET /2018/09/16/great-ideas-for-a-successful-skin-care-plan/ HTTP/1.1" 200 52638 "-" "Mozilla/5.0 (compatible; SemrushBot/7~bl; +http://www.semrush.com/bot.html)"
184.94.212.206 - - [28/Apr/2026:09:33:45 +0000] "POST /wp-cron.php?doing_wp_cron=1777368825.7186939716339111328125 HTTP/1.1" 200 - "-" "WordPress/6.9.4; https://www.wrinkledskinrepair.com"
146.174.182.26 - - [28/Apr/2026:09:33:44 +0000] "GET /sitemap.xml HTTP/1.1" 200 407 "-" "Mozilla/5.0 (Macintosh; Intel Mac OS X 15_1_0) AppleWebKit/537.36 (KHTML, like Gecko) Chrome/129.0.6668.100 Safari/537.36"
216.73.216.121 - - [28/Apr/2026:09:34:03 +0000] "GET /2018/12/17/care-for-your-skin-with-these-easy-to-follow-tips HTTP/1.1" 301 - "-" "Mozilla/5.0 AppleWebKit/537.36 (KHTML, like Gecko; compatible; ClaudeBot/1.0; +claudebot@anthropic.com)"
192.0.102.146 - - [28/Apr/2026:09:34:04 +0000] "HEAD / HTTP/1.1" 200 - "-" "jetmon/1.0 (Jetpack Site Uptime Monitor by WordPress.com)"
216.73.216.121 - - [28/Apr/2026:09:34:05 +0000] "GET /2018/12/17/care-for-your-skin-with-these-easy-to-follow-tips/ HTTP/1.1" 200 53783 "https://www.wrinkledskinrepair.com/2018/12/17/care-for-your-skin-with-these-easy-to-follow-tips" "Mozilla/5.0 AppleWebKit/537.36 (KHTML, like Gecko; compatible; ClaudeBot/1.0; +claudebot@anthropic.com)"
184.94.212.206 - - [28/Apr/2026:09:34:32 +0000] "POST /wp-cron.php?doing_wp_cron=1777368872.2997479438781738281250 HTTP/1.1" 200 - "-" "WordPress/6.9.4; https://www.wrinkledskinrepair.com"
114.119.143.101 - - [28/Apr/2026:09:34:31 +0000] "GET /2018/11/13/everything-you-should-know-about-proper-skin-care-2?share=facebook HTTP/1.1" 302 - "https://www.wrinkledskinrepair.com/2018/11/13/everything-you-should-know-about-proper-skin-care-2" "Mozilla/5.0 (Linux; Android 7.0;) AppleWebKit/537.36 (HTML, like Gecko) Mobile Safari/537.36 (compatible; PetalBot;+https://webmaster.petalsearch.com/site/petalbot)"
207.180.11.112 - - [28/Apr/2026:09:34:34 +0000] "GET /wp-json/wp/v2/posts/333 HTTP/1.1" 200 3650 "-" "Mozilla/5.0 (Macintosh; Intel Mac OS X 10_15_7) AppleWebKit/537.36 (KHTML, like Gecko) Chrome/135.0.0.0 Safari/537.36"
184.94.212.206 - - [28/Apr/2026:09:34:42 +0000] "POST /wp-cron.php?doing_wp_cron=1777368882.9099719524383544921875 HTTP/1.1" 200 - "-" "WordPress/6.9.4; https://www.wrinkledskinrepair.com"
197.27.189.185 - - [28/Apr/2026:09:34:41 +0000] "GET /2019/06/14/skin-care-that-actually-works-how-you-want-it-to/ HTTP/1.1" 200 53553 "-" "Mozilla/5.0 (Macintosh; Intel Mac OS X 10_2) AppleWebKit/537.36 (KHTML, like Gecko) Chrome/98.0.4691.94 Safari/537.36"
57.141.18.82 - - [28/Apr/2026:09:34:47 +0000] "GET /2018/07/06/revitalize-your-look-advice-for-reducing-skincare-problems/ HTTP/1.1" 200 187911 "-" "meta-externalagent/1.1 (+https://developers.facebook.com/docs/sharing/webmasters/crawler)"
184.94.212.206 - - [28/Apr/2026:09:35:40 +0000] "POST /wp-cron.php?doing_wp_cron=1777368940.2444779872894287109375 HTTP/1.1" 200 - "-" "WordPress/6.9.4; https://www.wrinkledskinrepair.com"
104.210.140.129 - - [28/Apr/2026:09:35:38 +0000] "GET /robots.txt HTTP/1.1" 200 127 "-" "Mozilla/5.0 (Macintosh; Intel Mac OS X 10_15_7) AppleWebKit/537.36 (KHTML, like Gecko) Chrome/131.0.0.0 Safari/537.36; compatible; OAI-SearchBot/1.0; +https://openai.com/searchbot"
103.208.218.164 - - [28/Apr/2026:09:36:55 +0000] "GET /wp-login.php HTTP/1.1" 200 4402 "-" "Mozilla/5.0 (Windows NT 6.3) AppleWebKit/537.36 (KHTML, like Gecko) Chrome/66.0.3359.139 Safari/537.36"
103.208.218.164 - - [28/Apr/2026:09:36:57 +0000] "POST /wp-login.php HTTP/1.1" 200 4402 "https://www.wrinkledskinrepair.com/wp-login.php" "Mozilla/5.0 (Windows NT 6.3) AppleWebKit/537.36 (KHTML, like Gecko) Chrome/66.0.3359.139 Safari/537.36"
184.94.212.206 - - [28/Apr/2026:09:37:44 +0000] "POST /wp-cron.php?doing_wp_cron=1777369064.8106598854064941406250 HTTP/1.1" 200 - "-" "WordPress/6.9.4; https://www.wrinkledskinrepair.com"
114.119.145.116 - - [28/Apr/2026:09:37:43 +0000] "GET /2018/11/13/everything-you-should-know-about-proper-skin-care-2/?share=facebook HTTP/1.1" 302 - "https://www.wrinkledskinrepair.com/2018/11/13/everything-you-should-know-about-proper-skin-care-2/" "Mozilla/5.0 (Linux; Android 7.0;) AppleWebKit/537.36 (HTML, like Gecko) Mobile Safari/537.36 (compatible; PetalBot;+https://webmaster.petalsearch.com/site/petalbot)"
184.94.212.206 - - [28/Apr/2026:09:38:34 +0000] "POST /wp-cron.php?doing_wp_cron=1777369114.5739979743957519531250 HTTP/1.1" 200 - "-" "WordPress/6.9.4; https://www.wrinkledskinrepair.com"
14.186.163.66 - - [28/Apr/2026:09:38:32 +0000] "GET /sitemap.rss HTTP/1.1" 200 3441 "-" "Mozilla/5.0 (Macintosh; U; PPC Mac OS X; en_CA) AppleWebKit/125.4 (KHTML, like Gecko) Safari/125.9"
51.222.168.72 - - [28/Apr/2026:09:38:49 +0000] "GET /tag/skin-damage/feed/ HTTP/1.1" 200 3801 "-" "Mozilla/5.0 (compatible; AhrefsBot/7.0; +http://ahrefs.com/robot/)"
192.0.102.146 - - [28/Apr/2026:09:39:04 +0000] "HEAD / HTTP/1.1" 200 - "-" "jetmon/1.0 (Jetpack Site Uptime Monitor by WordPress.com)"
184.94.212.206 - - [28/Apr/2026:09:40:44 +0000] "POST /wp-cron.php?doing_wp_cron=1777369244.5041279792785644531250 HTTP/1.1" 200 - "-" "WordPress/6.9.4; https://www.wrinkledskinrepair.com"
85.208.96.197 - - [28/Apr/2026:09:40:42 +0000] "GET /robots.txt HTTP/1.1" 200 127 "-" "Mozilla/5.0 (compatible; SemrushBot/7~bl; +http://www.semrush.com/bot.html)"
85.208.96.197 - - [28/Apr/2026:09:40:45 +0000] "GET /2019/07/11/skin-care-rules-to-live-by-2/ HTTP/1.1" 200 53132 "-" "Mozilla/5.0 (compatible; SemrushBot/7~bl; +http://www.semrush.com/bot.html)"
114.119.142.210 - - [28/Apr/2026:09:41:10 +0000] "GET /2018/11/12/these-great-skin-care-tips-can-change-your-life/?share=x HTTP/1.1" 302 - "https://www.wrinkledskinrepair.com/2018/11/12/these-great-skin-care-tips-can-change-your-life" "Mozilla/5.0 (Linux; Android 7.0;) AppleWebKit/537.36 (HTML, like Gecko) Mobile Safari/537.36 (compatible; PetalBot;+https://webmaster.petalsearch.com/site/petalbot)"
178.33.251.48 - - [28/Apr/2026:09:42:10 +0000] "GET /wp-login.php HTTP/1.1" 200 4400 "-" "Mozilla/5.0 (Windows NT 6.1; WOW64) AppleWebKit/537.36 (KHTML, like Gecko) Chrome/67.0.3396.87 Safari/537.36"
178.33.251.48 - - [28/Apr/2026:09:42:12 +0000] "POST /wp-login.php HTTP/1.1" 200 4400 "https://www.wrinkledskinrepair.com/wp-login.php" "Mozilla/5.0 (Windows NT 6.1; WOW64) AppleWebKit/537.36 (KHTML, like Gecko) Chrome/67.0.3396.87 Safari/537.36"
184.94.212.206 - - [28/Apr/2026:09:42:17 +0000] "POST /wp-cron.php?doing_wp_cron=1777369337.7769138813018798828125 HTTP/1.1" 200 - "-" "WordPress/6.9.4; https://www.wrinkledskinrepair.com"
85.208.96.198 - - [28/Apr/2026:09:42:16 +0000] "GET /2018/10/27/learn-how-to-take-care-of-your-skin-properly-2/ HTTP/1.1" 200 53295 "-" "Mozilla/5.0 (compatible; SemrushBot/7~bl; +http://www.semrush.com/bot.html)"
47.128.41.88 - - [28/Apr/2026:09:43:03 +0000] "GET /2013/06/08/home-remedies-for-wrinkles/?share=x HTTP/1.1" 302 - "-" "Mozilla/5.0 (Linux; Android 5.0) AppleWebKit/537.36 (KHTML, like Gecko) Mobile Safari/537.36 (compatible; Bytespider; spider-feedback@bytedance.com)"
184.94.212.206 - - [28/Apr/2026:09:43:26 +0000] "POST /wp-cron.php?doing_wp_cron=1777369406.4244229793548583984375 HTTP/1.1" 200 - "-" "WordPress/6.9.4; https://www.wrinkledskinrepair.com"
185.191.171.9 - - [28/Apr/2026:09:43:24 +0000] "GET /2020/04/28/advice-and-ideas-to-help-you-keep-your-skin-healthy-and-glowing/ HTTP/1.1" 200 52952 "-" "Mozilla/5.0 (compatible; SemrushBot/7~bl; +http://www.semrush.com/bot.html)"
192.0.102.146 - - [28/Apr/2026:09:44:04 +0000] "HEAD / HTTP/1.1" 200 - "-" "jetmon/1.0 (Jetpack Site Uptime Monitor by WordPress.com)"
114.119.142.210 - - [28/Apr/2026:09:44:09 +0000] "GET /2018/11/10/give-your-skin-some-tlc-with-these-tips-2?share=x HTTP/1.1" 302 - "https://www.wrinkledskinrepair.com/2018/11/10/give-your-skin-some-tlc-with-these-tips-2" "Mozilla/5.0 (Linux; Android 7.0;) AppleWebKit/537.36 (HTML, like Gecko) Mobile Safari/537.36 (compatible; PetalBot;+https://webmaster.petalsearch.com/site/petalbot)"
184.94.212.206 - - [28/Apr/2026:09:44:37 +0000] "POST /wp-cron.php?doing_wp_cron=1777369477.6073799133300781250000 HTTP/1.1" 200 - "-" "WordPress/6.9.4; https://www.wrinkledskinrepair.com"
185.191.171.16 - - [28/Apr/2026:09:44:36 +0000] "GET /2019/06/19/how-to-have-skin-that-simply-glows/ HTTP/1.1" 200 52679 "-" "Mozilla/5.0 (compatible; SemrushBot/7~bl; +http://www.semrush.com/bot.html)"
57.141.18.103 - - [28/Apr/2026:09:44:38 +0000] "GET /2018/07/21/take-care-of-your-skin-follow-these-techniques/ HTTP/1.1" 200 186378 "-" "meta-externalagent/1.1 (+https://developers.facebook.com/docs/sharing/webmasters/crawler)"
47.128.42.101 - - [28/Apr/2026:09:45:15 +0000] "GET /robots.txt HTTP/1.1" 200 127 "-" "Mozilla/5.0 (Linux; Android 5.0) AppleWebKit/537.36 (KHTML, like Gecko) Mobile Safari/537.36 (compatible; Bytespider; spider-feedback@bytedance.com)"
184.94.212.206 - - [28/Apr/2026:09:45:58 +0000] "POST /wp-cron.php?doing_wp_cron=1777369558.2271480560302734375000 HTTP/1.1" 200 - "-" "WordPress/6.9.4; https://www.wrinkledskinrepair.com"
185.191.171.15 - - [28/Apr/2026:09:45:56 +0000] "GET /2018/12/06/things-you-can-use-from-home-for-beautiful-skin-2/ HTTP/1.1" 200 52883 "-" "Mozilla/5.0 (compatible; SemrushBot/7~bl; +http://www.semrush.com/bot.html)"
184.94.212.206 - - [28/Apr/2026:09:46:27 +0000] "POST /wp-cron.php?doing_wp_cron=1777369587.3158869743347167968750 HTTP/1.1" 200 - "-" "WordPress/6.9.4; https://www.wrinkledskinrepair.com"
57.141.18.34 - - [28/Apr/2026:09:46:25 +0000] "GET /2020/06/06/skin-care-advice-for-everyone-in-the-family/ HTTP/1.1" 200 186683 "-" "meta-externalagent/1.1 (+https://developers.facebook.com/docs/sharing/webmasters/crawler)"
184.94.212.206 - - [28/Apr/2026:09:47:34 +0000] "POST /wp-cron.php?doing_wp_cron=1777369654.6737248897552490234375 HTTP/1.1" 200 - "-" "WordPress/6.9.4; https://www.wrinkledskinrepair.com"
114.119.144.17 - - [28/Apr/2026:09:47:32 +0000] "GET /wp-content/uploads/2020/04/eb32b00c2df5013ed1584d05fb1d4390e277e2c818b4154994f2c47aaee9_640-640x120-1-1.jpg HTTP/1.1" 404 42554 "https://wrinkledskinrepair.com/eb32b00c2df5013ed1584d05fb1d4390e277e2c818b4154994f2c47aaee9_640-640x120/" "Mozilla/5.0 (Linux; Android 7.0;) AppleWebKit/537.36 (HTML, like Gecko) Mobile Safari/537.36 (compatible; PetalBot;+https://webmaster.petalsearch.com/site/petalbot)"
44.205.192.249 - - [28/Apr/2026:09:47:49 +0000] "GET /shipping/ HTTP/1.1" 200 47697 "-" "Mozilla/5.0 AppleWebKit/537.36 (KHTML, like Gecko; compatible; Amazonbot/0.1; +https://developer.amazon.com/support/amazonbot) Chrome/119.0.6045.214 Safari/537.36"
141.94.194.132 - - [28/Apr/2026:09:48:21 +0000] "GET /atom HTTP/1.1" 301 - "-" "Mozilla/5.0 (X11; Linux i686) AppleWebKit/537.36 (KHTML, like Gecko) Chrome/30.0.1599.66 Safari/537.36"
141.94.194.132 - - [28/Apr/2026:09:48:23 +0000] "GET /feed/atom/ HTTP/1.1" 200 29993 "-" "Mozilla/5.0 (X11; Linux i686) AppleWebKit/537.36 (KHTML, like Gecko) Chrome/30.0.1599.66 Safari/537.36"
172.232.7.86 - - [28/Apr/2026:09:48:38 +0000] "HEAD / HTTP/1.1" 301 - "-" "Mozilla/5.0 (compatible; SSL-Checker/1.0)"
192.0.102.146 - - [28/Apr/2026:09:49:04 +0000] "HEAD / HTTP/1.1" 200 - "-" "jetmon/1.0 (Jetpack Site Uptime Monitor by WordPress.com)"
184.94.212.206 - - [28/Apr/2026:09:50:08 +0000] "POST /wp-cron.php?doing_wp_cron=1777369808.2050108909606933593750 HTTP/1.1" 200 - "-" "WordPress/6.9.4; https://www.wrinkledskinrepair.com"
85.208.96.209 - - [28/Apr/2026:09:50:06 +0000] "GET /2020/06/06/skin-care-advice-for-everyone-in-the-family/ HTTP/1.1" 200 53069 "-" "Mozilla/5.0 (compatible; SemrushBot/7~bl; +http://www.semrush.com/bot.html)"
184.94.212.206 - - [28/Apr/2026:09:50:41 +0000] "POST /wp-cron.php?doing_wp_cron=1777369841.2204110622406005859375 HTTP/1.1" 200 - "-" "WordPress/6.9.4; https://www.wrinkledskinrepair.com"
114.119.146.179 - - [28/Apr/2026:09:50:39 +0000] "GET /tag/uv-rays/ HTTP/1.1" 200 48479 "https://www.wrinkledskinrepair.com/blog/page/4" "Mozilla/5.0 (Linux; Android 7.0;) AppleWebKit/537.36 (HTML, like Gecko) Mobile Safari/537.36 (compatible; PetalBot;+https://webmaster.petalsearch.com/site/petalbot)"
216.73.216.121 - - [28/Apr/2026:09:50:57 +0000] "GET /robots.txt HTTP/1.1" 301 - "http://wrinkledskinrepair.com/robots.txt" "Mozilla/5.0 AppleWebKit/537.36 (KHTML, like Gecko; compatible; ClaudeBot/1.0; +claudebot@anthropic.com)"
216.73.216.121 - - [28/Apr/2026:09:50:58 +0000] "GET /robots.txt HTTP/1.1" 200 127 "https://wrinkledskinrepair.com/robots.txt" "Mozilla/5.0 AppleWebKit/537.36 (KHTML, like Gecko; compatible; ClaudeBot/1.0; +claudebot@anthropic.com)"
216.73.216.121 - - [28/Apr/2026:09:51:01 +0000] "GET /follow-this-advice-to-achieve-the-best-skin-possible-3 HTTP/1.1" 301 - "http://wrinkledskinrepair.com/follow-this-advice-to-achieve-the-best-skin-possible-3" "Mozilla/5.0 AppleWebKit/537.36 (KHTML, like Gecko; compatible; ClaudeBot/1.0; +claudebot@anthropic.com)"
216.73.216.121 - - [28/Apr/2026:09:51:02 +0000] "GET /2019/05/27/follow-this-advice-to-achieve-the-best-skin-possible-3/ HTTP/1.1" 200 53454 "https://wrinkledskinrepair.com/follow-this-advice-to-achieve-the-best-skin-possible-3" "Mozilla/5.0 AppleWebKit/537.36 (KHTML, like Gecko; compatible; ClaudeBot/1.0; +claudebot@anthropic.com)"
184.94.212.206 - - [28/Apr/2026:09:51:57 +0000] "POST /wp-cron.php?doing_wp_cron=1777369917.6060929298400878906250 HTTP/1.1" 200 - "-" "WordPress/6.9.4; https://www.wrinkledskinrepair.com"
57.141.18.50 - - [28/Apr/2026:09:51:55 +0000] "GET /tag/skin-products/ HTTP/1.1" 200 150400 "-" "meta-externalagent/1.1 (+https://developers.facebook.com/docs/sharing/webmasters/crawler)"
47.128.42.125 - - [28/Apr/2026:09:52:06 +0000] "GET /2019/03/26/get-beautiful-skin-everyone-will-notice-2/?share=x HTTP/1.1" 302 - "-" "Mozilla/5.0 (Linux; Android 5.0) AppleWebKit/537.36 (KHTML, like Gecko) Mobile Safari/537.36 (compatible; Bytespider; spider-feedback@bytedance.com)"
184.94.212.206 - - [28/Apr/2026:09:52:46 +0000] "POST /wp-cron.php?doing_wp_cron=1777369966.4746019840240478515625 HTTP/1.1" 200 - "-" "WordPress/6.9.4; https://www.wrinkledskinrepair.com"
47.128.41.99 - - [28/Apr/2026:09:52:45 +0000] "GET /2013/06/08/can-we-prevent-wrinkled-skin/?share=x HTTP/1.1" 302 - "-" "Mozilla/5.0 (Linux; Android 5.0) AppleWebKit/537.36 (KHTML, like Gecko) Mobile Safari/537.36 (compatible; Bytespider; spider-feedback@bytedance.com)"
184.94.212.206 - - [28/Apr/2026:09:53:54 +0000] "POST /wp-cron.php?doing_wp_cron=1777370034.5832419395446777343750 HTTP/1.1" 200 - "-" "WordPress/6.9.4; https://www.wrinkledskinrepair.com"
57.141.18.85 - - [28/Apr/2026:09:53:52 +0000] "GET /tag/helps-skin/ HTTP/1.1" 200 150405 "-" "meta-externalagent/1.1 (+https://developers.facebook.com/docs/sharing/webmasters/crawler)"
47.128.41.98 - - [28/Apr/2026:09:53:59 +0000] "GET /Multi-Collagen-Protein HTTP/1.1" 307 - "-" "Mozilla/5.0 (Linux; Android 5.0) AppleWebKit/537.36 (KHTML, like Gecko) Mobile Safari/537.36 (compatible; Bytespider; spider-feedback@bytedance.com)"
192.0.102.146 - - [28/Apr/2026:09:54:04 +0000] "HEAD / HTTP/1.1" 200 - "-" "jetmon/1.0 (Jetpack Site Uptime Monitor by WordPress.com)"
114.119.144.64 - - [28/Apr/2026:09:54:14 +0000] "GET /tag/uv-rays HTTP/1.1" 301 - "https://www.wrinkledskinrepair.com/blog/page/38" "Mozilla/5.0 (Linux; Android 7.0;) AppleWebKit/537.36 (HTML, like Gecko) Mobile Safari/537.36 (compatible; PetalBot;+https://webmaster.petalsearch.com/site/petalbot)"
114.119.144.64 - - [28/Apr/2026:09:54:15 +0000] "GET /tag/uv-rays/ HTTP/1.1" 200 48479 "https://www.wrinkledskinrepair.com/blog/page/38" "Mozilla/5.0 (Linux; Android 7.0;) AppleWebKit/537.36 (HTML, like Gecko) Mobile Safari/537.36 (compatible; PetalBot;+https://webmaster.petalsearch.com/site/petalbot)"
184.94.212.206 - - [28/Apr/2026:09:56:56 +0000] "POST /wp-cron.php?doing_wp_cron=1777370216.0370221138000488281250 HTTP/1.1" 200 - "-" "WordPress/6.9.4; https://www.wrinkledskinrepair.com"
15.235.98.104 - - [28/Apr/2026:09:56:52 +0000] "GET /category/skin-care/ HTTP/1.1" 200 50174 "-" "Mozilla/5.0 (compatible; AhrefsBot/7.0; +http://ahrefs.com/robot/)"
184.94.212.206 - - [28/Apr/2026:09:57:27 +0000] "POST /wp-cron.php?doing_wp_cron=1777370247.1050651073455810546875 HTTP/1.1" 200 - "-" "WordPress/6.9.4; https://www.wrinkledskinrepair.com"
114.119.144.64 - - [28/Apr/2026:09:57:25 +0000] "GET /tag/skin-type/ HTTP/1.1" 200 48952 "https://www.wrinkledskinrepair.com/category/wrinkle-treatment/page/30/" "Mozilla/5.0 (Linux; Android 7.0;) AppleWebKit/537.36 (HTML, like Gecko) Mobile Safari/537.36 (compatible; PetalBot;+https://webmaster.petalsearch.com/site/petalbot)"
184.94.212.206 - - [28/Apr/2026:09:59:06 +0000] "POST /wp-cron.php?doing_wp_cron=1777370346.2444310188293457031250 HTTP/1.1" 200 - "-" "WordPress/6.9.4; https://www.wrinkledskinrepair.com"
192.0.102.146 - - [28/Apr/2026:09:59:04 +0000] "HEAD / HTTP/1.1" 200 - "-" "jetmon/1.0 (Jetpack Site Uptime Monitor by WordPress.com)"
34.234.116.23 - - [28/Apr/2026:09:59:33 +0000] "GET /ads.txt HTTP/1.1" 200 58 "-" "Amazon-Advertising-ad-standards-bot/1.0"
184.94.212.206 - - [28/Apr/2026:09:59:47 +0000] "POST /wp-cron.php?doing_wp_cron=1777370387.1358399391174316406250 HTTP/1.1" 200 - "-" "WordPress/6.9.4; https://www.wrinkledskinrepair.com"
85.208.96.197 - - [28/Apr/2026:09:59:45 +0000] "GET /2018/06/10/easy-ways-to-get-beautiful-and-healthy-skin/ HTTP/1.1" 200 52740 "-" "Mozilla/5.0 (compatible; SemrushBot/7~bl; +http://www.semrush.com/bot.html)"
184.94.212.206 - - [28/Apr/2026:10:00:20 +0000] "POST /wp-cron.php?doing_wp_cron=1777370420.5933599472045898437500 HTTP/1.1" 200 - "-" "WordPress/6.9.4; https://www.wrinkledskinrepair.com"
114.119.142.210 - - [28/Apr/2026:10:00:19 +0000] "GET /tag/skin-care/page/12 HTTP/1.1" 301 - "-" "Mozilla/5.0 (Linux; Android 7.0;) AppleWebKit/537.36 (HTML, like Gecko) Mobile Safari/537.36 (compatible; PetalBot;+https://webmaster.petalsearch.com/site/petalbot)"
114.119.142.210 - - [28/Apr/2026:10:00:20 +0000] "GET /tag/skin-care/page/12/ HTTP/1.1" 200 48871 "https://www.wrinkledskinrepair.com/tag/skin-care/page/12" "Mozilla/5.0 (Linux; Android 7.0;) AppleWebKit/537.36 (HTML, like Gecko) Mobile Safari/537.36 (compatible; PetalBot;+https://webmaster.petalsearch.com/site/petalbot)"
184.94.212.206 - - [28/Apr/2026:10:01:31 +0000] "POST /wp-cron.php?doing_wp_cron=1777370491.9380218982696533203125 HTTP/1.1" 200 - "-" "WordPress/6.9.4; https://www.wrinkledskinrepair.com"
185.191.171.10 - - [28/Apr/2026:10:01:29 +0000] "GET /2019/04/07/you-can-save-time-and-money-on-skin-care/ HTTP/1.1" 200 53091 "-" "Mozilla/5.0 (compatible; SemrushBot/7~bl; +http://www.semrush.com/bot.html)"
184.94.212.206 - - [28/Apr/2026:10:02:40 +0000] "POST /wp-cron.php?doing_wp_cron=1777370560.3844819068908691406250 HTTP/1.1" 200 - "-" "WordPress/6.9.4; https://www.wrinkledskinrepair.com"
57.141.18.53 - - [28/Apr/2026:10:02:38 +0000] "GET /2019/02/25/wonderful-and-wise-ways-to-keep-your-skin-shining/ HTTP/1.1" 200 186288 "-" "meta-externalagent/1.1 (+https://developers.facebook.com/docs/sharing/webmasters/crawler)"
184.94.212.206 - - [28/Apr/2026:10:03:22 +0000] "POST /wp-cron.php?doing_wp_cron=1777370602.2015941143035888671875 HTTP/1.1" 200 - "-" "WordPress/6.9.4; https://www.wrinkledskinrepair.com"
54.39.203.124 - - [28/Apr/2026:10:03:20 +0000] "GET /tag/what-causes-wrinkled-skin-around-mouth-and-how-to-fix/ HTTP/1.1" 200 46347 "-" "Mozilla/5.0 (compatible; AhrefsBot/7.0; +http://ahrefs.com/robot/)"
