103.23.207.99 - - [28/Apr/2026:04:10:30 +0000] "GET /2018/10/ HTTP/1.1" 200 48314 "-" "Mozilla/5.0 (Windows NT 6.2; WOW64) AppleWebKit/537.15 (KHTML, like Gecko) Chrome/24.0.1295.0 Safari/537.15"
167.114.139.139 - - [28/Apr/2026:04:11:05 +0000] "GET /tag/skincare-products/feed/ HTTP/1.1" 200 9749 "-" "Mozilla/5.0 (compatible; AhrefsBot/7.0; +http://ahrefs.com/robot/)"
184.94.212.206 - - [28/Apr/2026:04:11:39 +0000] "POST /wp-cron.php?doing_wp_cron=1777349499.4532349109649658203125 HTTP/1.1" 200 - "-" "WordPress/6.9.4; https://www.wrinkledskinrepair.com"
57.141.18.122 - - [28/Apr/2026:04:11:38 +0000] "GET /tag/growing-older/ HTTP/1.1" 200 152687 "-" "meta-externalagent/1.1 (+https://developers.facebook.com/docs/sharing/webmasters/crawler)"
57.141.18.79 - - [28/Apr/2026:04:12:57 +0000] "GET /2019/03/13/skin-care-advice-that-both-men-and-women-can-use/ HTTP/1.1" 200 185835 "-" "meta-externalagent/1.1 (+https://developers.facebook.com/docs/sharing/webmasters/crawler)"
184.94.212.206 - - [28/Apr/2026:04:12:58 +0000] "POST /wp-cron.php?doing_wp_cron=1777349578.9087600708007812500000 HTTP/1.1" 200 - "-" "WordPress/6.9.4; https://www.wrinkledskinrepair.com"
114.119.145.116 - - [28/Apr/2026:04:12:56 +0000] "GET /category/wrinkle-treatment/page/28/ HTTP/1.1" 200 48640 "https://www.wrinkledskinrepair.com/category/wrinkle-treatment/page/29/" "Mozilla/5.0 (Linux; Android 7.0;) AppleWebKit/537.36 (HTML, like Gecko) Mobile Safari/537.36 (compatible; PetalBot;+https://webmaster.petalsearch.com/site/petalbot)"
184.94.212.206 - - [28/Apr/2026:04:14:05 +0000] "POST /wp-cron.php?doing_wp_cron=1777349645.8393259048461914062500 HTTP/1.1" 200 - "-" "WordPress/6.9.4; https://www.wrinkledskinrepair.com"
192.0.102.146 - - [28/Apr/2026:04:14:04 +0000] "HEAD / HTTP/1.1" 200 - "-" "jetmon/1.0 (Jetpack Site Uptime Monitor by WordPress.com)"
184.94.212.206 - - [28/Apr/2026:04:14:55 +0000] "POST /wp-cron.php?doing_wp_cron=1777349695.6511549949645996093750 HTTP/1.1" 200 - "-" "WordPress/6.9.4; https://www.wrinkledskinrepair.com"
47.128.42.118 - - [28/Apr/2026:04:14:53 +0000] "GET /terms-of-use/?share=x HTTP/1.1" 302 - "-" "Mozilla/5.0 (Linux; Android 5.0) AppleWebKit/537.36 (KHTML, like Gecko) Mobile Safari/537.36 (compatible; Bytespider; spider-feedback@bytedance.com)"
184.94.212.206 - - [28/Apr/2026:04:16:04 +0000] "POST /wp-cron.php?doing_wp_cron=1777349764.5710289478302001953125 HTTP/1.1" 200 - "-" "WordPress/6.9.4; https://www.wrinkledskinrepair.com"
114.119.142.210 - - [28/Apr/2026:04:16:02 +0000] "GET /category/uncategorized HTTP/1.1" 301 - "https://www.wrinkledskinrepair.com/tag/dead-skin-cells/page/4" "Mozilla/5.0 (Linux; Android 7.0;) AppleWebKit/537.36 (HTML, like Gecko) Mobile Safari/537.36 (compatible; PetalBot;+https://webmaster.petalsearch.com/site/petalbot)"
114.119.142.210 - - [28/Apr/2026:04:16:05 +0000] "GET /category/uncategorized/ HTTP/1.1" 200 50911 "https://www.wrinkledskinrepair.com/tag/dead-skin-cells/page/4" "Mozilla/5.0 (Linux; Android 7.0;) AppleWebKit/537.36 (HTML, like Gecko) Mobile Safari/537.36 (compatible; PetalBot;+https://webmaster.petalsearch.com/site/petalbot)"
184.94.212.206 - - [28/Apr/2026:04:17:23 +0000] "POST /wp-cron.php?doing_wp_cron=1777349843.1496930122375488281250 HTTP/1.1" 200 - "-" "WordPress/6.9.4; https://www.wrinkledskinrepair.com"
66.249.66.38 - - [28/Apr/2026:04:17:21 +0000] "GET /robots.txt HTTP/1.1" 200 127 "-" "Mozilla/5.0 (compatible; Googlebot/2.1; +http://www.google.com/bot.html)"
66.249.66.37 - - [28/Apr/2026:04:17:23 +0000] "GET /2017/07/ HTTP/1.1" 200 45520 "-" "Mozilla/5.0 (Linux; Android 6.0.1; Nexus 5X Build/MMB29P) AppleWebKit/537.36 (KHTML, like Gecko) Chrome/147.0.7727.116 Mobile Safari/537.36 (compatible; Googlebot/2.1; +http://www.google.com/bot.html)"
57.141.18.18 - - [28/Apr/2026:04:17:29 +0000] "GET /tag/getting-rid-of-wrinkles/ HTTP/1.1" 200 150587 "-" "meta-externalagent/1.1 (+https://developers.facebook.com/docs/sharing/webmasters/crawler)"
47.128.41.94 - - [28/Apr/2026:04:17:37 +0000] "GET /2025/09/15/wrinkled-skin-repair-understanding-wrinkled-skin/?share=x HTTP/1.1" 302 - "-" "Mozilla/5.0 (Linux; Android 5.0) AppleWebKit/537.36 (KHTML, like Gecko) Mobile Safari/537.36 (compatible; Bytespider; spider-feedback@bytedance.com)"
4.193.121.6 - - [28/Apr/2026:04:17:44 +0000] "GET /1.php HTTP/1.1" 301 - "-" "Mozilla/5.0 (Windows NT 10.0; Win64; x64) AppleWebKit/537.36 (KHTML, like Gecko) Chrome/120.0.0.0 Safari/537.36"
4.193.121.6 - - [28/Apr/2026:04:17:45 +0000] "GET /wp-content/uploads/2024/ HTTP/1.1" 301 - "-" "Mozilla/5.0 (Windows NT 10.0; Win64; x64) AppleWebKit/537.36 (KHTML, like Gecko) Chrome/120.0.0.0 Safari/537.36"
4.193.121.6 - - [28/Apr/2026:04:17:47 +0000] "GET /wp-content/uploads/wp-login.php HTTP/1.1" 301 - "-" "Mozilla/5.0 (Windows NT 10.0; Win64; x64) AppleWebKit/537.36 (KHTML, like Gecko) Chrome/120.0.0.0 Safari/537.36"
4.193.121.6 - - [28/Apr/2026:04:17:48 +0000] "GET /wp-corn-sample.php HTTP/1.1" 301 - "-" "Mozilla/5.0 (Windows NT 10.0; Win64; x64) AppleWebKit/537.36 (KHTML, like Gecko) Chrome/120.0.0.0 Safari/537.36"
4.193.121.6 - - [28/Apr/2026:04:17:49 +0000] "GET /wp-content/uploads/ HTTP/1.1" 301 - "-" "Mozilla/5.0 (Windows NT 10.0; Win64; x64) AppleWebKit/537.36 (KHTML, like Gecko) Chrome/120.0.0.0 Safari/537.36"
4.193.121.6 - - [28/Apr/2026:04:17:50 +0000] "GET /wp-admin/js/index.php HTTP/1.1" 301 - "-" "Mozilla/5.0 (Windows NT 10.0; Win64; x64) AppleWebKit/537.36 (KHTML, like Gecko) Chrome/120.0.0.0 Safari/537.36"
4.193.121.6 - - [28/Apr/2026:04:17:52 +0000] "GET /wp-admin/css/index.php HTTP/1.1" 301 - "-" "Mozilla/5.0 (Windows NT 10.0; Win64; x64) AppleWebKit/537.36 (KHTML, like Gecko) Chrome/120.0.0.0 Safari/537.36"
4.193.121.6 - - [28/Apr/2026:04:17:53 +0000] "GET /server.php HTTP/1.1" 301 - "-" "Mozilla/5.0 (Windows NT 10.0; Win64; x64) AppleWebKit/537.36 (KHTML, like Gecko) Chrome/120.0.0.0 Safari/537.36"
4.193.121.6 - - [28/Apr/2026:04:17:54 +0000] "GET /wp-includes/Requests/library/ HTTP/1.1" 301 - "-" "Mozilla/5.0 (Windows NT 10.0; Win64; x64) AppleWebKit/537.36 (KHTML, like Gecko) Chrome/120.0.0.0 Safari/537.36"
4.193.121.6 - - [28/Apr/2026:04:17:56 +0000] "GET /wp-admin/js/ HTTP/1.1" 301 - "-" "Mozilla/5.0 (Windows NT 10.0; Win64; x64) AppleWebKit/537.36 (KHTML, like Gecko) Chrome/120.0.0.0 Safari/537.36"
4.193.121.6 - - [28/Apr/2026:04:17:57 +0000] "GET /wso.php HTTP/1.1" 301 - "-" "Mozilla/5.0 (Windows NT 10.0; Win64; x64) AppleWebKit/537.36 (KHTML, like Gecko) Chrome/120.0.0.0 Safari/537.36"
4.193.121.6 - - [28/Apr/2026:04:17:58 +0000] "GET /wp-includes/images/crystal/ HTTP/1.1" 301 - "-" "Mozilla/5.0 (Windows NT 10.0; Win64; x64) AppleWebKit/537.36 (KHTML, like Gecko) Chrome/120.0.0.0 Safari/537.36"
4.193.121.6 - - [28/Apr/2026:04:18:00 +0000] "GET /wp-file.php HTTP/1.1" 301 - "-" "Mozilla/5.0 (Windows NT 10.0; Win64; x64) AppleWebKit/537.36 (KHTML, like Gecko) Chrome/120.0.0.0 Safari/537.36"
4.193.121.6 - - [28/Apr/2026:04:18:01 +0000] "GET /adminfuns.php HTTP/1.1" 301 - "-" "Mozilla/5.0 (Windows NT 10.0; Win64; x64) AppleWebKit/537.36 (KHTML, like Gecko) Chrome/120.0.0.0 Safari/537.36"
4.193.121.6 - - [28/Apr/2026:04:18:02 +0000] "GET /wk/index.php HTTP/1.1" 301 - "-" "Mozilla/5.0 (Windows NT 10.0; Win64; x64) AppleWebKit/537.36 (KHTML, like Gecko) Chrome/120.0.0.0 Safari/537.36"
4.193.121.6 - - [28/Apr/2026:04:18:03 +0000] "GET /wp-admin.php HTTP/1.1" 301 - "-" "Mozilla/5.0 (Windows NT 10.0; Win64; x64) AppleWebKit/537.36 (KHTML, like Gecko) Chrome/120.0.0.0 Safari/537.36"
4.193.121.6 - - [28/Apr/2026:04:18:05 +0000] "GET /wp-content/themes/admin.php HTTP/1.1" 301 - "-" "Mozilla/5.0 (Windows NT 10.0; Win64; x64) AppleWebKit/537.36 (KHTML, like Gecko) Chrome/120.0.0.0 Safari/537.36"
4.193.121.6 - - [28/Apr/2026:04:18:06 +0000] "GET /wp-includes/block-bindings/ HTTP/1.1" 301 - "-" "Mozilla/5.0 (Windows NT 10.0; Win64; x64) AppleWebKit/537.36 (KHTML, like Gecko) Chrome/120.0.0.0 Safari/537.36"
4.193.121.6 - - [28/Apr/2026:04:18:07 +0000] "GET /xmrlpc.php HTTP/1.1" 301 - "-" "Mozilla/5.0 (Windows NT 10.0; Win64; x64) AppleWebKit/537.36 (KHTML, like Gecko) Chrome/120.0.0.0 Safari/537.36"
184.94.212.206 - - [28/Apr/2026:04:18:09 +0000] "POST /wp-cron.php?doing_wp_cron=1777349889.6246271133422851562500 HTTP/1.1" 200 - "-" "WordPress/6.9.4; https://www.wrinkledskinrepair.com"
4.193.121.6 - - [28/Apr/2026:04:18:08 +0000] "GET /wp-includes/SimplePie/about.php HTTP/1.1" 301 - "-" "Mozilla/5.0 (Windows NT 10.0; Win64; x64) AppleWebKit/537.36 (KHTML, like Gecko) Chrome/120.0.0.0 Safari/537.36"
4.193.121.6 - - [28/Apr/2026:04:18:09 +0000] "GET /wp-admin/file.php HTTP/1.1" 301 - "-" "Mozilla/5.0 (Windows NT 10.0; Win64; x64) AppleWebKit/537.36 (KHTML, like Gecko) Chrome/120.0.0.0 Safari/537.36"
4.193.121.6 - - [28/Apr/2026:04:18:11 +0000] "GET /wp-includes/rest-api/fields/ HTTP/1.1" 301 - "-" "Mozilla/5.0 (Windows NT 10.0; Win64; x64) AppleWebKit/537.36 (KHTML, like Gecko) Chrome/120.0.0.0 Safari/537.36"
4.193.121.6 - - [28/Apr/2026:04:18:12 +0000] "GET /atomlib.php HTTP/1.1" 301 - "-" "Mozilla/5.0 (Windows NT 10.0; Win64; x64) AppleWebKit/537.36 (KHTML, like Gecko) Chrome/120.0.0.0 Safari/537.36"
4.193.121.6 - - [28/Apr/2026:04:18:13 +0000] "GET /css/index.php HTTP/1.1" 301 - "-" "Mozilla/5.0 (Windows NT 10.0; Win64; x64) AppleWebKit/537.36 (KHTML, like Gecko) Chrome/120.0.0.0 Safari/537.36"
4.193.121.6 - - [28/Apr/2026:04:18:14 +0000] "GET /wp-content/et-cache/ HTTP/1.1" 301 - "-" "Mozilla/5.0 (Windows NT 10.0; Win64; x64) AppleWebKit/537.36 (KHTML, like Gecko) Chrome/120.0.0.0 Safari/537.36"
4.193.121.6 - - [28/Apr/2026:04:18:15 +0000] "GET /about.php HTTP/1.1" 301 - "-" "Mozilla/5.0 (Windows NT 10.0; Win64; x64) AppleWebKit/537.36 (KHTML, like Gecko) Chrome/120.0.0.0 Safari/537.36"
184.94.212.206 - - [28/Apr/2026:04:18:18 +0000] "POST /wp-cron.php?doing_wp_cron=1777349898.1702539920806884765625 HTTP/1.1" 200 - "-" "WordPress/6.9.4; https://www.wrinkledskinrepair.com"
4.193.121.6 - - [28/Apr/2026:04:18:17 +0000] "GET /wp-content/uploads/admin.php HTTP/1.1" 301 - "-" "Mozilla/5.0 (Windows NT 10.0; Win64; x64) AppleWebKit/537.36 (KHTML, like Gecko) Chrome/120.0.0.0 Safari/537.36"
4.193.121.6 - - [28/Apr/2026:04:18:18 +0000] "GET /wp-content/index.php HTTP/1.1" 200 - "-" "Mozilla/5.0 (Windows NT 10.0; Win64; x64) AppleWebKit/537.36 (KHTML, like Gecko) Chrome/120.0.0.0 Safari/537.36"
4.193.121.6 - - [28/Apr/2026:04:18:18 +0000] "GET /wp-includes/js/index.php HTTP/1.1" 301 - "-" "Mozilla/5.0 (Windows NT 10.0; Win64; x64) AppleWebKit/537.36 (KHTML, like Gecko) Chrome/120.0.0.0 Safari/537.36"
4.193.121.6 - - [28/Apr/2026:04:18:19 +0000] "GET /wp-includes/rest-api/ HTTP/1.1" 301 - "-" "Mozilla/5.0 (Windows NT 10.0; Win64; x64) AppleWebKit/537.36 (KHTML, like Gecko) Chrome/120.0.0.0 Safari/537.36"
4.193.121.6 - - [28/Apr/2026:04:18:21 +0000] "GET /admin.php HTTP/1.1" 301 - "-" "Mozilla/5.0 (Windows NT 10.0; Win64; x64) AppleWebKit/537.36 (KHTML, like Gecko) Chrome/120.0.0.0 Safari/537.36"
4.193.121.6 - - [28/Apr/2026:04:18:22 +0000] "GET /wp-includes/blocks/block/ HTTP/1.1" 301 - "-" "Mozilla/5.0 (Windows NT 10.0; Win64; x64) AppleWebKit/537.36 (KHTML, like Gecko) Chrome/120.0.0.0 Safari/537.36"
4.193.121.6 - - [28/Apr/2026:04:18:24 +0000] "GET /as.php HTTP/1.1" 301 - "-" "Mozilla/5.0 (Windows NT 10.0; Win64; x64) AppleWebKit/537.36 (KHTML, like Gecko) Chrome/120.0.0.0 Safari/537.36"
4.193.121.6 - - [28/Apr/2026:04:18:26 +0000] "GET /wp-includes/PHPMailer/index.php HTTP/1.1" 301 - "-" "Mozilla/5.0 (Windows NT 10.0; Win64; x64) AppleWebKit/537.36 (KHTML, like Gecko) Chrome/120.0.0.0 Safari/537.36"
4.193.121.6 - - [28/Apr/2026:04:18:27 +0000] "GET /buy.php HTTP/1.1" 301 - "-" "Mozilla/5.0 (Windows NT 10.0; Win64; x64) AppleWebKit/537.36 (KHTML, like Gecko) Chrome/120.0.0.0 Safari/537.36"
4.193.121.6 - - [28/Apr/2026:04:18:28 +0000] "GET /wp.php HTTP/1.1" 301 - "-" "Mozilla/5.0 (Windows NT 10.0; Win64; x64) AppleWebKit/537.36 (KHTML, like Gecko) Chrome/120.0.0.0 Safari/537.36"
4.193.121.6 - - [28/Apr/2026:04:18:30 +0000] "GET /wp-admin/images/index.php HTTP/1.1" 301 - "-" "Mozilla/5.0 (Windows NT 10.0; Win64; x64) AppleWebKit/537.36 (KHTML, like Gecko) Chrome/120.0.0.0 Safari/537.36"
4.193.121.6 - - [28/Apr/2026:04:18:31 +0000] "GET /about.PHP HTTP/1.1" 301 - "-" "Mozilla/5.0 (Windows NT 10.0; Win64; x64) AppleWebKit/537.36 (KHTML, like Gecko) Chrome/120.0.0.0 Safari/537.36"
4.193.121.6 - - [28/Apr/2026:04:18:32 +0000] "GET /ioxi-o.php HTTP/1.1" 301 - "-" "Mozilla/5.0 (Windows NT 10.0; Win64; x64) AppleWebKit/537.36 (KHTML, like Gecko) Chrome/120.0.0.0 Safari/537.36"
4.193.121.6 - - [28/Apr/2026:04:18:33 +0000] "GET /wp-content/uploads/index.php HTTP/1.1" 301 - "-" "Mozilla/5.0 (Windows NT 10.0; Win64; x64) AppleWebKit/537.36 (KHTML, like Gecko) Chrome/120.0.0.0 Safari/537.36"
4.193.121.6 - - [28/Apr/2026:04:18:34 +0000] "GET /wp-content/edit.php HTTP/1.1" 301 - "-" "Mozilla/5.0 (Windows NT 10.0; Win64; x64) AppleWebKit/537.36 (KHTML, like Gecko) Chrome/120.0.0.0 Safari/537.36"
4.193.121.6 - - [28/Apr/2026:04:18:36 +0000] "GET /sf.php HTTP/1.1" 301 - "-" "Mozilla/5.0 (Windows NT 10.0; Win64; x64) AppleWebKit/537.36 (KHTML, like Gecko) Chrome/120.0.0.0 Safari/537.36"
4.193.121.6 - - [28/Apr/2026:04:18:37 +0000] "GET /wp-includes/index.php HTTP/1.1" 301 - "-" "Mozilla/5.0 (Windows NT 10.0; Win64; x64) AppleWebKit/537.36 (KHTML, like Gecko) Chrome/120.0.0.0 Safari/537.36"
4.193.121.6 - - [28/Apr/2026:04:18:38 +0000] "GET /file.php HTTP/1.1" 301 - "-" "Mozilla/5.0 (Windows NT 10.0; Win64; x64) AppleWebKit/537.36 (KHTML, like Gecko) Chrome/120.0.0.0 Safari/537.36"
4.193.121.6 - - [28/Apr/2026:04:18:39 +0000] "GET /wp-admin/css/colors/modern/ HTTP/1.1" 301 - "-" "Mozilla/5.0 (Windows NT 10.0; Win64; x64) AppleWebKit/537.36 (KHTML, like Gecko) Chrome/120.0.0.0 Safari/537.36"
4.193.121.6 - - [28/Apr/2026:04:18:41 +0000] "GET /cgi-bin/ HTTP/1.1" 301 - "-" "Mozilla/5.0 (Windows NT 10.0; Win64; x64) AppleWebKit/537.36 (KHTML, like Gecko) Chrome/120.0.0.0 Safari/537.36"
4.193.121.6 - - [28/Apr/2026:04:18:42 +0000] "GET /test1.php HTTP/1.1" 301 - "-" "Mozilla/5.0 (Windows NT 10.0; Win64; x64) AppleWebKit/537.36 (KHTML, like Gecko) Chrome/120.0.0.0 Safari/537.36"
4.193.121.6 - - [28/Apr/2026:04:18:43 +0000] "GET /wp-cron.php HTTP/1.1" 200 - "-" "Mozilla/5.0 (Windows NT 10.0; Win64; x64) AppleWebKit/537.36 (KHTML, like Gecko) Chrome/120.0.0.0 Safari/537.36"
4.193.121.6 - - [28/Apr/2026:04:18:43 +0000] "GET /wp-includes/block-supports/ HTTP/1.1" 301 - "-" "Mozilla/5.0 (Windows NT 10.0; Win64; x64) AppleWebKit/537.36 (KHTML, like Gecko) Chrome/120.0.0.0 Safari/537.36"
4.193.121.6 - - [28/Apr/2026:04:18:44 +0000] "GET /404.php HTTP/1.1" 301 - "-" "Mozilla/5.0 (Windows NT 10.0; Win64; x64) AppleWebKit/537.36 (KHTML, like Gecko) Chrome/120.0.0.0 Safari/537.36"
4.193.121.6 - - [28/Apr/2026:04:18:46 +0000] "GET /wp-content/1.php HTTP/1.1" 301 - "-" "Mozilla/5.0 (Windows NT 10.0; Win64; x64) AppleWebKit/537.36 (KHTML, like Gecko) Chrome/120.0.0.0 Safari/537.36"
4.193.121.6 - - [28/Apr/2026:04:18:47 +0000] "GET /images/index.php HTTP/1.1" 301 - "-" "Mozilla/5.0 (Windows NT 10.0; Win64; x64) AppleWebKit/537.36 (KHTML, like Gecko) Chrome/120.0.0.0 Safari/537.36"
192.0.102.146 - - [28/Apr/2026:04:19:04 +0000] "HEAD / HTTP/1.1" 200 - "-" "jetmon/1.0 (Jetpack Site Uptime Monitor by WordPress.com)"
114.119.142.140 - - [28/Apr/2026:04:19:08 +0000] "GET /blog/page/40 HTTP/1.1" 301 - "https://www.wrinkledskinrepair.com/blog/page/40" "Mozilla/5.0 (Linux; Android 7.0;) AppleWebKit/537.36 (HTML, like Gecko) Mobile Safari/537.36 (compatible; PetalBot;+https://webmaster.petalsearch.com/site/petalbot)"
114.119.142.140 - - [28/Apr/2026:04:19:10 +0000] "GET /blog/page/40/ HTTP/1.1" 200 50480 "https://www.wrinkledskinrepair.com/blog/page/40" "Mozilla/5.0 (Linux; Android 7.0;) AppleWebKit/537.36 (HTML, like Gecko) Mobile Safari/537.36 (compatible; PetalBot;+https://webmaster.petalsearch.com/site/petalbot)"
184.94.212.206 - - [28/Apr/2026:04:19:26 +0000] "POST /wp-cron.php?doing_wp_cron=1777349966.8961379528045654296875 HTTP/1.1" 200 - "-" "WordPress/6.9.4; https://www.wrinkledskinrepair.com"
66.249.66.38 - - [28/Apr/2026:04:19:25 +0000] "GET / HTTP/1.1" 200 47736 "-" "Mozilla/5.0 (Linux; Android 6.0.1; Nexus 5X Build/MMB29P) AppleWebKit/537.36 (KHTML, like Gecko) Chrome/147.0.7727.116 Mobile Safari/537.36 (compatible; Googlebot/2.1; +http://www.google.com/bot.html)"
216.73.216.121 - - [28/Apr/2026:04:19:27 +0000] "GET /robots.txt HTTP/1.1" 200 127 "-" "Mozilla/5.0 AppleWebKit/537.36 (KHTML, like Gecko; compatible; ClaudeBot/1.0; +claudebot@anthropic.com)"
216.73.216.121 - - [28/Apr/2026:04:19:29 +0000] "GET /sitemap.xml HTTP/1.1" 200 407 "-" "Mozilla/5.0 AppleWebKit/537.36 (KHTML, like Gecko; compatible; ClaudeBot/1.0; +claudebot@anthropic.com)"
184.94.212.206 - - [28/Apr/2026:04:20:44 +0000] "POST /wp-cron.php?doing_wp_cron=1777350043.9880011081695556640625 HTTP/1.1" 200 - "-" "WordPress/6.9.4; https://www.wrinkledskinrepair.com"
40.77.167.85 - - [28/Apr/2026:04:20:42 +0000] "GET /robots.txt HTTP/1.1" 200 127 "-" "Mozilla/5.0 AppleWebKit/537.36 (KHTML, like Gecko; compatible; bingbot/2.0; +http://www.bing.com/bingbot.htm) Chrome/116.0.1938.76 Safari/537.36"
52.167.144.224 - - [28/Apr/2026:04:20:47 +0000] "GET /sitemap.rss HTTP/1.1" 200 3441 "-" "Mozilla/5.0 AppleWebKit/537.36 (KHTML, like Gecko; compatible; bingbot/2.0; +http://www.bing.com/bingbot.htm) Chrome/116.0.1938.76 Safari/537.36"
57.141.18.114 - - [28/Apr/2026:04:21:12 +0000] "GET /tag/skin-conditions/ HTTP/1.1" 200 160845 "-" "meta-externalagent/1.1 (+https://developers.facebook.com/docs/sharing/webmasters/crawler)"
184.94.212.206 - - [28/Apr/2026:04:22:03 +0000] "POST /wp-cron.php?doing_wp_cron=1777350123.4079310894012451171875 HTTP/1.1" 200 - "-" "WordPress/6.9.4; https://www.wrinkledskinrepair.com"
47.128.42.117 - - [28/Apr/2026:04:22:01 +0000] "GET /2018/06/25/changing-up-your-skincare-routines-some-tips-and-tricks/?share=x HTTP/1.1" 302 - "-" "Mozilla/5.0 (Linux; Android 5.0) AppleWebKit/537.36 (KHTML, like Gecko) Mobile Safari/537.36 (compatible; Bytespider; spider-feedback@bytedance.com)"
43.173.178.53 - - [28/Apr/2026:04:22:02 +0000] "GET /2019/05/25/easy-to-use-skin-care-tips-starting-today-3/?noamp=mobile&share=jetpack-whatsapp HTTP/1.1" 200 53814 "-" "Mozilla/5.0 (Windows NT 10.0; Win64; x64) AppleWebKit/537.36 (KHTML, like Gecko) Chrome/116.0.0.0 Safari/537.36"
43.172.198.98 - - [28/Apr/2026:04:22:06 +0000] "GET /wp-content/plugins/recent-posts-widget-with-thumbnails/public.css?ver=7.1.1 HTTP/1.1" 200 487 "https://www.wrinkledskinrepair.com/2019/05/25/easy-to-use-skin-care-tips-starting-today-3/?noamp=mobile&share=jetpack-whatsapp" "Mozilla/5.0 (Windows NT 10.0; Win64; x64) AppleWebKit/537.36 (KHTML, like Gecko) Chrome/116.0.0.0 Safari/537.36"
43.172.194.235 - - [28/Apr/2026:04:22:06 +0000] "GET /wp-content/plugins/wp-meta-and-date-remover/assets/js/inspector.js?ver=1.1 HTTP/1.1" 200 1455 "https://www.wrinkledskinrepair.com/2019/05/25/easy-to-use-skin-care-tips-starting-today-3/?noamp=mobile&share=jetpack-whatsapp" "Mozilla/5.0 (Windows NT 10.0; Win64; x64) AppleWebKit/537.36 (KHTML, like Gecko) Chrome/116.0.0.0 Safari/537.36"
114.119.157.239 - - [28/Apr/2026:04:22:12 +0000] "GET /2020/06/21/healthy-skin-with-the-use-of-these-great-tips/?share=x HTTP/1.1" 302 - "https://www.wrinkledskinrepair.com/2020/06/21/healthy-skin-with-the-use-of-these-great-tips/" "Mozilla/5.0 (Linux; Android 7.0;) AppleWebKit/537.36 (HTML, like Gecko) Mobile Safari/537.36 (compatible; PetalBot;+https://webmaster.petalsearch.com/site/petalbot)"
184.94.212.206 - - [28/Apr/2026:04:22:18 +0000] "POST /wp-cron.php?doing_wp_cron=1777350138.7556419372558593750000 HTTP/1.1" 200 - "-" "WordPress/6.9.4; https://www.wrinkledskinrepair.com"
43.172.198.206 - - [28/Apr/2026:04:22:17 +0000] "GET /2019/05/25/easy-to-use-skin-care-tips-starting-today-3/?noamp=mobile&share=jetpack-whatsapp&relatedposts=1 HTTP/1.1" 200 1156 "https://www.wrinkledskinrepair.com/2019/05/25/easy-to-use-skin-care-tips-starting-today-3/?noamp=mobile&share=jetpack-whatsapp" "Mozilla/5.0 (Windows NT 10.0; Win64; x64) AppleWebKit/537.36 (KHTML, like Gecko) Chrome/116.0.0.0 Safari/537.36"
184.94.212.206 - - [28/Apr/2026:04:24:06 +0000] "POST /wp-cron.php?doing_wp_cron=1777350246.2804870605468750000000 HTTP/1.1" 200 - "-" "WordPress/6.9.4; https://www.wrinkledskinrepair.com"
192.0.102.146 - - [28/Apr/2026:04:24:04 +0000] "HEAD / HTTP/1.1" 200 - "-" "jetmon/1.0 (Jetpack Site Uptime Monitor by WordPress.com)"
184.94.212.206 - - [28/Apr/2026:04:24:32 +0000] "POST /wp-cron.php?doing_wp_cron=1777350272.6901760101318359375000 HTTP/1.1" 200 - "-" "WordPress/6.9.4; https://www.wrinkledskinrepair.com"
54.39.210.62 - - [28/Apr/2026:04:24:31 +0000] "GET /tag/olive-oil/ HTTP/1.1" 200 49872 "-" "Mozilla/5.0 (compatible; AhrefsBot/7.0; +http://ahrefs.com/robot/)"
184.94.212.206 - - [28/Apr/2026:04:25:22 +0000] "POST /wp-cron.php?doing_wp_cron=1777350322.0665769577026367187500 HTTP/1.1" 200 - "-" "WordPress/6.9.4; https://www.wrinkledskinrepair.com"
114.119.143.101 - - [28/Apr/2026:04:25:20 +0000] "GET /2020/05/25/keep-your-skin-healthy-and-beautiful-with-these-helpful-tips-2/?share=facebook HTTP/1.1" 302 - "https://www.wrinkledskinrepair.com/2020/05/25/keep-your-skin-healthy-and-beautiful-with-these-helpful-tips-2/" "Mozilla/5.0 (Linux; Android 7.0;) AppleWebKit/537.36 (HTML, like Gecko) Mobile Safari/537.36 (compatible; PetalBot;+https://webmaster.petalsearch.com/site/petalbot)"
184.94.212.206 - - [28/Apr/2026:04:28:21 +0000] "POST /wp-cron.php?doing_wp_cron=1777350501.5852110385894775390625 HTTP/1.1" 200 - "-" "WordPress/6.9.4; https://www.wrinkledskinrepair.com"
114.119.144.64 - - [28/Apr/2026:04:28:19 +0000] "GET /2020/05/20/avoid-skin-issues-with-these-easy-tips/?share=x HTTP/1.1" 302 - "https://www.wrinkledskinrepair.com/2020/05/20/avoid-skin-issues-with-these-easy-tips/" "Mozilla/5.0 (Linux; Android 7.0;) AppleWebKit/537.36 (HTML, like Gecko) Mobile Safari/537.36 (compatible; PetalBot;+https://webmaster.petalsearch.com/site/petalbot)"
192.0.102.146 - - [28/Apr/2026:04:29:04 +0000] "HEAD / HTTP/1.1" 200 - "-" "jetmon/1.0 (Jetpack Site Uptime Monitor by WordPress.com)"
184.94.212.206 - - [28/Apr/2026:04:31:20 +0000] "POST /wp-cron.php?doing_wp_cron=1777350680.3313140869140625000000 HTTP/1.1" 200 - "-" "WordPress/6.9.4; https://www.wrinkledskinrepair.com"
191.233.1.125 - - [28/Apr/2026:04:31:18 +0000] "GET / HTTP/1.1" 301 - "-" "Mozilla/5.0 AppleWebKit/537.36 (KHTML, like Gecko); compatible; ChatGPT-User/1.0; +https://openai.com/bot"
114.119.142.140 - - [28/Apr/2026:04:31:21 +0000] "GET /2020/04/27/easy-tips-to-have-perfect-skin-now-2/?share=facebook HTTP/1.1" 302 - "https://www.wrinkledskinrepair.com/2020/04/27/easy-tips-to-have-perfect-skin-now-2/" "Mozilla/5.0 (Linux; Android 7.0;) AppleWebKit/537.36 (HTML, like Gecko) Mobile Safari/537.36 (compatible; PetalBot;+https://webmaster.petalsearch.com/site/petalbot)"
57.141.18.111 - - [28/Apr/2026:04:31:41 +0000] "GET /tag/multi-collagen-protein-benefits-review/ HTTP/1.1" 200 154150 "-" "meta-externalagent/1.1 (+https://developers.facebook.com/docs/sharing/webmasters/crawler)"
184.94.212.206 - - [28/Apr/2026:04:32:57 +0000] "POST /wp-cron.php?doing_wp_cron=1777350777.3867559432983398437500 HTTP/1.1" 200 - "-" "WordPress/6.9.4; https://www.wrinkledskinrepair.com"
216.73.216.121 - - [28/Apr/2026:04:32:55 +0000] "GET /2019/06/26/tips-and-tricks-for-beautiful-radiant-skin/?noamp=mobile HTTP/1.1" 200 53145 "-" "Mozilla/5.0 AppleWebKit/537.36 (KHTML, like Gecko; compatible; ClaudeBot/1.0; +claudebot@anthropic.com)"
184.94.212.206 - - [28/Apr/2026:04:34:06 +0000] "POST /wp-cron.php?doing_wp_cron=1777350846.0387909412384033203125 HTTP/1.1" 200 - "-" "WordPress/6.9.4; https://www.wrinkledskinrepair.com"
192.0.102.146 - - [28/Apr/2026:04:34:04 +0000] "HEAD / HTTP/1.1" 200 - "-" "jetmon/1.0 (Jetpack Site Uptime Monitor by WordPress.com)"
184.94.212.206 - - [28/Apr/2026:04:34:18 +0000] "POST /wp-cron.php?doing_wp_cron=1777350858.4964709281921386718750 HTTP/1.1" 200 - "-" "WordPress/6.9.4; https://www.wrinkledskinrepair.com"
57.141.18.122 - - [28/Apr/2026:04:34:17 +0000] "GET /2018/12/27/some-gentle-remedies-for-great-skin-care/ HTTP/1.1" 200 186800 "-" "meta-externalagent/1.1 (+https://developers.facebook.com/docs/sharing/webmasters/crawler)"
66.249.66.68 - - [28/Apr/2026:04:34:34 +0000] "GET /ads.txt HTTP/1.1" 200 58 "-" "Google-adstxt"
184.94.212.206 - - [28/Apr/2026:04:34:41 +0000] "POST /wp-cron.php?doing_wp_cron=1777350881.5092670917510986328125 HTTP/1.1" 200 - "-" "WordPress/6.9.4; https://www.wrinkledskinrepair.com"
114.119.143.101 - - [28/Apr/2026:04:34:40 +0000] "GET /2020/04/04/skin-care-advice-for-achieving-radiant-healthy-skin-3/ HTTP/1.1" 200 53454 "https://www.wrinkledskinrepair.com/2020/04/04/skin-care-advice-for-achieving-radiant-healthy-skin-3" "Mozilla/5.0 (Linux; Android 7.0;) AppleWebKit/537.36 (HTML, like Gecko) Mobile Safari/537.36 (compatible; PetalBot;+https://webmaster.petalsearch.com/site/petalbot)"
184.94.212.206 - - [28/Apr/2026:04:37:07 +0000] "POST /wp-cron.php?doing_wp_cron=1777351027.1030850410461425781250 HTTP/1.1" 200 - "-" "WordPress/6.9.4; https://www.wrinkledskinrepair.com"
57.141.18.56 - - [28/Apr/2026:04:37:05 +0000] "GET /2019/07/19/use-these-skin-care-tips-for-radiant-skin/ HTTP/1.1" 200 203858 "-" "meta-externalagent/1.1 (+https://developers.facebook.com/docs/sharing/webmasters/crawler)"
57.141.18.122 - - [28/Apr/2026:04:37:07 +0000] "GET /tag/in-order/ HTTP/1.1" 200 150280 "-" "meta-externalagent/1.1 (+https://developers.facebook.com/docs/sharing/webmasters/crawler)"
168.187.5.210 - - [28/Apr/2026:04:37:39 +0000] "GET /wp-login.php HTTP/1.1" 200 4400 "-" "Mozilla/5.0 (Macintosh; Intel Mac OS X 10_12_6) AppleWebKit/605.1.15 (KHTML, like Gecko) Version/11.1.1 Safari/605.1.15"
184.94.212.206 - - [28/Apr/2026:04:37:41 +0000] "POST /wp-cron.php?doing_wp_cron=1777351061.8113100528717041015625 HTTP/1.1" 200 - "-" "WordPress/6.9.4; https://www.wrinkledskinrepair.com"
114.119.143.101 - - [28/Apr/2026:04:37:40 +0000] "GET /2020/04/02/easy-to-use-skin-care-tips-starting-today-4/ HTTP/1.1" 200 53121 "https://www.wrinkledskinrepair.com/author/beautyoftheworld/page/10/" "Mozilla/5.0 (Linux; Android 7.0;) AppleWebKit/537.36 (HTML, like Gecko) Mobile Safari/537.36 (compatible; PetalBot;+https://webmaster.petalsearch.com/site/petalbot)"
184.94.212.206 - - [28/Apr/2026:04:38:42 +0000] "POST /wp-cron.php?doing_wp_cron=1777351122.4574470520019531250000 HTTP/1.1" 200 - "-" "WordPress/6.9.4; https://www.wrinkledskinrepair.com"
207.204.99.47 - - [28/Apr/2026:04:38:40 +0000] "GET /2018/08/27/easy-tips-to-improve-your-skin/ HTTP/1.1" 200 53470 "-" "Mozilla/5.0 (Macintosh; Intel Mac OS X 10_15_7) AppleWebKit/537.36 (KHTML, like Gecko) Chrome/120.0.0.0 Safari/537.36"
192.0.102.146 - - [28/Apr/2026:04:39:04 +0000] "HEAD / HTTP/1.1" 200 - "-" "jetmon/1.0 (Jetpack Site Uptime Monitor by WordPress.com)"
184.94.212.206 - - [28/Apr/2026:04:39:29 +0000] "POST /wp-cron.php?doing_wp_cron=1777351169.9654459953308105468750 HTTP/1.1" 200 - "-" "WordPress/6.9.4; https://www.wrinkledskinrepair.com"
216.73.216.121 - - [28/Apr/2026:04:39:28 +0000] "GET /sitemap.rss HTTP/1.1" 200 3441 "-" "Mozilla/5.0 AppleWebKit/537.36 (KHTML, like Gecko; compatible; ClaudeBot/1.0; +claudebot@anthropic.com)"
184.94.212.206 - - [28/Apr/2026:04:40:34 +0000] "POST /wp-cron.php?doing_wp_cron=1777351234.6795489788055419921875 HTTP/1.1" 200 - "-" "WordPress/6.9.4; https://www.wrinkledskinrepair.com"
209.128.36.191 - - [28/Apr/2026:04:40:32 +0000] "GET /2018/12/17/care-for-your-skin-with-these-easy-to-follow-tips/ HTTP/1.1" 200 53784 "-" "Mozilla/5.0 (Windows NT 10.0; Win64; x64) AppleWebKit/537.36 (KHTML, like Gecko) Chrome/99.0.4844.51 Safari/537.36"
57.141.18.88 - - [28/Apr/2026:04:40:37 +0000] "GET /tag/shower-scrubs/ HTTP/1.1" 200 150412 "-" "meta-externalagent/1.1 (+https://developers.facebook.com/docs/sharing/webmasters/crawler)"
216.131.84.51 - - [28/Apr/2026:04:40:42 +0000] "GET /privacy/ HTTP/1.1" 200 47705 "-" "Mozilla/5.0 (Macintosh; Intel Mac OS X 10_15_7) AppleWebKit/537.36 (KHTML, like Gecko) Chrome/133.0.0.0 Safari/537.36"
114.119.142.140 - - [28/Apr/2026:04:40:42 +0000] "GET /2019/07/20/care-for-your-skin-better-with-these-tips?share=facebook HTTP/1.1" 302 - "https://www.wrinkledskinrepair.com/2019/07/20/care-for-your-skin-better-with-these-tips" "Mozilla/5.0 (Linux; Android 7.0;) AppleWebKit/537.36 (HTML, like Gecko) Mobile Safari/537.36 (compatible; PetalBot;+https://webmaster.petalsearch.com/site/petalbot)"
173.225.242.224 - - [28/Apr/2026:04:40:53 +0000] "GET /2018/12/17/care-for-your-skin-with-these-easy-to-follow-tips/ HTTP/1.1" 200 53784 "-" "Mozilla/5.0 (Macintosh; Intel Mac OS X 10_15_7) AppleWebKit/537.36 (KHTML, like Gecko) Chrome/119.0.0.0 Safari/537.36"
184.94.212.206 - - [28/Apr/2026:04:41:21 +0000] "POST /wp-cron.php?doing_wp_cron=1777351281.3030469417572021484375 HTTP/1.1" 200 - "-" "WordPress/6.9.4; https://www.wrinkledskinrepair.com"
15.235.27.46 - - [28/Apr/2026:04:41:19 +0000] "GET /tag/dermatologistadvice/ HTTP/1.1" 200 47630 "-" "Mozilla/5.0 (compatible; AhrefsBot/7.0; +http://ahrefs.com/robot/)"
18.224.19.76 - - [28/Apr/2026:04:41:52 +0000] "GET /robots.txt HTTP/1.1" 200 127 "-" "Mozilla/5.0 (Macintosh; Intel Mac OS X 10_15_7) AppleWebKit/537.36 (KHTML, like Gecko) Chrome/131.0.0.0 Safari/537.36; ClaudeBot/1.0; +claudebot@anthropic.com)"
18.224.19.76 - - [28/Apr/2026:04:41:53 +0000] "GET /2019/06/22/these-great-skin-care-tips-can-change-your-life-2/ HTTP/1.1" 200 52931 "-" "Mozilla/5.0 (Macintosh; Intel Mac OS X 10_15_7) AppleWebKit/537.36 (KHTML, like Gecko) Chrome/131.0.0.0 Safari/537.36; ClaudeBot/1.0; +claudebot@anthropic.com)"
18.224.19.76 - - [28/Apr/2026:04:41:55 +0000] "GET /wp-content/plugins/complianz-gdpr/assets/css/cookieblocker.min.css?ver=1741710170 HTTP/1.1" 200 723 "https://www.wrinkledskinrepair.com/2019/06/22/these-great-skin-care-tips-can-change-your-life-2/" "Mozilla/5.0 (Macintosh; Intel Mac OS X 10_15_7) AppleWebKit/537.36 (KHTML, like Gecko) Chrome/131.0.0.0 Safari/537.36; ClaudeBot/1.0; +claudebot@anthropic.com)"
18.224.19.76 - - [28/Apr/2026:04:41:55 +0000] "GET /wp-content/themes/spa-and-salon/style.css?ver=6.9.4 HTTP/1.1" 200 13994 "https://www.wrinkledskinrepair.com/2019/06/22/these-great-skin-care-tips-can-change-your-life-2/" "Mozilla/5.0 (Macintosh; Intel Mac OS X 10_15_7) AppleWebKit/537.36 (KHTML, like Gecko) Chrome/131.0.0.0 Safari/537.36; ClaudeBot/1.0; +claudebot@anthropic.com)"
18.224.19.76 - - [28/Apr/2026:04:41:55 +0000] "GET /wp-content/themes/medical-spa/style.css?ver=1.0.7 HTTP/1.1" 200 5745 "https://www.wrinkledskinrepair.com/2019/06/22/these-great-skin-care-tips-can-change-your-life-2/" "Mozilla/5.0 (Macintosh; Intel Mac OS X 10_15_7) AppleWebKit/537.36 (KHTML, like Gecko) Chrome/131.0.0.0 Safari/537.36; ClaudeBot/1.0; +claudebot@anthropic.com)"
18.224.19.76 - - [28/Apr/2026:04:41:55 +0000] "GET /wp-content/themes/spa-and-salon/css/slick.min.css?ver=6.9.4 HTTP/1.1" 200 490 "https://www.wrinkledskinrepair.com/2019/06/22/these-great-skin-care-tips-can-change-your-life-2/" "Mozilla/5.0 (Macintosh; Intel Mac OS X 10_15_7) AppleWebKit/537.36 (KHTML, like Gecko) Chrome/131.0.0.0 Safari/537.36; ClaudeBot/1.0; +claudebot@anthropic.com)"
18.224.19.76 - - [28/Apr/2026:04:41:55 +0000] "GET /wp-content/themes/spa-and-salon/css/perfect-scrollbar.min.css?ver=6.9.4 HTTP/1.1" 200 494 "https://www.wrinkledskinrepair.com/2019/06/22/these-great-skin-care-tips-can-change-your-life-2/" "Mozilla/5.0 (Macintosh; Intel Mac OS X 10_15_7) AppleWebKit/537.36 (KHTML, like Gecko) Chrome/131.0.0.0 Safari/537.36; ClaudeBot/1.0; +claudebot@anthropic.com)"
18.224.19.76 - - [28/Apr/2026:04:41:55 +0000] "GET /wp-content/plugins/recent-posts-widget-with-thumbnails/public.css?ver=7.1.1 HTTP/1.1" 200 487 "https://www.wrinkledskinrepair.com/2019/06/22/these-great-skin-care-tips-can-change-your-life-2/" "Mozilla/5.0 (Macintosh; Intel Mac OS X 10_15_7) AppleWebKit/537.36 (KHTML, like Gecko) Chrome/131.0.0.0 Safari/537.36; ClaudeBot/1.0; +claudebot@anthropic.com)"
18.224.19.76 - - [28/Apr/2026:04:41:55 +0000] "GET /wp-content/plugins/tablepress/css/build/default.css?ver=3.3 HTTP/1.1" 200 1767 "https://www.wrinkledskinrepair.com/2019/06/22/these-great-skin-care-tips-can-change-your-life-2/" "Mozilla/5.0 (Macintosh; Intel Mac OS X 10_15_7) AppleWebKit/537.36 (KHTML, like Gecko) Chrome/131.0.0.0 Safari/537.36; ClaudeBot/1.0; +claudebot@anthropic.com)"
18.224.19.76 - - [28/Apr/2026:04:41:55 +0000] "GET /wp-content/plugins/jetpack/jetpack_vendor/automattic/jetpack-classic-theme-helper/dist/responsive-videos/responsive-videos.css?minify=false&ver=1a16f71f21c6d197f51b HTTP/1.1" 200 101 "https://www.wrinkledskinrepair.com/2019/06/22/these-great-skin-care-tips-can-change-your-life-2/" "Mozilla/5.0 (Macintosh; Intel Mac OS X 10_15_7) AppleWebKit/537.36 (KHTML, like Gecko) Chrome/131.0.0.0 Safari/537.36; ClaudeBot/1.0; +claudebot@anthropic.com)"
18.224.19.76 - - [28/Apr/2026:04:41:55 +0000] "GET /wp-content/plugins/wp-meta-and-date-remover/assets/js/inspector.js?ver=1.1 HTTP/1.1" 200 1455 "https://www.wrinkledskinrepair.com/2019/06/22/these-great-skin-care-tips-can-change-your-life-2/" "Mozilla/5.0 (Macintosh; Intel Mac OS X 10_15_7) AppleWebKit/537.36 (KHTML, like Gecko) Chrome/131.0.0.0 Safari/537.36; ClaudeBot/1.0; +claudebot@anthropic.com)"
18.224.19.76 - - [28/Apr/2026:04:41:55 +0000] "GET /wp-content/themes/spa-and-salon/js/modal-accessibility.min.js?ver=1.0.7 HTTP/1.1" 200 2033 "https://www.wrinkledskinrepair.com/2019/06/22/these-great-skin-care-tips-can-change-your-life-2/" "Mozilla/5.0 (Macintosh; Intel Mac OS X 10_15_7) AppleWebKit/537.36 (KHTML, like Gecko) Chrome/131.0.0.0 Safari/537.36; ClaudeBot/1.0; +claudebot@anthropic.com)"
18.224.19.76 - - [28/Apr/2026:04:41:55 +0000] "GET /wp-content/themes/spa-and-salon/js/v4-shims.min.js?ver=6.5.1 HTTP/1.1" 200 7909 "https://www.wrinkledskinrepair.com/2019/06/22/these-great-skin-care-tips-can-change-your-life-2/" "Mozilla/5.0 (Macintosh; Intel Mac OS X 10_15_7) AppleWebKit/537.36 (KHTML, like Gecko) Chrome/131.0.0.0 Safari/537.36; ClaudeBot/1.0; +claudebot@anthropic.com)"
18.224.19.76 - - [28/Apr/2026:04:41:55 +0000] "GET /wp-content/themes/spa-and-salon/js/custom.min.js?ver=1.0.7 HTTP/1.1" 200 567 "https://www.wrinkledskinrepair.com/2019/06/22/these-great-skin-care-tips-can-change-your-life-2/" "Mozilla/5.0 (Macintosh; Intel Mac OS X 10_15_7) AppleWebKit/537.36 (KHTML, like Gecko) Chrome/131.0.0.0 Safari/537.36; ClaudeBot/1.0; +claudebot@anthropic.com)"
18.224.19.76 - - [28/Apr/2026:04:41:55 +0000] "GET /wp-content/plugins/wp-consent-api/assets/js/wp-consent-api.min.js?ver=2.0.1 HTTP/1.1" 200 822 "https://www.wrinkledskinrepair.com/2019/06/22/these-great-skin-care-tips-can-change-your-life-2/" "Mozilla/5.0 (Macintosh; Intel Mac OS X 10_15_7) AppleWebKit/537.36 (KHTML, like Gecko) Chrome/131.0.0.0 Safari/537.36; ClaudeBot/1.0; +claudebot@anthropic.com)"
18.224.19.76 - - [28/Apr/2026:04:41:55 +0000] "GET /wp-content/themes/spa-and-salon/js/perfect-scrollbar.min.js?ver=1.0.7 HTTP/1.1" 200 5954 "https://www.wrinkledskinrepair.com/2019/06/22/these-great-skin-care-tips-can-change-your-life-2/" "Mozilla/5.0 (Macintosh; Intel Mac OS X 10_15_7) AppleWebKit/537.36 (KHTML, like Gecko) Chrome/131.0.0.0 Safari/537.36; ClaudeBot/1.0; +claudebot@anthropic.com)"
18.224.19.76 - - [28/Apr/2026:04:41:55 +0000] "GET /wp-content/themes/spa-and-salon/js/slick.min.js?ver=2.6.0 HTTP/1.1" 200 10445 "https://www.wrinkledskinrepair.com/2019/06/22/these-great-skin-care-tips-can-change-your-life-2/" "Mozilla/5.0 (Macintosh; Intel Mac OS X 10_15_7) AppleWebKit/537.36 (KHTML, like Gecko) Chrome/131.0.0.0 Safari/537.36; ClaudeBot/1.0; +claudebot@anthropic.com)"
18.224.19.76 - - [28/Apr/2026:04:41:55 +0000] "GET /wp-content/plugins/google-site-kit/dist/assets/js/googlesitekit-consent-mode-bc2e26cfa69fcd4a8261.js HTTP/1.1" 200 25395 "https://www.wrinkledskinrepair.com/2019/06/22/these-great-skin-care-tips-can-change-your-life-2/" "Mozilla/5.0 (Macintosh; Intel Mac OS X 10_15_7) AppleWebKit/537.36 (KHTML, like Gecko) Chrome/131.0.0.0 Safari/537.36; ClaudeBot/1.0; +claudebot@anthropic.com)"
18.224.19.76 - - [28/Apr/2026:04:41:55 +0000] "GET /wp-content/themes/spa-and-salon/js/all.min.js?ver=6.5.1 HTTP/1.1" 200 542300 "https://www.wrinkledskinrepair.com/2019/06/22/these-great-skin-care-tips-can-change-your-life-2/" "Mozilla/5.0 (Macintosh; Intel Mac OS X 10_15_7) AppleWebKit/537.36 (KHTML, like Gecko) Chrome/131.0.0.0 Safari/537.36; ClaudeBot/1.0; +claudebot@anthropic.com)"
18.224.19.76 - - [28/Apr/2026:04:41:55 +0000] "GET /wp-content/plugins/jetpack/jetpack_vendor/automattic/jetpack-classic-theme-helper/dist/responsive-videos/responsive-videos.js?minify=false&ver=1a16f71f21c6d197f51b HTTP/1.1" 200 645 "https://www.wrinkledskinrepair.com/2019/06/22/these-great-skin-care-tips-can-change-your-life-2/" "Mozilla/5.0 (Macintosh; Intel Mac OS X 10_15_7) AppleWebKit/537.36 (KHTML, like Gecko) Chrome/131.0.0.0 Safari/537.36; ClaudeBot/1.0; +claudebot@anthropic.com)"
18.224.19.76 - - [28/Apr/2026:04:41:55 +0000] "GET /wp-content/plugins/jetpack/_inc/blocks/subscriptions/view.js?minify=false&ver=15.7.1 HTTP/1.1" 200 2286 "https://www.wrinkledskinrepair.com/2019/06/22/these-great-skin-care-tips-can-change-your-life-2/" "Mozilla/5.0 (Macintosh; Intel Mac OS X 10_15_7) AppleWebKit/537.36 (KHTML, like Gecko) Chrome/131.0.0.0 Safari/537.36; ClaudeBot/1.0; +claudebot@anthropic.com)"
18.224.19.76 - - [28/Apr/2026:04:41:58 +0000] "GET /wp-includes/js/wp-emoji-release.min.js?ver=6.9.4 HTTP/1.1" 200 5375 "https://www.wrinkledskinrepair.com/2019/06/22/these-great-skin-care-tips-can-change-your-life-2/" "Mozilla/5.0 (Macintosh; Intel Mac OS X 10_15_7) AppleWebKit/537.36 (KHTML, like Gecko) Chrome/131.0.0.0 Safari/537.36; ClaudeBot/1.0; +claudebot@anthropic.com)"
18.224.19.76 - - [28/Apr/2026:04:41:57 +0000] "GET /2019/06/22/these-great-skin-care-tips-can-change-your-life-2/?relatedposts=1 HTTP/1.1" 200 975 "https://www.wrinkledskinrepair.com/2019/06/22/these-great-skin-care-tips-can-change-your-life-2/" "Mozilla/5.0 (Macintosh; Intel Mac OS X 10_15_7) AppleWebKit/537.36 (KHTML, like Gecko) Chrome/131.0.0.0 Safari/537.36; ClaudeBot/1.0; +claudebot@anthropic.com)"
18.224.19.76 - - [28/Apr/2026:04:41:57 +0000] "POST /wp-admin/admin-ajax.php HTTP/1.1" 200 62 "https://www.wrinkledskinrepair.com/2019/06/22/these-great-skin-care-tips-can-change-your-life-2/" "Mozilla/5.0 (Macintosh; Intel Mac OS X 10_15_7) AppleWebKit/537.36 (KHTML, like Gecko) Chrome/131.0.0.0 Safari/537.36; ClaudeBot/1.0; +claudebot@anthropic.com)"
192.0.102.144 - - [28/Apr/2026:04:41:57 +0000] "GET /wp-content/uploads/2019/06/57e5d14a4b51ae14f6da8c7dda793278143fdef85254774874267ad19349_640.jpg HTTP/1.1" 404 135883 "-" "Photon/1.0"
184.94.212.206 - - [28/Apr/2026:04:43:39 +0000] "POST /wp-cron.php?doing_wp_cron=1777351419.6143081188201904296875 HTTP/1.1" 200 - "-" "WordPress/6.9.4; https://www.wrinkledskinrepair.com"
114.119.142.140 - - [28/Apr/2026:04:43:37 +0000] "GET /2019/07/01/tips-for-keeping-your-skin-healthy-and-glowing/ HTTP/1.1" 200 53331 "https://www.wrinkledskinrepair.com/blog/page/13" "Mozilla/5.0 (Linux; Android 7.0;) AppleWebKit/537.36 (HTML, like Gecko) Mobile Safari/537.36 (compatible; PetalBot;+https://webmaster.petalsearch.com/site/petalbot)"
192.0.102.146 - - [28/Apr/2026:04:44:04 +0000] "HEAD / HTTP/1.1" 200 - "-" "jetmon/1.0 (Jetpack Site Uptime Monitor by WordPress.com)"
34.228.219.188 - - [28/Apr/2026:04:46:04 +0000] "GET /ads.txt HTTP/1.1" 200 58 "-" "Mozilla/5.0 (Windows NT 10.0; Win64; x64) AppleWebKit/537.36 (KHTML, like Gecko) Chrome/124.0.0.0 Safari/537.36"
184.94.212.206 - - [28/Apr/2026:04:46:51 +0000] "POST /wp-cron.php?doing_wp_cron=1777351611.4986569881439208984375 HTTP/1.1" 200 - "-" "WordPress/6.9.4; https://www.wrinkledskinrepair.com"
114.119.142.210 - - [28/Apr/2026:04:46:49 +0000] "GET /2019/06/28/effective-solutions-for-your-skin-care-dilemmas/?share=facebook HTTP/1.1" 302 - "https://www.wrinkledskinrepair.com/2019/06/28/effective-solutions-for-your-skin-care-dilemmas" "Mozilla/5.0 (Linux; Android 7.0;) AppleWebKit/537.36 (HTML, like Gecko) Mobile Safari/537.36 (compatible; PetalBot;+https://webmaster.petalsearch.com/site/petalbot)"
103.8.27.27 - - [28/Apr/2026:04:48:24 +0000] "GET /dash/.env HTTP/1.1" 404 135263 "-" "Mozilla/5.0 (X11; Linux x86_64)"
103.8.27.27 - - [28/Apr/2026:04:48:24 +0000] "GET /account/.env HTTP/1.1" 301 - "-" "Mozilla/5.0 (X11; Linux x86_64)"
184.94.212.206 - - [28/Apr/2026:04:48:28 +0000] "POST /wp-cron.php?doing_wp_cron=1777351708.2607479095458984375000 HTTP/1.1" 200 - "-" "WordPress/6.9.4; https://www.wrinkledskinrepair.com"
103.8.27.27 - - [28/Apr/2026:04:48:24 +0000] "GET /bank/.env HTTP/1.1" 301 - "-" "Mozilla/5.0 (X11; Linux x86_64)"
103.8.27.27 - - [28/Apr/2026:04:48:24 +0000] "GET /members/.env HTTP/1.1" 301 - "-" "Mozilla/5.0 (X11; Linux x86_64)"
103.8.27.27 - - [28/Apr/2026:04:48:24 +0000] "GET /members/.env HTTP/1.1" 404 135284 "-" "Mozilla/5.0 (X11; Linux x86_64)"
103.8.27.27 - - [28/Apr/2026:04:48:24 +0000] "GET /app/.env HTTP/1.1" 301 - "-" "Mozilla/5.0 (X11; Linux x86_64)"
103.8.27.27 - - [28/Apr/2026:04:48:24 +0000] "GET /dash/.env HTTP/1.1" 301 - "-" "Mozilla/5.0 (X11; Linux x86_64)"
103.8.27.27 - - [28/Apr/2026:04:48:24 +0000] "GET /api/.env HTTP/1.1" 404 135256 "-" "Mozilla/5.0 (X11; Linux x86_64)"
103.8.27.27 - - [28/Apr/2026:04:48:24 +0000] "GET /api/.env HTTP/1.1" 301 - "-" "Mozilla/5.0 (X11; Linux x86_64)"
103.8.27.27 - - [28/Apr/2026:04:48:24 +0000] "GET /dashboard/.env HTTP/1.1" 301 - "-" "Mozilla/5.0 (X11; Linux x86_64)"
103.8.27.27 - - [28/Apr/2026:04:48:24 +0000] "GET /core/.env HTTP/1.1" 301 - "-" "Mozilla/5.0 (X11; Linux x86_64)"
103.8.27.27 - - [28/Apr/2026:04:48:24 +0000] "GET /admin/.env HTTP/1.1" 301 - "-" "Mozilla/5.0 (X11; Linux x86_64)"
103.8.27.27 - - [28/Apr/2026:04:48:24 +0000] "GET /.env HTTP/1.1" 301 - "-" "Mozilla/5.0 (X11; Linux x86_64)"
103.8.27.27 - - [28/Apr/2026:04:48:24 +0000] "GET /secure/.env HTTP/1.1" 301 - "-" "Mozilla/5.0 (X11; Linux x86_64)"
192.0.102.146 - - [28/Apr/2026:04:49:04 +0000] "HEAD / HTTP/1.1" 200 - "-" "jetmon/1.0 (Jetpack Site Uptime Monitor by WordPress.com)"
184.94.212.206 - - [28/Apr/2026:04:49:21 +0000] "POST /wp-cron.php?doing_wp_cron=1777351761.0845389366149902343750 HTTP/1.1" 200 - "-" "WordPress/6.9.4; https://www.wrinkledskinrepair.com"
172.215.218.102 - - [28/Apr/2026:04:49:19 +0000] "GET / HTTP/1.1" 301 - "-" "Mozilla/5.0 AppleWebKit/537.36 (KHTML, like Gecko); compatible; ChatGPT-User/1.0; +https://openai.com/bot"
172.215.218.109 - - [28/Apr/2026:04:49:21 +0000] "GET / HTTP/1.1" 200 47736 "-" "Mozilla/5.0 AppleWebKit/537.36 (KHTML, like Gecko); compatible; ChatGPT-User/1.0; +https://openai.com/bot"
114.119.144.64 - - [28/Apr/2026:04:49:44 +0000] "GET /2019/06/03/use-these-tips-to-get-a-glowing-complexion?share=x HTTP/1.1" 302 - "https://www.wrinkledskinrepair.com/2019/06/03/use-these-tips-to-get-a-glowing-complexion" "Mozilla/5.0 (Linux; Android 7.0;) AppleWebKit/537.36 (HTML, like Gecko) Mobile Safari/537.36 (compatible; PetalBot;+https://webmaster.petalsearch.com/site/petalbot)"
184.94.212.206 - - [28/Apr/2026:04:50:23 +0000] "POST /wp-cron.php?doing_wp_cron=1777351823.2869780063629150390625 HTTP/1.1" 200 - "-" "WordPress/6.9.4; https://www.wrinkledskinrepair.com"
57.141.18.84 - - [28/Apr/2026:04:50:21 +0000] "GET /2019/03/23/revitalize-your-look-advice-for-reducing-skincare-problems-2/ HTTP/1.1" 200 186969 "-" "meta-externalagent/1.1 (+https://developers.facebook.com/docs/sharing/webmasters/crawler)"
57.141.18.122 - - [28/Apr/2026:04:50:31 +0000] "GET /tag/leg-skin/ HTTP/1.1" 200 151722 "-" "meta-externalagent/1.1 (+https://developers.facebook.com/docs/sharing/webmasters/crawler)"
167.114.139.131 - - [28/Apr/2026:04:50:44 +0000] "GET /tag/poor-skin-care/ HTTP/1.1" 200 45948 "-" "Mozilla/5.0 (compatible; AhrefsBot/7.0; +http://ahrefs.com/robot/)"
57.141.18.94 - - [28/Apr/2026:04:50:52 +0000] "GET /2018/06/21/everything-you-should-know-about-proper-skin-care/ HTTP/1.1" 200 187746 "-" "meta-externalagent/1.1 (+https://developers.facebook.com/docs/sharing/webmasters/crawler)"
184.94.212.206 - - [28/Apr/2026:04:52:32 +0000] "POST /wp-cron.php?doing_wp_cron=1777351952.7026178836822509765625 HTTP/1.1" 200 - "-" "WordPress/6.9.4; https://www.wrinkledskinrepair.com"
57.141.18.89 - - [28/Apr/2026:04:52:30 +0000] "GET /tag/less-likely/ HTTP/1.1" 200 150367 "-" "meta-externalagent/1.1 (+https://developers.facebook.com/docs/sharing/webmasters/crawler)"
114.119.146.179 - - [28/Apr/2026:04:52:55 +0000] "GET /2019/06/01/our-best-and-easiest-skin-care-tips?share=facebook HTTP/1.1" 302 - "-" "Mozilla/5.0 (Linux; Android 7.0;) AppleWebKit/537.36 (HTML, like Gecko) Mobile Safari/537.36 (compatible; PetalBot;+https://webmaster.petalsearch.com/site/petalbot)"
65.108.245.16 - - [28/Apr/2026:04:53:34 +0000] "GET /wp-login.php HTTP/1.1" 200 4400 "-" "Mozilla/4.0 (compatible; MSIE 7.0; Windows NT 6.3; WOW64; Trident/7.0; .NET4.0E; .NET4.0C; .NET CLR 3.5.30729; .NET CLR 2.0.50727; .NET CLR 3.0.30729)"
65.108.245.16 - - [28/Apr/2026:04:53:36 +0000] "POST /wp-login.php HTTP/1.1" 200 4400 "https://www.wrinkledskinrepair.com/wp-login.php" "Mozilla/4.0 (compatible; MSIE 7.0; Windows NT 6.3; WOW64; Trident/7.0; .NET4.0E; .NET4.0C; .NET CLR 3.5.30729; .NET CLR 2.0.50727; .NET CLR 3.0.30729)"
184.94.212.206 - - [28/Apr/2026:04:54:06 +0000] "POST /wp-cron.php?doing_wp_cron=1777352046.2901060581207275390625 HTTP/1.1" 200 - "-" "WordPress/6.9.4; https://www.wrinkledskinrepair.com"
192.0.102.146 - - [28/Apr/2026:04:54:04 +0000] "HEAD / HTTP/1.1" 200 - "-" "jetmon/1.0 (Jetpack Site Uptime Monitor by WordPress.com)"
184.94.212.206 - - [28/Apr/2026:04:54:20 +0000] "POST /wp-cron.php?doing_wp_cron=1777352060.3005349636077880859375 HTTP/1.1" 200 - "-" "WordPress/6.9.4; https://www.wrinkledskinrepair.com"
190.80.24.58 - - [28/Apr/2026:04:54:18 +0000] "GET /tag/extremely-sensitive/ HTTP/1.1" 200 45600 "-" "Mozilla/5.0 (Macintosh; Intel Mac OS X 10_15_7) AppleWebKit/537.36 (KHTML, like Gecko) Chrome/123.0.0.0 Safari/537.36"
172.204.16.78 - - [28/Apr/2026:04:54:35 +0000] "GET / HTTP/1.1" 301 - "-" "Mozilla/5.0 AppleWebKit/537.36 (KHTML, like Gecko); compatible; ChatGPT-User/1.0; +https://openai.com/bot"
184.94.212.206 - - [28/Apr/2026:04:55:58 +0000] "POST /wp-cron.php?doing_wp_cron=1777352158.0777790546417236328125 HTTP/1.1" 200 - "-" "WordPress/6.9.4; https://www.wrinkledskinrepair.com"
114.119.143.101 - - [28/Apr/2026:04:55:56 +0000] "GET /tag/skin-type/ HTTP/1.1" 200 48952 "https://www.wrinkledskinrepair.com/category/wrinkle-treatment/page/30/" "Mozilla/5.0 (Linux; Android 7.0;) AppleWebKit/537.36 (HTML, like Gecko) Mobile Safari/537.36 (compatible; PetalBot;+https://webmaster.petalsearch.com/site/petalbot)"
184.94.212.206 - - [28/Apr/2026:04:57:41 +0000] "POST /wp-cron.php?doing_wp_cron=1777352260.9914948940277099609375 HTTP/1.1" 200 - "-" "WordPress/6.9.4; https://www.wrinkledskinrepair.com"
57.141.18.20 - - [28/Apr/2026:04:57:39 +0000] "GET /tag/injection-therapy/ HTTP/1.1" 200 150467 "-" "meta-externalagent/1.1 (+https://developers.facebook.com/docs/sharing/webmasters/crawler)"
184.94.212.206 - - [28/Apr/2026:04:59:01 +0000] "POST /wp-cron.php?doing_wp_cron=1777352341.3354380130767822265625 HTTP/1.1" 200 - "-" "WordPress/6.9.4; https://www.wrinkledskinrepair.com"
114.119.144.17 - - [28/Apr/2026:04:58:59 +0000] "GET /tag/skin-condition/ HTTP/1.1" 200 47112 "https://www.wrinkledskinrepair.com/tag/skin-condition/" "Mozilla/5.0 (Linux; Android 7.0;) AppleWebKit/537.36 (HTML, like Gecko) Mobile Safari/537.36 (compatible; PetalBot;+https://webmaster.petalsearch.com/site/petalbot)"
192.0.102.146 - - [28/Apr/2026:04:59:04 +0000] "HEAD / HTTP/1.1" 200 - "-" "jetmon/1.0 (Jetpack Site Uptime Monitor by WordPress.com)"
184.94.212.206 - - [28/Apr/2026:05:01:52 +0000] "POST /wp-cron.php?doing_wp_cron=1777352512.7189180850982666015625 HTTP/1.1" 200 - "-" "WordPress/6.9.4; https://www.wrinkledskinrepair.com"
57.141.18.44 - - [28/Apr/2026:05:01:50 +0000] "GET /2020/05/22/skin-care-tips-and-tricks-that-really-work-2/ HTTP/1.1" 200 191379 "-" "meta-externalagent/1.1 (+https://developers.facebook.com/docs/sharing/webmasters/crawler)"
114.119.145.116 - - [28/Apr/2026:05:02:10 +0000] "GET /skin-care/tips-to-resolve-your-skincare-issues-once-and-for-all-3 HTTP/1.1" 301 - "-" "Mozilla/5.0 (Linux; Android 7.0;) AppleWebKit/537.36 (HTML, like Gecko) Mobile Safari/537.36 (compatible; PetalBot;+https://webmaster.petalsearch.com/site/petalbot)"
114.119.145.116 - - [28/Apr/2026:05:02:12 +0000] "GET /2020/04/05/tips-to-resolve-your-skincare-issues-once-and-for-all-3/ HTTP/1.1" 200 54394 "https://www.wrinkledskinrepair.com/skin-care/tips-to-resolve-your-skincare-issues-once-and-for-all-3" "Mozilla/5.0 (Linux; Android 7.0;) AppleWebKit/537.36 (HTML, like Gecko) Mobile Safari/537.36 (compatible; PetalBot;+https://webmaster.petalsearch.com/site/petalbot)"
184.94.212.206 - - [28/Apr/2026:05:03:06 +0000] "POST /wp-cron.php?doing_wp_cron=1777352586.0935120582580566406250 HTTP/1.1" 200 - "-" "WordPress/6.9.4; https://www.wrinkledskinrepair.com"
216.173.158.239 - - [28/Apr/2026:05:03:03 +0000] "GET /tag/oily-skin/ HTTP/1.1" 200 49411 "-" "Mozilla/5.0 (Windows NT 10.0; Win64; x64) AppleWebKit/537.36 (KHTML, like Gecko) Chrome/107.0.0.0 Safari/537.36"
72.10.160.194 - - [28/Apr/2026:05:04:01 +0000] "GET /wp-login.php HTTP/1.1" 200 4399 "-" "Mozilla/5.0 (Windows NT 10.0; WOW64) AppleWebKit/537.36 (KHTML, like Gecko) Chrome/65.0.3325.181 Safari/537.36 OPR/52.0.2871.40"
72.10.160.194 - - [28/Apr/2026:05:04:03 +0000] "POST /wp-login.php HTTP/1.1" 200 4399 "https://www.wrinkledskinrepair.com/wp-login.php" "Mozilla/5.0 (Windows NT 10.0; WOW64) AppleWebKit/537.36 (KHTML, like Gecko) Chrome/65.0.3325.181 Safari/537.36 OPR/52.0.2871.40"
