34.232.137.97 - - [27/Apr/2026:21:56:06 +0000] "GET /wp-content/plugins/google-site-kit/dist/assets/js/googlesitekit-consent-mode-bc2e26cfa69fcd4a8261.js HTTP/1.1" 200 25395 "https://www.wrinkledskinrepair.com/" "Mozilla/5.0 (compatible; AmazonAdBot/1.0; +https://adbot.amazon.com)"
34.232.137.97 - - [27/Apr/2026:21:56:06 +0000] "GET /wp-content/plugins/wp-consent-api/assets/js/wp-consent-api.min.js?ver=2.0.1 HTTP/1.1" 200 822 "https://www.wrinkledskinrepair.com/" "Mozilla/5.0 (compatible; AmazonAdBot/1.0; +https://adbot.amazon.com)"
34.232.137.97 - - [27/Apr/2026:21:56:06 +0000] "GET /wp-content/plugins/jetpack/_inc/blocks/subscriptions/view.js?minify=false&ver=15.7.1 HTTP/1.1" 200 2286 "https://www.wrinkledskinrepair.com/" "Mozilla/5.0 (compatible; AmazonAdBot/1.0; +https://adbot.amazon.com)"
34.232.137.97 - - [27/Apr/2026:21:56:06 +0000] "GET /wp-content/themes/spa-and-salon/js/all.min.js?ver=6.5.1 HTTP/1.1" 200 542300 "https://www.wrinkledskinrepair.com/" "Mozilla/5.0 (compatible; AmazonAdBot/1.0; +https://adbot.amazon.com)"
34.232.137.97 - - [27/Apr/2026:21:56:06 +0000] "GET /wp-includes/js/wp-emoji-release.min.js?ver=6.9.4 HTTP/1.1" 200 5375 "https://www.wrinkledskinrepair.com/" "Mozilla/5.0 (compatible; AmazonAdBot/1.0; +https://adbot.amazon.com)"
184.94.212.206 - - [27/Apr/2026:21:58:29 +0000] "POST /wp-cron.php?doing_wp_cron=1777327109.1096830368041992187500 HTTP/1.1" 200 - "-" "WordPress/6.9.4; https://www.wrinkledskinrepair.com"
114.119.144.64 - - [27/Apr/2026:21:58:27 +0000] "GET /2019/06/06/simple-skin-care-tips-for-everyone-to-use?share=facebook HTTP/1.1" 302 - "http://www.wrinkledskinrepair.com/wrinkle-treatment/simple-skin-care-tips-for-everyone-to-use" "Mozilla/5.0 (Linux; Android 7.0;) AppleWebKit/537.36 (HTML, like Gecko) Mobile Safari/537.36 (compatible; PetalBot;+https://webmaster.petalsearch.com/site/petalbot)"
192.0.102.146 - - [27/Apr/2026:21:59:04 +0000] "HEAD / HTTP/1.1" 200 - "-" "jetmon/1.0 (Jetpack Site Uptime Monitor by WordPress.com)"
47.251.53.97 - - [27/Apr/2026:21:59:55 +0000] "GET /wp-login.php HTTP/1.1" 200 4400 "-" "Mozilla/5.0 (X11; CrOS x86_64 10452.85.0) AppleWebKit/537.36 (KHTML, like Gecko) Chrome/66.0.3359.158 Safari/537.36"
47.251.53.97 - - [27/Apr/2026:21:59:57 +0000] "POST /wp-login.php HTTP/1.1" 200 4400 "https://www.wrinkledskinrepair.com/wp-login.php" "Mozilla/5.0 (X11; CrOS x86_64 10452.85.0) AppleWebKit/537.36 (KHTML, like Gecko) Chrome/66.0.3359.158 Safari/537.36"
184.94.212.206 - - [27/Apr/2026:22:00:31 +0000] "POST /wp-cron.php?doing_wp_cron=1777327231.7409129142761230468750 HTTP/1.1" 200 - "-" "WordPress/6.9.4; https://www.wrinkledskinrepair.com"
57.141.18.119 - - [27/Apr/2026:22:00:30 +0000] "GET /tag/prevent-premature/ HTTP/1.1" 200 150589 "-" "meta-externalagent/1.1 (+https://developers.facebook.com/docs/sharing/webmasters/crawler)"
184.94.212.206 - - [27/Apr/2026:22:01:19 +0000] "POST /wp-cron.php?doing_wp_cron=1777327279.0645320415496826171875 HTTP/1.1" 200 - "-" "WordPress/6.9.4; https://www.wrinkledskinrepair.com"
114.119.144.17 - - [27/Apr/2026:22:01:17 +0000] "GET /2019/06/04/skin-care-tips-that-you-should-know-about HTTP/1.1" 301 - "https://www.wrinkledskinrepair.com/category/wrinkle-treatment/page/5" "Mozilla/5.0 (Linux; Android 7.0;) AppleWebKit/537.36 (HTML, like Gecko) Mobile Safari/537.36 (compatible; PetalBot;+https://webmaster.petalsearch.com/site/petalbot)"
114.119.144.17 - - [27/Apr/2026:22:01:19 +0000] "GET /2019/06/04/skin-care-tips-that-you-should-know-about/ HTTP/1.1" 200 52967 "https://www.wrinkledskinrepair.com/category/wrinkle-treatment/page/5" "Mozilla/5.0 (Linux; Android 7.0;) AppleWebKit/537.36 (HTML, like Gecko) Mobile Safari/537.36 (compatible; PetalBot;+https://webmaster.petalsearch.com/site/petalbot)"
57.141.18.23 - - [27/Apr/2026:22:01:45 +0000] "GET /tag/best-wrinkle-cream/ HTTP/1.1" 200 166070 "-" "meta-externalagent/1.1 (+https://developers.facebook.com/docs/sharing/webmasters/crawler)"
184.94.212.206 - - [27/Apr/2026:22:02:43 +0000] "POST /wp-cron.php?doing_wp_cron=1777327363.5332739353179931640625 HTTP/1.1" 200 - "-" "WordPress/6.9.4; https://www.wrinkledskinrepair.com"
44.213.190.124 - - [27/Apr/2026:22:02:41 +0000] "GET /robots.txt HTTP/1.1" 200 127 "-" "Mozilla/5.0 (Macintosh; Intel Mac OS X 10_10_1) AppleWebKit/600.2.5 (KHTML, like Gecko) Version/8.0.2 Safari/600.2.5 (Gort)"
57.141.18.89 - - [27/Apr/2026:22:02:54 +0000] "GET /2019/06/18/great-advice-for-every-day-skin-care-3/ HTTP/1.1" 200 186625 "-" "meta-externalagent/1.1 (+https://developers.facebook.com/docs/sharing/webmasters/crawler)"
192.0.114.113 - - [27/Apr/2026:22:03:02 +0000] "GET /wp-content/uploads/2019/07/57e9d6434b5aac14f6da8c7dda793278143fdef85254774a772a7ed5944a_640.jpg HTTP/1.1" 404 135883 "-" "Photon/1.0"
184.94.212.206 - - [27/Apr/2026:22:03:54 +0000] "POST /wp-cron.php?doing_wp_cron=1777327434.2957730293273925781250 HTTP/1.1" 200 - "-" "WordPress/6.9.4; https://www.wrinkledskinrepair.com"
114.119.142.140 - - [27/Apr/2026:22:03:52 +0000] "GET /2019/04/27/for-skin-care-problems-read-this-now HTTP/1.1" 301 - "https://www.wrinkledskinrepair.com/2019/04/27/for-skin-care-problems-read-this-now" "Mozilla/5.0 (Linux; Android 7.0;) AppleWebKit/537.36 (HTML, like Gecko) Mobile Safari/537.36 (compatible; PetalBot;+https://webmaster.petalsearch.com/site/petalbot)"
114.119.142.140 - - [27/Apr/2026:22:03:54 +0000] "GET /2019/04/27/for-skin-care-problems-read-this-now/ HTTP/1.1" 200 53755 "https://www.wrinkledskinrepair.com/2019/04/27/for-skin-care-problems-read-this-now" "Mozilla/5.0 (Linux; Android 7.0;) AppleWebKit/537.36 (HTML, like Gecko) Mobile Safari/537.36 (compatible; PetalBot;+https://webmaster.petalsearch.com/site/petalbot)"
184.94.212.206 - - [27/Apr/2026:22:04:06 +0000] "POST /wp-cron.php?doing_wp_cron=1777327446.0766189098358154296875 HTTP/1.1" 200 - "-" "WordPress/6.9.4; https://www.wrinkledskinrepair.com"
192.0.102.146 - - [27/Apr/2026:22:04:05 +0000] "HEAD / HTTP/1.1" 200 - "-" "jetmon/1.0 (Jetpack Site Uptime Monitor by WordPress.com)"
184.94.212.206 - - [27/Apr/2026:22:04:44 +0000] "POST /wp-cron.php?doing_wp_cron=1777327484.4816420078277587890625 HTTP/1.1" 200 - "-" "WordPress/6.9.4; https://www.wrinkledskinrepair.com"
57.141.18.96 - - [27/Apr/2026:22:04:43 +0000] "GET /tag/already-contain/ HTTP/1.1" 200 150579 "-" "meta-externalagent/1.1 (+https://developers.facebook.com/docs/sharing/webmasters/crawler)"
43.133.253.253 - - [27/Apr/2026:22:06:11 +0000] "GET / HTTP/1.1" 301 - "http://wrinkledskinrepair.com" "Mozilla/5.0 (iPhone; CPU iPhone OS 13_2_3 like Mac OS X) AppleWebKit/605.1.15 (KHTML, like Gecko) Version/13.0.3 Mobile/15E148 Safari/604.1"
43.133.253.253 - - [27/Apr/2026:22:06:14 +0000] "GET / HTTP/1.1" 200 47737 "https://wrinkledskinrepair.com/" "Mozilla/5.0 (iPhone; CPU iPhone OS 13_2_3 like Mac OS X) AppleWebKit/605.1.15 (KHTML, like Gecko) Version/13.0.3 Mobile/15E148 Safari/604.1"
184.94.212.206 - - [27/Apr/2026:22:06:34 +0000] "POST /wp-cron.php?doing_wp_cron=1777327594.6523211002349853515625 HTTP/1.1" 200 - "-" "WordPress/6.9.4; https://www.wrinkledskinrepair.com"
114.119.142.210 - - [27/Apr/2026:22:06:33 +0000] "GET /2019/02/15/try-these-tips-for-a-cleaner-fresher-face/?share=facebook HTTP/1.1" 302 - "https://www.wrinkledskinrepair.com/2019/02/15/try-these-tips-for-a-cleaner-fresher-face" "Mozilla/5.0 (Linux; Android 7.0;) AppleWebKit/537.36 (HTML, like Gecko) Mobile Safari/537.36 (compatible; PetalBot;+https://webmaster.petalsearch.com/site/petalbot)"
184.94.212.206 - - [27/Apr/2026:22:07:31 +0000] "POST /wp-cron.php?doing_wp_cron=1777327651.0565140247344970703125 HTTP/1.1" 200 - "-" "WordPress/6.9.4; https://www.wrinkledskinrepair.com"
57.141.18.100 - - [27/Apr/2026:22:07:29 +0000] "GET /tag/gut-health/ HTTP/1.1" 200 153646 "-" "meta-externalagent/1.1 (+https://developers.facebook.com/docs/sharing/webmasters/crawler)"
184.94.212.206 - - [27/Apr/2026:22:09:06 +0000] "POST /wp-cron.php?doing_wp_cron=1777327746.5378758907318115234375 HTTP/1.1" 200 - "-" "WordPress/6.9.4; https://www.wrinkledskinrepair.com"
192.0.102.146 - - [27/Apr/2026:22:09:04 +0000] "HEAD / HTTP/1.1" 200 - "-" "jetmon/1.0 (Jetpack Site Uptime Monitor by WordPress.com)"
184.94.212.206 - - [27/Apr/2026:22:09:46 +0000] "POST /wp-cron.php?doing_wp_cron=1777327786.3564889430999755859375 HTTP/1.1" 200 - "-" "WordPress/6.9.4; https://www.wrinkledskinrepair.com"
114.119.146.179 - - [27/Apr/2026:22:09:44 +0000] "GET /2019/02/15/try-these-tips-for-a-cleaner-fresher-face/ HTTP/1.1" 200 53552 "https://www.wrinkledskinrepair.com/tag/harsh-scrubbing" "Mozilla/5.0 (Linux; Android 7.0;) AppleWebKit/537.36 (HTML, like Gecko) Mobile Safari/537.36 (compatible; PetalBot;+https://webmaster.petalsearch.com/site/petalbot)"
184.94.212.206 - - [27/Apr/2026:22:11:54 +0000] "POST /wp-cron.php?doing_wp_cron=1777327914.0683610439300537109375 HTTP/1.1" 200 - "-" "WordPress/6.9.4; https://www.wrinkledskinrepair.com"
20.215.220.104 - - [27/Apr/2026:22:11:52 +0000] "GET / HTTP/1.1" 301 - "-" "Mozilla/5.0 AppleWebKit/537.36 (KHTML, like Gecko); compatible; ChatGPT-User/1.0; +https://openai.com/bot"
114.119.146.179 - - [27/Apr/2026:22:11:57 +0000] "GET /2019/02/14/skin-care-that-actually-works-with-ease?share=x HTTP/1.1" 302 - "https://www.wrinkledskinrepair.com/2019/02/14/skin-care-that-actually-works-with-ease" "Mozilla/5.0 (Linux; Android 7.0;) AppleWebKit/537.36 (HTML, like Gecko) Mobile Safari/537.36 (compatible; PetalBot;+https://webmaster.petalsearch.com/site/petalbot)"
184.94.212.206 - - [27/Apr/2026:22:12:14 +0000] "POST /wp-cron.php?doing_wp_cron=1777327934.3471169471740722656250 HTTP/1.1" 200 - "-" "WordPress/6.9.4; https://www.wrinkledskinrepair.com"
43.173.173.197 - - [27/Apr/2026:22:12:12 +0000] "GET /2018/12/10/improve-your-skin-with-these-helpful-tips/?noamp=mobile&share=skype HTTP/1.1" 200 53359 "-" "Mozilla/5.0 (Windows NT 10.0; Win64; x64) AppleWebKit/537.36 (KHTML, like Gecko) Chrome/131.0.0.0 Safari/537.36"
184.94.212.206 - - [27/Apr/2026:22:12:18 +0000] "POST /wp-cron.php?doing_wp_cron=1777327938.9224970340728759765625 HTTP/1.1" 200 - "-" "WordPress/6.9.4; https://www.wrinkledskinrepair.com"
216.73.216.121 - - [27/Apr/2026:22:12:17 +0000] "GET /robots.txt HTTP/1.1" 200 127 "-" "Mozilla/5.0 AppleWebKit/537.36 (KHTML, like Gecko; compatible; ClaudeBot/1.0; +claudebot@anthropic.com)"
216.73.216.121 - - [27/Apr/2026:22:12:19 +0000] "GET /sitemap.rss HTTP/1.1" 200 3439 "-" "Mozilla/5.0 AppleWebKit/537.36 (KHTML, like Gecko; compatible; ClaudeBot/1.0; +claudebot@anthropic.com)"
172.215.218.102 - - [27/Apr/2026:22:12:24 +0000] "GET / HTTP/1.1" 301 - "-" "Mozilla/5.0 AppleWebKit/537.36 (KHTML, like Gecko); compatible; ChatGPT-User/1.0; +https://openai.com/bot"
172.215.218.111 - - [27/Apr/2026:22:12:25 +0000] "GET / HTTP/1.1" 200 47737 "-" "Mozilla/5.0 AppleWebKit/537.36 (KHTML, like Gecko); compatible; ChatGPT-User/1.0; +https://openai.com/bot"
184.94.212.206 - - [27/Apr/2026:22:14:06 +0000] "POST /wp-cron.php?doing_wp_cron=1777328046.1975319385528564453125 HTTP/1.1" 200 - "-" "WordPress/6.9.4; https://www.wrinkledskinrepair.com"
192.0.102.146 - - [27/Apr/2026:22:14:04 +0000] "HEAD / HTTP/1.1" 200 - "-" "jetmon/1.0 (Jetpack Site Uptime Monitor by WordPress.com)"
184.94.212.206 - - [27/Apr/2026:22:14:21 +0000] "POST /wp-cron.php?doing_wp_cron=1777328061.8369040489196777343750 HTTP/1.1" 200 - "-" "WordPress/6.9.4; https://www.wrinkledskinrepair.com"
57.141.18.63 - - [27/Apr/2026:22:14:20 +0000] "GET /2018/08/18/got-skin-problems-get-the-solutions-here/ HTTP/1.1" 200 186592 "-" "meta-externalagent/1.1 (+https://developers.facebook.com/docs/sharing/webmasters/crawler)"
184.94.212.206 - - [27/Apr/2026:22:14:32 +0000] "POST /wp-cron.php?doing_wp_cron=1777328072.0780439376831054687500 HTTP/1.1" 200 - "-" "WordPress/6.9.4; https://www.wrinkledskinrepair.com"
57.141.18.20 - - [27/Apr/2026:22:14:30 +0000] "GET /2025/12/29/wrinkled-skin-on-hands-aging-signs-and-solutions-your-ultimate-guide-to-reversal/ HTTP/1.1" 200 201755 "-" "meta-externalagent/1.1 (+https://developers.facebook.com/docs/sharing/webmasters/crawler)"
184.94.212.206 - - [27/Apr/2026:22:14:50 +0000] "POST /wp-cron.php?doing_wp_cron=1777328090.0525689125061035156250 HTTP/1.1" 200 - "-" "WordPress/6.9.4; https://www.wrinkledskinrepair.com"
114.119.142.210 - - [27/Apr/2026:22:14:48 +0000] "GET /2019/02/14/skin-care-that-actually-works-with-ease/?share=facebook HTTP/1.1" 302 - "https://www.wrinkledskinrepair.com/2019/02/14/skin-care-that-actually-works-with-ease/" "Mozilla/5.0 (Linux; Android 7.0;) AppleWebKit/537.36 (HTML, like Gecko) Mobile Safari/537.36 (compatible; PetalBot;+https://webmaster.petalsearch.com/site/petalbot)"
184.94.212.206 - - [27/Apr/2026:22:15:10 +0000] "POST /wp-cron.php?doing_wp_cron=1777328110.4537029266357421875000 HTTP/1.1" 200 - "-" "WordPress/6.9.4; https://www.wrinkledskinrepair.com"
57.141.18.88 - - [27/Apr/2026:22:15:08 +0000] "GET /2020/05/26/keep-your-skin-at-its-best-with-this-advice/ HTTP/1.1" 200 190640 "-" "meta-externalagent/1.1 (+https://developers.facebook.com/docs/sharing/webmasters/crawler)"
184.94.212.206 - - [27/Apr/2026:22:15:18 +0000] "POST /wp-cron.php?doing_wp_cron=1777328118.8205330371856689453125 HTTP/1.1" 200 - "-" "WordPress/6.9.4; https://www.wrinkledskinrepair.com"
57.141.18.23 - - [27/Apr/2026:22:15:17 +0000] "GET /tag/serious-skin/ HTTP/1.1" 200 152167 "-" "meta-externalagent/1.1 (+https://developers.facebook.com/docs/sharing/webmasters/crawler)"
57.141.18.70 - - [27/Apr/2026:22:15:47 +0000] "GET /2017/06/08/modern-approaches-to-skin-wrinkle-treatment/ HTTP/1.1" 200 208001 "-" "meta-externalagent/1.1 (+https://developers.facebook.com/docs/sharing/webmasters/crawler)"
57.141.18.46 - - [27/Apr/2026:22:16:03 +0000] "GET /2018/08/04/advice-for-taking-care-of-your-skincare-problems/ HTTP/1.1" 200 185739 "-" "meta-externalagent/1.1 (+https://developers.facebook.com/docs/sharing/webmasters/crawler)"
184.94.212.206 - - [27/Apr/2026:22:16:53 +0000] "POST /wp-cron.php?doing_wp_cron=1777328213.3716659545898437500000 HTTP/1.1" 200 - "-" "WordPress/6.9.4; https://www.wrinkledskinrepair.com"
85.208.96.193 - - [27/Apr/2026:22:16:51 +0000] "GET /robots.txt HTTP/1.1" 200 127 "-" "Mozilla/5.0 (compatible; SemrushBot/7~bl; +http://www.semrush.com/bot.html)"
185.191.171.17 - - [27/Apr/2026:22:16:53 +0000] "GET /tag/skin-tends/ HTTP/1.1" 200 45570 "-" "Mozilla/5.0 (compatible; SemrushBot/7~bl; +http://www.semrush.com/bot.html)"
184.94.212.206 - - [27/Apr/2026:22:18:21 +0000] "POST /wp-cron.php?doing_wp_cron=1777328301.2999269962310791015625 HTTP/1.1" 200 - "-" "WordPress/6.9.4; https://www.wrinkledskinrepair.com"
114.119.145.116 - - [27/Apr/2026:22:18:19 +0000] "GET /2019/02/12/care-for-your-skin-easily-with-these-tips-2/?share=facebook HTTP/1.1" 302 - "https://www.wrinkledskinrepair.com/2019/02/12/care-for-your-skin-easily-with-these-tips-2/" "Mozilla/5.0 (Linux; Android 7.0;) AppleWebKit/537.36 (HTML, like Gecko) Mobile Safari/537.36 (compatible; PetalBot;+https://webmaster.petalsearch.com/site/petalbot)"
192.0.102.146 - - [27/Apr/2026:22:19:04 +0000] "HEAD / HTTP/1.1" 200 - "-" "jetmon/1.0 (Jetpack Site Uptime Monitor by WordPress.com)"
184.94.212.206 - - [27/Apr/2026:22:19:43 +0000] "POST /wp-cron.php?doing_wp_cron=1777328383.5109560489654541015625 HTTP/1.1" 200 - "-" "WordPress/6.9.4; https://www.wrinkledskinrepair.com"
47.128.41.6 - - [27/Apr/2026:22:19:42 +0000] "GET /2020/05/06/learn-about-caring-for-your-skin-now/?share=x HTTP/1.1" 302 - "-" "Mozilla/5.0 (Linux; Android 5.0) AppleWebKit/537.36 (KHTML, like Gecko) Mobile Safari/537.36 (compatible; Bytespider; spider-feedback@bytedance.com)"
184.94.212.206 - - [27/Apr/2026:22:20:19 +0000] "POST /wp-cron.php?doing_wp_cron=1777328419.8200719356536865234375 HTTP/1.1" 200 - "-" "WordPress/6.9.4; https://www.wrinkledskinrepair.com"
47.128.41.69 - - [27/Apr/2026:22:20:18 +0000] "GET /2025/12/29/wrinkled-skin-on-hands-aging-signs-and-solutions-your-ultimate-guide-to-reversal/?share=x HTTP/1.1" 302 - "-" "Mozilla/5.0 (Linux; Android 5.0) AppleWebKit/537.36 (KHTML, like Gecko) Mobile Safari/537.36 (compatible; Bytespider; spider-feedback@bytedance.com)"
114.119.144.17 - - [27/Apr/2026:22:20:29 +0000] "GET /2019/02/11/great-skin-starts-with-these-great-ideas?share=x HTTP/1.1" 302 - "-" "Mozilla/5.0 (Linux; Android 7.0;) AppleWebKit/537.36 (HTML, like Gecko) Mobile Safari/537.36 (compatible; PetalBot;+https://webmaster.petalsearch.com/site/petalbot)"
216.73.216.121 - - [27/Apr/2026:22:21:08 +0000] "GET /sitemap.xml HTTP/1.1" 200 408 "-" "Mozilla/5.0 AppleWebKit/537.36 (KHTML, like Gecko; compatible; ClaudeBot/1.0; +claudebot@anthropic.com)"
184.94.212.206 - - [27/Apr/2026:22:21:49 +0000] "POST /wp-cron.php?doing_wp_cron=1777328509.1757690906524658203125 HTTP/1.1" 200 - "-" "WordPress/6.9.4; https://www.wrinkledskinrepair.com"
57.141.18.112 - - [27/Apr/2026:22:21:47 +0000] "GET /tag/mouthwrinkles/ HTTP/1.1" 200 153952 "-" "meta-externalagent/1.1 (+https://developers.facebook.com/docs/sharing/webmasters/crawler)"
184.94.212.206 - - [27/Apr/2026:22:22:28 +0000] "POST /wp-cron.php?doing_wp_cron=1777328548.8591079711914062500000 HTTP/1.1" 200 - "-" "WordPress/6.9.4; https://www.wrinkledskinrepair.com"
57.141.18.91 - - [27/Apr/2026:22:22:27 +0000] "GET /tag/fabric-softener/ HTTP/1.1" 200 152438 "-" "meta-externalagent/1.1 (+https://developers.facebook.com/docs/sharing/webmasters/crawler)"
114.119.146.179 - - [27/Apr/2026:22:22:52 +0000] "GET /2019/02/11/great-skin-starts-with-these-great-ideas/?share=twitter HTTP/1.1" 302 - "https://www.wrinkledskinrepair.com/wrinkle-treatment/great-skin-starts-with-these-great-ideas" "Mozilla/5.0 (Linux; Android 7.0;) AppleWebKit/537.36 (HTML, like Gecko) Mobile Safari/537.36 (compatible; PetalBot;+https://webmaster.petalsearch.com/site/petalbot)"
184.94.212.206 - - [27/Apr/2026:22:24:06 +0000] "POST /wp-cron.php?doing_wp_cron=1777328646.5755729675292968750000 HTTP/1.1" 200 - "-" "WordPress/6.9.4; https://www.wrinkledskinrepair.com"
192.0.102.146 - - [27/Apr/2026:22:24:04 +0000] "HEAD / HTTP/1.1" 200 - "-" "jetmon/1.0 (Jetpack Site Uptime Monitor by WordPress.com)"
184.94.212.206 - - [27/Apr/2026:22:25:43 +0000] "POST /wp-cron.php?doing_wp_cron=1777328743.9678330421447753906250 HTTP/1.1" 200 - "-" "WordPress/6.9.4; https://www.wrinkledskinrepair.com"
54.83.23.103 - - [27/Apr/2026:22:25:41 +0000] "GET /2019/06/28/effective-solutions-for-your-skin-care-dilemmas/ HTTP/1.1" 200 53483 "-" "Mozilla/5.0 AppleWebKit/537.36 (KHTML, like Gecko; compatible; Amazonbot/0.1; +https://developer.amazon.com/support/amazonbot) Chrome/119.0.6045.214 Safari/537.36"
184.94.212.206 - - [27/Apr/2026:22:26:42 +0000] "POST /wp-cron.php?doing_wp_cron=1777328802.9194760322570800781250 HTTP/1.1" 200 - "-" "WordPress/6.9.4; https://www.wrinkledskinrepair.com"
54.39.89.145 - - [27/Apr/2026:22:26:40 +0000] "GET /tag/exfoliating-facial-scrub/ HTTP/1.1" 200 45587 "-" "Mozilla/5.0 (compatible; AhrefsBot/7.0; +http://ahrefs.com/robot/)"
184.94.212.206 - - [27/Apr/2026:22:28:12 +0000] "POST /wp-cron.php?doing_wp_cron=1777328892.7748019695281982421875 HTTP/1.1" 200 - "-" "WordPress/6.9.4; https://www.wrinkledskinrepair.com"
57.141.18.33 - - [27/Apr/2026:22:28:10 +0000] "GET /2019/05/16/get-on-the-path-to-beautiful-skin-with-these-ideas/ HTTP/1.1" 200 186953 "-" "meta-externalagent/1.1 (+https://developers.facebook.com/docs/sharing/webmasters/crawler)"
184.94.212.206 - - [27/Apr/2026:22:28:18 +0000] "POST /wp-cron.php?doing_wp_cron=1777328898.8782999515533447265625 HTTP/1.1" 200 - "-" "WordPress/6.9.4; https://www.wrinkledskinrepair.com"
114.119.144.64 - - [27/Apr/2026:22:28:17 +0000] "GET /tag/uv-protection HTTP/1.1" 301 - "https://www.wrinkledskinrepair.com/tag/dead-skin/page/9" "Mozilla/5.0 (Linux; Android 7.0;) AppleWebKit/537.36 (HTML, like Gecko) Mobile Safari/537.36 (compatible; PetalBot;+https://webmaster.petalsearch.com/site/petalbot)"
114.119.144.64 - - [27/Apr/2026:22:28:19 +0000] "GET /tag/uv-protection/ HTTP/1.1" 200 47911 "https://www.wrinkledskinrepair.com/tag/dead-skin/page/9" "Mozilla/5.0 (Linux; Android 7.0;) AppleWebKit/537.36 (HTML, like Gecko) Mobile Safari/537.36 (compatible; PetalBot;+https://webmaster.petalsearch.com/site/petalbot)"
192.0.102.146 - - [27/Apr/2026:22:29:04 +0000] "HEAD / HTTP/1.1" 200 - "-" "jetmon/1.0 (Jetpack Site Uptime Monitor by WordPress.com)"
184.94.212.206 - - [27/Apr/2026:22:31:00 +0000] "POST /wp-cron.php?doing_wp_cron=1777329060.3084158897399902343750 HTTP/1.1" 200 - "-" "WordPress/6.9.4; https://www.wrinkledskinrepair.com"
114.119.145.116 - - [27/Apr/2026:22:30:58 +0000] "GET /anti-spam-policy/?share=x HTTP/1.1" 302 - "https://www.wrinkledskinrepair.com/anti-spam-policy" "Mozilla/5.0 (Linux; Android 7.0;) AppleWebKit/537.36 (HTML, like Gecko) Mobile Safari/537.36 (compatible; PetalBot;+https://webmaster.petalsearch.com/site/petalbot)"
57.141.18.26 - - [27/Apr/2026:22:31:05 +0000] "GET /tag/antibacterial-soaps/ HTTP/1.1" 200 152005 "-" "meta-externalagent/1.1 (+https://developers.facebook.com/docs/sharing/webmasters/crawler)"
184.94.212.206 - - [27/Apr/2026:22:32:28 +0000] "POST /wp-cron.php?doing_wp_cron=1777329148.0535259246826171875000 HTTP/1.1" 200 - "-" "WordPress/6.9.4; https://www.wrinkledskinrepair.com"
43.173.177.147 - - [27/Apr/2026:22:32:26 +0000] "GET /about/ HTTP/1.1" 301 - "-" "Mozilla/5.0 (Windows NT 10.0; Win64; x64) AppleWebKit/537.36 (KHTML, like Gecko) Chrome/131.0.0.0 Safari/537.36"
43.173.178.129 - - [27/Apr/2026:22:32:40 +0000] "GET /about/ HTTP/1.1" 301 - "-" "Mozilla/5.0 (Windows NT 10.0; Win64; x64) AppleWebKit/537.36 (KHTML, like Gecko) Chrome/105.0.0.0 Safari/537.3"
43.173.178.129 - - [27/Apr/2026:22:32:43 +0000] "GET /about/ HTTP/1.1" 200 47729 "https://wrinkledskinrepair.com/about/" "Mozilla/5.0 (Windows NT 10.0; Win64; x64) AppleWebKit/537.36 (KHTML, like Gecko) Chrome/105.0.0.0 Safari/537.3"
184.94.212.206 - - [27/Apr/2026:22:33:41 +0000] "POST /wp-cron.php?doing_wp_cron=1777329221.8399009704589843750000 HTTP/1.1" 200 - "-" "WordPress/6.9.4; https://www.wrinkledskinrepair.com"
114.119.145.116 - - [27/Apr/2026:22:33:40 +0000] "GET /2020/06/26/advice-to-help-bring-about-soft-and-beautiful-skin?share=facebook HTTP/1.1" 302 - "https://www.wrinkledskinrepair.com/2020/06/26/advice-to-help-bring-about-soft-and-beautiful-skin" "Mozilla/5.0 (Linux; Android 7.0;) AppleWebKit/537.36 (HTML, like Gecko) Mobile Safari/537.36 (compatible; PetalBot;+https://webmaster.petalsearch.com/site/petalbot)"
192.0.102.146 - - [27/Apr/2026:22:34:04 +0000] "HEAD / HTTP/1.1" 200 - "-" "jetmon/1.0 (Jetpack Site Uptime Monitor by WordPress.com)"
184.94.212.206 - - [27/Apr/2026:22:36:26 +0000] "POST /wp-cron.php?doing_wp_cron=1777329386.1874880790710449218750 HTTP/1.1" 200 - "-" "WordPress/6.9.4; https://www.wrinkledskinrepair.com"
114.119.146.179 - - [27/Apr/2026:22:36:24 +0000] "GET /2020/06/20/problems-with-your-skin-try-these-helpful-tips?share=x HTTP/1.1" 302 - "https://www.wrinkledskinrepair.com/2020/06/20/problems-with-your-skin-try-these-helpful-tips" "Mozilla/5.0 (Linux; Android 7.0;) AppleWebKit/537.36 (HTML, like Gecko) Mobile Safari/537.36 (compatible; PetalBot;+https://webmaster.petalsearch.com/site/petalbot)"
172.204.27.30 - - [27/Apr/2026:22:37:06 +0000] "GET / HTTP/1.1" 301 - "-" "Mozilla/5.0 AppleWebKit/537.36 (KHTML, like Gecko); compatible; ChatGPT-User/1.0; +https://openai.com/bot"
184.94.212.206 - - [27/Apr/2026:22:38:07 +0000] "POST /wp-cron.php?doing_wp_cron=1777329487.1733679771423339843750 HTTP/1.1" 200 - "-" "WordPress/6.9.4; https://www.wrinkledskinrepair.com"
57.141.18.58 - - [27/Apr/2026:22:38:05 +0000] "GET /tag/facial-skin/ HTTP/1.1" 200 156890 "-" "meta-externalagent/1.1 (+https://developers.facebook.com/docs/sharing/webmasters/crawler)"
184.94.212.206 - - [27/Apr/2026:22:38:21 +0000] "POST /wp-cron.php?doing_wp_cron=1777329501.1646881103515625000000 HTTP/1.1" 200 - "-" "WordPress/6.9.4; https://www.wrinkledskinrepair.com"
192.144.148.122 - - [27/Apr/2026:22:38:19 +0000] "GET / HTTP/1.1" 200 47737 "http://wrinkledskinrepairs.com" "Mozilla/5.0 (iPhone; CPU iPhone OS 13_2_3 like Mac OS X) AppleWebKit/605.1.15 (KHTML, like Gecko) Version/13.0.3 Mobile/15E148 Safari/604.1"
114.119.142.210 - - [27/Apr/2026:22:39:00 +0000] "GET /2019/07/15/take-care-of-your-skin-better-with-these-tips/?share=x HTTP/1.1" 302 - "https://www.wrinkledskinrepair.com/2019/07/15/take-care-of-your-skin-better-with-these-tips" "Mozilla/5.0 (Linux; Android 7.0;) AppleWebKit/537.36 (HTML, like Gecko) Mobile Safari/537.36 (compatible; PetalBot;+https://webmaster.petalsearch.com/site/petalbot)"
192.0.102.146 - - [27/Apr/2026:22:39:04 +0000] "HEAD / HTTP/1.1" 200 - "-" "jetmon/1.0 (Jetpack Site Uptime Monitor by WordPress.com)"
184.94.212.206 - - [27/Apr/2026:22:41:42 +0000] "POST /wp-cron.php?doing_wp_cron=1777329702.6372790336608886718750 HTTP/1.1" 200 - "-" "WordPress/6.9.4; https://www.wrinkledskinrepair.com"
114.119.143.101 - - [27/Apr/2026:22:41:40 +0000] "GET /2019/07/13/a-list-of-the-best-skin-care-tips/?share=x HTTP/1.1" 302 - "https://www.wrinkledskinrepair.com/2019/07/13/a-list-of-the-best-skin-care-tips/" "Mozilla/5.0 (Linux; Android 7.0;) AppleWebKit/537.36 (HTML, like Gecko) Mobile Safari/537.36 (compatible; PetalBot;+https://webmaster.petalsearch.com/site/petalbot)"
184.94.212.206 - - [27/Apr/2026:22:44:06 +0000] "POST /wp-cron.php?doing_wp_cron=1777329846.6131429672241210937500 HTTP/1.1" 200 - "-" "WordPress/6.9.4; https://www.wrinkledskinrepair.com"
192.0.102.146 - - [27/Apr/2026:22:44:04 +0000] "HEAD / HTTP/1.1" 200 - "-" "jetmon/1.0 (Jetpack Site Uptime Monitor by WordPress.com)"
184.94.212.206 - - [27/Apr/2026:22:44:30 +0000] "POST /wp-cron.php?doing_wp_cron=1777329870.7920479774475097656250 HTTP/1.1" 200 - "-" "WordPress/6.9.4; https://www.wrinkledskinrepair.com"
114.119.144.64 - - [27/Apr/2026:22:44:29 +0000] "GET /2019/05/31/care-for-your-skin-with-these-simple-tips/?share=facebook HTTP/1.1" 302 - "https://www.wrinkledskinrepair.com/2019/05/31/care-for-your-skin-with-these-simple-tips/" "Mozilla/5.0 (Linux; Android 7.0;) AppleWebKit/537.36 (HTML, like Gecko) Mobile Safari/537.36 (compatible; PetalBot;+https://webmaster.petalsearch.com/site/petalbot)"
216.244.66.203 - - [27/Apr/2026:22:44:33 +0000] "GET /robots.txt HTTP/1.1" 200 185 "-" "Mozilla/5.0 (compatible; DotBot/1.2; +https://opensiteexplorer.org/dotbot; help@moz.com)"
184.94.212.206 - - [27/Apr/2026:22:46:12 +0000] "POST /wp-cron.php?doing_wp_cron=1777329972.0717699527740478515625 HTTP/1.1" 200 - "-" "WordPress/6.9.4; https://www.wrinkledskinrepair.com"
18.219.39.161 - - [27/Apr/2026:22:46:10 +0000] "GET /robots.txt HTTP/1.1" 200 127 "-" "Mozilla/5.0 (Macintosh; Intel Mac OS X 10_15_7) AppleWebKit/537.36 (KHTML, like Gecko) Chrome/131.0.0.0 Safari/537.36; ClaudeBot/1.0; +claudebot@anthropic.com)"
18.219.39.161 - - [27/Apr/2026:22:46:12 +0000] "GET /tag/wrinkle-reducer/ HTTP/1.1" 200 45556 "-" "Mozilla/5.0 (Macintosh; Intel Mac OS X 10_15_7) AppleWebKit/537.36 (KHTML, like Gecko) Chrome/131.0.0.0 Safari/537.36; ClaudeBot/1.0; +claudebot@anthropic.com)"
18.219.39.161 - - [27/Apr/2026:22:46:13 +0000] "GET /wp-content/plugins/complianz-gdpr/assets/css/cookieblocker.min.css?ver=1741710170 HTTP/1.1" 200 723 "https://www.wrinkledskinrepair.com/tag/wrinkle-reducer/" "Mozilla/5.0 (Macintosh; Intel Mac OS X 10_15_7) AppleWebKit/537.36 (KHTML, like Gecko) Chrome/131.0.0.0 Safari/537.36; ClaudeBot/1.0; +claudebot@anthropic.com)"
18.219.39.161 - - [27/Apr/2026:22:46:13 +0000] "GET /wp-content/themes/spa-and-salon/style.css?ver=6.9.4 HTTP/1.1" 200 13994 "https://www.wrinkledskinrepair.com/tag/wrinkle-reducer/" "Mozilla/5.0 (Macintosh; Intel Mac OS X 10_15_7) AppleWebKit/537.36 (KHTML, like Gecko) Chrome/131.0.0.0 Safari/537.36; ClaudeBot/1.0; +claudebot@anthropic.com)"
18.219.39.161 - - [27/Apr/2026:22:46:13 +0000] "GET /wp-content/themes/medical-spa/style.css?ver=1.0.7 HTTP/1.1" 200 5745 "https://www.wrinkledskinrepair.com/tag/wrinkle-reducer/" "Mozilla/5.0 (Macintosh; Intel Mac OS X 10_15_7) AppleWebKit/537.36 (KHTML, like Gecko) Chrome/131.0.0.0 Safari/537.36; ClaudeBot/1.0; +claudebot@anthropic.com)"
18.219.39.161 - - [27/Apr/2026:22:46:13 +0000] "GET /wp-content/themes/spa-and-salon/css/perfect-scrollbar.min.css?ver=6.9.4 HTTP/1.1" 200 494 "https://www.wrinkledskinrepair.com/tag/wrinkle-reducer/" "Mozilla/5.0 (Macintosh; Intel Mac OS X 10_15_7) AppleWebKit/537.36 (KHTML, like Gecko) Chrome/131.0.0.0 Safari/537.36; ClaudeBot/1.0; +claudebot@anthropic.com)"
18.219.39.161 - - [27/Apr/2026:22:46:13 +0000] "GET /wp-content/themes/spa-and-salon/css/slick.min.css?ver=6.9.4 HTTP/1.1" 200 490 "https://www.wrinkledskinrepair.com/tag/wrinkle-reducer/" "Mozilla/5.0 (Macintosh; Intel Mac OS X 10_15_7) AppleWebKit/537.36 (KHTML, like Gecko) Chrome/131.0.0.0 Safari/537.36; ClaudeBot/1.0; +claudebot@anthropic.com)"
18.219.39.161 - - [27/Apr/2026:22:46:13 +0000] "GET /wp-content/plugins/tablepress/css/build/default.css?ver=3.3 HTTP/1.1" 200 1767 "https://www.wrinkledskinrepair.com/tag/wrinkle-reducer/" "Mozilla/5.0 (Macintosh; Intel Mac OS X 10_15_7) AppleWebKit/537.36 (KHTML, like Gecko) Chrome/131.0.0.0 Safari/537.36; ClaudeBot/1.0; +claudebot@anthropic.com)"
18.219.39.161 - - [27/Apr/2026:22:46:13 +0000] "GET /wp-content/plugins/recent-posts-widget-with-thumbnails/public.css?ver=7.1.1 HTTP/1.1" 200 487 "https://www.wrinkledskinrepair.com/tag/wrinkle-reducer/" "Mozilla/5.0 (Macintosh; Intel Mac OS X 10_15_7) AppleWebKit/537.36 (KHTML, like Gecko) Chrome/131.0.0.0 Safari/537.36; ClaudeBot/1.0; +claudebot@anthropic.com)"
18.219.39.161 - - [27/Apr/2026:22:46:14 +0000] "GET /wp-content/plugins/jetpack/jetpack_vendor/automattic/jetpack-classic-theme-helper/dist/responsive-videos/responsive-videos.css?minify=false&ver=1a16f71f21c6d197f51b HTTP/1.1" 200 101 "https://www.wrinkledskinrepair.com/tag/wrinkle-reducer/" "Mozilla/5.0 (Macintosh; Intel Mac OS X 10_15_7) AppleWebKit/537.36 (KHTML, like Gecko) Chrome/131.0.0.0 Safari/537.36; ClaudeBot/1.0; +claudebot@anthropic.com)"
18.219.39.161 - - [27/Apr/2026:22:46:14 +0000] "GET /wp-content/plugins/wp-meta-and-date-remover/assets/js/inspector.js?ver=1.1 HTTP/1.1" 200 1455 "https://www.wrinkledskinrepair.com/tag/wrinkle-reducer/" "Mozilla/5.0 (Macintosh; Intel Mac OS X 10_15_7) AppleWebKit/537.36 (KHTML, like Gecko) Chrome/131.0.0.0 Safari/537.36; ClaudeBot/1.0; +claudebot@anthropic.com)"
18.219.39.161 - - [27/Apr/2026:22:46:14 +0000] "GET /wp-content/themes/spa-and-salon/js/v4-shims.min.js?ver=6.5.1 HTTP/1.1" 200 7909 "https://www.wrinkledskinrepair.com/tag/wrinkle-reducer/" "Mozilla/5.0 (Macintosh; Intel Mac OS X 10_15_7) AppleWebKit/537.36 (KHTML, like Gecko) Chrome/131.0.0.0 Safari/537.36; ClaudeBot/1.0; +claudebot@anthropic.com)"
18.219.39.161 - - [27/Apr/2026:22:46:14 +0000] "GET /wp-content/themes/spa-and-salon/js/modal-accessibility.min.js?ver=1.0.7 HTTP/1.1" 200 2033 "https://www.wrinkledskinrepair.com/tag/wrinkle-reducer/" "Mozilla/5.0 (Macintosh; Intel Mac OS X 10_15_7) AppleWebKit/537.36 (KHTML, like Gecko) Chrome/131.0.0.0 Safari/537.36; ClaudeBot/1.0; +claudebot@anthropic.com)"
18.219.39.161 - - [27/Apr/2026:22:46:14 +0000] "GET /wp-content/themes/spa-and-salon/js/slick.min.js?ver=2.6.0 HTTP/1.1" 200 10445 "https://www.wrinkledskinrepair.com/tag/wrinkle-reducer/" "Mozilla/5.0 (Macintosh; Intel Mac OS X 10_15_7) AppleWebKit/537.36 (KHTML, like Gecko) Chrome/131.0.0.0 Safari/537.36; ClaudeBot/1.0; +claudebot@anthropic.com)"
18.219.39.161 - - [27/Apr/2026:22:46:14 +0000] "GET /wp-content/themes/spa-and-salon/js/perfect-scrollbar.min.js?ver=1.0.7 HTTP/1.1" 200 5954 "https://www.wrinkledskinrepair.com/tag/wrinkle-reducer/" "Mozilla/5.0 (Macintosh; Intel Mac OS X 10_15_7) AppleWebKit/537.36 (KHTML, like Gecko) Chrome/131.0.0.0 Safari/537.36; ClaudeBot/1.0; +claudebot@anthropic.com)"
18.219.39.161 - - [27/Apr/2026:22:46:14 +0000] "GET /wp-content/themes/spa-and-salon/js/custom.min.js?ver=1.0.7 HTTP/1.1" 200 567 "https://www.wrinkledskinrepair.com/tag/wrinkle-reducer/" "Mozilla/5.0 (Macintosh; Intel Mac OS X 10_15_7) AppleWebKit/537.36 (KHTML, like Gecko) Chrome/131.0.0.0 Safari/537.36; ClaudeBot/1.0; +claudebot@anthropic.com)"
18.219.39.161 - - [27/Apr/2026:22:46:14 +0000] "GET /wp-content/plugins/google-site-kit/dist/assets/js/googlesitekit-consent-mode-bc2e26cfa69fcd4a8261.js HTTP/1.1" 200 25395 "https://www.wrinkledskinrepair.com/tag/wrinkle-reducer/" "Mozilla/5.0 (Macintosh; Intel Mac OS X 10_15_7) AppleWebKit/537.36 (KHTML, like Gecko) Chrome/131.0.0.0 Safari/537.36; ClaudeBot/1.0; +claudebot@anthropic.com)"
18.219.39.161 - - [27/Apr/2026:22:46:14 +0000] "GET /wp-content/plugins/wp-consent-api/assets/js/wp-consent-api.min.js?ver=2.0.1 HTTP/1.1" 200 822 "https://www.wrinkledskinrepair.com/tag/wrinkle-reducer/" "Mozilla/5.0 (Macintosh; Intel Mac OS X 10_15_7) AppleWebKit/537.36 (KHTML, like Gecko) Chrome/131.0.0.0 Safari/537.36; ClaudeBot/1.0; +claudebot@anthropic.com)"
18.219.39.161 - - [27/Apr/2026:22:46:14 +0000] "GET /wp-content/plugins/jetpack/jetpack_vendor/automattic/jetpack-classic-theme-helper/dist/responsive-videos/responsive-videos.js?minify=false&ver=1a16f71f21c6d197f51b HTTP/1.1" 200 645 "https://www.wrinkledskinrepair.com/tag/wrinkle-reducer/" "Mozilla/5.0 (Macintosh; Intel Mac OS X 10_15_7) AppleWebKit/537.36 (KHTML, like Gecko) Chrome/131.0.0.0 Safari/537.36; ClaudeBot/1.0; +claudebot@anthropic.com)"
18.219.39.161 - - [27/Apr/2026:22:46:14 +0000] "GET /wp-content/themes/spa-and-salon/js/all.min.js?ver=6.5.1 HTTP/1.1" 200 542300 "https://www.wrinkledskinrepair.com/tag/wrinkle-reducer/" "Mozilla/5.0 (Macintosh; Intel Mac OS X 10_15_7) AppleWebKit/537.36 (KHTML, like Gecko) Chrome/131.0.0.0 Safari/537.36; ClaudeBot/1.0; +claudebot@anthropic.com)"
18.219.39.161 - - [27/Apr/2026:22:46:16 +0000] "GET /wp-includes/js/wp-emoji-release.min.js?ver=6.9.4 HTTP/1.1" 200 5375 "https://www.wrinkledskinrepair.com/tag/wrinkle-reducer/" "Mozilla/5.0 (Macintosh; Intel Mac OS X 10_15_7) AppleWebKit/537.36 (KHTML, like Gecko) Chrome/131.0.0.0 Safari/537.36; ClaudeBot/1.0; +claudebot@anthropic.com)"
51.195.41.174 - - [27/Apr/2026:22:46:56 +0000] "GET /wp-login.php HTTP/1.1" 200 4399 "-" "Mozilla/5.0 (Windows NT 6.1; WOW64; Trident/7.0; MASBJS; rv:11.0) like Gecko"
51.195.41.174 - - [27/Apr/2026:22:46:59 +0000] "POST /wp-login.php HTTP/1.1" 200 4399 "https://www.wrinkledskinrepair.com/wp-login.php" "Mozilla/5.0 (Windows NT 6.1; WOW64; Trident/7.0; MASBJS; rv:11.0) like Gecko"
184.94.212.206 - - [27/Apr/2026:22:47:06 +0000] "POST /wp-cron.php?doing_wp_cron=1777330026.3611431121826171875000 HTTP/1.1" 200 - "-" "WordPress/6.9.4; https://www.wrinkledskinrepair.com"
114.119.142.210 - - [27/Apr/2026:22:47:05 +0000] "GET /2019/05/11/clear-skin-is-just-an-article-away?share=x HTTP/1.1" 302 - "-" "Mozilla/5.0 (Linux; Android 7.0;) AppleWebKit/537.36 (HTML, like Gecko) Mobile Safari/537.36 (compatible; PetalBot;+https://webmaster.petalsearch.com/site/petalbot)"
184.94.212.206 - - [27/Apr/2026:22:47:23 +0000] "POST /wp-cron.php?doing_wp_cron=1777330043.3267190456390380859375 HTTP/1.1" 200 - "-" "WordPress/6.9.4; https://www.wrinkledskinrepair.com"
9.160.164.139 - - [27/Apr/2026:22:47:22 +0000] "GET / HTTP/1.1" 301 - "-" "Mozilla/5.0 AppleWebKit/537.36 (KHTML, like Gecko); compatible; ChatGPT-User/1.0; +https://openai.com/bot"
184.94.212.206 - - [27/Apr/2026:22:49:06 +0000] "POST /wp-cron.php?doing_wp_cron=1777330146.4903221130371093750000 HTTP/1.1" 200 - "-" "WordPress/6.9.4; https://www.wrinkledskinrepair.com"
192.0.102.146 - - [27/Apr/2026:22:49:04 +0000] "HEAD / HTTP/1.1" 200 - "-" "jetmon/1.0 (Jetpack Site Uptime Monitor by WordPress.com)"
184.94.212.206 - - [27/Apr/2026:22:49:51 +0000] "POST /wp-cron.php?doing_wp_cron=1777330191.7737169265747070312500 HTTP/1.1" 200 - "-" "WordPress/6.9.4; https://www.wrinkledskinrepair.com"
114.119.143.101 - - [27/Apr/2026:22:49:49 +0000] "GET /2019/05/06/why-be-embarrassed-by-your-skin/?share=x HTTP/1.1" 302 - "https://www.wrinkledskinrepair.com/2019/05/06/why-be-embarrassed-by-your-skin/" "Mozilla/5.0 (Linux; Android 7.0;) AppleWebKit/537.36 (HTML, like Gecko) Mobile Safari/537.36 (compatible; PetalBot;+https://webmaster.petalsearch.com/site/petalbot)"
98.89.194.72 - - [27/Apr/2026:22:50:03 +0000] "GET /robots.txt HTTP/1.1" 301 - "-" "Mozilla/5.0 (Macintosh; Intel Mac OS X 10_10_1) AppleWebKit/600.2.5 (KHTML, like Gecko) Version/8.0.2 Safari/600.2.5 (Gort)"
98.89.194.72 - - [27/Apr/2026:22:50:05 +0000] "GET /robots.txt HTTP/1.1" 200 127 "-" "Mozilla/5.0 (Macintosh; Intel Mac OS X 10_10_1) AppleWebKit/600.2.5 (KHTML, like Gecko) Version/8.0.2 Safari/600.2.5 (Gort)"
184.94.212.206 - - [27/Apr/2026:22:51:40 +0000] "POST /wp-cron.php?doing_wp_cron=1777330300.5786759853363037109375 HTTP/1.1" 200 - "-" "WordPress/6.9.4; https://www.wrinkledskinrepair.com"
57.141.18.39 - - [27/Apr/2026:22:51:38 +0000] "GET /2020/04/08/how-to-properly-care-for-your-skin/ HTTP/1.1" 200 189248 "-" "meta-externalagent/1.1 (+https://developers.facebook.com/docs/sharing/webmasters/crawler)"
184.94.212.206 - - [27/Apr/2026:22:52:41 +0000] "POST /wp-cron.php?doing_wp_cron=1777330361.9210760593414306640625 HTTP/1.1" 200 - "-" "WordPress/6.9.4; https://www.wrinkledskinrepair.com"
114.119.143.101 - - [27/Apr/2026:22:52:40 +0000] "GET /2019/02/11/great-skin-starts-with-these-great-ideas HTTP/1.1" 301 - "https://www.wrinkledskinrepair.com/blog/page/24" "Mozilla/5.0 (Linux; Android 7.0;) AppleWebKit/537.36 (HTML, like Gecko) Mobile Safari/537.36 (compatible; PetalBot;+https://webmaster.petalsearch.com/site/petalbot)"
114.119.143.101 - - [27/Apr/2026:22:52:42 +0000] "GET /2019/02/11/great-skin-starts-with-these-great-ideas/ HTTP/1.1" 200 53470 "https://www.wrinkledskinrepair.com/blog/page/24" "Mozilla/5.0 (Linux; Android 7.0;) AppleWebKit/537.36 (HTML, like Gecko) Mobile Safari/537.36 (compatible; PetalBot;+https://webmaster.petalsearch.com/site/petalbot)"
57.141.18.15 - - [27/Apr/2026:22:52:46 +0000] "GET /tag/olive-oil/ HTTP/1.1" 200 181046 "-" "meta-externalagent/1.1 (+https://developers.facebook.com/docs/sharing/webmasters/crawler)"
184.94.212.206 - - [27/Apr/2026:22:54:06 +0000] "POST /wp-cron.php?doing_wp_cron=1777330446.4477291107177734375000 HTTP/1.1" 200 - "-" "WordPress/6.9.4; https://www.wrinkledskinrepair.com"
192.0.102.146 - - [27/Apr/2026:22:54:04 +0000] "HEAD / HTTP/1.1" 200 - "-" "jetmon/1.0 (Jetpack Site Uptime Monitor by WordPress.com)"
182.43.70.143 - - [27/Apr/2026:22:54:27 +0000] "GET / HTTP/1.1" 200 47737 "http://www.wrinkledskinrepair.com" "Mozilla/5.0 (iPhone; CPU iPhone OS 13_2_3 like Mac OS X) AppleWebKit/605.1.15 (KHTML, like Gecko) Version/13.0.3 Mobile/15E148 Safari/604.1"
184.94.212.206 - - [27/Apr/2026:22:55:20 +0000] "POST /wp-cron.php?doing_wp_cron=1777330520.1583170890808105468750 HTTP/1.1" 200 - "-" "WordPress/6.9.4; https://www.wrinkledskinrepair.com"
114.119.144.64 - - [27/Apr/2026:22:55:18 +0000] "GET /2019/02/08/easy-to-use-skin-care-tips-starting-today-2?share=x HTTP/1.1" 302 - "https://www.wrinkledskinrepair.com/2019/02/08/easy-to-use-skin-care-tips-starting-today-2" "Mozilla/5.0 (Linux; Android 7.0;) AppleWebKit/537.36 (HTML, like Gecko) Mobile Safari/537.36 (compatible; PetalBot;+https://webmaster.petalsearch.com/site/petalbot)"
216.244.66.203 - - [27/Apr/2026:22:55:41 +0000] "GET /tag/skin-doesn/feed/ HTTP/1.1" 200 8171 "-" "Mozilla/5.0 (compatible; DotBot/1.2; +https://opensiteexplorer.org/dotbot; help@moz.com)"
172.182.212.60 - - [27/Apr/2026:22:55:44 +0000] "POST /wp/xmlrpc.php HTTP/1.1" 404 42412 "-" "Mozilla/5.0 (Windows NT 10.0; Win64; x64) AppleWebKit/537.36 (KHTML, like Gecko) Chrome/124.0.0.0 Safari/537.36"
184.94.212.206 - - [27/Apr/2026:22:57:37 +0000] "POST /wp-cron.php?doing_wp_cron=1777330657.3777410984039306640625 HTTP/1.1" 200 - "-" "WordPress/6.9.4; https://www.wrinkledskinrepair.com"
57.141.18.65 - - [27/Apr/2026:22:57:35 +0000] "GET /tag/glowing-skin/ HTTP/1.1" 200 177133 "-" "meta-externalagent/1.1 (+https://developers.facebook.com/docs/sharing/webmasters/crawler)"
51.103.73.149 - - [27/Apr/2026:22:58:02 +0000] "GET /inputs.php HTTP/1.1" 301 - "-" "Mozilla/5.0 (Windows NT 10.0; Win64; x64) AppleWebKit/537.36 (KHTML, like Gecko) Chrome/120.0.0.0 Safari/537.36"
51.103.73.149 - - [27/Apr/2026:22:58:03 +0000] "GET /ioxi-o.php HTTP/1.1" 301 - "-" "Mozilla/5.0 (Windows NT 10.0; Win64; x64) AppleWebKit/537.36 (KHTML, like Gecko) Chrome/120.0.0.0 Safari/537.36"
114.119.142.140 - - [27/Apr/2026:22:58:04 +0000] "GET /2019/02/08/easy-to-use-skin-care-tips-starting-today-2/?share=twitter HTTP/1.1" 302 - "https://wrinkledskinrepair.com/wrinkle-treatment/easy-to-use-skin-care-tips-starting-today-2" "Mozilla/5.0 (Linux; Android 7.0;) AppleWebKit/537.36 (HTML, like Gecko) Mobile Safari/537.36 (compatible; PetalBot;+https://webmaster.petalsearch.com/site/petalbot)"
51.103.73.149 - - [27/Apr/2026:22:58:05 +0000] "GET /function/function.php HTTP/1.1" 301 - "-" "Mozilla/5.0 (Windows NT 10.0; Win64; x64) AppleWebKit/537.36 (KHTML, like Gecko) Chrome/120.0.0.0 Safari/537.36"
51.103.73.149 - - [27/Apr/2026:22:58:06 +0000] "GET /rip.php HTTP/1.1" 301 - "-" "Mozilla/5.0 (Windows NT 10.0; Win64; x64) AppleWebKit/537.36 (KHTML, like Gecko) Chrome/120.0.0.0 Safari/537.36"
51.103.73.149 - - [27/Apr/2026:22:58:07 +0000] "GET /admin.php HTTP/1.1" 301 - "-" "Mozilla/5.0 (Windows NT 10.0; Win64; x64) AppleWebKit/537.36 (KHTML, like Gecko) Chrome/120.0.0.0 Safari/537.36"
184.94.212.206 - - [27/Apr/2026:22:58:10 +0000] "POST /wp-cron.php?doing_wp_cron=1777330690.4304459095001220703125 HTTP/1.1" 200 - "-" "WordPress/6.9.4; https://www.wrinkledskinrepair.com"
51.103.73.149 - - [27/Apr/2026:22:58:09 +0000] "GET /wp-content/uploads/index.php HTTP/1.1" 301 - "-" "Mozilla/5.0 (Windows NT 10.0; Win64; x64) AppleWebKit/537.36 (KHTML, like Gecko) Chrome/120.0.0.0 Safari/537.36"
51.103.73.149 - - [27/Apr/2026:22:58:10 +0000] "GET /cache.php HTTP/1.1" 301 - "-" "Mozilla/5.0 (Windows NT 10.0; Win64; x64) AppleWebKit/537.36 (KHTML, like Gecko) Chrome/120.0.0.0 Safari/537.36"
51.103.73.149 - - [27/Apr/2026:22:58:11 +0000] "GET /themes.php HTTP/1.1" 301 - "-" "Mozilla/5.0 (Windows NT 10.0; Win64; x64) AppleWebKit/537.36 (KHTML, like Gecko) Chrome/120.0.0.0 Safari/537.36"
51.103.73.149 - - [27/Apr/2026:22:58:13 +0000] "GET /an.php HTTP/1.1" 301 - "-" "Mozilla/5.0 (Windows NT 10.0; Win64; x64) AppleWebKit/537.36 (KHTML, like Gecko) Chrome/120.0.0.0 Safari/537.36"
51.103.73.149 - - [27/Apr/2026:22:58:14 +0000] "GET /index/function.php HTTP/1.1" 301 - "-" "Mozilla/5.0 (Windows NT 10.0; Win64; x64) AppleWebKit/537.36 (KHTML, like Gecko) Chrome/120.0.0.0 Safari/537.36"
51.103.73.149 - - [27/Apr/2026:22:58:15 +0000] "GET /randkeyword.PhP7 HTTP/1.1" 301 - "-" "Mozilla/5.0 (Windows NT 10.0; Win64; x64) AppleWebKit/537.36 (KHTML, like Gecko) Chrome/120.0.0.0 Safari/537.36"
184.94.212.206 - - [27/Apr/2026:22:58:18 +0000] "POST /wp-cron.php?doing_wp_cron=1777330698.8334739208221435546875 HTTP/1.1" 200 - "-" "WordPress/6.9.4; https://www.wrinkledskinrepair.com"
51.103.73.149 - - [27/Apr/2026:22:58:17 +0000] "GET /ws.php HTTP/1.1" 301 - "-" "Mozilla/5.0 (Windows NT 10.0; Win64; x64) AppleWebKit/537.36 (KHTML, like Gecko) Chrome/120.0.0.0 Safari/537.36"
51.103.73.149 - - [27/Apr/2026:22:58:19 +0000] "GET /404.php HTTP/1.1" 301 - "-" "Mozilla/5.0 (Windows NT 10.0; Win64; x64) AppleWebKit/537.36 (KHTML, like Gecko) Chrome/120.0.0.0 Safari/537.36"
51.103.73.149 - - [27/Apr/2026:22:58:20 +0000] "GET /wp-admin/user.php HTTP/1.1" 301 - "-" "Mozilla/5.0 (Windows NT 10.0; Win64; x64) AppleWebKit/537.36 (KHTML, like Gecko) Chrome/120.0.0.0 Safari/537.36"
51.103.73.149 - - [27/Apr/2026:22:58:21 +0000] "GET /wp-conf.php HTTP/1.1" 301 - "-" "Mozilla/5.0 (Windows NT 10.0; Win64; x64) AppleWebKit/537.36 (KHTML, like Gecko) Chrome/120.0.0.0 Safari/537.36"
51.103.73.149 - - [27/Apr/2026:22:58:22 +0000] "GET /wp-content/themes/hideo/network.php HTTP/1.1" 301 - "-" "Mozilla/5.0 (Windows NT 10.0; Win64; x64) AppleWebKit/537.36 (KHTML, like Gecko) Chrome/120.0.0.0 Safari/537.36"
51.103.73.149 - - [27/Apr/2026:22:58:24 +0000] "GET /wp-login.php HTTP/1.1" 200 3331 "-" "Mozilla/5.0 (Windows NT 10.0; Win64; x64) AppleWebKit/537.36 (KHTML, like Gecko) Chrome/120.0.0.0 Safari/537.36"
51.103.73.149 - - [27/Apr/2026:22:58:25 +0000] "GET /abc.php HTTP/1.1" 301 - "-" "Mozilla/5.0 (Windows NT 10.0; Win64; x64) AppleWebKit/537.36 (KHTML, like Gecko) Chrome/120.0.0.0 Safari/537.36"
184.94.212.206 - - [27/Apr/2026:22:58:27 +0000] "POST /wp-cron.php?doing_wp_cron=1777330707.8445119857788085937500 HTTP/1.1" 200 - "-" "WordPress/6.9.4; https://www.wrinkledskinrepair.com"
51.103.73.149 - - [27/Apr/2026:22:58:26 +0000] "GET /abcd.php HTTP/1.1" 301 - "-" "Mozilla/5.0 (Windows NT 10.0; Win64; x64) AppleWebKit/537.36 (KHTML, like Gecko) Chrome/120.0.0.0 Safari/537.36"
51.103.73.149 - - [27/Apr/2026:22:58:28 +0000] "GET /as.php HTTP/1.1" 301 - "-" "Mozilla/5.0 (Windows NT 10.0; Win64; x64) AppleWebKit/537.36 (KHTML, like Gecko) Chrome/120.0.0.0 Safari/537.36"
51.103.73.149 - - [27/Apr/2026:22:58:29 +0000] "GET /wp-trackback.php HTTP/1.1" 404 130 "-" "Mozilla/5.0 (Windows NT 10.0; Win64; x64) AppleWebKit/537.36 (KHTML, like Gecko) Chrome/120.0.0.0 Safari/537.36"
51.103.73.149 - - [27/Apr/2026:22:58:30 +0000] "GET /about.php HTTP/1.1" 301 - "-" "Mozilla/5.0 (Windows NT 10.0; Win64; x64) AppleWebKit/537.36 (KHTML, like Gecko) Chrome/120.0.0.0 Safari/537.36"
51.103.73.149 - - [27/Apr/2026:22:58:32 +0000] "GET /file.php HTTP/1.1" 301 - "-" "Mozilla/5.0 (Windows NT 10.0; Win64; x64) AppleWebKit/537.36 (KHTML, like Gecko) Chrome/120.0.0.0 Safari/537.36"
51.103.73.149 - - [27/Apr/2026:22:58:33 +0000] "GET /adminfuns.php HTTP/1.1" 301 - "-" "Mozilla/5.0 (Windows NT 10.0; Win64; x64) AppleWebKit/537.36 (KHTML, like Gecko) Chrome/120.0.0.0 Safari/537.36"
51.103.73.149 - - [27/Apr/2026:22:58:34 +0000] "GET /wp-good.php HTTP/1.1" 301 - "-" "Mozilla/5.0 (Windows NT 10.0; Win64; x64) AppleWebKit/537.36 (KHTML, like Gecko) Chrome/120.0.0.0 Safari/537.36"
51.103.73.149 - - [27/Apr/2026:22:58:35 +0000] "GET /xmlrpc.php HTTP/1.1" 301 - "-" "Mozilla/5.0 (Windows NT 10.0; Win64; x64) AppleWebKit/537.36 (KHTML, like Gecko) Chrome/120.0.0.0 Safari/537.36"
51.103.73.149 - - [27/Apr/2026:22:58:36 +0000] "GET /goods.php HTTP/1.1" 301 - "-" "Mozilla/5.0 (Windows NT 10.0; Win64; x64) AppleWebKit/537.36 (KHTML, like Gecko) Chrome/120.0.0.0 Safari/537.36"
51.103.73.149 - - [27/Apr/2026:22:58:38 +0000] "GET /class-t.api.php HTTP/1.1" 301 - "-" "Mozilla/5.0 (Windows NT 10.0; Win64; x64) AppleWebKit/537.36 (KHTML, like Gecko) Chrome/120.0.0.0 Safari/537.36"
51.103.73.149 - - [27/Apr/2026:22:58:39 +0000] "GET /sf.php HTTP/1.1" 301 - "-" "Mozilla/5.0 (Windows NT 10.0; Win64; x64) AppleWebKit/537.36 (KHTML, like Gecko) Chrome/120.0.0.0 Safari/537.36"
51.103.73.149 - - [27/Apr/2026:22:58:40 +0000] "GET /kbfr.php HTTP/1.1" 301 - "-" "Mozilla/5.0 (Windows NT 10.0; Win64; x64) AppleWebKit/537.36 (KHTML, like Gecko) Chrome/120.0.0.0 Safari/537.36"
51.103.73.149 - - [27/Apr/2026:22:58:41 +0000] "GET /autoload_classmap.php HTTP/1.1" 301 - "-" "Mozilla/5.0 (Windows NT 10.0; Win64; x64) AppleWebKit/537.36 (KHTML, like Gecko) Chrome/120.0.0.0 Safari/537.36"
51.103.73.149 - - [27/Apr/2026:22:58:42 +0000] "GET /chosen.php?p= HTTP/1.1" 301 - "-" "Mozilla/5.0 (Windows NT 10.0; Win64; x64) AppleWebKit/537.36 (KHTML, like Gecko) Chrome/120.0.0.0 Safari/537.36"
57.141.18.32 - - [27/Apr/2026:22:58:42 +0000] "GET /2019/02/17/simple-tips-to-help-you-care-for-your-skin/ HTTP/1.1" 200 186434 "-" "meta-externalagent/1.1 (+https://developers.facebook.com/docs/sharing/webmasters/crawler)"
51.103.73.149 - - [27/Apr/2026:22:58:43 +0000] "GET /classwithtostring.php HTTP/1.1" 301 - "-" "Mozilla/5.0 (Windows NT 10.0; Win64; x64) AppleWebKit/537.36 (KHTML, like Gecko) Chrome/120.0.0.0 Safari/537.36"
51.103.73.149 - - [27/Apr/2026:22:58:45 +0000] "GET /defaults.php HTTP/1.1" 301 - "-" "Mozilla/5.0 (Windows NT 10.0; Win64; x64) AppleWebKit/537.36 (KHTML, like Gecko) Chrome/120.0.0.0 Safari/537.36"
51.103.73.149 - - [27/Apr/2026:22:58:46 +0000] "GET /.well-known/ HTTP/1.1" 301 - "-" "Mozilla/5.0 (Windows NT 10.0; Win64; x64) AppleWebKit/537.36 (KHTML, like Gecko) Chrome/120.0.0.0 Safari/537.36"
51.103.73.149 - - [27/Apr/2026:22:58:47 +0000] "GET /info.php HTTP/1.1" 301 - "-" "Mozilla/5.0 (Windows NT 10.0; Win64; x64) AppleWebKit/537.36 (KHTML, like Gecko) Chrome/120.0.0.0 Safari/537.36"
51.103.73.149 - - [27/Apr/2026:22:58:48 +0000] "GET /cgi-bin/ HTTP/1.1" 301 - "-" "Mozilla/5.0 (Windows NT 10.0; Win64; x64) AppleWebKit/537.36 (KHTML, like Gecko) Chrome/120.0.0.0 Safari/537.36"
51.103.73.149 - - [27/Apr/2026:22:58:49 +0000] "GET /wp-includes/Requests/src/Response/about.php HTTP/1.1" 301 - "-" "Mozilla/5.0 (Windows NT 10.0; Win64; x64) AppleWebKit/537.36 (KHTML, like Gecko) Chrome/120.0.0.0 Safari/537.36"
51.103.73.149 - - [27/Apr/2026:22:58:50 +0000] "GET /wp-includes/html-api/ HTTP/1.1" 301 - "-" "Mozilla/5.0 (Windows NT 10.0; Win64; x64) AppleWebKit/537.36 (KHTML, like Gecko) Chrome/120.0.0.0 Safari/537.36"
51.103.73.149 - - [27/Apr/2026:22:58:52 +0000] "GET /wp-content/admin.php HTTP/1.1" 301 - "-" "Mozilla/5.0 (Windows NT 10.0; Win64; x64) AppleWebKit/537.36 (KHTML, like Gecko) Chrome/120.0.0.0 Safari/537.36"
51.103.73.149 - - [27/Apr/2026:22:58:53 +0000] "GET /wp-admin/css/colors/ectoplasm/ HTTP/1.1" 301 - "-" "Mozilla/5.0 (Windows NT 10.0; Win64; x64) AppleWebKit/537.36 (KHTML, like Gecko) Chrome/120.0.0.0 Safari/537.36"
51.103.73.149 - - [27/Apr/2026:22:58:54 +0000] "GET /wp-content/uploads/ HTTP/1.1" 301 - "-" "Mozilla/5.0 (Windows NT 10.0; Win64; x64) AppleWebKit/537.36 (KHTML, like Gecko) Chrome/120.0.0.0 Safari/537.36"
51.103.73.149 - - [27/Apr/2026:22:58:55 +0000] "GET /wp-content/themes/admin.php HTTP/1.1" 301 - "-" "Mozilla/5.0 (Windows NT 10.0; Win64; x64) AppleWebKit/537.36 (KHTML, like Gecko) Chrome/120.0.0.0 Safari/537.36"
