184.94.212.206 - - [28/Apr/2026:02:24:01 +0000] "POST /wp-cron.php?doing_wp_cron=1777343041.8302800655364990234375 HTTP/1.1" 200 - "-" "WordPress/6.9.4; http://weddingmonitor.com"
183.207.48.155 - - [28/Apr/2026:02:24:00 +0000] "GET / HTTP/1.1" 200 66339 "-" "Mozilla/5.0 (Windows NT 10.0; Win64; x64) AppleWebKit/537.36 (KHTML, like Gecko) Chrome/59.0.3071.104 Safari/537.36"
184.94.212.206 - - [28/Apr/2026:02:27:57 +0000] "POST /wp-cron.php?doing_wp_cron=1777343277.0076959133148193359375 HTTP/1.1" 200 - "-" "WordPress/6.9.4; http://weddingmonitor.com"
220.181.108.176 - - [28/Apr/2026:02:27:55 +0000] "GET /need-some-wedding-ideas-consider-these-tips/?amp HTTP/1.1" 200 20747 "-" "Mozilla/5.0 (Linux;u;Android 4.2.2;zh-cn;) AppleWebKit/534.46 (KHTML,like Gecko) Version/5.1 Mobile Safari/10600.6.3 (compatible; Baiduspider/2.0; +http://www.baidu.com/search/spider.html)"
184.94.212.206 - - [28/Apr/2026:02:31:19 +0000] "POST /wp-cron.php?doing_wp_cron=1777343479.6439299583435058593750 HTTP/1.1" 200 - "-" "WordPress/6.9.4; http://weddingmonitor.com"
15.235.96.106 - - [28/Apr/2026:02:31:18 +0000] "GET /sitemap_index.xml HTTP/1.1" 200 349 "-" "Mozilla/5.0 (compatible; AhrefsBot/7.0; +http://ahrefs.com/robot/)"
148.113.130.44 - - [28/Apr/2026:02:31:20 +0000] "GET /post-sitemap.xml HTTP/1.1" 200 2053 "-" "Mozilla/5.0 (compatible; AhrefsBot/7.0; +http://ahrefs.com/robot/)"
54.39.0.244 - - [28/Apr/2026:02:31:23 +0000] "GET /page-sitemap.xml HTTP/1.1" 200 525 "-" "Mozilla/5.0 (compatible; AhrefsBot/7.0; +http://ahrefs.com/robot/)"
54.39.210.124 - - [28/Apr/2026:02:31:25 +0000] "GET /category-sitemap.xml HTTP/1.1" 200 422 "-" "Mozilla/5.0 (compatible; AhrefsBot/7.0; +http://ahrefs.com/robot/)"
54.39.210.161 - - [28/Apr/2026:02:31:27 +0000] "GET /post_tag-sitemap.xml HTTP/1.1" 200 862 "-" "Mozilla/5.0 (compatible; AhrefsBot/7.0; +http://ahrefs.com/robot/)"
51.161.37.204 - - [28/Apr/2026:02:31:29 +0000] "GET /author-sitemap.xml HTTP/1.1" 200 367 "-" "Mozilla/5.0 (compatible; AhrefsBot/7.0; +http://ahrefs.com/robot/)"
216.73.217.100 - - [28/Apr/2026:02:36:33 +0000] "GET /robots.txt HTTP/1.1" 200 144 "-" "Mozilla/5.0 AppleWebKit/537.36 (KHTML, like Gecko; compatible; ClaudeBot/1.0; +claudebot@anthropic.com)"
216.73.217.100 - - [28/Apr/2026:02:36:35 +0000] "GET /news-sitemap.xml HTTP/1.1" 200 310 "-" "Mozilla/5.0 AppleWebKit/537.36 (KHTML, like Gecko; compatible; ClaudeBot/1.0; +claudebot@anthropic.com)"
77.75.76.168 - - [28/Apr/2026:02:37:21 +0000] "GET /how-to-keep-things-running-smoothly-on-your-wedding-day/ HTTP/1.1" 200 19861 "-" "Mozilla/5.0 (compatible; SeznamBot/4.0; +https://o-seznam.cz/napoveda/vyhledavani/en/seznambot-crawler/)"
216.73.217.100 - - [28/Apr/2026:02:45:02 +0000] "GET /sitemap_index.xml HTTP/1.1" 200 349 "-" "Mozilla/5.0 AppleWebKit/537.36 (KHTML, like Gecko; compatible; ClaudeBot/1.0; +claudebot@anthropic.com)"
154.194.114.145 - - [28/Apr/2026:02:47:02 +0000] "GET / HTTP/1.0" 200 66339 "http://weddingmonitor.com/" "Mozilla/5.0 (Windows NT 10.0; Win64; x64) AppleWebKit/537.36 (KHTML, like Gecko) Chrome/131.0.0.0 Safari/537.36 Avast/131.0.0.0"
184.94.212.206 - - [28/Apr/2026:02:47:22 +0000] "GET / HTTP/1.1" 200 66339 "-" "Mozilla/5.0 (Windows NT 10.0; Win64; x64; rv:122.0) Gecko/20100101 Firefox/122.0"
184.94.212.206 - - [28/Apr/2026:02:52:03 +0000] "POST /wp-cron.php?doing_wp_cron=1777344723.1000440120697021484375 HTTP/1.1" 200 - "-" "WordPress/6.9.4; http://weddingmonitor.com"
216.244.66.238 - - [28/Apr/2026:02:52:01 +0000] "GET /robots.txt HTTP/1.1" 200 274 "-" "Mozilla/5.0 (compatible; DotBot/1.2; +https://opensiteexplorer.org/dotbot; help@moz.com)"
57.141.18.19 - - [28/Apr/2026:02:53:50 +0000] "GET /tag/wedding-venue/ HTTP/1.1" 200 59390 "-" "meta-externalagent/1.1 (+https://developers.facebook.com/docs/sharing/webmasters/crawler)"
85.208.96.208 - - [28/Apr/2026:02:54:27 +0000] "GET /robots.txt HTTP/1.1" 200 144 "-" "Mozilla/5.0 (compatible; SemrushBot/7~bl; +http://www.semrush.com/bot.html)"
185.191.171.6 - - [28/Apr/2026:02:54:28 +0000] "GET /privacy-policy/ HTTP/1.1" 200 18653 "-" "Mozilla/5.0 (compatible; SemrushBot/7~bl; +http://www.semrush.com/bot.html)"
216.244.66.238 - - [28/Apr/2026:02:58:21 +0000] "GET /keep-your-dream-wedding-from-turning-into-a-nightmare-with-these-simple-tips/?amp HTTP/1.1" 200 83172 "-" "Mozilla/5.0 (compatible; DotBot/1.2; +https://opensiteexplorer.org/dotbot; help@moz.com)"
184.94.212.206 - - [28/Apr/2026:03:06:56 +0000] "POST /wp-cron.php?doing_wp_cron=1777345616.9313569068908691406250 HTTP/1.1" 200 - "-" "WordPress/6.9.4; http://weddingmonitor.com"
57.141.18.13 - - [28/Apr/2026:03:06:55 +0000] "GET /essential-wedding-planning-tips-and-tricks/ HTTP/1.1" 200 80273 "-" "meta-externalagent/1.1 (+https://developers.facebook.com/docs/sharing/webmasters/crawler)"
184.94.212.206 - - [28/Apr/2026:03:15:29 +0000] "POST /wp-cron.php?doing_wp_cron=1777346129.1081891059875488281250 HTTP/1.1" 200 - "-" "WordPress/6.9.4; http://weddingmonitor.com"
157.245.242.100 - - [28/Apr/2026:03:15:27 +0000] "POST /wp-login.php HTTP/1.1" 401 1440 "-" "Mozilla/5.0 (Windows NT 10.0; rv:140.0) Gecko/20100101 Firefox/140.0"
184.82.161.86 - - [28/Apr/2026:03:17:23 +0000] "GET /wp-json/wp/v2/posts HTTP/1.1" 200 32180 "-" "Mozilla/5.0 (Windows NT 10.0; Win64; x64) AppleWebKit/537.36 (KHTML, like Gecko) Chrome/120.0.0.0 Safari/537.36"
54.39.136.214 - - [28/Apr/2026:03:17:59 +0000] "GET /category/destination-wedding/ HTTP/1.1" 200 18775 "-" "Mozilla/5.0 (compatible; AhrefsBot/7.0; +http://ahrefs.com/robot/)"
54.210.155.69 - - [28/Apr/2026:03:22:27 +0000] "GET /2020/03/ HTTP/1.1" 200 15475 "-" "Mozilla/5.0 AppleWebKit/537.36 (KHTML, like Gecko; compatible; Amazonbot/0.1; +https://developer.amazon.com/support/amazonbot) Chrome/119.0.6045.214 Safari/537.36"
184.94.212.206 - - [28/Apr/2026:03:41:26 +0000] "POST /wp-cron.php?doing_wp_cron=1777347686.2483859062194824218750 HTTP/1.1" 200 - "-" "WordPress/6.9.4; http://weddingmonitor.com"
184.94.212.206 - - [28/Apr/2026:03:41:26 +0000] "POST /wp-cron.php?doing_wp_cron=1777347686.2518270015716552734375 HTTP/1.1" 200 - "-" "WordPress/6.9.4; http://weddingmonitor.com"
45.148.10.120 - - [28/Apr/2026:03:40:39 +0000] "GET /.env.docker HTTP/1.1" 404 14053 "-" "Mozilla/5.0 (Macintosh; Intel Mac OS X 10_11_5) AppleWebKit/537.36 (KHTML, like Gecko) Chrome/51.0.2704.84 Safari/537.36"
45.148.10.120 - - [28/Apr/2026:03:40:39 +0000] "GET /.aws/credentials HTTP/1.1" 404 14056 "-" "Mozilla/5.0 (Linux; U; Android 0.5; en-us) AppleWebKit/522  (KHTML, like Gecko) Safari/419.3"
45.148.10.120 - - [28/Apr/2026:03:40:39 +0000] "GET /.env HTTP/1.1" 404 14048 "-" "Mozilla/5.0 (Windows NT 10.0; Win64; x64) AppleWebKit/537.36 (KHTML, like Gecko) Chrome/66.0.3359.139 Safari/537.36"
184.94.212.206 - - [28/Apr/2026:03:45:48 +0000] "POST /wp-cron.php?doing_wp_cron=1777347948.9475960731506347656250 HTTP/1.1" 200 - "-" "WordPress/6.9.4; http://weddingmonitor.com"
195.250.23.93 - - [28/Apr/2026:03:45:45 +0000] "POST /wp-login.php HTTP/1.1" 401 1442 "-" "Mozilla/5.0 (Windows NT 10.0; WOW64) AppleWebKit/537.43 (KHTML, like Gecko) Chrome/137.0.0.0 Safari/537.36 OPR/121.0.0.0"
85.208.96.208 - - [28/Apr/2026:03:53:46 +0000] "GET /contact-us/ HTTP/1.1" 200 16869 "-" "Mozilla/5.0 (compatible; SemrushBot/7~bl; +http://www.semrush.com/bot.html)"
35.174.141.243 - - [28/Apr/2026:03:55:17 +0000] "GET /wp-json/wp/v2/pages/69 HTTP/1.1" 200 2752 "-" "Mozilla/5.0 AppleWebKit/537.36 (KHTML, like Gecko; compatible; Amazonbot/0.1; +https://developer.amazon.com/support/amazonbot) Chrome/119.0.6045.214 Safari/537.36"
57.141.18.55 - - [28/Apr/2026:04:17:54 +0000] "GET /post_tag-sitemap.xml HTTP/1.1" 200 5384 "-" "meta-externalagent/1.1 (+https://developers.facebook.com/docs/sharing/webmasters/crawler)"
43.153.71.12 - - [28/Apr/2026:04:19:45 +0000] "GET / HTTP/1.1" 200 16168 "-" "Mozilla/5.0 (iPhone; CPU iPhone OS 13_2_3 like Mac OS X) AppleWebKit/605.1.15 (KHTML, like Gecko) Version/13.0.3 Mobile/15E148 Safari/604.1"
57.141.18.63 - - [28/Apr/2026:04:21:40 +0000] "GET /tag/wedding-vows/ HTTP/1.1" 200 59435 "-" "meta-externalagent/1.1 (+https://developers.facebook.com/docs/sharing/webmasters/crawler)"
66.249.66.7 - - [28/Apr/2026:04:34:32 +0000] "GET /ads.txt HTTP/1.1" 200 58 "-" "Google-adstxt"
184.94.212.206 - - [28/Apr/2026:04:41:04 +0000] "POST /wp-cron.php?doing_wp_cron=1777351264.8900799751281738281250 HTTP/1.1" 200 - "-" "WordPress/6.9.4; http://weddingmonitor.com"
77.75.76.170 - - [28/Apr/2026:04:41:03 +0000] "GET /tag/wedding-cake/ HTTP/1.1" 200 15981 "-" "Mozilla/5.0 (compatible; SeznamBot/4.0; +https://o-seznam.cz/napoveda/vyhledavani/en/seznambot-crawler/)"
18.204.152.114 - - [28/Apr/2026:04:41:31 +0000] "GET /planning-a-wedding-read-this-great-advice/ HTTP/1.1" 200 19597 "-" "Mozilla/5.0 AppleWebKit/537.36 (KHTML, like Gecko; compatible; Amazonbot/0.1; +https://developer.amazon.com/support/amazonbot) Chrome/119.0.6045.214 Safari/537.36"
184.94.212.206 - - [28/Apr/2026:04:48:40 +0000] "POST /wp-cron.php?doing_wp_cron=1777351720.0662069320678710937500 HTTP/1.1" 200 - "-" "WordPress/6.9.4; http://weddingmonitor.com"
184.94.212.206 - - [28/Apr/2026:04:50:28 +0000] "POST /wp-cron.php?doing_wp_cron=1777351828.8409960269927978515625 HTTP/1.1" 200 - "-" "WordPress/6.9.4; http://weddingmonitor.com"
216.73.217.100 - - [28/Apr/2026:04:50:27 +0000] "GET /robots.txt HTTP/1.1" 200 144 "-" "Mozilla/5.0 AppleWebKit/537.36 (KHTML, like Gecko; compatible; ClaudeBot/1.0; +claudebot@anthropic.com)"
216.73.217.100 - - [28/Apr/2026:04:50:28 +0000] "GET /news-sitemap.xml HTTP/1.1" 200 310 "-" "Mozilla/5.0 AppleWebKit/537.36 (KHTML, like Gecko; compatible; ClaudeBot/1.0; +claudebot@anthropic.com)"
216.73.217.100 - - [28/Apr/2026:04:51:15 +0000] "GET /sitemap.xml HTTP/1.1" 200 300 "-" "Mozilla/5.0 AppleWebKit/537.36 (KHTML, like Gecko; compatible; ClaudeBot/1.0; +claudebot@anthropic.com)"
184.94.212.206 - - [28/Apr/2026:04:51:59 +0000] "POST /wp-cron.php?doing_wp_cron=1777351919.1619729995727539062500 HTTP/1.1" 200 - "-" "WordPress/6.9.4; http://weddingmonitor.com"
172.212.217.10 - - [28/Apr/2026:04:51:57 +0000] "GET /wp-content/plugins/hellopress/wp_filemanager.php HTTP/1.1" 404 55942 "-" "-"
172.212.217.10 - - [28/Apr/2026:04:51:59 +0000] "GET /file2.php HTTP/1.1" 404 56294 "-" "-"
172.212.217.10 - - [28/Apr/2026:04:52:00 +0000] "GET /.env.php.dist HTTP/1.1" 404 56298 "-" "-"
172.212.217.10 - - [28/Apr/2026:04:52:01 +0000] "GET /path.php HTTP/1.1" 404 56293 "-" "-"
172.212.217.10 - - [28/Apr/2026:04:52:02 +0000] "GET /wp-system.php HTTP/1.1" 404 56298 "-" "-"
172.212.217.10 - - [28/Apr/2026:04:52:03 +0000] "GET /settings.php HTTP/1.1" 404 56297 "-" "-"
172.212.217.10 - - [28/Apr/2026:04:52:04 +0000] "GET /user-edit.php HTTP/1.1" 404 56298 "-" "-"
172.212.217.10 - - [28/Apr/2026:04:52:05 +0000] "GET /alpha.php HTTP/1.1" 404 56294 "-" "-"
172.212.217.10 - - [28/Apr/2026:04:52:06 +0000] "GET /env.php HTTP/1.1" 404 56292 "-" "-"
172.212.217.10 - - [28/Apr/2026:04:52:07 +0000] "GET /environment.php HTTP/1.1" 404 56300 "-" "-"
172.212.217.10 - - [28/Apr/2026:04:52:08 +0000] "GET /oo.php HTTP/1.1" 404 56291 "-" "-"
172.212.217.10 - - [28/Apr/2026:04:52:09 +0000] "GET /white.php HTTP/1.1" 404 56294 "-" "-"
172.212.217.10 - - [28/Apr/2026:04:52:10 +0000] "GET /wp-content/plugins/hellopress/wp_filemanager.php HTTP/1.1" 404 55942 "-" "-"
172.212.217.10 - - [28/Apr/2026:04:52:11 +0000] "GET /admin-ajax.php HTTP/1.1" 404 56299 "-" "-"
172.212.217.10 - - [28/Apr/2026:04:52:11 +0000] "GET /0.php HTTP/1.1" 404 56290 "-" "-"
172.212.217.10 - - [28/Apr/2026:04:52:12 +0000] "GET /smtp.php HTTP/1.1" 404 56293 "-" "-"
172.212.217.10 - - [28/Apr/2026:04:52:13 +0000] "GET /edit-comments.php HTTP/1.1" 404 56302 "-" "-"
172.212.217.10 - - [28/Apr/2026:04:52:14 +0000] "GET /epinyins.php HTTP/1.1" 404 56297 "-" "-"
172.212.217.10 - - [28/Apr/2026:04:52:15 +0000] "GET /temp.php HTTP/1.1" 404 56293 "-" "-"
172.212.217.10 - - [28/Apr/2026:04:52:16 +0000] "GET /1100.php HTTP/1.1" 404 56293 "-" "-"
184.94.212.206 - - [28/Apr/2026:05:01:49 +0000] "POST /wp-cron.php?doing_wp_cron=1777352509.1526229381561279296875 HTTP/1.1" 200 - "-" "WordPress/6.9.4; http://weddingmonitor.com"
216.73.217.100 - - [28/Apr/2026:05:01:47 +0000] "GET /sitemap_index.xml HTTP/1.1" 200 349 "-" "Mozilla/5.0 AppleWebKit/537.36 (KHTML, like Gecko; compatible; ClaudeBot/1.0; +claudebot@anthropic.com)"
113.184.148.59 - - [28/Apr/2026:05:11:27 +0000] "GET /vendors/?amp HTTP/1.1" 200 15104 "-" "Mozilla/5.0 (Macintosh; Intel Mac OS X 10_15_7) AppleWebKit/537.36 (KHTML, like Gecko) Chrome/132.0.6834.83 Safari/537.36"
34.224.132.215 - - [28/Apr/2026:05:13:10 +0000] "GET /wp-json/wp/v2/pages/63 HTTP/1.1" 200 2385 "-" "Mozilla/5.0 AppleWebKit/537.36 (KHTML, like Gecko; compatible; Amazonbot/0.1; +https://developer.amazon.com/support/amazonbot) Chrome/119.0.6045.214 Safari/537.36"
119.73.97.169 - - [28/Apr/2026:05:21:11 +0000] "GET /charmed-here-are-some-lovely-wedding-ideas/ HTTP/1.1" 200 20388 "-" "Mozilla/5.0 (Windows NT 10.0; Win64; x64) AppleWebKit/537.36 (KHTML, like Gecko) Chrome/104.0.0.0 Safari/537.36"
184.94.212.206 - - [28/Apr/2026:05:25:37 +0000] "POST /wp-cron.php?doing_wp_cron=1777353937.7178959846496582031250 HTTP/1.1" 200 - "-" "WordPress/6.9.4; http://weddingmonitor.com"
203.2.64.59 - - [28/Apr/2026:05:25:36 +0000] "GET / HTTP/1.1" 200 16192 "-" "Mozilla/5.0 (iPhone; CPU iPhone OS 13_2_3 like Mac OS X) AppleWebKit/605.1.15 (KHTML, like Gecko) Version/13.0.3 Mobile/15E148 Safari/604.1"
184.94.212.206 - - [28/Apr/2026:05:27:16 +0000] "POST /wp-cron.php?doing_wp_cron=1777354036.1019070148468017578125 HTTP/1.1" 200 - "-" "WordPress/6.9.4; http://weddingmonitor.com"
57.141.18.107 - - [28/Apr/2026:05:27:15 +0000] "GET /tying-the-knot-soon-remember-these-wedding-planning-tips/ HTTP/1.1" 200 79274 "-" "meta-externalagent/1.1 (+https://developers.facebook.com/docs/sharing/webmasters/crawler)"
185.191.171.4 - - [28/Apr/2026:05:37:59 +0000] "GET /robots.txt HTTP/1.1" 200 144 "-" "Mozilla/5.0 (compatible; SemrushBot/7~bl; +http://www.semrush.com/bot.html)"
85.208.96.198 - - [28/Apr/2026:05:38:02 +0000] "GET /tag/wedding-budget/ HTTP/1.1" 200 15403 "-" "Mozilla/5.0 (compatible; SemrushBot/7~bl; +http://www.semrush.com/bot.html)"
103.59.161.159 - - [28/Apr/2026:05:47:47 +0000] "GET /wp-login.php HTTP/1.1" 200 2774 "https://www.facebook.com/" "Mozilla/5.0 (Macintosh; Intel Mac OS X 15_0; rv:126.0) Gecko/20100101 Firefox/126.0"
103.59.161.159 - - [28/Apr/2026:05:48:04 +0000] "POST /wp-login.php HTTP/1.1" 401 1441 "http://weddingmonitor.com/wp-login.php" "Mozilla/5.0 (X11; Linux x86_64) AppleWebKit/537.36 (KHTML, like Gecko) Chrome/129.0.0.0 Safari/537.36"
103.59.161.159 - - [28/Apr/2026:05:48:09 +0000] "POST /wp-login.php HTTP/1.1" 401 1440 "http://weddingmonitor.com/wp-login.php" "Mozilla/5.0 (Macintosh; Intel Mac OS X 15_0) AppleWebKit/537.36 (KHTML, like Gecko) Chrome/129.0.0.0 Safari/537.36"
103.59.161.159 - - [28/Apr/2026:05:48:14 +0000] "POST /wp-login.php HTTP/1.1" 401 1440 "http://weddingmonitor.com/wp-login.php" "Mozilla/5.0 (Macintosh; Intel Mac OS X 14_5) AppleWebKit/537.36 (KHTML, like Gecko) Chrome/128.0.0.0 Safari/537.36"
103.59.161.159 - - [28/Apr/2026:05:48:16 +0000] "POST /wp-login.php HTTP/1.1" 401 1441 "http://weddingmonitor.com/wp-login.php" "Mozilla/5.0 (X11; Linux x86_64) AppleWebKit/537.36 (KHTML, like Gecko) Chrome/129.0.0.0 Safari/537.36"
103.59.161.159 - - [28/Apr/2026:05:48:25 +0000] "POST /wp-login.php HTTP/1.1" 401 1440 "http://weddingmonitor.com/wp-login.php" "Mozilla/5.0 (Macintosh; Intel Mac OS X 15_0; rv:126.0) Gecko/20100101 Firefox/126.0"
103.59.161.159 - - [28/Apr/2026:05:48:29 +0000] "POST /wp-login.php HTTP/1.1" 401 1442 "http://weddingmonitor.com/wp-login.php" "Mozilla/5.0 (Macintosh; Intel Mac OS X 15_0) AppleWebKit/537.36 (KHTML, like Gecko) Chrome/126.0.0.0 Safari/537.36"
103.59.161.159 - - [28/Apr/2026:05:48:31 +0000] "POST /wp-login.php HTTP/1.1" 401 1442 "http://weddingmonitor.com/wp-login.php" "Mozilla/5.0 (Macintosh; Intel Mac OS X 15_0) AppleWebKit/537.36 (KHTML, like Gecko) Chrome/126.0.0.0 Safari/537.36"
103.59.161.159 - - [28/Apr/2026:05:48:37 +0000] "POST /wp-login.php HTTP/1.1" 401 1444 "http://weddingmonitor.com/wp-login.php" "Mozilla/5.0 (Macintosh; Intel Mac OS X 14_5) AppleWebKit/605.1.15 (KHTML, like Gecko) Version/17.6 Safari/605.1.15"
103.59.161.159 - - [28/Apr/2026:05:48:42 +0000] "POST /wp-login.php HTTP/1.1" 401 1443 "http://weddingmonitor.com/wp-login.php" "Mozilla/5.0 (X11; Linux x86_64) AppleWebKit/537.36 (KHTML, like Gecko) Chrome/126.0.0.0 Safari/537.36"
103.59.161.159 - - [28/Apr/2026:05:48:46 +0000] "POST /wp-login.php HTTP/1.1" 401 1440 "http://weddingmonitor.com/wp-login.php" "Mozilla/5.0 (Windows NT 10.0; Win64; x64) AppleWebKit/537.36 (KHTML, like Gecko) Chrome/128.0.0.0 Safari/537.36"
103.59.161.159 - - [28/Apr/2026:05:48:51 +0000] "POST /wp-login.php HTTP/1.1" 401 1441 "http://weddingmonitor.com/wp-login.php" "Mozilla/5.0 (Macintosh; Intel Mac OS X 14_5) AppleWebKit/605.1.15 (KHTML, like Gecko) Version/17.5 Safari/605.1.15"
103.59.161.159 - - [28/Apr/2026:05:48:55 +0000] "POST /wp-login.php HTTP/1.1" 401 1443 "http://weddingmonitor.com/wp-login.php" "Mozilla/5.0 (Windows NT 11.0; Win64; x64) AppleWebKit/537.36 (KHTML, like Gecko) Chrome/129.0.0.0 Safari/537.36"
103.59.161.159 - - [28/Apr/2026:05:49:00 +0000] "POST /wp-login.php HTTP/1.1" 401 1441 "http://weddingmonitor.com/wp-login.php" "Mozilla/5.0 (Windows NT 10.0; Win64; x64) AppleWebKit/537.36 (KHTML, like Gecko) Chrome/129.0.0.0 Safari/537.36"
103.59.161.159 - - [28/Apr/2026:05:49:08 +0000] "POST /wp-login.php HTTP/1.1" 401 1440 "http://weddingmonitor.com/wp-login.php" "Mozilla/5.0 (Macintosh; Intel Mac OS X 14_5; rv:128.0) Gecko/20100101 Firefox/128.0"
103.59.161.159 - - [28/Apr/2026:05:49:10 +0000] "POST /wp-login.php HTTP/1.1" 401 1442 "http://weddingmonitor.com/wp-login.php" "Mozilla/5.0 (Macintosh; Intel Mac OS X 14_5) AppleWebKit/605.1.15 (KHTML, like Gecko) Version/18.0 Safari/605.1.15"
103.59.161.159 - - [28/Apr/2026:05:49:13 +0000] "POST /wp-login.php HTTP/1.1" 401 1442 "http://weddingmonitor.com/wp-login.php" "Mozilla/5.0 (Windows NT 11.0; Win64; x64; rv:126.0) Gecko/20100101 Firefox/126.0"
103.59.161.159 - - [28/Apr/2026:05:49:22 +0000] "POST /wp-login.php HTTP/1.1" 401 1441 "http://weddingmonitor.com/wp-login.php" "Mozilla/5.0 (Windows NT 10.0; Win64; x64; rv:127.0) Gecko/20100101 Firefox/127.0"
103.59.161.159 - - [28/Apr/2026:05:49:27 +0000] "POST /wp-login.php HTTP/1.1" 401 1442 "http://weddingmonitor.com/wp-login.php" "Mozilla/5.0 (Macintosh; Intel Mac OS X 14_5; rv:126.0) Gecko/20100101 Firefox/126.0"
103.59.161.159 - - [28/Apr/2026:05:49:32 +0000] "POST /wp-login.php HTTP/1.1" 401 1441 "http://weddingmonitor.com/wp-login.php" "Mozilla/5.0 (Macintosh; Intel Mac OS X 14_5) AppleWebKit/537.36 (KHTML, like Gecko) Chrome/129.0.0.0 Safari/537.36"
103.59.161.159 - - [28/Apr/2026:05:49:40 +0000] "POST /wp-login.php HTTP/1.1" 401 1442 "http://weddingmonitor.com/wp-login.php" "Mozilla/5.0 (Macintosh; Intel Mac OS X 15_0) AppleWebKit/605.1.15 (KHTML, like Gecko) Version/17.5 Safari/605.1.15"
103.59.161.159 - - [28/Apr/2026:05:49:45 +0000] "POST /wp-login.php HTTP/1.1" 401 1442 "http://weddingmonitor.com/wp-login.php" "Mozilla/5.0 (Windows NT 11.0; Win64; x64; rv:128.0) Gecko/20100101 Firefox/128.0"
103.59.161.159 - - [28/Apr/2026:05:49:53 +0000] "POST /wp-login.php HTTP/1.1" 401 1441 "http://weddingmonitor.com/wp-login.php" "Mozilla/5.0 (Macintosh; Intel Mac OS X 14_5) AppleWebKit/537.36 (KHTML, like Gecko) Chrome/128.0.0.0 Safari/537.36"
103.59.161.159 - - [28/Apr/2026:05:49:58 +0000] "POST /wp-login.php HTTP/1.1" 401 1443 "http://weddingmonitor.com/wp-login.php" "Mozilla/5.0 (Windows NT 10.0; Win64; x64; rv:127.0) Gecko/20100101 Firefox/127.0"
103.59.161.159 - - [28/Apr/2026:05:50:04 +0000] "POST /wp-login.php HTTP/1.1" 401 1440 "http://weddingmonitor.com/wp-login.php" "Mozilla/5.0 (Windows NT 10.0; Win64; x64; rv:126.0) Gecko/20100101 Firefox/126.0"
103.59.161.159 - - [28/Apr/2026:05:50:09 +0000] "POST /wp-login.php HTTP/1.1" 401 1443 "http://weddingmonitor.com/wp-login.php" "Mozilla/5.0 (Windows NT 11.0; Win64; x64; rv:126.0) Gecko/20100101 Firefox/126.0"
103.59.161.159 - - [28/Apr/2026:05:50:14 +0000] "POST /wp-login.php HTTP/1.1" 401 1443 "http://weddingmonitor.com/wp-login.php" "Mozilla/5.0 (X11; Ubuntu; Linux x86_64) AppleWebKit/537.36 (KHTML, like Gecko) Chrome/126.0.0.0 Safari/537.36"
103.59.161.159 - - [28/Apr/2026:05:50:18 +0000] "POST /wp-login.php HTTP/1.1" 401 1443 "http://weddingmonitor.com/wp-login.php" "Mozilla/5.0 (X11; Ubuntu; Linux x86_64) AppleWebKit/537.36 (KHTML, like Gecko) Chrome/128.0.0.0 Safari/537.36"
184.94.212.206 - - [28/Apr/2026:05:50:24 +0000] "POST /wp-cron.php?doing_wp_cron=1777355424.8943688869476318359375 HTTP/1.1" 200 - "-" "WordPress/6.9.4; http://weddingmonitor.com"
103.59.161.159 - - [28/Apr/2026:05:50:23 +0000] "POST /wp-login.php HTTP/1.1" 401 1443 "http://weddingmonitor.com/wp-login.php" "Mozilla/5.0 (Macintosh; Intel Mac OS X 14_5) AppleWebKit/537.36 (KHTML, like Gecko) Chrome/126.0.0.0 Safari/537.36"
103.59.161.159 - - [28/Apr/2026:05:50:29 +0000] "POST /wp-login.php HTTP/1.1" 401 1440 "http://weddingmonitor.com/wp-login.php" "Mozilla/5.0 (Windows NT 10.0; Win64; x64; rv:127.0) Gecko/20100101 Firefox/127.0"
103.59.161.159 - - [28/Apr/2026:05:50:34 +0000] "POST /wp-login.php HTTP/1.1" 401 1442 "http://weddingmonitor.com/wp-login.php" "Mozilla/5.0 (X11; Linux x86_64) AppleWebKit/537.36 (KHTML, like Gecko) Chrome/126.0.0.0 Safari/537.36"
103.59.161.159 - - [28/Apr/2026:05:50:39 +0000] "POST /wp-login.php HTTP/1.1" 401 1443 "http://weddingmonitor.com/wp-login.php" "Mozilla/5.0 (Macintosh; Intel Mac OS X 14_5) AppleWebKit/605.1.15 (KHTML, like Gecko) Version/17.5 Safari/605.1.15"
103.59.161.159 - - [28/Apr/2026:05:50:44 +0000] "POST /wp-login.php HTTP/1.1" 401 1441 "http://weddingmonitor.com/wp-login.php" "Mozilla/5.0 (Windows NT 11.0; Win64; x64) AppleWebKit/537.36 (KHTML, like Gecko) Chrome/128.0.0.0 Safari/537.36"
103.59.161.159 - - [28/Apr/2026:05:50:48 +0000] "POST /wp-login.php HTTP/1.1" 401 1439 "http://weddingmonitor.com/wp-login.php" "Mozilla/5.0 (Windows NT 10.0; Win64; x64) AppleWebKit/537.36 (KHTML, like Gecko) Chrome/128.0.0.0 Safari/537.36"
103.59.161.159 - - [28/Apr/2026:05:50:54 +0000] "POST /wp-login.php HTTP/1.1" 401 1440 "http://weddingmonitor.com/wp-login.php" "Mozilla/5.0 (Macintosh; Intel Mac OS X 14_5; rv:126.0) Gecko/20100101 Firefox/126.0"
103.59.161.159 - - [28/Apr/2026:05:50:58 +0000] "POST /wp-login.php HTTP/1.1" 401 1441 "http://weddingmonitor.com/wp-login.php" "Mozilla/5.0 (Macintosh; Intel Mac OS X 15_0) AppleWebKit/605.1.15 (KHTML, like Gecko) Version/17.6 Safari/605.1.15"
103.59.161.159 - - [28/Apr/2026:05:51:04 +0000] "POST /wp-login.php HTTP/1.1" 401 1441 "http://weddingmonitor.com/wp-login.php" "Mozilla/5.0 (Windows NT 11.0; Win64; x64) AppleWebKit/537.36 (KHTML, like Gecko) Chrome/127.0.0.0 Safari/537.36"
103.59.161.159 - - [28/Apr/2026:05:51:09 +0000] "POST /wp-login.php HTTP/1.1" 401 1442 "http://weddingmonitor.com/wp-login.php" "Mozilla/5.0 (X11; Ubuntu; Linux x86_64) AppleWebKit/537.36 (KHTML, like Gecko) Chrome/126.0.0.0 Safari/537.36"
103.59.161.159 - - [28/Apr/2026:05:51:15 +0000] "POST /wp-login.php HTTP/1.1" 401 1443 "http://weddingmonitor.com/wp-login.php" "Mozilla/5.0 (Macintosh; Intel Mac OS X 15_0) AppleWebKit/537.36 (KHTML, like Gecko) Chrome/126.0.0.0 Safari/537.36"
103.59.161.159 - - [28/Apr/2026:05:51:22 +0000] "POST /wp-login.php HTTP/1.1" 401 1440 "http://weddingmonitor.com/wp-login.php" "Mozilla/5.0 (Windows NT 11.0; Win64; x64; rv:127.0) Gecko/20100101 Firefox/127.0"
103.59.161.159 - - [28/Apr/2026:05:51:27 +0000] "POST /wp-login.php HTTP/1.1" 401 1440 "http://weddingmonitor.com/wp-login.php" "Mozilla/5.0 (Macintosh; Intel Mac OS X 14_5) AppleWebKit/605.1.15 (KHTML, like Gecko) Version/17.5 Safari/605.1.15"
103.59.161.159 - - [28/Apr/2026:05:51:32 +0000] "POST /wp-login.php HTTP/1.1" 401 1441 "http://weddingmonitor.com/wp-login.php" "Mozilla/5.0 (Macintosh; Intel Mac OS X 15_0; rv:128.0) Gecko/20100101 Firefox/128.0"
103.59.161.159 - - [28/Apr/2026:05:51:37 +0000] "POST /wp-login.php HTTP/1.1" 401 1439 "http://weddingmonitor.com/wp-login.php" "Mozilla/5.0 (Macintosh; Intel Mac OS X 15_0) AppleWebKit/605.1.15 (KHTML, like Gecko) Version/18.0 Safari/605.1.15"
103.59.161.159 - - [28/Apr/2026:05:51:42 +0000] "POST /wp-login.php HTTP/1.1" 401 1442 "http://weddingmonitor.com/wp-login.php" "Mozilla/5.0 (X11; Linux x86_64) AppleWebKit/537.36 (KHTML, like Gecko) Chrome/126.0.0.0 Safari/537.36"
103.59.161.159 - - [28/Apr/2026:05:51:46 +0000] "POST /wp-login.php HTTP/1.1" 401 1443 "http://weddingmonitor.com/wp-login.php" "Mozilla/5.0 (Macintosh; Intel Mac OS X 15_0) AppleWebKit/605.1.15 (KHTML, like Gecko) Version/18.0 Safari/605.1.15"
184.94.212.206 - - [28/Apr/2026:05:51:52 +0000] "POST /wp-cron.php?doing_wp_cron=1777355512.3020579814910888671875 HTTP/1.1" 200 - "-" "WordPress/6.9.4; http://weddingmonitor.com"
103.59.161.159 - - [28/Apr/2026:05:51:51 +0000] "POST /wp-login.php HTTP/1.1" 401 1442 "http://weddingmonitor.com/wp-login.php" "Mozilla/5.0 (Macintosh; Intel Mac OS X 15_0) AppleWebKit/537.36 (KHTML, like Gecko) Chrome/128.0.0.0 Safari/537.36"
103.59.161.159 - - [28/Apr/2026:05:51:56 +0000] "POST /wp-login.php HTTP/1.1" 401 1443 "http://weddingmonitor.com/wp-login.php" "Mozilla/5.0 (Macintosh; Intel Mac OS X 14_5; rv:128.0) Gecko/20100101 Firefox/128.0"
103.59.161.159 - - [28/Apr/2026:05:52:02 +0000] "POST /wp-login.php HTTP/1.1" 401 1441 "http://weddingmonitor.com/wp-login.php" "Mozilla/5.0 (X11; Linux x86_64) AppleWebKit/537.36 (KHTML, like Gecko) Chrome/129.0.0.0 Safari/537.36"
103.59.161.159 - - [28/Apr/2026:05:52:07 +0000] "POST /wp-login.php HTTP/1.1" 401 1439 "http://weddingmonitor.com/wp-login.php" "Mozilla/5.0 (Windows NT 10.0; Win64; x64) AppleWebKit/537.36 (KHTML, like Gecko) Chrome/128.0.0.0 Safari/537.36"
103.59.161.159 - - [28/Apr/2026:05:52:12 +0000] "POST /wp-login.php HTTP/1.1" 401 1440 "http://weddingmonitor.com/wp-login.php" "Mozilla/5.0 (Windows NT 11.0; Win64; x64) AppleWebKit/537.36 (KHTML, like Gecko) Chrome/128.0.0.0 Safari/537.36"
77.75.77.17 - - [28/Apr/2026:05:52:16 +0000] "GET /charmed-here-are-some-lovely-wedding-ideas/ HTTP/1.1" 200 20363 "-" "Mozilla/5.0 (compatible; SeznamBot/4.0; +https://o-seznam.cz/napoveda/vyhledavani/en/seznambot-crawler/)"
184.94.212.206 - - [28/Apr/2026:05:52:18 +0000] "POST /wp-cron.php?doing_wp_cron=1777355538.6056699752807617187500 HTTP/1.1" 200 - "-" "WordPress/6.9.4; http://weddingmonitor.com"
103.59.161.159 - - [28/Apr/2026:05:52:17 +0000] "POST /wp-login.php HTTP/1.1" 401 1441 "http://weddingmonitor.com/wp-login.php" "Mozilla/5.0 (Windows NT 11.0; Win64; x64; rv:126.0) Gecko/20100101 Firefox/126.0"
103.59.161.159 - - [28/Apr/2026:05:52:22 +0000] "POST /wp-login.php HTTP/1.1" 401 1439 "http://weddingmonitor.com/wp-login.php" "Mozilla/5.0 (X11; Ubuntu; Linux x86_64) AppleWebKit/537.36 (KHTML, like Gecko) Chrome/126.0.0.0 Safari/537.36"
103.59.161.159 - - [28/Apr/2026:05:52:28 +0000] "POST /wp-login.php HTTP/1.1" 401 1441 "http://weddingmonitor.com/wp-login.php" "Mozilla/5.0 (Macintosh; Intel Mac OS X 15_0) AppleWebKit/605.1.15 (KHTML, like Gecko) Version/17.5 Safari/605.1.15"
103.59.161.159 - - [28/Apr/2026:05:52:32 +0000] "POST /wp-login.php HTTP/1.1" 401 1442 "http://weddingmonitor.com/wp-login.php" "Mozilla/5.0 (Macintosh; Intel Mac OS X 15_0; rv:126.0) Gecko/20100101 Firefox/126.0"
184.94.212.206 - - [28/Apr/2026:05:55:36 +0000] "POST /wp-cron.php?doing_wp_cron=1777355736.9276950359344482421875 HTTP/1.1" 200 - "-" "WordPress/6.9.4; http://weddingmonitor.com"
112.86.225.160 - - [28/Apr/2026:05:55:34 +0000] "GET / HTTP/1.1" 301 - "-" "Sogou web spider/4.0(+http://www.sogou.com/docs/help/webmasters.htm#07)"
112.86.225.160 - - [28/Apr/2026:05:55:37 +0000] "GET / HTTP/1.1" 200 16192 "-" "Sogou web spider/4.0(+http://www.sogou.com/docs/help/webmasters.htm#07)"
184.94.212.206 - - [28/Apr/2026:06:11:31 +0000] "POST /wp-cron.php?doing_wp_cron=1777356691.1574189662933349609375 HTTP/1.1" 200 - "-" "WordPress/6.9.4; http://weddingmonitor.com"
216.73.217.100 - - [28/Apr/2026:06:11:29 +0000] "GET /robots.txt HTTP/1.1" 200 144 "-" "Mozilla/5.0 AppleWebKit/537.36 (KHTML, like Gecko; compatible; ClaudeBot/1.0; +claudebot@anthropic.com)"
216.73.217.100 - - [28/Apr/2026:06:11:31 +0000] "GET /sitemap_index.xml HTTP/1.1" 200 349 "-" "Mozilla/5.0 AppleWebKit/537.36 (KHTML, like Gecko; compatible; ClaudeBot/1.0; +claudebot@anthropic.com)"
184.94.212.206 - - [28/Apr/2026:06:11:49 +0000] "POST /wp-cron.php?doing_wp_cron=1777356709.9054579734802246093750 HTTP/1.1" 200 - "-" "WordPress/6.9.4; http://weddingmonitor.com"
15.235.98.128 - - [28/Apr/2026:06:11:48 +0000] "GET /robots.txt HTTP/1.1" 200 144 "-" "Mozilla/5.0 (compatible; AhrefsBot/7.0; +http://ahrefs.com/robot/)"
184.94.212.206 - - [28/Apr/2026:06:11:52 +0000] "POST /wp-cron.php?doing_wp_cron=1777356712.6715741157531738281250 HTTP/1.1" 200 - "-" "WordPress/6.9.4; http://weddingmonitor.com"
142.44.220.0 - - [28/Apr/2026:06:11:51 +0000] "GET / HTTP/1.1" 403 16191 "-" "Mozilla/5.0 (compatible; AhrefsBot/7.0; +http://ahrefs.com/robot/)"
77.75.78.170 - - [28/Apr/2026:06:14:37 +0000] "GET /category/destination-wedding/ HTTP/1.1" 200 18792 "-" "Mozilla/5.0 (compatible; SeznamBot/4.0; +https://o-seznam.cz/napoveda/vyhledavani/en/seznambot-crawler/)"
184.94.212.206 - - [28/Apr/2026:06:16:49 +0000] "POST /wp-cron.php?doing_wp_cron=1777357009.2305879592895507812500 HTTP/1.1" 200 - "-" "WordPress/6.9.4; http://weddingmonitor.com"
46.182.4.125 - - [28/Apr/2026:06:16:47 +0000] "POST /wp-login.php HTTP/1.1" 401 1440 "-" "Mozilla/5.0 (Windows NT 10.0; Win64; x64) AppleWebKit/537.43 (KHTML, like Gecko) Chrome/134.0.0.0 Safari/537.36 OPR/119.0.0.0"
57.141.18.88 - - [28/Apr/2026:06:23:42 +0000] "GET /robots.txt HTTP/1.1" 200 274 "-" "facebookexternalhit/1.1 (+http://www.facebook.com/externalhit_uatext.php)"
184.94.212.206 - - [28/Apr/2026:06:26:00 +0000] "POST /wp-cron.php?doing_wp_cron=1777357560.1416420936584472656250 HTTP/1.1" 200 - "-" "WordPress/6.9.4; http://weddingmonitor.com"
51.222.95.232 - - [28/Apr/2026:06:25:58 +0000] "GET /page/5/?amp HTTP/1.1" 200 15650 "-" "Mozilla/5.0 (compatible; AhrefsBot/7.0; +http://ahrefs.com/robot/)"
184.94.212.206 - - [28/Apr/2026:06:27:03 +0000] "POST /wp-cron.php?doing_wp_cron=1777357623.4856579303741455078125 HTTP/1.1" 200 - "-" "WordPress/6.9.4; http://weddingmonitor.com"
85.208.96.207 - - [28/Apr/2026:06:27:01 +0000] "GET /great-ideas-to-help-make-your-wedding-day-perfect/ HTTP/1.1" 200 20221 "-" "Mozilla/5.0 (compatible; SemrushBot/7~bl; +http://www.semrush.com/bot.html)"
184.94.212.206 - - [28/Apr/2026:06:29:08 +0000] "POST /wp-cron.php?doing_wp_cron=1777357748.4143710136413574218750 HTTP/1.1" 200 - "-" "WordPress/6.9.4; http://weddingmonitor.com"
83.142.209.158 - - [28/Apr/2026:06:28:59 +0000] "GET / HTTP/1.1" 200 66349 "-" "-"
83.142.209.158 - - [28/Apr/2026:06:29:09 +0000] "GET / HTTP/1.1" 200 66349 "-" "-"
85.208.96.198 - - [28/Apr/2026:06:29:23 +0000] "GET /how-to-keep-things-running-smoothly-on-your-wedding-day/ HTTP/1.1" 500 164 "-" "Mozilla/5.0 (compatible; SemrushBot/7~bl; +http://www.semrush.com/bot.html)"
149.202.76.92 - - [28/Apr/2026:06:29:20 +0000] "POST /wp-login.php HTTP/1.1" 500 1004 "-" "Mozilla/5.0 (Windows NT 10.0) AppleWebKit/537.43 (KHTML, like Gecko) Chrome/135.0.0.0 Safari/537.36 OPR/120.0.0.0"
83.142.209.158 - - [28/Apr/2026:06:29:22 +0000] "GET /wordpress HTTP/1.1" 500 2431 "-" "-"
83.142.209.158 - - [28/Apr/2026:06:29:11 +0000] "GET /wordpress HTTP/1.1" 500 2508 "-" "-"
83.142.209.158 - - [28/Apr/2026:06:29:31 +0000] "GET /wp-admin/setup-config.php HTTP/1.1" 500 2431 "-" "-"
83.142.209.158 - - [28/Apr/2026:06:29:26 +0000] "GET /wp-admin/setup-config.php HTTP/1.1" 500 2431 "-" "-"
83.142.209.158 - - [28/Apr/2026:06:29:31 +0000] "GET /wp-admin/install.php HTTP/1.1" 500 3117 "-" "-"
83.142.209.158 - - [28/Apr/2026:06:29:32 +0000] "GET /wp HTTP/1.1" 500 2431 "-" "-"
83.142.209.158 - - [28/Apr/2026:06:29:04 +0000] "GET / HTTP/1.1" 500 2556 "-" "-"
83.142.209.158 - - [28/Apr/2026:06:29:32 +0000] "GET /blog HTTP/1.1" 404 56281 "-" "-"
83.142.209.158 - - [28/Apr/2026:06:29:16 +0000] "GET /wordpress HTTP/1.1" 404 56286 "-" "-"
83.142.209.158 - - [28/Apr/2026:06:29:37 +0000] "GET /blog HTTP/1.1" 404 56281 "-" "-"
83.142.209.158 - - [28/Apr/2026:06:29:43 +0000] "GET /blog HTTP/1.1" 404 56281 "-" "-"
83.142.209.158 - - [28/Apr/2026:06:29:48 +0000] "GET /blog HTTP/1.1" 404 56281 "-" "-"
83.142.209.158 - - [28/Apr/2026:06:29:53 +0000] "GET /blog HTTP/1.1" 404 56281 "-" "-"
83.142.209.158 - - [28/Apr/2026:06:29:55 +0000] "GET /new HTTP/1.1" 404 56280 "-" "-"
83.142.209.158 - - [28/Apr/2026:06:29:57 +0000] "GET /old HTTP/1.1" 404 56280 "-" "-"
83.142.209.158 - - [28/Apr/2026:06:29:59 +0000] "GET /newsite HTTP/1.1" 404 56284 "-" "-"
83.142.209.158 - - [28/Apr/2026:06:30:01 +0000] "GET /test HTTP/1.1" 404 56281 "-" "-"
83.142.209.158 - - [28/Apr/2026:06:30:03 +0000] "GET /main HTTP/1.1" 404 56281 "-" "-"
83.142.209.158 - - [28/Apr/2026:06:30:06 +0000] "GET /testing HTTP/1.1" 404 56284 "-" "-"
184.94.212.206 - - [28/Apr/2026:06:30:09 +0000] "POST /wp-cron.php?doing_wp_cron=1777357809.5083529949188232421875 HTTP/1.1" 200 - "-" "WordPress/6.9.4; http://weddingmonitor.com"
83.142.209.158 - - [28/Apr/2026:06:30:08 +0000] "GET /site HTTP/1.1" 404 56281 "-" "-"
83.142.209.158 - - [28/Apr/2026:06:30:09 +0000] "GET /backup HTTP/1.1" 404 56283 "-" "-"
83.142.209.158 - - [28/Apr/2026:06:30:11 +0000] "GET /demo HTTP/1.1" 404 56281 "-" "-"
83.142.209.158 - - [28/Apr/2026:06:30:13 +0000] "GET /home HTTP/1.1" 404 56281 "-" "-"
83.142.209.158 - - [28/Apr/2026:06:30:15 +0000] "GET /tmp HTTP/1.1" 404 56280 "-" "-"
83.142.209.158 - - [28/Apr/2026:06:30:16 +0000] "GET /dev HTTP/1.1" 404 56280 "-" "-"
83.142.209.158 - - [28/Apr/2026:06:30:17 +0000] "GET /cms HTTP/1.1" 404 56280 "-" "-"
83.142.209.158 - - [28/Apr/2026:06:30:19 +0000] "GET /portal HTTP/1.1" 404 56283 "-" "-"
83.142.209.158 - - [28/Apr/2026:06:30:20 +0000] "GET /web HTTP/1.1" 404 56280 "-" "-"
103.153.135.116 - - [28/Apr/2026:06:31:24 +0000] "GET /wp-json/wp/v2/posts HTTP/1.1" 200 32180 "-" "Mozilla/5.0 (Windows NT 10.0; Win64; x64) AppleWebKit/537.36 (KHTML, like Gecko) Chrome/120.0.0.0 Safari/537.36"
192.0.102.230 - - [28/Apr/2026:06:32:20 +0000] "HEAD / HTTP/1.1" 200 - "-" "jetmon/1.0 (Jetpack Site Uptime Monitor by WordPress.com)"
184.94.212.206 - - [28/Apr/2026:06:35:26 +0000] "POST /wp-cron.php?doing_wp_cron=1777358126.8850140571594238281250 HTTP/1.1" 200 - "-" "WordPress/6.9.4; http://weddingmonitor.com"
43.130.31.17 - - [28/Apr/2026:06:35:25 +0000] "GET / HTTP/1.1" 301 - "-" "Mozilla/5.0 (iPhone; CPU iPhone OS 13_2_3 like Mac OS X) AppleWebKit/605.1.15 (KHTML, like Gecko) Version/13.0.3 Mobile/15E148 Safari/604.1"
43.130.31.17 - - [28/Apr/2026:06:35:27 +0000] "GET / HTTP/1.1" 200 16191 "http://www.weddingmonitor.com" "Mozilla/5.0 (iPhone; CPU iPhone OS 13_2_3 like Mac OS X) AppleWebKit/605.1.15 (KHTML, like Gecko) Version/13.0.3 Mobile/15E148 Safari/604.1"
184.94.212.206 - - [28/Apr/2026:06:42:23 +0000] "POST /wp-cron.php?doing_wp_cron=1777358543.4527060985565185546875 HTTP/1.1" 200 - "-" "WordPress/6.9.4; http://weddingmonitor.com"
51.68.236.90 - - [28/Apr/2026:06:42:22 +0000] "GET /robots.txt HTTP/1.1" 200 144 "-" "Mozilla/5.0 (compatible; MJ12bot/v2.0.5; http://mj12bot.com/)"
51.68.236.90 - - [28/Apr/2026:06:42:23 +0000] "GET / HTTP/1.1" 403 16186 "-" "Mozilla/5.0 (compatible; MJ12bot/v2.0.5; http://mj12bot.com/)"
184.94.212.206 - - [28/Apr/2026:06:51:29 +0000] "POST /wp-cron.php?doing_wp_cron=1777359089.0540440082550048828125 HTTP/1.1" 200 - "-" "WordPress/6.9.4; http://weddingmonitor.com"
148.113.130.183 - - [28/Apr/2026:06:51:27 +0000] "GET /page/3/?amp HTTP/1.1" 200 15772 "-" "Mozilla/5.0 (compatible; AhrefsBot/7.0; +http://ahrefs.com/robot/)"
40.77.167.187 - - [28/Apr/2026:06:51:34 +0000] "GET /robots.txt HTTP/1.1" 200 144 "-" "Mozilla/5.0 AppleWebKit/537.36 (KHTML, like Gecko; compatible; bingbot/2.0; +http://www.bing.com/bingbot.htm) Chrome/116.0.1938.76 Safari/537.36"
52.167.144.167 - - [28/Apr/2026:06:51:38 +0000] "GET /sitemap_index.xml HTTP/1.1" 200 349 "-" "Mozilla/5.0 AppleWebKit/537.36 (KHTML, like Gecko; compatible; bingbot/2.0; +http://www.bing.com/bingbot.htm) Chrome/116.0.1938.76 Safari/537.36"
184.94.212.206 - - [28/Apr/2026:06:56:37 +0000] "POST /wp-cron.php?doing_wp_cron=1777359397.0331950187683105468750 HTTP/1.1" 200 - "-" "WordPress/6.9.4; http://weddingmonitor.com"
57.141.18.112 - - [28/Apr/2026:06:56:35 +0000] "GET /news-sitemap.xml HTTP/1.1" 200 559 "-" "meta-externalagent/1.1 (+https://developers.facebook.com/docs/sharing/webmasters/crawler)"
51.222.95.31 - - [28/Apr/2026:07:12:13 +0000] "GET /page/7/?amp HTTP/1.1" 200 16174 "-" "Mozilla/5.0 (compatible; AhrefsBot/7.0; +http://ahrefs.com/robot/)"
86.54.25.100 - - [28/Apr/2026:07:28:32 +0000] "GET /wp-content/plugins/backup-backup/readme.txt HTTP/1.1" 404 55881 "http://weddingmonitor.com/wp-content/plugins/backup-backup/readme.txt" "Mozilla/5.0 (X11; Linux x86_64; rv:140.0) Gecko/20100101 Firefox/140.0"
184.94.212.206 - - [28/Apr/2026:07:30:07 +0000] "POST /wp-cron.php?doing_wp_cron=1777361407.6822500228881835937500 HTTP/1.1" 200 - "-" "WordPress/6.9.4; http://weddingmonitor.com"
85.208.96.202 - - [28/Apr/2026:07:30:05 +0000] "GET /your-wedding-help-is-here-with-these-tips/ HTTP/1.1" 200 20868 "-" "Mozilla/5.0 (compatible; SemrushBot/7~bl; +http://www.semrush.com/bot.html)"
184.94.212.206 - - [28/Apr/2026:07:32:09 +0000] "POST /wp-cron.php?doing_wp_cron=1777361529.3468201160430908203125 HTTP/1.1" 200 - "-" "WordPress/6.9.4; http://weddingmonitor.com"
167.114.139.137 - - [28/Apr/2026:07:32:07 +0000] "GET /what-is-a-destination-wedding-and-how-to-plan-it/?amp HTTP/1.1" 200 21980 "-" "Mozilla/5.0 (compatible; AhrefsBot/7.0; +http://ahrefs.com/robot/)"
216.73.217.100 - - [28/Apr/2026:07:33:20 +0000] "GET /robots.txt HTTP/1.1" 200 144 "-" "Mozilla/5.0 AppleWebKit/537.36 (KHTML, like Gecko; compatible; ClaudeBot/1.0; +claudebot@anthropic.com)"
216.73.217.100 - - [28/Apr/2026:07:33:21 +0000] "GET /sitemap_index.xml HTTP/1.1" 200 349 "-" "Mozilla/5.0 AppleWebKit/537.36 (KHTML, like Gecko; compatible; ClaudeBot/1.0; +claudebot@anthropic.com)"
145.223.130.168 - - [28/Apr/2026:07:41:55 +0000] "GET /page/3/ HTTP/1.1" 200 15755 "-" "Mozilla/5.0 (Macintosh; Intel Mac OS X 13_5) AppleWebKit/605.1.15 (KHTML, like Gecko) Version/17.0 Safari/184.1"
184.94.212.206 - - [28/Apr/2026:07:51:57 +0000] "POST /wp-cron.php?doing_wp_cron=1777362717.6140820980072021484375 HTTP/1.1" 200 - "-" "WordPress/6.9.4; http://weddingmonitor.com"
51.161.37.41 - - [28/Apr/2026:07:51:55 +0000] "GET /category/planning-tips/page/6/?amp HTTP/1.1" 200 16048 "-" "Mozilla/5.0 (compatible; AhrefsBot/7.0; +http://ahrefs.com/robot/)"
216.73.217.100 - - [28/Apr/2026:07:53:19 +0000] "GET /news-sitemap.xml HTTP/1.1" 200 310 "-" "Mozilla/5.0 AppleWebKit/537.36 (KHTML, like Gecko; compatible; ClaudeBot/1.0; +claudebot@anthropic.com)"
172.212.217.10 - - [28/Apr/2026:07:53:21 +0000] "GET /wp-content/plugins/hellopress/wp_filemanager.php HTTP/1.1" 404 55876 "-" "-"
172.212.217.10 - - [28/Apr/2026:07:53:22 +0000] "GET /file2.php HTTP/1.1" 404 56228 "-" "-"
172.212.217.10 - - [28/Apr/2026:07:53:23 +0000] "GET /.env.php.dist HTTP/1.1" 404 56232 "-" "-"
172.212.217.10 - - [28/Apr/2026:07:53:24 +0000] "GET /path.php HTTP/1.1" 404 56227 "-" "-"
172.212.217.10 - - [28/Apr/2026:07:53:25 +0000] "GET /wp-system.php HTTP/1.1" 404 56232 "-" "-"
172.212.217.10 - - [28/Apr/2026:07:53:26 +0000] "GET /settings.php HTTP/1.1" 404 56231 "-" "-"
172.212.217.10 - - [28/Apr/2026:07:53:27 +0000] "GET /user-edit.php HTTP/1.1" 404 56232 "-" "-"
172.212.217.10 - - [28/Apr/2026:07:53:28 +0000] "GET /alpha.php HTTP/1.1" 404 56228 "-" "-"
172.212.217.10 - - [28/Apr/2026:07:53:28 +0000] "GET /env.php HTTP/1.1" 404 56226 "-" "-"
172.212.217.10 - - [28/Apr/2026:07:53:29 +0000] "GET /environment.php HTTP/1.1" 404 56234 "-" "-"
172.212.217.10 - - [28/Apr/2026:07:53:30 +0000] "GET /oo.php HTTP/1.1" 404 56225 "-" "-"
172.212.217.10 - - [28/Apr/2026:07:53:31 +0000] "GET /white.php HTTP/1.1" 404 56228 "-" "-"
172.212.217.10 - - [28/Apr/2026:07:53:32 +0000] "GET /wp-content/plugins/hellopress/wp_filemanager.php HTTP/1.1" 404 55876 "-" "-"
172.212.217.10 - - [28/Apr/2026:07:53:33 +0000] "GET /admin-ajax.php HTTP/1.1" 404 56233 "-" "-"
172.212.217.10 - - [28/Apr/2026:07:53:34 +0000] "GET /0.php HTTP/1.1" 404 56224 "-" "-"
172.212.217.10 - - [28/Apr/2026:07:53:35 +0000] "GET /smtp.php HTTP/1.1" 404 56227 "-" "-"
172.212.217.10 - - [28/Apr/2026:07:53:36 +0000] "GET /edit-comments.php HTTP/1.1" 404 56236 "-" "-"
172.212.217.10 - - [28/Apr/2026:07:53:37 +0000] "GET /epinyins.php HTTP/1.1" 404 56231 "-" "-"
172.212.217.10 - - [28/Apr/2026:07:53:38 +0000] "GET /temp.php HTTP/1.1" 404 56227 "-" "-"
172.212.217.10 - - [28/Apr/2026:07:53:39 +0000] "GET /1100.php HTTP/1.1" 404 56227 "-" "-"
184.94.212.206 - - [28/Apr/2026:07:55:34 +0000] "POST /wp-cron.php?doing_wp_cron=1777362934.5926539897918701171875 HTTP/1.1" 200 - "-" "WordPress/6.9.4; http://weddingmonitor.com"
216.73.217.100 - - [28/Apr/2026:07:55:33 +0000] "GET /sitemap.xml HTTP/1.1" 200 300 "-" "Mozilla/5.0 AppleWebKit/537.36 (KHTML, like Gecko; compatible; ClaudeBot/1.0; +claudebot@anthropic.com)"
104.168.93.75 - - [28/Apr/2026:08:01:51 +0000] "GET / HTTP/1.1" 200 66329 "-" "-"
104.168.93.75 - - [28/Apr/2026:08:01:52 +0000] "GET /wp-admin HTTP/1.1" 301 243 "-" "-"
104.168.93.75 - - [28/Apr/2026:08:01:52 +0000] "GET /wp-admin/ HTTP/1.1" 302 - "-" "-"
104.168.93.75 - - [28/Apr/2026:08:01:53 +0000] "GET /wp-login.php?redirect_to=http%3A%2F%2Fweddingmonitor.com%2Fwp-admin%2F&reauth=1 HTTP/1.1" 200 9257 "-" "-"
104.168.93.75 - - [28/Apr/2026:08:01:54 +0000] "GET /wordpress HTTP/1.1" 404 56228 "-" "-"
104.168.93.75 - - [28/Apr/2026:08:01:55 +0000] "GET /wp HTTP/1.1" 404 56221 "-" "-"
104.168.93.75 - - [28/Apr/2026:08:01:56 +0000] "GET /blog HTTP/1.1" 404 56223 "-" "-"
184.94.212.206 - - [28/Apr/2026:08:01:58 +0000] "POST /wp-cron.php?doing_wp_cron=1777363318.7756659984588623046875 HTTP/1.1" 200 - "-" "WordPress/6.9.4; http://weddingmonitor.com"
104.168.93.75 - - [28/Apr/2026:08:01:57 +0000] "GET /new HTTP/1.1" 404 56113 "-" "-"
104.168.93.75 - - [28/Apr/2026:08:01:58 +0000] "GET /old HTTP/1.1" 404 56113 "-" "-"
104.168.93.75 - - [28/Apr/2026:08:02:00 +0000] "GET /newsite HTTP/1.1" 404 56117 "-" "-"
104.168.93.75 - - [28/Apr/2026:08:02:01 +0000] "GET /test HTTP/1.1" 404 56114 "-" "-"
104.168.93.75 - - [28/Apr/2026:08:02:02 +0000] "GET /main HTTP/1.1" 404 56114 "-" "-"
104.168.93.75 - - [28/Apr/2026:08:02:03 +0000] "GET /cms HTTP/1.1" 404 56113 "-" "-"
104.168.93.75 - - [28/Apr/2026:08:02:04 +0000] "GET /dev HTTP/1.1" 404 56113 "-" "-"
104.168.93.75 - - [28/Apr/2026:08:02:05 +0000] "GET /backup HTTP/1.1" 404 56116 "-" "-"
57.141.18.70 - - [28/Apr/2026:08:02:08 +0000] "GET /author/h0tn1ch3s/ HTTP/1.1" 200 68162 "-" "meta-externalagent/1.1 (+https://developers.facebook.com/docs/sharing/webmasters/crawler)"
184.94.212.206 - - [28/Apr/2026:08:02:19 +0000] "POST /wp-cron.php?doing_wp_cron=1777363339.5723640918731689453125 HTTP/1.1" 200 - "-" "WordPress/6.9.4; http://weddingmonitor.com"
137.184.237.108 - - [28/Apr/2026:08:02:18 +0000] "POST /wp-login.php HTTP/1.1" 401 1442 "-" "Mozilla/5.0 (Windows NT 10.0; WOW64) AppleWebKit/537.36 (KHTML, like Gecko) Chrome/140.0.0.0 Safari/537.36 Edg/140.0.0.0"
142.44.220.138 - - [28/Apr/2026:08:09:12 +0000] "GET /author/h0tn1ch3s/page/7/?amp HTTP/1.1" 200 16560 "-" "Mozilla/5.0 (compatible; AhrefsBot/7.0; +http://ahrefs.com/robot/)"
184.94.212.206 - - [28/Apr/2026:08:20:11 +0000] "POST /wp-cron.php?doing_wp_cron=1777364411.2501270771026611328125 HTTP/1.1" 200 - "-" "WordPress/6.9.4; http://weddingmonitor.com"
57.141.18.97 - - [28/Apr/2026:08:20:09 +0000] "GET /creating-a-day-to-remember-tips-for-your-beautiful-wedding/ HTTP/1.1" 200 82493 "-" "meta-externalagent/1.1 (+https://developers.facebook.com/docs/sharing/webmasters/crawler)"
192.227.222.17 - - [28/Apr/2026:08:23:11 +0000] "HEAD / HTTP/1.1" 200 - "-" "Mozilla/5.0 (Windows NT 10.0; Win64; x64) AppleWebKit/537.36 (KHTML, like Gecko) Chrome/147.0.0.0 Safari/537.36 Edg/146.0.3856.109"
184.94.212.206 - - [28/Apr/2026:08:27:10 +0000] "POST /wp-cron.php?doing_wp_cron=1777364830.6354589462280273437500 HTTP/1.1" 200 - "-" "WordPress/6.9.4; http://weddingmonitor.com"
54.39.89.39 - - [28/Apr/2026:08:27:09 +0000] "GET /category/planning-tips/page/7/?amp HTTP/1.1" 200 16394 "-" "Mozilla/5.0 (compatible; AhrefsBot/7.0; +http://ahrefs.com/robot/)"
74.125.210.103 - - [28/Apr/2026:08:28:02 +0000] "GET / HTTP/1.1" 200 16185 "-" "Google-Display-Ads-Bot"
184.94.212.206 - - [28/Apr/2026:08:28:44 +0000] "POST /wp-cron.php?doing_wp_cron=1777364924.1631360054016113281250 HTTP/1.1" 200 - "-" "WordPress/6.9.4; http://weddingmonitor.com"
216.244.66.238 - - [28/Apr/2026:08:28:43 +0000] "GET /robots.txt HTTP/1.1" 200 274 "-" "Mozilla/5.0 (compatible; DotBot/1.2; +https://opensiteexplorer.org/dotbot; help@moz.com)"
57.141.18.107 - - [28/Apr/2026:08:29:07 +0000] "GET /tag/gown-online/ HTTP/1.1" 200 61421 "-" "meta-externalagent/1.1 (+https://developers.facebook.com/docs/sharing/webmasters/crawler)"
184.94.212.206 - - [28/Apr/2026:08:35:24 +0000] "POST /wp-cron.php?doing_wp_cron=1777365324.3463590145111083984375 HTTP/1.1" 200 - "-" "WordPress/6.9.4; http://weddingmonitor.com"
57.141.18.62 - - [28/Apr/2026:08:35:22 +0000] "GET /wedding-ideas-to-help-plan-your-special-day/ HTTP/1.1" 200 78141 "-" "meta-externalagent/1.1 (+https://developers.facebook.com/docs/sharing/webmasters/crawler)"
57.141.18.56 - - [28/Apr/2026:08:36:00 +0000] "GET /tag/family-members/ HTTP/1.1" 200 61644 "-" "meta-externalagent/1.1 (+https://developers.facebook.com/docs/sharing/webmasters/crawler)"
184.94.212.206 - - [28/Apr/2026:08:37:24 +0000] "POST /wp-cron.php?doing_wp_cron=1777365444.1102519035339355468750 HTTP/1.1" 200 - "-" "WordPress/6.9.4; http://weddingmonitor.com"
192.0.102.230 - - [28/Apr/2026:08:37:22 +0000] "HEAD / HTTP/1.1" 200 - "-" "jetmon/1.0 (Jetpack Site Uptime Monitor by WordPress.com)"
184.94.212.206 - - [28/Apr/2026:08:42:20 +0000] "POST /wp-cron.php?doing_wp_cron=1777365740.2030830383300781250000 HTTP/1.1" 200 - "-" "WordPress/6.9.4; http://weddingmonitor.com"
216.244.66.238 - - [28/Apr/2026:08:42:18 +0000] "GET /charmed-here-are-some-lovely-wedding-ideas/?share=x HTTP/1.1" 302 - "-" "Mozilla/5.0 (compatible; DotBot/1.2; +https://opensiteexplorer.org/dotbot; help@moz.com)"
192.0.102.230 - - [28/Apr/2026:08:42:22 +0000] "HEAD / HTTP/1.1" 200 - "-" "jetmon/1.0 (Jetpack Site Uptime Monitor by WordPress.com)"
142.44.225.196 - - [28/Apr/2026:08:44:16 +0000] "GET /tag/wedding-dresses/?amp HTTP/1.1" 200 15434 "-" "Mozilla/5.0 (compatible; AhrefsBot/7.0; +http://ahrefs.com/robot/)"
184.94.212.206 - - [28/Apr/2026:08:55:41 +0000] "POST /wp-cron.php?doing_wp_cron=1777366541.4745919704437255859375 HTTP/1.1" 200 - "-" "WordPress/6.9.4; http://weddingmonitor.com"
216.73.217.100 - - [28/Apr/2026:08:55:39 +0000] "GET /robots.txt HTTP/1.1" 200 144 "-" "Mozilla/5.0 AppleWebKit/537.36 (KHTML, like Gecko; compatible; ClaudeBot/1.0; +claudebot@anthropic.com)"
216.73.217.100 - - [28/Apr/2026:08:55:41 +0000] "GET /sitemap_index.xml HTTP/1.1" 200 349 "-" "Mozilla/5.0 AppleWebKit/537.36 (KHTML, like Gecko; compatible; ClaudeBot/1.0; +claudebot@anthropic.com)"
18.213.240.226 - - [28/Apr/2026:08:57:47 +0000] "GET /wp-json/oembed/1.0/embed?format=xml&url=http://weddingmonitor.com/any-wedding-can-go-smoothly-with-these-tips/ HTTP/1.1" 200 1433 "-" "Mozilla/5.0 AppleWebKit/537.36 (KHTML, like Gecko; compatible; Amazonbot/0.1; +https://developer.amazon.com/support/amazonbot) Chrome/119.0.6045.214 Safari/537.36"
54.39.210.13 - - [28/Apr/2026:08:59:43 +0000] "GET /author/h0tn1ch3s/page/5/?amp HTTP/1.1" 200 15987 "-" "Mozilla/5.0 (compatible; AhrefsBot/7.0; +http://ahrefs.com/robot/)"
57.141.18.113 - - [28/Apr/2026:09:04:31 +0000] "GET /great-weddings-start-with-great-plans-use-this-advice-for-your-own/ HTTP/1.1" 200 78535 "-" "meta-externalagent/1.1 (+https://developers.facebook.com/docs/sharing/webmasters/crawler)"
216.244.66.238 - - [28/Apr/2026:09:14:44 +0000] "GET /robots.txt HTTP/1.1" 200 274 "-" "Mozilla/5.0 (compatible; DotBot/1.2; +https://opensiteexplorer.org/dotbot; help@moz.com)"
184.94.212.206 - - [28/Apr/2026:09:15:32 +0000] "POST /wp-cron.php?doing_wp_cron=1777367732.5455210208892822265625 HTTP/1.1" 200 - "-" "WordPress/6.9.4; http://weddingmonitor.com"
142.44.220.128 - - [28/Apr/2026:09:15:30 +0000] "GET /author/h0tn1ch3s/page/10/?amp HTTP/1.1" 200 19459 "-" "Mozilla/5.0 (compatible; AhrefsBot/7.0; +http://ahrefs.com/robot/)"
78.159.131.56 - - [28/Apr/2026:09:22:54 +0000] "GET /txets.php HTTP/1.1" 404 56232 "-" "Mozilla/5.0 (Windows NT 10.0; Win64; x64) AppleWebKit/537.36 (KHTML, like Gecko) Chrome/131.0.0.0 Safari/537.36"
57.141.18.98 - - [28/Apr/2026:09:24:55 +0000] "GET /category-sitemap.xml HTTP/1.1" 200 995 "-" "meta-externalagent/1.1 (+https://developers.facebook.com/docs/sharing/webmasters/crawler)"
57.141.18.103 - - [28/Apr/2026:09:25:10 +0000] "GET /all-you-need-to-know-about-great-wedding-ceremonies/ HTTP/1.1" 200 81248 "-" "meta-externalagent/1.1 (+https://developers.facebook.com/docs/sharing/webmasters/crawler)"
184.94.212.206 - - [28/Apr/2026:09:28:11 +0000] "POST /wp-cron.php?doing_wp_cron=1777368491.2225739955902099609375 HTTP/1.1" 200 - "-" "WordPress/6.9.4; http://weddingmonitor.com"
216.73.217.52 - - [28/Apr/2026:09:28:10 +0000] "GET /sitemap.xml HTTP/1.1" 200 300 "-" "Mozilla/5.0 AppleWebKit/537.36 (KHTML, like Gecko; compatible; ClaudeBot/1.0; +claudebot@anthropic.com)"
