20.89.19.162 - - [27/Apr/2026:19:59:06 +0000] "GET /defaults.php HTTP/1.1" 404 14888 "-" "Mozilla/5.0 (Windows NT 10.0; Win64; x64) AppleWebKit/537.36 (KHTML, like Gecko) Chrome/120.0.0.0 Safari/537.36"
20.89.19.162 - - [27/Apr/2026:19:59:07 +0000] "GET /.well-known/ HTTP/1.1" 404 14893 "-" "Mozilla/5.0 (Windows NT 10.0; Win64; x64) AppleWebKit/537.36 (KHTML, like Gecko) Chrome/120.0.0.0 Safari/537.36"
20.89.19.162 - - [27/Apr/2026:19:59:09 +0000] "GET /info.php HTTP/1.1" 404 14886 "-" "Mozilla/5.0 (Windows NT 10.0; Win64; x64) AppleWebKit/537.36 (KHTML, like Gecko) Chrome/120.0.0.0 Safari/537.36"
20.89.19.162 - - [27/Apr/2026:19:59:10 +0000] "GET /cgi-bin/ HTTP/1.1" 404 14889 "-" "Mozilla/5.0 (Windows NT 10.0; Win64; x64) AppleWebKit/537.36 (KHTML, like Gecko) Chrome/120.0.0.0 Safari/537.36"
20.89.19.162 - - [27/Apr/2026:19:59:11 +0000] "GET /wp-includes/Requests/src/Response/about.php HTTP/1.1" 404 14853 "-" "Mozilla/5.0 (Windows NT 10.0; Win64; x64) AppleWebKit/537.36 (KHTML, like Gecko) Chrome/120.0.0.0 Safari/537.36"
20.89.19.162 - - [27/Apr/2026:19:59:12 +0000] "GET /wp-includes/html-api/ HTTP/1.1" 404 14893 "-" "Mozilla/5.0 (Windows NT 10.0; Win64; x64) AppleWebKit/537.36 (KHTML, like Gecko) Chrome/120.0.0.0 Safari/537.36"
20.89.19.162 - - [27/Apr/2026:19:59:13 +0000] "GET /wp-content/admin.php HTTP/1.1" 404 14890 "-" "Mozilla/5.0 (Windows NT 10.0; Win64; x64) AppleWebKit/537.36 (KHTML, like Gecko) Chrome/120.0.0.0 Safari/537.36"
20.89.19.162 - - [27/Apr/2026:19:59:14 +0000] "GET /wp-admin/css/colors/ectoplasm/ HTTP/1.1" 404 14852 "-" "Mozilla/5.0 (Windows NT 10.0; Win64; x64) AppleWebKit/537.36 (KHTML, like Gecko) Chrome/120.0.0.0 Safari/537.36"
20.89.19.162 - - [27/Apr/2026:19:59:15 +0000] "GET /wp-content/uploads/ HTTP/1.1" 404 14887 "-" "Mozilla/5.0 (Windows NT 10.0; Win64; x64) AppleWebKit/537.36 (KHTML, like Gecko) Chrome/120.0.0.0 Safari/537.36"
20.89.19.162 - - [27/Apr/2026:19:59:16 +0000] "GET /wp-content/themes/admin.php HTTP/1.1" 404 14842 "-" "Mozilla/5.0 (Windows NT 10.0; Win64; x64) AppleWebKit/537.36 (KHTML, like Gecko) Chrome/120.0.0.0 Safari/537.36"
20.89.19.162 - - [27/Apr/2026:19:59:17 +0000] "GET /wp-content/themes/index.php HTTP/1.1" 301 - "-" "Mozilla/5.0 (Windows NT 10.0; Win64; x64) AppleWebKit/537.36 (KHTML, like Gecko) Chrome/120.0.0.0 Safari/537.36"
20.89.19.162 - - [27/Apr/2026:19:59:18 +0000] "GET /wp-content/plugins/index.php HTTP/1.1" 301 - "-" "Mozilla/5.0 (Windows NT 10.0; Win64; x64) AppleWebKit/537.36 (KHTML, like Gecko) Chrome/120.0.0.0 Safari/537.36"
20.89.19.162 - - [27/Apr/2026:19:59:19 +0000] "GET /wp-includes/PHPMailer/ HTTP/1.1" 404 14896 "-" "Mozilla/5.0 (Windows NT 10.0; Win64; x64) AppleWebKit/537.36 (KHTML, like Gecko) Chrome/120.0.0.0 Safari/537.36"
20.89.19.162 - - [27/Apr/2026:19:59:20 +0000] "GET /wp-includes/images/ HTTP/1.1" 404 14891 "-" "Mozilla/5.0 (Windows NT 10.0; Win64; x64) AppleWebKit/537.36 (KHTML, like Gecko) Chrome/120.0.0.0 Safari/537.36"
20.89.19.162 - - [27/Apr/2026:19:59:21 +0000] "GET /wp-content/plugins/WordPressCore/ HTTP/1.1" 404 14843 "-" "Mozilla/5.0 (Windows NT 10.0; Win64; x64) AppleWebKit/537.36 (KHTML, like Gecko) Chrome/120.0.0.0 Safari/537.36"
184.94.212.206 - - [27/Apr/2026:20:01:31 +0000] "POST /wp-cron.php?doing_wp_cron=1777320091.8742799758911132812500 HTTP/1.1" 200 - "-" "WordPress/6.9.4; https://weddingmonitor.com"
114.119.142.85 - - [27/Apr/2026:20:01:30 +0000] "GET /2020/02/page/2?amp HTTP/1.1" 301 - "https://weddingmonitor.com/2020/02/page/2" "Mozilla/5.0 (Linux; Android 7.0;) AppleWebKit/537.36 (HTML, like Gecko) Mobile Safari/537.36 (compatible; PetalBot;+https://webmaster.petalsearch.com/site/petalbot)"
114.119.142.85 - - [27/Apr/2026:20:01:32 +0000] "GET /2020/02/page/2/?amp HTTP/1.1" 200 19376 "https://weddingmonitor.com/2020/02/page/2" "Mozilla/5.0 (Linux; Android 7.0;) AppleWebKit/537.36 (HTML, like Gecko) Mobile Safari/537.36 (compatible; PetalBot;+https://webmaster.petalsearch.com/site/petalbot)"
192.0.102.230 - - [27/Apr/2026:20:02:21 +0000] "HEAD / HTTP/1.1" 200 - "-" "jetmon/1.0 (Jetpack Site Uptime Monitor by WordPress.com)"
184.94.212.206 - - [27/Apr/2026:20:05:46 +0000] "POST /wp-cron.php?doing_wp_cron=1777320346.7797949314117431640625 HTTP/1.1" 200 - "-" "WordPress/6.9.4; https://weddingmonitor.com"
114.119.142.43 - - [27/Apr/2026:20:05:45 +0000] "GET /2020/02/page/2/?noamp=mobile HTTP/1.1" 200 19384 "https://weddingmonitor.com/2020/02/page/2/?noamp=mobile" "Mozilla/5.0 (Linux; Android 7.0;) AppleWebKit/537.36 (HTML, like Gecko) Mobile Safari/537.36 (compatible; PetalBot;+https://webmaster.petalsearch.com/site/petalbot)"
192.0.102.230 - - [27/Apr/2026:20:07:25 +0000] "HEAD / HTTP/1.1" 200 - "-" "jetmon/1.0 (Jetpack Site Uptime Monitor by WordPress.com)"
57.141.18.51 - - [27/Apr/2026:20:08:28 +0000] "GET /wp-content/uploads/2020/03/great_ideas_to_help_make_your_wedding_day_perfect.jpg HTTP/1.1" 200 - "-" "meta-externalagent/1.1 (+https://developers.facebook.com/docs/sharing/webmasters/crawler)"
184.94.212.206 - - [27/Apr/2026:20:10:34 +0000] "POST /wp-cron.php?doing_wp_cron=1777320634.8121900558471679687500 HTTP/1.1" 200 - "-" "WordPress/6.9.4; https://weddingmonitor.com"
17.246.15.175 - - [27/Apr/2026:20:10:32 +0000] "GET /tag/catering/feed/ HTTP/1.1" 200 2898 "-" "Mozilla/5.0 (Macintosh; Intel Mac OS X 10_15_7) AppleWebKit/605.1.15 (KHTML, like Gecko) Version/17.4 Safari/605.1.15 (Applebot/0.1; +http://www.apple.com/go/applebot)"
114.119.133.120 - - [27/Apr/2026:20:10:52 +0000] "GET /great-ideas-to-help-make-your-wedding-day-perfect?share=x&amp HTTP/1.1" 302 - "https://weddingmonitor.com/great-ideas-to-help-make-your-wedding-day-perfect?amp" "Mozilla/5.0 (Linux; Android 7.0;) AppleWebKit/537.36 (HTML, like Gecko) Mobile Safari/537.36 (compatible; PetalBot;+https://webmaster.petalsearch.com/site/petalbot)"
192.0.102.230 - - [27/Apr/2026:20:12:21 +0000] "HEAD / HTTP/1.1" 200 - "-" "jetmon/1.0 (Jetpack Site Uptime Monitor by WordPress.com)"
184.94.212.206 - - [27/Apr/2026:20:14:46 +0000] "POST /wp-cron.php?doing_wp_cron=1777320886.2357790470123291015625 HTTP/1.1" 200 - "-" "WordPress/6.9.4; https://weddingmonitor.com"
114.119.158.157 - - [27/Apr/2026:20:14:44 +0000] "GET /2020/02/?amp HTTP/1.1" 200 19893 "https://weddingmonitor.com/2020/02/?amp" "Mozilla/5.0 (Linux; Android 7.0;) AppleWebKit/537.36 (HTML, like Gecko) Mobile Safari/537.36 (compatible; PetalBot;+https://webmaster.petalsearch.com/site/petalbot)"
184.94.212.206 - - [27/Apr/2026:20:16:50 +0000] "POST /wp-cron.php?doing_wp_cron=1777321010.9313778877258300781250 HTTP/1.1" 200 - "-" "WordPress/6.9.4; https://weddingmonitor.com"
2.57.168.14 - - [27/Apr/2026:20:16:48 +0000] "GET /wp-login.php HTTP/1.1" 200 3722 "-" "Mozilla/5.0"
2.57.168.14 - - [27/Apr/2026:20:16:51 +0000] "GET /?author=1 HTTP/1.1" 404 14930 "-" "Mozilla/5.0"
2.57.168.14 - - [27/Apr/2026:20:16:52 +0000] "GET /?rest_route=/wp/v2/users HTTP/1.1" 200 1721 "-" "Mozilla/5.0"
192.0.102.230 - - [27/Apr/2026:20:17:21 +0000] "HEAD / HTTP/1.1" 200 - "-" "jetmon/1.0 (Jetpack Site Uptime Monitor by WordPress.com)"
184.94.212.206 - - [27/Apr/2026:20:18:36 +0000] "POST /wp-cron.php?doing_wp_cron=1777321116.7038030624389648437500 HTTP/1.1" 200 - "-" "WordPress/6.9.4; https://weddingmonitor.com"
114.119.141.4 - - [27/Apr/2026:20:18:35 +0000] "GET /advice-for-making-your-wedding-a-memorable-experience/?share=facebook&amp HTTP/1.1" 302 - "https://weddingmonitor.com/advice-for-making-your-wedding-a-memorable-experience?amp" "Mozilla/5.0 (Linux; Android 7.0;) AppleWebKit/537.36 (HTML, like Gecko) Mobile Safari/537.36 (compatible; PetalBot;+https://webmaster.petalsearch.com/site/petalbot)"
184.94.212.206 - - [27/Apr/2026:20:20:50 +0000] "POST /wp-cron.php?doing_wp_cron=1777321250.6186509132385253906250 HTTP/1.1" 200 - "-" "WordPress/6.9.4; https://weddingmonitor.com"
20.196.201.163 - - [27/Apr/2026:20:20:49 +0000] "GET /ioxi-o.php HTTP/1.1" 404 14930 "-" "Mozilla/5.0 (Windows NT 10.0; Win64; x64) AppleWebKit/537.36 (KHTML, like Gecko) Chrome/120.0.0.0 Safari/537.36"
20.196.201.163 - - [27/Apr/2026:20:20:50 +0000] "GET /rip.php HTTP/1.1" 404 14927 "-" "Mozilla/5.0 (Windows NT 10.0; Win64; x64) AppleWebKit/537.36 (KHTML, like Gecko) Chrome/120.0.0.0 Safari/537.36"
20.196.201.163 - - [27/Apr/2026:20:20:53 +0000] "GET /admin.php HTTP/1.1" 404 14928 "-" "Mozilla/5.0 (Windows NT 10.0; Win64; x64) AppleWebKit/537.36 (KHTML, like Gecko) Chrome/120.0.0.0 Safari/537.36"
20.196.201.163 - - [27/Apr/2026:20:20:55 +0000] "GET /wp-content/uploads/index.php HTTP/1.1" 301 - "-" "Mozilla/5.0 (Windows NT 10.0; Win64; x64) AppleWebKit/537.36 (KHTML, like Gecko) Chrome/120.0.0.0 Safari/537.36"
20.196.201.163 - - [27/Apr/2026:20:20:56 +0000] "GET /cache.php HTTP/1.1" 404 14927 "-" "Mozilla/5.0 (Windows NT 10.0; Win64; x64) AppleWebKit/537.36 (KHTML, like Gecko) Chrome/120.0.0.0 Safari/537.36"
20.196.201.163 - - [27/Apr/2026:20:20:57 +0000] "GET /themes.php HTTP/1.1" 404 14927 "-" "Mozilla/5.0 (Windows NT 10.0; Win64; x64) AppleWebKit/537.36 (KHTML, like Gecko) Chrome/120.0.0.0 Safari/537.36"
20.196.201.163 - - [27/Apr/2026:20:20:58 +0000] "GET /an.php HTTP/1.1" 404 14926 "-" "Mozilla/5.0 (Windows NT 10.0; Win64; x64) AppleWebKit/537.36 (KHTML, like Gecko) Chrome/120.0.0.0 Safari/537.36"
20.196.201.163 - - [27/Apr/2026:20:20:59 +0000] "GET /randkeyword.PhP7 HTTP/1.1" 404 14937 "-" "Mozilla/5.0 (Windows NT 10.0; Win64; x64) AppleWebKit/537.36 (KHTML, like Gecko) Chrome/120.0.0.0 Safari/537.36"
20.196.201.163 - - [27/Apr/2026:20:21:00 +0000] "GET /ws.php HTTP/1.1" 404 14927 "-" "Mozilla/5.0 (Windows NT 10.0; Win64; x64) AppleWebKit/537.36 (KHTML, like Gecko) Chrome/120.0.0.0 Safari/537.36"
20.196.201.163 - - [27/Apr/2026:20:21:02 +0000] "GET /404.php HTTP/1.1" 404 14927 "-" "Mozilla/5.0 (Windows NT 10.0; Win64; x64) AppleWebKit/537.36 (KHTML, like Gecko) Chrome/120.0.0.0 Safari/537.36"
20.196.201.163 - - [27/Apr/2026:20:21:03 +0000] "GET /wp-admin/user.php HTTP/1.1" 404 14930 "-" "Mozilla/5.0 (Windows NT 10.0; Win64; x64) AppleWebKit/537.36 (KHTML, like Gecko) Chrome/120.0.0.0 Safari/537.36"
20.196.201.163 - - [27/Apr/2026:20:21:04 +0000] "GET /wp-conf.php HTTP/1.1" 404 14928 "-" "Mozilla/5.0 (Windows NT 10.0; Win64; x64) AppleWebKit/537.36 (KHTML, like Gecko) Chrome/120.0.0.0 Safari/537.36"
20.196.201.163 - - [27/Apr/2026:20:21:05 +0000] "GET /wp-content/themes/hideo/network.php HTTP/1.1" 404 14887 "-" "Mozilla/5.0 (Windows NT 10.0; Win64; x64) AppleWebKit/537.36 (KHTML, like Gecko) Chrome/120.0.0.0 Safari/537.36"
20.196.201.163 - - [27/Apr/2026:20:21:06 +0000] "GET /wp-login.php HTTP/1.1" 200 3507 "-" "Mozilla/5.0 (Windows NT 10.0; Win64; x64) AppleWebKit/537.36 (KHTML, like Gecko) Chrome/120.0.0.0 Safari/537.36"
20.196.201.163 - - [27/Apr/2026:20:21:08 +0000] "GET /abc.php HTTP/1.1" 404 14927 "-" "Mozilla/5.0 (Windows NT 10.0; Win64; x64) AppleWebKit/537.36 (KHTML, like Gecko) Chrome/120.0.0.0 Safari/537.36"
20.196.201.163 - - [27/Apr/2026:20:21:09 +0000] "GET /abcd.php HTTP/1.1" 404 14928 "-" "Mozilla/5.0 (Windows NT 10.0; Win64; x64) AppleWebKit/537.36 (KHTML, like Gecko) Chrome/120.0.0.0 Safari/537.36"
20.196.201.163 - - [27/Apr/2026:20:21:10 +0000] "GET /as.php HTTP/1.1" 404 14926 "-" "Mozilla/5.0 (Windows NT 10.0; Win64; x64) AppleWebKit/537.36 (KHTML, like Gecko) Chrome/120.0.0.0 Safari/537.36"
20.196.201.163 - - [27/Apr/2026:20:21:11 +0000] "GET /wp-trackback.php HTTP/1.1" 404 130 "-" "Mozilla/5.0 (Windows NT 10.0; Win64; x64) AppleWebKit/537.36 (KHTML, like Gecko) Chrome/120.0.0.0 Safari/537.36"
20.196.201.163 - - [27/Apr/2026:20:21:12 +0000] "GET /about.php HTTP/1.1" 404 14927 "-" "Mozilla/5.0 (Windows NT 10.0; Win64; x64) AppleWebKit/537.36 (KHTML, like Gecko) Chrome/120.0.0.0 Safari/537.36"
20.196.201.163 - - [27/Apr/2026:20:21:13 +0000] "GET /file.php HTTP/1.1" 404 14927 "-" "Mozilla/5.0 (Windows NT 10.0; Win64; x64) AppleWebKit/537.36 (KHTML, like Gecko) Chrome/120.0.0.0 Safari/537.36"
20.196.201.163 - - [27/Apr/2026:20:21:14 +0000] "GET /adminfuns.php HTTP/1.1" 404 14931 "-" "Mozilla/5.0 (Windows NT 10.0; Win64; x64) AppleWebKit/537.36 (KHTML, like Gecko) Chrome/120.0.0.0 Safari/537.36"
20.196.201.163 - - [27/Apr/2026:20:21:16 +0000] "GET /wp-good.php HTTP/1.1" 404 14929 "-" "Mozilla/5.0 (Windows NT 10.0; Win64; x64) AppleWebKit/537.36 (KHTML, like Gecko) Chrome/120.0.0.0 Safari/537.36"
20.196.201.163 - - [27/Apr/2026:20:21:17 +0000] "GET /xmlrpc.php HTTP/1.1" 404 14927 "-" "Mozilla/5.0 (Windows NT 10.0; Win64; x64) AppleWebKit/537.36 (KHTML, like Gecko) Chrome/120.0.0.0 Safari/537.36"
20.196.201.163 - - [27/Apr/2026:20:21:19 +0000] "GET /goods.php HTTP/1.1" 404 14928 "-" "Mozilla/5.0 (Windows NT 10.0; Win64; x64) AppleWebKit/537.36 (KHTML, like Gecko) Chrome/120.0.0.0 Safari/537.36"
20.196.201.163 - - [27/Apr/2026:20:21:20 +0000] "GET /class-t.api.php HTTP/1.1" 404 14932 "-" "Mozilla/5.0 (Windows NT 10.0; Win64; x64) AppleWebKit/537.36 (KHTML, like Gecko) Chrome/120.0.0.0 Safari/537.36"
20.196.201.163 - - [27/Apr/2026:20:21:21 +0000] "GET /sf.php HTTP/1.1" 404 14926 "-" "Mozilla/5.0 (Windows NT 10.0; Win64; x64) AppleWebKit/537.36 (KHTML, like Gecko) Chrome/120.0.0.0 Safari/537.36"
20.196.201.163 - - [27/Apr/2026:20:21:22 +0000] "GET /kbfr.php HTTP/1.1" 404 14928 "-" "Mozilla/5.0 (Windows NT 10.0; Win64; x64) AppleWebKit/537.36 (KHTML, like Gecko) Chrome/120.0.0.0 Safari/537.36"
20.196.201.163 - - [27/Apr/2026:20:21:24 +0000] "GET /autoload_classmap.php HTTP/1.1" 404 14936 "-" "Mozilla/5.0 (Windows NT 10.0; Win64; x64) AppleWebKit/537.36 (KHTML, like Gecko) Chrome/120.0.0.0 Safari/537.36"
20.196.201.163 - - [27/Apr/2026:20:21:25 +0000] "GET /chosen.php?p= HTTP/1.1" 301 - "-" "Mozilla/5.0 (Windows NT 10.0; Win64; x64) AppleWebKit/537.36 (KHTML, like Gecko) Chrome/120.0.0.0 Safari/537.36"
20.196.201.163 - - [27/Apr/2026:20:21:26 +0000] "GET /classwithtostring.php HTTP/1.1" 404 14933 "-" "Mozilla/5.0 (Windows NT 10.0; Win64; x64) AppleWebKit/537.36 (KHTML, like Gecko) Chrome/120.0.0.0 Safari/537.36"
20.196.201.163 - - [27/Apr/2026:20:21:27 +0000] "GET /defaults.php HTTP/1.1" 404 14928 "-" "Mozilla/5.0 (Windows NT 10.0; Win64; x64) AppleWebKit/537.36 (KHTML, like Gecko) Chrome/120.0.0.0 Safari/537.36"
20.196.201.163 - - [27/Apr/2026:20:21:28 +0000] "GET /.well-known/ HTTP/1.1" 404 14932 "-" "Mozilla/5.0 (Windows NT 10.0; Win64; x64) AppleWebKit/537.36 (KHTML, like Gecko) Chrome/120.0.0.0 Safari/537.36"
20.196.201.163 - - [27/Apr/2026:20:21:30 +0000] "GET /info.php HTTP/1.1" 404 14927 "-" "Mozilla/5.0 (Windows NT 10.0; Win64; x64) AppleWebKit/537.36 (KHTML, like Gecko) Chrome/120.0.0.0 Safari/537.36"
20.196.201.163 - - [27/Apr/2026:20:21:31 +0000] "GET /cgi-bin/ HTTP/1.1" 404 14930 "-" "Mozilla/5.0 (Windows NT 10.0; Win64; x64) AppleWebKit/537.36 (KHTML, like Gecko) Chrome/120.0.0.0 Safari/537.36"
20.196.201.163 - - [27/Apr/2026:20:21:32 +0000] "GET /wp-includes/Requests/src/Response/about.php HTTP/1.1" 404 14893 "-" "Mozilla/5.0 (Windows NT 10.0; Win64; x64) AppleWebKit/537.36 (KHTML, like Gecko) Chrome/120.0.0.0 Safari/537.36"
20.196.201.163 - - [27/Apr/2026:20:21:34 +0000] "GET /wp-includes/html-api/ HTTP/1.1" 404 14933 "-" "Mozilla/5.0 (Windows NT 10.0; Win64; x64) AppleWebKit/537.36 (KHTML, like Gecko) Chrome/120.0.0.0 Safari/537.36"
20.196.201.163 - - [27/Apr/2026:20:21:35 +0000] "GET /wp-content/admin.php HTTP/1.1" 404 14930 "-" "Mozilla/5.0 (Windows NT 10.0; Win64; x64) AppleWebKit/537.36 (KHTML, like Gecko) Chrome/120.0.0.0 Safari/537.36"
20.196.201.163 - - [27/Apr/2026:20:21:36 +0000] "GET /wp-admin/css/colors/ectoplasm/ HTTP/1.1" 404 14892 "-" "Mozilla/5.0 (Windows NT 10.0; Win64; x64) AppleWebKit/537.36 (KHTML, like Gecko) Chrome/120.0.0.0 Safari/537.36"
20.196.201.163 - - [27/Apr/2026:20:21:37 +0000] "GET /wp-content/uploads/ HTTP/1.1" 404 14926 "-" "Mozilla/5.0 (Windows NT 10.0; Win64; x64) AppleWebKit/537.36 (KHTML, like Gecko) Chrome/120.0.0.0 Safari/537.36"
20.196.201.163 - - [27/Apr/2026:20:21:39 +0000] "GET /wp-content/themes/admin.php HTTP/1.1" 404 14882 "-" "Mozilla/5.0 (Windows NT 10.0; Win64; x64) AppleWebKit/537.36 (KHTML, like Gecko) Chrome/120.0.0.0 Safari/537.36"
20.196.201.163 - - [27/Apr/2026:20:21:41 +0000] "GET /wp-content/themes/index.php HTTP/1.1" 301 - "-" "Mozilla/5.0 (Windows NT 10.0; Win64; x64) AppleWebKit/537.36 (KHTML, like Gecko) Chrome/120.0.0.0 Safari/537.36"
20.196.201.163 - - [27/Apr/2026:20:21:42 +0000] "GET /wp-content/plugins/index.php HTTP/1.1" 301 - "-" "Mozilla/5.0 (Windows NT 10.0; Win64; x64) AppleWebKit/537.36 (KHTML, like Gecko) Chrome/120.0.0.0 Safari/537.36"
20.196.201.163 - - [27/Apr/2026:20:21:43 +0000] "GET /wp-includes/PHPMailer/ HTTP/1.1" 404 14936 "-" "Mozilla/5.0 (Windows NT 10.0; Win64; x64) AppleWebKit/537.36 (KHTML, like Gecko) Chrome/120.0.0.0 Safari/537.36"
20.196.201.163 - - [27/Apr/2026:20:21:44 +0000] "GET /wp-includes/images/ HTTP/1.1" 404 14930 "-" "Mozilla/5.0 (Windows NT 10.0; Win64; x64) AppleWebKit/537.36 (KHTML, like Gecko) Chrome/120.0.0.0 Safari/537.36"
20.196.201.163 - - [27/Apr/2026:20:21:46 +0000] "GET /wp-content/plugins/WordPressCore/ HTTP/1.1" 404 14883 "-" "Mozilla/5.0 (Windows NT 10.0; Win64; x64) AppleWebKit/537.36 (KHTML, like Gecko) Chrome/120.0.0.0 Safari/537.36"
192.0.102.230 - - [27/Apr/2026:20:22:20 +0000] "HEAD / HTTP/1.1" 200 - "-" "jetmon/1.0 (Jetpack Site Uptime Monitor by WordPress.com)"
184.94.212.206 - - [27/Apr/2026:20:22:30 +0000] "POST /wp-cron.php?doing_wp_cron=1777321350.9450700283050537109375 HTTP/1.1" 200 - "-" "WordPress/6.9.4; https://weddingmonitor.com"
114.119.142.43 - - [27/Apr/2026:20:22:29 +0000] "GET /2020/03/page/4/?noamp=mobile HTTP/1.1" 200 17154 "https://weddingmonitor.com/2020/03/page/5/?noamp=mobile" "Mozilla/5.0 (Linux; Android 7.0;) AppleWebKit/537.36 (HTML, like Gecko) Mobile Safari/537.36 (compatible; PetalBot;+https://webmaster.petalsearch.com/site/petalbot)"
52.167.144.190 - - [27/Apr/2026:20:23:12 +0000] "GET /sitemap.xml HTTP/1.1" 200 300 "-" "Mozilla/5.0 AppleWebKit/537.36 (KHTML, like Gecko; compatible; bingbot/2.0; +http://www.bing.com/bingbot.htm) Chrome/116.0.1938.76 Safari/537.36"
184.94.212.206 - - [27/Apr/2026:20:27:21 +0000] "POST /wp-cron.php?doing_wp_cron=1777321641.0977790355682373046875 HTTP/1.1" 200 - "-" "WordPress/6.9.4; https://weddingmonitor.com"
192.0.102.230 - - [27/Apr/2026:20:27:19 +0000] "HEAD / HTTP/1.1" 200 - "-" "jetmon/1.0 (Jetpack Site Uptime Monitor by WordPress.com)"
184.94.212.206 - - [27/Apr/2026:20:32:21 +0000] "POST /wp-cron.php?doing_wp_cron=1777321941.7584910392761230468750 HTTP/1.1" 200 - "-" "WordPress/6.9.4; https://weddingmonitor.com"
192.0.102.230 - - [27/Apr/2026:20:32:20 +0000] "HEAD / HTTP/1.1" 200 - "-" "jetmon/1.0 (Jetpack Site Uptime Monitor by WordPress.com)"
184.94.212.206 - - [27/Apr/2026:20:37:22 +0000] "POST /wp-cron.php?doing_wp_cron=1777322242.8592178821563720703125 HTTP/1.1" 200 - "-" "WordPress/6.9.4; https://weddingmonitor.com"
192.0.102.230 - - [27/Apr/2026:20:37:21 +0000] "HEAD / HTTP/1.1" 200 - "-" "jetmon/1.0 (Jetpack Site Uptime Monitor by WordPress.com)"
114.119.154.9 - - [27/Apr/2026:20:38:04 +0000] "GET /page/11/?noamp=mobile HTTP/1.1" 200 19882 "https://weddingmonitor.com/page/10/?noamp=mobile" "Mozilla/5.0 (Linux; Android 7.0;) AppleWebKit/537.36 (HTML, like Gecko) Mobile Safari/537.36 (compatible; PetalBot;+https://webmaster.petalsearch.com/site/petalbot)"
43.153.62.161 - - [27/Apr/2026:20:39:36 +0000] "GET /wedding-tips-5-things-you-shouldnt-skimp-on/ HTTP/1.1" 200 22624 "-" "Mozilla/5.0 (iPhone; CPU iPhone OS 13_2_3 like Mac OS X) AppleWebKit/605.1.15 (KHTML, like Gecko) Version/13.0.3 Mobile/15E148 Safari/604.1"
184.94.212.206 - - [27/Apr/2026:20:42:24 +0000] "POST /wp-cron.php?doing_wp_cron=1777322544.7703270912170410156250 HTTP/1.1" 200 - "-" "WordPress/6.9.4; https://weddingmonitor.com"
192.0.102.230 - - [27/Apr/2026:20:42:22 +0000] "HEAD / HTTP/1.1" 200 - "-" "jetmon/1.0 (Jetpack Site Uptime Monitor by WordPress.com)"
77.75.76.163 - - [27/Apr/2026:20:43:43 +0000] "GET /category/destination-wedding/ HTTP/1.1" 200 19631 "-" "Mozilla/5.0 (compatible; SeznamBot/4.0; +https://o-seznam.cz/napoveda/vyhledavani/en/seznambot-crawler/)"
184.94.212.206 - - [27/Apr/2026:20:47:23 +0000] "POST /wp-cron.php?doing_wp_cron=1777322843.7104260921478271484375 HTTP/1.1" 200 - "-" "WordPress/6.9.4; https://weddingmonitor.com"
192.0.102.230 - - [27/Apr/2026:20:47:22 +0000] "HEAD / HTTP/1.1" 200 - "-" "jetmon/1.0 (Jetpack Site Uptime Monitor by WordPress.com)"
43.157.172.39 - - [27/Apr/2026:20:47:30 +0000] "GET /page/2/ HTTP/1.1" 200 16932 "-" "Mozilla/5.0 (iPhone; CPU iPhone OS 13_2_3 like Mac OS X) AppleWebKit/605.1.15 (KHTML, like Gecko) Version/13.0.3 Mobile/15E148 Safari/604.1"
146.174.172.150 - - [27/Apr/2026:20:50:44 +0000] "GET /author/h0tn1ch3s/page/8/?noamp=mobile HTTP/1.1" 200 17595 "-" "Mozilla/5.0 (Macintosh; U; Intel Mac OS X; en-us) AppleWebKit/419.2.1 (KHTML, like Gecko) Safari/419.3"
184.94.212.206 - - [27/Apr/2026:20:52:23 +0000] "POST /wp-cron.php?doing_wp_cron=1777323143.6511929035186767578125 HTTP/1.1" 200 - "-" "WordPress/6.9.4; https://weddingmonitor.com"
192.0.102.230 - - [27/Apr/2026:20:52:22 +0000] "HEAD / HTTP/1.1" 200 - "-" "jetmon/1.0 (Jetpack Site Uptime Monitor by WordPress.com)"
184.94.212.206 - - [27/Apr/2026:20:56:37 +0000] "POST /wp-cron.php?doing_wp_cron=1777323397.6567161083221435546875 HTTP/1.1" 200 - "-" "WordPress/6.9.4; https://weddingmonitor.com"
196.121.17.49 - - [27/Apr/2026:20:56:36 +0000] "GET /tag/tan-lines/ HTTP/1.1" 200 15899 "-" "Mozilla/5.0 (Windows NT 5.1) AppleWebKit/537.36 (KHTML, like Gecko) Chrome/27.0.1453.93 Safari/537.36"
184.94.212.206 - - [27/Apr/2026:20:57:23 +0000] "POST /wp-cron.php?doing_wp_cron=1777323443.6660389900207519531250 HTTP/1.1" 200 - "-" "WordPress/6.9.4; https://weddingmonitor.com"
192.0.102.230 - - [27/Apr/2026:20:57:22 +0000] "HEAD / HTTP/1.1" 200 - "-" "jetmon/1.0 (Jetpack Site Uptime Monitor by WordPress.com)"
184.94.212.206 - - [27/Apr/2026:21:00:24 +0000] "POST /wp-cron.php?doing_wp_cron=1777323624.7684609889984130859375 HTTP/1.1" 200 - "-" "WordPress/6.9.4; https://weddingmonitor.com"
114.119.142.43 - - [27/Apr/2026:21:00:23 +0000] "GET /wedding-tips-that-might-help-you-save-money/?share=x&amp HTTP/1.1" 302 - "https://weddingmonitor.com/wedding-tips-that-might-help-you-save-money?amp" "Mozilla/5.0 (Linux; Android 7.0;) AppleWebKit/537.36 (HTML, like Gecko) Mobile Safari/537.36 (compatible; PetalBot;+https://webmaster.petalsearch.com/site/petalbot)"
184.94.212.206 - - [27/Apr/2026:21:02:28 +0000] "POST /wp-cron.php?doing_wp_cron=1777323748.7334959506988525390625 HTTP/1.1" 200 - "-" "WordPress/6.9.4; https://weddingmonitor.com"
192.0.102.230 - - [27/Apr/2026:21:02:27 +0000] "HEAD / HTTP/1.1" 200 - "-" "jetmon/1.0 (Jetpack Site Uptime Monitor by WordPress.com)"
184.94.212.206 - - [27/Apr/2026:21:04:16 +0000] "POST /wp-cron.php?doing_wp_cron=1777323856.5716168880462646484375 HTTP/1.1" 200 - "-" "WordPress/6.9.4; https://weddingmonitor.com"
114.119.147.0 - - [27/Apr/2026:21:04:15 +0000] "GET /wedding-planning-advice-for-the-busy-bride-and-groom/?share=x&amp HTTP/1.1" 302 - "https://weddingmonitor.com/wedding-planning-advice-for-the-busy-bride-and-groom/?amp" "Mozilla/5.0 (Linux; Android 7.0;) AppleWebKit/537.36 (HTML, like Gecko) Mobile Safari/537.36 (compatible; PetalBot;+https://webmaster.petalsearch.com/site/petalbot)"
184.94.212.206 - - [27/Apr/2026:21:06:27 +0000] "POST /wp-cron.php?doing_wp_cron=1777323987.9050040245056152343750 HTTP/1.1" 200 - "-" "WordPress/6.9.4; https://weddingmonitor.com"
77.75.76.165 - - [27/Apr/2026:21:06:25 +0000] "GET /charmed-here-are-some-lovely-wedding-ideas/ HTTP/1.1" 200 21230 "-" "Mozilla/5.0 (compatible; SeznamBot/4.0; +https://o-seznam.cz/napoveda/vyhledavani/en/seznambot-crawler/)"
43.135.134.127 - - [27/Apr/2026:21:06:31 +0000] "GET /copyright-dcma-notice/ HTTP/1.1" 200 19919 "-" "Mozilla/5.0 (iPhone; CPU iPhone OS 13_2_3 like Mac OS X) AppleWebKit/605.1.15 (KHTML, like Gecko) Version/13.0.3 Mobile/15E148 Safari/604.1"
184.94.212.206 - - [27/Apr/2026:21:07:22 +0000] "POST /wp-cron.php?doing_wp_cron=1777324042.8875489234924316406250 HTTP/1.1" 200 - "-" "WordPress/6.9.4; https://weddingmonitor.com"
192.0.102.230 - - [27/Apr/2026:21:07:21 +0000] "HEAD / HTTP/1.1" 200 - "-" "jetmon/1.0 (Jetpack Site Uptime Monitor by WordPress.com)"
184.94.212.206 - - [27/Apr/2026:21:08:05 +0000] "POST /wp-cron.php?doing_wp_cron=1777324085.4059700965881347656250 HTTP/1.1" 200 - "-" "WordPress/6.9.4; https://weddingmonitor.com"
114.119.142.43 - - [27/Apr/2026:21:08:03 +0000] "GET /planning-a-wedding-read-this-great-advice?noamp=mobile HTTP/1.1" 301 - "https://weddingmonitor.com/planning-a-wedding-read-this-great-advice?amp" "Mozilla/5.0 (Linux; Android 7.0;) AppleWebKit/537.36 (HTML, like Gecko) Mobile Safari/537.36 (compatible; PetalBot;+https://webmaster.petalsearch.com/site/petalbot)"
114.119.142.43 - - [27/Apr/2026:21:08:05 +0000] "GET /planning-a-wedding-read-this-great-advice/?noamp=mobile HTTP/1.1" 200 20414 "https://weddingmonitor.com/planning-a-wedding-read-this-great-advice?amp" "Mozilla/5.0 (Linux; Android 7.0;) AppleWebKit/537.36 (HTML, like Gecko) Mobile Safari/537.36 (compatible; PetalBot;+https://webmaster.petalsearch.com/site/petalbot)"
57.141.18.68 - - [27/Apr/2026:21:08:08 +0000] "GET /some-simple-advice-for-an-unforgettable-wedding/ HTTP/1.1" 200 84465 "-" "meta-externalagent/1.1 (+https://developers.facebook.com/docs/sharing/webmasters/crawler)"
222.254.72.13 - - [27/Apr/2026:21:09:05 +0000] "GET /wedding-tips-that-might-help-you-save-money/?amp HTTP/1.1" 200 21258 "-" "Mozilla/5.0 (Macintosh; Intel Mac OS X 10_7_3) AppleWebKit/537.36 (KHTML, like Gecko, Mediapartners-Google) Chrome/77.0.3865.99 Safari/537.36"
184.94.212.206 - - [27/Apr/2026:21:12:23 +0000] "POST /wp-cron.php?doing_wp_cron=1777324343.4973518848419189453125 HTTP/1.1" 200 - "-" "WordPress/6.9.4; https://weddingmonitor.com"
192.0.102.230 - - [27/Apr/2026:21:12:21 +0000] "HEAD / HTTP/1.1" 200 - "-" "jetmon/1.0 (Jetpack Site Uptime Monitor by WordPress.com)"
114.119.154.9 - - [27/Apr/2026:21:12:31 +0000] "GET /page/3/ HTTP/1.1" 200 16596 "https://weddingmonitor.com/page/4/" "Mozilla/5.0 (Linux; Android 7.0;) AppleWebKit/537.36 (KHTML, like Gecko) Mobile Safari/537.36 (compatible; PetalBot;+https://webmaster.petalsearch.com/site/petalbot)"
114.119.142.43 - - [27/Apr/2026:21:15:49 +0000] "GET /copyright-dcma-notice/?share=twitter HTTP/1.1" 302 - "https://weddingmonitor.com/copyright-dcma-notice/?noamp=mobile" "Mozilla/5.0 (Linux; Android 7.0;) AppleWebKit/537.36 (HTML, like Gecko) Mobile Safari/537.36 (compatible; PetalBot;+https://webmaster.petalsearch.com/site/petalbot)"
184.94.212.206 - - [27/Apr/2026:21:17:25 +0000] "POST /wp-cron.php?doing_wp_cron=1777324645.7475769519805908203125 HTTP/1.1" 200 - "-" "WordPress/6.9.4; https://weddingmonitor.com"
192.0.102.230 - - [27/Apr/2026:21:17:24 +0000] "HEAD / HTTP/1.1" 200 - "-" "jetmon/1.0 (Jetpack Site Uptime Monitor by WordPress.com)"
77.75.76.165 - - [27/Apr/2026:21:17:36 +0000] "GET /vendors/ HTTP/1.1" 200 15958 "-" "Mozilla/5.0 (compatible; SeznamBot/4.0; +https://o-seznam.cz/napoveda/vyhledavani/en/seznambot-crawler/)"
162.62.213.187 - - [27/Apr/2026:21:17:39 +0000] "GET /wp-json/oembed/1.0/embed?url=https%3A%2F%2Fweddingmonitor.com%2Fwedding-tips-5-things-you-shouldnt-skimp-on%2F&format=xml HTTP/1.1" 200 1454 "-" "Mozilla/5.0 (iPhone; CPU iPhone OS 13_2_3 like Mac OS X) AppleWebKit/605.1.15 (KHTML, like Gecko) Version/13.0.3 Mobile/15E148 Safari/604.1"
184.94.212.206 - - [27/Apr/2026:21:19:53 +0000] "POST /wp-cron.php?doing_wp_cron=1777324793.1394410133361816406250 HTTP/1.1" 200 - "-" "WordPress/6.9.4; https://weddingmonitor.com"
114.119.141.4 - - [27/Apr/2026:21:19:51 +0000] "GET /avoid-wedding-disasters-proper-planning-is-key/?share=x&amp HTTP/1.1" 302 - "https://weddingmonitor.com/avoid-wedding-disasters-proper-planning-is-key/?amp" "Mozilla/5.0 (Linux; Android 7.0;) AppleWebKit/537.36 (HTML, like Gecko) Mobile Safari/537.36 (compatible; PetalBot;+https://webmaster.petalsearch.com/site/petalbot)"
184.94.212.206 - - [27/Apr/2026:21:22:25 +0000] "POST /wp-cron.php?doing_wp_cron=1777324945.4276020526885986328125 HTTP/1.1" 200 - "-" "WordPress/6.9.4; https://weddingmonitor.com"
192.0.102.230 - - [27/Apr/2026:21:22:23 +0000] "HEAD / HTTP/1.1" 200 - "-" "jetmon/1.0 (Jetpack Site Uptime Monitor by WordPress.com)"
20.203.150.235 - - [27/Apr/2026:21:23:33 +0000] "GET /inputs.php HTTP/1.1" 404 14889 "-" "Mozilla/5.0 (Windows NT 10.0; Win64; x64) AppleWebKit/537.36 (KHTML, like Gecko) Chrome/120.0.0.0 Safari/537.36"
20.203.150.235 - - [27/Apr/2026:21:23:35 +0000] "GET /ioxi-o.php HTTP/1.1" 404 14890 "-" "Mozilla/5.0 (Windows NT 10.0; Win64; x64) AppleWebKit/537.36 (KHTML, like Gecko) Chrome/120.0.0.0 Safari/537.36"
20.203.150.235 - - [27/Apr/2026:21:23:36 +0000] "GET /function/function.php HTTP/1.1" 404 14890 "-" "Mozilla/5.0 (Windows NT 10.0; Win64; x64) AppleWebKit/537.36 (KHTML, like Gecko) Chrome/120.0.0.0 Safari/537.36"
20.203.150.235 - - [27/Apr/2026:21:23:37 +0000] "GET /rip.php HTTP/1.1" 404 14886 "-" "Mozilla/5.0 (Windows NT 10.0; Win64; x64) AppleWebKit/537.36 (KHTML, like Gecko) Chrome/120.0.0.0 Safari/537.36"
20.203.150.235 - - [27/Apr/2026:21:23:39 +0000] "GET /admin.php HTTP/1.1" 404 14888 "-" "Mozilla/5.0 (Windows NT 10.0; Win64; x64) AppleWebKit/537.36 (KHTML, like Gecko) Chrome/120.0.0.0 Safari/537.36"
20.203.150.235 - - [27/Apr/2026:21:23:40 +0000] "GET /wp-content/uploads/index.php HTTP/1.1" 301 - "-" "Mozilla/5.0 (Windows NT 10.0; Win64; x64) AppleWebKit/537.36 (KHTML, like Gecko) Chrome/120.0.0.0 Safari/537.36"
20.203.150.235 - - [27/Apr/2026:21:23:41 +0000] "GET /cache.php HTTP/1.1" 404 14888 "-" "Mozilla/5.0 (Windows NT 10.0; Win64; x64) AppleWebKit/537.36 (KHTML, like Gecko) Chrome/120.0.0.0 Safari/537.36"
20.203.150.235 - - [27/Apr/2026:21:23:42 +0000] "GET /themes.php HTTP/1.1" 404 14887 "-" "Mozilla/5.0 (Windows NT 10.0; Win64; x64) AppleWebKit/537.36 (KHTML, like Gecko) Chrome/120.0.0.0 Safari/537.36"
20.203.150.235 - - [27/Apr/2026:21:23:43 +0000] "GET /an.php HTTP/1.1" 404 14885 "-" "Mozilla/5.0 (Windows NT 10.0; Win64; x64) AppleWebKit/537.36 (KHTML, like Gecko) Chrome/120.0.0.0 Safari/537.36"
20.203.150.235 - - [27/Apr/2026:21:23:44 +0000] "GET /index/function.php HTTP/1.1" 404 14891 "-" "Mozilla/5.0 (Windows NT 10.0; Win64; x64) AppleWebKit/537.36 (KHTML, like Gecko) Chrome/120.0.0.0 Safari/537.36"
20.203.150.235 - - [27/Apr/2026:21:23:45 +0000] "GET /randkeyword.PhP7 HTTP/1.1" 404 14897 "-" "Mozilla/5.0 (Windows NT 10.0; Win64; x64) AppleWebKit/537.36 (KHTML, like Gecko) Chrome/120.0.0.0 Safari/537.36"
20.203.150.235 - - [27/Apr/2026:21:23:47 +0000] "GET /ws.php HTTP/1.1" 404 14886 "-" "Mozilla/5.0 (Windows NT 10.0; Win64; x64) AppleWebKit/537.36 (KHTML, like Gecko) Chrome/120.0.0.0 Safari/537.36"
20.203.150.235 - - [27/Apr/2026:21:23:48 +0000] "GET /404.php HTTP/1.1" 404 14886 "-" "Mozilla/5.0 (Windows NT 10.0; Win64; x64) AppleWebKit/537.36 (KHTML, like Gecko) Chrome/120.0.0.0 Safari/537.36"
20.203.150.235 - - [27/Apr/2026:21:23:49 +0000] "GET /wp-admin/user.php HTTP/1.1" 404 14890 "-" "Mozilla/5.0 (Windows NT 10.0; Win64; x64) AppleWebKit/537.36 (KHTML, like Gecko) Chrome/120.0.0.0 Safari/537.36"
114.119.133.120 - - [27/Apr/2026:21:23:49 +0000] "GET /2020/03/page/2 HTTP/1.1" 301 - "https://weddingmonitor.com/2020/03/page/3" "Mozilla/5.0 (Linux; Android 7.0;) AppleWebKit/537.36 (HTML, like Gecko) Mobile Safari/537.36 (compatible; PetalBot;+https://webmaster.petalsearch.com/site/petalbot)"
20.203.150.235 - - [27/Apr/2026:21:23:50 +0000] "GET /wp-conf.php HTTP/1.1" 404 14888 "-" "Mozilla/5.0 (Windows NT 10.0; Win64; x64) AppleWebKit/537.36 (KHTML, like Gecko) Chrome/120.0.0.0 Safari/537.36"
114.119.133.120 - - [27/Apr/2026:21:23:50 +0000] "GET /2020/03/page/2/ HTTP/1.1" 200 16409 "https://weddingmonitor.com/2020/03/page/3" "Mozilla/5.0 (Linux; Android 7.0;) AppleWebKit/537.36 (HTML, like Gecko) Mobile Safari/537.36 (compatible; PetalBot;+https://webmaster.petalsearch.com/site/petalbot)"
20.203.150.235 - - [27/Apr/2026:21:23:51 +0000] "GET /wp-content/themes/hideo/network.php HTTP/1.1" 404 14847 "-" "Mozilla/5.0 (Windows NT 10.0; Win64; x64) AppleWebKit/537.36 (KHTML, like Gecko) Chrome/120.0.0.0 Safari/537.36"
20.203.150.235 - - [27/Apr/2026:21:23:53 +0000] "GET /wp-login.php HTTP/1.1" 200 3510 "-" "Mozilla/5.0 (Windows NT 10.0; Win64; x64) AppleWebKit/537.36 (KHTML, like Gecko) Chrome/120.0.0.0 Safari/537.36"
20.203.150.235 - - [27/Apr/2026:21:23:54 +0000] "GET /abc.php HTTP/1.1" 404 14886 "-" "Mozilla/5.0 (Windows NT 10.0; Win64; x64) AppleWebKit/537.36 (KHTML, like Gecko) Chrome/120.0.0.0 Safari/537.36"
20.203.150.235 - - [27/Apr/2026:21:23:55 +0000] "GET /abcd.php HTTP/1.1" 404 14887 "-" "Mozilla/5.0 (Windows NT 10.0; Win64; x64) AppleWebKit/537.36 (KHTML, like Gecko) Chrome/120.0.0.0 Safari/537.36"
20.203.150.235 - - [27/Apr/2026:21:23:56 +0000] "GET /as.php HTTP/1.1" 404 14885 "-" "Mozilla/5.0 (Windows NT 10.0; Win64; x64) AppleWebKit/537.36 (KHTML, like Gecko) Chrome/120.0.0.0 Safari/537.36"
20.203.150.235 - - [27/Apr/2026:21:23:58 +0000] "GET /wp-trackback.php HTTP/1.1" 404 130 "-" "Mozilla/5.0 (Windows NT 10.0; Win64; x64) AppleWebKit/537.36 (KHTML, like Gecko) Chrome/120.0.0.0 Safari/537.36"
20.203.150.235 - - [27/Apr/2026:21:23:58 +0000] "GET /about.php HTTP/1.1" 404 14888 "-" "Mozilla/5.0 (Windows NT 10.0; Win64; x64) AppleWebKit/537.36 (KHTML, like Gecko) Chrome/120.0.0.0 Safari/537.36"
20.203.150.235 - - [27/Apr/2026:21:24:00 +0000] "GET /file.php HTTP/1.1" 404 14886 "-" "Mozilla/5.0 (Windows NT 10.0; Win64; x64) AppleWebKit/537.36 (KHTML, like Gecko) Chrome/120.0.0.0 Safari/537.36"
20.203.150.235 - - [27/Apr/2026:21:24:01 +0000] "GET /adminfuns.php HTTP/1.1" 404 14892 "-" "Mozilla/5.0 (Windows NT 10.0; Win64; x64) AppleWebKit/537.36 (KHTML, like Gecko) Chrome/120.0.0.0 Safari/537.36"
20.203.150.235 - - [27/Apr/2026:21:24:02 +0000] "GET /wp-good.php HTTP/1.1" 404 14890 "-" "Mozilla/5.0 (Windows NT 10.0; Win64; x64) AppleWebKit/537.36 (KHTML, like Gecko) Chrome/120.0.0.0 Safari/537.36"
20.203.150.235 - - [27/Apr/2026:21:24:04 +0000] "GET /xmlrpc.php HTTP/1.1" 404 14887 "-" "Mozilla/5.0 (Windows NT 10.0; Win64; x64) AppleWebKit/537.36 (KHTML, like Gecko) Chrome/120.0.0.0 Safari/537.36"
20.203.150.235 - - [27/Apr/2026:21:24:05 +0000] "GET /goods.php HTTP/1.1" 404 14889 "-" "Mozilla/5.0 (Windows NT 10.0; Win64; x64) AppleWebKit/537.36 (KHTML, like Gecko) Chrome/120.0.0.0 Safari/537.36"
20.203.150.235 - - [27/Apr/2026:21:24:06 +0000] "GET /class-t.api.php HTTP/1.1" 404 14893 "-" "Mozilla/5.0 (Windows NT 10.0; Win64; x64) AppleWebKit/537.36 (KHTML, like Gecko) Chrome/120.0.0.0 Safari/537.36"
20.203.150.235 - - [27/Apr/2026:21:24:07 +0000] "GET /sf.php HTTP/1.1" 404 14886 "-" "Mozilla/5.0 (Windows NT 10.0; Win64; x64) AppleWebKit/537.36 (KHTML, like Gecko) Chrome/120.0.0.0 Safari/537.36"
20.203.150.235 - - [27/Apr/2026:21:24:08 +0000] "GET /kbfr.php HTTP/1.1" 404 14888 "-" "Mozilla/5.0 (Windows NT 10.0; Win64; x64) AppleWebKit/537.36 (KHTML, like Gecko) Chrome/120.0.0.0 Safari/537.36"
20.203.150.235 - - [27/Apr/2026:21:24:09 +0000] "GET /autoload_classmap.php HTTP/1.1" 404 14896 "-" "Mozilla/5.0 (Windows NT 10.0; Win64; x64) AppleWebKit/537.36 (KHTML, like Gecko) Chrome/120.0.0.0 Safari/537.36"
20.203.150.235 - - [27/Apr/2026:21:24:10 +0000] "GET /chosen.php?p= HTTP/1.1" 301 - "-" "Mozilla/5.0 (Windows NT 10.0; Win64; x64) AppleWebKit/537.36 (KHTML, like Gecko) Chrome/120.0.0.0 Safari/537.36"
20.203.150.235 - - [27/Apr/2026:21:24:11 +0000] "GET /classwithtostring.php HTTP/1.1" 404 14893 "-" "Mozilla/5.0 (Windows NT 10.0; Win64; x64) AppleWebKit/537.36 (KHTML, like Gecko) Chrome/120.0.0.0 Safari/537.36"
20.203.150.235 - - [27/Apr/2026:21:24:13 +0000] "GET /defaults.php HTTP/1.1" 404 14888 "-" "Mozilla/5.0 (Windows NT 10.0; Win64; x64) AppleWebKit/537.36 (KHTML, like Gecko) Chrome/120.0.0.0 Safari/537.36"
20.203.150.235 - - [27/Apr/2026:21:24:14 +0000] "GET /.well-known/ HTTP/1.1" 404 14893 "-" "Mozilla/5.0 (Windows NT 10.0; Win64; x64) AppleWebKit/537.36 (KHTML, like Gecko) Chrome/120.0.0.0 Safari/537.36"
20.203.150.235 - - [27/Apr/2026:21:24:15 +0000] "GET /info.php HTTP/1.1" 404 14886 "-" "Mozilla/5.0 (Windows NT 10.0; Win64; x64) AppleWebKit/537.36 (KHTML, like Gecko) Chrome/120.0.0.0 Safari/537.36"
20.203.150.235 - - [27/Apr/2026:21:24:16 +0000] "GET /cgi-bin/ HTTP/1.1" 404 14889 "-" "Mozilla/5.0 (Windows NT 10.0; Win64; x64) AppleWebKit/537.36 (KHTML, like Gecko) Chrome/120.0.0.0 Safari/537.36"
20.203.150.235 - - [27/Apr/2026:21:24:17 +0000] "GET /wp-includes/Requests/src/Response/about.php HTTP/1.1" 404 14853 "-" "Mozilla/5.0 (Windows NT 10.0; Win64; x64) AppleWebKit/537.36 (KHTML, like Gecko) Chrome/120.0.0.0 Safari/537.36"
20.203.150.235 - - [27/Apr/2026:21:24:18 +0000] "GET /wp-includes/html-api/ HTTP/1.1" 404 14893 "-" "Mozilla/5.0 (Windows NT 10.0; Win64; x64) AppleWebKit/537.36 (KHTML, like Gecko) Chrome/120.0.0.0 Safari/537.36"
20.203.150.235 - - [27/Apr/2026:21:24:20 +0000] "GET /wp-content/admin.php HTTP/1.1" 404 14890 "-" "Mozilla/5.0 (Windows NT 10.0; Win64; x64) AppleWebKit/537.36 (KHTML, like Gecko) Chrome/120.0.0.0 Safari/537.36"
20.203.150.235 - - [27/Apr/2026:21:24:21 +0000] "GET /wp-admin/css/colors/ectoplasm/ HTTP/1.1" 404 14852 "-" "Mozilla/5.0 (Windows NT 10.0; Win64; x64) AppleWebKit/537.36 (KHTML, like Gecko) Chrome/120.0.0.0 Safari/537.36"
20.203.150.235 - - [27/Apr/2026:21:24:22 +0000] "GET /wp-content/uploads/ HTTP/1.1" 404 14887 "-" "Mozilla/5.0 (Windows NT 10.0; Win64; x64) AppleWebKit/537.36 (KHTML, like Gecko) Chrome/120.0.0.0 Safari/537.36"
20.203.150.235 - - [27/Apr/2026:21:24:23 +0000] "GET /wp-content/themes/admin.php HTTP/1.1" 404 14842 "-" "Mozilla/5.0 (Windows NT 10.0; Win64; x64) AppleWebKit/537.36 (KHTML, like Gecko) Chrome/120.0.0.0 Safari/537.36"
20.203.150.235 - - [27/Apr/2026:21:24:24 +0000] "GET /wp-content/themes/index.php HTTP/1.1" 301 - "-" "Mozilla/5.0 (Windows NT 10.0; Win64; x64) AppleWebKit/537.36 (KHTML, like Gecko) Chrome/120.0.0.0 Safari/537.36"
20.203.150.235 - - [27/Apr/2026:21:24:25 +0000] "GET /wp-content/plugins/index.php HTTP/1.1" 301 - "-" "Mozilla/5.0 (Windows NT 10.0; Win64; x64) AppleWebKit/537.36 (KHTML, like Gecko) Chrome/120.0.0.0 Safari/537.36"
20.203.150.235 - - [27/Apr/2026:21:24:26 +0000] "GET /wp-includes/PHPMailer/ HTTP/1.1" 404 14896 "-" "Mozilla/5.0 (Windows NT 10.0; Win64; x64) AppleWebKit/537.36 (KHTML, like Gecko) Chrome/120.0.0.0 Safari/537.36"
20.203.150.235 - - [27/Apr/2026:21:24:27 +0000] "GET /wp-includes/images/ HTTP/1.1" 404 14891 "-" "Mozilla/5.0 (Windows NT 10.0; Win64; x64) AppleWebKit/537.36 (KHTML, like Gecko) Chrome/120.0.0.0 Safari/537.36"
20.203.150.235 - - [27/Apr/2026:21:24:28 +0000] "GET /wp-content/plugins/WordPressCore/ HTTP/1.1" 404 14843 "-" "Mozilla/5.0 (Windows NT 10.0; Win64; x64) AppleWebKit/537.36 (KHTML, like Gecko) Chrome/120.0.0.0 Safari/537.36"
184.94.212.206 - - [27/Apr/2026:21:25:57 +0000] "POST /wp-cron.php?doing_wp_cron=1777325157.6908440589904785156250 HTTP/1.1" 200 - "-" "WordPress/6.9.4; https://weddingmonitor.com"
2.57.168.26 - - [27/Apr/2026:21:25:55 +0000] "POST /wp-login.php HTTP/1.1" 401 3452 "-" "Mozilla/5.0"
123.31.139.185 - - [27/Apr/2026:21:26:57 +0000] "GET /some-simple-advice-for-an-unforgettable-wedding/ HTTP/1.1" 200 21624 "-" "Mozilla/5.0 (Windows NT 6.3; Win64; x64) AppleWebKit/537.36 (KHTML, like Gecko) Chrome/91.0.4472.164 Safari/537.36"
184.94.212.206 - - [27/Apr/2026:21:27:22 +0000] "POST /wp-cron.php?doing_wp_cron=1777325242.5608289241790771484375 HTTP/1.1" 200 - "-" "WordPress/6.9.4; https://weddingmonitor.com"
43.134.186.61 - - [27/Apr/2026:21:27:21 +0000] "GET /wp-json/wp/v2/posts/35 HTTP/1.1" 200 5225 "-" "Mozilla/5.0 (iPhone; CPU iPhone OS 13_2_3 like Mac OS X) AppleWebKit/605.1.15 (KHTML, like Gecko) Version/13.0.3 Mobile/15E148 Safari/604.1"
192.0.102.230 - - [27/Apr/2026:21:27:21 +0000] "HEAD / HTTP/1.1" 200 - "-" "jetmon/1.0 (Jetpack Site Uptime Monitor by WordPress.com)"
114.119.147.0 - - [27/Apr/2026:21:27:42 +0000] "GET /2020/02/?noamp=mobile HTTP/1.1" 200 19881 "https://weddingmonitor.com/2020/02/page/2/?noamp=mobile" "Mozilla/5.0 (Linux; Android 7.0;) AppleWebKit/537.36 (HTML, like Gecko) Mobile Safari/537.36 (compatible; PetalBot;+https://webmaster.petalsearch.com/site/petalbot)"
184.94.212.206 - - [27/Apr/2026:21:29:56 +0000] "POST /wp-cron.php?doing_wp_cron=1777325396.1682999134063720703125 HTTP/1.1" 200 - "-" "WordPress/6.9.4; https://weddingmonitor.com"
77.75.78.165 - - [27/Apr/2026:21:29:54 +0000] "GET /tag/cost/ HTTP/1.1" 200 18938 "-" "Mozilla/5.0 (compatible; SeznamBot/4.0; +https://o-seznam.cz/napoveda/vyhledavani/en/seznambot-crawler/)"
184.94.212.206 - - [27/Apr/2026:21:32:28 +0000] "POST /wp-cron.php?doing_wp_cron=1777325548.8270180225372314453125 HTTP/1.1" 200 - "-" "WordPress/6.9.4; https://weddingmonitor.com"
192.0.102.230 - - [27/Apr/2026:21:32:27 +0000] "HEAD / HTTP/1.1" 200 - "-" "jetmon/1.0 (Jetpack Site Uptime Monitor by WordPress.com)"
184.94.212.206 - - [27/Apr/2026:21:36:49 +0000] "POST /wp-cron.php?doing_wp_cron=1777325809.3136279582977294921875 HTTP/1.1" 200 - "-" "WordPress/6.9.4; https://weddingmonitor.com"
49.51.233.95 - - [27/Apr/2026:21:36:47 +0000] "GET /about/ HTTP/1.1" 200 18314 "-" "Mozilla/5.0 (iPhone; CPU iPhone OS 13_2_3 like Mac OS X) AppleWebKit/605.1.15 (KHTML, like Gecko) Version/13.0.3 Mobile/15E148 Safari/604.1"
184.94.212.206 - - [27/Apr/2026:21:37:21 +0000] "POST /wp-cron.php?doing_wp_cron=1777325841.1716270446777343750000 HTTP/1.1" 200 - "-" "WordPress/6.9.4; https://weddingmonitor.com"
192.0.102.230 - - [27/Apr/2026:21:37:20 +0000] "HEAD / HTTP/1.1" 200 - "-" "jetmon/1.0 (Jetpack Site Uptime Monitor by WordPress.com)"
2.57.168.10 - - [27/Apr/2026:21:39:15 +0000] "POST /wp-login.php HTTP/1.1" 401 3452 "-" "Mozilla/5.0"
114.119.158.157 - - [27/Apr/2026:21:40:26 +0000] "GET /wedding-tips-that-might-help-you-save-money/?amp HTTP/1.1" 200 21258 "https://weddingmonitor.com/wedding-tips-that-might-help-you-save-money?amp" "Mozilla/5.0 (Linux; Android 7.0;) AppleWebKit/537.36 (HTML, like Gecko) Mobile Safari/537.36 (compatible; PetalBot;+https://webmaster.petalsearch.com/site/petalbot)"
184.94.212.206 - - [27/Apr/2026:21:42:23 +0000] "POST /wp-cron.php?doing_wp_cron=1777326143.9599881172180175781250 HTTP/1.1" 200 - "-" "WordPress/6.9.4; https://weddingmonitor.com"
192.0.102.230 - - [27/Apr/2026:21:42:22 +0000] "HEAD / HTTP/1.1" 200 - "-" "jetmon/1.0 (Jetpack Site Uptime Monitor by WordPress.com)"
184.94.212.206 - - [27/Apr/2026:21:46:17 +0000] "POST /wp-cron.php?doing_wp_cron=1777326377.4474909305572509765625 HTTP/1.1" 200 - "-" "WordPress/6.9.4; https://weddingmonitor.com"
43.167.157.80 - - [27/Apr/2026:21:46:14 +0000] "GET /wp-content/uploads/complianz/css/banner- HTTP/1.1" 404 14854 "-" "Mozilla/5.0 (iPhone; CPU iPhone OS 13_2_3 like Mac OS X) AppleWebKit/605.1.15 (KHTML, like Gecko) Version/13.0.3 Mobile/15E148 Safari/604.1"
184.94.212.206 - - [27/Apr/2026:21:47:22 +0000] "POST /wp-cron.php?doing_wp_cron=1777326442.6713140010833740234375 HTTP/1.1" 200 - "-" "WordPress/6.9.4; https://weddingmonitor.com"
57.141.18.42 - - [27/Apr/2026:21:47:21 +0000] "GET /how-to-create-a-wedding-you-will-love/ HTTP/1.1" 200 79214 "-" "meta-externalagent/1.1 (+https://developers.facebook.com/docs/sharing/webmasters/crawler)"
192.0.102.230 - - [27/Apr/2026:21:47:24 +0000] "HEAD / HTTP/1.1" 200 - "-" "jetmon/1.0 (Jetpack Site Uptime Monitor by WordPress.com)"
184.94.212.206 - - [27/Apr/2026:21:50:27 +0000] "POST /wp-cron.php?doing_wp_cron=1777326627.0867650508880615234375 HTTP/1.1" 200 - "-" "WordPress/6.9.4; https://weddingmonitor.com"
17.22.245.51 - - [27/Apr/2026:21:50:25 +0000] "GET /2020/04/page/2/?amp HTTP/1.1" 200 16802 "-" "Mozilla/5.0 (Macintosh; Intel Mac OS X 10_15_7) AppleWebKit/605.1.15 (KHTML, like Gecko) Version/17.4 Safari/605.1.15 (Applebot/0.1; +http://www.apple.com/go/applebot)"
17.22.245.133 - - [27/Apr/2026:21:51:00 +0000] "GET /wp-content/plugins/complianz-gdpr/assets/css/cookieblocker.min.css?ver=1776706808 HTTP/1.1" 200 723 "https://weddingmonitor.com/2020/04/page/2/?amp" "Mozilla/5.0 (Macintosh; Intel Mac OS X 10_15_7) AppleWebKit/605.1.15 (KHTML, like Gecko) Version/17.4 Safari/605.1.15 (Applebot/0.1; +http://www.apple.com/go/applebot)"
17.22.245.43 - - [27/Apr/2026:21:51:01 +0000] "GET /wp-content/plugins/contact-form-7/includes/js/index.js?ver=6.1.5 HTTP/1.1" 200 4265 "https://weddingmonitor.com/2020/04/page/2/?amp" "Mozilla/5.0 (Macintosh; Intel Mac OS X 10_15_7) AppleWebKit/605.1.15 (KHTML, like Gecko) Version/17.4 Safari/605.1.15 (Applebot/0.1; +http://www.apple.com/go/applebot)"
17.22.253.56 - - [27/Apr/2026:21:51:03 +0000] "GET /wp-content/themes/genesis/lib/js/menu/superfish.min.js?ver=1.7.10 HTTP/1.1" 200 1894 "https://weddingmonitor.com/2020/04/page/2/?amp" "Mozilla/5.0 (Macintosh; Intel Mac OS X 10_15_7) AppleWebKit/605.1.15 (KHTML, like Gecko) Version/17.4 Safari/605.1.15 (Applebot/0.1; +http://www.apple.com/go/applebot)"
17.22.237.235 - - [27/Apr/2026:21:51:04 +0000] "GET /wp-content/themes/news-pro/style.css?ver=3.2.1 HTTP/1.1" 200 8074 "https://weddingmonitor.com/2020/04/page/2/?amp" "Mozilla/5.0 (Macintosh; Intel Mac OS X 10_15_7) AppleWebKit/605.1.15 (KHTML, like Gecko) Version/17.4 Safari/605.1.15 (Applebot/0.1; +http://www.apple.com/go/applebot)"
17.22.253.4 - - [27/Apr/2026:21:51:06 +0000] "GET /wp-content/plugins/contact-form-7/includes/css/styles.css?ver=6.1.5 HTTP/1.1" 200 1031 "https://weddingmonitor.com/2020/04/page/2/?amp" "Mozilla/5.0 (Macintosh; Intel Mac OS X 10_15_7) AppleWebKit/605.1.15 (KHTML, like Gecko) Version/17.4 Safari/605.1.15 (Applebot/0.1; +http://www.apple.com/go/applebot)"
17.22.253.251 - - [27/Apr/2026:21:51:07 +0000] "GET /wp-content/plugins/contact-form-7/includes/swv/js/index.js?ver=6.1.5 HTTP/1.1" 200 3503 "https://weddingmonitor.com/2020/04/page/2/?amp" "Mozilla/5.0 (Macintosh; Intel Mac OS X 10_15_7) AppleWebKit/605.1.15 (KHTML, like Gecko) Version/17.4 Safari/605.1.15 (Applebot/0.1; +http://www.apple.com/go/applebot)"
17.22.253.132 - - [27/Apr/2026:21:51:08 +0000] "GET /wp-content/themes/genesis/lib/js/menu/superfish.args.min.js?ver=3.6.2 HTTP/1.1" 200 124 "https://weddingmonitor.com/2020/04/page/2/?amp" "Mozilla/5.0 (Macintosh; Intel Mac OS X 10_15_7) AppleWebKit/605.1.15 (KHTML, like Gecko) Version/17.4 Safari/605.1.15 (Applebot/0.1; +http://www.apple.com/go/applebot)"
17.22.245.128 - - [27/Apr/2026:21:51:09 +0000] "GET /wp-content/themes/genesis/lib/js/skip-links.min.js?ver=3.6.2 HTTP/1.1" 200 238 "https://weddingmonitor.com/2020/04/page/2/?amp" "Mozilla/5.0 (Macintosh; Intel Mac OS X 10_15_7) AppleWebKit/605.1.15 (KHTML, like Gecko) Version/17.4 Safari/605.1.15 (Applebot/0.1; +http://www.apple.com/go/applebot)"
17.22.245.195 - - [27/Apr/2026:21:51:11 +0000] "GET /wp-content/themes/news-pro/js/jquery.matchHeight.min.js?ver=3.2.1 HTTP/1.1" 200 1553 "https://weddingmonitor.com/2020/04/page/2/?amp" "Mozilla/5.0 (Macintosh; Intel Mac OS X 10_15_7) AppleWebKit/605.1.15 (KHTML, like Gecko) Version/17.4 Safari/605.1.15 (Applebot/0.1; +http://www.apple.com/go/applebot)"
17.22.253.74 - - [27/Apr/2026:21:51:12 +0000] "GET /wp-content/themes/news-pro/js/global.js?ver=3.2.1 HTTP/1.1" 200 160 "https://weddingmonitor.com/2020/04/page/2/?amp" "Mozilla/5.0 (Macintosh; Intel Mac OS X 10_15_7) AppleWebKit/605.1.15 (KHTML, like Gecko) Version/17.4 Safari/605.1.15 (Applebot/0.1; +http://www.apple.com/go/applebot)"
17.22.253.139 - - [27/Apr/2026:21:51:13 +0000] "GET /wp-content/themes/news-pro/js/responsive-menus.min.js?ver=3.2.1 HTTP/1.1" 200 1601 "https://weddingmonitor.com/2020/04/page/2/?amp" "Mozilla/5.0 (Macintosh; Intel Mac OS X 10_15_7) AppleWebKit/605.1.15 (KHTML, like Gecko) Version/17.4 Safari/605.1.15 (Applebot/0.1; +http://www.apple.com/go/applebot)"
17.22.245.141 - - [27/Apr/2026:21:51:14 +0000] "GET /wp-content/plugins/google-site-kit/dist/assets/js/googlesitekit-consent-mode-bc2e26cfa69fcd4a8261.js HTTP/1.1" 200 25395 "https://weddingmonitor.com/2020/04/page/2/?amp" "Mozilla/5.0 (Macintosh; Intel Mac OS X 10_15_7) AppleWebKit/605.1.15 (KHTML, like Gecko) Version/17.4 Safari/605.1.15 (Applebot/0.1; +http://www.apple.com/go/applebot)"
17.22.245.234 - - [27/Apr/2026:21:51:15 +0000] "GET /wp-content/plugins/complianz-gdpr/cookiebanner/js/complianz.min.js?ver=1776706808 HTTP/1.1" 200 10935 "https://weddingmonitor.com/2020/04/page/2/?amp" "Mozilla/5.0 (Macintosh; Intel Mac OS X 10_15_7) AppleWebKit/605.1.15 (KHTML, like Gecko) Version/17.4 Safari/605.1.15 (Applebot/0.1; +http://www.apple.com/go/applebot)"
17.22.245.234 - - [27/Apr/2026:21:51:16 +0000] "GET /wp-content/uploads/complianz/css/banner-1-optout.css?v=13 HTTP/1.1" 200 2946 "https://weddingmonitor.com/2020/04/page/2/?amp" "Mozilla/5.0 (Macintosh; Intel Mac OS X 10_15_7) AppleWebKit/605.1.15 (KHTML, like Gecko) Version/17.4 Safari/605.1.15 (Applebot/0.1; +http://www.apple.com/go/applebot)"
17.22.245.93 - - [27/Apr/2026:21:51:17 +0000] "GET /wp-includes/js/wp-emoji-release.min.js?ver=6.9.4 HTTP/1.1" 200 5375 "https://weddingmonitor.com/2020/04/page/2/?amp" "Mozilla/5.0 (Macintosh; Intel Mac OS X 10_15_7) AppleWebKit/605.1.15 (KHTML, like Gecko) Version/17.4 Safari/605.1.15 (Applebot/0.1; +http://www.apple.com/go/applebot)"
184.94.212.206 - - [27/Apr/2026:21:52:23 +0000] "POST /wp-cron.php?doing_wp_cron=1777326743.0186491012573242187500 HTTP/1.1" 200 - "-" "WordPress/6.9.4; https://weddingmonitor.com"
192.0.102.230 - - [27/Apr/2026:21:52:21 +0000] "HEAD / HTTP/1.1" 200 - "-" "jetmon/1.0 (Jetpack Site Uptime Monitor by WordPress.com)"
172.182.212.60 - - [27/Apr/2026:21:52:45 +0000] "POST /wp/xmlrpc.php HTTP/1.1" 404 14903 "-" "Mozilla/5.0 (Windows NT 10.0; Win64; x64) AppleWebKit/537.36 (KHTML, like Gecko) Chrome/124.0.0.0 Safari/537.36"
2.57.168.23 - - [27/Apr/2026:21:53:00 +0000] "POST /wp-login.php HTTP/1.1" 401 3452 "-" "Mozilla/5.0"
