114.119.142.85 - - [27/Apr/2026:17:10:18 +0000] "GET /any-wedding-can-go-smoothly-with-these-tips/?amp HTTP/1.1" 200 21644 "https://weddingmonitor.com/any-wedding-can-go-smoothly-with-these-tips?amp" "Mozilla/5.0 (Linux; Android 7.0;) AppleWebKit/537.36 (HTML, like Gecko) Mobile Safari/537.36 (compatible; PetalBot;+https://webmaster.petalsearch.com/site/petalbot)"
184.94.212.206 - - [27/Apr/2026:17:12:26 +0000] "POST /wp-cron.php?doing_wp_cron=1777309946.6444759368896484375000 HTTP/1.1" 200 - "-" "WordPress/6.9.4; https://weddingmonitor.com"
192.0.102.230 - - [27/Apr/2026:17:12:25 +0000] "HEAD / HTTP/1.1" 200 - "-" "jetmon/1.0 (Jetpack Site Uptime Monitor by WordPress.com)"
114.119.142.85 - - [27/Apr/2026:17:14:12 +0000] "GET /any-wedding-can-go-smoothly-with-these-tips/?share=x HTTP/1.1" 302 - "https://weddingmonitor.com/any-wedding-can-go-smoothly-with-these-tips?amp" "Mozilla/5.0 (Linux; Android 7.0;) AppleWebKit/537.36 (HTML, like Gecko) Mobile Safari/537.36 (compatible; PetalBot;+https://webmaster.petalsearch.com/site/petalbot)"
184.94.212.206 - - [27/Apr/2026:17:17:29 +0000] "POST /wp-cron.php?doing_wp_cron=1777310249.9012339115142822265625 HTTP/1.1" 200 - "-" "WordPress/6.9.4; https://weddingmonitor.com"
192.0.102.230 - - [27/Apr/2026:17:17:28 +0000] "HEAD / HTTP/1.1" 200 - "-" "jetmon/1.0 (Jetpack Site Uptime Monitor by WordPress.com)"
180.149.222.71 - - [27/Apr/2026:17:17:33 +0000] "GET /wedding-tips-5-things-you-shouldnt-skimp-on/ HTTP/1.1" 200 22622 "-" "Mozilla/5.0 (Windows NT 10.0; WOW64; x64) AppleWebKit/537.36 (KHTML, like Gecko) Chrome/105.0.5118.205 Safari/537.36"
184.94.212.206 - - [27/Apr/2026:17:18:10 +0000] "POST /wp-cron.php?doing_wp_cron=1777310290.8471360206604003906250 HTTP/1.1" 200 - "-" "WordPress/6.9.4; https://weddingmonitor.com"
114.119.141.4 - - [27/Apr/2026:17:18:09 +0000] "GET /any-wedding-can-go-smoothly-with-these-tips/?noamp=mobile HTTP/1.1" 200 21616 "https://weddingmonitor.com/any-wedding-can-go-smoothly-with-these-tips?noamp=mobile" "Mozilla/5.0 (Linux; Android 7.0;) AppleWebKit/537.36 (HTML, like Gecko) Mobile Safari/537.36 (compatible; PetalBot;+https://webmaster.petalsearch.com/site/petalbot)"
184.94.212.206 - - [27/Apr/2026:17:21:58 +0000] "POST /wp-cron.php?doing_wp_cron=1777310518.6422789096832275390625 HTTP/1.1" 200 - "-" "WordPress/6.9.4; https://weddingmonitor.com"
114.119.145.212 - - [27/Apr/2026:17:21:57 +0000] "GET /anti-spam-policy?share=x HTTP/1.1" 302 - "https://weddingmonitor.com/anti-spam-policy" "Mozilla/5.0 (Linux; Android 7.0;) AppleWebKit/537.36 (HTML, like Gecko) Mobile Safari/537.36 (compatible; PetalBot;+https://webmaster.petalsearch.com/site/petalbot)"
184.94.212.206 - - [27/Apr/2026:17:22:23 +0000] "POST /wp-cron.php?doing_wp_cron=1777310543.9016048908233642578125 HTTP/1.1" 200 - "-" "WordPress/6.9.4; https://weddingmonitor.com"
192.0.102.230 - - [27/Apr/2026:17:22:22 +0000] "HEAD / HTTP/1.1" 200 - "-" "jetmon/1.0 (Jetpack Site Uptime Monitor by WordPress.com)"
216.73.217.100 - - [27/Apr/2026:17:23:46 +0000] "GET /sitemap.xml HTTP/1.1" 200 300 "-" "Mozilla/5.0 AppleWebKit/537.36 (KHTML, like Gecko; compatible; ClaudeBot/1.0; +claudebot@anthropic.com)"
184.94.212.206 - - [27/Apr/2026:17:25:47 +0000] "POST /wp-cron.php?doing_wp_cron=1777310747.3279619216918945312500 HTTP/1.1" 200 - "-" "WordPress/6.9.4; https://weddingmonitor.com"
114.119.133.120 - - [27/Apr/2026:17:25:45 +0000] "GET /anti-spam-policy?share=facebook&amp HTTP/1.1" 302 - "https://weddingmonitor.com/anti-spam-policy?amp" "Mozilla/5.0 (Linux; Android 7.0;) AppleWebKit/537.36 (HTML, like Gecko) Mobile Safari/537.36 (compatible; PetalBot;+https://webmaster.petalsearch.com/site/petalbot)"
14.188.167.57 - - [27/Apr/2026:17:26:17 +0000] "GET /tag/travel/?amp HTTP/1.1" 200 18976 "-" "Mozilla/5.0 (Macintosh; Intel Mac OS X 12_7_3) AppleWebKit/537.36 (KHTML, like Gecko) Chrome/124.0.6367.82 Safari/537.36"
184.94.212.206 - - [27/Apr/2026:17:27:22 +0000] "POST /wp-cron.php?doing_wp_cron=1777310842.7009689807891845703125 HTTP/1.1" 200 - "-" "WordPress/6.9.4; https://weddingmonitor.com"
192.0.102.230 - - [27/Apr/2026:17:27:21 +0000] "HEAD / HTTP/1.1" 200 - "-" "jetmon/1.0 (Jetpack Site Uptime Monitor by WordPress.com)"
184.94.212.206 - - [27/Apr/2026:17:29:06 +0000] "POST /wp-cron.php?doing_wp_cron=1777310946.8571469783782958984375 HTTP/1.1" 200 - "-" "WordPress/6.9.4; https://weddingmonitor.com"
14.178.114.39 - - [27/Apr/2026:17:29:05 +0000] "GET /planning-a-wedding-read-this-great-advice/?share=x HTTP/1.1" 302 - "-" "Mozilla/5.0 (Macintosh; Intel Mac OS X 10_14_6) AppleWebKit/537.36 (KHTML, like Gecko) Chrome/81.0.4044.113 Safari/537.36"
184.94.212.206 - - [27/Apr/2026:17:30:23 +0000] "POST /wp-cron.php?doing_wp_cron=1777311023.5590178966522216796875 HTTP/1.1" 200 - "-" "WordPress/6.9.4; https://weddingmonitor.com"
114.119.158.157 - - [27/Apr/2026:17:30:21 +0000] "GET /anti-spam-policy?noamp=mobile HTTP/1.1" 301 - "https://weddingmonitor.com/anti-spam-policy?amp" "Mozilla/5.0 (Linux; Android 7.0;) AppleWebKit/537.36 (HTML, like Gecko) Mobile Safari/537.36 (compatible; PetalBot;+https://webmaster.petalsearch.com/site/petalbot)"
114.119.158.157 - - [27/Apr/2026:17:30:23 +0000] "GET /anti-spam-policy/?noamp=mobile HTTP/1.1" 200 17932 "https://weddingmonitor.com/anti-spam-policy?amp" "Mozilla/5.0 (Linux; Android 7.0;) AppleWebKit/537.36 (HTML, like Gecko) Mobile Safari/537.36 (compatible; PetalBot;+https://webmaster.petalsearch.com/site/petalbot)"
184.94.212.206 - - [27/Apr/2026:17:32:21 +0000] "POST /wp-cron.php?doing_wp_cron=1777311141.6945760250091552734375 HTTP/1.1" 200 - "-" "WordPress/6.9.4; https://weddingmonitor.com"
192.0.102.230 - - [27/Apr/2026:17:32:20 +0000] "HEAD / HTTP/1.1" 200 - "-" "jetmon/1.0 (Jetpack Site Uptime Monitor by WordPress.com)"
13.217.253.5 - - [27/Apr/2026:17:34:19 +0000] "GET /robots.txt HTTP/1.1" 200 145 "-" "Mozilla/5.0 (Macintosh; Intel Mac OS X 10_10_1) AppleWebKit/600.2.5 (KHTML, like Gecko) Version/8.0.2 Safari/600.2.5 (Gort)"
114.119.147.0 - - [27/Apr/2026:17:34:25 +0000] "GET /anti-spam-policy/?share=twitter HTTP/1.1" 302 - "https://weddingmonitor.com/anti-spam-policy/" "Mozilla/5.0 (Linux; Android 7.0;) AppleWebKit/537.36 (HTML, like Gecko) Mobile Safari/537.36 (compatible; PetalBot;+https://webmaster.petalsearch.com/site/petalbot)"
184.94.212.206 - - [27/Apr/2026:17:36:01 +0000] "POST /wp-cron.php?doing_wp_cron=1777311361.5925140380859375000000 HTTP/1.1" 200 - "-" "WordPress/6.9.4; https://weddingmonitor.com"
216.73.217.100 - - [27/Apr/2026:17:36:00 +0000] "GET /news-sitemap.xml HTTP/1.1" 200 310 "-" "Mozilla/5.0 AppleWebKit/537.36 (KHTML, like Gecko; compatible; ClaudeBot/1.0; +claudebot@anthropic.com)"
184.94.212.206 - - [27/Apr/2026:17:37:21 +0000] "POST /wp-cron.php?doing_wp_cron=1777311441.8872780799865722656250 HTTP/1.1" 200 - "-" "WordPress/6.9.4; https://weddingmonitor.com"
192.0.102.230 - - [27/Apr/2026:17:37:20 +0000] "HEAD / HTTP/1.1" 200 - "-" "jetmon/1.0 (Jetpack Site Uptime Monitor by WordPress.com)"
114.119.145.212 - - [27/Apr/2026:17:38:17 +0000] "GET /all-you-need-to-know-about-great-wedding-ceremonies?share=facebook&amp HTTP/1.1" 302 - "https://weddingmonitor.com/all-you-need-to-know-about-great-wedding-ceremonies?amp" "Mozilla/5.0 (Linux; Android 7.0;) AppleWebKit/537.36 (HTML, like Gecko) Mobile Safari/537.36 (compatible; PetalBot;+https://webmaster.petalsearch.com/site/petalbot)"
184.94.212.206 - - [27/Apr/2026:17:42:10 +0000] "POST /wp-cron.php?doing_wp_cron=1777311730.9710149765014648437500 HTTP/1.1" 200 - "-" "WordPress/6.9.4; https://weddingmonitor.com"
114.119.158.157 - - [27/Apr/2026:17:42:09 +0000] "GET /all-you-need-to-know-about-great-wedding-ceremonies?share=facebook HTTP/1.1" 302 - "https://weddingmonitor.com/all-you-need-to-know-about-great-wedding-ceremonies" "Mozilla/5.0 (Linux; Android 7.0;) AppleWebKit/537.36 (HTML, like Gecko) Mobile Safari/537.36 (compatible; PetalBot;+https://webmaster.petalsearch.com/site/petalbot)"
184.94.212.206 - - [27/Apr/2026:17:42:19 +0000] "POST /wp-cron.php?doing_wp_cron=1777311739.2758839130401611328125 HTTP/1.1" 200 - "-" "WordPress/6.9.4; https://weddingmonitor.com"
192.0.102.230 - - [27/Apr/2026:17:42:18 +0000] "HEAD / HTTP/1.1" 200 - "-" "jetmon/1.0 (Jetpack Site Uptime Monitor by WordPress.com)"
184.94.212.206 - - [27/Apr/2026:17:46:02 +0000] "POST /wp-cron.php?doing_wp_cron=1777311962.8654680252075195312500 HTTP/1.1" 200 - "-" "WordPress/6.9.4; https://weddingmonitor.com"
114.119.154.9 - - [27/Apr/2026:17:46:01 +0000] "GET /all-you-need-to-know-about-great-wedding-ceremonies?noamp=mobile HTTP/1.1" 301 - "https://weddingmonitor.com/all-you-need-to-know-about-great-wedding-ceremonies?amp" "Mozilla/5.0 (Linux; Android 7.0;) AppleWebKit/537.36 (HTML, like Gecko) Mobile Safari/537.36 (compatible; PetalBot;+https://webmaster.petalsearch.com/site/petalbot)"
114.119.154.9 - - [27/Apr/2026:17:46:03 +0000] "GET /all-you-need-to-know-about-great-wedding-ceremonies/?noamp=mobile HTTP/1.1" 200 21217 "https://weddingmonitor.com/all-you-need-to-know-about-great-wedding-ceremonies?amp" "Mozilla/5.0 (Linux; Android 7.0;) AppleWebKit/537.36 (HTML, like Gecko) Mobile Safari/537.36 (compatible; PetalBot;+https://webmaster.petalsearch.com/site/petalbot)"
5.39.109.162 - - [27/Apr/2026:17:46:19 +0000] "GET /robots.txt HTTP/1.1" 200 145 "-" "Mozilla/5.0 (compatible; AhrefsBot/7.0; +http://ahrefs.com/robot/)"
51.89.129.179 - - [27/Apr/2026:17:46:22 +0000] "GET /sitemap.xml HTTP/1.1" 200 300 "-" "Mozilla/5.0 (compatible; AhrefsBot/7.0; +http://ahrefs.com/robot/)"
198.244.168.94 - - [27/Apr/2026:17:46:24 +0000] "GET /sitemap-1.xml HTTP/1.1" 200 1523 "-" "Mozilla/5.0 (compatible; AhrefsBot/7.0; +http://ahrefs.com/robot/)"
51.195.183.231 - - [27/Apr/2026:17:46:27 +0000] "GET /image-sitemap-1.xml HTTP/1.1" 200 1308 "-" "Mozilla/5.0 (compatible; AhrefsBot/7.0; +http://ahrefs.com/robot/)"
184.94.212.206 - - [27/Apr/2026:17:47:24 +0000] "POST /wp-cron.php?doing_wp_cron=1777312044.2977819442749023437500 HTTP/1.1" 200 - "-" "WordPress/6.9.4; https://weddingmonitor.com"
192.0.102.230 - - [27/Apr/2026:17:47:22 +0000] "HEAD / HTTP/1.1" 200 - "-" "jetmon/1.0 (Jetpack Site Uptime Monitor by WordPress.com)"
184.94.212.206 - - [27/Apr/2026:17:49:57 +0000] "POST /wp-cron.php?doing_wp_cron=1777312197.9261178970336914062500 HTTP/1.1" 200 - "-" "WordPress/6.9.4; https://weddingmonitor.com"
114.119.154.9 - - [27/Apr/2026:17:49:56 +0000] "GET /all-you-need-to-know-about-great-wedding-ceremonies/?share=x&amp HTTP/1.1" 302 - "https://weddingmonitor.com/all-you-need-to-know-about-great-wedding-ceremonies?amp" "Mozilla/5.0 (Linux; Android 7.0;) AppleWebKit/537.36 (HTML, like Gecko) Mobile Safari/537.36 (compatible; PetalBot;+https://webmaster.petalsearch.com/site/petalbot)"
184.94.212.206 - - [27/Apr/2026:17:52:23 +0000] "POST /wp-cron.php?doing_wp_cron=1777312343.5799410343170166015625 HTTP/1.1" 200 - "-" "WordPress/6.9.4; https://weddingmonitor.com"
192.0.102.230 - - [27/Apr/2026:17:52:22 +0000] "HEAD / HTTP/1.1" 200 - "-" "jetmon/1.0 (Jetpack Site Uptime Monitor by WordPress.com)"
184.94.212.206 - - [27/Apr/2026:17:53:52 +0000] "POST /wp-cron.php?doing_wp_cron=1777312432.7426679134368896484375 HTTP/1.1" 200 - "-" "WordPress/6.9.4; https://weddingmonitor.com"
114.119.158.157 - - [27/Apr/2026:17:53:51 +0000] "GET /all-you-need-to-know-about-great-wedding-ceremonies/?share=twitter&amp HTTP/1.1" 302 - "https://weddingmonitor.com/all-you-need-to-know-about-great-wedding-ceremonies/?share=twitter&noamp=mobile" "Mozilla/5.0 (Linux; Android 7.0;) AppleWebKit/537.36 (HTML, like Gecko) Mobile Safari/537.36 (compatible; PetalBot;+https://webmaster.petalsearch.com/site/petalbot)"
184.94.212.206 - - [27/Apr/2026:17:57:24 +0000] "POST /wp-cron.php?doing_wp_cron=1777312644.0716609954833984375000 HTTP/1.1" 200 - "-" "WordPress/6.9.4; https://weddingmonitor.com"
192.0.102.230 - - [27/Apr/2026:17:57:21 +0000] "HEAD / HTTP/1.1" 200 - "-" "jetmon/1.0 (Jetpack Site Uptime Monitor by WordPress.com)"
114.119.154.9 - - [27/Apr/2026:17:57:55 +0000] "GET /all-you-need-to-know-about-great-wedding-ceremonies/?share=twitter HTTP/1.1" 302 - "https://weddingmonitor.com/all-you-need-to-know-about-great-wedding-ceremonies/?noamp=mobile" "Mozilla/5.0 (Linux; Android 7.0;) AppleWebKit/537.36 (HTML, like Gecko) Mobile Safari/537.36 (compatible; PetalBot;+https://webmaster.petalsearch.com/site/petalbot)"
184.94.212.206 - - [27/Apr/2026:18:02:13 +0000] "POST /wp-cron.php?doing_wp_cron=1777312933.0589458942413330078125 HTTP/1.1" 200 - "-" "WordPress/6.9.4; https://weddingmonitor.com"
114.119.141.4 - - [27/Apr/2026:18:02:09 +0000] "GET /all-you-need-to-know-about-great-wedding-ceremonies/?share=facebook HTTP/1.1" 302 - "http://weddingmonitor.com/all-you-need-to-know-about-great-wedding-ceremonies/" "Mozilla/5.0 (Linux; Android 7.0;) AppleWebKit/537.36 (HTML, like Gecko) Mobile Safari/537.36 (compatible; PetalBot;+https://webmaster.petalsearch.com/site/petalbot)"
184.94.212.206 - - [27/Apr/2026:18:02:19 +0000] "POST /wp-cron.php?doing_wp_cron=1777312939.1062350273132324218750 HTTP/1.1" 200 - "-" "WordPress/6.9.4; https://weddingmonitor.com"
73.16.221.194 - - [27/Apr/2026:18:02:17 +0000] "GET /tag/perfect-wedding/ HTTP/1.1" 200 16233 "-" "Mozilla/5.0 (X11; Linux i686; rv:1.9.7.20) Gecko/7329-11-30 03:54:11.833893 Firefox/3.8"
184.94.212.206 - - [27/Apr/2026:18:02:25 +0000] "POST /wp-cron.php?doing_wp_cron=1777312944.1207499504089355468750 HTTP/1.1" 200 - "-" "WordPress/6.9.4; https://weddingmonitor.com"
192.0.102.230 - - [27/Apr/2026:18:02:23 +0000] "HEAD / HTTP/1.1" 200 - "-" "jetmon/1.0 (Jetpack Site Uptime Monitor by WordPress.com)"
114.119.154.9 - - [27/Apr/2026:18:06:23 +0000] "GET /all-you-need-to-know-about-great-wedding-ceremonies/ HTTP/1.1" 200 21218 "https://weddingmonitor.com/ftc-statement/" "Mozilla/5.0 (Linux; Android 7.0;) AppleWebKit/537.36 (HTML, like Gecko) Mobile Safari/537.36 (compatible; PetalBot;+https://webmaster.petalsearch.com/site/petalbot)"
184.94.212.206 - - [27/Apr/2026:18:07:22 +0000] "POST /wp-cron.php?doing_wp_cron=1777313242.0733048915863037109375 HTTP/1.1" 200 - "-" "WordPress/6.9.4; https://weddingmonitor.com"
192.0.102.230 - - [27/Apr/2026:18:07:20 +0000] "HEAD / HTTP/1.1" 200 - "-" "jetmon/1.0 (Jetpack Site Uptime Monitor by WordPress.com)"
184.94.212.206 - - [27/Apr/2026:18:10:32 +0000] "POST /wp-cron.php?doing_wp_cron=1777313432.5604588985443115234375 HTTP/1.1" 200 - "-" "WordPress/6.9.4; https://weddingmonitor.com"
114.119.142.85 - - [27/Apr/2026:18:10:31 +0000] "GET /advice-for-making-your-wedding-a-memorable-experience?share=x HTTP/1.1" 302 - "https://weddingmonitor.com/advice-for-making-your-wedding-a-memorable-experience" "Mozilla/5.0 (Linux; Android 7.0;) AppleWebKit/537.36 (HTML, like Gecko) Mobile Safari/537.36 (compatible; PetalBot;+https://webmaster.petalsearch.com/site/petalbot)"
192.0.102.230 - - [27/Apr/2026:18:12:22 +0000] "HEAD / HTTP/1.1" 200 - "-" "jetmon/1.0 (Jetpack Site Uptime Monitor by WordPress.com)"
184.94.212.206 - - [27/Apr/2026:18:14:31 +0000] "POST /wp-cron.php?doing_wp_cron=1777313671.5691549777984619140625 HTTP/1.1" 200 - "-" "WordPress/6.9.4; https://weddingmonitor.com"
114.119.147.0 - - [27/Apr/2026:18:14:25 +0000] "GET /advice-for-making-your-wedding-a-memorable-experience?noamp=mobile HTTP/1.1" 301 - "https://weddingmonitor.com/advice-for-making-your-wedding-a-memorable-experience?noamp=mobile" "Mozilla/5.0 (Linux; Android 7.0;) AppleWebKit/537.36 (HTML, like Gecko) Mobile Safari/537.36 (compatible; PetalBot;+https://webmaster.petalsearch.com/site/petalbot)"
114.119.147.0 - - [27/Apr/2026:18:14:32 +0000] "GET /advice-for-making-your-wedding-a-memorable-experience/?noamp=mobile HTTP/1.1" 200 21381 "https://weddingmonitor.com/advice-for-making-your-wedding-a-memorable-experience?noamp=mobile" "Mozilla/5.0 (Linux; Android 7.0;) AppleWebKit/537.36 (HTML, like Gecko) Mobile Safari/537.36 (compatible; PetalBot;+https://webmaster.petalsearch.com/site/petalbot)"
184.94.212.206 - - [27/Apr/2026:18:16:19 +0000] "POST /wp-cron.php?doing_wp_cron=1777313779.4447228908538818359375 HTTP/1.1" 200 - "-" "WordPress/6.9.4; https://weddingmonitor.com"
95.153.106.222 - - [27/Apr/2026:18:16:17 +0000] "GET /tag/destination-wedding/?amp HTTP/1.1" 200 17076 "-" "Mozilla/5.0 (Windows NT 10.0; Win64; x64) AppleWebKit/537.36 (KHTML, like Gecko) Chrome/68.0.3440.106 Safari/537.36"
184.94.212.206 - - [27/Apr/2026:18:17:24 +0000] "POST /wp-cron.php?doing_wp_cron=1777313844.7264881134033203125000 HTTP/1.1" 200 - "-" "WordPress/6.9.4; https://weddingmonitor.com"
192.0.102.230 - - [27/Apr/2026:18:17:23 +0000] "HEAD / HTTP/1.1" 200 - "-" "jetmon/1.0 (Jetpack Site Uptime Monitor by WordPress.com)"
114.119.142.43 - - [27/Apr/2026:18:18:13 +0000] "GET /advice-for-making-your-wedding-a-memorable-experience/?share=x&amp HTTP/1.1" 302 - "https://weddingmonitor.com/advice-for-making-your-wedding-a-memorable-experience?amp" "Mozilla/5.0 (Linux; Android 7.0;) AppleWebKit/537.36 (HTML, like Gecko) Mobile Safari/537.36 (compatible; PetalBot;+https://webmaster.petalsearch.com/site/petalbot)"
161.118.255.41 - - [27/Apr/2026:18:19:14 +0000] "GET /wp-login.php HTTP/1.1" 200 4387 "-" "Mozilla/5.0 (Windows NT 10.0; Win64; x64) AppleWebKit/605.1.15 (KHTML, like Gecko) Version/14.0.3 Safari/605.1.15"
161.118.255.41 - - [27/Apr/2026:18:19:16 +0000] "GET /wp-admin/ HTTP/1.1" 302 - "-" "Mozilla/5.0 (Macintosh; Intel Mac OS X 10_15_7) AppleWebKit/537.36 (KHTML, like Gecko) Chrome/92.0.4515.131 Safari/537.36"
161.118.255.41 - - [27/Apr/2026:18:19:17 +0000] "GET /wp-login.php?redirect_to=https%3A%2F%2Fweddingmonitor.com%2Fwp-admin%2F&reauth=1 HTTP/1.1" 200 4423 "-" "Mozilla/5.0 (Macintosh; Intel Mac OS X 10_15_7) AppleWebKit/537.36 (KHTML, like Gecko) Chrome/92.0.4515.131 Safari/537.36"
161.118.255.41 - - [27/Apr/2026:18:19:18 +0000] "GET / HTTP/1.1" 200 16986 "-" "Mozilla/5.0 (Windows NT 6.1; Win64; x64; rv:92.0) Gecko/20100101 Firefox/92.0"
161.118.255.41 - - [27/Apr/2026:18:19:19 +0000] "POST /wp-login.php HTTP/1.1" 200 4387 "https://weddingmonitor.com/wp-login.php" "Mozilla/5.0 (Macintosh; Intel Mac OS X 10_15_7) AppleWebKit/605.1.15 (KHTML, like Gecko) Version/14.0.3 Safari/605.1.15"
161.118.255.41 - - [27/Apr/2026:18:19:20 +0000] "GET /wp-admin/index.php HTTP/1.1" 302 - "https://weddingmonitor.com/wp-login.php" "Mozilla/5.0 (Windows NT 6.1; Win64; x64) AppleWebKit/537.36 (KHTML, like Gecko) Chrome/93.0.4577.63 Safari/537.36"
161.118.255.41 - - [27/Apr/2026:18:19:21 +0000] "GET /wp-login.php?redirect_to=https%3A%2F%2Fweddingmonitor.com%2Fwp-admin%2Findex.php&reauth=1 HTTP/1.1" 200 4428 "https://weddingmonitor.com/wp-login.php" "Mozilla/5.0 (Windows NT 6.1; Win64; x64) AppleWebKit/537.36 (KHTML, like Gecko) Chrome/93.0.4577.63 Safari/537.36"
161.118.255.41 - - [27/Apr/2026:18:19:22 +0000] "POST /wp-login.php HTTP/1.1" 200 4387 "https://weddingmonitor.com/wp-login.php" "Mozilla/5.0 (Macintosh; Intel Mac OS X 10_15_7) AppleWebKit/537.36 (KHTML, like Gecko) Chrome/90.0.4430.212 Safari/537.36"
161.118.255.41 - - [27/Apr/2026:18:19:23 +0000] "GET /wp-admin/index.php HTTP/1.1" 302 - "https://weddingmonitor.com/wp-login.php" "Mozilla/5.0 (Windows NT 10.0; Win64; x64; rv:89.0) Gecko/20100101 Firefox/89.0.2"
161.118.255.41 - - [27/Apr/2026:18:19:24 +0000] "GET /wp-login.php?redirect_to=https%3A%2F%2Fweddingmonitor.com%2Fwp-admin%2Findex.php&reauth=1 HTTP/1.1" 200 4428 "https://weddingmonitor.com/wp-login.php" "Mozilla/5.0 (Windows NT 10.0; Win64; x64; rv:89.0) Gecko/20100101 Firefox/89.0.2"
161.118.255.41 - - [27/Apr/2026:18:19:24 +0000] "POST /wp-login.php HTTP/1.1" 200 4387 "https://weddingmonitor.com/wp-login.php" "Mozilla/5.0 (Macintosh; Intel Mac OS X 10_15_7) AppleWebKit/537.36 (KHTML, like Gecko) Chrome/91.0.4472.124 Safari/537.36"
161.118.255.41 - - [27/Apr/2026:18:19:25 +0000] "GET /wp-admin/index.php HTTP/1.1" 302 - "https://weddingmonitor.com/wp-login.php" "Mozilla/5.0 (Windows NT 10.0; Win64; x64) AppleWebKit/605.1.15 (KHTML, like Gecko) Version/14.1.2 Safari/605.1.15"
161.118.255.41 - - [27/Apr/2026:18:19:26 +0000] "GET /wp-login.php?redirect_to=https%3A%2F%2Fweddingmonitor.com%2Fwp-admin%2Findex.php&reauth=1 HTTP/1.1" 200 4428 "https://weddingmonitor.com/wp-login.php" "Mozilla/5.0 (Windows NT 10.0; Win64; x64) AppleWebKit/605.1.15 (KHTML, like Gecko) Version/14.1.2 Safari/605.1.15"
161.118.255.41 - - [27/Apr/2026:18:19:27 +0000] "POST /wp-login.php HTTP/1.1" 200 4387 "https://weddingmonitor.com/wp-login.php" "Mozilla/5.0 (Macintosh; Intel Mac OS X 10_15_7) AppleWebKit/537.36 (KHTML, like Gecko) Chrome/92.0.4515.131 Safari/537.36"
161.118.255.41 - - [27/Apr/2026:18:19:28 +0000] "GET /wp-admin/index.php HTTP/1.1" 302 - "https://weddingmonitor.com/wp-login.php" "Mozilla/5.0 (Windows NT 6.1; Win64; x64) AppleWebKit/537.36 (KHTML, like Gecko) Chrome/91.0.4472.124 Safari/537.36"
161.118.255.41 - - [27/Apr/2026:18:19:29 +0000] "GET /wp-login.php?redirect_to=https%3A%2F%2Fweddingmonitor.com%2Fwp-admin%2Findex.php&reauth=1 HTTP/1.1" 200 4428 "https://weddingmonitor.com/wp-login.php" "Mozilla/5.0 (Windows NT 6.1; Win64; x64) AppleWebKit/537.36 (KHTML, like Gecko) Chrome/91.0.4472.124 Safari/537.36"
161.118.255.41 - - [27/Apr/2026:18:19:30 +0000] "POST /wp-login.php HTTP/1.1" 200 4387 "https://weddingmonitor.com/wp-login.php" "Mozilla/5.0 (Macintosh; Intel Mac OS X 10_15_7) AppleWebKit/605.1.15 (KHTML, like Gecko) Version/14.1.2 Safari/605.1.15"
161.118.255.41 - - [27/Apr/2026:18:19:30 +0000] "GET /wp-admin/index.php HTTP/1.1" 302 - "https://weddingmonitor.com/wp-login.php" "Mozilla/5.0 (Windows NT 10.0; Win64; x64) AppleWebKit/537.36 (KHTML, like Gecko) Chrome/92.0.4515.131 Safari/537.36"
161.118.255.41 - - [27/Apr/2026:18:19:31 +0000] "GET /wp-login.php?redirect_to=https%3A%2F%2Fweddingmonitor.com%2Fwp-admin%2Findex.php&reauth=1 HTTP/1.1" 200 4428 "https://weddingmonitor.com/wp-login.php" "Mozilla/5.0 (Windows NT 10.0; Win64; x64) AppleWebKit/537.36 (KHTML, like Gecko) Chrome/92.0.4515.131 Safari/537.36"
161.118.255.41 - - [27/Apr/2026:18:19:32 +0000] "POST /wp-login.php HTTP/1.1" 200 4387 "https://weddingmonitor.com/wp-login.php" "Mozilla/5.0 (Windows NT 10.0; Win64; x64) AppleWebKit/605.1.15 (KHTML, like Gecko) Version/15.0 Safari/605.1.15"
161.118.255.41 - - [27/Apr/2026:18:19:33 +0000] "GET /wp-admin/index.php HTTP/1.1" 302 - "https://weddingmonitor.com/wp-login.php" "Mozilla/5.0 (X11; Linux x86_64) AppleWebKit/537.36 (KHTML, like Gecko) Chrome/94.0.4606.71 Safari/537.36"
161.118.255.41 - - [27/Apr/2026:18:19:34 +0000] "GET /wp-login.php?redirect_to=https%3A%2F%2Fweddingmonitor.com%2Fwp-admin%2Findex.php&reauth=1 HTTP/1.1" 200 4428 "https://weddingmonitor.com/wp-login.php" "Mozilla/5.0 (X11; Linux x86_64) AppleWebKit/537.36 (KHTML, like Gecko) Chrome/94.0.4606.71 Safari/537.36"
161.118.255.41 - - [27/Apr/2026:18:19:35 +0000] "POST /wp-login.php HTTP/1.1" 200 4387 "https://weddingmonitor.com/wp-login.php" "Mozilla/5.0 (Macintosh; Intel Mac OS X 10_15_7) AppleWebKit/537.36 (KHTML, like Gecko) Chrome/90.0.4430.212 Safari/537.36"
161.118.255.41 - - [27/Apr/2026:18:19:35 +0000] "GET /wp-admin/index.php HTTP/1.1" 302 - "https://weddingmonitor.com/wp-login.php" "Mozilla/5.0 (Macintosh; Intel Mac OS X 10_15_7) AppleWebKit/537.36 (KHTML, like Gecko) Chrome/90.0.4430.212 Safari/537.36"
161.118.255.41 - - [27/Apr/2026:18:19:37 +0000] "GET /wp-login.php?redirect_to=https%3A%2F%2Fweddingmonitor.com%2Fwp-admin%2Findex.php&reauth=1 HTTP/1.1" 200 4428 "https://weddingmonitor.com/wp-login.php" "Mozilla/5.0 (Macintosh; Intel Mac OS X 10_15_7) AppleWebKit/537.36 (KHTML, like Gecko) Chrome/90.0.4430.212 Safari/537.36"
161.118.255.41 - - [27/Apr/2026:18:19:37 +0000] "POST /wp-login.php HTTP/1.1" 200 4387 "https://weddingmonitor.com/wp-login.php" "Mozilla/5.0 (X11; Linux x86_64) AppleWebKit/537.36 (KHTML, like Gecko) Chrome/91.0.4472.124 Safari/537.36"
161.118.255.41 - - [27/Apr/2026:18:19:38 +0000] "GET /wp-admin/index.php HTTP/1.1" 302 - "https://weddingmonitor.com/wp-login.php" "Mozilla/5.0 (X11; Linux x86_64; rv:90.0) Gecko/20100101 Firefox/90.0.1"
161.118.255.41 - - [27/Apr/2026:18:19:39 +0000] "GET /wp-login.php?redirect_to=https%3A%2F%2Fweddingmonitor.com%2Fwp-admin%2Findex.php&reauth=1 HTTP/1.1" 200 4428 "https://weddingmonitor.com/wp-login.php" "Mozilla/5.0 (X11; Linux x86_64; rv:90.0) Gecko/20100101 Firefox/90.0.1"
161.118.255.41 - - [27/Apr/2026:18:19:40 +0000] "POST /wp-login.php HTTP/1.1" 200 4387 "https://weddingmonitor.com/wp-login.php" "Mozilla/5.0 (Macintosh; Intel Mac OS X 10_15_7) AppleWebKit/605.1.15 (KHTML, like Gecko) Version/14.1.2 Safari/605.1.15"
161.118.255.41 - - [27/Apr/2026:18:19:41 +0000] "GET /wp-admin/index.php HTTP/1.1" 302 - "https://weddingmonitor.com/wp-login.php" "Mozilla/5.0 (Macintosh; Intel Mac OS X 10_15_7) AppleWebKit/537.36 (KHTML, like Gecko) Chrome/91.0.4472.124 Safari/537.36"
161.118.255.41 - - [27/Apr/2026:18:19:42 +0000] "GET /wp-login.php?redirect_to=https%3A%2F%2Fweddingmonitor.com%2Fwp-admin%2Findex.php&reauth=1 HTTP/1.1" 200 4428 "https://weddingmonitor.com/wp-login.php" "Mozilla/5.0 (Macintosh; Intel Mac OS X 10_15_7) AppleWebKit/537.36 (KHTML, like Gecko) Chrome/91.0.4472.124 Safari/537.36"
161.118.255.41 - - [27/Apr/2026:18:19:43 +0000] "POST /wp-login.php HTTP/1.1" 200 4387 "https://weddingmonitor.com/wp-login.php" "Mozilla/5.0 (Windows NT 10.0; Win64; x64) AppleWebKit/605.1.15 (KHTML, like Gecko) Version/14.1.2 Safari/605.1.15"
161.118.255.41 - - [27/Apr/2026:18:19:43 +0000] "GET /wp-admin/index.php HTTP/1.1" 302 - "https://weddingmonitor.com/wp-login.php" "Mozilla/5.0 (Windows NT 6.1; Win64; x64) AppleWebKit/537.36 (KHTML, like Gecko) Chrome/92.0.4515.131 Safari/537.36"
161.118.255.41 - - [27/Apr/2026:18:19:45 +0000] "GET /wp-login.php?redirect_to=https%3A%2F%2Fweddingmonitor.com%2Fwp-admin%2Findex.php&reauth=1 HTTP/1.1" 200 4428 "https://weddingmonitor.com/wp-login.php" "Mozilla/5.0 (Windows NT 6.1; Win64; x64) AppleWebKit/537.36 (KHTML, like Gecko) Chrome/92.0.4515.131 Safari/537.36"
161.118.255.41 - - [27/Apr/2026:18:19:45 +0000] "POST /wp-login.php HTTP/1.1" 200 4387 "https://weddingmonitor.com/wp-login.php" "Mozilla/5.0 (Windows NT 10.0; Win64; x64) AppleWebKit/605.1.15 (KHTML, like Gecko) Version/14.1.1 Safari/605.1.15"
161.118.255.41 - - [27/Apr/2026:18:19:46 +0000] "GET /wp-admin/index.php HTTP/1.1" 302 - "https://weddingmonitor.com/wp-login.php" "Mozilla/5.0 (Macintosh; Intel Mac OS X 10_15_7; rv:92.0) Gecko/20100101 Firefox/92.0"
161.118.255.41 - - [27/Apr/2026:18:19:47 +0000] "GET /wp-login.php?redirect_to=https%3A%2F%2Fweddingmonitor.com%2Fwp-admin%2Findex.php&reauth=1 HTTP/1.1" 200 4428 "https://weddingmonitor.com/wp-login.php" "Mozilla/5.0 (Macintosh; Intel Mac OS X 10_15_7; rv:92.0) Gecko/20100101 Firefox/92.0"
161.118.255.41 - - [27/Apr/2026:18:19:48 +0000] "POST /wp-login.php HTTP/1.1" 200 4387 "https://weddingmonitor.com/wp-login.php" "Mozilla/5.0 (Macintosh; Intel Mac OS X 10_15_7) AppleWebKit/537.36 (KHTML, like Gecko) Chrome/93.0.4577.63 Safari/537.36"
184.94.212.206 - - [27/Apr/2026:18:19:49 +0000] "POST /wp-cron.php?doing_wp_cron=1777313989.9539310932159423828125 HTTP/1.1" 200 - "-" "WordPress/6.9.4; https://weddingmonitor.com"
161.118.255.41 - - [27/Apr/2026:18:19:49 +0000] "GET /wp-admin/index.php HTTP/1.1" 302 - "https://weddingmonitor.com/wp-login.php" "Mozilla/5.0 (Macintosh; Intel Mac OS X 10_15_7; rv:89.0) Gecko/20100101 Firefox/89.0.2"
161.118.255.41 - - [27/Apr/2026:18:19:50 +0000] "GET /wp-login.php?redirect_to=https%3A%2F%2Fweddingmonitor.com%2Fwp-admin%2Findex.php&reauth=1 HTTP/1.1" 200 4428 "https://weddingmonitor.com/wp-login.php" "Mozilla/5.0 (Macintosh; Intel Mac OS X 10_15_7; rv:89.0) Gecko/20100101 Firefox/89.0.2"
161.118.255.41 - - [27/Apr/2026:18:19:50 +0000] "POST /wp-login.php HTTP/1.1" 200 4387 "https://weddingmonitor.com/wp-login.php" "Mozilla/5.0 (Macintosh; Intel Mac OS X 10_15_7) AppleWebKit/537.36 (KHTML, like Gecko) Chrome/90.0.4430.212 Safari/537.36"
161.118.255.41 - - [27/Apr/2026:18:19:51 +0000] "GET /wp-admin/index.php HTTP/1.1" 302 - "https://weddingmonitor.com/wp-login.php" "Mozilla/5.0 (Windows NT 6.1; Win64; x64) AppleWebKit/537.36 (KHTML, like Gecko) Chrome/92.0.4515.131 Safari/537.36"
161.118.255.41 - - [27/Apr/2026:18:19:52 +0000] "GET /wp-login.php?redirect_to=https%3A%2F%2Fweddingmonitor.com%2Fwp-admin%2Findex.php&reauth=1 HTTP/1.1" 200 4428 "https://weddingmonitor.com/wp-login.php" "Mozilla/5.0 (Windows NT 6.1; Win64; x64) AppleWebKit/537.36 (KHTML, like Gecko) Chrome/92.0.4515.131 Safari/537.36"
161.118.255.41 - - [27/Apr/2026:18:19:53 +0000] "POST /wp-login.php HTTP/1.1" 200 4387 "https://weddingmonitor.com/wp-login.php" "Mozilla/5.0 (Windows NT 10.0; Win64; x64) AppleWebKit/605.1.15 (KHTML, like Gecko) Version/14.0.3 Safari/605.1.15"
161.118.255.41 - - [27/Apr/2026:18:19:54 +0000] "GET /wp-admin/index.php HTTP/1.1" 302 - "https://weddingmonitor.com/wp-login.php" "Mozilla/5.0 (Windows NT 10.0; Win64; x64) AppleWebKit/537.36 (KHTML, like Gecko) Chrome/92.0.4515.131 Safari/537.36"
161.118.255.41 - - [27/Apr/2026:18:19:55 +0000] "GET /wp-login.php?redirect_to=https%3A%2F%2Fweddingmonitor.com%2Fwp-admin%2Findex.php&reauth=1 HTTP/1.1" 200 4428 "https://weddingmonitor.com/wp-login.php" "Mozilla/5.0 (Windows NT 10.0; Win64; x64) AppleWebKit/537.36 (KHTML, like Gecko) Chrome/92.0.4515.131 Safari/537.36"
161.118.255.41 - - [27/Apr/2026:18:19:56 +0000] "POST /wp-login.php HTTP/1.1" 200 4387 "https://weddingmonitor.com/wp-login.php" "Mozilla/5.0 (Windows NT 10.0; Win64; x64) AppleWebKit/605.1.15 (KHTML, like Gecko) Version/15.0 Safari/605.1.15"
161.118.255.41 - - [27/Apr/2026:18:19:56 +0000] "GET /wp-admin/index.php HTTP/1.1" 302 - "https://weddingmonitor.com/wp-login.php" "Mozilla/5.0 (Windows NT 10.0; Win64; x64; rv:93.0) Gecko/20100101 Firefox/93.0"
161.118.255.41 - - [27/Apr/2026:18:19:58 +0000] "GET /wp-login.php?redirect_to=https%3A%2F%2Fweddingmonitor.com%2Fwp-admin%2Findex.php&reauth=1 HTTP/1.1" 200 4428 "https://weddingmonitor.com/wp-login.php" "Mozilla/5.0 (Windows NT 10.0; Win64; x64; rv:93.0) Gecko/20100101 Firefox/93.0"
161.118.255.41 - - [27/Apr/2026:18:19:58 +0000] "POST /wp-login.php HTTP/1.1" 200 4387 "https://weddingmonitor.com/wp-login.php" "Mozilla/5.0 (Windows NT 10.0; Win64; x64) AppleWebKit/537.36 (KHTML, like Gecko) Chrome/90.0.4430.212 Safari/537.36"
161.118.255.41 - - [27/Apr/2026:18:19:59 +0000] "GET /wp-admin/index.php HTTP/1.1" 302 - "https://weddingmonitor.com/wp-login.php" "Mozilla/5.0 (Windows NT 6.1; Win64; x64) AppleWebKit/537.36 (KHTML, like Gecko) Chrome/91.0.4472.124 Safari/537.36"
161.118.255.41 - - [27/Apr/2026:18:20:00 +0000] "GET /wp-login.php?redirect_to=https%3A%2F%2Fweddingmonitor.com%2Fwp-admin%2Findex.php&reauth=1 HTTP/1.1" 200 4428 "https://weddingmonitor.com/wp-login.php" "Mozilla/5.0 (Windows NT 6.1; Win64; x64) AppleWebKit/537.36 (KHTML, like Gecko) Chrome/91.0.4472.124 Safari/537.36"
161.118.255.41 - - [27/Apr/2026:18:20:01 +0000] "POST /wp-login.php HTTP/1.1" 200 4387 "https://weddingmonitor.com/wp-login.php" "Mozilla/5.0 (X11; Linux x86_64) AppleWebKit/537.36 (KHTML, like Gecko) Chrome/92.0.4515.131 Safari/537.36"
161.118.255.41 - - [27/Apr/2026:18:20:01 +0000] "GET /wp-admin/index.php HTTP/1.1" 302 - "https://weddingmonitor.com/wp-login.php" "Mozilla/5.0 (Macintosh; Intel Mac OS X 10_15_7) AppleWebKit/605.1.15 (KHTML, like Gecko) Version/14.1 Safari/605.1.15"
161.118.255.41 - - [27/Apr/2026:18:20:03 +0000] "GET /wp-login.php?redirect_to=https%3A%2F%2Fweddingmonitor.com%2Fwp-admin%2Findex.php&reauth=1 HTTP/1.1" 200 4428 "https://weddingmonitor.com/wp-login.php" "Mozilla/5.0 (Macintosh; Intel Mac OS X 10_15_7) AppleWebKit/605.1.15 (KHTML, like Gecko) Version/14.1 Safari/605.1.15"
161.118.255.41 - - [27/Apr/2026:18:20:04 +0000] "POST /wp-login.php HTTP/1.1" 200 4387 "https://weddingmonitor.com/wp-login.php" "Mozilla/5.0 (X11; Linux x86_64; rv:89.0) Gecko/20100101 Firefox/89.0.2"
161.118.255.41 - - [27/Apr/2026:18:20:05 +0000] "GET /wp-admin/index.php HTTP/1.1" 302 - "https://weddingmonitor.com/wp-login.php" "Mozilla/5.0 (Windows NT 10.0; Win64; x64) AppleWebKit/537.36 (KHTML, like Gecko) Chrome/91.0.4472.124 Safari/537.36"
161.118.255.41 - - [27/Apr/2026:18:20:06 +0000] "GET /wp-login.php?redirect_to=https%3A%2F%2Fweddingmonitor.com%2Fwp-admin%2Findex.php&reauth=1 HTTP/1.1" 200 4428 "https://weddingmonitor.com/wp-login.php" "Mozilla/5.0 (Windows NT 10.0; Win64; x64) AppleWebKit/537.36 (KHTML, like Gecko) Chrome/91.0.4472.124 Safari/537.36"
161.118.255.41 - - [27/Apr/2026:18:20:07 +0000] "POST /wp-login.php HTTP/1.1" 200 4387 "https://weddingmonitor.com/wp-login.php" "Mozilla/5.0 (X11; Linux x86_64) AppleWebKit/537.36 (KHTML, like Gecko) Chrome/93.0.4577.63 Safari/537.36"
161.118.255.41 - - [27/Apr/2026:18:20:08 +0000] "GET /wp-admin/index.php HTTP/1.1" 302 - "https://weddingmonitor.com/wp-login.php" "Mozilla/5.0 (Windows NT 10.0; Win64; x64; rv:93.0) Gecko/20100101 Firefox/93.0"
161.118.255.41 - - [27/Apr/2026:18:20:09 +0000] "GET /wp-login.php?redirect_to=https%3A%2F%2Fweddingmonitor.com%2Fwp-admin%2Findex.php&reauth=1 HTTP/1.1" 200 4428 "https://weddingmonitor.com/wp-login.php" "Mozilla/5.0 (Windows NT 10.0; Win64; x64; rv:93.0) Gecko/20100101 Firefox/93.0"
161.118.255.41 - - [27/Apr/2026:18:20:10 +0000] "POST /wp-login.php HTTP/1.1" 200 4387 "https://weddingmonitor.com/wp-login.php" "Mozilla/5.0 (Macintosh; Intel Mac OS X 10_15_7) AppleWebKit/537.36 (KHTML, like Gecko) Chrome/90.0.4430.212 Safari/537.36"
161.118.255.41 - - [27/Apr/2026:18:20:11 +0000] "GET /wp-admin/index.php HTTP/1.1" 302 - "https://weddingmonitor.com/wp-login.php" "Mozilla/5.0 (Macintosh; Intel Mac OS X 10_15_7; rv:89.0) Gecko/20100101 Firefox/89.0.2"
161.118.255.41 - - [27/Apr/2026:18:20:12 +0000] "GET /wp-login.php?redirect_to=https%3A%2F%2Fweddingmonitor.com%2Fwp-admin%2Findex.php&reauth=1 HTTP/1.1" 200 4428 "https://weddingmonitor.com/wp-login.php" "Mozilla/5.0 (Macintosh; Intel Mac OS X 10_15_7; rv:89.0) Gecko/20100101 Firefox/89.0.2"
161.118.255.41 - - [27/Apr/2026:18:20:13 +0000] "POST /wp-login.php HTTP/1.1" 200 4387 "https://weddingmonitor.com/wp-login.php" "Mozilla/5.0 (X11; Linux x86_64; rv:93.0) Gecko/20100101 Firefox/93.0"
161.118.255.41 - - [27/Apr/2026:18:20:14 +0000] "GET /wp-admin/index.php HTTP/1.1" 302 - "https://weddingmonitor.com/wp-login.php" "Mozilla/5.0 (Windows NT 10.0; Win64; x64; rv:89.0) Gecko/20100101 Firefox/89.0.2"
161.118.255.41 - - [27/Apr/2026:18:20:15 +0000] "GET /wp-login.php?redirect_to=https%3A%2F%2Fweddingmonitor.com%2Fwp-admin%2Findex.php&reauth=1 HTTP/1.1" 200 4428 "https://weddingmonitor.com/wp-login.php" "Mozilla/5.0 (Windows NT 10.0; Win64; x64; rv:89.0) Gecko/20100101 Firefox/89.0.2"
161.118.255.41 - - [27/Apr/2026:18:20:16 +0000] "POST /wp-login.php HTTP/1.1" 200 4387 "https://weddingmonitor.com/wp-login.php" "Mozilla/5.0 (Windows NT 10.0; Win64; x64) AppleWebKit/537.36 (KHTML, like Gecko) Chrome/90.0.4430.212 Safari/537.36"
161.118.255.41 - - [27/Apr/2026:18:20:16 +0000] "GET /wp-admin/index.php HTTP/1.1" 302 - "https://weddingmonitor.com/wp-login.php" "Mozilla/5.0 (Macintosh; Intel Mac OS X 10_15_7) AppleWebKit/605.1.15 (KHTML, like Gecko) Version/15.0 Safari/605.1.15"
161.118.255.41 - - [27/Apr/2026:18:20:17 +0000] "GET /wp-login.php?redirect_to=https%3A%2F%2Fweddingmonitor.com%2Fwp-admin%2Findex.php&reauth=1 HTTP/1.1" 200 4428 "https://weddingmonitor.com/wp-login.php" "Mozilla/5.0 (Macintosh; Intel Mac OS X 10_15_7) AppleWebKit/605.1.15 (KHTML, like Gecko) Version/15.0 Safari/605.1.15"
161.118.255.41 - - [27/Apr/2026:18:20:18 +0000] "POST /wp-login.php HTTP/1.1" 200 4387 "https://weddingmonitor.com/wp-login.php" "Mozilla/5.0 (Windows NT 10.0; Win64; x64) AppleWebKit/537.36 (KHTML, like Gecko) Chrome/90.0.4430.212 Safari/537.36"
161.118.255.41 - - [27/Apr/2026:18:20:19 +0000] "GET /wp-admin/index.php HTTP/1.1" 302 - "https://weddingmonitor.com/wp-login.php" "Mozilla/5.0 (X11; Linux x86_64; rv:92.0) Gecko/20100101 Firefox/92.0"
161.118.255.41 - - [27/Apr/2026:18:20:20 +0000] "GET /wp-login.php?redirect_to=https%3A%2F%2Fweddingmonitor.com%2Fwp-admin%2Findex.php&reauth=1 HTTP/1.1" 200 4428 "https://weddingmonitor.com/wp-login.php" "Mozilla/5.0 (X11; Linux x86_64; rv:92.0) Gecko/20100101 Firefox/92.0"
161.118.255.41 - - [27/Apr/2026:18:20:21 +0000] "POST /wp-login.php HTTP/1.1" 200 4387 "https://weddingmonitor.com/wp-login.php" "Mozilla/5.0 (Windows NT 6.1; Win64; x64) AppleWebKit/537.36 (KHTML, like Gecko) Chrome/90.0.4430.212 Safari/537.36"
161.118.255.41 - - [27/Apr/2026:18:20:22 +0000] "GET /wp-admin/index.php HTTP/1.1" 302 - "https://weddingmonitor.com/wp-login.php" "Mozilla/5.0 (Windows NT 6.1; Win64; x64; rv:92.0) Gecko/20100101 Firefox/92.0"
161.118.255.41 - - [27/Apr/2026:18:20:23 +0000] "GET /wp-login.php?redirect_to=https%3A%2F%2Fweddingmonitor.com%2Fwp-admin%2Findex.php&reauth=1 HTTP/1.1" 200 4428 "https://weddingmonitor.com/wp-login.php" "Mozilla/5.0 (Windows NT 6.1; Win64; x64; rv:92.0) Gecko/20100101 Firefox/92.0"
161.118.255.41 - - [27/Apr/2026:18:20:24 +0000] "POST /wp-login.php HTTP/1.1" 200 4387 "https://weddingmonitor.com/wp-login.php" "Mozilla/5.0 (Windows NT 10.0; Win64; x64) AppleWebKit/605.1.15 (KHTML, like Gecko) Version/14.1 Safari/605.1.15"
184.94.212.206 - - [27/Apr/2026:18:20:25 +0000] "POST /wp-cron.php?doing_wp_cron=1777314025.7728250026702880859375 HTTP/1.1" 200 - "-" "WordPress/6.9.4; https://weddingmonitor.com"
161.118.255.41 - - [27/Apr/2026:18:20:24 +0000] "GET /wp-admin/index.php HTTP/1.1" 302 - "https://weddingmonitor.com/wp-login.php" "Mozilla/5.0 (Windows NT 10.0; Win64; x64) AppleWebKit/605.1.15 (KHTML, like Gecko) Version/14.1.1 Safari/605.1.15"
161.118.255.41 - - [27/Apr/2026:18:20:26 +0000] "GET /wp-login.php?redirect_to=https%3A%2F%2Fweddingmonitor.com%2Fwp-admin%2Findex.php&reauth=1 HTTP/1.1" 200 4428 "https://weddingmonitor.com/wp-login.php" "Mozilla/5.0 (Windows NT 10.0; Win64; x64) AppleWebKit/605.1.15 (KHTML, like Gecko) Version/14.1.1 Safari/605.1.15"
161.118.255.41 - - [27/Apr/2026:18:20:26 +0000] "POST /wp-login.php HTTP/1.1" 200 4387 "https://weddingmonitor.com/wp-login.php" "Mozilla/5.0 (Windows NT 10.0; Win64; x64) AppleWebKit/605.1.15 (KHTML, like Gecko) Version/14.1 Safari/605.1.15"
161.118.255.41 - - [27/Apr/2026:18:20:27 +0000] "GET /wp-admin/index.php HTTP/1.1" 302 - "https://weddingmonitor.com/wp-login.php" "Mozilla/5.0 (Windows NT 10.0; Win64; x64) AppleWebKit/537.36 (KHTML, like Gecko) Chrome/93.0.4577.63 Safari/537.36"
161.118.255.41 - - [27/Apr/2026:18:20:28 +0000] "GET /wp-login.php?redirect_to=https%3A%2F%2Fweddingmonitor.com%2Fwp-admin%2Findex.php&reauth=1 HTTP/1.1" 200 4428 "https://weddingmonitor.com/wp-login.php" "Mozilla/5.0 (Windows NT 10.0; Win64; x64) AppleWebKit/537.36 (KHTML, like Gecko) Chrome/93.0.4577.63 Safari/537.36"
161.118.255.41 - - [27/Apr/2026:18:20:29 +0000] "POST /wp-login.php HTTP/1.1" 200 4387 "https://weddingmonitor.com/wp-login.php" "Mozilla/5.0 (Windows NT 6.1; Win64; x64; rv:89.0) Gecko/20100101 Firefox/89.0.2"
161.118.255.41 - - [27/Apr/2026:18:20:30 +0000] "GET /wp-admin/index.php HTTP/1.1" 302 - "https://weddingmonitor.com/wp-login.php" "Mozilla/5.0 (Windows NT 10.0; Win64; x64) AppleWebKit/537.36 (KHTML, like Gecko) Chrome/94.0.4606.71 Safari/537.36"
161.118.255.41 - - [27/Apr/2026:18:20:31 +0000] "GET /wp-login.php?redirect_to=https%3A%2F%2Fweddingmonitor.com%2Fwp-admin%2Findex.php&reauth=1 HTTP/1.1" 200 4428 "https://weddingmonitor.com/wp-login.php" "Mozilla/5.0 (Windows NT 10.0; Win64; x64) AppleWebKit/537.36 (KHTML, like Gecko) Chrome/94.0.4606.71 Safari/537.36"
161.118.255.41 - - [27/Apr/2026:18:20:32 +0000] "POST /wp-login.php HTTP/1.1" 200 4387 "https://weddingmonitor.com/wp-login.php" "Mozilla/5.0 (Windows NT 10.0; Win64; x64) AppleWebKit/537.36 (KHTML, like Gecko) Chrome/90.0.4430.212 Safari/537.36"
161.118.255.41 - - [27/Apr/2026:18:20:32 +0000] "GET /wp-admin/index.php HTTP/1.1" 302 - "https://weddingmonitor.com/wp-login.php" "Mozilla/5.0 (Macintosh; Intel Mac OS X 10_15_7) AppleWebKit/605.1.15 (KHTML, like Gecko) Version/14.1 Safari/605.1.15"
161.118.255.41 - - [27/Apr/2026:18:20:33 +0000] "GET /wp-login.php?redirect_to=https%3A%2F%2Fweddingmonitor.com%2Fwp-admin%2Findex.php&reauth=1 HTTP/1.1" 200 4428 "https://weddingmonitor.com/wp-login.php" "Mozilla/5.0 (Macintosh; Intel Mac OS X 10_15_7) AppleWebKit/605.1.15 (KHTML, like Gecko) Version/14.1 Safari/605.1.15"
161.118.255.41 - - [27/Apr/2026:18:20:34 +0000] "POST /wp-login.php HTTP/1.1" 200 4387 "https://weddingmonitor.com/wp-login.php" "Mozilla/5.0 (X11; Linux x86_64) AppleWebKit/537.36 (KHTML, like Gecko) Chrome/92.0.4515.131 Safari/537.36"
161.118.255.41 - - [27/Apr/2026:18:20:35 +0000] "GET /wp-admin/index.php HTTP/1.1" 302 - "https://weddingmonitor.com/wp-login.php" "Mozilla/5.0 (Windows NT 10.0; Win64; x64; rv:91.0) Gecko/20100101 Firefox/91.0"
161.118.255.41 - - [27/Apr/2026:18:20:36 +0000] "GET /wp-login.php?redirect_to=https%3A%2F%2Fweddingmonitor.com%2Fwp-admin%2Findex.php&reauth=1 HTTP/1.1" 200 4428 "https://weddingmonitor.com/wp-login.php" "Mozilla/5.0 (Windows NT 10.0; Win64; x64; rv:91.0) Gecko/20100101 Firefox/91.0"
161.118.255.41 - - [27/Apr/2026:18:20:37 +0000] "POST /wp-login.php HTTP/1.1" 200 4387 "https://weddingmonitor.com/wp-login.php" "Mozilla/5.0 (Windows NT 10.0; Win64; x64) AppleWebKit/605.1.15 (KHTML, like Gecko) Version/14.0.3 Safari/605.1.15"
161.118.255.41 - - [27/Apr/2026:18:20:37 +0000] "GET /wp-admin/index.php HTTP/1.1" 302 - "https://weddingmonitor.com/wp-login.php" "Mozilla/5.0 (Macintosh; Intel Mac OS X 10_15_7) AppleWebKit/605.1.15 (KHTML, like Gecko) Version/14.1 Safari/605.1.15"
161.118.255.41 - - [27/Apr/2026:18:20:38 +0000] "GET /wp-login.php?redirect_to=https%3A%2F%2Fweddingmonitor.com%2Fwp-admin%2Findex.php&reauth=1 HTTP/1.1" 200 4428 "https://weddingmonitor.com/wp-login.php" "Mozilla/5.0 (Macintosh; Intel Mac OS X 10_15_7) AppleWebKit/605.1.15 (KHTML, like Gecko) Version/14.1 Safari/605.1.15"
161.118.255.41 - - [27/Apr/2026:18:20:39 +0000] "POST /wp-login.php HTTP/1.1" 200 4387 "https://weddingmonitor.com/wp-login.php" "Mozilla/5.0 (Windows NT 10.0; Win64; x64; rv:92.0) Gecko/20100101 Firefox/92.0"
161.118.255.41 - - [27/Apr/2026:18:20:40 +0000] "GET /wp-admin/index.php HTTP/1.1" 302 - "https://weddingmonitor.com/wp-login.php" "Mozilla/5.0 (Windows NT 10.0; Win64; x64) AppleWebKit/537.36 (KHTML, like Gecko) Chrome/91.0.4472.124 Safari/537.36"
161.118.255.41 - - [27/Apr/2026:18:20:41 +0000] "GET /wp-login.php?redirect_to=https%3A%2F%2Fweddingmonitor.com%2Fwp-admin%2Findex.php&reauth=1 HTTP/1.1" 200 4428 "https://weddingmonitor.com/wp-login.php" "Mozilla/5.0 (Windows NT 10.0; Win64; x64) AppleWebKit/537.36 (KHTML, like Gecko) Chrome/91.0.4472.124 Safari/537.36"
161.118.255.41 - - [27/Apr/2026:18:20:42 +0000] "POST /wp-login.php HTTP/1.1" 200 4387 "https://weddingmonitor.com/wp-login.php" "Mozilla/5.0 (Macintosh; Intel Mac OS X 10_15_7) AppleWebKit/605.1.15 (KHTML, like Gecko) Version/14.1.1 Safari/605.1.15"
161.118.255.41 - - [27/Apr/2026:18:20:42 +0000] "GET /wp-admin/index.php HTTP/1.1" 302 - "https://weddingmonitor.com/wp-login.php" "Mozilla/5.0 (Windows NT 10.0; Win64; x64) AppleWebKit/605.1.15 (KHTML, like Gecko) Version/14.0.3 Safari/605.1.15"
161.118.255.41 - - [27/Apr/2026:18:20:44 +0000] "GET /wp-login.php?redirect_to=https%3A%2F%2Fweddingmonitor.com%2Fwp-admin%2Findex.php&reauth=1 HTTP/1.1" 200 4428 "https://weddingmonitor.com/wp-login.php" "Mozilla/5.0 (Windows NT 10.0; Win64; x64) AppleWebKit/605.1.15 (KHTML, like Gecko) Version/14.0.3 Safari/605.1.15"
161.118.255.41 - - [27/Apr/2026:18:20:44 +0000] "POST /wp-login.php HTTP/1.1" 200 4387 "https://weddingmonitor.com/wp-login.php" "Mozilla/5.0 (Windows NT 10.0; Win64; x64; rv:92.0) Gecko/20100101 Firefox/92.0"
161.118.255.41 - - [27/Apr/2026:18:20:46 +0000] "GET /wp-admin/index.php HTTP/1.1" 302 - "https://weddingmonitor.com/wp-login.php" "Mozilla/5.0 (Windows NT 10.0; Win64; x64) AppleWebKit/537.36 (KHTML, like Gecko) Chrome/94.0.4606.71 Safari/537.36"
161.118.255.41 - - [27/Apr/2026:18:20:47 +0000] "GET /wp-login.php?redirect_to=https%3A%2F%2Fweddingmonitor.com%2Fwp-admin%2Findex.php&reauth=1 HTTP/1.1" 200 4428 "https://weddingmonitor.com/wp-login.php" "Mozilla/5.0 (Windows NT 10.0; Win64; x64) AppleWebKit/537.36 (KHTML, like Gecko) Chrome/94.0.4606.71 Safari/537.36"
161.118.255.41 - - [27/Apr/2026:18:20:48 +0000] "POST /wp-login.php HTTP/1.1" 200 4387 "https://weddingmonitor.com/wp-login.php" "Mozilla/5.0 (Windows NT 6.1; Win64; x64) AppleWebKit/537.36 (KHTML, like Gecko) Chrome/94.0.4606.71 Safari/537.36"
161.118.255.41 - - [27/Apr/2026:18:20:48 +0000] "GET /wp-admin/index.php HTTP/1.1" 302 - "https://weddingmonitor.com/wp-login.php" "Mozilla/5.0 (Windows NT 10.0; Win64; x64) AppleWebKit/537.36 (KHTML, like Gecko) Chrome/90.0.4430.212 Safari/537.36"
161.118.255.41 - - [27/Apr/2026:18:20:49 +0000] "GET /wp-login.php?redirect_to=https%3A%2F%2Fweddingmonitor.com%2Fwp-admin%2Findex.php&reauth=1 HTTP/1.1" 200 4428 "https://weddingmonitor.com/wp-login.php" "Mozilla/5.0 (Windows NT 10.0; Win64; x64) AppleWebKit/537.36 (KHTML, like Gecko) Chrome/90.0.4430.212 Safari/537.36"
161.118.255.41 - - [27/Apr/2026:18:20:50 +0000] "POST /wp-login.php HTTP/1.1" 200 4387 "https://weddingmonitor.com/wp-login.php" "Mozilla/5.0 (Windows NT 10.0; Win64; x64) AppleWebKit/537.36 (KHTML, like Gecko) Chrome/91.0.4472.124 Safari/537.36"
161.118.255.41 - - [27/Apr/2026:18:20:51 +0000] "GET /wp-admin/index.php HTTP/1.1" 302 - "https://weddingmonitor.com/wp-login.php" "Mozilla/5.0 (Windows NT 10.0; Win64; x64) AppleWebKit/537.36 (KHTML, like Gecko) Chrome/93.0.4577.63 Safari/537.36"
161.118.255.41 - - [27/Apr/2026:18:20:52 +0000] "GET /wp-login.php?redirect_to=https%3A%2F%2Fweddingmonitor.com%2Fwp-admin%2Findex.php&reauth=1 HTTP/1.1" 200 4428 "https://weddingmonitor.com/wp-login.php" "Mozilla/5.0 (Windows NT 10.0; Win64; x64) AppleWebKit/537.36 (KHTML, like Gecko) Chrome/93.0.4577.63 Safari/537.36"
161.118.255.41 - - [27/Apr/2026:18:20:53 +0000] "POST /wp-login.php HTTP/1.1" 200 4387 "https://weddingmonitor.com/wp-login.php" "Mozilla/5.0 (Macintosh; Intel Mac OS X 10_15_7) AppleWebKit/537.36 (KHTML, like Gecko) Chrome/93.0.4577.63 Safari/537.36"
161.118.255.41 - - [27/Apr/2026:18:20:54 +0000] "GET /wp-admin/index.php HTTP/1.1" 302 - "https://weddingmonitor.com/wp-login.php" "Mozilla/5.0 (Macintosh; Intel Mac OS X 10_15_7; rv:92.0) Gecko/20100101 Firefox/92.0"
161.118.255.41 - - [27/Apr/2026:18:20:55 +0000] "GET /wp-login.php?redirect_to=https%3A%2F%2Fweddingmonitor.com%2Fwp-admin%2Findex.php&reauth=1 HTTP/1.1" 200 4428 "https://weddingmonitor.com/wp-login.php" "Mozilla/5.0 (Macintosh; Intel Mac OS X 10_15_7; rv:92.0) Gecko/20100101 Firefox/92.0"
161.118.255.41 - - [27/Apr/2026:18:20:55 +0000] "POST /wp-login.php HTTP/1.1" 200 4387 "https://weddingmonitor.com/wp-login.php" "Mozilla/5.0 (Macintosh; Intel Mac OS X 10_15_7) AppleWebKit/537.36 (KHTML, like Gecko) Chrome/91.0.4472.124 Safari/537.36"
161.118.255.41 - - [27/Apr/2026:18:20:56 +0000] "GET /wp-admin/index.php HTTP/1.1" 302 - "https://weddingmonitor.com/wp-login.php" "Mozilla/5.0 (Windows NT 10.0; Win64; x64) AppleWebKit/605.1.15 (KHTML, like Gecko) Version/14.1 Safari/605.1.15"
161.118.255.41 - - [27/Apr/2026:18:20:57 +0000] "GET /wp-login.php?redirect_to=https%3A%2F%2Fweddingmonitor.com%2Fwp-admin%2Findex.php&reauth=1 HTTP/1.1" 200 4428 "https://weddingmonitor.com/wp-login.php" "Mozilla/5.0 (Windows NT 10.0; Win64; x64) AppleWebKit/605.1.15 (KHTML, like Gecko) Version/14.1 Safari/605.1.15"
161.118.255.41 - - [27/Apr/2026:18:20:58 +0000] "POST /wp-login.php HTTP/1.1" 200 4387 "https://weddingmonitor.com/wp-login.php" "Mozilla/5.0 (Macintosh; Intel Mac OS X 10_15_7) AppleWebKit/605.1.15 (KHTML, like Gecko) Version/14.1 Safari/605.1.15"
161.118.255.41 - - [27/Apr/2026:18:20:59 +0000] "GET /wp-admin/index.php HTTP/1.1" 302 - "https://weddingmonitor.com/wp-login.php" "Mozilla/5.0 (Macintosh; Intel Mac OS X 10_15_7) AppleWebKit/605.1.15 (KHTML, like Gecko) Version/14.1 Safari/605.1.15"
161.118.255.41 - - [27/Apr/2026:18:21:00 +0000] "GET /wp-login.php?redirect_to=https%3A%2F%2Fweddingmonitor.com%2Fwp-admin%2Findex.php&reauth=1 HTTP/1.1" 200 4428 "https://weddingmonitor.com/wp-login.php" "Mozilla/5.0 (Macintosh; Intel Mac OS X 10_15_7) AppleWebKit/605.1.15 (KHTML, like Gecko) Version/14.1 Safari/605.1.15"
161.118.255.41 - - [27/Apr/2026:18:21:00 +0000] "POST /wp-login.php HTTP/1.1" 200 4387 "https://weddingmonitor.com/wp-login.php" "Mozilla/5.0 (Windows NT 10.0; Win64; x64) AppleWebKit/605.1.15 (KHTML, like Gecko) Version/14.1.2 Safari/605.1.15"
161.118.255.41 - - [27/Apr/2026:18:21:01 +0000] "GET /wp-admin/index.php HTTP/1.1" 302 - "https://weddingmonitor.com/wp-login.php" "Mozilla/5.0 (Macintosh; Intel Mac OS X 10_15_7) AppleWebKit/605.1.15 (KHTML, like Gecko) Version/14.0.3 Safari/605.1.15"
161.118.255.41 - - [27/Apr/2026:18:21:02 +0000] "GET /wp-login.php?redirect_to=https%3A%2F%2Fweddingmonitor.com%2Fwp-admin%2Findex.php&reauth=1 HTTP/1.1" 200 4428 "https://weddingmonitor.com/wp-login.php" "Mozilla/5.0 (Macintosh; Intel Mac OS X 10_15_7) AppleWebKit/605.1.15 (KHTML, like Gecko) Version/14.0.3 Safari/605.1.15"
161.118.255.41 - - [27/Apr/2026:18:21:03 +0000] "POST /wp-login.php HTTP/1.1" 200 4387 "https://weddingmonitor.com/wp-login.php" "Mozilla/5.0 (Macintosh; Intel Mac OS X 10_15_7) AppleWebKit/605.1.15 (KHTML, like Gecko) Version/14.1 Safari/605.1.15"
161.118.255.41 - - [27/Apr/2026:18:21:04 +0000] "GET /wp-admin/index.php HTTP/1.1" 302 - "https://weddingmonitor.com/wp-login.php" "Mozilla/5.0 (Macintosh; Intel Mac OS X 10_15_7) AppleWebKit/537.36 (KHTML, like Gecko) Chrome/91.0.4472.124 Safari/537.36"
161.118.255.41 - - [27/Apr/2026:18:21:05 +0000] "GET /wp-login.php?redirect_to=https%3A%2F%2Fweddingmonitor.com%2Fwp-admin%2Findex.php&reauth=1 HTTP/1.1" 200 4428 "https://weddingmonitor.com/wp-login.php" "Mozilla/5.0 (Macintosh; Intel Mac OS X 10_15_7) AppleWebKit/537.36 (KHTML, like Gecko) Chrome/91.0.4472.124 Safari/537.36"
