184.94.212.206 - - [27/Apr/2026:21:55:33 +0000] "POST /wp-cron.php?doing_wp_cron=1777326933.0000340938568115234375 HTTP/1.1" 200 - "-" "WordPress/6.9.4; https://weddingmonitor.com"
113.162.187.161 - - [27/Apr/2026:21:55:31 +0000] "GET /tying-the-knot-soon-remember-these-wedding-planning-tips/ HTTP/1.1" 200 20522 "-" "Mozilla/5.0 (Windows NT 10.0; Win64; x64) AppleWebKit/537.36 (KHTML, like Gecko) Chrome/96.0.4664.93 Safari/537.36"
43.130.111.40 - - [27/Apr/2026:21:56:37 +0000] "GET /copyright-dcma-notice/ HTTP/1.1" 200 19915 "-" "Mozilla/5.0 (iPhone; CPU iPhone OS 13_2_3 like Mac OS X) AppleWebKit/605.1.15 (KHTML, like Gecko) Version/13.0.3 Mobile/15E148 Safari/604.1"
184.94.212.206 - - [27/Apr/2026:21:57:23 +0000] "POST /wp-cron.php?doing_wp_cron=1777327043.6607029438018798828125 HTTP/1.1" 200 - "-" "WordPress/6.9.4; https://weddingmonitor.com"
192.0.102.230 - - [27/Apr/2026:21:57:22 +0000] "HEAD / HTTP/1.1" 200 - "-" "jetmon/1.0 (Jetpack Site Uptime Monitor by WordPress.com)"
114.119.147.0 - - [27/Apr/2026:21:58:39 +0000] "GET /tag/silk-flowers HTTP/1.1" 301 - "https://weddingmonitor.com/2020/03/page/2?noamp=mobile" "Mozilla/5.0 (Linux; Android 7.0;) AppleWebKit/537.36 (HTML, like Gecko) Mobile Safari/537.36 (compatible; PetalBot;+https://webmaster.petalsearch.com/site/petalbot)"
114.119.147.0 - - [27/Apr/2026:21:58:40 +0000] "GET /tag/silk-flowers/ HTTP/1.1" 200 15865 "https://weddingmonitor.com/2020/03/page/2?noamp=mobile" "Mozilla/5.0 (Linux; Android 7.0;) AppleWebKit/537.36 (HTML, like Gecko) Mobile Safari/537.36 (compatible; PetalBot;+https://webmaster.petalsearch.com/site/petalbot)"
184.94.212.206 - - [27/Apr/2026:22:00:56 +0000] "POST /wp-cron.php?doing_wp_cron=1777327256.4564530849456787109375 HTTP/1.1" 200 - "-" "WordPress/6.9.4; https://weddingmonitor.com"
200.24.158.126 - - [27/Apr/2026:22:00:54 +0000] "GET /tag/getting-married/?amp HTTP/1.1" 200 16140 "-" "Mozilla/5.0 (Macintosh; Intel Mac OS X 10_11_6) AppleWebKit/537.36 (KHTML, like Gecko) Chrome/80.0.3987.132 Safari/537.36"
57.141.18.44 - - [27/Apr/2026:22:01:02 +0000] "GET /sitemap-1.xml HTTP/1.1" 200 6355 "-" "meta-externalagent/1.1 (+https://developers.facebook.com/docs/sharing/webmasters/crawler)"
184.94.212.206 - - [27/Apr/2026:22:02:22 +0000] "POST /wp-cron.php?doing_wp_cron=1777327342.5282890796661376953125 HTTP/1.1" 200 - "-" "WordPress/6.9.4; https://weddingmonitor.com"
192.0.102.230 - - [27/Apr/2026:22:02:21 +0000] "HEAD / HTTP/1.1" 200 - "-" "jetmon/1.0 (Jetpack Site Uptime Monitor by WordPress.com)"
43.158.91.71 - - [27/Apr/2026:22:05:12 +0000] "GET /copyright-dcma-notice/ HTTP/1.1" 200 19915 "-" "Mozilla/5.0 (iPhone; CPU iPhone OS 13_2_3 like Mac OS X) AppleWebKit/605.1.15 (KHTML, like Gecko) Version/13.0.3 Mobile/15E148 Safari/604.1"
184.94.212.206 - - [27/Apr/2026:22:06:49 +0000] "POST /wp-cron.php?doing_wp_cron=1777327609.1307189464569091796875 HTTP/1.1" 200 - "-" "WordPress/6.9.4; https://weddingmonitor.com"
2.57.168.21 - - [27/Apr/2026:22:06:47 +0000] "POST /wp-login.php HTTP/1.1" 401 3452 "-" "Mozilla/5.0"
184.94.212.206 - - [27/Apr/2026:22:07:21 +0000] "POST /wp-cron.php?doing_wp_cron=1777327641.5194840431213378906250 HTTP/1.1" 200 - "-" "WordPress/6.9.4; https://weddingmonitor.com"
192.0.102.230 - - [27/Apr/2026:22:07:20 +0000] "HEAD / HTTP/1.1" 200 - "-" "jetmon/1.0 (Jetpack Site Uptime Monitor by WordPress.com)"
79.141.173.91 - - [27/Apr/2026:22:08:17 +0000] "GET /tag/cost/ HTTP/1.0" 200 74730 "https://weddingmonitor.com/tag/cost/" "Mozilla/5.0 (Windows NT 6.3; Win64; x64) AppleWebKit/537.36 (KHTML, like Gecko) Chrome/103.0.5060.53 Safari/537.36"
184.94.212.206 - - [27/Apr/2026:22:11:02 +0000] "POST /wp-cron.php?doing_wp_cron=1777327862.6363959312438964843750 HTTP/1.1" 200 - "-" "WordPress/6.9.4; https://weddingmonitor.com"
43.173.132.80 - - [27/Apr/2026:22:11:01 +0000] "GET /robots.txt HTTP/1.1" 301 - "-" "Mozilla/5.0 (Macintosh; Intel Mac OS X 10_15_7) AppleWebKit/537.36 (KHTML, like Gecko) Chrome/129.0.0.0 Safari/537.36"
43.173.132.82 - - [27/Apr/2026:22:11:03 +0000] "GET /robots.txt HTTP/1.1" 200 145 "-" "Mozilla/5.0 (Macintosh; Intel Mac OS X 10_15_7) AppleWebKit/537.36 (KHTML, like Gecko) Chrome/129.0.0.0 Safari/537.36"
184.94.212.206 - - [27/Apr/2026:22:11:57 +0000] "POST /wp-cron.php?doing_wp_cron=1777327917.6080219745635986328125 HTTP/1.1" 200 - "-" "WordPress/6.9.4; https://weddingmonitor.com"
149.200.141.225 - - [27/Apr/2026:22:11:56 +0000] "GET /2020/03/ HTTP/1.1" 200 16316 "-" "Mozilla/5.0 (iPad; CPU iPad OS 17_1_2 like Mac OS X) AppleWebKit/531.1 (KHTML, like Gecko) FxiOS/11.8x4279.0 Mobile/54B233 Safari/531.1"
184.94.212.206 - - [27/Apr/2026:22:12:22 +0000] "POST /wp-cron.php?doing_wp_cron=1777327942.0094380378723144531250 HTTP/1.1" 200 - "-" "WordPress/6.9.4; https://weddingmonitor.com"
192.0.102.230 - - [27/Apr/2026:22:12:21 +0000] "HEAD / HTTP/1.1" 200 - "-" "jetmon/1.0 (Jetpack Site Uptime Monitor by WordPress.com)"
43.131.39.179 - - [27/Apr/2026:22:16:36 +0000] "GET /wedding-tips-5-things-you-shouldnt-skimp-on/embed/ HTTP/1.1" 200 7750 "-" "Mozilla/5.0 (iPhone; CPU iPhone OS 13_2_3 like Mac OS X) AppleWebKit/605.1.15 (KHTML, like Gecko) Version/13.0.3 Mobile/15E148 Safari/604.1"
184.94.212.206 - - [27/Apr/2026:22:17:08 +0000] "POST /wp-cron.php?doing_wp_cron=1777328228.6571280956268310546875 HTTP/1.1" 200 - "-" "WordPress/6.9.4; https://weddingmonitor.com"
103.82.255.6 - - [27/Apr/2026:22:17:07 +0000] "GET /tag/destination/ HTTP/1.1" 200 18954 "-" "Mozilla/5.0 (Windows NT 6.3; WOW64) AppleWebKit/537.36 (KHTML, like Gecko) Chrome/75.0.3770.100 ADG/11.0.2566 AOLBUILD/11.0.2566 Safari/537.36"
184.94.212.206 - - [27/Apr/2026:22:17:23 +0000] "POST /wp-cron.php?doing_wp_cron=1777328243.2077429294586181640625 HTTP/1.1" 200 - "-" "WordPress/6.9.4; https://weddingmonitor.com"
192.0.102.230 - - [27/Apr/2026:22:17:22 +0000] "HEAD / HTTP/1.1" 200 - "-" "jetmon/1.0 (Jetpack Site Uptime Monitor by WordPress.com)"
14.248.116.174 - - [27/Apr/2026:22:18:53 +0000] "GET /great-weddings-start-with-great-plans-use-this-advice-for-your-own/?share=facebook HTTP/1.1" 302 - "-" "Mozilla/5.0 (Windows NT 6.1; WOW64) AppleWebKit/537.36 (KHTML, like Gecko) Chrome/104.0.0.0 Safari/537.36"
114.119.141.4 - - [27/Apr/2026:22:19:33 +0000] "GET /charmed-here-are-some-lovely-wedding-ideas?amp HTTP/1.1" 301 - "https://weddingmonitor.com/charmed-here-are-some-lovely-wedding-ideas" "Mozilla/5.0 (Linux; Android 7.0;) AppleWebKit/537.36 (HTML, like Gecko) Mobile Safari/537.36 (compatible; PetalBot;+https://webmaster.petalsearch.com/site/petalbot)"
114.119.141.4 - - [27/Apr/2026:22:19:34 +0000] "GET /charmed-here-are-some-lovely-wedding-ideas/?amp HTTP/1.1" 200 21195 "https://weddingmonitor.com/charmed-here-are-some-lovely-wedding-ideas" "Mozilla/5.0 (Linux; Android 7.0;) AppleWebKit/537.36 (HTML, like Gecko) Mobile Safari/537.36 (compatible; PetalBot;+https://webmaster.petalsearch.com/site/petalbot)"
184.94.212.206 - - [27/Apr/2026:22:20:13 +0000] "POST /wp-cron.php?doing_wp_cron=1777328413.1427159309387207031250 HTTP/1.1" 200 - "-" "WordPress/6.9.4; https://weddingmonitor.com"
2.57.168.33 - - [27/Apr/2026:22:20:11 +0000] "POST /wp-login.php HTTP/1.1" 401 3452 "-" "Mozilla/5.0"
184.94.212.206 - - [27/Apr/2026:22:20:42 +0000] "POST /wp-cron.php?doing_wp_cron=1777328442.7375979423522949218750 HTTP/1.1" 200 - "-" "WordPress/6.9.4; https://weddingmonitor.com"
51.195.183.210 - - [27/Apr/2026:22:20:41 +0000] "GET /sitemap.xml HTTP/1.1" 200 300 "-" "Mozilla/5.0 (compatible; AhrefsBot/7.0; +http://ahrefs.com/robot/)"
198.244.242.216 - - [27/Apr/2026:22:21:14 +0000] "GET /sitemap-1.xml HTTP/1.1" 200 1523 "-" "Mozilla/5.0 (compatible; AhrefsBot/7.0; +http://ahrefs.com/robot/)"
54.38.147.76 - - [27/Apr/2026:22:21:17 +0000] "GET /image-sitemap-1.xml HTTP/1.1" 200 1308 "-" "Mozilla/5.0 (compatible; AhrefsBot/7.0; +http://ahrefs.com/robot/)"
184.94.212.206 - - [27/Apr/2026:22:22:23 +0000] "POST /wp-cron.php?doing_wp_cron=1777328543.1584570407867431640625 HTTP/1.1" 200 - "-" "WordPress/6.9.4; https://weddingmonitor.com"
192.0.102.230 - - [27/Apr/2026:22:22:21 +0000] "HEAD / HTTP/1.1" 200 - "-" "jetmon/1.0 (Jetpack Site Uptime Monitor by WordPress.com)"
34.224.132.215 - - [27/Apr/2026:22:22:44 +0000] "GET /wp-json/wp/v2/posts/131 HTTP/1.1" 200 6504 "-" "Mozilla/5.0 AppleWebKit/537.36 (KHTML, like Gecko; compatible; Amazonbot/0.1; +https://developer.amazon.com/support/amazonbot) Chrome/119.0.6045.214 Safari/537.36"
114.119.142.43 - - [27/Apr/2026:22:23:41 +0000] "GET /what-is-the-average-cost-of-wedding-flowers?share=x HTTP/1.1" 302 - "https://weddingmonitor.com/what-is-the-average-cost-of-wedding-flowers" "Mozilla/5.0 (Linux; Android 7.0;) AppleWebKit/537.36 (HTML, like Gecko) Mobile Safari/537.36 (compatible; PetalBot;+https://webmaster.petalsearch.com/site/petalbot)"
184.94.212.206 - - [27/Apr/2026:22:26:18 +0000] "POST /wp-cron.php?doing_wp_cron=1777328778.9683449268341064453125 HTTP/1.1" 200 - "-" "WordPress/6.9.4; https://weddingmonitor.com"
43.153.96.79 - - [27/Apr/2026:22:26:17 +0000] "GET /category/flowers/ HTTP/1.1" 200 18973 "-" "Mozilla/5.0 (iPhone; CPU iPhone OS 13_2_3 like Mac OS X) AppleWebKit/605.1.15 (KHTML, like Gecko) Version/13.0.3 Mobile/15E148 Safari/604.1"
184.94.212.206 - - [27/Apr/2026:22:27:20 +0000] "POST /wp-cron.php?doing_wp_cron=1777328840.4734919071197509765625 HTTP/1.1" 200 - "-" "WordPress/6.9.4; https://weddingmonitor.com"
114.119.133.120 - - [27/Apr/2026:22:27:18 +0000] "GET /all-you-need-to-know-about-great-wedding-ceremonies?share=x HTTP/1.1" 302 - "https://weddingmonitor.com/all-you-need-to-know-about-great-wedding-ceremonies" "Mozilla/5.0 (Linux; Android 7.0;) AppleWebKit/537.36 (HTML, like Gecko) Mobile Safari/537.36 (compatible; PetalBot;+https://webmaster.petalsearch.com/site/petalbot)"
192.0.102.230 - - [27/Apr/2026:22:27:23 +0000] "HEAD / HTTP/1.1" 200 - "-" "jetmon/1.0 (Jetpack Site Uptime Monitor by WordPress.com)"
113.169.87.191 - - [27/Apr/2026:22:27:44 +0000] "GET /tips-to-get-the-wedding-you-have-always-wanted/?share=facebook HTTP/1.1" 302 - "-" "Mozilla/5.0 (Windows NT 6.1) AppleWebKit/537.36 (KHTML, like Gecko) Chrome/69.0.3497.100 Safari/537.36"
184.94.212.206 - - [27/Apr/2026:22:32:22 +0000] "POST /wp-cron.php?doing_wp_cron=1777329142.5549809932708740234375 HTTP/1.1" 200 - "-" "WordPress/6.9.4; https://weddingmonitor.com"
192.0.102.230 - - [27/Apr/2026:22:32:21 +0000] "HEAD / HTTP/1.1" 200 - "-" "jetmon/1.0 (Jetpack Site Uptime Monitor by WordPress.com)"
20.92.73.174 - - [27/Apr/2026:22:32:55 +0000] "GET /inputs.php HTTP/1.1" 404 14923 "-" "Mozilla/5.0 (Windows NT 10.0; Win64; x64) AppleWebKit/537.36 (KHTML, like Gecko) Chrome/120.0.0.0 Safari/537.36"
20.92.73.174 - - [27/Apr/2026:22:32:57 +0000] "GET /ioxi-o.php HTTP/1.1" 404 14924 "-" "Mozilla/5.0 (Windows NT 10.0; Win64; x64) AppleWebKit/537.36 (KHTML, like Gecko) Chrome/120.0.0.0 Safari/537.36"
20.92.73.174 - - [27/Apr/2026:22:32:58 +0000] "GET /function/function.php HTTP/1.1" 404 14924 "-" "Mozilla/5.0 (Windows NT 10.0; Win64; x64) AppleWebKit/537.36 (KHTML, like Gecko) Chrome/120.0.0.0 Safari/537.36"
20.92.73.174 - - [27/Apr/2026:22:32:59 +0000] "GET /rip.php HTTP/1.1" 404 14921 "-" "Mozilla/5.0 (Windows NT 10.0; Win64; x64) AppleWebKit/537.36 (KHTML, like Gecko) Chrome/120.0.0.0 Safari/537.36"
20.92.73.174 - - [27/Apr/2026:22:33:00 +0000] "GET /admin.php HTTP/1.1" 404 14922 "-" "Mozilla/5.0 (Windows NT 10.0; Win64; x64) AppleWebKit/537.36 (KHTML, like Gecko) Chrome/120.0.0.0 Safari/537.36"
20.92.73.174 - - [27/Apr/2026:22:33:02 +0000] "GET /wp-content/uploads/index.php HTTP/1.1" 301 - "-" "Mozilla/5.0 (Windows NT 10.0; Win64; x64) AppleWebKit/537.36 (KHTML, like Gecko) Chrome/120.0.0.0 Safari/537.36"
20.92.73.174 - - [27/Apr/2026:22:33:03 +0000] "GET /cache.php HTTP/1.1" 404 14922 "-" "Mozilla/5.0 (Windows NT 10.0; Win64; x64) AppleWebKit/537.36 (KHTML, like Gecko) Chrome/120.0.0.0 Safari/537.36"
20.92.73.174 - - [27/Apr/2026:22:33:04 +0000] "GET /themes.php HTTP/1.1" 404 14922 "-" "Mozilla/5.0 (Windows NT 10.0; Win64; x64) AppleWebKit/537.36 (KHTML, like Gecko) Chrome/120.0.0.0 Safari/537.36"
20.92.73.174 - - [27/Apr/2026:22:33:05 +0000] "GET /an.php HTTP/1.1" 404 14921 "-" "Mozilla/5.0 (Windows NT 10.0; Win64; x64) AppleWebKit/537.36 (KHTML, like Gecko) Chrome/120.0.0.0 Safari/537.36"
20.92.73.174 - - [27/Apr/2026:22:33:06 +0000] "GET /index/function.php HTTP/1.1" 404 14926 "-" "Mozilla/5.0 (Windows NT 10.0; Win64; x64) AppleWebKit/537.36 (KHTML, like Gecko) Chrome/120.0.0.0 Safari/537.36"
20.92.73.174 - - [27/Apr/2026:22:33:08 +0000] "GET /randkeyword.PhP7 HTTP/1.1" 404 14931 "-" "Mozilla/5.0 (Windows NT 10.0; Win64; x64) AppleWebKit/537.36 (KHTML, like Gecko) Chrome/120.0.0.0 Safari/537.36"
20.92.73.174 - - [27/Apr/2026:22:33:09 +0000] "GET /ws.php HTTP/1.1" 404 14921 "-" "Mozilla/5.0 (Windows NT 10.0; Win64; x64) AppleWebKit/537.36 (KHTML, like Gecko) Chrome/120.0.0.0 Safari/537.36"
20.92.73.174 - - [27/Apr/2026:22:33:10 +0000] "GET /404.php HTTP/1.1" 404 14922 "-" "Mozilla/5.0 (Windows NT 10.0; Win64; x64) AppleWebKit/537.36 (KHTML, like Gecko) Chrome/120.0.0.0 Safari/537.36"
20.92.73.174 - - [27/Apr/2026:22:33:11 +0000] "GET /wp-admin/user.php HTTP/1.1" 404 14925 "-" "Mozilla/5.0 (Windows NT 10.0; Win64; x64) AppleWebKit/537.36 (KHTML, like Gecko) Chrome/120.0.0.0 Safari/537.36"
20.92.73.174 - - [27/Apr/2026:22:33:12 +0000] "GET /wp-conf.php HTTP/1.1" 404 14922 "-" "Mozilla/5.0 (Windows NT 10.0; Win64; x64) AppleWebKit/537.36 (KHTML, like Gecko) Chrome/120.0.0.0 Safari/537.36"
20.92.73.174 - - [27/Apr/2026:22:33:13 +0000] "GET /wp-content/themes/hideo/network.php HTTP/1.1" 404 14882 "-" "Mozilla/5.0 (Windows NT 10.0; Win64; x64) AppleWebKit/537.36 (KHTML, like Gecko) Chrome/120.0.0.0 Safari/537.36"
20.92.73.174 - - [27/Apr/2026:22:33:15 +0000] "GET /wp-login.php HTTP/1.1" 200 3723 "-" "Mozilla/5.0 (Windows NT 10.0; Win64; x64) AppleWebKit/537.36 (KHTML, like Gecko) Chrome/120.0.0.0 Safari/537.36"
20.92.73.174 - - [27/Apr/2026:22:33:16 +0000] "GET /abc.php HTTP/1.1" 404 14922 "-" "Mozilla/5.0 (Windows NT 10.0; Win64; x64) AppleWebKit/537.36 (KHTML, like Gecko) Chrome/120.0.0.0 Safari/537.36"
20.92.73.174 - - [27/Apr/2026:22:33:17 +0000] "GET /abcd.php HTTP/1.1" 404 14923 "-" "Mozilla/5.0 (Windows NT 10.0; Win64; x64) AppleWebKit/537.36 (KHTML, like Gecko) Chrome/120.0.0.0 Safari/537.36"
20.92.73.174 - - [27/Apr/2026:22:33:19 +0000] "GET /as.php HTTP/1.1" 404 14921 "-" "Mozilla/5.0 (Windows NT 10.0; Win64; x64) AppleWebKit/537.36 (KHTML, like Gecko) Chrome/120.0.0.0 Safari/537.36"
20.92.73.174 - - [27/Apr/2026:22:33:20 +0000] "GET /wp-trackback.php HTTP/1.1" 404 130 "-" "Mozilla/5.0 (Windows NT 10.0; Win64; x64) AppleWebKit/537.36 (KHTML, like Gecko) Chrome/120.0.0.0 Safari/537.36"
20.92.73.174 - - [27/Apr/2026:22:33:21 +0000] "GET /about.php HTTP/1.1" 404 14922 "-" "Mozilla/5.0 (Windows NT 10.0; Win64; x64) AppleWebKit/537.36 (KHTML, like Gecko) Chrome/120.0.0.0 Safari/537.36"
20.92.73.174 - - [27/Apr/2026:22:33:22 +0000] "GET /file.php HTTP/1.1" 404 14922 "-" "Mozilla/5.0 (Windows NT 10.0; Win64; x64) AppleWebKit/537.36 (KHTML, like Gecko) Chrome/120.0.0.0 Safari/537.36"
20.92.73.174 - - [27/Apr/2026:22:33:23 +0000] "GET /adminfuns.php HTTP/1.1" 404 14926 "-" "Mozilla/5.0 (Windows NT 10.0; Win64; x64) AppleWebKit/537.36 (KHTML, like Gecko) Chrome/120.0.0.0 Safari/537.36"
20.92.73.174 - - [27/Apr/2026:22:33:24 +0000] "GET /wp-good.php HTTP/1.1" 404 14924 "-" "Mozilla/5.0 (Windows NT 10.0; Win64; x64) AppleWebKit/537.36 (KHTML, like Gecko) Chrome/120.0.0.0 Safari/537.36"
20.92.73.174 - - [27/Apr/2026:22:33:26 +0000] "GET /xmlrpc.php HTTP/1.1" 404 14921 "-" "Mozilla/5.0 (Windows NT 10.0; Win64; x64) AppleWebKit/537.36 (KHTML, like Gecko) Chrome/120.0.0.0 Safari/537.36"
20.92.73.174 - - [27/Apr/2026:22:33:27 +0000] "GET /goods.php HTTP/1.1" 404 14923 "-" "Mozilla/5.0 (Windows NT 10.0; Win64; x64) AppleWebKit/537.36 (KHTML, like Gecko) Chrome/120.0.0.0 Safari/537.36"
20.92.73.174 - - [27/Apr/2026:22:33:29 +0000] "GET /class-t.api.php HTTP/1.1" 404 14927 "-" "Mozilla/5.0 (Windows NT 10.0; Win64; x64) AppleWebKit/537.36 (KHTML, like Gecko) Chrome/120.0.0.0 Safari/537.36"
20.92.73.174 - - [27/Apr/2026:22:33:30 +0000] "GET /sf.php HTTP/1.1" 404 14921 "-" "Mozilla/5.0 (Windows NT 10.0; Win64; x64) AppleWebKit/537.36 (KHTML, like Gecko) Chrome/120.0.0.0 Safari/537.36"
20.92.73.174 - - [27/Apr/2026:22:33:31 +0000] "GET /kbfr.php HTTP/1.1" 404 14923 "-" "Mozilla/5.0 (Windows NT 10.0; Win64; x64) AppleWebKit/537.36 (KHTML, like Gecko) Chrome/120.0.0.0 Safari/537.36"
20.92.73.174 - - [27/Apr/2026:22:33:32 +0000] "GET /autoload_classmap.php HTTP/1.1" 404 14930 "-" "Mozilla/5.0 (Windows NT 10.0; Win64; x64) AppleWebKit/537.36 (KHTML, like Gecko) Chrome/120.0.0.0 Safari/537.36"
20.92.73.174 - - [27/Apr/2026:22:33:34 +0000] "GET /chosen.php?p= HTTP/1.1" 301 - "-" "Mozilla/5.0 (Windows NT 10.0; Win64; x64) AppleWebKit/537.36 (KHTML, like Gecko) Chrome/120.0.0.0 Safari/537.36"
20.92.73.174 - - [27/Apr/2026:22:33:35 +0000] "GET /classwithtostring.php HTTP/1.1" 404 14927 "-" "Mozilla/5.0 (Windows NT 10.0; Win64; x64) AppleWebKit/537.36 (KHTML, like Gecko) Chrome/120.0.0.0 Safari/537.36"
20.92.73.174 - - [27/Apr/2026:22:33:36 +0000] "GET /defaults.php HTTP/1.1" 404 14923 "-" "Mozilla/5.0 (Windows NT 10.0; Win64; x64) AppleWebKit/537.36 (KHTML, like Gecko) Chrome/120.0.0.0 Safari/537.36"
20.92.73.174 - - [27/Apr/2026:22:33:37 +0000] "GET /.well-known/ HTTP/1.1" 404 14927 "-" "Mozilla/5.0 (Windows NT 10.0; Win64; x64) AppleWebKit/537.36 (KHTML, like Gecko) Chrome/120.0.0.0 Safari/537.36"
20.92.73.174 - - [27/Apr/2026:22:33:38 +0000] "GET /info.php HTTP/1.1" 404 14922 "-" "Mozilla/5.0 (Windows NT 10.0; Win64; x64) AppleWebKit/537.36 (KHTML, like Gecko) Chrome/120.0.0.0 Safari/537.36"
20.92.73.174 - - [27/Apr/2026:22:33:39 +0000] "GET /cgi-bin/ HTTP/1.1" 404 14925 "-" "Mozilla/5.0 (Windows NT 10.0; Win64; x64) AppleWebKit/537.36 (KHTML, like Gecko) Chrome/120.0.0.0 Safari/537.36"
20.92.73.174 - - [27/Apr/2026:22:33:40 +0000] "GET /wp-includes/Requests/src/Response/about.php HTTP/1.1" 404 14888 "-" "Mozilla/5.0 (Windows NT 10.0; Win64; x64) AppleWebKit/537.36 (KHTML, like Gecko) Chrome/120.0.0.0 Safari/537.36"
20.92.73.174 - - [27/Apr/2026:22:33:42 +0000] "GET /wp-includes/html-api/ HTTP/1.1" 404 14928 "-" "Mozilla/5.0 (Windows NT 10.0; Win64; x64) AppleWebKit/537.36 (KHTML, like Gecko) Chrome/120.0.0.0 Safari/537.36"
20.92.73.174 - - [27/Apr/2026:22:33:43 +0000] "GET /wp-content/admin.php HTTP/1.1" 404 14925 "-" "Mozilla/5.0 (Windows NT 10.0; Win64; x64) AppleWebKit/537.36 (KHTML, like Gecko) Chrome/120.0.0.0 Safari/537.36"
20.92.73.174 - - [27/Apr/2026:22:33:44 +0000] "GET /wp-admin/css/colors/ectoplasm/ HTTP/1.1" 404 14887 "-" "Mozilla/5.0 (Windows NT 10.0; Win64; x64) AppleWebKit/537.36 (KHTML, like Gecko) Chrome/120.0.0.0 Safari/537.36"
20.92.73.174 - - [27/Apr/2026:22:33:45 +0000] "GET /wp-content/uploads/ HTTP/1.1" 404 14921 "-" "Mozilla/5.0 (Windows NT 10.0; Win64; x64) AppleWebKit/537.36 (KHTML, like Gecko) Chrome/120.0.0.0 Safari/537.36"
20.92.73.174 - - [27/Apr/2026:22:33:46 +0000] "GET /wp-content/themes/admin.php HTTP/1.1" 404 14877 "-" "Mozilla/5.0 (Windows NT 10.0; Win64; x64) AppleWebKit/537.36 (KHTML, like Gecko) Chrome/120.0.0.0 Safari/537.36"
20.92.73.174 - - [27/Apr/2026:22:33:48 +0000] "GET /wp-content/themes/index.php HTTP/1.1" 301 - "-" "Mozilla/5.0 (Windows NT 10.0; Win64; x64) AppleWebKit/537.36 (KHTML, like Gecko) Chrome/120.0.0.0 Safari/537.36"
20.92.73.174 - - [27/Apr/2026:22:33:48 +0000] "GET /wp-content/plugins/index.php HTTP/1.1" 301 - "-" "Mozilla/5.0 (Windows NT 10.0; Win64; x64) AppleWebKit/537.36 (KHTML, like Gecko) Chrome/120.0.0.0 Safari/537.36"
20.92.73.174 - - [27/Apr/2026:22:33:50 +0000] "GET /wp-includes/PHPMailer/ HTTP/1.1" 404 14931 "-" "Mozilla/5.0 (Windows NT 10.0; Win64; x64) AppleWebKit/537.36 (KHTML, like Gecko) Chrome/120.0.0.0 Safari/537.36"
20.92.73.174 - - [27/Apr/2026:22:33:51 +0000] "GET /wp-includes/images/ HTTP/1.1" 404 14925 "-" "Mozilla/5.0 (Windows NT 10.0; Win64; x64) AppleWebKit/537.36 (KHTML, like Gecko) Chrome/120.0.0.0 Safari/537.36"
20.92.73.174 - - [27/Apr/2026:22:33:52 +0000] "GET /wp-content/plugins/WordPressCore/ HTTP/1.1" 404 14878 "-" "Mozilla/5.0 (Windows NT 10.0; Win64; x64) AppleWebKit/537.36 (KHTML, like Gecko) Chrome/120.0.0.0 Safari/537.36"
2.57.168.18 - - [27/Apr/2026:22:34:21 +0000] "POST /wp-login.php HTTP/1.1" 401 3452 "-" "Mozilla/5.0"
43.155.195.141 - - [27/Apr/2026:22:36:24 +0000] "GET /advice-for-making-your-wedding-a-memorable-experience/ HTTP/1.1" 200 21381 "-" "Mozilla/5.0 (iPhone; CPU iPhone OS 13_2_3 like Mac OS X) AppleWebKit/605.1.15 (KHTML, like Gecko) Version/13.0.3 Mobile/15E148 Safari/604.1"
184.94.212.206 - - [27/Apr/2026:22:37:19 +0000] "POST /wp-cron.php?doing_wp_cron=1777329439.3473749160766601562500 HTTP/1.1" 200 - "-" "WordPress/6.9.4; https://weddingmonitor.com"
192.0.102.230 - - [27/Apr/2026:22:37:18 +0000] "HEAD / HTTP/1.1" 200 - "-" "jetmon/1.0 (Jetpack Site Uptime Monitor by WordPress.com)"
184.94.212.206 - - [27/Apr/2026:22:38:52 +0000] "POST /wp-cron.php?doing_wp_cron=1777329532.3661870956420898437500 HTTP/1.1" 200 - "-" "WordPress/6.9.4; https://weddingmonitor.com"
114.119.147.0 - - [27/Apr/2026:22:38:50 +0000] "GET /page/11?amp HTTP/1.1" 301 - "https://weddingmonitor.com/page/10?amp" "Mozilla/5.0 (Linux; Android 7.0;) AppleWebKit/537.36 (HTML, like Gecko) Mobile Safari/537.36 (compatible; PetalBot;+https://webmaster.petalsearch.com/site/petalbot)"
114.119.147.0 - - [27/Apr/2026:22:38:52 +0000] "GET /page/11/?amp HTTP/1.1" 200 19855 "https://weddingmonitor.com/page/10?amp" "Mozilla/5.0 (Linux; Android 7.0;) AppleWebKit/537.36 (HTML, like Gecko) Mobile Safari/537.36 (compatible; PetalBot;+https://webmaster.petalsearch.com/site/petalbot)"
184.94.212.206 - - [27/Apr/2026:22:41:48 +0000] "POST /wp-cron.php?doing_wp_cron=1777329708.4200310707092285156250 HTTP/1.1" 200 - "-" "WordPress/6.9.4; https://weddingmonitor.com"
14.177.224.90 - - [27/Apr/2026:22:41:46 +0000] "GET /how-to-create-a-wedding-you-will-love/ HTTP/1.1" 200 20400 "-" "Mozilla/5.0 (Macintosh; Intel Mac OS X 10_14_6) AppleWebKit/537.36 (KHTML, like Gecko) Brave Chrome/84.0.4147.89 Safari/537.36"
184.94.212.206 - - [27/Apr/2026:22:42:22 +0000] "POST /wp-cron.php?doing_wp_cron=1777329742.0636069774627685546875 HTTP/1.1" 200 - "-" "WordPress/6.9.4; https://weddingmonitor.com"
192.0.102.230 - - [27/Apr/2026:22:42:21 +0000] "HEAD / HTTP/1.1" 200 - "-" "jetmon/1.0 (Jetpack Site Uptime Monitor by WordPress.com)"
114.119.158.157 - - [27/Apr/2026:22:42:48 +0000] "GET /great-weddings-start-with-great-plans-use-this-advice-for-your-own/?share=twitter&noamp=mobile HTTP/1.1" 302 - "https://weddingmonitor.com/great-weddings-start-with-great-plans-use-this-advice-for-your-own/?share=twitter&amp" "Mozilla/5.0 (Linux; Android 7.0;) AppleWebKit/537.36 (HTML, like Gecko) Mobile Safari/537.36 (compatible; PetalBot;+https://webmaster.petalsearch.com/site/petalbot)"
184.94.212.206 - - [27/Apr/2026:22:46:48 +0000] "POST /wp-cron.php?doing_wp_cron=1777330008.2339088916778564453125 HTTP/1.1" 200 - "-" "WordPress/6.9.4; https://weddingmonitor.com"
114.119.142.85 - - [27/Apr/2026:22:46:46 +0000] "GET /contact-us?share=facebook HTTP/1.1" 302 - "https://weddingmonitor.com/contact-us" "Mozilla/5.0 (Linux; Android 7.0;) AppleWebKit/537.36 (HTML, like Gecko) Mobile Safari/537.36 (compatible; PetalBot;+https://webmaster.petalsearch.com/site/petalbot)"
184.94.212.206 - - [27/Apr/2026:22:47:21 +0000] "POST /wp-cron.php?doing_wp_cron=1777330041.9768409729003906250000 HTTP/1.1" 200 - "-" "WordPress/6.9.4; https://weddingmonitor.com"
192.0.102.230 - - [27/Apr/2026:22:47:20 +0000] "HEAD / HTTP/1.1" 200 - "-" "jetmon/1.0 (Jetpack Site Uptime Monitor by WordPress.com)"
43.153.48.240 - - [27/Apr/2026:22:47:37 +0000] "GET /wp-content/uploads/complianz/css/banner- HTTP/1.1" 404 14855 "-" "Mozilla/5.0 (iPhone; CPU iPhone OS 13_2_3 like Mac OS X) AppleWebKit/605.1.15 (KHTML, like Gecko) Version/13.0.3 Mobile/15E148 Safari/604.1"
2.57.168.20 - - [27/Apr/2026:22:48:38 +0000] "POST /wp-login.php HTTP/1.1" 401 3452 "-" "Mozilla/5.0"
184.94.212.206 - - [27/Apr/2026:22:52:24 +0000] "POST /wp-cron.php?doing_wp_cron=1777330344.4102070331573486328125 HTTP/1.1" 200 - "-" "WordPress/6.9.4; https://weddingmonitor.com"
192.0.102.230 - - [27/Apr/2026:22:52:22 +0000] "HEAD / HTTP/1.1" 200 - "-" "jetmon/1.0 (Jetpack Site Uptime Monitor by WordPress.com)"
184.94.212.206 - - [27/Apr/2026:22:55:25 +0000] "POST /wp-cron.php?doing_wp_cron=1777330525.5969290733337402343750 HTTP/1.1" 200 - "-" "WordPress/6.9.4; https://weddingmonitor.com"
14.248.163.27 - - [27/Apr/2026:22:55:24 +0000] "GET /planning-a-wedding-read-this-great-advice/?share=x&amp HTTP/1.1" 302 - "-" "Mozilla/5.0 (Windows NT 10.0; Win64; x64) AppleWebKit/537.36 (KHTML, like Gecko) Chrome/101.0.4951.67 Safari/537.36"
163.61.83.54 - - [27/Apr/2026:22:55:36 +0000] "GET /planning-a-wedding-read-this-great-advice/?share=x&amp HTTP/1.1" 302 - "-" "Mozilla/5.0 (Macintosh; Intel Mac OS X 10_15_7) AppleWebKit/537.36 (KHTML, like Gecko) Chrome/133.0.0.0 Safari/537.36"
184.94.212.206 - - [27/Apr/2026:22:57:22 +0000] "POST /wp-cron.php?doing_wp_cron=1777330642.1760859489440917968750 HTTP/1.1" 200 - "-" "WordPress/6.9.4; https://weddingmonitor.com"
192.0.102.230 - - [27/Apr/2026:22:57:21 +0000] "HEAD / HTTP/1.1" 200 - "-" "jetmon/1.0 (Jetpack Site Uptime Monitor by WordPress.com)"
77.75.76.165 - - [27/Apr/2026:22:59:38 +0000] "GET /sitemap-1.xml HTTP/1.1" 200 1523 "-" "Mozilla/5.0 (compatible; SeznamBot/4.0; +https://o-seznam.cz/napoveda/vyhledavani/en/seznambot-crawler/)"
184.94.212.206 - - [27/Apr/2026:23:00:00 +0000] "POST /wp-cron.php?doing_wp_cron=1777330800.7037739753723144531250 HTTP/1.1" 200 - "-" "WordPress/6.9.4; https://weddingmonitor.com"
114.119.147.0 - - [27/Apr/2026:22:59:59 +0000] "GET /ftc-statement/?share=x&amp HTTP/1.1" 302 - "https://weddingmonitor.com/ftc-statement/?amp" "Mozilla/5.0 (Linux; Android 7.0;) AppleWebKit/537.36 (HTML, like Gecko) Mobile Safari/537.36 (compatible; PetalBot;+https://webmaster.petalsearch.com/site/petalbot)"
184.94.212.206 - - [27/Apr/2026:23:01:18 +0000] "POST /wp-cron.php?doing_wp_cron=1777330878.3171041011810302734375 HTTP/1.1" 200 - "-" "WordPress/6.9.4; https://weddingmonitor.com"
14.182.229.105 - - [27/Apr/2026:23:01:16 +0000] "GET /contact-us/?share=facebook HTTP/1.1" 302 - "-" "Mozilla/5.0 (Windows NT 10.0; WOW64) AppleWebKit/537.36 (KHTML, like Gecko) Chrome/94.0.4606.54 Safari/537.36"
184.94.212.206 - - [27/Apr/2026:23:02:21 +0000] "POST /wp-cron.php?doing_wp_cron=1777330941.9329359531402587890625 HTTP/1.1" 200 - "-" "WordPress/6.9.4; https://weddingmonitor.com"
192.0.102.230 - - [27/Apr/2026:23:02:21 +0000] "HEAD / HTTP/1.1" 200 - "-" "jetmon/1.0 (Jetpack Site Uptime Monitor by WordPress.com)"
2.57.168.24 - - [27/Apr/2026:23:03:00 +0000] "POST /wp-login.php HTTP/1.1" 401 3452 "-" "Mozilla/5.0"
114.119.141.4 - - [27/Apr/2026:23:04:07 +0000] "GET /2020/02/page/2 HTTP/1.1" 301 - "https://weddingmonitor.com/2020/02/page/2" "Mozilla/5.0 (Linux; Android 7.0;) AppleWebKit/537.36 (HTML, like Gecko) Mobile Safari/537.36 (compatible; PetalBot;+https://webmaster.petalsearch.com/site/petalbot)"
114.119.141.4 - - [27/Apr/2026:23:04:09 +0000] "GET /2020/02/page/2/ HTTP/1.1" 200 19389 "https://weddingmonitor.com/2020/02/page/2" "Mozilla/5.0 (Linux; Android 7.0;) AppleWebKit/537.36 (HTML, like Gecko) Mobile Safari/537.36 (compatible; PetalBot;+https://webmaster.petalsearch.com/site/petalbot)"
184.94.212.206 - - [27/Apr/2026:23:06:30 +0000] "POST /wp-cron.php?doing_wp_cron=1777331190.6427280902862548828125 HTTP/1.1" 200 - "-" "WordPress/6.9.4; https://weddingmonitor.com"
14.254.158.202 - - [27/Apr/2026:23:06:29 +0000] "GET /anti-spam-policy/?amp HTTP/1.1" 200 17932 "-" "Mozilla/5.0 (Windows NT 10.0; Win64; x64) AppleWebKit/537.36 (KHTML, like Gecko) Chrome/96.0.4664.93 Safari/537.36"
173.239.240.238 - - [27/Apr/2026:23:06:31 +0000] "GET /contact-us/ HTTP/1.1" 200 17729 "-" "Mozilla/5.0 (Windows NT 10.0; Win64; x64) AppleWebKit/537.36 (KHTML, like Gecko) Chrome/114.0.0.0 Safari/537.36 Vivaldi/5.3.2679.68"
173.239.240.247 - - [27/Apr/2026:23:06:33 +0000] "GET /wp-content/plugins/contact-form-7/includes/js/index.js?ver=6.1.5 HTTP/1.1" 200 4265 "https://weddingmonitor.com/contact-us/" "Mozilla/5.0 (Windows NT 10.0; Win64; x64) AppleWebKit/537.36 (KHTML, like Gecko) Chrome/114.0.0.0 Safari/537.36 Vivaldi/5.3.2679.68"
173.239.240.251 - - [27/Apr/2026:23:06:34 +0000] "POST /wp-json/contact-form-7/v1/contact-forms/186/feedback HTTP/1.1" 200 181 "https://weddingmonitor.com/contact-us/" "Mozilla/5.0 (Windows NT 10.0; Win64; x64) AppleWebKit/537.36 (KHTML, like Gecko) Chrome/114.0.0.0 Safari/537.36 Vivaldi/5.3.2679.68"
184.94.212.206 - - [27/Apr/2026:23:07:24 +0000] "POST /wp-cron.php?doing_wp_cron=1777331244.4600799083709716796875 HTTP/1.1" 200 - "-" "WordPress/6.9.4; https://weddingmonitor.com"
192.0.102.230 - - [27/Apr/2026:23:07:23 +0000] "HEAD / HTTP/1.1" 200 - "-" "jetmon/1.0 (Jetpack Site Uptime Monitor by WordPress.com)"
184.94.212.206 - - [27/Apr/2026:23:10:33 +0000] "POST /wp-cron.php?doing_wp_cron=1777331433.2419209480285644531250 HTTP/1.1" 200 - "-" "WordPress/6.9.4; https://weddingmonitor.com"
172.213.8.172 - - [27/Apr/2026:23:10:31 +0000] "GET /inputs.php HTTP/1.1" 404 14904 "-" "Mozilla/5.0 (Windows NT 10.0; Win64; x64) AppleWebKit/537.36 (KHTML, like Gecko) Chrome/120.0.0.0 Safari/537.36"
172.213.8.172 - - [27/Apr/2026:23:10:33 +0000] "GET /ioxi-o.php HTTP/1.1" 404 14905 "-" "Mozilla/5.0 (Windows NT 10.0; Win64; x64) AppleWebKit/537.36 (KHTML, like Gecko) Chrome/120.0.0.0 Safari/537.36"
172.213.8.172 - - [27/Apr/2026:23:10:34 +0000] "GET /function/function.php HTTP/1.1" 404 14905 "-" "Mozilla/5.0 (Windows NT 10.0; Win64; x64) AppleWebKit/537.36 (KHTML, like Gecko) Chrome/120.0.0.0 Safari/537.36"
172.213.8.172 - - [27/Apr/2026:23:10:36 +0000] "GET /rip.php HTTP/1.1" 404 14902 "-" "Mozilla/5.0 (Windows NT 10.0; Win64; x64) AppleWebKit/537.36 (KHTML, like Gecko) Chrome/120.0.0.0 Safari/537.36"
172.213.8.172 - - [27/Apr/2026:23:10:37 +0000] "GET /admin.php HTTP/1.1" 404 14903 "-" "Mozilla/5.0 (Windows NT 10.0; Win64; x64) AppleWebKit/537.36 (KHTML, like Gecko) Chrome/120.0.0.0 Safari/537.36"
172.213.8.172 - - [27/Apr/2026:23:10:38 +0000] "GET /wp-content/uploads/index.php HTTP/1.1" 301 - "-" "Mozilla/5.0 (Windows NT 10.0; Win64; x64) AppleWebKit/537.36 (KHTML, like Gecko) Chrome/120.0.0.0 Safari/537.36"
172.213.8.172 - - [27/Apr/2026:23:10:39 +0000] "GET /cache.php HTTP/1.1" 404 14902 "-" "Mozilla/5.0 (Windows NT 10.0; Win64; x64) AppleWebKit/537.36 (KHTML, like Gecko) Chrome/120.0.0.0 Safari/537.36"
172.213.8.172 - - [27/Apr/2026:23:10:40 +0000] "GET /themes.php HTTP/1.1" 404 14902 "-" "Mozilla/5.0 (Windows NT 10.0; Win64; x64) AppleWebKit/537.36 (KHTML, like Gecko) Chrome/120.0.0.0 Safari/537.36"
172.213.8.172 - - [27/Apr/2026:23:10:41 +0000] "GET /an.php HTTP/1.1" 404 14901 "-" "Mozilla/5.0 (Windows NT 10.0; Win64; x64) AppleWebKit/537.36 (KHTML, like Gecko) Chrome/120.0.0.0 Safari/537.36"
172.213.8.172 - - [27/Apr/2026:23:10:43 +0000] "GET /index/function.php HTTP/1.1" 404 14906 "-" "Mozilla/5.0 (Windows NT 10.0; Win64; x64) AppleWebKit/537.36 (KHTML, like Gecko) Chrome/120.0.0.0 Safari/537.36"
172.213.8.172 - - [27/Apr/2026:23:10:44 +0000] "GET /randkeyword.PhP7 HTTP/1.1" 404 14912 "-" "Mozilla/5.0 (Windows NT 10.0; Win64; x64) AppleWebKit/537.36 (KHTML, like Gecko) Chrome/120.0.0.0 Safari/537.36"
172.213.8.172 - - [27/Apr/2026:23:10:45 +0000] "GET /ws.php HTTP/1.1" 404 14902 "-" "Mozilla/5.0 (Windows NT 10.0; Win64; x64) AppleWebKit/537.36 (KHTML, like Gecko) Chrome/120.0.0.0 Safari/537.36"
172.213.8.172 - - [27/Apr/2026:23:10:46 +0000] "GET /404.php HTTP/1.1" 404 14903 "-" "Mozilla/5.0 (Windows NT 10.0; Win64; x64) AppleWebKit/537.36 (KHTML, like Gecko) Chrome/120.0.0.0 Safari/537.36"
172.213.8.172 - - [27/Apr/2026:23:10:47 +0000] "GET /wp-admin/user.php HTTP/1.1" 404 14905 "-" "Mozilla/5.0 (Windows NT 10.0; Win64; x64) AppleWebKit/537.36 (KHTML, like Gecko) Chrome/120.0.0.0 Safari/537.36"
172.213.8.172 - - [27/Apr/2026:23:10:48 +0000] "GET /wp-conf.php HTTP/1.1" 404 14903 "-" "Mozilla/5.0 (Windows NT 10.0; Win64; x64) AppleWebKit/537.36 (KHTML, like Gecko) Chrome/120.0.0.0 Safari/537.36"
172.213.8.172 - - [27/Apr/2026:23:10:50 +0000] "GET /wp-content/themes/hideo/network.php HTTP/1.1" 404 14862 "-" "Mozilla/5.0 (Windows NT 10.0; Win64; x64) AppleWebKit/537.36 (KHTML, like Gecko) Chrome/120.0.0.0 Safari/537.36"
172.213.8.172 - - [27/Apr/2026:23:10:51 +0000] "GET /wp-login.php HTTP/1.1" 200 3510 "-" "Mozilla/5.0 (Windows NT 10.0; Win64; x64) AppleWebKit/537.36 (KHTML, like Gecko) Chrome/120.0.0.0 Safari/537.36"
172.213.8.172 - - [27/Apr/2026:23:10:52 +0000] "GET /abc.php HTTP/1.1" 404 14902 "-" "Mozilla/5.0 (Windows NT 10.0; Win64; x64) AppleWebKit/537.36 (KHTML, like Gecko) Chrome/120.0.0.0 Safari/537.36"
172.213.8.172 - - [27/Apr/2026:23:10:53 +0000] "GET /abcd.php HTTP/1.1" 404 14903 "-" "Mozilla/5.0 (Windows NT 10.0; Win64; x64) AppleWebKit/537.36 (KHTML, like Gecko) Chrome/120.0.0.0 Safari/537.36"
172.213.8.172 - - [27/Apr/2026:23:10:54 +0000] "GET /as.php HTTP/1.1" 404 14901 "-" "Mozilla/5.0 (Windows NT 10.0; Win64; x64) AppleWebKit/537.36 (KHTML, like Gecko) Chrome/120.0.0.0 Safari/537.36"
172.213.8.172 - - [27/Apr/2026:23:10:56 +0000] "GET /wp-trackback.php HTTP/1.1" 404 130 "-" "Mozilla/5.0 (Windows NT 10.0; Win64; x64) AppleWebKit/537.36 (KHTML, like Gecko) Chrome/120.0.0.0 Safari/537.36"
172.213.8.172 - - [27/Apr/2026:23:10:57 +0000] "GET /about.php HTTP/1.1" 404 14903 "-" "Mozilla/5.0 (Windows NT 10.0; Win64; x64) AppleWebKit/537.36 (KHTML, like Gecko) Chrome/120.0.0.0 Safari/537.36"
172.213.8.172 - - [27/Apr/2026:23:10:58 +0000] "GET /file.php HTTP/1.1" 404 14902 "-" "Mozilla/5.0 (Windows NT 10.0; Win64; x64) AppleWebKit/537.36 (KHTML, like Gecko) Chrome/120.0.0.0 Safari/537.36"
172.213.8.172 - - [27/Apr/2026:23:10:59 +0000] "GET /adminfuns.php HTTP/1.1" 404 14907 "-" "Mozilla/5.0 (Windows NT 10.0; Win64; x64) AppleWebKit/537.36 (KHTML, like Gecko) Chrome/120.0.0.0 Safari/537.36"
172.213.8.172 - - [27/Apr/2026:23:11:00 +0000] "GET /wp-good.php HTTP/1.1" 404 14905 "-" "Mozilla/5.0 (Windows NT 10.0; Win64; x64) AppleWebKit/537.36 (KHTML, like Gecko) Chrome/120.0.0.0 Safari/537.36"
172.213.8.172 - - [27/Apr/2026:23:11:02 +0000] "GET /xmlrpc.php HTTP/1.1" 404 14902 "-" "Mozilla/5.0 (Windows NT 10.0; Win64; x64) AppleWebKit/537.36 (KHTML, like Gecko) Chrome/120.0.0.0 Safari/537.36"
172.213.8.172 - - [27/Apr/2026:23:11:03 +0000] "GET /goods.php HTTP/1.1" 404 14903 "-" "Mozilla/5.0 (Windows NT 10.0; Win64; x64) AppleWebKit/537.36 (KHTML, like Gecko) Chrome/120.0.0.0 Safari/537.36"
172.213.8.172 - - [27/Apr/2026:23:11:04 +0000] "GET /class-t.api.php HTTP/1.1" 404 14908 "-" "Mozilla/5.0 (Windows NT 10.0; Win64; x64) AppleWebKit/537.36 (KHTML, like Gecko) Chrome/120.0.0.0 Safari/537.36"
172.213.8.172 - - [27/Apr/2026:23:11:05 +0000] "GET /sf.php HTTP/1.1" 404 14902 "-" "Mozilla/5.0 (Windows NT 10.0; Win64; x64) AppleWebKit/537.36 (KHTML, like Gecko) Chrome/120.0.0.0 Safari/537.36"
172.213.8.172 - - [27/Apr/2026:23:11:07 +0000] "GET /kbfr.php HTTP/1.1" 404 14904 "-" "Mozilla/5.0 (Windows NT 10.0; Win64; x64) AppleWebKit/537.36 (KHTML, like Gecko) Chrome/120.0.0.0 Safari/537.36"
172.213.8.172 - - [27/Apr/2026:23:11:08 +0000] "GET /autoload_classmap.php HTTP/1.1" 404 14911 "-" "Mozilla/5.0 (Windows NT 10.0; Win64; x64) AppleWebKit/537.36 (KHTML, like Gecko) Chrome/120.0.0.0 Safari/537.36"
172.213.8.172 - - [27/Apr/2026:23:11:09 +0000] "GET /chosen.php?p= HTTP/1.1" 301 - "-" "Mozilla/5.0 (Windows NT 10.0; Win64; x64) AppleWebKit/537.36 (KHTML, like Gecko) Chrome/120.0.0.0 Safari/537.36"
172.213.8.172 - - [27/Apr/2026:23:11:10 +0000] "GET /classwithtostring.php HTTP/1.1" 404 14908 "-" "Mozilla/5.0 (Windows NT 10.0; Win64; x64) AppleWebKit/537.36 (KHTML, like Gecko) Chrome/120.0.0.0 Safari/537.36"
172.213.8.172 - - [27/Apr/2026:23:11:11 +0000] "GET /defaults.php HTTP/1.1" 404 14903 "-" "Mozilla/5.0 (Windows NT 10.0; Win64; x64) AppleWebKit/537.36 (KHTML, like Gecko) Chrome/120.0.0.0 Safari/537.36"
172.213.8.172 - - [27/Apr/2026:23:11:12 +0000] "GET /.well-known/ HTTP/1.1" 404 14908 "-" "Mozilla/5.0 (Windows NT 10.0; Win64; x64) AppleWebKit/537.36 (KHTML, like Gecko) Chrome/120.0.0.0 Safari/537.36"
172.213.8.172 - - [27/Apr/2026:23:11:14 +0000] "GET /info.php HTTP/1.1" 404 14903 "-" "Mozilla/5.0 (Windows NT 10.0; Win64; x64) AppleWebKit/537.36 (KHTML, like Gecko) Chrome/120.0.0.0 Safari/537.36"
172.213.8.172 - - [27/Apr/2026:23:11:15 +0000] "GET /cgi-bin/ HTTP/1.1" 404 14905 "-" "Mozilla/5.0 (Windows NT 10.0; Win64; x64) AppleWebKit/537.36 (KHTML, like Gecko) Chrome/120.0.0.0 Safari/537.36"
172.213.8.172 - - [27/Apr/2026:23:11:16 +0000] "GET /wp-includes/Requests/src/Response/about.php HTTP/1.1" 404 14868 "-" "Mozilla/5.0 (Windows NT 10.0; Win64; x64) AppleWebKit/537.36 (KHTML, like Gecko) Chrome/120.0.0.0 Safari/537.36"
172.213.8.172 - - [27/Apr/2026:23:11:18 +0000] "GET /wp-includes/html-api/ HTTP/1.1" 404 14908 "-" "Mozilla/5.0 (Windows NT 10.0; Win64; x64) AppleWebKit/537.36 (KHTML, like Gecko) Chrome/120.0.0.0 Safari/537.36"
184.94.212.206 - - [27/Apr/2026:23:11:20 +0000] "POST /wp-cron.php?doing_wp_cron=1777331480.1734120845794677734375 HTTP/1.1" 200 - "-" "WordPress/6.9.4; https://weddingmonitor.com"
172.213.8.172 - - [27/Apr/2026:23:11:19 +0000] "GET /wp-content/admin.php HTTP/1.1" 404 14905 "-" "Mozilla/5.0 (Windows NT 10.0; Win64; x64) AppleWebKit/537.36 (KHTML, like Gecko) Chrome/120.0.0.0 Safari/537.36"
172.213.8.172 - - [27/Apr/2026:23:11:20 +0000] "GET /wp-admin/css/colors/ectoplasm/ HTTP/1.1" 404 14868 "-" "Mozilla/5.0 (Windows NT 10.0; Win64; x64) AppleWebKit/537.36 (KHTML, like Gecko) Chrome/120.0.0.0 Safari/537.36"
172.213.8.172 - - [27/Apr/2026:23:11:21 +0000] "GET /wp-content/uploads/ HTTP/1.1" 404 14902 "-" "Mozilla/5.0 (Windows NT 10.0; Win64; x64) AppleWebKit/537.36 (KHTML, like Gecko) Chrome/120.0.0.0 Safari/537.36"
172.213.8.172 - - [27/Apr/2026:23:11:23 +0000] "GET /wp-content/themes/admin.php HTTP/1.1" 404 14858 "-" "Mozilla/5.0 (Windows NT 10.0; Win64; x64) AppleWebKit/537.36 (KHTML, like Gecko) Chrome/120.0.0.0 Safari/537.36"
172.213.8.172 - - [27/Apr/2026:23:11:24 +0000] "GET /wp-content/themes/index.php HTTP/1.1" 301 - "-" "Mozilla/5.0 (Windows NT 10.0; Win64; x64) AppleWebKit/537.36 (KHTML, like Gecko) Chrome/120.0.0.0 Safari/537.36"
172.213.8.172 - - [27/Apr/2026:23:11:25 +0000] "GET /wp-content/plugins/index.php HTTP/1.1" 301 - "-" "Mozilla/5.0 (Windows NT 10.0; Win64; x64) AppleWebKit/537.36 (KHTML, like Gecko) Chrome/120.0.0.0 Safari/537.36"
172.213.8.172 - - [27/Apr/2026:23:11:26 +0000] "GET /wp-includes/PHPMailer/ HTTP/1.1" 404 14911 "-" "Mozilla/5.0 (Windows NT 10.0; Win64; x64) AppleWebKit/537.36 (KHTML, like Gecko) Chrome/120.0.0.0 Safari/537.36"
172.213.8.172 - - [27/Apr/2026:23:11:27 +0000] "GET /wp-includes/images/ HTTP/1.1" 404 14906 "-" "Mozilla/5.0 (Windows NT 10.0; Win64; x64) AppleWebKit/537.36 (KHTML, like Gecko) Chrome/120.0.0.0 Safari/537.36"
172.213.8.172 - - [27/Apr/2026:23:11:28 +0000] "GET /wp-content/plugins/WordPressCore/ HTTP/1.1" 404 14859 "-" "Mozilla/5.0 (Windows NT 10.0; Win64; x64) AppleWebKit/537.36 (KHTML, like Gecko) Chrome/120.0.0.0 Safari/537.36"
77.75.79.109 - - [27/Apr/2026:23:11:36 +0000] "GET /image-sitemap-1.xml HTTP/1.1" 200 1308 "-" "Mozilla/5.0 (compatible; SeznamBot/4.0; +https://o-seznam.cz/napoveda/vyhledavani/en/seznambot-crawler/)"
184.94.212.206 - - [27/Apr/2026:23:12:25 +0000] "POST /wp-cron.php?doing_wp_cron=1777331545.4112889766693115234375 HTTP/1.1" 200 - "-" "WordPress/6.9.4; https://weddingmonitor.com"
192.0.102.230 - - [27/Apr/2026:23:12:23 +0000] "HEAD / HTTP/1.1" 200 - "-" "jetmon/1.0 (Jetpack Site Uptime Monitor by WordPress.com)"
184.94.212.206 - - [27/Apr/2026:23:17:24 +0000] "POST /wp-cron.php?doing_wp_cron=1777331844.3788681030273437500000 HTTP/1.1" 200 - "-" "WordPress/6.9.4; https://weddingmonitor.com"
192.0.102.230 - - [27/Apr/2026:23:17:22 +0000] "HEAD / HTTP/1.1" 200 - "-" "jetmon/1.0 (Jetpack Site Uptime Monitor by WordPress.com)"
184.94.212.206 - - [27/Apr/2026:23:17:25 +0000] "POST /wp-cron.php?doing_wp_cron=1777331845.5427029132843017578125 HTTP/1.1" 200 - "-" "WordPress/6.9.4; https://weddingmonitor.com"
2.57.168.21 - - [27/Apr/2026:23:17:24 +0000] "POST /wp-login.php HTTP/1.1" 401 3452 "-" "Mozilla/5.0"
184.94.212.206 - - [27/Apr/2026:23:20:44 +0000] "POST /wp-cron.php?doing_wp_cron=1777332044.1820199489593505859375 HTTP/1.1" 200 - "-" "WordPress/6.9.4; https://weddingmonitor.com"
114.119.158.157 - - [27/Apr/2026:23:20:42 +0000] "GET /wedding-tips-5-things-you-shouldnt-skimp-on/?amp HTTP/1.1" 200 22622 "https://weddingmonitor.com/wedding-tips-5-things-you-shouldnt-skimp-on/?amp" "Mozilla/5.0 (Linux; Android 7.0;) AppleWebKit/537.36 (HTML, like Gecko) Mobile Safari/537.36 (compatible; PetalBot;+https://webmaster.petalsearch.com/site/petalbot)"
20.212.0.99 - - [27/Apr/2026:23:20:46 +0000] "GET /ioxi-o.php HTTP/1.1" 404 14930 "-" "Mozilla/5.0 (Windows NT 10.0; Win64; x64) AppleWebKit/537.36 (KHTML, like Gecko) Chrome/120.0.0.0 Safari/537.36"
20.212.0.99 - - [27/Apr/2026:23:20:47 +0000] "GET /rip.php HTTP/1.1" 404 14927 "-" "Mozilla/5.0 (Windows NT 10.0; Win64; x64) AppleWebKit/537.36 (KHTML, like Gecko) Chrome/120.0.0.0 Safari/537.36"
20.212.0.99 - - [27/Apr/2026:23:20:48 +0000] "GET /admin.php HTTP/1.1" 404 14928 "-" "Mozilla/5.0 (Windows NT 10.0; Win64; x64) AppleWebKit/537.36 (KHTML, like Gecko) Chrome/120.0.0.0 Safari/537.36"
20.212.0.99 - - [27/Apr/2026:23:20:49 +0000] "GET /wp-content/uploads/index.php HTTP/1.1" 301 - "-" "Mozilla/5.0 (Windows NT 10.0; Win64; x64) AppleWebKit/537.36 (KHTML, like Gecko) Chrome/120.0.0.0 Safari/537.36"
20.212.0.99 - - [27/Apr/2026:23:20:50 +0000] "GET /cache.php HTTP/1.1" 404 14928 "-" "Mozilla/5.0 (Windows NT 10.0; Win64; x64) AppleWebKit/537.36 (KHTML, like Gecko) Chrome/120.0.0.0 Safari/537.36"
20.212.0.99 - - [27/Apr/2026:23:20:52 +0000] "GET /themes.php HTTP/1.1" 404 14927 "-" "Mozilla/5.0 (Windows NT 10.0; Win64; x64) AppleWebKit/537.36 (KHTML, like Gecko) Chrome/120.0.0.0 Safari/537.36"
20.212.0.99 - - [27/Apr/2026:23:20:53 +0000] "GET /an.php HTTP/1.1" 404 14927 "-" "Mozilla/5.0 (Windows NT 10.0; Win64; x64) AppleWebKit/537.36 (KHTML, like Gecko) Chrome/120.0.0.0 Safari/537.36"
20.212.0.99 - - [27/Apr/2026:23:20:54 +0000] "GET /randkeyword.PhP7 HTTP/1.1" 404 14937 "-" "Mozilla/5.0 (Windows NT 10.0; Win64; x64) AppleWebKit/537.36 (KHTML, like Gecko) Chrome/120.0.0.0 Safari/537.36"
20.212.0.99 - - [27/Apr/2026:23:20:55 +0000] "GET /ws.php HTTP/1.1" 404 14927 "-" "Mozilla/5.0 (Windows NT 10.0; Win64; x64) AppleWebKit/537.36 (KHTML, like Gecko) Chrome/120.0.0.0 Safari/537.36"
20.212.0.99 - - [27/Apr/2026:23:20:56 +0000] "GET /404.php HTTP/1.1" 404 14928 "-" "Mozilla/5.0 (Windows NT 10.0; Win64; x64) AppleWebKit/537.36 (KHTML, like Gecko) Chrome/120.0.0.0 Safari/537.36"
20.212.0.99 - - [27/Apr/2026:23:20:58 +0000] "GET /wp-admin/user.php HTTP/1.1" 404 14930 "-" "Mozilla/5.0 (Windows NT 10.0; Win64; x64) AppleWebKit/537.36 (KHTML, like Gecko) Chrome/120.0.0.0 Safari/537.36"
20.212.0.99 - - [27/Apr/2026:23:20:59 +0000] "GET /wp-conf.php HTTP/1.1" 404 14928 "-" "Mozilla/5.0 (Windows NT 10.0; Win64; x64) AppleWebKit/537.36 (KHTML, like Gecko) Chrome/120.0.0.0 Safari/537.36"
20.212.0.99 - - [27/Apr/2026:23:21:00 +0000] "GET /wp-content/themes/hideo/network.php HTTP/1.1" 404 14887 "-" "Mozilla/5.0 (Windows NT 10.0; Win64; x64) AppleWebKit/537.36 (KHTML, like Gecko) Chrome/120.0.0.0 Safari/537.36"
20.212.0.99 - - [27/Apr/2026:23:21:01 +0000] "GET /wp-login.php HTTP/1.1" 200 3510 "-" "Mozilla/5.0 (Windows NT 10.0; Win64; x64) AppleWebKit/537.36 (KHTML, like Gecko) Chrome/120.0.0.0 Safari/537.36"
20.212.0.99 - - [27/Apr/2026:23:21:03 +0000] "GET /abc.php HTTP/1.1" 404 14928 "-" "Mozilla/5.0 (Windows NT 10.0; Win64; x64) AppleWebKit/537.36 (KHTML, like Gecko) Chrome/120.0.0.0 Safari/537.36"
20.212.0.99 - - [27/Apr/2026:23:21:04 +0000] "GET /abcd.php HTTP/1.1" 404 14928 "-" "Mozilla/5.0 (Windows NT 10.0; Win64; x64) AppleWebKit/537.36 (KHTML, like Gecko) Chrome/120.0.0.0 Safari/537.36"
20.212.0.99 - - [27/Apr/2026:23:21:05 +0000] "GET /as.php HTTP/1.1" 404 14927 "-" "Mozilla/5.0 (Windows NT 10.0; Win64; x64) AppleWebKit/537.36 (KHTML, like Gecko) Chrome/120.0.0.0 Safari/537.36"
20.212.0.99 - - [27/Apr/2026:23:21:07 +0000] "GET /wp-trackback.php HTTP/1.1" 404 130 "-" "Mozilla/5.0 (Windows NT 10.0; Win64; x64) AppleWebKit/537.36 (KHTML, like Gecko) Chrome/120.0.0.0 Safari/537.36"
20.212.0.99 - - [27/Apr/2026:23:21:08 +0000] "GET /about.php HTTP/1.1" 404 14928 "-" "Mozilla/5.0 (Windows NT 10.0; Win64; x64) AppleWebKit/537.36 (KHTML, like Gecko) Chrome/120.0.0.0 Safari/537.36"
20.212.0.99 - - [27/Apr/2026:23:21:09 +0000] "GET /file.php HTTP/1.1" 404 14927 "-" "Mozilla/5.0 (Windows NT 10.0; Win64; x64) AppleWebKit/537.36 (KHTML, like Gecko) Chrome/120.0.0.0 Safari/537.36"
20.212.0.99 - - [27/Apr/2026:23:21:10 +0000] "GET /adminfuns.php HTTP/1.1" 404 14932 "-" "Mozilla/5.0 (Windows NT 10.0; Win64; x64) AppleWebKit/537.36 (KHTML, like Gecko) Chrome/120.0.0.0 Safari/537.36"
20.212.0.99 - - [27/Apr/2026:23:21:12 +0000] "GET /wp-good.php HTTP/1.1" 404 14930 "-" "Mozilla/5.0 (Windows NT 10.0; Win64; x64) AppleWebKit/537.36 (KHTML, like Gecko) Chrome/120.0.0.0 Safari/537.36"
20.212.0.99 - - [27/Apr/2026:23:21:13 +0000] "GET /xmlrpc.php HTTP/1.1" 404 14927 "-" "Mozilla/5.0 (Windows NT 10.0; Win64; x64) AppleWebKit/537.36 (KHTML, like Gecko) Chrome/120.0.0.0 Safari/537.36"
20.212.0.99 - - [27/Apr/2026:23:21:14 +0000] "GET /goods.php HTTP/1.1" 404 14929 "-" "Mozilla/5.0 (Windows NT 10.0; Win64; x64) AppleWebKit/537.36 (KHTML, like Gecko) Chrome/120.0.0.0 Safari/537.36"
20.212.0.99 - - [27/Apr/2026:23:21:15 +0000] "GET /class-t.api.php HTTP/1.1" 404 14933 "-" "Mozilla/5.0 (Windows NT 10.0; Win64; x64) AppleWebKit/537.36 (KHTML, like Gecko) Chrome/120.0.0.0 Safari/537.36"
20.212.0.99 - - [27/Apr/2026:23:21:17 +0000] "GET /sf.php HTTP/1.1" 404 14927 "-" "Mozilla/5.0 (Windows NT 10.0; Win64; x64) AppleWebKit/537.36 (KHTML, like Gecko) Chrome/120.0.0.0 Safari/537.36"
20.212.0.99 - - [27/Apr/2026:23:21:18 +0000] "GET /kbfr.php HTTP/1.1" 404 14929 "-" "Mozilla/5.0 (Windows NT 10.0; Win64; x64) AppleWebKit/537.36 (KHTML, like Gecko) Chrome/120.0.0.0 Safari/537.36"
20.212.0.99 - - [27/Apr/2026:23:21:19 +0000] "GET /autoload_classmap.php HTTP/1.1" 404 14936 "-" "Mozilla/5.0 (Windows NT 10.0; Win64; x64) AppleWebKit/537.36 (KHTML, like Gecko) Chrome/120.0.0.0 Safari/537.36"
184.94.212.206 - - [27/Apr/2026:23:21:21 +0000] "POST /wp-cron.php?doing_wp_cron=1777332081.5838079452514648437500 HTTP/1.1" 200 - "-" "WordPress/6.9.4; https://weddingmonitor.com"
20.212.0.99 - - [27/Apr/2026:23:21:20 +0000] "GET /chosen.php?p= HTTP/1.1" 301 - "-" "Mozilla/5.0 (Windows NT 10.0; Win64; x64) AppleWebKit/537.36 (KHTML, like Gecko) Chrome/120.0.0.0 Safari/537.36"
20.212.0.99 - - [27/Apr/2026:23:21:21 +0000] "GET /classwithtostring.php HTTP/1.1" 404 14933 "-" "Mozilla/5.0 (Windows NT 10.0; Win64; x64) AppleWebKit/537.36 (KHTML, like Gecko) Chrome/120.0.0.0 Safari/537.36"
20.212.0.99 - - [27/Apr/2026:23:21:23 +0000] "GET /defaults.php HTTP/1.1" 404 14928 "-" "Mozilla/5.0 (Windows NT 10.0; Win64; x64) AppleWebKit/537.36 (KHTML, like Gecko) Chrome/120.0.0.0 Safari/537.36"
20.212.0.99 - - [27/Apr/2026:23:21:24 +0000] "GET /.well-known/ HTTP/1.1" 404 14933 "-" "Mozilla/5.0 (Windows NT 10.0; Win64; x64) AppleWebKit/537.36 (KHTML, like Gecko) Chrome/120.0.0.0 Safari/537.36"
20.212.0.99 - - [27/Apr/2026:23:21:25 +0000] "GET /info.php HTTP/1.1" 404 14928 "-" "Mozilla/5.0 (Windows NT 10.0; Win64; x64) AppleWebKit/537.36 (KHTML, like Gecko) Chrome/120.0.0.0 Safari/537.36"
20.212.0.99 - - [27/Apr/2026:23:21:26 +0000] "GET /cgi-bin/ HTTP/1.1" 404 14931 "-" "Mozilla/5.0 (Windows NT 10.0; Win64; x64) AppleWebKit/537.36 (KHTML, like Gecko) Chrome/120.0.0.0 Safari/537.36"
20.212.0.99 - - [27/Apr/2026:23:21:28 +0000] "GET /wp-includes/Requests/src/Response/about.php HTTP/1.1" 404 14893 "-" "Mozilla/5.0 (Windows NT 10.0; Win64; x64) AppleWebKit/537.36 (KHTML, like Gecko) Chrome/120.0.0.0 Safari/537.36"
20.212.0.99 - - [27/Apr/2026:23:21:29 +0000] "GET /wp-includes/html-api/ HTTP/1.1" 404 14933 "-" "Mozilla/5.0 (Windows NT 10.0; Win64; x64) AppleWebKit/537.36 (KHTML, like Gecko) Chrome/120.0.0.0 Safari/537.36"
20.212.0.99 - - [27/Apr/2026:23:21:30 +0000] "GET /wp-content/admin.php HTTP/1.1" 404 14930 "-" "Mozilla/5.0 (Windows NT 10.0; Win64; x64) AppleWebKit/537.36 (KHTML, like Gecko) Chrome/120.0.0.0 Safari/537.36"
20.212.0.99 - - [27/Apr/2026:23:21:32 +0000] "GET /wp-admin/css/colors/ectoplasm/ HTTP/1.1" 404 14893 "-" "Mozilla/5.0 (Windows NT 10.0; Win64; x64) AppleWebKit/537.36 (KHTML, like Gecko) Chrome/120.0.0.0 Safari/537.36"
20.212.0.99 - - [27/Apr/2026:23:21:33 +0000] "GET /wp-content/uploads/ HTTP/1.1" 404 14927 "-" "Mozilla/5.0 (Windows NT 10.0; Win64; x64) AppleWebKit/537.36 (KHTML, like Gecko) Chrome/120.0.0.0 Safari/537.36"
20.212.0.99 - - [27/Apr/2026:23:21:34 +0000] "GET /wp-content/themes/admin.php HTTP/1.1" 404 14883 "-" "Mozilla/5.0 (Windows NT 10.0; Win64; x64) AppleWebKit/537.36 (KHTML, like Gecko) Chrome/120.0.0.0 Safari/537.36"
20.212.0.99 - - [27/Apr/2026:23:21:35 +0000] "GET /wp-content/themes/index.php HTTP/1.1" 301 - "-" "Mozilla/5.0 (Windows NT 10.0; Win64; x64) AppleWebKit/537.36 (KHTML, like Gecko) Chrome/120.0.0.0 Safari/537.36"
20.212.0.99 - - [27/Apr/2026:23:21:36 +0000] "GET /wp-content/plugins/index.php HTTP/1.1" 301 - "-" "Mozilla/5.0 (Windows NT 10.0; Win64; x64) AppleWebKit/537.36 (KHTML, like Gecko) Chrome/120.0.0.0 Safari/537.36"
