114.119.142.43 - - [27/Apr/2026:13:53:48 +0000] "GET /author/h0tn1ch3s/page/4 HTTP/1.1" 301 - "https://weddingmonitor.com/author/h0tn1ch3s/page/5" "Mozilla/5.0 (Linux; Android 7.0;) AppleWebKit/537.36 (HTML, like Gecko) Mobile Safari/537.36 (compatible; PetalBot;+https://webmaster.petalsearch.com/site/petalbot)"
114.119.142.43 - - [27/Apr/2026:13:53:49 +0000] "GET /author/h0tn1ch3s/page/4/ HTTP/1.1" 200 16946 "https://weddingmonitor.com/author/h0tn1ch3s/page/5" "Mozilla/5.0 (Linux; Android 7.0;) AppleWebKit/537.36 (HTML, like Gecko) Mobile Safari/537.36 (compatible; PetalBot;+https://webmaster.petalsearch.com/site/petalbot)"
184.94.212.206 - - [27/Apr/2026:13:57:25 +0000] "POST /wp-cron.php?doing_wp_cron=1777298245.0420520305633544921875 HTTP/1.1" 200 - "-" "WordPress/6.9.4; https://weddingmonitor.com"
192.0.102.230 - - [27/Apr/2026:13:57:23 +0000] "HEAD / HTTP/1.1" 200 - "-" "jetmon/1.0 (Jetpack Site Uptime Monitor by WordPress.com)"
114.119.133.120 - - [27/Apr/2026:13:57:24 +0000] "GET /author/h0tn1ch3s/page/3/?amp HTTP/1.1" 200 16945 "https://weddingmonitor.com/author/h0tn1ch3s/page/3/?amp" "Mozilla/5.0 (Linux; Android 7.0;) AppleWebKit/537.36 (HTML, like Gecko) Mobile Safari/537.36 (compatible; PetalBot;+https://webmaster.petalsearch.com/site/petalbot)"
184.94.212.206 - - [27/Apr/2026:13:57:31 +0000] "POST /wp-cron.php?doing_wp_cron=1777298251.7424230575561523437500 HTTP/1.1" 200 - "-" "WordPress/6.9.4; https://weddingmonitor.com"
157.55.39.225 - - [27/Apr/2026:13:57:30 +0000] "GET /robots.txt HTTP/1.1" 200 145 "-" "Mozilla/5.0 AppleWebKit/537.36 (KHTML, like Gecko; compatible; bingbot/2.0; +http://www.bing.com/bingbot.htm) Chrome/116.0.1938.76 Safari/537.36"
52.167.144.236 - - [27/Apr/2026:13:57:37 +0000] "GET /news-sitemap.xml HTTP/1.1" 200 310 "-" "Mozilla/5.0 AppleWebKit/537.36 (KHTML, like Gecko; compatible; bingbot/2.0; +http://www.bing.com/bingbot.htm) Chrome/116.0.1938.76 Safari/537.36"
184.94.212.206 - - [27/Apr/2026:14:01:44 +0000] "POST /wp-cron.php?doing_wp_cron=1777298503.9894070625305175781250 HTTP/1.1" 200 - "-" "WordPress/6.9.4; https://weddingmonitor.com"
114.119.141.4 - - [27/Apr/2026:14:01:42 +0000] "GET /author/h0tn1ch3s/page/3/ HTTP/1.1" 200 16940 "https://weddingmonitor.com/author/h0tn1ch3s/page/4/" "Mozilla/5.0 (Linux; Android 7.0;) AppleWebKit/537.36 (HTML, like Gecko) Mobile Safari/537.36 (compatible; PetalBot;+https://webmaster.petalsearch.com/site/petalbot)"
184.94.212.206 - - [27/Apr/2026:14:02:23 +0000] "POST /wp-cron.php?doing_wp_cron=1777298543.4724869728088378906250 HTTP/1.1" 200 - "-" "WordPress/6.9.4; https://weddingmonitor.com"
192.0.102.230 - - [27/Apr/2026:14:02:21 +0000] "HEAD / HTTP/1.1" 200 - "-" "jetmon/1.0 (Jetpack Site Uptime Monitor by WordPress.com)"
184.94.212.206 - - [27/Apr/2026:14:05:34 +0000] "POST /wp-cron.php?doing_wp_cron=1777298734.7417249679565429687500 HTTP/1.1" 200 - "-" "WordPress/6.9.4; https://weddingmonitor.com"
114.119.133.120 - - [27/Apr/2026:14:05:33 +0000] "GET /author/h0tn1ch3s/page/2 HTTP/1.1" 301 - "https://weddingmonitor.com/author/h0tn1ch3s/page/3" "Mozilla/5.0 (Linux; Android 7.0;) AppleWebKit/537.36 (HTML, like Gecko) Mobile Safari/537.36 (compatible; PetalBot;+https://webmaster.petalsearch.com/site/petalbot)"
114.119.133.120 - - [27/Apr/2026:14:05:35 +0000] "GET /author/h0tn1ch3s/page/2/ HTTP/1.1" 200 17272 "https://weddingmonitor.com/author/h0tn1ch3s/page/3" "Mozilla/5.0 (Linux; Android 7.0;) AppleWebKit/537.36 (HTML, like Gecko) Mobile Safari/537.36 (compatible; PetalBot;+https://webmaster.petalsearch.com/site/petalbot)"
184.94.212.206 - - [27/Apr/2026:14:07:24 +0000] "POST /wp-cron.php?doing_wp_cron=1777298844.6159970760345458984375 HTTP/1.1" 200 - "-" "WordPress/6.9.4; https://weddingmonitor.com"
192.0.102.230 - - [27/Apr/2026:14:07:23 +0000] "HEAD / HTTP/1.1" 200 - "-" "jetmon/1.0 (Jetpack Site Uptime Monitor by WordPress.com)"
114.119.141.4 - - [27/Apr/2026:14:09:28 +0000] "GET /your-wedding-help-is-here-with-these-tips?amp HTTP/1.1" 301 - "https://weddingmonitor.com/your-wedding-help-is-here-with-these-tips" "Mozilla/5.0 (Linux; Android 7.0;) AppleWebKit/537.36 (HTML, like Gecko) Mobile Safari/537.36 (compatible; PetalBot;+https://webmaster.petalsearch.com/site/petalbot)"
114.119.141.4 - - [27/Apr/2026:14:09:30 +0000] "GET /your-wedding-help-is-here-with-these-tips/?amp HTTP/1.1" 200 21693 "https://weddingmonitor.com/your-wedding-help-is-here-with-these-tips" "Mozilla/5.0 (Linux; Android 7.0;) AppleWebKit/537.36 (HTML, like Gecko) Mobile Safari/537.36 (compatible; PetalBot;+https://webmaster.petalsearch.com/site/petalbot)"
184.94.212.206 - - [27/Apr/2026:14:12:26 +0000] "POST /wp-cron.php?doing_wp_cron=1777299146.9108328819274902343750 HTTP/1.1" 200 - "-" "WordPress/6.9.4; https://weddingmonitor.com"
192.0.102.230 - - [27/Apr/2026:14:12:24 +0000] "HEAD / HTTP/1.1" 200 - "-" "jetmon/1.0 (Jetpack Site Uptime Monitor by WordPress.com)"
114.119.154.9 - - [27/Apr/2026:14:13:29 +0000] "GET /wedding-tips-that-might-help-you-save-money/?noamp=mobile HTTP/1.1" 200 21274 "https://weddingmonitor.com/wedding-tips-that-might-help-you-save-money/?noamp=mobile" "Mozilla/5.0 (Linux; Android 7.0;) AppleWebKit/537.36 (HTML, like Gecko) Mobile Safari/537.36 (compatible; PetalBot;+https://webmaster.petalsearch.com/site/petalbot)"
192.0.102.230 - - [27/Apr/2026:14:17:22 +0000] "HEAD / HTTP/1.1" 200 - "-" "jetmon/1.0 (Jetpack Site Uptime Monitor by WordPress.com)"
114.119.154.9 - - [27/Apr/2026:14:17:26 +0000] "GET /wedding-tips-5-things-you-shouldnt-skimp-on?share=facebook HTTP/1.1" 302 - "https://weddingmonitor.com/wedding-tips-5-things-you-shouldnt-skimp-on" "Mozilla/5.0 (Linux; Android 7.0;) AppleWebKit/537.36 (HTML, like Gecko) Mobile Safari/537.36 (compatible; PetalBot;+https://webmaster.petalsearch.com/site/petalbot)"
37.97.4.46 - - [27/Apr/2026:14:18:55 +0000] "GET /all-you-need-to-know-about-great-wedding-ceremonies/ HTTP/1.1" 200 21266 "-" "Mozilla/5.0 (Macintosh; PPC Mac OS X 10_5_9; rv:1.9.2.20) Gecko/3084-01-25 23:20:42.563255 Firefox/3.8"
184.94.212.206 - - [27/Apr/2026:14:19:55 +0000] "POST /wp-cron.php?doing_wp_cron=1777299595.6103999614715576171875 HTTP/1.1" 200 - "-" "WordPress/6.9.4; https://weddingmonitor.com"
191.177.138.97 - - [27/Apr/2026:14:19:54 +0000] "GET /2020/04/ HTTP/1.1" 200 16864 "-" "Mozilla/5.0 (compatible; MSIE 8.0; Windows NT 6.2; Trident/4.0)"
184.94.212.206 - - [27/Apr/2026:14:21:33 +0000] "POST /wp-cron.php?doing_wp_cron=1777299693.7548639774322509765625 HTTP/1.1" 200 - "-" "WordPress/6.9.4; https://weddingmonitor.com"
114.119.147.0 - - [27/Apr/2026:14:21:31 +0000] "GET /wedding-planning-advice-for-the-busy-bride-and-groom?amp HTTP/1.1" 301 - "https://weddingmonitor.com/category/planning-tips/page/5?amp" "Mozilla/5.0 (Linux; Android 7.0;) AppleWebKit/537.36 (HTML, like Gecko) Mobile Safari/537.36 (compatible; PetalBot;+https://webmaster.petalsearch.com/site/petalbot)"
114.119.147.0 - - [27/Apr/2026:14:21:34 +0000] "GET /wedding-planning-advice-for-the-busy-bride-and-groom/?amp HTTP/1.1" 200 20874 "https://weddingmonitor.com/category/planning-tips/page/5?amp" "Mozilla/5.0 (Linux; Android 7.0;) AppleWebKit/537.36 (HTML, like Gecko) Mobile Safari/537.36 (compatible; PetalBot;+https://webmaster.petalsearch.com/site/petalbot)"
192.0.102.230 - - [27/Apr/2026:14:22:28 +0000] "HEAD / HTTP/1.1" 500 - "-" "jetmon/1.0 (Jetpack Site Uptime Monitor by WordPress.com)"
54.39.210.71 - - [27/Apr/2026:14:23:15 +0000] "GET /sitemap.xml HTTP/1.1" 503 428 "-" "Mozilla/5.0 (compatible; AhrefsBot/7.0; +http://ahrefs.com/robot/)"
184.94.212.206 - - [27/Apr/2026:14:23:33 +0000] "POST /wp-cron.php?doing_wp_cron=1777299813.5309031009674072265625 HTTP/1.1" 200 - "-" "WordPress/6.9.4; https://weddingmonitor.com"
192.0.102.230 - - [27/Apr/2026:14:23:30 +0000] "HEAD / HTTP/1.1" 200 - "-" "jetmon/1.0 (Jetpack Site Uptime Monitor by WordPress.com)"
43.153.48.240 - - [27/Apr/2026:14:25:13 +0000] "GET /tag/destination/ HTTP/1.1" 200 18933 "-" "Mozilla/5.0 (iPhone; CPU iPhone OS 13_2_3 like Mac OS X) AppleWebKit/605.1.15 (KHTML, like Gecko) Version/13.0.3 Mobile/15E148 Safari/604.1"
184.94.212.206 - - [27/Apr/2026:14:25:33 +0000] "POST /wp-cron.php?doing_wp_cron=1777299933.1865580081939697265625 HTTP/1.1" 200 - "-" "WordPress/6.9.4; https://weddingmonitor.com"
114.119.154.9 - - [27/Apr/2026:14:25:32 +0000] "GET /wedding-planning-advice-for-the-busy-bride-and-groom/?share=twitter HTTP/1.1" 302 - "https://weddingmonitor.com/wedding-planning-advice-for-the-busy-bride-and-groom/" "Mozilla/5.0 (Linux; Android 7.0;) AppleWebKit/537.36 (HTML, like Gecko) Mobile Safari/537.36 (compatible; PetalBot;+https://webmaster.petalsearch.com/site/petalbot)"
184.94.212.206 - - [27/Apr/2026:14:27:23 +0000] "POST /wp-cron.php?doing_wp_cron=1777300043.4102969169616699218750 HTTP/1.1" 200 - "-" "WordPress/6.9.4; https://weddingmonitor.com"
192.0.102.230 - - [27/Apr/2026:14:27:21 +0000] "HEAD / HTTP/1.1" 200 - "-" "jetmon/1.0 (Jetpack Site Uptime Monitor by WordPress.com)"
114.119.142.43 - - [27/Apr/2026:14:29:41 +0000] "GET /wedding-planning-advice-for-the-busy-bride-and-groom HTTP/1.1" 301 - "https://weddingmonitor.com/wedding-planning-advice-for-the-busy-bride-and-groom" "Mozilla/5.0 (Linux; Android 7.0;) AppleWebKit/537.36 (HTML, like Gecko) Mobile Safari/537.36 (compatible; PetalBot;+https://webmaster.petalsearch.com/site/petalbot)"
114.119.142.43 - - [27/Apr/2026:14:29:42 +0000] "GET /wedding-planning-advice-for-the-busy-bride-and-groom/ HTTP/1.1" 200 20873 "https://weddingmonitor.com/wedding-planning-advice-for-the-busy-bride-and-groom" "Mozilla/5.0 (Linux; Android 7.0;) AppleWebKit/537.36 (HTML, like Gecko) Mobile Safari/537.36 (compatible; PetalBot;+https://webmaster.petalsearch.com/site/petalbot)"
184.94.212.206 - - [27/Apr/2026:14:30:34 +0000] "POST /wp-cron.php?doing_wp_cron=1777300234.4017190933227539062500 HTTP/1.1" 200 - "-" "WordPress/6.9.4; https://weddingmonitor.com"
40.77.167.70 - - [27/Apr/2026:14:30:32 +0000] "GET /sitemap.xml HTTP/1.1" 200 300 "-" "Mozilla/5.0 AppleWebKit/537.36 (KHTML, like Gecko; compatible; bingbot/2.0; +http://www.bing.com/bingbot.htm) Chrome/116.0.1938.76 Safari/537.36"
184.94.212.206 - - [27/Apr/2026:14:32:26 +0000] "POST /wp-cron.php?doing_wp_cron=1777300346.7306690216064453125000 HTTP/1.1" 200 - "-" "WordPress/6.9.4; https://weddingmonitor.com"
192.0.102.230 - - [27/Apr/2026:14:32:25 +0000] "HEAD / HTTP/1.1" 200 - "-" "jetmon/1.0 (Jetpack Site Uptime Monitor by WordPress.com)"
114.119.142.85 - - [27/Apr/2026:14:33:31 +0000] "GET /vendors HTTP/1.1" 301 - "https://weddingmonitor.com/category/planning-tips/page/3" "Mozilla/5.0 (Linux; Android 7.0;) AppleWebKit/537.36 (HTML, like Gecko) Mobile Safari/537.36 (compatible; PetalBot;+https://webmaster.petalsearch.com/site/petalbot)"
114.119.142.85 - - [27/Apr/2026:14:33:33 +0000] "GET /vendors/ HTTP/1.1" 200 15959 "https://weddingmonitor.com/category/planning-tips/page/3" "Mozilla/5.0 (Linux; Android 7.0;) AppleWebKit/537.36 (HTML, like Gecko) Mobile Safari/537.36 (compatible; PetalBot;+https://webmaster.petalsearch.com/site/petalbot)"
80.64.24.158 - - [27/Apr/2026:14:34:02 +0000] "GET / HTTP/1.1" 200 17008 "-" "Mozilla/5.0 (Windows NT 10.0; Win64; x64) AppleWebKit/537.37 (KHTML, like Gecko) Chrome/118.0.0.0 Safari/537.36"
54.82.198.215 - - [27/Apr/2026:14:34:15 +0000] "GET /wp-content/uploads/2020/03/charmed_here_are_some_lovely_wedding_ideas.jpg HTTP/1.1" 200 63216 "-" "Mozilla/5.0 (X11; Ubuntu; Linux x86_64; rv:72.0) Gecko/20100101 Firefox/72.0 (compatible; cc-download/1.0; +https://github.com/rom1504/img2dataset)"
2.44.142.245 - - [27/Apr/2026:14:36:19 +0000] "GET /category/flowers/ HTTP/1.1" 200 18992 "-" "Mozilla/5.0 (Windows; U; Windows CE) AppleWebKit/531.2.7 (KHTML, like Gecko) Version/4.0.3 Safari/531.2.7"
103.103.32.31 - - [27/Apr/2026:14:36:24 +0000] "GET /2020/02/ HTTP/1.1" 200 19907 "-" "Mozilla/5.0 (Windows; U; Windows NT 6.0) AppleWebKit/534.9.3 (KHTML, like Gecko) Version/4.1 Safari/534.9.3"
184.94.212.206 - - [27/Apr/2026:14:37:20 +0000] "POST /wp-cron.php?doing_wp_cron=1777300640.8596820831298828125000 HTTP/1.1" 200 - "-" "WordPress/6.9.4; https://weddingmonitor.com"
114.119.142.85 - - [27/Apr/2026:14:37:19 +0000] "GET /useful-advice-to-hold-the-wedding-of-your-dreams?share=facebook HTTP/1.1" 302 - "https://weddingmonitor.com/useful-advice-to-hold-the-wedding-of-your-dreams" "Mozilla/5.0 (Linux; Android 7.0;) AppleWebKit/537.36 (HTML, like Gecko) Mobile Safari/537.36 (compatible; PetalBot;+https://webmaster.petalsearch.com/site/petalbot)"
192.0.102.230 - - [27/Apr/2026:14:37:22 +0000] "HEAD / HTTP/1.1" 200 - "-" "jetmon/1.0 (Jetpack Site Uptime Monitor by WordPress.com)"
74.7.228.6 - - [27/Apr/2026:14:39:27 +0000] "GET /robots.txt HTTP/1.1" 200 145 "-" "Mozilla/5.0 (Macintosh; Intel Mac OS X 10_15_7) AppleWebKit/537.36 (KHTML, like Gecko) Chrome/131.0.0.0 Safari/537.36; compatible; OAI-SearchBot/1.3; robots.txt; +https://openai.com/searchbot"
160.177.155.254 - - [27/Apr/2026:14:39:41 +0000] "GET /ricepaper_v3/ HTTP/1.1" 301 - "-" "Mozilla/5.0 (Windows NT 10.0; Win64; x64) AppleWebKit/537.36 (KHTML, like Gecko) Chrome/104.0.0.0 Safari/537.36"
160.177.155.254 - - [27/Apr/2026:14:39:43 +0000] "GET /wp-content/uploads/2020/02/ricepaper_v3.png HTTP/1.1" 200 33222 "-" "Mozilla/5.0 (Windows NT 10.0; Win64; x64) AppleWebKit/537.36 (KHTML, like Gecko) Chrome/104.0.0.0 Safari/537.36"
184.94.212.206 - - [27/Apr/2026:14:40:02 +0000] "POST /wp-cron.php?doing_wp_cron=1777300802.9643158912658691406250 HTTP/1.1" 200 - "-" "WordPress/6.9.4; https://weddingmonitor.com"
216.73.217.100 - - [27/Apr/2026:14:40:01 +0000] "GET /robots.txt HTTP/1.1" 200 145 "-" "Mozilla/5.0 AppleWebKit/537.36 (KHTML, like Gecko; compatible; ClaudeBot/1.0; +claudebot@anthropic.com)"
216.73.217.100 - - [27/Apr/2026:14:40:03 +0000] "GET /sitemap.xml HTTP/1.1" 200 300 "-" "Mozilla/5.0 AppleWebKit/537.36 (KHTML, like Gecko; compatible; ClaudeBot/1.0; +claudebot@anthropic.com)"
184.94.212.206 - - [27/Apr/2026:14:40:39 +0000] "POST /wp-cron.php?doing_wp_cron=1777300839.0627400875091552734375 HTTP/1.1" 200 - "-" "WordPress/6.9.4; https://weddingmonitor.com"
113.186.14.225 - - [27/Apr/2026:14:40:37 +0000] "GET /category/destination-wedding/ HTTP/1.1" 200 19606 "-" "Mozilla/5.0 (Windows NT 6.2) AppleWebKit/534.1 (KHTML, like Gecko) Chrome/43.0.818.0 Safari/534.1"
114.119.142.85 - - [27/Apr/2026:14:41:24 +0000] "GET /unsurpassed-wedding-tips-to-make-your-day-special?share=twitter&amp HTTP/1.1" 302 - "-" "Mozilla/5.0 (Linux; Android 7.0;) AppleWebKit/537.36 (HTML, like Gecko) Mobile Safari/537.36 (compatible; PetalBot;+https://webmaster.petalsearch.com/site/petalbot)"
192.0.102.230 - - [27/Apr/2026:14:42:22 +0000] "HEAD / HTTP/1.1" 200 - "-" "jetmon/1.0 (Jetpack Site Uptime Monitor by WordPress.com)"
184.94.212.206 - - [27/Apr/2026:14:43:45 +0000] "POST /wp-cron.php?doing_wp_cron=1777301025.1383008956909179687500 HTTP/1.1" 200 - "-" "WordPress/6.9.4; https://weddingmonitor.com"
216.73.217.100 - - [27/Apr/2026:14:43:43 +0000] "GET /news-sitemap.xml HTTP/1.1" 200 310 "-" "Mozilla/5.0 AppleWebKit/537.36 (KHTML, like Gecko; compatible; ClaudeBot/1.0; +claudebot@anthropic.com)"
114.119.141.4 - - [27/Apr/2026:14:45:21 +0000] "GET /unsurpassed-wedding-tips-to-make-your-day-special/?noamp=mobile HTTP/1.1" 200 20945 "https://weddingmonitor.com/unsurpassed-wedding-tips-to-make-your-day-special/?noamp=mobile" "Mozilla/5.0 (Linux; Android 7.0;) AppleWebKit/537.36 (HTML, like Gecko) Mobile Safari/537.36 (compatible; PetalBot;+https://webmaster.petalsearch.com/site/petalbot)"
192.0.102.230 - - [27/Apr/2026:14:47:21 +0000] "HEAD / HTTP/1.1" 200 - "-" "jetmon/1.0 (Jetpack Site Uptime Monitor by WordPress.com)"
184.94.212.206 - - [27/Apr/2026:14:48:21 +0000] "POST /wp-cron.php?doing_wp_cron=1777301301.4110090732574462890625 HTTP/1.1" 200 - "-" "WordPress/6.9.4; https://weddingmonitor.com"
216.73.217.100 - - [27/Apr/2026:14:48:19 +0000] "GET /tag/makeup-artist/feed/ HTTP/1.1" 200 6158 "-" "Mozilla/5.0 AppleWebKit/537.36 (KHTML, like Gecko; compatible; ClaudeBot/1.0; +claudebot@anthropic.com)"
184.94.212.206 - - [27/Apr/2026:14:49:18 +0000] "POST /wp-cron.php?doing_wp_cron=1777301358.5049090385437011718750 HTTP/1.1" 200 - "-" "WordPress/6.9.4; https://weddingmonitor.com"
114.119.142.85 - - [27/Apr/2026:14:49:17 +0000] "GET /tips-to-get-the-wedding-you-have-always-wanted/?share=twitter HTTP/1.1" 302 - "https://weddingmonitor.com/tips-to-get-the-wedding-you-have-always-wanted/?noamp=mobile" "Mozilla/5.0 (Linux; Android 7.0;) AppleWebKit/537.36 (HTML, like Gecko) Mobile Safari/537.36 (compatible; PetalBot;+https://webmaster.petalsearch.com/site/petalbot)"
192.0.102.230 - - [27/Apr/2026:14:52:20 +0000] "HEAD / HTTP/1.1" 200 - "-" "jetmon/1.0 (Jetpack Site Uptime Monitor by WordPress.com)"
184.94.212.206 - - [27/Apr/2026:14:53:23 +0000] "POST /wp-cron.php?doing_wp_cron=1777301603.4104380607604980468750 HTTP/1.1" 200 - "-" "WordPress/6.9.4; https://weddingmonitor.com"
114.119.158.157 - - [27/Apr/2026:14:53:21 +0000] "GET /tag/wedding-vows/?amp HTTP/1.1" 200 15868 "https://weddingmonitor.com/tag/wedding-vows?amp" "Mozilla/5.0 (Linux; Android 7.0;) AppleWebKit/537.36 (HTML, like Gecko) Mobile Safari/537.36 (compatible; PetalBot;+https://webmaster.petalsearch.com/site/petalbot)"
43.156.202.34 - - [27/Apr/2026:14:53:41 +0000] "GET /tying-the-knot-soon-remember-these-wedding-planning-tips/ HTTP/1.1" 200 20563 "-" "Mozilla/5.0 (iPhone; CPU iPhone OS 13_2_3 like Mac OS X) AppleWebKit/605.1.15 (KHTML, like Gecko) Version/13.0.3 Mobile/15E148 Safari/604.1"
17.241.219.190 - - [27/Apr/2026:14:57:06 +0000] "GET /wp-content/uploads/2020/02/ricepaper_v3.png HTTP/1.1" 200 33222 "-" "Mozilla/5.0 (Macintosh; Intel Mac OS X 10_15_7) AppleWebKit/605.1.15 (KHTML, like Gecko) Version/17.4 Safari/605.1.15 (Applebot/0.1; +http://www.apple.com/go/applebot)"
192.0.102.230 - - [27/Apr/2026:14:57:22 +0000] "HEAD / HTTP/1.1" 200 - "-" "jetmon/1.0 (Jetpack Site Uptime Monitor by WordPress.com)"
184.94.212.206 - - [27/Apr/2026:14:57:24 +0000] "POST /wp-cron.php?doing_wp_cron=1777301844.6120569705963134765625 HTTP/1.1" 200 - "-" "WordPress/6.9.4; https://weddingmonitor.com"
114.119.147.0 - - [27/Apr/2026:14:57:23 +0000] "GET /tag/wedding-gown?amp HTTP/1.1" 301 - "https://weddingmonitor.com/tag/destination-wedding?amp" "Mozilla/5.0 (Linux; Android 7.0;) AppleWebKit/537.36 (HTML, like Gecko) Mobile Safari/537.36 (compatible; PetalBot;+https://webmaster.petalsearch.com/site/petalbot)"
114.119.147.0 - - [27/Apr/2026:14:57:24 +0000] "GET /tag/wedding-gown/?amp HTTP/1.1" 200 16375 "https://weddingmonitor.com/tag/destination-wedding?amp" "Mozilla/5.0 (Linux; Android 7.0;) AppleWebKit/537.36 (HTML, like Gecko) Mobile Safari/537.36 (compatible; PetalBot;+https://webmaster.petalsearch.com/site/petalbot)"
184.94.212.206 - - [27/Apr/2026:15:01:23 +0000] "POST /wp-cron.php?doing_wp_cron=1777302083.0624461174011230468750 HTTP/1.1" 200 - "-" "WordPress/6.9.4; https://weddingmonitor.com"
114.119.142.43 - - [27/Apr/2026:15:01:21 +0000] "GET /tag/bank-account/?amp HTTP/1.1" 200 15898 "https://weddingmonitor.com/tag/bank-account?amp" "Mozilla/5.0 (Linux; Android 7.0;) AppleWebKit/537.36 (HTML, like Gecko) Mobile Safari/537.36 (compatible; PetalBot;+https://webmaster.petalsearch.com/site/petalbot)"
192.0.102.230 - - [27/Apr/2026:15:02:20 +0000] "HEAD / HTTP/1.1" 200 - "-" "jetmon/1.0 (Jetpack Site Uptime Monitor by WordPress.com)"
184.94.212.206 - - [27/Apr/2026:15:05:11 +0000] "POST /wp-cron.php?doing_wp_cron=1777302311.1684288978576660156250 HTTP/1.1" 200 - "-" "WordPress/6.9.4; https://weddingmonitor.com"
114.119.133.120 - - [27/Apr/2026:15:05:09 +0000] "GET /privacy-policy/?noamp=mobile HTTP/1.1" 200 19425 "https://weddingmonitor.com/privacy-policy?noamp=mobile" "Mozilla/5.0 (Linux; Android 7.0;) AppleWebKit/537.36 (HTML, like Gecko) Mobile Safari/537.36 (compatible; PetalBot;+https://webmaster.petalsearch.com/site/petalbot)"
184.94.212.206 - - [27/Apr/2026:15:07:22 +0000] "POST /wp-cron.php?doing_wp_cron=1777302442.8599879741668701171875 HTTP/1.1" 200 - "-" "WordPress/6.9.4; https://weddingmonitor.com"
192.0.102.230 - - [27/Apr/2026:15:07:21 +0000] "HEAD / HTTP/1.1" 200 - "-" "jetmon/1.0 (Jetpack Site Uptime Monitor by WordPress.com)"
184.94.212.206 - - [27/Apr/2026:15:09:17 +0000] "POST /wp-cron.php?doing_wp_cron=1777302556.9793550968170166015625 HTTP/1.1" 200 - "-" "WordPress/6.9.4; https://weddingmonitor.com"
114.119.154.9 - - [27/Apr/2026:15:09:15 +0000] "GET /planning-a-wedding-read-this-great-advice/?share=x HTTP/1.1" 302 - "https://weddingmonitor.com/planning-a-wedding-read-this-great-advice?amp" "Mozilla/5.0 (Linux; Android 7.0;) AppleWebKit/537.36 (HTML, like Gecko) Mobile Safari/537.36 (compatible; PetalBot;+https://webmaster.petalsearch.com/site/petalbot)"
184.94.212.206 - - [27/Apr/2026:15:12:25 +0000] "POST /wp-cron.php?doing_wp_cron=1777302745.5217890739440917968750 HTTP/1.1" 200 - "-" "WordPress/6.9.4; https://weddingmonitor.com"
192.0.102.230 - - [27/Apr/2026:15:12:24 +0000] "HEAD / HTTP/1.1" 200 - "-" "jetmon/1.0 (Jetpack Site Uptime Monitor by WordPress.com)"
114.119.158.157 - - [27/Apr/2026:15:13:19 +0000] "GET /what-is-a-destination-wedding-and-how-to-plan-it/?share=facebook HTTP/1.1" 302 - "https://weddingmonitor.com/what-is-a-destination-wedding-and-how-to-plan-it/?amp" "Mozilla/5.0 (Linux; Android 7.0;) AppleWebKit/537.36 (HTML, like Gecko) Mobile Safari/537.36 (compatible; PetalBot;+https://webmaster.petalsearch.com/site/petalbot)"
192.0.102.230 - - [27/Apr/2026:15:17:25 +0000] "HEAD / HTTP/1.1" 200 - "-" "jetmon/1.0 (Jetpack Site Uptime Monitor by WordPress.com)"
114.119.141.4 - - [27/Apr/2026:15:17:46 +0000] "GET /wedding-ideas-to-help-plan-your-special-day/?share=facebook&amp HTTP/1.1" 302 - "https://weddingmonitor.com/wedding-ideas-to-help-plan-your-special-day?amp" "Mozilla/5.0 (Linux; Android 7.0;) AppleWebKit/537.36 (HTML, like Gecko) Mobile Safari/537.36 (compatible; PetalBot;+https://webmaster.petalsearch.com/site/petalbot)"
184.94.212.206 - - [27/Apr/2026:15:20:17 +0000] "POST /wp-cron.php?doing_wp_cron=1777303217.1551010608673095703125 HTTP/1.1" 200 - "-" "WordPress/6.9.4; https://weddingmonitor.com"
57.141.18.36 - - [27/Apr/2026:15:20:15 +0000] "GET /vendors/ HTTP/1.1" 200 62138 "-" "meta-externalagent/1.1 (+https://developers.facebook.com/docs/sharing/webmasters/crawler)"
184.94.212.206 - - [27/Apr/2026:15:21:49 +0000] "POST /wp-cron.php?doing_wp_cron=1777303309.8498909473419189453125 HTTP/1.1" 200 - "-" "WordPress/6.9.4; https://weddingmonitor.com"
114.119.145.212 - - [27/Apr/2026:15:21:48 +0000] "GET /useful-advice-to-hold-the-wedding-of-your-dreams HTTP/1.1" 301 - "https://weddingmonitor.com/useful-advice-to-hold-the-wedding-of-your-dreams" "Mozilla/5.0 (Linux; Android 7.0;) AppleWebKit/537.36 (HTML, like Gecko) Mobile Safari/537.36 (compatible; PetalBot;+https://webmaster.petalsearch.com/site/petalbot)"
114.119.145.212 - - [27/Apr/2026:15:21:50 +0000] "GET /useful-advice-to-hold-the-wedding-of-your-dreams/ HTTP/1.1" 200 20875 "https://weddingmonitor.com/useful-advice-to-hold-the-wedding-of-your-dreams" "Mozilla/5.0 (Linux; Android 7.0;) AppleWebKit/537.36 (HTML, like Gecko) Mobile Safari/537.36 (compatible; PetalBot;+https://webmaster.petalsearch.com/site/petalbot)"
184.94.212.206 - - [27/Apr/2026:15:22:24 +0000] "POST /wp-cron.php?doing_wp_cron=1777303344.7011690139770507812500 HTTP/1.1" 200 - "-" "WordPress/6.9.4; https://weddingmonitor.com"
192.0.102.230 - - [27/Apr/2026:15:22:23 +0000] "HEAD / HTTP/1.1" 200 - "-" "jetmon/1.0 (Jetpack Site Uptime Monitor by WordPress.com)"
184.94.212.206 - - [27/Apr/2026:15:25:34 +0000] "POST /wp-cron.php?doing_wp_cron=1777303534.7799079418182373046875 HTTP/1.1" 200 - "-" "WordPress/6.9.4; https://weddingmonitor.com"
114.119.142.43 - - [27/Apr/2026:15:25:33 +0000] "GET /page/5?noamp=mobile HTTP/1.1" 301 - "https://weddingmonitor.com/page/5?amp" "Mozilla/5.0 (Linux; Android 7.0;) AppleWebKit/537.36 (HTML, like Gecko) Mobile Safari/537.36 (compatible; PetalBot;+https://webmaster.petalsearch.com/site/petalbot)"
114.119.142.43 - - [27/Apr/2026:15:25:35 +0000] "GET /page/5/?noamp=mobile HTTP/1.1" 200 16492 "https://weddingmonitor.com/page/5?amp" "Mozilla/5.0 (Linux; Android 7.0;) AppleWebKit/537.36 (HTML, like Gecko) Mobile Safari/537.36 (compatible; PetalBot;+https://webmaster.petalsearch.com/site/petalbot)"
184.94.212.206 - - [27/Apr/2026:15:27:25 +0000] "POST /wp-cron.php?doing_wp_cron=1777303645.5044679641723632812500 HTTP/1.1" 200 - "-" "WordPress/6.9.4; https://weddingmonitor.com"
192.0.102.230 - - [27/Apr/2026:15:27:24 +0000] "HEAD / HTTP/1.1" 200 - "-" "jetmon/1.0 (Jetpack Site Uptime Monitor by WordPress.com)"
114.119.147.0 - - [27/Apr/2026:15:29:33 +0000] "GET /need-some-wedding-ideas-consider-these-tips?share=facebook HTTP/1.1" 302 - "https://weddingmonitor.com/need-some-wedding-ideas-consider-these-tips" "Mozilla/5.0 (Linux; Android 7.0;) AppleWebKit/537.36 (HTML, like Gecko) Mobile Safari/537.36 (compatible; PetalBot;+https://webmaster.petalsearch.com/site/petalbot)"
184.94.212.206 - - [27/Apr/2026:15:32:23 +0000] "POST /wp-cron.php?doing_wp_cron=1777303943.1974821090698242187500 HTTP/1.1" 200 - "-" "WordPress/6.9.4; https://weddingmonitor.com"
192.0.102.230 - - [27/Apr/2026:15:32:22 +0000] "HEAD / HTTP/1.1" 200 - "-" "jetmon/1.0 (Jetpack Site Uptime Monitor by WordPress.com)"
84.104.46.9 - - [27/Apr/2026:15:32:45 +0000] "GET /tag/getting-married/ HTTP/1.1" 200 16120 "-" "Mozilla/5.0 (Android 9; Mobile; rv:23.0) Gecko/23.0 Firefox/23.0"
104.210.140.130 - - [27/Apr/2026:15:32:51 +0000] "GET /robots.txt HTTP/1.1" 200 145 "-" "Mozilla/5.0 (Macintosh; Intel Mac OS X 10_15_7) AppleWebKit/537.36 (KHTML, like Gecko) Chrome/131.0.0.0 Safari/537.36; compatible; OAI-SearchBot/1.0; +https://openai.com/searchbot"
57.141.18.48 - - [27/Apr/2026:15:33:26 +0000] "GET /unsurpassed-wedding-tips-to-make-your-day-special/ HTTP/1.1" 200 82445 "-" "meta-externalagent/1.1 (+https://developers.facebook.com/docs/sharing/webmasters/crawler)"
114.119.158.157 - - [27/Apr/2026:15:33:27 +0000] "GET /make-your-wedding-planning-feel-less-of-a-chore?share=twitter&amp HTTP/1.1" 302 - "-" "Mozilla/5.0 (Linux; Android 7.0;) AppleWebKit/537.36 (HTML, like Gecko) Mobile Safari/537.36 (compatible; PetalBot;+https://webmaster.petalsearch.com/site/petalbot)"
184.94.212.206 - - [27/Apr/2026:15:37:28 +0000] "POST /wp-cron.php?doing_wp_cron=1777304248.8877160549163818359375 HTTP/1.1" 200 - "-" "WordPress/6.9.4; https://weddingmonitor.com"
192.0.102.230 - - [27/Apr/2026:15:37:27 +0000] "HEAD / HTTP/1.1" 200 - "-" "jetmon/1.0 (Jetpack Site Uptime Monitor by WordPress.com)"
114.119.142.85 - - [27/Apr/2026:15:37:37 +0000] "GET /keep-your-dream-wedding-from-turning-into-a-nightmare-with-these-simple-tips?noamp=mobile HTTP/1.1" 301 - "https://weddingmonitor.com/keep-your-dream-wedding-from-turning-into-a-nightmare-with-these-simple-tips?noamp=mobile" "Mozilla/5.0 (Linux; Android 7.0;) AppleWebKit/537.36 (HTML, like Gecko) Mobile Safari/537.36 (compatible; PetalBot;+https://webmaster.petalsearch.com/site/petalbot)"
114.119.142.85 - - [27/Apr/2026:15:37:38 +0000] "GET /keep-your-dream-wedding-from-turning-into-a-nightmare-with-these-simple-tips/?noamp=mobile HTTP/1.1" 200 21676 "https://weddingmonitor.com/keep-your-dream-wedding-from-turning-into-a-nightmare-with-these-simple-tips?noamp=mobile" "Mozilla/5.0 (Linux; Android 7.0;) AppleWebKit/537.36 (HTML, like Gecko) Mobile Safari/537.36 (compatible; PetalBot;+https://webmaster.petalsearch.com/site/petalbot)"
184.94.212.206 - - [27/Apr/2026:15:41:41 +0000] "POST /wp-cron.php?doing_wp_cron=1777304501.6479439735412597656250 HTTP/1.1" 200 - "-" "WordPress/6.9.4; https://weddingmonitor.com"
114.119.158.157 - - [27/Apr/2026:15:41:40 +0000] "GET /how-to-plan-for-your-wedding-on-a-tight-budget?share=x&amp HTTP/1.1" 302 - "https://weddingmonitor.com/how-to-plan-for-your-wedding-on-a-tight-budget?amp" "Mozilla/5.0 (Linux; Android 7.0;) AppleWebKit/537.36 (HTML, like Gecko) Mobile Safari/537.36 (compatible; PetalBot;+https://webmaster.petalsearch.com/site/petalbot)"
184.94.212.206 - - [27/Apr/2026:15:42:29 +0000] "POST /wp-cron.php?doing_wp_cron=1777304549.3457241058349609375000 HTTP/1.1" 200 - "-" "WordPress/6.9.4; https://weddingmonitor.com"
192.0.102.230 - - [27/Apr/2026:15:42:27 +0000] "HEAD / HTTP/1.1" 200 - "-" "jetmon/1.0 (Jetpack Site Uptime Monitor by WordPress.com)"
184.94.212.206 - - [27/Apr/2026:15:45:33 +0000] "POST /wp-cron.php?doing_wp_cron=1777304733.8927490711212158203125 HTTP/1.1" 200 - "-" "WordPress/6.9.4; https://weddingmonitor.com"
114.119.158.157 - - [27/Apr/2026:15:45:32 +0000] "GET /how-to-keep-things-running-smoothly-on-your-wedding-day?share=x&amp HTTP/1.1" 302 - "https://weddingmonitor.com/how-to-keep-things-running-smoothly-on-your-wedding-day?amp" "Mozilla/5.0 (Linux; Android 7.0;) AppleWebKit/537.36 (HTML, like Gecko) Mobile Safari/537.36 (compatible; PetalBot;+https://webmaster.petalsearch.com/site/petalbot)"
184.94.212.206 - - [27/Apr/2026:15:47:23 +0000] "POST /wp-cron.php?doing_wp_cron=1777304843.8911020755767822265625 HTTP/1.1" 200 - "-" "WordPress/6.9.4; https://weddingmonitor.com"
192.0.102.230 - - [27/Apr/2026:15:47:22 +0000] "HEAD / HTTP/1.1" 200 - "-" "jetmon/1.0 (Jetpack Site Uptime Monitor by WordPress.com)"
194.247.173.99 - - [27/Apr/2026:15:47:35 +0000] "GET /robots.txt HTTP/1.1" 200 276 "-" "Mozilla/5.0 (compatible; MJ12bot/v1.4.8; http://mj12bot.com/)"
194.247.173.99 - - [27/Apr/2026:15:47:38 +0000] "GET /author/h0tn1ch3s/ HTTP/1.1" 200 17310 "-" "Mozilla/5.0 (compatible; MJ12bot/v1.4.8; http://mj12bot.com/)"
184.94.212.206 - - [27/Apr/2026:15:49:34 +0000] "POST /wp-cron.php?doing_wp_cron=1777304974.5873548984527587890625 HTTP/1.1" 200 - "-" "WordPress/6.9.4; https://weddingmonitor.com"
114.119.147.0 - - [27/Apr/2026:15:49:33 +0000] "GET /how-to-create-a-wedding-you-will-love/?share=x&amp HTTP/1.1" 302 - "https://weddingmonitor.com/how-to-create-a-wedding-you-will-love?amp" "Mozilla/5.0 (Linux; Android 7.0;) AppleWebKit/537.36 (HTML, like Gecko) Mobile Safari/537.36 (compatible; PetalBot;+https://webmaster.petalsearch.com/site/petalbot)"
184.94.212.206 - - [27/Apr/2026:15:52:30 +0000] "POST /wp-cron.php?doing_wp_cron=1777305150.1643290519714355468750 HTTP/1.1" 200 - "-" "WordPress/6.9.4; https://weddingmonitor.com"
192.0.102.230 - - [27/Apr/2026:15:52:28 +0000] "HEAD / HTTP/1.1" 200 - "-" "jetmon/1.0 (Jetpack Site Uptime Monitor by WordPress.com)"
66.249.66.202 - - [27/Apr/2026:15:52:56 +0000] "GET /robots.txt HTTP/1.1" 200 145 "-" "Mozilla/5.0 (compatible; Googlebot/2.1; +http://www.google.com/bot.html)"
66.249.66.68 - - [27/Apr/2026:15:52:59 +0000] "GET /robots.txt HTTP/1.1" 200 145 "-" "Mozilla/5.0 (compatible; Googlebot/2.1; +http://www.google.com/bot.html)"
66.249.66.69 - - [27/Apr/2026:15:53:01 +0000] "GET /robots.txt HTTP/1.1" 200 145 "-" "Mozilla/5.0 (compatible; Googlebot/2.1; +http://www.google.com/bot.html)"
66.249.66.12 - - [27/Apr/2026:15:53:06 +0000] "GET /ads.txt HTTP/1.1" 200 58 "-" "Mozilla/5.0 (compatible; Googlebot/2.1; +http://www.google.com/bot.html)"
66.249.66.68 - - [27/Apr/2026:15:53:10 +0000] "GET /ads.txt HTTP/1.1" 200 58 "-" "Mozilla/5.0 (compatible; Googlebot/2.1; +http://www.google.com/bot.html)"
66.249.66.68 - - [27/Apr/2026:15:53:12 +0000] "GET /ads.txt HTTP/1.1" 200 58 "-" "Mozilla/5.0 (compatible; Googlebot/2.1; +http://www.google.com/bot.html)"
114.119.142.43 - - [27/Apr/2026:15:53:28 +0000] "GET /great-weddings-start-with-great-plans-use-this-advice-for-your-own?share=x HTTP/1.1" 302 - "https://weddingmonitor.com/great-weddings-start-with-great-plans-use-this-advice-for-your-own?noamp=mobile" "Mozilla/5.0 (Linux; Android 7.0;) AppleWebKit/537.36 (HTML, like Gecko) Mobile Safari/537.36 (compatible; PetalBot;+https://webmaster.petalsearch.com/site/petalbot)"
14.255.85.73 - - [27/Apr/2026:15:54:48 +0000] "GET /how-to-create-a-wedding-you-will-love/ HTTP/1.1" 200 20399 "-" "Mozilla/5.0 (Android 4.4.2; Mobile; rv:33.0) Gecko/33.0 Firefox/33.0"
184.94.212.206 - - [27/Apr/2026:15:57:22 +0000] "POST /wp-cron.php?doing_wp_cron=1777305442.1621379852294921875000 HTTP/1.1" 200 - "-" "WordPress/6.9.4; https://weddingmonitor.com"
192.0.102.230 - - [27/Apr/2026:15:57:20 +0000] "HEAD / HTTP/1.1" 200 - "-" "jetmon/1.0 (Jetpack Site Uptime Monitor by WordPress.com)"
114.119.154.9 - - [27/Apr/2026:15:57:26 +0000] "GET /great-weddings-start-with-great-plans-use-this-advice-for-your-own/?share=x&amp HTTP/1.1" 302 - "https://weddingmonitor.com/great-weddings-start-with-great-plans-use-this-advice-for-your-own/?amp" "Mozilla/5.0 (Linux; Android 7.0;) AppleWebKit/537.36 (HTML, like Gecko) Mobile Safari/537.36 (compatible; PetalBot;+https://webmaster.petalsearch.com/site/petalbot)"
66.249.66.13 - - [27/Apr/2026:15:58:51 +0000] "GET /ads.txt HTTP/1.1" 304 - "-" "Google-adstxt"
114.119.142.85 - - [27/Apr/2026:16:01:33 +0000] "GET /great-ideas-to-help-make-your-wedding-day-perfect/?amp HTTP/1.1" 200 21047 "https://weddingmonitor.com/great-ideas-to-help-make-your-wedding-day-perfect/?amp" "Mozilla/5.0 (Linux; Android 7.0;) AppleWebKit/537.36 (HTML, like Gecko) Mobile Safari/537.36 (compatible; PetalBot;+https://webmaster.petalsearch.com/site/petalbot)"
184.94.212.206 - - [27/Apr/2026:16:02:26 +0000] "POST /wp-cron.php?doing_wp_cron=1777305746.1632020473480224609375 HTTP/1.1" 200 - "-" "WordPress/6.9.4; https://weddingmonitor.com"
192.0.102.230 - - [27/Apr/2026:16:02:24 +0000] "HEAD / HTTP/1.1" 200 - "-" "jetmon/1.0 (Jetpack Site Uptime Monitor by WordPress.com)"
184.94.212.206 - - [27/Apr/2026:16:05:22 +0000] "POST /wp-cron.php?doing_wp_cron=1777305922.0281949043273925781250 HTTP/1.1" 200 - "-" "WordPress/6.9.4; https://weddingmonitor.com"
114.119.147.0 - - [27/Apr/2026:16:05:20 +0000] "GET /ftc-statement/ HTTP/1.1" 200 17509 "https://weddingmonitor.com/ftc-statement/" "Mozilla/5.0 (Linux; Android 7.0;) AppleWebKit/537.36 (HTML, like Gecko) Mobile Safari/537.36 (compatible; PetalBot;+https://webmaster.petalsearch.com/site/petalbot)"
184.94.212.206 - - [27/Apr/2026:16:07:23 +0000] "POST /wp-cron.php?doing_wp_cron=1777306043.5556509494781494140625 HTTP/1.1" 200 - "-" "WordPress/6.9.4; https://weddingmonitor.com"
192.0.102.230 - - [27/Apr/2026:16:07:22 +0000] "HEAD / HTTP/1.1" 200 - "-" "jetmon/1.0 (Jetpack Site Uptime Monitor by WordPress.com)"
114.119.147.0 - - [27/Apr/2026:16:09:25 +0000] "GET /engaged-to-be-married-tips-to-help-with-the-planning-process?share=twitter HTTP/1.1" 302 - "-" "Mozilla/5.0 (Linux; Android 7.0;) AppleWebKit/537.36 (HTML, like Gecko) Mobile Safari/537.36 (compatible; PetalBot;+https://webmaster.petalsearch.com/site/petalbot)"
184.94.212.206 - - [27/Apr/2026:16:11:53 +0000] "POST /wp-cron.php?doing_wp_cron=1777306313.6301240921020507812500 HTTP/1.1" 200 - "-" "WordPress/6.9.4; https://weddingmonitor.com"
57.141.18.28 - - [27/Apr/2026:16:11:52 +0000] "GET /common-wedding-catering-mistakes-to-avoid/ HTTP/1.1" 200 91385 "-" "meta-externalagent/1.1 (+https://developers.facebook.com/docs/sharing/webmasters/crawler)"
184.94.212.206 - - [27/Apr/2026:16:12:21 +0000] "POST /wp-cron.php?doing_wp_cron=1777306341.6262331008911132812500 HTTP/1.1" 200 - "-" "WordPress/6.9.4; https://weddingmonitor.com"
192.0.102.230 - - [27/Apr/2026:16:12:20 +0000] "HEAD / HTTP/1.1" 200 - "-" "jetmon/1.0 (Jetpack Site Uptime Monitor by WordPress.com)"
114.119.154.9 - - [27/Apr/2026:16:13:44 +0000] "GET /effective-techniques-for-planning-a-wedding/?share=facebook HTTP/1.1" 302 - "https://weddingmonitor.com/effective-techniques-for-planning-a-wedding/?amp" "Mozilla/5.0 (Linux; Android 7.0;) AppleWebKit/537.36 (HTML, like Gecko) Mobile Safari/537.36 (compatible; PetalBot;+https://webmaster.petalsearch.com/site/petalbot)"
42.81.251.106 - - [27/Apr/2026:16:14:06 +0000] "GET /your-wedding-help-is-here-with-these-tips/ HTTP/1.1" 200 21672 "-" "Mozilla/5.0 (Macintosh; Intel Mac OS X 10_15_7) AppleWebKit/537.36 (KHTML, like Gecko) Chrome/140.0.0.0 newsai/1.0 Safari/537.36"
184.94.212.206 - - [27/Apr/2026:16:17:25 +0000] "POST /wp-cron.php?doing_wp_cron=1777306645.9162659645080566406250 HTTP/1.1" 200 - "-" "WordPress/6.9.4; https://weddingmonitor.com"
192.0.102.230 - - [27/Apr/2026:16:17:24 +0000] "HEAD / HTTP/1.1" 200 - "-" "jetmon/1.0 (Jetpack Site Uptime Monitor by WordPress.com)"
114.119.145.212 - - [27/Apr/2026:16:17:41 +0000] "GET /creating-a-day-to-remember-tips-for-your-beautiful-wedding/?share=twitter&amp HTTP/1.1" 302 - "https://weddingmonitor.com/creating-a-day-to-remember-tips-for-your-beautiful-wedding/?share=twitter&noamp=mobile" "Mozilla/5.0 (Linux; Android 7.0;) AppleWebKit/537.36 (HTML, like Gecko) Mobile Safari/537.36 (compatible; PetalBot;+https://webmaster.petalsearch.com/site/petalbot)"
184.94.212.206 - - [27/Apr/2026:16:20:59 +0000] "POST /wp-cron.php?doing_wp_cron=1777306859.8199129104614257812500 HTTP/1.1" 200 - "-" "WordPress/6.9.4; https://weddingmonitor.com"
14.227.162.11 - - [27/Apr/2026:16:20:58 +0000] "GET /anti-spam-policy/?share=x HTTP/1.1" 302 - "-" "Mozilla/5.0 (Windows NT 10.0; Win64; x64) AppleWebKit/537.36 (KHTML, like Gecko) Chrome/100.0.4896.75 Safari/537.36"
184.94.212.206 - - [27/Apr/2026:16:21:55 +0000] "POST /wp-cron.php?doing_wp_cron=1777306915.2492320537567138671875 HTTP/1.1" 200 - "-" "WordPress/6.9.4; https://weddingmonitor.com"
114.119.158.157 - - [27/Apr/2026:16:21:54 +0000] "GET /common-wedding-catering-mistakes-to-avoid HTTP/1.1" 301 - "https://weddingmonitor.com/2020/02?noamp=mobile" "Mozilla/5.0 (Linux; Android 7.0;) AppleWebKit/537.36 (HTML, like Gecko) Mobile Safari/537.36 (compatible; PetalBot;+https://webmaster.petalsearch.com/site/petalbot)"
114.119.158.157 - - [27/Apr/2026:16:21:55 +0000] "GET /common-wedding-catering-mistakes-to-avoid/ HTTP/1.1" 200 22719 "https://weddingmonitor.com/2020/02?noamp=mobile" "Mozilla/5.0 (Linux; Android 7.0;) AppleWebKit/537.36 (HTML, like Gecko) Mobile Safari/537.36 (compatible; PetalBot;+https://webmaster.petalsearch.com/site/petalbot)"
184.94.212.206 - - [27/Apr/2026:16:22:22 +0000] "POST /wp-cron.php?doing_wp_cron=1777306942.6041669845581054687500 HTTP/1.1" 200 - "-" "WordPress/6.9.4; https://weddingmonitor.com"
192.0.102.230 - - [27/Apr/2026:16:22:21 +0000] "HEAD / HTTP/1.1" 200 - "-" "jetmon/1.0 (Jetpack Site Uptime Monitor by WordPress.com)"
184.94.212.206 - - [27/Apr/2026:16:26:34 +0000] "POST /wp-cron.php?doing_wp_cron=1777307194.9785261154174804687500 HTTP/1.1" 200 - "-" "WordPress/6.9.4; https://weddingmonitor.com"
114.119.141.4 - - [27/Apr/2026:16:26:33 +0000] "GET /category/planning-tips/page/6/ HTTP/1.1" 200 16903 "https://weddingmonitor.com/category/planning-tips/page/6/" "Mozilla/5.0 (Linux; Android 7.0;) AppleWebKit/537.36 (HTML, like Gecko) Mobile Safari/537.36 (compatible; PetalBot;+https://webmaster.petalsearch.com/site/petalbot)"
184.94.212.206 - - [27/Apr/2026:16:27:23 +0000] "POST /wp-cron.php?doing_wp_cron=1777307243.4506089687347412109375 HTTP/1.1" 200 - "-" "WordPress/6.9.4; https://weddingmonitor.com"
192.0.102.230 - - [27/Apr/2026:16:27:21 +0000] "HEAD / HTTP/1.1" 200 - "-" "jetmon/1.0 (Jetpack Site Uptime Monitor by WordPress.com)"
103.179.11.227 - - [27/Apr/2026:16:29:34 +0000] "GET /tag/makeup-artist/ HTTP/1.1" 200 16469 "-" "Opera/8.10.(Windows NT 5.1; ca-AD) Presto/2.9.172 Version/10.00"
114.119.141.4 - - [27/Apr/2026:16:30:30 +0000] "GET /category/planning-tips/page/5 HTTP/1.1" 503 428 "-" "Mozilla/5.0 (Linux; Android 7.0;) AppleWebKit/537.36 (HTML, like Gecko) Mobile Safari/537.36 (compatible; PetalBot;+https://webmaster.petalsearch.com/site/petalbot)"
184.94.212.206 - - [27/Apr/2026:16:32:22 +0000] "POST /wp-cron.php?doing_wp_cron=1777307542.6758849620819091796875 HTTP/1.1" 200 - "-" "WordPress/6.9.4; https://weddingmonitor.com"
192.0.102.230 - - [27/Apr/2026:16:32:20 +0000] "HEAD / HTTP/1.1" 200 - "-" "jetmon/1.0 (Jetpack Site Uptime Monitor by WordPress.com)"
114.119.154.9 - - [27/Apr/2026:16:34:20 +0000] "GET /category/planning-tips/page/10?amp HTTP/1.1" 301 - "https://weddingmonitor.com/category/planning-tips/page/10?noamp=mobile" "Mozilla/5.0 (Linux; Android 7.0;) AppleWebKit/537.36 (HTML, like Gecko) Mobile Safari/537.36 (compatible; PetalBot;+https://webmaster.petalsearch.com/site/petalbot)"
114.119.154.9 - - [27/Apr/2026:16:34:22 +0000] "GET /category/planning-tips/page/10/?amp HTTP/1.1" 200 19590 "https://weddingmonitor.com/category/planning-tips/page/10?noamp=mobile" "Mozilla/5.0 (Linux; Android 7.0;) AppleWebKit/537.36 (HTML, like Gecko) Mobile Safari/537.36 (compatible; PetalBot;+https://webmaster.petalsearch.com/site/petalbot)"
184.94.212.206 - - [27/Apr/2026:16:37:24 +0000] "POST /wp-cron.php?doing_wp_cron=1777307844.0828969478607177734375 HTTP/1.1" 200 - "-" "WordPress/6.9.4; https://weddingmonitor.com"
192.0.102.230 - - [27/Apr/2026:16:37:22 +0000] "HEAD / HTTP/1.1" 200 - "-" "jetmon/1.0 (Jetpack Site Uptime Monitor by WordPress.com)"
114.119.147.0 - - [27/Apr/2026:16:38:20 +0000] "GET /category/planning-tips HTTP/1.1" 301 - "https://weddingmonitor.com/category/planning-tips/page/3" "Mozilla/5.0 (Linux; Android 7.0;) AppleWebKit/537.36 (HTML, like Gecko) Mobile Safari/537.36 (compatible; PetalBot;+https://webmaster.petalsearch.com/site/petalbot)"
114.119.147.0 - - [27/Apr/2026:16:38:21 +0000] "GET /category/planning-tips/ HTTP/1.1" 200 16812 "https://weddingmonitor.com/category/planning-tips/page/3" "Mozilla/5.0 (Linux; Android 7.0;) AppleWebKit/537.36 (HTML, like Gecko) Mobile Safari/537.36 (compatible; PetalBot;+https://webmaster.petalsearch.com/site/petalbot)"
216.73.217.100 - - [27/Apr/2026:16:38:36 +0000] "GET /robots.txt HTTP/1.1" 200 145 "-" "Mozilla/5.0 AppleWebKit/537.36 (KHTML, like Gecko; compatible; ClaudeBot/1.0; +claudebot@anthropic.com)"
216.73.217.100 - - [27/Apr/2026:16:38:37 +0000] "GET /news-sitemap.xml HTTP/1.1" 200 310 "-" "Mozilla/5.0 AppleWebKit/537.36 (KHTML, like Gecko; compatible; ClaudeBot/1.0; +claudebot@anthropic.com)"
184.94.212.206 - - [27/Apr/2026:16:41:23 +0000] "POST /wp-cron.php?doing_wp_cron=1777308083.4111258983612060546875 HTTP/1.1" 200 - "-" "WordPress/6.9.4; https://weddingmonitor.com"
216.73.217.100 - - [27/Apr/2026:16:41:21 +0000] "GET /sitemap.xml HTTP/1.1" 200 300 "-" "Mozilla/5.0 AppleWebKit/537.36 (KHTML, like Gecko; compatible; ClaudeBot/1.0; +claudebot@anthropic.com)"
184.94.212.206 - - [27/Apr/2026:16:42:20 +0000] "POST /wp-cron.php?doing_wp_cron=1777308140.5189080238342285156250 HTTP/1.1" 200 - "-" "WordPress/6.9.4; https://weddingmonitor.com"
114.119.147.0 - - [27/Apr/2026:16:42:18 +0000] "GET /category/destination-wedding/?noamp=mobile HTTP/1.1" 200 19605 "https://weddingmonitor.com/category/destination-wedding/?noamp=mobile" "Mozilla/5.0 (Linux; Android 7.0;) AppleWebKit/537.36 (HTML, like Gecko) Mobile Safari/537.36 (compatible; PetalBot;+https://webmaster.petalsearch.com/site/petalbot)"
192.0.102.230 - - [27/Apr/2026:16:42:25 +0000] "HEAD / HTTP/1.1" 200 - "-" "jetmon/1.0 (Jetpack Site Uptime Monitor by WordPress.com)"
41.98.223.235 - - [27/Apr/2026:16:43:13 +0000] "GET /sitemap-1.xml HTTP/1.1" 200 1523 "-" "Mozilla/5.0 (Macintosh; Intel Mac OS X 14.1; rv:127.0) Gecko/20100101 Firefox/127.0"
184.94.212.206 - - [27/Apr/2026:16:46:33 +0000] "POST /wp-cron.php?doing_wp_cron=1777308393.1418960094451904296875 HTTP/1.1" 200 - "-" "WordPress/6.9.4; https://weddingmonitor.com"
114.119.145.212 - - [27/Apr/2026:16:46:31 +0000] "GET /author/h0tn1ch3s/page/4/?noamp=mobile HTTP/1.1" 200 16939 "https://weddingmonitor.com/author/h0tn1ch3s/page/5?noamp=mobile" "Mozilla/5.0 (Linux; Android 7.0;) AppleWebKit/537.36 (HTML, like Gecko) Mobile Safari/537.36 (compatible; PetalBot;+https://webmaster.petalsearch.com/site/petalbot)"
184.94.212.206 - - [27/Apr/2026:16:47:24 +0000] "POST /wp-cron.php?doing_wp_cron=1777308444.5059070587158203125000 HTTP/1.1" 200 - "-" "WordPress/6.9.4; https://weddingmonitor.com"
192.0.102.230 - - [27/Apr/2026:16:47:23 +0000] "HEAD / HTTP/1.1" 200 - "-" "jetmon/1.0 (Jetpack Site Uptime Monitor by WordPress.com)"
184.94.212.206 - - [27/Apr/2026:16:50:30 +0000] "POST /wp-cron.php?doing_wp_cron=1777308630.7407400608062744140625 HTTP/1.1" 200 - "-" "WordPress/6.9.4; https://weddingmonitor.com"
114.119.138.179 - - [27/Apr/2026:16:50:29 +0000] "GET /robots.txt HTTP/1.1" 200 145 "-" "Mozilla/5.0 (compatible;PetalBot;+https://webmaster.petalsearch.com/site/petalbot)"
114.119.158.157 - - [27/Apr/2026:16:50:38 +0000] "GET /author/h0tn1ch3s/page/11/?amp HTTP/1.1" 200 20287 "https://weddingmonitor.com/author/h0tn1ch3s/page/11/?amp" "Mozilla/5.0 (Linux; Android 7.0;) AppleWebKit/537.36 (HTML, like Gecko) Mobile Safari/537.36 (compatible; PetalBot;+https://webmaster.petalsearch.com/site/petalbot)"
184.94.212.206 - - [27/Apr/2026:16:52:22 +0000] "POST /wp-cron.php?doing_wp_cron=1777308742.0286209583282470703125 HTTP/1.1" 200 - "-" "WordPress/6.9.4; https://weddingmonitor.com"
192.0.102.230 - - [27/Apr/2026:16:52:20 +0000] "HEAD / HTTP/1.1" 200 - "-" "jetmon/1.0 (Jetpack Site Uptime Monitor by WordPress.com)"
129.222.65.59 - - [27/Apr/2026:16:53:07 +0000] "GET /tag/wedding-budget/ HTTP/1.1" 200 16247 "-" "Mozilla/5.0 (Windows NT 6.1; WOW64) AppleWebKit/537.36 (KHTML, like Gecko) Chrome/87.0.4280.141 Safari/537.36"
114.119.141.4 - - [27/Apr/2026:16:54:24 +0000] "GET /author/h0tn1ch3s/page/10?noamp=mobile HTTP/1.1" 301 - "https://weddingmonitor.com/author/h0tn1ch3s/page/10?amp" "Mozilla/5.0 (Linux; Android 7.0;) AppleWebKit/537.36 (HTML, like Gecko) Mobile Safari/537.36 (compatible; PetalBot;+https://webmaster.petalsearch.com/site/petalbot)"
114.119.141.4 - - [27/Apr/2026:16:54:25 +0000] "GET /author/h0tn1ch3s/page/10/?noamp=mobile HTTP/1.1" 200 20296 "https://weddingmonitor.com/author/h0tn1ch3s/page/10?amp" "Mozilla/5.0 (Linux; Android 7.0;) AppleWebKit/537.36 (HTML, like Gecko) Mobile Safari/537.36 (compatible; PetalBot;+https://webmaster.petalsearch.com/site/petalbot)"
66.249.66.67 - - [27/Apr/2026:16:54:48 +0000] "GET /robots.txt HTTP/1.1" 200 145 "-" "Mozilla/5.0 (compatible; Googlebot/2.1; +http://www.google.com/bot.html)"
66.249.66.67 - - [27/Apr/2026:16:54:49 +0000] "GET /ads.txt HTTP/1.1" 200 58 "-" "Mozilla/5.0 (compatible; Googlebot/2.1; +http://www.google.com/bot.html)"
184.94.212.206 - - [27/Apr/2026:16:55:24 +0000] "POST /wp-cron.php?doing_wp_cron=1777308924.3479139804840087890625 HTTP/1.1" 200 - "-" "WordPress/6.9.4; https://weddingmonitor.com"
113.176.73.223 - - [27/Apr/2026:16:55:23 +0000] "GET /tips-to-get-the-wedding-you-have-always-wanted/ HTTP/1.1" 200 20573 "-" "Mozilla/5.0 (Macintosh; Intel Mac OS X 10_15_4) AppleWebKit/537.36 (KHTML, like Gecko) Brave Chrome/84.0.4147.89 Safari/537.36"
184.94.212.206 - - [27/Apr/2026:16:56:59 +0000] "POST /wp-cron.php?doing_wp_cron=1777309019.4287099838256835937500 HTTP/1.1" 200 - "-" "WordPress/6.9.4; https://weddingmonitor.com"
66.249.66.14 - - [27/Apr/2026:16:56:57 +0000] "GET /post-sitemap.xml HTTP/1.1" 200 2055 "-" "Mozilla/5.0 (compatible; Googlebot/2.1; +http://www.google.com/bot.html)"
184.94.212.206 - - [27/Apr/2026:16:57:24 +0000] "POST /wp-cron.php?doing_wp_cron=1777309044.5847840309143066406250 HTTP/1.1" 200 - "-" "WordPress/6.9.4; https://weddingmonitor.com"
192.0.102.230 - - [27/Apr/2026:16:57:23 +0000] "HEAD / HTTP/1.1" 200 - "-" "jetmon/1.0 (Jetpack Site Uptime Monitor by WordPress.com)"
114.119.142.43 - - [27/Apr/2026:16:58:35 +0000] "GET /author/h0tn1ch3s/page/10/?noamp=mobile HTTP/1.1" 200 20296 "https://weddingmonitor.com/author/h0tn1ch3s/page/10/?noamp=mobile" "Mozilla/5.0 (Linux; Android 7.0;) AppleWebKit/537.36 (HTML, like Gecko) Mobile Safari/537.36 (compatible; PetalBot;+https://webmaster.petalsearch.com/site/petalbot)"
184.94.212.206 - - [27/Apr/2026:17:02:24 +0000] "POST /wp-cron.php?doing_wp_cron=1777309344.0504109859466552734375 HTTP/1.1" 200 - "-" "WordPress/6.9.4; https://weddingmonitor.com"
192.0.102.230 - - [27/Apr/2026:17:02:22 +0000] "HEAD / HTTP/1.1" 200 - "-" "jetmon/1.0 (Jetpack Site Uptime Monitor by WordPress.com)"
114.119.133.120 - - [27/Apr/2026:17:02:31 +0000] "GET /any-wedding-can-go-smoothly-with-these-tips?share=x HTTP/1.1" 302 - "https://weddingmonitor.com/any-wedding-can-go-smoothly-with-these-tips" "Mozilla/5.0 (Linux; Android 7.0;) AppleWebKit/537.36 (HTML, like Gecko) Mobile Safari/537.36 (compatible; PetalBot;+https://webmaster.petalsearch.com/site/petalbot)"
184.94.212.206 - - [27/Apr/2026:17:06:20 +0000] "POST /wp-cron.php?doing_wp_cron=1777309580.3124148845672607421875 HTTP/1.1" 200 - "-" "WordPress/6.9.4; https://weddingmonitor.com"
114.119.147.0 - - [27/Apr/2026:17:06:18 +0000] "GET /any-wedding-can-go-smoothly-with-these-tips?share=facebook HTTP/1.1" 302 - "https://weddingmonitor.com/any-wedding-can-go-smoothly-with-these-tips" "Mozilla/5.0 (Linux; Android 7.0;) AppleWebKit/537.36 (HTML, like Gecko) Mobile Safari/537.36 (compatible; PetalBot;+https://webmaster.petalsearch.com/site/petalbot)"
184.94.212.206 - - [27/Apr/2026:17:07:22 +0000] "POST /wp-cron.php?doing_wp_cron=1777309642.2850620746612548828125 HTTP/1.1" 200 - "-" "WordPress/6.9.4; https://weddingmonitor.com"
192.0.102.230 - - [27/Apr/2026:17:07:21 +0000] "HEAD / HTTP/1.1" 200 - "-" "jetmon/1.0 (Jetpack Site Uptime Monitor by WordPress.com)"
184.94.212.206 - - [27/Apr/2026:17:10:17 +0000] "POST /wp-cron.php?doing_wp_cron=1777309817.8944339752197265625000 HTTP/1.1" 200 - "-" "WordPress/6.9.4; https://weddingmonitor.com"
114.119.142.85 - - [27/Apr/2026:17:10:16 +0000] "GET /any-wedding-can-go-smoothly-with-these-tips?amp HTTP/1.1" 301 - "https://weddingmonitor.com/any-wedding-can-go-smoothly-with-these-tips?amp" "Mozilla/5.0 (Linux; Android 7.0;) AppleWebKit/537.36 (HTML, like Gecko) Mobile Safari/537.36 (compatible; PetalBot;+https://webmaster.petalsearch.com/site/petalbot)"
