184.94.212.206 - - [28/Apr/2026:01:27:23 +0000] "POST /wp-cron.php?doing_wp_cron=1777339643.0429999828338623046875 HTTP/1.1" 200 - "-" "WordPress/6.9.4; https://weddingmonitor.com"
192.0.102.230 - - [28/Apr/2026:01:27:21 +0000] "HEAD / HTTP/1.1" 200 - "-" "jetmon/1.0 (Jetpack Site Uptime Monitor by WordPress.com)"
77.75.76.169 - - [28/Apr/2026:01:28:04 +0000] "GET /tag/makeup-artist/ HTTP/1.1" 200 16473 "-" "Mozilla/5.0 (compatible; SeznamBot/4.0; +https://o-seznam.cz/napoveda/vyhledavani/en/seznambot-crawler/)"
184.94.212.206 - - [28/Apr/2026:01:32:20 +0000] "POST /wp-cron.php?doing_wp_cron=1777339940.0027260780334472656250 HTTP/1.1" 200 - "-" "WordPress/6.9.4; https://weddingmonitor.com"
192.0.102.230 - - [28/Apr/2026:01:32:18 +0000] "HEAD / HTTP/1.1" 200 - "-" "jetmon/1.0 (Jetpack Site Uptime Monitor by WordPress.com)"
184.94.212.206 - - [28/Apr/2026:01:36:26 +0000] "POST /wp-cron.php?doing_wp_cron=1777340186.6409339904785156250000 HTTP/1.1" 200 - "-" "WordPress/6.9.4; https://weddingmonitor.com"
173.239.240.33 - - [28/Apr/2026:01:36:24 +0000] "POST /wp-login.php HTTP/1.1" 401 3453 "-" "Mozilla/5.0"
184.94.212.206 - - [28/Apr/2026:01:37:20 +0000] "POST /wp-cron.php?doing_wp_cron=1777340240.5135049819946289062500 HTTP/1.1" 200 - "-" "WordPress/6.9.4; https://weddingmonitor.com"
192.0.102.230 - - [28/Apr/2026:01:37:19 +0000] "HEAD / HTTP/1.1" 200 - "-" "jetmon/1.0 (Jetpack Site Uptime Monitor by WordPress.com)"
131.222.213.34 - - [28/Apr/2026:01:38:26 +0000] "GET / HTTP/1.1" 200 17029 "-" "Mozilla/5.0 (iPhone; CPU iPhone OS 18_0 like Mac OS X) AppleWebKit/605.1.15 (KHTML, like Gecko) Version/18.0 Mobile/15E148 Safari/604.1"
131.222.213.34 - - [28/Apr/2026:01:38:29 +0000] "GET /wp-content/plugins/ninja-forms-uploads/readme.txt HTTP/1.1" 404 14913 "-" "Mozilla/5.0 (Windows NT 10.0; Win64; x64) AppleWebKit/537.36 (KHTML, like Gecko) Chrome/104.0.0.0 Safari/537.36"
131.222.213.34 - - [28/Apr/2026:01:38:33 +0000] "GET /wp-content/plugins/advanced-custom-post-type/changelog.md HTTP/1.1" 404 14920 "-" "Mozilla/5.0 (Linux; Android 12; Pixel 6) AppleWebKit/537.36 (KHTML, like Gecko) Chrome/99.0.4844.58 Mobile Safari/537.36"
131.222.213.34 - - [28/Apr/2026:01:38:37 +0000] "GET /wp-content/plugins/payment-gateway-pix-for-woocommerce/README.txt HTTP/1.1" 404 14930 "-" "Mozilla/5.0 (Linux; Android 12; Pixel 6) AppleWebKit/537.36 (KHTML, like Gecko) Chrome/99.0.4844.58 Mobile Safari/537.36"
131.222.213.34 - - [28/Apr/2026:01:38:40 +0000] "GET / HTTP/1.1" 200 17029 "-" "Mozilla/5.0 (Windows NT 10.0; Win64; x64) AppleWebKit/537.36 (KHTML, like Gecko) Chrome/107.0.0.0 Safari/537.36"
131.222.213.34 - - [28/Apr/2026:01:38:44 +0000] "GET /wp-content/plugins/datalogics/README.txt HTTP/1.1" 404 14912 "-" "Mozilla/5.0 (Linux; Android 10; K) AppleWebKit/537.36 (KHTML, like Gecko) Chrome/131.0.0.0 Mobile Safari/537.36"
131.222.213.34 - - [28/Apr/2026:01:38:49 +0000] "GET / HTTP/1.1" 200 17029 "-" "Mozilla/5.0 (Windows NT 10.0; Win64; x64) AppleWebKit/537.36 (KHTML, like Gecko) Chrome/101.0.4951.64 Safari/537.36 Edg/101.0.1210.47"
131.222.213.34 - - [28/Apr/2026:01:38:51 +0000] "GET /wp-content/wp-content/themes/truelysell/style.css HTTP/1.1" 404 14911 "-" "Mozilla/5.0 (Macintosh; Intel Mac OS X 10_15_7) AppleWebKit/537.36 (KHTML, like Gecko) Chrome/131.0.0.0 Safari/537.36"
131.222.213.34 - - [28/Apr/2026:01:38:55 +0000] "GET /wp-content/plugins/woocommerce-wholesale-lead-capture/css/WWLCCustomFieldsControl.css HTTP/1.1" 404 14942 "-" "Mozilla/5.0 (Macintosh; Intel Mac OS X 10_15_7) AppleWebKit/537.36 (KHTML, like Gecko) Chrome/133.0.0.0 Safari/537.36"
131.222.213.34 - - [28/Apr/2026:01:39:02 +0000] "GET /wp-content/plugins/wedesigntech-ultimate-booking-addon/changelog.txt HTTP/1.1" 404 14927 "-" "Mozilla/5.0 (Macintosh; Intel Mac OS X 10_15_7) AppleWebKit/537.36 (KHTML, like Gecko) Chrome/131.0.0.0 Safari/537.36"
14.164.146.137 - - [28/Apr/2026:01:39:04 +0000] "GET /what-is-the-average-cost-of-wedding-flowers/?share=facebook HTTP/1.1" 302 - "-" "Mozilla/5.0 (Windows NT 10.0; Win64; x64) AppleWebKit/537.36 (KHTML, like Gecko) Chrome/101.0.4951.67 Safari/537.36"
131.222.213.34 - - [28/Apr/2026:01:39:07 +0000] "GET /wp-content/plugins/s2member/readme.txt HTTP/1.1" 404 14907 "-" "Mozilla/5.0 (Linux; Android 10; K) AppleWebKit/537.36 (KHTML, like Gecko) Chrome/131.0.0.0 Mobile Safari/537.36"
131.222.213.34 - - [28/Apr/2026:01:39:12 +0000] "GET /wp-content/plugins/kalrav-ai-agent/readme.txt HTTP/1.1" 404 14913 "-" "Mozilla/5.0 (Macintosh; Intel Mac OS X 10_15_7) AppleWebKit/537.36 (KHTML, like Gecko) Chrome/131.0.0.0 Safari/537.36"
131.222.213.34 - - [28/Apr/2026:01:39:16 +0000] "GET /wp-content/plugins/wpvivid-backuprestore/readme.txt HTTP/1.1" 404 14915 "-" "Mozilla/5.0 (Linux; Android 10; K) AppleWebKit/537.36 (KHTML, like Gecko) Chrome/131.0.0.0 Mobile Safari/537.36"
131.222.213.34 - - [28/Apr/2026:01:39:19 +0000] "GET /wp-content/plugins/cimy-user-extra-fields/readme.txt HTTP/1.1" 404 14914 "-" "Mozilla/5.0 (Windows NT 10.0; Win64; x64) AppleWebKit/537.36 (KHTML, like Gecko) Chrome/107.0.0.0 Safari/537.36"
131.222.213.34 - - [28/Apr/2026:01:39:23 +0000] "GET /wp-content/plugins/profile-builder/readme.txt HTTP/1.1" 404 14910 "-" "Mozilla/5.0 (Windows NT 10.0; Win64; x64) AppleWebKit/537.36 (KHTML, like Gecko) Chrome/104.0.0.0 Safari/537.36"
131.222.213.34 - - [28/Apr/2026:01:39:28 +0000] "GET /wp-content/plugins/lastudio-element-kit/readme.txt HTTP/1.1" 404 14913 "-" "Mozilla/5.0 (Windows NT 10.0; Win64; x64) AppleWebKit/537.36 (KHTML, like Gecko) Chrome/104.0.0.0 Safari/537.36"
131.222.213.34 - - [28/Apr/2026:01:39:34 +0000] "GET /wp-content/plugins/login-customizer/readme.txt HTTP/1.1" 404 14912 "-" "Mozilla/5.0 (iPhone; CPU iPhone OS 18_0 like Mac OS X) AppleWebKit/605.1.15 (KHTML, like Gecko) Version/18.0 Mobile/15E148 Safari/604.1"
131.222.213.34 - - [28/Apr/2026:01:39:40 +0000] "GET /wp-content/plugins/academy/readme.txt HTTP/1.1" 404 14908 "-" "Mozilla/5.0 (Linux; Android 10; K) AppleWebKit/537.36 (KHTML, like Gecko) Chrome/131.0.0.0 Mobile Safari/537.36"
184.94.212.206 - - [28/Apr/2026:01:39:47 +0000] "POST /wp-cron.php?doing_wp_cron=1777340387.7799050807952880859375 HTTP/1.1" 200 - "-" "WordPress/6.9.4; https://weddingmonitor.com"
131.222.213.34 - - [28/Apr/2026:01:39:46 +0000] "GET /wp-content/plugins/directorist-social-login/assets/public/css/main.css HTTP/1.1" 404 14923 "-" "Mozilla/5.0 (iPhone; CPU iPhone OS 17_2 like Mac OS X) AppleWebKit/605.1.15 (KHTML, like Gecko) Version/17.2 Mobile/15E148 Safari/604.1"
184.94.212.206 - - [28/Apr/2026:01:39:57 +0000] "POST /wp-cron.php?doing_wp_cron=1777340397.2026178836822509765625 HTTP/1.1" 200 - "-" "WordPress/6.9.4; https://weddingmonitor.com"
131.222.213.34 - - [28/Apr/2026:01:39:56 +0000] "GET /wp-content/plugins/acf-frontend-form-element/readme.txt HTTP/1.1" 404 14913 "-" "Mozilla/5.0 (Windows NT 10.0; Win64; x64) AppleWebKit/537.36 (KHTML, like Gecko) Chrome/104.0.0.0 Safari/537.36"
131.222.213.34 - - [28/Apr/2026:01:39:59 +0000] "GET /wp-content/themes/workreap/style.css HTTP/1.1" 404 14907 "-" "Mozilla/5.0 (Macintosh; Intel Mac OS X 10_15_7) AppleWebKit/605.1.15 (KHTML, like Gecko) Version/18.0 Safari/605.1.15"
131.222.213.34 - - [28/Apr/2026:01:40:05 +0000] "GET /wp-content/themes/energia/style.css HTTP/1.1" 404 14906 "-" "Mozilla/5.0 (iPhone; CPU iPhone OS 18_0 like Mac OS X) AppleWebKit/605.1.15 (KHTML, like Gecko) Version/18.0 Mobile/15E148 Safari/604.1"
131.222.213.34 - - [28/Apr/2026:01:40:08 +0000] "GET /wp-content/plugins/modular-connector/readme.txt HTTP/1.1" 404 14910 "-" "Mozilla/5.0 (Windows NT 10.0; Win64; x64) AppleWebKit/537.36 (KHTML, like Gecko) Chrome/107.0.0.0 Safari/537.36"
131.222.213.34 - - [28/Apr/2026:01:40:14 +0000] "GET /wp-content/plugins/branda-white-labeling/readme.txt HTTP/1.1" 404 14915 "-" "Mozilla/5.0 (Linux; Android 10; K) AppleWebKit/537.36 (KHTML, like Gecko) Chrome/131.0.0.0 Mobile Safari/537.36"
131.222.213.34 - - [28/Apr/2026:01:40:18 +0000] "GET / HTTP/1.1" 200 17029 "-" "Mozilla/5.0 (Linux; Android 10; K) AppleWebKit/537.36 (KHTML, like Gecko) Chrome/131.0.0.0 Mobile Safari/537.36"
131.222.213.34 - - [28/Apr/2026:01:40:22 +0000] "GET /wp-content/themes/doccure/style.css HTTP/1.1" 404 14907 "-" "Mozilla/5.0 (Macintosh; Intel Mac OS X 10_15_7) AppleWebKit/537.36 (KHTML, like Gecko) Chrome/124.0.0.0 Safari/537.36"
184.94.212.206 - - [28/Apr/2026:01:40:29 +0000] "POST /wp-cron.php?doing_wp_cron=1777340429.3786211013793945312500 HTTP/1.1" 200 - "-" "WordPress/6.9.4; https://weddingmonitor.com"
131.222.213.34 - - [28/Apr/2026:01:40:28 +0000] "GET /wp-content/plugins/fox-lms/README.txt HTTP/1.1" 404 14912 "-" "Mozilla/5.0 (Macintosh; Intel Mac OS X 10_15_7) AppleWebKit/537.36 (KHTML, like Gecko) Chrome/133.0.0.0 Safari/537.36"
131.222.213.34 - - [28/Apr/2026:01:40:36 +0000] "GET /wp-content/plugins/flex-qr-code-generator/readme.txt HTTP/1.1" 404 14917 "-" "Mozilla/5.0 (Windows NT 10.0; Win64; x64) AppleWebKit/537.36 (KHTML, like Gecko) Chrome/107.0.0.0 Safari/537.36"
131.222.213.34 - - [28/Apr/2026:01:40:45 +0000] "GET /wp-content/plugins/wpdirectorykit/README.txt HTTP/1.1" 404 14914 "-" "Mozilla/5.0 (Windows NT 10.0; Win64; x64) AppleWebKit/537.36 (KHTML, like Gecko) Chrome/107.0.0.0 Safari/537.36"
131.222.213.34 - - [28/Apr/2026:01:40:50 +0000] "GET /wp-content/plugins/user-verification/readme.md HTTP/1.1" 404 14911 "-" "Mozilla/5.0 (iPhone; CPU iPhone OS 17_2 like Mac OS X) AppleWebKit/605.1.15 (KHTML, like Gecko) Version/17.2 Mobile/15E148 Safari/604.1"
131.222.213.34 - - [28/Apr/2026:01:40:56 +0000] "GET /wp-content/plugins/acf-extended/readme.txt HTTP/1.1" 404 14911 "-" "Mozilla/5.0 (Linux; Android 10; K) AppleWebKit/537.36 (KHTML, like Gecko) Chrome/131.0.0.0 Mobile Safari/537.36"
131.222.213.34 - - [28/Apr/2026:01:41:00 +0000] "GET /wp-content/plugins/sneeit-framework/readme.txt HTTP/1.1" 404 14913 "-" "Mozilla/5.0 (iPhone; CPU iPhone OS 18_0 like Mac OS X) AppleWebKit/605.1.15 (KHTML, like Gecko) Version/18.0 Mobile/15E148 Safari/604.1"
131.222.213.34 - - [28/Apr/2026:01:41:05 +0000] "GET /wp-content/plugins/waveplayer/readme.txt HTTP/1.1" 404 14910 "-" "Mozilla/5.0 (Macintosh; Intel Mac OS X 10_15_7) AppleWebKit/537.36 (KHTML, like Gecko) Chrome/124.0.0.0 Safari/537.36"
131.222.213.34 - - [28/Apr/2026:01:41:13 +0000] "GET /wp-content/plugins/ecab-taxi-booking-manager/readme.txt HTTP/1.1" 404 14918 "-" "Mozilla/5.0 (Windows NT 10.0; Win64; x64) AppleWebKit/537.36 (KHTML, like Gecko) Chrome/104.0.0.0 Safari/537.36"
131.222.213.34 - - [28/Apr/2026:01:41:18 +0000] "GET /wp-content/plugins/cpi-wp-migration/readme.txt HTTP/1.1" 404 14912 "-" "Mozilla/5.0 (Windows NT 10.0; Win64; x64) AppleWebKit/537.36 (KHTML, like Gecko) Chrome/101.0.4951.64 Safari/537.36 Edg/101.0.1210.47"
131.222.213.34 - - [28/Apr/2026:01:41:23 +0000] "GET /wp-content/plugins/king-addons/readme.txt HTTP/1.1" 404 14910 "-" "Mozilla/5.0 (iPhone; CPU iPhone OS 17_2 like Mac OS X) AppleWebKit/605.1.15 (KHTML, like Gecko) Version/17.2 Mobile/15E148 Safari/604.1"
131.222.213.34 - - [28/Apr/2026:01:41:35 +0000] "GET /wp-content/plugins/ai-engine/readme.txt HTTP/1.1" 404 14909 "-" "Mozilla/5.0 (Macintosh; Intel Mac OS X 10_15_7) AppleWebKit/537.36 (KHTML, like Gecko) Chrome/133.0.0.0 Safari/537.36"
131.222.213.34 - - [28/Apr/2026:01:41:42 +0000] "GET /wp-content/plugins/post-smtp/readme.txt HTTP/1.1" 404 14909 "-" "Mozilla/5.0 (Macintosh; Intel Mac OS X 10_15_7) AppleWebKit/537.36 (KHTML, like Gecko) Chrome/131.0.0.0 Safari/537.36"
184.94.212.206 - - [28/Apr/2026:01:41:58 +0000] "POST /wp-cron.php?doing_wp_cron=1777340518.0761010646820068359375 HTTP/1.1" 200 - "-" "WordPress/6.9.4; https://weddingmonitor.com"
131.222.213.34 - - [28/Apr/2026:01:41:57 +0000] "GET /wp-content/plugins/wc-designer-pro/changelog.txt HTTP/1.1" 404 14914 "-" "Mozilla/5.0 (Macintosh; Intel Mac OS X 10_15_7) AppleWebKit/537.36 (KHTML, like Gecko) Chrome/133.0.0.0 Safari/537.36"
131.222.213.34 - - [28/Apr/2026:01:42:04 +0000] "GET /wp-content/themes/miraculous/style.css HTTP/1.1" 404 14908 "-" "Mozilla/5.0 (Linux; Android 10; K) AppleWebKit/537.36 (KHTML, like Gecko) Chrome/131.0.0.0 Mobile Safari/537.36"
131.222.213.34 - - [28/Apr/2026:01:42:11 +0000] "GET /wp-content/plugins/uni-woo-custom-product-options-premium/readme.txt HTTP/1.1" 404 14926 "-" "Mozilla/5.0 (Macintosh; Intel Mac OS X 10_15_7) AppleWebKit/537.36 (KHTML, like Gecko) Chrome/133.0.0.0 Safari/537.36"
131.222.213.34 - - [28/Apr/2026:01:42:15 +0000] "GET /wp-content/plugins/podlove-podcasting-plugin-for-wordpress/readme.txt HTTP/1.1" 404 14925 "-" "Mozilla/5.0 (Windows NT 10.0; Win64; x64) AppleWebKit/537.36 (KHTML, like Gecko) Chrome/107.0.0.0 Safari/537.36"
192.0.102.230 - - [28/Apr/2026:01:42:20 +0000] "HEAD / HTTP/1.1" 200 - "-" "jetmon/1.0 (Jetpack Site Uptime Monitor by WordPress.com)"
184.94.212.206 - - [28/Apr/2026:01:42:23 +0000] "POST /wp-cron.php?doing_wp_cron=1777340543.7769219875335693359375 HTTP/1.1" 200 - "-" "WordPress/6.9.4; https://weddingmonitor.com"
131.222.213.34 - - [28/Apr/2026:01:42:22 +0000] "GET /wp-content/plugins/WooCommerce-Multi-Locations-Inventory-Management/readme.txt HTTP/1.1" 404 14932 "-" "Mozilla/5.0 (iPhone; CPU iPhone OS 17_2 like Mac OS X) AppleWebKit/605.1.15 (KHTML, like Gecko) Version/17.2 Mobile/15E148 Safari/604.1"
131.222.213.34 - - [28/Apr/2026:01:42:27 +0000] "GET /wp-content/plugins/wp-event-solution/readme.txt HTTP/1.1" 404 14913 "-" "Mozilla/5.0 (Macintosh; Intel Mac OS X 10_15_7) AppleWebKit/537.36 (KHTML, like Gecko) Chrome/133.0.0.0 Safari/537.36"
131.222.213.34 - - [28/Apr/2026:01:42:36 +0000] "GET /wp-content/themes/freeio/style.css HTTP/1.1" 404 14906 "-" "Mozilla/5.0 (Macintosh; Intel Mac OS X 10_15_7) AppleWebKit/605.1.15 (KHTML, like Gecko) Version/18.0 Safari/605.1.15"
131.222.213.34 - - [28/Apr/2026:01:42:40 +0000] "GET /wp-content/themes/em4u/style.css HTTP/1.1" 404 14905 "-" "Mozilla/5.0 (iPhone; CPU iPhone OS 17_2 like Mac OS X) AppleWebKit/605.1.15 (KHTML, like Gecko) Version/17.2 Mobile/15E148 Safari/604.1"
131.222.213.34 - - [28/Apr/2026:01:42:44 +0000] "GET /wp-content/plugins/wp-marketing-automations/readme.txt HTTP/1.1" 404 14912 "-" "Mozilla/5.0 (Macintosh; Intel Mac OS X 10_15_7) AppleWebKit/537.36 (KHTML, like Gecko) Chrome/124.0.0.0 Safari/537.36"
131.222.213.34 - - [28/Apr/2026:01:42:59 +0000] "GET /wp-content/plugins/order-delivery-date/readme.txt HTTP/1.1" 404 14915 "-" "Mozilla/5.0 (Linux; Android 12; Pixel 6) AppleWebKit/537.36 (KHTML, like Gecko) Chrome/99.0.4844.58 Mobile Safari/537.36"
131.222.213.34 - - [28/Apr/2026:01:43:06 +0000] "GET /wp-content/themes/noo-jobmonster/style.css HTTP/1.1" 404 14911 "-" "Mozilla/5.0 (Macintosh; Intel Mac OS X 10_15_7) AppleWebKit/537.36 (KHTML, like Gecko) Chrome/131.0.0.0 Safari/537.36"
131.222.213.34 - - [28/Apr/2026:01:43:09 +0000] "GET /wp-content/themes/service-finder/style.css HTTP/1.1" 404 14909 "-" "Mozilla/5.0 (Macintosh; Intel Mac OS X 10_15_7) AppleWebKit/537.36 (KHTML, like Gecko) Chrome/133.0.0.0 Safari/537.36"
131.222.213.34 - - [28/Apr/2026:01:43:16 +0000] "GET /wp-content/themes/litho/style.css HTTP/1.1" 404 14905 "-" "Mozilla/5.0 (Windows NT 10.0; Win64; x64) AppleWebKit/537.36 (KHTML, like Gecko) Chrome/101.0.4951.64 Safari/537.36 Edg/101.0.1210.47"
131.222.213.34 - - [28/Apr/2026:01:43:25 +0000] "GET /wp-content/plugins/wp-registration/readme.txt HTTP/1.1" 404 14909 "-" "Mozilla/5.0 (Windows NT 10.0; Win64; x64) AppleWebKit/537.36 (KHTML, like Gecko) Chrome/107.0.0.0 Safari/537.36"
131.222.213.34 - - [28/Apr/2026:01:43:34 +0000] "GET /wp-content/plugins/ht-contactform/readme.txt HTTP/1.1" 404 14910 "-" "Mozilla/5.0 (Linux; Android 12; Pixel 6) AppleWebKit/537.36 (KHTML, like Gecko) Chrome/99.0.4844.58 Mobile Safari/537.36"
131.222.213.34 - - [28/Apr/2026:01:43:43 +0000] "GET /wp-content/themes/alone/style.css HTTP/1.1" 404 14904 "-" "Mozilla/5.0 (Macintosh; Intel Mac OS X 10_15_7) AppleWebKit/537.36 (KHTML, like Gecko) Chrome/133.0.0.0 Safari/537.36"
192.0.102.230 - - [28/Apr/2026:01:47:15 +0000] "HEAD / HTTP/1.1" 200 - "-" "jetmon/1.0 (Jetpack Site Uptime Monitor by WordPress.com)"
184.94.212.206 - - [28/Apr/2026:01:51:56 +0000] "POST /wp-cron.php?doing_wp_cron=1777341116.9425520896911621093750 HTTP/1.1" 200 - "-" "WordPress/6.9.4; https://weddingmonitor.com"
114.119.142.85 - - [28/Apr/2026:01:51:55 +0000] "GET /how-to-plan-for-your-wedding-on-a-tight-budget?share=facebook&amp HTTP/1.1" 302 - "https://weddingmonitor.com/how-to-plan-for-your-wedding-on-a-tight-budget?amp" "Mozilla/5.0 (Linux; Android 7.0;) AppleWebKit/537.36 (HTML, like Gecko) Mobile Safari/537.36 (compatible; PetalBot;+https://webmaster.petalsearch.com/site/petalbot)"
192.0.102.230 - - [28/Apr/2026:01:52:15 +0000] "HEAD / HTTP/1.1" 200 - "-" "jetmon/1.0 (Jetpack Site Uptime Monitor by WordPress.com)"
192.0.102.230 - - [28/Apr/2026:01:57:15 +0000] "HEAD / HTTP/1.1" 200 - "-" "jetmon/1.0 (Jetpack Site Uptime Monitor by WordPress.com)"
192.0.102.230 - - [28/Apr/2026:02:02:19 +0000] "HEAD / HTTP/1.1" 200 - "-" "jetmon/1.0 (Jetpack Site Uptime Monitor by WordPress.com)"
114.119.154.9 - - [28/Apr/2026:02:05:21 +0000] "GET /category/planning-tips/page/6?amp HTTP/1.1" 301 - "https://weddingmonitor.com/category/planning-tips/page/5?amp" "Mozilla/5.0 (Linux; Android 7.0;) AppleWebKit/537.36 (HTML, like Gecko) Mobile Safari/537.36 (compatible; PetalBot;+https://webmaster.petalsearch.com/site/petalbot)"
114.119.154.9 - - [28/Apr/2026:02:05:22 +0000] "GET /category/planning-tips/page/6/?amp HTTP/1.1" 200 16891 "https://weddingmonitor.com/category/planning-tips/page/5?amp" "Mozilla/5.0 (Linux; Android 7.0;) AppleWebKit/537.36 (HTML, like Gecko) Mobile Safari/537.36 (compatible; PetalBot;+https://webmaster.petalsearch.com/site/petalbot)"
184.94.212.206 - - [28/Apr/2026:02:06:21 +0000] "POST /wp-cron.php?doing_wp_cron=1777341981.6483399868011474609375 HTTP/1.1" 200 - "-" "WordPress/6.9.4; https://weddingmonitor.com"
54.84.161.62 - - [28/Apr/2026:02:06:20 +0000] "GET /wp-json/wp/v2/posts/92 HTTP/1.1" 200 6203 "-" "Mozilla/5.0 AppleWebKit/537.36 (KHTML, like Gecko; compatible; Amazonbot/0.1; +https://developer.amazon.com/support/amazonbot) Chrome/119.0.6045.214 Safari/537.36"
204.76.203.25 - - [28/Apr/2026:02:06:36 +0000] "GET / HTTP/1.1" 200 68853 "-" "Mozilla/5.0 (Windows NT 10.0; Win64; x64) AppleWebKit/537.36 (KHTML, like Gecko) Chrome/147.0.0.0 Safari/537.36"
192.0.102.230 - - [28/Apr/2026:02:07:21 +0000] "HEAD / HTTP/1.1" 200 - "-" "jetmon/1.0 (Jetpack Site Uptime Monitor by WordPress.com)"
184.94.212.206 - - [28/Apr/2026:02:11:39 +0000] "POST /wp-cron.php?doing_wp_cron=1777342299.8968169689178466796875 HTTP/1.1" 200 - "-" "WordPress/6.9.4; https://weddingmonitor.com"
93.158.91.12 - - [28/Apr/2026:02:11:38 +0000] "GET / HTTP/1.1" 200 16986 "-" "Mozilla/5.0 (Windows NT 10.0; Win64; x64) AppleWebKit/537.36 (KHTML, like Gecko) Chrome/105.0.0.0 Safari/537.36"
192.0.102.230 - - [28/Apr/2026:02:12:17 +0000] "HEAD / HTTP/1.1" 200 - "-" "jetmon/1.0 (Jetpack Site Uptime Monitor by WordPress.com)"
184.94.212.206 - - [28/Apr/2026:02:12:34 +0000] "POST /wp-cron.php?doing_wp_cron=1777342354.6719219684600830078125 HTTP/1.1" 200 - "-" "WordPress/6.9.4; https://weddingmonitor.com"
113.170.8.166 - - [28/Apr/2026:02:12:33 +0000] "GET /copyright-dcma-notice/ HTTP/1.1" 200 19917 "-" "Mozilla/5.0 (Macintosh; Intel Mac OS X 10_16_0) AppleWebKit/537.36 (KHTML, like Gecko) Brave Chrome/80.0.3987.116 Safari/537.36"
192.0.102.230 - - [28/Apr/2026:02:17:21 +0000] "HEAD / HTTP/1.1" 200 - "-" "jetmon/1.0 (Jetpack Site Uptime Monitor by WordPress.com)"
184.94.212.206 - - [28/Apr/2026:02:20:43 +0000] "POST /wp-cron.php?doing_wp_cron=1777342843.1173229217529296875000 HTTP/1.1" 200 - "-" "WordPress/6.9.4; https://weddingmonitor.com"
2.57.168.18 - - [28/Apr/2026:02:20:41 +0000] "POST /wp-login.php HTTP/1.1" 401 3452 "-" "Mozilla/5.0"
192.0.102.230 - - [28/Apr/2026:02:22:22 +0000] "HEAD / HTTP/1.1" 200 - "-" "jetmon/1.0 (Jetpack Site Uptime Monitor by WordPress.com)"
14.188.218.51 - - [28/Apr/2026:02:24:04 +0000] "GET /make-your-wedding-planning-feel-less-of-a-chore/?amp HTTP/1.1" 200 20988 "-" "Mozilla/5.0 (Windows NT 6.3; WOW64) AppleWebKit/537.36 (KHTML, like Gecko) Chrome/88.0.4324.150 Safari/537.36"
184.94.212.206 - - [28/Apr/2026:02:26:21 +0000] "POST /wp-cron.php?doing_wp_cron=1777343181.5746068954467773437500 HTTP/1.1" 200 - "-" "WordPress/6.9.4; https://weddingmonitor.com"
14.245.235.126 - - [28/Apr/2026:02:26:20 +0000] "GET /what-is-the-average-cost-of-wedding-flowers/ HTTP/1.1" 200 22385 "-" "Mozilla/5.0 (Windows NT 10.0; Win64; x64) AppleWebKit/537.36 (KHTML, like Gecko) Brave Chrome/77.0.3865.90 Safari/537.36"
192.0.102.230 - - [28/Apr/2026:02:27:21 +0000] "HEAD / HTTP/1.1" 200 - "-" "jetmon/1.0 (Jetpack Site Uptime Monitor by WordPress.com)"
116.179.32.170 - - [28/Apr/2026:02:27:58 +0000] "GET /need-some-wedding-ideas-consider-these-tips/?amp HTTP/1.1" 200 21570 "-" "Mozilla/5.0 (compatible; Baiduspider/2.0; +http://www.baidu.com/search/spider.html)"
192.0.102.230 - - [28/Apr/2026:02:32:20 +0000] "HEAD / HTTP/1.1" 200 - "-" "jetmon/1.0 (Jetpack Site Uptime Monitor by WordPress.com)"
184.94.212.206 - - [28/Apr/2026:02:35:39 +0000] "POST /wp-cron.php?doing_wp_cron=1777343739.5006160736083984375000 HTTP/1.1" 200 - "-" "WordPress/6.9.4; https://weddingmonitor.com"
2.57.168.27 - - [28/Apr/2026:02:35:36 +0000] "POST /wp-login.php HTTP/1.1" 401 3452 "-" "Mozilla/5.0"
216.73.217.100 - - [28/Apr/2026:02:36:32 +0000] "GET /robots.txt HTTP/1.1" 200 145 "-" "Mozilla/5.0 AppleWebKit/537.36 (KHTML, like Gecko; compatible; ClaudeBot/1.0; +claudebot@anthropic.com)"
216.73.217.100 - - [28/Apr/2026:02:36:33 +0000] "GET /sitemap.xml HTTP/1.1" 200 300 "-" "Mozilla/5.0 AppleWebKit/537.36 (KHTML, like Gecko; compatible; ClaudeBot/1.0; +claudebot@anthropic.com)"
184.94.212.206 - - [28/Apr/2026:02:37:19 +0000] "POST /wp-cron.php?doing_wp_cron=1777343839.3254530429840087890625 HTTP/1.1" 200 - "-" "WordPress/6.9.4; https://weddingmonitor.com"
178.120.3.43 - - [28/Apr/2026:02:37:17 +0000] "GET /keep-your-dream-wedding-from-turning-into-a-nightmare-with-these-simple-tips/?share=facebook HTTP/1.1" 302 - "-" "Mozilla/5.0 (Windows NT 10.0; WOW64) AppleWebKit/537.36 (KHTML, like Gecko) Chrome/97.0.4692.71 Safari/537.36"
192.0.102.230 - - [28/Apr/2026:02:37:24 +0000] "HEAD / HTTP/1.1" 200 - "-" "jetmon/1.0 (Jetpack Site Uptime Monitor by WordPress.com)"
114.119.141.4 - - [28/Apr/2026:02:39:22 +0000] "GET /essential-wedding-planning-tips-and-tricks?share=x HTTP/1.1" 302 - "https://weddingmonitor.com/essential-wedding-planning-tips-and-tricks" "Mozilla/5.0 (Linux; Android 7.0;) AppleWebKit/537.36 (HTML, like Gecko) Mobile Safari/537.36 (compatible; PetalBot;+https://webmaster.petalsearch.com/site/petalbot)"
184.94.212.206 - - [28/Apr/2026:02:40:22 +0000] "POST /wp-cron.php?doing_wp_cron=1777344022.2054998874664306640625 HTTP/1.1" 200 - "-" "WordPress/6.9.4; https://weddingmonitor.com"
193.23.157.9 - - [28/Apr/2026:02:40:20 +0000] "GET /essential-wedding-planning-tips-and-tricks/?share=facebook HTTP/1.1" 302 - "-" "Mozilla/5.0 (Macintosh; Intel Mac OS X 10_13_6) AppleWebKit/537.36 (KHTML, like Gecko) Chrome/94.0.4606.61 Safari/537.36"
184.94.212.206 - - [28/Apr/2026:02:42:27 +0000] "POST /wp-cron.php?doing_wp_cron=1777344147.7269248962402343750000 HTTP/1.1" 200 - "-" "WordPress/6.9.4; https://weddingmonitor.com"
192.0.102.230 - - [28/Apr/2026:02:42:26 +0000] "HEAD / HTTP/1.1" 200 - "-" "jetmon/1.0 (Jetpack Site Uptime Monitor by WordPress.com)"
36.80.182.181 - - [28/Apr/2026:02:43:47 +0000] "GET /about/?share=facebook HTTP/1.1" 302 - "-" "Mozilla/5.0 (Macintosh; Intel Mac OS X 10_15_7) AppleWebKit/537.36 (KHTML, like Gecko) Chrome/124.0.0.0 Safari/537.36"
184.94.212.206 - - [28/Apr/2026:02:46:43 +0000] "POST /wp-cron.php?doing_wp_cron=1777344403.0117490291595458984375 HTTP/1.1" 200 - "-" "WordPress/6.9.4; https://weddingmonitor.com"
113.160.208.93 - - [28/Apr/2026:02:46:41 +0000] "GET /all-you-need-to-know-about-great-wedding-ceremonies/ HTTP/1.1" 200 21243 "-" "Mozilla/5.0 (Macintosh; Intel Mac OS X 11_0_1) AppleWebKit/537.36 (KHTML, like Gecko) Chrome/87.0.4280.101 Safari/537.36"
184.94.212.206 - - [28/Apr/2026:02:47:25 +0000] "POST /wp-cron.php?doing_wp_cron=1777344445.6834030151367187500000 HTTP/1.1" 200 - "-" "WordPress/6.9.4; https://weddingmonitor.com"
192.0.102.230 - - [28/Apr/2026:02:47:23 +0000] "HEAD / HTTP/1.1" 200 - "-" "jetmon/1.0 (Jetpack Site Uptime Monitor by WordPress.com)"
184.94.212.206 - - [28/Apr/2026:02:49:51 +0000] "POST /wp-cron.php?doing_wp_cron=1777344591.5203480720520019531250 HTTP/1.1" 200 - "-" "WordPress/6.9.4; https://weddingmonitor.com"
2.57.168.15 - - [28/Apr/2026:02:49:49 +0000] "POST /wp-login.php HTTP/1.1" 401 3452 "-" "Mozilla/5.0"
184.94.212.206 - - [28/Apr/2026:02:50:28 +0000] "POST /wp-cron.php?doing_wp_cron=1777344628.2171249389648437500000 HTTP/1.1" 200 - "-" "WordPress/6.9.4; https://weddingmonitor.com"
216.73.217.100 - - [28/Apr/2026:02:50:27 +0000] "GET /news-sitemap.xml HTTP/1.1" 200 310 "-" "Mozilla/5.0 AppleWebKit/537.36 (KHTML, like Gecko; compatible; ClaudeBot/1.0; +claudebot@anthropic.com)"
184.94.212.206 - - [28/Apr/2026:02:52:23 +0000] "POST /wp-cron.php?doing_wp_cron=1777344743.3424549102783203125000 HTTP/1.1" 200 - "-" "WordPress/6.9.4; https://weddingmonitor.com"
192.0.102.230 - - [28/Apr/2026:02:52:22 +0000] "HEAD / HTTP/1.1" 200 - "-" "jetmon/1.0 (Jetpack Site Uptime Monitor by WordPress.com)"
184.94.212.206 - - [28/Apr/2026:02:57:20 +0000] "POST /wp-cron.php?doing_wp_cron=1777345040.1396369934082031250000 HTTP/1.1" 200 - "-" "WordPress/6.9.4; https://weddingmonitor.com"
192.0.102.230 - - [28/Apr/2026:02:57:18 +0000] "HEAD / HTTP/1.1" 200 - "-" "jetmon/1.0 (Jetpack Site Uptime Monitor by WordPress.com)"
184.94.212.206 - - [28/Apr/2026:03:00:15 +0000] "POST /wp-cron.php?doing_wp_cron=1777345215.6067869663238525390625 HTTP/1.1" 200 - "-" "WordPress/6.9.4; https://weddingmonitor.com"
114.119.141.4 - - [28/Apr/2026:03:00:14 +0000] "GET /tips-to-get-the-wedding-you-have-always-wanted?share=x&amp HTTP/1.1" 302 - "https://weddingmonitor.com/tips-to-get-the-wedding-you-have-always-wanted?amp" "Mozilla/5.0 (Linux; Android 7.0;) AppleWebKit/537.36 (HTML, like Gecko) Mobile Safari/537.36 (compatible; PetalBot;+https://webmaster.petalsearch.com/site/petalbot)"
184.94.212.206 - - [28/Apr/2026:03:02:21 +0000] "POST /wp-cron.php?doing_wp_cron=1777345341.7396490573883056640625 HTTP/1.1" 200 - "-" "WordPress/6.9.4; https://weddingmonitor.com"
192.0.102.230 - - [28/Apr/2026:03:02:20 +0000] "HEAD / HTTP/1.1" 200 - "-" "jetmon/1.0 (Jetpack Site Uptime Monitor by WordPress.com)"
136.124.32.55 - - [28/Apr/2026:03:03:15 +0000] "GET /ads.txt HTTP/1.1" 200 58 "-" "IAB-Tech-Lab"
2.57.168.28 - - [28/Apr/2026:03:03:49 +0000] "POST /wp-login.php HTTP/1.1" 401 3452 "-" "Mozilla/5.0"
114.119.145.212 - - [28/Apr/2026:03:04:18 +0000] "GET /how-to-keep-things-running-smoothly-on-your-wedding-day?share=twitter&amp HTTP/1.1" 302 - "-" "Mozilla/5.0 (Linux; Android 7.0;) AppleWebKit/537.36 (HTML, like Gecko) Mobile Safari/537.36 (compatible; PetalBot;+https://webmaster.petalsearch.com/site/petalbot)"
184.94.212.206 - - [28/Apr/2026:03:06:28 +0000] "POST /wp-cron.php?doing_wp_cron=1777345588.6068840026855468750000 HTTP/1.1" 200 - "-" "WordPress/6.9.4; https://weddingmonitor.com"
57.141.18.33 - - [28/Apr/2026:03:06:27 +0000] "GET /adsense-disclaimer/ HTTP/1.1" 200 70497 "-" "meta-externalagent/1.1 (+https://developers.facebook.com/docs/sharing/webmasters/crawler)"
184.94.212.206 - - [28/Apr/2026:03:07:23 +0000] "POST /wp-cron.php?doing_wp_cron=1777345643.7246520519256591796875 HTTP/1.1" 200 - "-" "WordPress/6.9.4; https://weddingmonitor.com"
192.0.102.230 - - [28/Apr/2026:03:07:22 +0000] "HEAD / HTTP/1.1" 200 - "-" "jetmon/1.0 (Jetpack Site Uptime Monitor by WordPress.com)"
114.119.133.120 - - [28/Apr/2026:03:08:11 +0000] "GET /copyright-dcma-notice/?noamp=mobile HTTP/1.1" 200 19916 "https://weddingmonitor.com/copyright-dcma-notice/?noamp=mobile" "Mozilla/5.0 (Linux; Android 7.0;) AppleWebKit/537.36 (HTML, like Gecko) Mobile Safari/537.36 (compatible; PetalBot;+https://webmaster.petalsearch.com/site/petalbot)"
93.123.109.166 - - [28/Apr/2026:03:10:30 +0000] "GET /.env.test HTTP/1.1" 404 58722 "-" "Mozilla/5.0 (Windows NT 10.0; Win64; x64) AppleWebKit/537.36 (KHTML, like Gecko) Chrome/120.0.0.0 Safari/537.36"
93.123.109.166 - - [28/Apr/2026:03:10:31 +0000] "GET /.%65%6Ev.%73%74%61%67%69%6E%67 HTTP/1.1" 404 58716 "-" "Mozilla/5.0 (X11; Linux x86_64) AppleWebKit/537.36 (KHTML, like Gecko) Chrome/120.0.0.0 Safari/537.36"
184.94.212.206 - - [28/Apr/2026:03:10:38 +0000] "POST /wp-cron.php?doing_wp_cron=1777345837.7981529235839843750000 HTTP/1.1" 200 - "-" "WordPress/6.9.4; https://weddingmonitor.com"
93.123.109.166 - - [28/Apr/2026:03:10:30 +0000] "GET /php_info.php HTTP/1.1" 404 58725 "-" "Mozilla/5.0 (Macintosh; Intel Mac OS X 10_15_7) AppleWebKit/537.36 (KHTML, like Gecko) Chrome/120.0.0.0 Safari/537.36"
93.123.109.166 - - [28/Apr/2026:03:10:30 +0000] "GET /%70%68%70%69%6E%66%6F.%70%68%70 HTTP/1.1" 404 58714 "-" "Mozilla/5.0 (compatible; SecurityScanner/1.0)"
93.123.109.166 - - [28/Apr/2026:03:10:30 +0000] "GET /.netrc HTTP/1.1" 404 58719 "-" "Mozilla/5.0 (Windows NT 10.0; Win64; x64; rv:121.0) Gecko/20100101 Firefox/121.0"
93.123.109.166 - - [28/Apr/2026:03:10:31 +0000] "GET /.%65%6Ev.%70%72%6F%64%75%63%74%69%6F%6E HTTP/1.1" 404 58716 "-" "Mozilla/5.0 (compatible; SecurityScanner/1.0)"
93.123.109.166 - - [28/Apr/2026:03:10:30 +0000] "GET /.kube/config HTTP/1.1" 404 58725 "-" "Mozilla/5.0 (Windows NT 10.0; Win64; x64) AppleWebKit/537.36 (KHTML, like Gecko) Chrome/120.0.0.0 Safari/537.36"
93.123.109.166 - - [28/Apr/2026:03:10:30 +0000] "GET /.env.stage HTTP/1.1" 404 58723 "-" "Mozilla/5.0 (Macintosh; Intel Mac OS X 10_15_7) AppleWebKit/537.36 (KHTML, like Gecko) Chrome/120.0.0.0 Safari/537.36"
93.123.109.166 - - [28/Apr/2026:03:10:30 +0000] "GET /.env.dev HTTP/1.1" 404 58721 "-" "Mozilla/5.0 (Windows NT 10.0; Win64; x64) AppleWebKit/537.36 (KHTML, like Gecko) Chrome/120.0.0.0 Safari/537.36"
93.123.109.166 - - [28/Apr/2026:03:10:31 +0000] "GET /.%2567%2569%2574/%2563%256F%256E%2566%2569%2567 HTTP/1.1" 404 58733 "-" "Mozilla/5.0 (Windows NT 10.0; Win64; x64) AppleWebKit/537.36 (KHTML, like Gecko) Chrome/120.0.0.0 Safari/537.36"
93.123.109.166 - - [28/Apr/2026:03:10:30 +0000] "GET /.npmrc HTTP/1.1" 404 58719 "-" "Mozilla/5.0 (Windows NT 10.0; Win64; x64) AppleWebKit/537.36 (KHTML, like Gecko) Chrome/120.0.0.0 Safari/537.36"
93.123.109.166 - - [28/Apr/2026:03:10:31 +0000] "GET /.%65%6Ev.%70%72%6F%64 HTTP/1.1" 404 58716 "-" "Mozilla/5.0 (Macintosh; Intel Mac OS X 10_15_7) AppleWebKit/537.36 (KHTML, like Gecko) Chrome/120.0.0.0 Safari/537.36"
93.123.109.166 - - [28/Apr/2026:03:10:31 +0000] "GET /?-s HTTP/1.1" 200 68839 "-" "Mozilla/5.0 (X11; Linux x86_64) AppleWebKit/537.36 (KHTML, like Gecko) Chrome/120.0.0.0 Safari/537.36"
93.123.109.166 - - [28/Apr/2026:03:10:30 +0000] "GET /.htpasswd HTTP/1.1" 404 58722 "-" "Mozilla/5.0 (Windows NT 10.0; Win64; x64) AppleWebKit/537.36 (KHTML, like Gecko) Chrome/120.0.0.0 Safari/537.36"
93.123.109.166 - - [28/Apr/2026:03:10:31 +0000] "GET /server-status HTTP/1.1" 404 58726 "-" "Mozilla/5.0 (X11; Linux x86_64) AppleWebKit/537.36 (KHTML, like Gecko) Chrome/120.0.0.0 Safari/537.36"
93.123.109.166 - - [28/Apr/2026:03:10:30 +0000] "GET /%69%6E%66%6F.%70%68%70 HTTP/1.1" 404 58714 "-" "Mozilla/5.0 (X11; Linux x86_64) AppleWebKit/537.36 (KHTML, like Gecko) Chrome/120.0.0.0 Safari/537.36"
93.123.109.166 - - [28/Apr/2026:03:10:30 +0000] "GET /.env.development HTTP/1.1" 404 58729 "-" "Mozilla/5.0 (Windows NT 10.0; Win64; x64; rv:121.0) Gecko/20100101 Firefox/121.0"
93.123.109.166 - - [28/Apr/2026:03:10:30 +0000] "GET /.dockerenv HTTP/1.1" 404 58723 "-" "Mozilla/5.0 (compatible; SecurityScanner/1.0)"
93.123.109.166 - - [28/Apr/2026:03:10:31 +0000] "GET /.%68%74%70%61%73%73%77%64 HTTP/1.1" 404 58714 "-" "Mozilla/5.0 (Windows NT 10.0; Win64; x64; rv:121.0) Gecko/20100101 Firefox/121.0"
93.123.109.166 - - [28/Apr/2026:03:10:30 +0000] "GET /php-info.php HTTP/1.1" 404 58725 "-" "Mozilla/5.0 (compatible; SecurityScanner/1.0)"
93.123.109.166 - - [28/Apr/2026:03:10:31 +0000] "GET /.%65%6Ev.%64%65%76 HTTP/1.1" 404 58716 "-" "Mozilla/5.0 (X11; Linux x86_64) AppleWebKit/537.36 (KHTML, like Gecko) Chrome/120.0.0.0 Safari/537.36"
93.123.109.166 - - [28/Apr/2026:03:10:31 +0000] "GET /index.php?=phpinfo() HTTP/1.1" 301 - "-" "Mozilla/5.0 (X11; Linux x86_64) AppleWebKit/537.36 (KHTML, like Gecko) Chrome/120.0.0.0 Safari/537.36"
93.123.109.166 - - [28/Apr/2026:03:10:31 +0000] "GET /?=phpinfo() HTTP/1.1" 200 68836 "-" "Mozilla/5.0 (X11; Linux x86_64) AppleWebKit/537.36 (KHTML, like Gecko) Chrome/120.0.0.0 Safari/537.36"
93.123.109.166 - - [28/Apr/2026:03:10:31 +0000] "GET /.%67%69%74/%63%6F%6E%66%69%67 HTTP/1.1" 404 58715 "-" "Mozilla/5.0 (X11; Linux x86_64) AppleWebKit/537.36 (KHTML, like Gecko) Chrome/120.0.0.0 Safari/537.36"
93.123.109.166 - - [28/Apr/2026:03:10:31 +0000] "GET /.git/HEAD HTTP/1.1" 404 58722 "-" "Mozilla/5.0 (Windows NT 10.0; Win64; x64) AppleWebKit/537.36 (KHTML, like Gecko) Chrome/120.0.0.0 Safari/537.36"
93.123.109.166 - - [28/Apr/2026:03:10:31 +0000] "GET /%70%68%70.%70%68%70 HTTP/1.1" 404 58714 "-" "Mozilla/5.0 (X11; Linux x86_64) AppleWebKit/537.36 (KHTML, like Gecko) Chrome/120.0.0.0 Safari/537.36"
93.123.109.166 - - [28/Apr/2026:03:10:31 +0000] "GET /.git/config HTTP/1.1" 404 58724 "-" "Mozilla/5.0 (Macintosh; Intel Mac OS X 10_15_7) AppleWebKit/537.36 (KHTML, like Gecko) Chrome/120.0.0.0 Safari/537.36"
184.94.212.206 - - [28/Apr/2026:03:12:12 +0000] "POST /wp-cron.php?doing_wp_cron=1777345932.3166110515594482421875 HTTP/1.1" 200 - "-" "WordPress/6.9.4; https://weddingmonitor.com"
169.224.5.14 - - [28/Apr/2026:03:12:10 +0000] "GET /wedding-tips-5-things-you-shouldnt-skimp-on/?share=facebook HTTP/1.1" 302 - "-" "Mozilla/5.0 (Macintosh; Intel Mac OS X 10_14_6) AppleWebKit/537.36 (KHTML, like Gecko) Brave Chrome/85.0.4183.102 Safari/537.36"
93.123.109.166 - - [28/Apr/2026:03:12:13 +0000] "GET /php.php HTTP/1.1" 404 58776 "-" "Mozilla/5.0 (compatible; SecurityScanner/1.0)"
93.123.109.166 - - [28/Apr/2026:03:12:14 +0000] "GET /%70%68%70%69%6E%66%6F.%70%68%70 HTTP/1.1" 404 58770 "-" "Mozilla/5.0 (X11; Linux x86_64) AppleWebKit/537.36 (KHTML, like Gecko) Chrome/120.0.0.0 Safari/537.36"
93.123.109.166 - - [28/Apr/2026:03:12:13 +0000] "GET /.env.production HTTP/1.1" 404 58784 "-" "Mozilla/5.0 (X11; Linux x86_64) AppleWebKit/537.36 (KHTML, like Gecko) Chrome/120.0.0.0 Safari/537.36"
93.123.109.166 - - [28/Apr/2026:03:12:13 +0000] "GET /test.php HTTP/1.1" 404 58777 "-" "Mozilla/5.0 (Windows NT 10.0; Win64; x64; rv:121.0) Gecko/20100101 Firefox/121.0"
93.123.109.166 - - [28/Apr/2026:03:12:13 +0000] "GET /.aws/config HTTP/1.1" 404 58780 "-" "Mozilla/5.0 (X11; Linux x86_64) AppleWebKit/537.36 (KHTML, like Gecko) Chrome/120.0.0.0 Safari/537.36"
93.123.109.166 - - [28/Apr/2026:03:12:13 +0000] "GET /.%61%77%73/%63%72%65%64%65%6E%74%69%61%6C%73 HTTP/1.1" 404 58771 "-" "Mozilla/5.0 (Macintosh; Intel Mac OS X 10_15_7) AppleWebKit/537.36 (KHTML, like Gecko) Chrome/120.0.0.0 Safari/537.36"
93.123.109.166 - - [28/Apr/2026:03:12:13 +0000] "GET /.aws/credentials HTTP/1.1" 404 58785 "-" "Mozilla/5.0 (Windows NT 10.0; Win64; x64) AppleWebKit/537.36 (KHTML, like Gecko) Chrome/120.0.0.0 Safari/537.36"
93.123.109.166 - - [28/Apr/2026:03:12:13 +0000] "GET /.env HTTP/1.1" 404 58773 "-" "Mozilla/5.0 (Windows NT 10.0; Win64; x64; rv:121.0) Gecko/20100101 Firefox/121.0"
93.123.109.166 - - [28/Apr/2026:03:12:13 +0000] "GET /.docker/config.json HTTP/1.1" 404 58788 "-" "Mozilla/5.0 (X11; Linux x86_64) AppleWebKit/537.36 (KHTML, like Gecko) Chrome/120.0.0.0 Safari/537.36"
184.94.212.206 - - [28/Apr/2026:03:12:19 +0000] "POST /wp-cron.php?doing_wp_cron=1777345939.3892540931701660156250 HTTP/1.1" 200 - "-" "WordPress/6.9.4; https://weddingmonitor.com"
93.123.109.166 - - [28/Apr/2026:03:12:14 +0000] "GET /%69%6E%66%6F.%70%68%70 HTTP/1.1" 404 58770 "-" "Mozilla/5.0 (Windows NT 10.0; Win64; x64; rv:121.0) Gecko/20100101 Firefox/121.0"
93.123.109.166 - - [28/Apr/2026:03:12:13 +0000] "GET /i.php HTTP/1.1" 404 58774 "-" "Mozilla/5.0 (Macintosh; Intel Mac OS X 10_15_7) AppleWebKit/537.36 (KHTML, like Gecko) Chrome/120.0.0.0 Safari/537.36"
93.123.109.166 - - [28/Apr/2026:03:12:13 +0000] "GET / HTTP/1.1" 200 68941 "-" "Mozilla/5.0 (Windows NT 10.0; Win64; x64) AppleWebKit/537.36 (KHTML, like Gecko) Chrome/120.0.0.0 Safari/537.36"
93.123.109.166 - - [28/Apr/2026:03:12:13 +0000] "GET /.env.local HTTP/1.1" 404 58779 "-" "Mozilla/5.0 (compatible; SecurityScanner/1.0)"
93.123.109.166 - - [28/Apr/2026:03:12:13 +0000] "GET /.%61%77%73/%63%6F%6E%66%69%67 HTTP/1.1" 404 58771 "-" "Mozilla/5.0 (X11; Linux x86_64) AppleWebKit/537.36 (KHTML, like Gecko) Chrome/120.0.0.0 Safari/537.36"
93.123.109.166 - - [28/Apr/2026:03:12:14 +0000] "GET /.npmrc HTTP/1.1" 404 58775 "-" "Mozilla/5.0 (compatible; SecurityScanner/1.0)"
93.123.109.166 - - [28/Apr/2026:03:12:14 +0000] "GET /.env.stage HTTP/1.1" 404 58779 "-" "Mozilla/5.0 (X11; Linux x86_64) AppleWebKit/537.36 (KHTML, like Gecko) Chrome/120.0.0.0 Safari/537.36"
93.123.109.166 - - [28/Apr/2026:03:12:13 +0000] "GET /.env.prod HTTP/1.1" 404 58778 "-" "Mozilla/5.0 (X11; Linux x86_64) AppleWebKit/537.36 (KHTML, like Gecko) Chrome/120.0.0.0 Safari/537.36"
93.123.109.166 - - [28/Apr/2026:03:12:14 +0000] "GET /.netrc HTTP/1.1" 404 58775 "-" "Mozilla/5.0 (compatible; SecurityScanner/1.0)"
93.123.109.166 - - [28/Apr/2026:03:12:13 +0000] "GET /info.php HTTP/1.1" 404 58777 "-" "Mozilla/5.0 (Macintosh; Intel Mac OS X 10_15_7) AppleWebKit/537.36 (KHTML, like Gecko) Chrome/120.0.0.0 Safari/537.36"
93.123.109.166 - - [28/Apr/2026:03:12:13 +0000] "GET / HTTP/1.1" 200 68941 "-" "Mozilla/5.0 (compatible; SecurityScanner/1.0)"
93.123.109.166 - - [28/Apr/2026:03:12:14 +0000] "GET /.env.test HTTP/1.1" 404 58778 "-" "Mozilla/5.0 (Windows NT 10.0; Win64; x64; rv:121.0) Gecko/20100101 Firefox/121.0"
93.123.109.166 - - [28/Apr/2026:03:12:14 +0000] "GET /%74%65%73%74.%70%68%70 HTTP/1.1" 404 58770 "-" "Mozilla/5.0 (Windows NT 10.0; Win64; x64; rv:121.0) Gecko/20100101 Firefox/121.0"
93.123.109.166 - - [28/Apr/2026:03:12:14 +0000] "GET /.env.development HTTP/1.1" 404 58785 "-" "Mozilla/5.0 (compatible; SecurityScanner/1.0)"
93.123.109.166 - - [28/Apr/2026:03:12:14 +0000] "GET /php_info.php HTTP/1.1" 404 58781 "-" "Mozilla/5.0 (Windows NT 10.0; Win64; x64; rv:121.0) Gecko/20100101 Firefox/121.0"
184.94.212.206 - - [28/Apr/2026:03:12:21 +0000] "POST /wp-cron.php?doing_wp_cron=1777345941.1466569900512695312500 HTTP/1.1" 200 - "-" "WordPress/6.9.4; https://weddingmonitor.com"
93.123.109.166 - - [28/Apr/2026:03:12:14 +0000] "GET /.env.dev HTTP/1.1" 404 58777 "-" "Mozilla/5.0 (X11; Linux x86_64) AppleWebKit/537.36 (KHTML, like Gecko) Chrome/120.0.0.0 Safari/537.36"
93.123.109.166 - - [28/Apr/2026:03:12:14 +0000] "GET /.htpasswd HTTP/1.1" 404 58778 "-" "Mozilla/5.0 (compatible; SecurityScanner/1.0)"
93.123.109.166 - - [28/Apr/2026:03:12:14 +0000] "GET /.env.staging HTTP/1.1" 404 58781 "-" "Mozilla/5.0 (compatible; SecurityScanner/1.0)"
93.123.109.166 - - [28/Apr/2026:03:12:14 +0000] "GET /.kube/config HTTP/1.1" 404 58781 "-" "Mozilla/5.0 (Windows NT 10.0; Win64; x64) AppleWebKit/537.36 (KHTML, like Gecko) Chrome/120.0.0.0 Safari/537.36"
114.119.158.157 - - [28/Apr/2026:03:12:18 +0000] "GET /charmed-here-are-some-lovely-wedding-ideas/?share=twitter HTTP/1.1" 302 - "https://weddingmonitor.com/charmed-here-are-some-lovely-wedding-ideas/" "Mozilla/5.0 (Linux; Android 7.0;) AppleWebKit/537.36 (HTML, like Gecko) Mobile Safari/537.36 (compatible; PetalBot;+https://webmaster.petalsearch.com/site/petalbot)"
192.0.102.230 - - [28/Apr/2026:03:12:20 +0000] "HEAD / HTTP/1.1" 200 - "-" "jetmon/1.0 (Jetpack Site Uptime Monitor by WordPress.com)"
114.119.142.43 - - [28/Apr/2026:03:15:58 +0000] "GET /category/planning-tips/page/8/ HTTP/1.1" 200 17118 "https://weddingmonitor.com/category/planning-tips/page/9" "Mozilla/5.0 (Linux; Android 7.0;) AppleWebKit/537.36 (HTML, like Gecko) Mobile Safari/537.36 (compatible; PetalBot;+https://webmaster.petalsearch.com/site/petalbot)"
184.94.212.206 - - [28/Apr/2026:03:17:23 +0000] "POST /wp-cron.php?doing_wp_cron=1777346243.2005090713500976562500 HTTP/1.1" 200 - "-" "WordPress/6.9.4; https://weddingmonitor.com"
192.0.102.230 - - [28/Apr/2026:03:17:21 +0000] "HEAD / HTTP/1.1" 200 - "-" "jetmon/1.0 (Jetpack Site Uptime Monitor by WordPress.com)"
2.57.168.13 - - [28/Apr/2026:03:17:51 +0000] "POST /wp-login.php HTTP/1.1" 401 3452 "-" "Mozilla/5.0"
184.94.212.206 - - [28/Apr/2026:03:20:10 +0000] "POST /wp-cron.php?doing_wp_cron=1777346410.4070200920104980468750 HTTP/1.1" 200 - "-" "WordPress/6.9.4; https://weddingmonitor.com"
114.119.142.43 - - [28/Apr/2026:03:20:08 +0000] "GET /author/h0tn1ch3s/page/11/ HTTP/1.1" 200 20283 "https://weddingmonitor.com/author/h0tn1ch3s/page/10/" "Mozilla/5.0 (Linux; Android 7.0;) AppleWebKit/537.36 (HTML, like Gecko) Mobile Safari/537.36 (compatible; PetalBot;+https://webmaster.petalsearch.com/site/petalbot)"
52.167.144.173 - - [28/Apr/2026:03:21:32 +0000] "GET /wp-content/uploads/2020/03/useful_advice_to_hold_the_wedding_of_your_dreams.jpg HTTP/1.1" 200 39392 "-" "Mozilla/5.0 AppleWebKit/537.36 (KHTML, like Gecko; compatible; bingbot/2.0; +http://www.bing.com/bingbot.htm) Chrome/116.0.1938.76 Safari/537.36"
184.94.212.206 - - [28/Apr/2026:03:22:24 +0000] "POST /wp-cron.php?doing_wp_cron=1777346544.7151670455932617187500 HTTP/1.1" 200 - "-" "WordPress/6.9.4; https://weddingmonitor.com"
192.0.102.230 - - [28/Apr/2026:03:22:23 +0000] "HEAD / HTTP/1.1" 200 - "-" "jetmon/1.0 (Jetpack Site Uptime Monitor by WordPress.com)"
14.191.199.100 - - [28/Apr/2026:03:24:07 +0000] "GET /wedding-planning-advice-for-the-busy-bride-and-groom/?share=facebook HTTP/1.1" 302 - "-" "Mozilla/5.0 (Macintosh; Intel Mac OS X 10_13_6) AppleWebKit/537.36 (KHTML, like Gecko) Chrome/73.0.3683.103 Safari/537.36"
114.119.142.85 - - [28/Apr/2026:03:24:14 +0000] "GET /2020/03/page/6/ HTTP/1.1" 200 16737 "https://weddingmonitor.com/2020/03/page/5/" "Mozilla/5.0 (Linux; Android 7.0;) AppleWebKit/537.36 (HTML, like Gecko) Mobile Safari/537.36 (compatible; PetalBot;+https://webmaster.petalsearch.com/site/petalbot)"
184.94.212.206 - - [28/Apr/2026:03:27:21 +0000] "POST /wp-cron.php?doing_wp_cron=1777346841.8492889404296875000000 HTTP/1.1" 200 - "-" "WordPress/6.9.4; https://weddingmonitor.com"
192.0.102.230 - - [28/Apr/2026:03:27:20 +0000] "HEAD / HTTP/1.1" 200 - "-" "jetmon/1.0 (Jetpack Site Uptime Monitor by WordPress.com)"
184.94.212.206 - - [28/Apr/2026:03:28:09 +0000] "POST /wp-cron.php?doing_wp_cron=1777346889.2702929973602294921875 HTTP/1.1" 200 - "-" "WordPress/6.9.4; https://weddingmonitor.com"
114.119.142.43 - - [28/Apr/2026:03:28:07 +0000] "GET /tag/tips/?noamp=mobile HTTP/1.1" 200 19471 "https://weddingmonitor.com/tag/tips/?noamp=mobile" "Mozilla/5.0 (Linux; Android 7.0;) AppleWebKit/537.36 (HTML, like Gecko) Mobile Safari/537.36 (compatible; PetalBot;+https://webmaster.petalsearch.com/site/petalbot)"
184.94.212.206 - - [28/Apr/2026:03:32:13 +0000] "POST /wp-cron.php?doing_wp_cron=1777347133.5301370620727539062500 HTTP/1.1" 200 - "-" "WordPress/6.9.4; https://weddingmonitor.com"
114.119.158.157 - - [28/Apr/2026:03:32:12 +0000] "GET /how-to-keep-things-running-smoothly-on-your-wedding-day/?share=twitter&noamp=mobile HTTP/1.1" 302 - "https://weddingmonitor.com/how-to-keep-things-running-smoothly-on-your-wedding-day/?share=twitter&amp" "Mozilla/5.0 (Linux; Android 7.0;) AppleWebKit/537.36 (HTML, like Gecko) Mobile Safari/537.36 (compatible; PetalBot;+https://webmaster.petalsearch.com/site/petalbot)"
184.94.212.206 - - [28/Apr/2026:03:32:24 +0000] "POST /wp-cron.php?doing_wp_cron=1777347144.3030030727386474609375 HTTP/1.1" 200 - "-" "WordPress/6.9.4; https://weddingmonitor.com"
192.0.102.230 - - [28/Apr/2026:03:32:23 +0000] "HEAD / HTTP/1.1" 200 - "-" "jetmon/1.0 (Jetpack Site Uptime Monitor by WordPress.com)"
54.232.116.4 - - [28/Apr/2026:03:39:45 +0000] "HEAD / HTTP/1.1" 500 - "-" "jetmon/1.0 (Jetpack Site Uptime Monitor by WordPress.com)"
2.57.168.17 - - [28/Apr/2026:03:40:15 +0000] "POST /wp-login.php HTTP/1.1" 500 2556 "-" "Mozilla/5.0"
122.248.245.244 - - [28/Apr/2026:03:39:32 +0000] "HEAD / HTTP/1.1" 500 - "-" "jetmon/1.0 (Jetpack Site Uptime Monitor by WordPress.com)"
54.217.201.243 - - [28/Apr/2026:03:39:45 +0000] "HEAD / HTTP/1.1" 500 - "-" "jetmon/1.0 (Jetpack Site Uptime Monitor by WordPress.com)"
45.148.10.120 - - [28/Apr/2026:03:40:35 +0000] "GET /.env HTTP/1.1" 500 1046 "-" "Mozilla/5.0 (Windows NT 10.0; WOW64) AppleWebKit/537.36 (KHTML, like Gecko) Chrome/75.0.3770.90 Safari/537.36"
192.0.102.230 - - [28/Apr/2026:03:38:58 +0000] "HEAD / HTTP/1.1" 500 - "-" "jetmon/1.0 (Jetpack Site Uptime Monitor by WordPress.com)"
45.148.10.120 - - [28/Apr/2026:03:40:35 +0000] "GET /.env.docker HTTP/1.1" 500 1076 "-" "Mozilla/5.0 (Macintosh; Intel Mac OS X 10_15_0) AppleWebKit/537.36 (KHTML, like Gecko) Chrome/75.0.3770.142 Safari/537.36"
114.119.133.120 - - [28/Apr/2026:03:40:15 +0000] "GET /2020/03/ HTTP/1.1" 500 1076 "https://weddingmonitor.com/ftc-statement/" "Mozilla/5.0 (Linux; Android 7.0;) AppleWebKit/537.36 (HTML, like Gecko) Mobile Safari/537.36 (compatible; PetalBot;+https://webmaster.petalsearch.com/site/petalbot)"
45.148.10.120 - - [28/Apr/2026:03:40:35 +0000] "GET /.aws/credentials HTTP/1.1" 404 14891 "-" "Mozilla/5.0 (Linux; Android 9; SAMSUNG SM-G950U Build/PPR1.180610.011) AppleWebKit/537.36 (KHTML, like Gecko) SamsungBrowser/9.4 Chrome/67.0.3396.87 Mobile Safari/537.36"
184.94.212.206 - - [28/Apr/2026:03:42:24 +0000] "POST /wp-cron.php?doing_wp_cron=1777347744.4665870666503906250000 HTTP/1.1" 200 - "-" "WordPress/6.9.4; https://weddingmonitor.com"
192.0.102.230 - - [28/Apr/2026:03:42:22 +0000] "HEAD / HTTP/1.1" 200 - "-" "jetmon/1.0 (Jetpack Site Uptime Monitor by WordPress.com)"
184.94.212.206 - - [28/Apr/2026:03:47:28 +0000] "POST /wp-cron.php?doing_wp_cron=1777348047.9974789619445800781250 HTTP/1.1" 200 - "-" "WordPress/6.9.4; https://weddingmonitor.com"
192.0.102.230 - - [28/Apr/2026:03:47:26 +0000] "HEAD / HTTP/1.1" 200 - "-" "jetmon/1.0 (Jetpack Site Uptime Monitor by WordPress.com)"
184.94.212.206 - - [28/Apr/2026:03:52:29 +0000] "POST /wp-cron.php?doing_wp_cron=1777348349.0737769603729248046875 HTTP/1.1" 200 - "-" "WordPress/6.9.4; https://weddingmonitor.com"
192.0.102.230 - - [28/Apr/2026:03:52:27 +0000] "HEAD / HTTP/1.1" 200 - "-" "jetmon/1.0 (Jetpack Site Uptime Monitor by WordPress.com)"
2.57.168.8 - - [28/Apr/2026:03:54:09 +0000] "POST /wp-login.php HTTP/1.1" 401 3452 "-" "Mozilla/5.0"
184.94.212.206 - - [28/Apr/2026:03:57:25 +0000] "POST /wp-cron.php?doing_wp_cron=1777348645.5682439804077148437500 HTTP/1.1" 200 - "-" "WordPress/6.9.4; https://weddingmonitor.com"
192.0.102.230 - - [28/Apr/2026:03:57:24 +0000] "HEAD / HTTP/1.1" 200 - "-" "jetmon/1.0 (Jetpack Site Uptime Monitor by WordPress.com)"
66.249.66.44 - - [28/Apr/2026:03:58:51 +0000] "GET /ads.txt HTTP/1.1" 200 58 "-" "Google-adstxt"
198.244.183.94 - - [28/Apr/2026:04:01:52 +0000] "GET /copyright-dcma-notice/ HTTP/1.1" 500 1046 "-" "Mozilla/5.0 (compatible; AhrefsBot/7.0; +http://ahrefs.com/robot/)"
54.232.116.4 - - [28/Apr/2026:04:04:13 +0000] "HEAD / HTTP/1.1" 500 - "-" "jetmon/1.0 (Jetpack Site Uptime Monitor by WordPress.com)"
122.248.245.244 - - [28/Apr/2026:04:04:13 +0000] "HEAD / HTTP/1.1" 500 - "-" "jetmon/1.0 (Jetpack Site Uptime Monitor by WordPress.com)"
54.217.201.243 - - [28/Apr/2026:04:04:13 +0000] "HEAD / HTTP/1.1" 500 - "-" "jetmon/1.0 (Jetpack Site Uptime Monitor by WordPress.com)"
192.0.102.230 - - [28/Apr/2026:04:02:23 +0000] "HEAD / HTTP/1.1" 500 - "-" "jetmon/1.0 (Jetpack Site Uptime Monitor by WordPress.com)"
192.0.102.230 - - [28/Apr/2026:04:03:46 +0000] "HEAD / HTTP/1.1" 500 - "-" "jetmon/1.0 (Jetpack Site Uptime Monitor by WordPress.com)"
184.94.212.206 - - [28/Apr/2026:04:04:25 +0000] "POST /wp-cron.php?doing_wp_cron=1777349065.3895919322967529296875 HTTP/1.1" 200 - "-" "WordPress/6.9.4; https://weddingmonitor.com"
198.244.240.82 - - [28/Apr/2026:04:01:24 +0000] "GET /robots.txt HTTP/1.1" 200 145 "-" "Mozilla/5.0 (compatible; AhrefsBot/7.0; +http://ahrefs.com/robot/)"
184.94.212.206 - - [28/Apr/2026:04:07:23 +0000] "POST /wp-cron.php?doing_wp_cron=1777349243.1296269893646240234375 HTTP/1.1" 200 - "-" "WordPress/6.9.4; https://weddingmonitor.com"
192.0.102.230 - - [28/Apr/2026:04:07:21 +0000] "HEAD / HTTP/1.1" 200 - "-" "jetmon/1.0 (Jetpack Site Uptime Monitor by WordPress.com)"
14.244.61.232 - - [28/Apr/2026:04:08:09 +0000] "GET /tag/planning-tips/ HTTP/1.1" 200 16351 "-" "Mozilla/5.0 (Macintosh; Intel Mac OS X 12_5_1) AppleWebKit/537.36 (KHTML, like Gecko) Chrome/127.0.6533.120 Safari/537.36"
2.57.168.8 - - [28/Apr/2026:04:08:12 +0000] "POST /wp-login.php HTTP/1.1" 401 3452 "-" "Mozilla/5.0"
184.94.212.206 - - [28/Apr/2026:04:10:11 +0000] "POST /wp-cron.php?doing_wp_cron=1777349411.8320899009704589843750 HTTP/1.1" 200 - "-" "WordPress/6.9.4; https://weddingmonitor.com"
114.119.141.4 - - [28/Apr/2026:04:10:10 +0000] "GET /tying-the-knot-soon-remember-these-wedding-planning-tips HTTP/1.1" 301 - "https://weddingmonitor.com/tying-the-knot-soon-remember-these-wedding-planning-tips" "Mozilla/5.0 (Linux; Android 7.0;) AppleWebKit/537.36 (HTML, like Gecko) Mobile Safari/537.36 (compatible; PetalBot;+https://webmaster.petalsearch.com/site/petalbot)"
114.119.141.4 - - [28/Apr/2026:04:10:12 +0000] "GET /tying-the-knot-soon-remember-these-wedding-planning-tips/ HTTP/1.1" 200 20566 "https://weddingmonitor.com/tying-the-knot-soon-remember-these-wedding-planning-tips" "Mozilla/5.0 (Linux; Android 7.0;) AppleWebKit/537.36 (HTML, like Gecko) Mobile Safari/537.36 (compatible; PetalBot;+https://webmaster.petalsearch.com/site/petalbot)"
