184.94.212.206 - - [28/Apr/2026:04:12:22 +0000] "POST /wp-cron.php?doing_wp_cron=1777349542.3255300521850585937500 HTTP/1.1" 200 - "-" "WordPress/6.9.4; https://weddingmonitor.com"
192.0.102.230 - - [28/Apr/2026:04:12:20 +0000] "HEAD / HTTP/1.1" 200 - "-" "jetmon/1.0 (Jetpack Site Uptime Monitor by WordPress.com)"
114.119.142.43 - - [28/Apr/2026:04:13:54 +0000] "GET /tag/wedding-dress/ HTTP/1.1" 200 16460 "https://weddingmonitor.com/page/6/" "Mozilla/5.0 (Linux; Android 7.0;) AppleWebKit/537.36 (HTML, like Gecko) Mobile Safari/537.36 (compatible; PetalBot;+https://webmaster.petalsearch.com/site/petalbot)"
184.94.212.206 - - [28/Apr/2026:04:15:53 +0000] "POST /wp-cron.php?doing_wp_cron=1777349753.3603899478912353515625 HTTP/1.1" 200 - "-" "WordPress/6.9.4; https://weddingmonitor.com"
84.233.199.108 - - [28/Apr/2026:04:15:51 +0000] "GET /tag/bank-account/?amp HTTP/1.1" 200 15883 "-" "Mozilla/5.0 (Windows NT 10.0; Win64; x64) AppleWebKit/537.36 (KHTML, like Gecko) Chrome/116.0.0.0 Safari/537.36"
184.94.212.206 - - [28/Apr/2026:04:17:22 +0000] "POST /wp-cron.php?doing_wp_cron=1777349842.1996130943298339843750 HTTP/1.1" 200 - "-" "WordPress/6.9.4; https://weddingmonitor.com"
192.0.102.230 - - [28/Apr/2026:04:17:20 +0000] "HEAD / HTTP/1.1" 200 - "-" "jetmon/1.0 (Jetpack Site Uptime Monitor by WordPress.com)"
114.119.158.157 - - [28/Apr/2026:04:17:42 +0000] "GET /essential-wedding-planning-tips-and-tricks?share=x&amp HTTP/1.1" 302 - "-" "Mozilla/5.0 (Linux; Android 7.0;) AppleWebKit/537.36 (HTML, like Gecko) Mobile Safari/537.36 (compatible; PetalBot;+https://webmaster.petalsearch.com/site/petalbot)"
184.94.212.206 - - [28/Apr/2026:04:21:17 +0000] "POST /wp-cron.php?doing_wp_cron=1777350077.5976889133453369140625 HTTP/1.1" 200 - "-" "WordPress/6.9.4; https://weddingmonitor.com"
14.164.48.135 - - [28/Apr/2026:04:21:15 +0000] "GET /category/destination-wedding/?amp HTTP/1.1" 200 19606 "-" "Mozilla/5.0 (Windows NT 6.3; Win64; x64) AppleWebKit/537.36 (KHTML, like Gecko) Chrome/98.0.4758.81 Safari/537.36"
114.119.158.157 - - [28/Apr/2026:04:21:38 +0000] "GET /effective-techniques-for-planning-a-wedding?share=x&amp HTTP/1.1" 302 - "https://weddingmonitor.com/effective-techniques-for-planning-a-wedding?amp" "Mozilla/5.0 (Linux; Android 7.0;) AppleWebKit/537.36 (HTML, like Gecko) Mobile Safari/537.36 (compatible; PetalBot;+https://webmaster.petalsearch.com/site/petalbot)"
184.94.212.206 - - [28/Apr/2026:04:22:21 +0000] "POST /wp-cron.php?doing_wp_cron=1777350141.9057300090789794921875 HTTP/1.1" 200 - "-" "WordPress/6.9.4; https://weddingmonitor.com"
192.0.102.230 - - [28/Apr/2026:04:22:20 +0000] "HEAD / HTTP/1.1" 200 - "-" "jetmon/1.0 (Jetpack Site Uptime Monitor by WordPress.com)"
2.57.168.24 - - [28/Apr/2026:04:22:21 +0000] "POST /wp-login.php HTTP/1.1" 401 3452 "-" "Mozilla/5.0"
184.94.212.206 - - [28/Apr/2026:04:25:24 +0000] "POST /wp-cron.php?doing_wp_cron=1777350324.2116200923919677734375 HTTP/1.1" 200 - "-" "WordPress/6.9.4; https://weddingmonitor.com"
114.119.142.43 - - [28/Apr/2026:04:25:22 +0000] "GET /creating-a-day-to-remember-tips-for-your-beautiful-wedding/?share=x&amp HTTP/1.1" 302 - "https://weddingmonitor.com/creating-a-day-to-remember-tips-for-your-beautiful-wedding/?amp" "Mozilla/5.0 (Linux; Android 7.0;) AppleWebKit/537.36 (HTML, like Gecko) Mobile Safari/537.36 (compatible; PetalBot;+https://webmaster.petalsearch.com/site/petalbot)"
14.243.162.246 - - [28/Apr/2026:04:25:25 +0000] "GET /robots.txt HTTP/1.1" 200 145 "-" "Mozilla/5.0 (Macintosh; Intel Mac OS X 12.5; rv:136.0) Gecko/20100101 Firefox/136.0"
184.94.212.206 - - [28/Apr/2026:04:27:18 +0000] "POST /wp-cron.php?doing_wp_cron=1777350438.6066091060638427734375 HTTP/1.1" 200 - "-" "WordPress/6.9.4; https://weddingmonitor.com"
192.0.102.230 - - [28/Apr/2026:04:27:17 +0000] "HEAD / HTTP/1.1" 200 - "-" "jetmon/1.0 (Jetpack Site Uptime Monitor by WordPress.com)"
114.119.145.212 - - [28/Apr/2026:04:29:21 +0000] "GET /some-simple-advice-for-an-unforgettable-wedding/?share=facebook HTTP/1.1" 302 - "https://weddingmonitor.com/some-simple-advice-for-an-unforgettable-wedding?amp" "Mozilla/5.0 (Linux; Android 7.0;) AppleWebKit/537.36 (HTML, like Gecko) Mobile Safari/537.36 (compatible; PetalBot;+https://webmaster.petalsearch.com/site/petalbot)"
184.94.212.206 - - [28/Apr/2026:04:31:40 +0000] "POST /wp-cron.php?doing_wp_cron=1777350700.8482820987701416015625 HTTP/1.1" 200 - "-" "WordPress/6.9.4; https://weddingmonitor.com"
45.148.10.120 - - [28/Apr/2026:04:31:39 +0000] "GET /.aws/credentials HTTP/1.1" 404 14892 "-" "Mozilla/5.0 (Linux; U; Android 3.0; en-us; Xoom Build/HRI39) AppleWebKit/525.10  (KHTML, like Gecko) Version/3.0.4 Mobile Safari/523.12.2"
45.148.10.120 - - [28/Apr/2026:04:31:39 +0000] "GET /.env HTTP/1.1" 404 14886 "-" "Mozilla/5.0 (Windows NT 6.3; Win64; x64) AppleWebKit/537.36 (KHTML, like Gecko) Chrome/75.0.3770.80 Safari/537.36"
45.148.10.120 - - [28/Apr/2026:04:31:40 +0000] "GET /.env.docker HTTP/1.1" 404 14892 "-" "Mozilla/5.0 (OS/2; Warp 4.5; rv:38.0) Gecko/20100101 Firefox/38.0"
184.94.212.206 - - [28/Apr/2026:04:32:13 +0000] "POST /wp-cron.php?doing_wp_cron=1777350733.9053499698638916015625 HTTP/1.1" 200 - "-" "WordPress/6.9.4; https://weddingmonitor.com"
108.215.40.144 - - [28/Apr/2026:04:32:12 +0000] "GET /tag/catering/ HTTP/1.1" 200 18967 "-" "Mozilla/5.0 (Macintosh; Intel Mac OS X 10_15_7) AppleWebKit/537.36 (KHTML, like Gecko) Chrome/131.0.0.0 Safari/537.36"
184.94.212.206 - - [28/Apr/2026:04:32:22 +0000] "POST /wp-cron.php?doing_wp_cron=1777350742.8691298961639404296875 HTTP/1.1" 200 - "-" "WordPress/6.9.4; https://weddingmonitor.com"
192.0.102.230 - - [28/Apr/2026:04:32:22 +0000] "HEAD / HTTP/1.1" 200 - "-" "jetmon/1.0 (Jetpack Site Uptime Monitor by WordPress.com)"
114.119.147.0 - - [28/Apr/2026:04:33:30 +0000] "GET /how-to-plan-for-your-wedding-on-a-tight-budget?share=twitter&amp HTTP/1.1" 302 - "-" "Mozilla/5.0 (Linux; Android 7.0;) AppleWebKit/537.36 (HTML, like Gecko) Mobile Safari/537.36 (compatible; PetalBot;+https://webmaster.petalsearch.com/site/petalbot)"
184.94.212.206 - - [28/Apr/2026:04:36:29 +0000] "POST /wp-cron.php?doing_wp_cron=1777350989.0343248844146728515625 HTTP/1.1" 200 - "-" "WordPress/6.9.4; https://weddingmonitor.com"
2.57.168.10 - - [28/Apr/2026:04:36:27 +0000] "POST /wp-login.php HTTP/1.1" 401 3452 "-" "Mozilla/5.0"
184.94.212.206 - - [28/Apr/2026:04:37:24 +0000] "POST /wp-cron.php?doing_wp_cron=1777351044.0198769569396972656250 HTTP/1.1" 200 - "-" "WordPress/6.9.4; https://weddingmonitor.com"
192.0.102.230 - - [28/Apr/2026:04:37:23 +0000] "HEAD / HTTP/1.1" 200 - "-" "jetmon/1.0 (Jetpack Site Uptime Monitor by WordPress.com)"
184.94.212.206 - - [28/Apr/2026:04:42:18 +0000] "POST /wp-cron.php?doing_wp_cron=1777351338.0029900074005126953125 HTTP/1.1" 200 - "-" "WordPress/6.9.4; https://weddingmonitor.com"
192.0.102.230 - - [28/Apr/2026:04:42:16 +0000] "HEAD / HTTP/1.1" 200 - "-" "jetmon/1.0 (Jetpack Site Uptime Monitor by WordPress.com)"
123.24.117.49 - - [28/Apr/2026:04:42:21 +0000] "GET /great-ideas-to-help-make-your-wedding-day-perfect/ HTTP/1.1" 200 21028 "-" "Mozilla/5.0 (Windows NT 6.3; Win64; x64) AppleWebKit/537.36 (KHTML, like Gecko) Brave Chrome/88.0.4324.182 Safari/537.36"
184.94.212.206 - - [28/Apr/2026:04:47:18 +0000] "POST /wp-cron.php?doing_wp_cron=1777351638.9373800754547119140625 HTTP/1.1" 200 - "-" "WordPress/6.9.4; https://weddingmonitor.com"
192.0.102.230 - - [28/Apr/2026:04:47:17 +0000] "HEAD / HTTP/1.1" 200 - "-" "jetmon/1.0 (Jetpack Site Uptime Monitor by WordPress.com)"
184.94.212.206 - - [28/Apr/2026:04:49:53 +0000] "POST /wp-cron.php?doing_wp_cron=1777351793.2538659572601318359375 HTTP/1.1" 200 - "-" "WordPress/6.9.4; https://weddingmonitor.com"
14.164.43.50 - - [28/Apr/2026:04:49:51 +0000] "GET /tag/destination-wedding/ HTTP/1.1" 200 17096 "-" "Mozilla/5.0 (Windows NT 10.0; Win64; x64) AppleWebKit/537.36 (KHTML, like Gecko) Chrome/75.0.3770.90 Safari/537.36"
114.119.145.212 - - [28/Apr/2026:04:49:59 +0000] "GET /how-to-keep-things-running-smoothly-on-your-wedding-day/?share=twitter&amp HTTP/1.1" 302 - "https://weddingmonitor.com/how-to-keep-things-running-smoothly-on-your-wedding-day/?share=twitter&noamp=mobile" "Mozilla/5.0 (Linux; Android 7.0;) AppleWebKit/537.36 (HTML, like Gecko) Mobile Safari/537.36 (compatible; PetalBot;+https://webmaster.petalsearch.com/site/petalbot)"
2.57.168.32 - - [28/Apr/2026:04:50:38 +0000] "POST /wp-login.php HTTP/1.1" 401 3452 "-" "Mozilla/5.0"
184.94.212.206 - - [28/Apr/2026:04:52:18 +0000] "POST /wp-cron.php?doing_wp_cron=1777351938.9621279239654541015625 HTTP/1.1" 200 - "-" "WordPress/6.9.4; https://weddingmonitor.com"
192.0.102.230 - - [28/Apr/2026:04:52:18 +0000] "HEAD / HTTP/1.1" 200 - "-" "jetmon/1.0 (Jetpack Site Uptime Monitor by WordPress.com)"
51.222.95.8 - - [28/Apr/2026:04:53:02 +0000] "GET /sitemap.xml HTTP/1.1" 200 300 "-" "Mozilla/5.0 (compatible; AhrefsBot/7.0; +http://ahrefs.com/robot/)"
51.222.168.142 - - [28/Apr/2026:04:53:05 +0000] "GET /sitemap-1.xml HTTP/1.1" 200 1523 "-" "Mozilla/5.0 (compatible; AhrefsBot/7.0; +http://ahrefs.com/robot/)"
54.39.6.197 - - [28/Apr/2026:04:53:07 +0000] "GET /image-sitemap-1.xml HTTP/1.1" 200 1308 "-" "Mozilla/5.0 (compatible; AhrefsBot/7.0; +http://ahrefs.com/robot/)"
114.119.145.212 - - [28/Apr/2026:04:54:16 +0000] "GET /avoid-wedding-disasters-proper-planning-is-key/?noamp=mobile HTTP/1.1" 200 21588 "https://weddingmonitor.com/avoid-wedding-disasters-proper-planning-is-key/?noamp=mobile" "Mozilla/5.0 (Linux; Android 7.0;) AppleWebKit/537.36 (HTML, like Gecko) Mobile Safari/537.36 (compatible; PetalBot;+https://webmaster.petalsearch.com/site/petalbot)"
184.94.212.206 - - [28/Apr/2026:04:57:25 +0000] "POST /wp-cron.php?doing_wp_cron=1777352245.1047790050506591796875 HTTP/1.1" 200 - "-" "WordPress/6.9.4; https://weddingmonitor.com"
192.0.102.230 - - [28/Apr/2026:04:57:23 +0000] "HEAD / HTTP/1.1" 200 - "-" "jetmon/1.0 (Jetpack Site Uptime Monitor by WordPress.com)"
114.119.142.85 - - [28/Apr/2026:04:58:14 +0000] "GET /keep-your-dream-wedding-from-turning-into-a-nightmare-with-these-simple-tips/?share=x&amp HTTP/1.1" 302 - "https://weddingmonitor.com/keep-your-dream-wedding-from-turning-into-a-nightmare-with-these-simple-tips/?amp" "Mozilla/5.0 (Linux; Android 7.0;) AppleWebKit/537.36 (HTML, like Gecko) Mobile Safari/537.36 (compatible; PetalBot;+https://webmaster.petalsearch.com/site/petalbot)"
184.94.212.206 - - [28/Apr/2026:05:02:14 +0000] "POST /wp-cron.php?doing_wp_cron=1777352534.4058809280395507812500 HTTP/1.1" 200 - "-" "WordPress/6.9.4; https://weddingmonitor.com"
114.119.158.157 - - [28/Apr/2026:05:02:13 +0000] "GET /make-your-wedding-planning-feel-less-of-a-chore?share=x&amp HTTP/1.1" 302 - "https://weddingmonitor.com/make-your-wedding-planning-feel-less-of-a-chore?amp" "Mozilla/5.0 (Linux; Android 7.0;) AppleWebKit/537.36 (HTML, like Gecko) Mobile Safari/537.36 (compatible; PetalBot;+https://webmaster.petalsearch.com/site/petalbot)"
184.94.212.206 - - [28/Apr/2026:05:02:21 +0000] "POST /wp-cron.php?doing_wp_cron=1777352541.8777449131011962890625 HTTP/1.1" 200 - "-" "WordPress/6.9.4; https://weddingmonitor.com"
192.0.102.230 - - [28/Apr/2026:05:02:20 +0000] "HEAD / HTTP/1.1" 200 - "-" "jetmon/1.0 (Jetpack Site Uptime Monitor by WordPress.com)"
103.165.187.135 - - [28/Apr/2026:05:02:25 +0000] "POST /wp-login.php HTTP/1.1" 200 4390 "-" "Mozilla/5.0 (Macintosh; Intel Mac OS X 10_15_7) AppleWebKit/605.1.15 Version/17.0 Safari/605.1.15"
2.57.168.8 - - [28/Apr/2026:05:05:02 +0000] "POST /wp-login.php HTTP/1.1" 401 3452 "-" "Mozilla/5.0"
184.94.212.206 - - [28/Apr/2026:05:06:23 +0000] "POST /wp-cron.php?doing_wp_cron=1777352783.9729619026184082031250 HTTP/1.1" 200 - "-" "WordPress/6.9.4; https://weddingmonitor.com"
114.119.133.120 - - [28/Apr/2026:05:06:22 +0000] "GET /category/planning-tips/page/3 HTTP/1.1" 301 - "https://weddingmonitor.com/category/planning-tips/page/3" "Mozilla/5.0 (Linux; Android 7.0;) AppleWebKit/537.36 (HTML, like Gecko) Mobile Safari/537.36 (compatible; PetalBot;+https://webmaster.petalsearch.com/site/petalbot)"
114.119.133.120 - - [28/Apr/2026:05:06:24 +0000] "GET /category/planning-tips/page/3/ HTTP/1.1" 200 16582 "https://weddingmonitor.com/category/planning-tips/page/3" "Mozilla/5.0 (Linux; Android 7.0;) AppleWebKit/537.36 (HTML, like Gecko) Mobile Safari/537.36 (compatible; PetalBot;+https://webmaster.petalsearch.com/site/petalbot)"
184.94.212.206 - - [28/Apr/2026:05:06:50 +0000] "POST /wp-cron.php?doing_wp_cron=1777352810.1953840255737304687500 HTTP/1.1" 200 - "-" "WordPress/6.9.4; https://weddingmonitor.com"
17.22.245.14 - - [28/Apr/2026:05:06:49 +0000] "GET /tag/destination/feed/ HTTP/1.1" 200 2967 "-" "Mozilla/5.0 (Macintosh; Intel Mac OS X 10_15_7) AppleWebKit/605.1.15 (KHTML, like Gecko) Version/17.4 Safari/605.1.15 (Applebot/0.1; +http://www.apple.com/go/applebot)"
184.94.212.206 - - [28/Apr/2026:05:07:20 +0000] "POST /wp-cron.php?doing_wp_cron=1777352839.9975600242614746093750 HTTP/1.1" 200 - "-" "WordPress/6.9.4; https://weddingmonitor.com"
192.0.102.230 - - [28/Apr/2026:05:07:19 +0000] "HEAD / HTTP/1.1" 200 - "-" "jetmon/1.0 (Jetpack Site Uptime Monitor by WordPress.com)"
17.246.15.236 - - [28/Apr/2026:05:07:37 +0000] "GET /robots.txt HTTP/1.1" 200 145 "-" "Mozilla/5.0 (Macintosh; Intel Mac OS X 10_15_7) AppleWebKit/605.1.15 (KHTML, like Gecko) Version/17.4 Safari/605.1.15 (Applebot/0.1; +http://www.apple.com/go/applebot)"
17.246.15.236 - - [28/Apr/2026:05:07:38 +0000] "GET /tag/destination-wedding/feed/ HTTP/1.1" 200 9088 "-" "Mozilla/5.0 (Macintosh; Intel Mac OS X 10_15_7) AppleWebKit/605.1.15 (KHTML, like Gecko) Version/17.4 Safari/605.1.15 (Applebot/0.1; +http://www.apple.com/go/applebot)"
184.94.212.206 - - [28/Apr/2026:05:10:55 +0000] "POST /wp-cron.php?doing_wp_cron=1777353055.8844020366668701171875 HTTP/1.1" 200 - "-" "WordPress/6.9.4; https://weddingmonitor.com"
114.119.154.9 - - [28/Apr/2026:05:10:54 +0000] "GET /author/h0tn1ch3s/page/7?noamp=mobile HTTP/1.1" 301 - "https://weddingmonitor.com/author/h0tn1ch3s/page/8?noamp=mobile" "Mozilla/5.0 (Linux; Android 7.0;) AppleWebKit/537.36 (HTML, like Gecko) Mobile Safari/537.36 (compatible; PetalBot;+https://webmaster.petalsearch.com/site/petalbot)"
114.119.154.9 - - [28/Apr/2026:05:10:56 +0000] "GET /author/h0tn1ch3s/page/7/?noamp=mobile HTTP/1.1" 200 17440 "https://weddingmonitor.com/author/h0tn1ch3s/page/8?noamp=mobile" "Mozilla/5.0 (Linux; Android 7.0;) AppleWebKit/537.36 (HTML, like Gecko) Mobile Safari/537.36 (compatible; PetalBot;+https://webmaster.petalsearch.com/site/petalbot)"
77.75.73.26 - - [28/Apr/2026:05:11:43 +0000] "GET /privacy-policy/ HTTP/1.1" 200 19478 "-" "Mozilla/5.0 (compatible; SeznamBot/4.0; +https://o-seznam.cz/napoveda/vyhledavani/en/seznambot-crawler/)"
184.94.212.206 - - [28/Apr/2026:05:11:49 +0000] "POST /wp-cron.php?doing_wp_cron=1777353109.3263440132141113281250 HTTP/1.1" 200 - "-" "WordPress/6.9.4; https://weddingmonitor.com"
147.235.223.182 - - [28/Apr/2026:05:11:48 +0000] "GET /tag/wedding-venue/ HTTP/1.1" 200 15866 "-" "Mozilla/5.0 (Macintosh; Intel Mac OS X 10_15_7) AppleWebKit/537.36 (KHTML, like Gecko) Chrome/98.0.4758.80 Safari/537.36"
184.94.212.206 - - [28/Apr/2026:05:12:19 +0000] "POST /wp-cron.php?doing_wp_cron=1777353139.0754721164703369140625 HTTP/1.1" 200 - "-" "WordPress/6.9.4; https://weddingmonitor.com"
192.0.102.230 - - [28/Apr/2026:05:12:18 +0000] "HEAD / HTTP/1.1" 200 - "-" "jetmon/1.0 (Jetpack Site Uptime Monitor by WordPress.com)"
92.238.39.120 - - [28/Apr/2026:05:14:09 +0000] "GET /tag/bank-account/?amp HTTP/1.1" 200 15898 "-" "Mozilla/5.0 (Macintosh; Intel Mac OS X 10_15_7) AppleWebKit/537.36 (KHTML, like Gecko) Chrome/120.0.0.0 Safari/537.36"
114.119.154.9 - - [28/Apr/2026:05:14:50 +0000] "GET /author/h0tn1ch3s/page/10 HTTP/1.1" 301 - "https://weddingmonitor.com/author/h0tn1ch3s/page/10" "Mozilla/5.0 (Linux; Android 7.0;) AppleWebKit/537.36 (HTML, like Gecko) Mobile Safari/537.36 (compatible; PetalBot;+https://webmaster.petalsearch.com/site/petalbot)"
114.119.154.9 - - [28/Apr/2026:05:14:51 +0000] "GET /author/h0tn1ch3s/page/10/ HTTP/1.1" 200 20305 "https://weddingmonitor.com/author/h0tn1ch3s/page/10" "Mozilla/5.0 (Linux; Android 7.0;) AppleWebKit/537.36 (HTML, like Gecko) Mobile Safari/537.36 (compatible; PetalBot;+https://webmaster.petalsearch.com/site/petalbot)"
184.94.212.206 - - [28/Apr/2026:05:15:58 +0000] "POST /wp-cron.php?doing_wp_cron=1777353358.1536040306091308593750 HTTP/1.1" 200 - "-" "WordPress/6.9.4; https://weddingmonitor.com"
14.237.169.255 - - [28/Apr/2026:05:15:56 +0000] "GET /what-is-the-average-cost-of-wedding-flowers/?share=facebook HTTP/1.1" 302 - "-" "Mozilla/5.0 (Macintosh; Intel Mac OS X 10_15_7) AppleWebKit/537.36 (KHTML, like Gecko) Chrome/94.0.4606.114 Safari/537.36"
184.94.212.206 - - [28/Apr/2026:05:17:23 +0000] "POST /wp-cron.php?doing_wp_cron=1777353443.3690810203552246093750 HTTP/1.1" 200 - "-" "WordPress/6.9.4; https://weddingmonitor.com"
192.0.102.230 - - [28/Apr/2026:05:17:21 +0000] "HEAD / HTTP/1.1" 200 - "-" "jetmon/1.0 (Jetpack Site Uptime Monitor by WordPress.com)"
114.119.142.43 - - [28/Apr/2026:05:19:17 +0000] "GET /tying-the-knot-soon-remember-these-wedding-planning-tips/?noamp=mobile HTTP/1.1" 200 20523 "https://weddingmonitor.com/tying-the-knot-soon-remember-these-wedding-planning-tips?noamp=mobile" "Mozilla/5.0 (Linux; Android 7.0;) AppleWebKit/537.36 (HTML, like Gecko) Mobile Safari/537.36 (compatible; PetalBot;+https://webmaster.petalsearch.com/site/petalbot)"
2.57.168.21 - - [28/Apr/2026:05:19:30 +0000] "POST /wp-login.php HTTP/1.1" 401 3452 "-" "Mozilla/5.0"
184.94.212.206 - - [28/Apr/2026:05:20:41 +0000] "POST /wp-cron.php?doing_wp_cron=1777353641.6232180595397949218750 HTTP/1.1" 200 - "-" "WordPress/6.9.4; https://weddingmonitor.com"
99.102.153.245 - - [28/Apr/2026:05:20:40 +0000] "GET /tag/group-activities/ HTTP/1.1" 200 16273 "-" "Mozilla/5.0 (Macintosh; Intel Mac OS X 10_15_7) AppleWebKit/537.36 (KHTML, like Gecko) Chrome/136.0.0.0 Safari/537.36"
184.94.212.206 - - [28/Apr/2026:05:22:25 +0000] "POST /wp-cron.php?doing_wp_cron=1777353745.3605229854583740234375 HTTP/1.1" 200 - "-" "WordPress/6.9.4; https://weddingmonitor.com"
192.0.102.230 - - [28/Apr/2026:05:22:23 +0000] "HEAD / HTTP/1.1" 200 - "-" "jetmon/1.0 (Jetpack Site Uptime Monitor by WordPress.com)"
114.119.145.212 - - [28/Apr/2026:05:22:48 +0000] "GET /all-you-need-to-know-about-great-wedding-ceremonies/?share=twitter&noamp=mobile HTTP/1.1" 302 - "https://weddingmonitor.com/all-you-need-to-know-about-great-wedding-ceremonies/?share=twitter&amp" "Mozilla/5.0 (Linux; Android 7.0;) AppleWebKit/537.36 (HTML, like Gecko) Mobile Safari/537.36 (compatible; PetalBot;+https://webmaster.petalsearch.com/site/petalbot)"
114.119.154.9 - - [28/Apr/2026:05:26:42 +0000] "GET /advice-for-making-your-wedding-a-memorable-experience/?share=x HTTP/1.1" 302 - "https://weddingmonitor.com/advice-for-making-your-wedding-a-memorable-experience/?noamp=mobile" "Mozilla/5.0 (Linux; Android 7.0;) AppleWebKit/537.36 (HTML, like Gecko) Mobile Safari/537.36 (compatible; PetalBot;+https://webmaster.petalsearch.com/site/petalbot)"
184.94.212.206 - - [28/Apr/2026:05:27:19 +0000] "POST /wp-cron.php?doing_wp_cron=1777354039.8235409259796142578125 HTTP/1.1" 200 - "-" "WordPress/6.9.4; https://weddingmonitor.com"
192.0.102.230 - - [28/Apr/2026:05:27:18 +0000] "HEAD / HTTP/1.1" 200 - "-" "jetmon/1.0 (Jetpack Site Uptime Monitor by WordPress.com)"
142.167.145.236 - - [28/Apr/2026:05:28:19 +0000] "GET /wedding-ideas-to-help-plan-your-special-day/ HTTP/1.1" 200 20486 "-" "Mozilla/5.0 (Macintosh; Intel Mac OS X 10_15_7) AppleWebKit/537.36 (KHTML, like Gecko) Chrome/120.0.0.0 Safari/537.36"
184.94.212.206 - - [28/Apr/2026:05:30:41 +0000] "POST /wp-cron.php?doing_wp_cron=1777354241.4595279693603515625000 HTTP/1.1" 200 - "-" "WordPress/6.9.4; https://weddingmonitor.com"
114.119.142.43 - - [28/Apr/2026:05:30:39 +0000] "GET /2020/03/page/3/ HTTP/1.1" 200 16787 "https://weddingmonitor.com/2020/03/page/3" "Mozilla/5.0 (Linux; Android 7.0;) AppleWebKit/537.36 (HTML, like Gecko) Mobile Safari/537.36 (compatible; PetalBot;+https://webmaster.petalsearch.com/site/petalbot)"
184.94.212.206 - - [28/Apr/2026:05:32:23 +0000] "POST /wp-cron.php?doing_wp_cron=1777354343.2660670280456542968750 HTTP/1.1" 200 - "-" "WordPress/6.9.4; https://weddingmonitor.com"
192.0.102.230 - - [28/Apr/2026:05:32:21 +0000] "HEAD / HTTP/1.1" 200 - "-" "jetmon/1.0 (Jetpack Site Uptime Monitor by WordPress.com)"
184.94.212.206 - - [28/Apr/2026:05:33:39 +0000] "POST /wp-cron.php?doing_wp_cron=1777354419.1330950260162353515625 HTTP/1.1" 200 - "-" "WordPress/6.9.4; https://weddingmonitor.com"
2.57.168.7 - - [28/Apr/2026:05:33:37 +0000] "POST /wp-login.php HTTP/1.1" 401 3453 "-" "Mozilla/5.0"
184.94.212.206 - - [28/Apr/2026:05:37:21 +0000] "POST /wp-cron.php?doing_wp_cron=1777354641.6691288948059082031250 HTTP/1.1" 200 - "-" "WordPress/6.9.4; https://weddingmonitor.com"
192.0.102.230 - - [28/Apr/2026:05:37:20 +0000] "HEAD / HTTP/1.1" 200 - "-" "jetmon/1.0 (Jetpack Site Uptime Monitor by WordPress.com)"
184.94.212.206 - - [28/Apr/2026:05:41:30 +0000] "POST /wp-cron.php?doing_wp_cron=1777354890.7743968963623046875000 HTTP/1.1" 200 - "-" "WordPress/6.9.4; https://weddingmonitor.com"
14.239.94.224 - - [28/Apr/2026:05:41:29 +0000] "GET /tag/wedding-venue/ HTTP/1.1" 200 15825 "-" "Mozilla/5.0 (Macintosh; Intel Mac OS X 14.6; rv:127.0) Gecko/20100101 Firefox/127.0"
184.94.212.206 - - [28/Apr/2026:05:42:20 +0000] "POST /wp-cron.php?doing_wp_cron=1777354940.8815119266510009765625 HTTP/1.1" 200 - "-" "WordPress/6.9.4; https://weddingmonitor.com"
192.0.102.230 - - [28/Apr/2026:05:42:19 +0000] "HEAD / HTTP/1.1" 200 - "-" "jetmon/1.0 (Jetpack Site Uptime Monitor by WordPress.com)"
72.82.133.180 - - [28/Apr/2026:05:43:31 +0000] "GET /how-to-keep-things-running-smoothly-on-your-wedding-day/ HTTP/1.1" 200 20679 "-" "Mozilla/5.0 (Windows NT 10.0; Win64; x64) AppleWebKit/537.36 (KHTML, like Gecko) Chrome/107.0.0.0 Safari/537.36"
184.94.212.206 - - [28/Apr/2026:05:47:20 +0000] "POST /wp-cron.php?doing_wp_cron=1777355240.3070108890533447265625 HTTP/1.1" 200 - "-" "WordPress/6.9.4; https://weddingmonitor.com"
192.0.102.230 - - [28/Apr/2026:05:47:18 +0000] "HEAD / HTTP/1.1" 200 - "-" "jetmon/1.0 (Jetpack Site Uptime Monitor by WordPress.com)"
2.57.168.27 - - [28/Apr/2026:05:47:38 +0000] "POST /wp-login.php HTTP/1.1" 401 3452 "-" "Mozilla/5.0"
103.59.161.159 - - [28/Apr/2026:05:48:20 +0000] "GET /wp-admin/profile.php HTTP/1.1" 302 - "http://weddingmonitor.com/wp-login.php" "Mozilla/5.0 (X11; Linux x86_64) AppleWebKit/537.36 (KHTML, like Gecko) Chrome/129.0.0.0 Safari/537.36"
103.59.161.159 - - [28/Apr/2026:05:48:21 +0000] "GET /wp-login.php?redirect_to=https%3A%2F%2Fweddingmonitor.com%2Fwp-admin%2Fprofile.php&reauth=1 HTTP/1.1" 200 3845 "http://weddingmonitor.com/wp-login.php" "Mozilla/5.0 (X11; Linux x86_64) AppleWebKit/537.36 (KHTML, like Gecko) Chrome/129.0.0.0 Safari/537.36"
103.59.161.159 - - [28/Apr/2026:05:48:34 +0000] "GET /wp-admin/index.php HTTP/1.1" 302 - "http://weddingmonitor.com/wp-login.php" "Mozilla/5.0 (Macintosh; Intel Mac OS X 14_5; rv:127.0) Gecko/20100101 Firefox/127.0"
103.59.161.159 - - [28/Apr/2026:05:48:35 +0000] "GET /wp-login.php?redirect_to=https%3A%2F%2Fweddingmonitor.com%2Fwp-admin%2Findex.php&reauth=1 HTTP/1.1" 200 3846 "http://weddingmonitor.com/wp-login.php" "Mozilla/5.0 (Macintosh; Intel Mac OS X 14_5; rv:127.0) Gecko/20100101 Firefox/127.0"
103.59.161.159 - - [28/Apr/2026:05:48:38 +0000] "GET /wp-admin/index.php HTTP/1.1" 302 - "http://weddingmonitor.com/wp-login.php" "Mozilla/5.0 (Macintosh; Intel Mac OS X 14_5; rv:127.0) Gecko/20100101 Firefox/127.0"
103.59.161.159 - - [28/Apr/2026:05:48:40 +0000] "GET /wp-login.php?redirect_to=https%3A%2F%2Fweddingmonitor.com%2Fwp-admin%2Findex.php&reauth=1 HTTP/1.1" 200 3844 "http://weddingmonitor.com/wp-login.php" "Mozilla/5.0 (Macintosh; Intel Mac OS X 14_5; rv:127.0) Gecko/20100101 Firefox/127.0"
103.59.161.159 - - [28/Apr/2026:05:48:43 +0000] "GET /wp-admin/index.php HTTP/1.1" 302 - "http://weddingmonitor.com/wp-login.php" "Mozilla/5.0 (Windows NT 11.0; Win64; x64) AppleWebKit/537.36 (KHTML, like Gecko) Chrome/126.0.0.0 Safari/537.36"
103.59.161.159 - - [28/Apr/2026:05:48:45 +0000] "GET /wp-login.php?redirect_to=https%3A%2F%2Fweddingmonitor.com%2Fwp-admin%2Findex.php&reauth=1 HTTP/1.1" 200 3846 "http://weddingmonitor.com/wp-login.php" "Mozilla/5.0 (Windows NT 11.0; Win64; x64) AppleWebKit/537.36 (KHTML, like Gecko) Chrome/126.0.0.0 Safari/537.36"
103.59.161.159 - - [28/Apr/2026:05:48:48 +0000] "GET /wp-admin/index.php HTTP/1.1" 302 - "http://weddingmonitor.com/wp-login.php" "Mozilla/5.0 (Macintosh; Intel Mac OS X 15_0) AppleWebKit/537.36 (KHTML, like Gecko) Chrome/126.0.0.0 Safari/537.36"
103.59.161.159 - - [28/Apr/2026:05:48:49 +0000] "GET /wp-login.php?redirect_to=https%3A%2F%2Fweddingmonitor.com%2Fwp-admin%2Findex.php&reauth=1 HTTP/1.1" 200 3845 "http://weddingmonitor.com/wp-login.php" "Mozilla/5.0 (Macintosh; Intel Mac OS X 15_0) AppleWebKit/537.36 (KHTML, like Gecko) Chrome/126.0.0.0 Safari/537.36"
103.59.161.159 - - [28/Apr/2026:05:48:52 +0000] "GET /wp-admin/index.php HTTP/1.1" 302 - "http://weddingmonitor.com/wp-login.php" "Mozilla/5.0 (Macintosh; Intel Mac OS X 15_0) AppleWebKit/537.36 (KHTML, like Gecko) Chrome/128.0.0.0 Safari/537.36"
103.59.161.159 - - [28/Apr/2026:05:48:54 +0000] "GET /wp-login.php?redirect_to=https%3A%2F%2Fweddingmonitor.com%2Fwp-admin%2Findex.php&reauth=1 HTTP/1.1" 200 3845 "http://weddingmonitor.com/wp-login.php" "Mozilla/5.0 (Macintosh; Intel Mac OS X 15_0) AppleWebKit/537.36 (KHTML, like Gecko) Chrome/128.0.0.0 Safari/537.36"
103.59.161.159 - - [28/Apr/2026:05:48:57 +0000] "GET /wp-admin/index.php HTTP/1.1" 302 - "http://weddingmonitor.com/wp-login.php" "Mozilla/5.0 (X11; Ubuntu; Linux x86_64) AppleWebKit/537.36 (KHTML, like Gecko) Chrome/129.0.0.0 Safari/537.36"
103.59.161.159 - - [28/Apr/2026:05:48:58 +0000] "GET /wp-login.php?redirect_to=https%3A%2F%2Fweddingmonitor.com%2Fwp-admin%2Findex.php&reauth=1 HTTP/1.1" 200 3846 "http://weddingmonitor.com/wp-login.php" "Mozilla/5.0 (X11; Ubuntu; Linux x86_64) AppleWebKit/537.36 (KHTML, like Gecko) Chrome/129.0.0.0 Safari/537.36"
103.59.161.159 - - [28/Apr/2026:05:49:01 +0000] "GET /wp-admin/index.php HTTP/1.1" 302 - "http://weddingmonitor.com/wp-login.php" "Mozilla/5.0 (Windows NT 11.0; Win64; x64; rv:128.0) Gecko/20100101 Firefox/128.0"
103.59.161.159 - - [28/Apr/2026:05:49:03 +0000] "GET /wp-login.php?redirect_to=https%3A%2F%2Fweddingmonitor.com%2Fwp-admin%2Findex.php&reauth=1 HTTP/1.1" 200 3846 "http://weddingmonitor.com/wp-login.php" "Mozilla/5.0 (Windows NT 11.0; Win64; x64; rv:128.0) Gecko/20100101 Firefox/128.0"
184.94.212.206 - - [28/Apr/2026:05:49:18 +0000] "POST /wp-cron.php?doing_wp_cron=1777355358.8356409072875976562500 HTTP/1.1" 200 - "-" "WordPress/6.9.4; https://weddingmonitor.com"
103.59.161.159 - - [28/Apr/2026:05:49:17 +0000] "GET /wp-admin/edit.php HTTP/1.1" 302 - "http://weddingmonitor.com/wp-login.php" "Mozilla/5.0 (Windows NT 10.0; Win64; x64) AppleWebKit/537.36 (KHTML, like Gecko) Chrome/126.0.0.0 Safari/537.36"
103.59.161.159 - - [28/Apr/2026:05:49:19 +0000] "GET /wp-login.php?redirect_to=https%3A%2F%2Fweddingmonitor.com%2Fwp-admin%2Fedit.php&reauth=1 HTTP/1.1" 200 3844 "http://weddingmonitor.com/wp-login.php" "Mozilla/5.0 (Windows NT 10.0; Win64; x64) AppleWebKit/537.36 (KHTML, like Gecko) Chrome/126.0.0.0 Safari/537.36"
103.59.161.159 - - [28/Apr/2026:05:49:24 +0000] "GET /wp-admin/index.php HTTP/1.1" 302 - "http://weddingmonitor.com/wp-login.php" "Mozilla/5.0 (Macintosh; Intel Mac OS X 14_5; rv:126.0) Gecko/20100101 Firefox/126.0"
103.59.161.159 - - [28/Apr/2026:05:49:26 +0000] "GET /wp-login.php?redirect_to=https%3A%2F%2Fweddingmonitor.com%2Fwp-admin%2Findex.php&reauth=1 HTTP/1.1" 200 3846 "http://weddingmonitor.com/wp-login.php" "Mozilla/5.0 (Macintosh; Intel Mac OS X 14_5; rv:126.0) Gecko/20100101 Firefox/126.0"
103.59.161.159 - - [28/Apr/2026:05:49:29 +0000] "GET /wp-admin/index.php HTTP/1.1" 302 - "http://weddingmonitor.com/wp-login.php" "Mozilla/5.0 (Macintosh; Intel Mac OS X 14_5) AppleWebKit/605.1.15 (KHTML, like Gecko) Version/17.5 Safari/605.1.15"
103.59.161.159 - - [28/Apr/2026:05:49:31 +0000] "GET /wp-login.php?redirect_to=https%3A%2F%2Fweddingmonitor.com%2Fwp-admin%2Findex.php&reauth=1 HTTP/1.1" 200 3846 "http://weddingmonitor.com/wp-login.php" "Mozilla/5.0 (Macintosh; Intel Mac OS X 14_5) AppleWebKit/605.1.15 (KHTML, like Gecko) Version/17.5 Safari/605.1.15"
103.59.161.159 - - [28/Apr/2026:05:49:34 +0000] "GET /wp-admin/index.php HTTP/1.1" 302 - "http://weddingmonitor.com/wp-login.php" "Mozilla/5.0 (Windows NT 11.0; Win64; x64; rv:126.0) Gecko/20100101 Firefox/126.0"
103.59.161.159 - - [28/Apr/2026:05:49:36 +0000] "GET /wp-login.php?redirect_to=https%3A%2F%2Fweddingmonitor.com%2Fwp-admin%2Findex.php&reauth=1 HTTP/1.1" 200 3846 "http://weddingmonitor.com/wp-login.php" "Mozilla/5.0 (Windows NT 11.0; Win64; x64; rv:126.0) Gecko/20100101 Firefox/126.0"
103.59.161.159 - - [28/Apr/2026:05:49:41 +0000] "GET /wp-admin/index.php HTTP/1.1" 302 - "http://weddingmonitor.com/wp-login.php" "Mozilla/5.0 (Macintosh; Intel Mac OS X 15_0) AppleWebKit/605.1.15 (KHTML, like Gecko) Version/18.0 Safari/605.1.15"
103.59.161.159 - - [28/Apr/2026:05:49:43 +0000] "GET /wp-login.php?redirect_to=https%3A%2F%2Fweddingmonitor.com%2Fwp-admin%2Findex.php&reauth=1 HTTP/1.1" 200 3844 "http://weddingmonitor.com/wp-login.php" "Mozilla/5.0 (Macintosh; Intel Mac OS X 15_0) AppleWebKit/605.1.15 (KHTML, like Gecko) Version/18.0 Safari/605.1.15"
103.59.161.159 - - [28/Apr/2026:05:49:46 +0000] "GET /wp-admin/index.php HTTP/1.1" 302 - "http://weddingmonitor.com/wp-login.php" "Mozilla/5.0 (Macintosh; Intel Mac OS X 14_5) AppleWebKit/605.1.15 (KHTML, like Gecko) Version/18.0 Safari/605.1.15"
184.94.212.206 - - [28/Apr/2026:05:49:50 +0000] "POST /wp-cron.php?doing_wp_cron=1777355390.6047699451446533203125 HTTP/1.1" 200 - "-" "WordPress/6.9.4; https://weddingmonitor.com"
103.59.161.159 - - [28/Apr/2026:05:49:49 +0000] "GET /wp-login.php?redirect_to=https%3A%2F%2Fweddingmonitor.com%2Fwp-admin%2Findex.php&reauth=1 HTTP/1.1" 200 3847 "http://weddingmonitor.com/wp-login.php" "Mozilla/5.0 (Macintosh; Intel Mac OS X 14_5) AppleWebKit/605.1.15 (KHTML, like Gecko) Version/18.0 Safari/605.1.15"
103.59.161.159 - - [28/Apr/2026:05:49:55 +0000] "GET /wp-admin/index.php HTTP/1.1" 302 - "http://weddingmonitor.com/wp-login.php" "Mozilla/5.0 (Windows NT 10.0; Win64; x64; rv:128.0) Gecko/20100101 Firefox/128.0"
103.59.161.159 - - [28/Apr/2026:05:49:56 +0000] "GET /wp-login.php?redirect_to=https%3A%2F%2Fweddingmonitor.com%2Fwp-admin%2Findex.php&reauth=1 HTTP/1.1" 200 3846 "http://weddingmonitor.com/wp-login.php" "Mozilla/5.0 (Windows NT 10.0; Win64; x64; rv:128.0) Gecko/20100101 Firefox/128.0"
103.59.161.159 - - [28/Apr/2026:05:50:00 +0000] "GET /wp-admin/index.php HTTP/1.1" 302 - "http://weddingmonitor.com/wp-login.php" "Mozilla/5.0 (X11; Ubuntu; Linux x86_64) AppleWebKit/537.36 (KHTML, like Gecko) Chrome/128.0.0.0 Safari/537.36"
103.59.161.159 - - [28/Apr/2026:05:50:02 +0000] "GET /wp-login.php?redirect_to=https%3A%2F%2Fweddingmonitor.com%2Fwp-admin%2Findex.php&reauth=1 HTTP/1.1" 200 3847 "http://weddingmonitor.com/wp-login.php" "Mozilla/5.0 (X11; Ubuntu; Linux x86_64) AppleWebKit/537.36 (KHTML, like Gecko) Chrome/128.0.0.0 Safari/537.36"
103.59.161.159 - - [28/Apr/2026:05:50:05 +0000] "GET /wp-admin/index.php HTTP/1.1" 302 - "http://weddingmonitor.com/wp-login.php" "Mozilla/5.0 (Windows NT 11.0; Win64; x64) AppleWebKit/537.36 (KHTML, like Gecko) Chrome/126.0.0.0 Safari/537.36"
103.59.161.159 - - [28/Apr/2026:05:50:07 +0000] "GET /wp-login.php?redirect_to=https%3A%2F%2Fweddingmonitor.com%2Fwp-admin%2Findex.php&reauth=1 HTTP/1.1" 200 3844 "http://weddingmonitor.com/wp-login.php" "Mozilla/5.0 (Windows NT 11.0; Win64; x64) AppleWebKit/537.36 (KHTML, like Gecko) Chrome/126.0.0.0 Safari/537.36"
103.59.161.159 - - [28/Apr/2026:05:50:10 +0000] "GET /wp-admin/index.php HTTP/1.1" 302 - "http://weddingmonitor.com/wp-login.php" "Mozilla/5.0 (Windows NT 10.0; Win64; x64) AppleWebKit/537.36 (KHTML, like Gecko) Chrome/128.0.0.0 Safari/537.36"
103.59.161.159 - - [28/Apr/2026:05:50:12 +0000] "GET /wp-login.php?redirect_to=https%3A%2F%2Fweddingmonitor.com%2Fwp-admin%2Findex.php&reauth=1 HTTP/1.1" 200 3848 "http://weddingmonitor.com/wp-login.php" "Mozilla/5.0 (Windows NT 10.0; Win64; x64) AppleWebKit/537.36 (KHTML, like Gecko) Chrome/128.0.0.0 Safari/537.36"
103.59.161.159 - - [28/Apr/2026:05:50:15 +0000] "GET /wp-admin/index.php HTTP/1.1" 302 - "http://weddingmonitor.com/wp-login.php" "Mozilla/5.0 (Windows NT 11.0; Win64; x64) AppleWebKit/537.36 (KHTML, like Gecko) Chrome/126.0.0.0 Safari/537.36"
103.59.161.159 - - [28/Apr/2026:05:50:17 +0000] "GET /wp-login.php?redirect_to=https%3A%2F%2Fweddingmonitor.com%2Fwp-admin%2Findex.php&reauth=1 HTTP/1.1" 200 3846 "http://weddingmonitor.com/wp-login.php" "Mozilla/5.0 (Windows NT 11.0; Win64; x64) AppleWebKit/537.36 (KHTML, like Gecko) Chrome/126.0.0.0 Safari/537.36"
103.59.161.159 - - [28/Apr/2026:05:50:20 +0000] "GET /wp-admin/index.php HTTP/1.1" 302 - "http://weddingmonitor.com/wp-login.php" "Mozilla/5.0 (X11; Ubuntu; Linux x86_64) AppleWebKit/537.36 (KHTML, like Gecko) Chrome/126.0.0.0 Safari/537.36"
103.59.161.159 - - [28/Apr/2026:05:50:22 +0000] "GET /wp-login.php?redirect_to=https%3A%2F%2Fweddingmonitor.com%2Fwp-admin%2Findex.php&reauth=1 HTTP/1.1" 200 3846 "http://weddingmonitor.com/wp-login.php" "Mozilla/5.0 (X11; Ubuntu; Linux x86_64) AppleWebKit/537.36 (KHTML, like Gecko) Chrome/126.0.0.0 Safari/537.36"
103.59.161.159 - - [28/Apr/2026:05:50:25 +0000] "GET /wp-admin/index.php HTTP/1.1" 302 - "http://weddingmonitor.com/wp-login.php" "Mozilla/5.0 (Macintosh; Intel Mac OS X 14_5) AppleWebKit/537.36 (KHTML, like Gecko) Chrome/126.0.0.0 Safari/537.36"
103.59.161.159 - - [28/Apr/2026:05:50:27 +0000] "GET /wp-login.php?redirect_to=https%3A%2F%2Fweddingmonitor.com%2Fwp-admin%2Findex.php&reauth=1 HTTP/1.1" 200 3844 "http://weddingmonitor.com/wp-login.php" "Mozilla/5.0 (Macintosh; Intel Mac OS X 14_5) AppleWebKit/537.36 (KHTML, like Gecko) Chrome/126.0.0.0 Safari/537.36"
103.59.161.159 - - [28/Apr/2026:05:50:31 +0000] "GET /wp-admin/index.php HTTP/1.1" 302 - "http://weddingmonitor.com/wp-login.php" "Mozilla/5.0 (Macintosh; Intel Mac OS X 14_5) AppleWebKit/605.1.15 (KHTML, like Gecko) Version/17.5 Safari/605.1.15"
103.59.161.159 - - [28/Apr/2026:05:50:32 +0000] "GET /wp-login.php?redirect_to=https%3A%2F%2Fweddingmonitor.com%2Fwp-admin%2Findex.php&reauth=1 HTTP/1.1" 200 3848 "http://weddingmonitor.com/wp-login.php" "Mozilla/5.0 (Macintosh; Intel Mac OS X 14_5) AppleWebKit/605.1.15 (KHTML, like Gecko) Version/17.5 Safari/605.1.15"
103.59.161.159 - - [28/Apr/2026:05:50:36 +0000] "GET /wp-admin/index.php HTTP/1.1" 302 - "http://weddingmonitor.com/wp-login.php" "Mozilla/5.0 (Macintosh; Intel Mac OS X 15_0) AppleWebKit/537.36 (KHTML, like Gecko) Chrome/128.0.0.0 Safari/537.36"
103.59.161.159 - - [28/Apr/2026:05:50:37 +0000] "GET /wp-login.php?redirect_to=https%3A%2F%2Fweddingmonitor.com%2Fwp-admin%2Findex.php&reauth=1 HTTP/1.1" 200 3849 "http://weddingmonitor.com/wp-login.php" "Mozilla/5.0 (Macintosh; Intel Mac OS X 15_0) AppleWebKit/537.36 (KHTML, like Gecko) Chrome/128.0.0.0 Safari/537.36"
103.59.161.159 - - [28/Apr/2026:05:50:41 +0000] "GET /wp-admin/index.php HTTP/1.1" 302 - "http://weddingmonitor.com/wp-login.php" "Mozilla/5.0 (Macintosh; Intel Mac OS X 14_5) AppleWebKit/537.36 (KHTML, like Gecko) Chrome/129.0.0.0 Safari/537.36"
103.59.161.159 - - [28/Apr/2026:05:50:42 +0000] "GET /wp-login.php?redirect_to=https%3A%2F%2Fweddingmonitor.com%2Fwp-admin%2Findex.php&reauth=1 HTTP/1.1" 200 3846 "http://weddingmonitor.com/wp-login.php" "Mozilla/5.0 (Macintosh; Intel Mac OS X 14_5) AppleWebKit/537.36 (KHTML, like Gecko) Chrome/129.0.0.0 Safari/537.36"
103.59.161.159 - - [28/Apr/2026:05:50:46 +0000] "GET /wp-admin/index.php HTTP/1.1" 302 - "http://weddingmonitor.com/wp-login.php" "Mozilla/5.0 (X11; Ubuntu; Linux x86_64) AppleWebKit/537.36 (KHTML, like Gecko) Chrome/126.0.0.0 Safari/537.36"
103.59.161.159 - - [28/Apr/2026:05:50:47 +0000] "GET /wp-login.php?redirect_to=https%3A%2F%2Fweddingmonitor.com%2Fwp-admin%2Findex.php&reauth=1 HTTP/1.1" 200 3847 "http://weddingmonitor.com/wp-login.php" "Mozilla/5.0 (X11; Ubuntu; Linux x86_64) AppleWebKit/537.36 (KHTML, like Gecko) Chrome/126.0.0.0 Safari/537.36"
103.59.161.159 - - [28/Apr/2026:05:50:50 +0000] "GET /wp-admin/index.php HTTP/1.1" 302 - "http://weddingmonitor.com/wp-login.php" "Mozilla/5.0 (Macintosh; Intel Mac OS X 15_0; rv:127.0) Gecko/20100101 Firefox/127.0"
103.59.161.159 - - [28/Apr/2026:05:50:52 +0000] "GET /wp-login.php?redirect_to=https%3A%2F%2Fweddingmonitor.com%2Fwp-admin%2Findex.php&reauth=1 HTTP/1.1" 200 3846 "http://weddingmonitor.com/wp-login.php" "Mozilla/5.0 (Macintosh; Intel Mac OS X 15_0; rv:127.0) Gecko/20100101 Firefox/127.0"
103.59.161.159 - - [28/Apr/2026:05:50:55 +0000] "GET /wp-admin/index.php HTTP/1.1" 302 - "http://weddingmonitor.com/wp-login.php" "Mozilla/5.0 (Macintosh; Intel Mac OS X 14_5) AppleWebKit/537.36 (KHTML, like Gecko) Chrome/129.0.0.0 Safari/537.36"
103.59.161.159 - - [28/Apr/2026:05:50:57 +0000] "GET /wp-login.php?redirect_to=https%3A%2F%2Fweddingmonitor.com%2Fwp-admin%2Findex.php&reauth=1 HTTP/1.1" 200 3848 "http://weddingmonitor.com/wp-login.php" "Mozilla/5.0 (Macintosh; Intel Mac OS X 14_5) AppleWebKit/537.36 (KHTML, like Gecko) Chrome/129.0.0.0 Safari/537.36"
103.59.161.159 - - [28/Apr/2026:05:51:00 +0000] "GET /wp-admin/index.php HTTP/1.1" 302 - "http://weddingmonitor.com/wp-login.php" "Mozilla/5.0 (Windows NT 11.0; Win64; x64; rv:126.0) Gecko/20100101 Firefox/126.0"
103.59.161.159 - - [28/Apr/2026:05:51:02 +0000] "GET /wp-login.php?redirect_to=https%3A%2F%2Fweddingmonitor.com%2Fwp-admin%2Findex.php&reauth=1 HTTP/1.1" 200 3844 "http://weddingmonitor.com/wp-login.php" "Mozilla/5.0 (Windows NT 11.0; Win64; x64; rv:126.0) Gecko/20100101 Firefox/126.0"
216.73.217.100 - - [28/Apr/2026:05:51:04 +0000] "GET /robots.txt HTTP/1.1" 200 145 "-" "Mozilla/5.0 AppleWebKit/537.36 (KHTML, like Gecko; compatible; ClaudeBot/1.0; +claudebot@anthropic.com)"
216.73.217.100 - - [28/Apr/2026:05:51:05 +0000] "GET /news-sitemap.xml HTTP/1.1" 200 310 "-" "Mozilla/5.0 AppleWebKit/537.36 (KHTML, like Gecko; compatible; ClaudeBot/1.0; +claudebot@anthropic.com)"
103.59.161.159 - - [28/Apr/2026:05:51:06 +0000] "GET /wp-admin/index.php HTTP/1.1" 302 - "http://weddingmonitor.com/wp-login.php" "Mozilla/5.0 (Macintosh; Intel Mac OS X 15_0) AppleWebKit/605.1.15 (KHTML, like Gecko) Version/18.0 Safari/605.1.15"
103.59.161.159 - - [28/Apr/2026:05:51:08 +0000] "GET /wp-login.php?redirect_to=https%3A%2F%2Fweddingmonitor.com%2Fwp-admin%2Findex.php&reauth=1 HTTP/1.1" 200 3844 "http://weddingmonitor.com/wp-login.php" "Mozilla/5.0 (Macintosh; Intel Mac OS X 15_0) AppleWebKit/605.1.15 (KHTML, like Gecko) Version/18.0 Safari/605.1.15"
103.59.161.159 - - [28/Apr/2026:05:51:11 +0000] "GET /wp-admin/index.php HTTP/1.1" 302 - "http://weddingmonitor.com/wp-login.php" "Mozilla/5.0 (X11; Ubuntu; Linux x86_64) AppleWebKit/537.36 (KHTML, like Gecko) Chrome/126.0.0.0 Safari/537.36"
103.59.161.159 - - [28/Apr/2026:05:51:13 +0000] "GET /wp-login.php?redirect_to=https%3A%2F%2Fweddingmonitor.com%2Fwp-admin%2Findex.php&reauth=1 HTTP/1.1" 200 3842 "http://weddingmonitor.com/wp-login.php" "Mozilla/5.0 (X11; Ubuntu; Linux x86_64) AppleWebKit/537.36 (KHTML, like Gecko) Chrome/126.0.0.0 Safari/537.36"
103.59.161.159 - - [28/Apr/2026:05:51:16 +0000] "GET /wp-admin/index.php HTTP/1.1" 302 - "http://weddingmonitor.com/wp-login.php" "Mozilla/5.0 (Macintosh; Intel Mac OS X 14_5; rv:126.0) Gecko/20100101 Firefox/126.0"
103.59.161.159 - - [28/Apr/2026:05:51:18 +0000] "GET /wp-login.php?redirect_to=https%3A%2F%2Fweddingmonitor.com%2Fwp-admin%2Findex.php&reauth=1 HTTP/1.1" 200 3844 "http://weddingmonitor.com/wp-login.php" "Mozilla/5.0 (Macintosh; Intel Mac OS X 14_5; rv:126.0) Gecko/20100101 Firefox/126.0"
103.59.161.159 - - [28/Apr/2026:05:51:23 +0000] "GET /wp-admin/index.php HTTP/1.1" 302 - "http://weddingmonitor.com/wp-login.php" "Mozilla/5.0 (Macintosh; Intel Mac OS X 14_5) AppleWebKit/605.1.15 (KHTML, like Gecko) Version/18.0 Safari/605.1.15"
103.59.161.159 - - [28/Apr/2026:05:51:25 +0000] "GET /wp-login.php?redirect_to=https%3A%2F%2Fweddingmonitor.com%2Fwp-admin%2Findex.php&reauth=1 HTTP/1.1" 200 3845 "http://weddingmonitor.com/wp-login.php" "Mozilla/5.0 (Macintosh; Intel Mac OS X 14_5) AppleWebKit/605.1.15 (KHTML, like Gecko) Version/18.0 Safari/605.1.15"
103.59.161.159 - - [28/Apr/2026:05:51:28 +0000] "GET /wp-admin/index.php HTTP/1.1" 302 - "http://weddingmonitor.com/wp-login.php" "Mozilla/5.0 (X11; Linux x86_64) AppleWebKit/537.36 (KHTML, like Gecko) Chrome/127.0.0.0 Safari/537.36"
103.59.161.159 - - [28/Apr/2026:05:51:31 +0000] "GET /wp-login.php?redirect_to=https%3A%2F%2Fweddingmonitor.com%2Fwp-admin%2Findex.php&reauth=1 HTTP/1.1" 200 3847 "http://weddingmonitor.com/wp-login.php" "Mozilla/5.0 (X11; Linux x86_64) AppleWebKit/537.36 (KHTML, like Gecko) Chrome/127.0.0.0 Safari/537.36"
103.59.161.159 - - [28/Apr/2026:05:51:34 +0000] "GET /wp-admin/index.php HTTP/1.1" 302 - "http://weddingmonitor.com/wp-login.php" "Mozilla/5.0 (Windows NT 11.0; Win64; x64) AppleWebKit/537.36 (KHTML, like Gecko) Chrome/126.0.0.0 Safari/537.36"
103.59.161.159 - - [28/Apr/2026:05:51:36 +0000] "GET /wp-login.php?redirect_to=https%3A%2F%2Fweddingmonitor.com%2Fwp-admin%2Findex.php&reauth=1 HTTP/1.1" 200 3847 "http://weddingmonitor.com/wp-login.php" "Mozilla/5.0 (Windows NT 11.0; Win64; x64) AppleWebKit/537.36 (KHTML, like Gecko) Chrome/126.0.0.0 Safari/537.36"
103.59.161.159 - - [28/Apr/2026:05:51:39 +0000] "GET /wp-admin/index.php HTTP/1.1" 302 - "http://weddingmonitor.com/wp-login.php" "Mozilla/5.0 (Macintosh; Intel Mac OS X 15_0) AppleWebKit/605.1.15 (KHTML, like Gecko) Version/17.5 Safari/605.1.15"
103.59.161.159 - - [28/Apr/2026:05:51:40 +0000] "GET /wp-login.php?redirect_to=https%3A%2F%2Fweddingmonitor.com%2Fwp-admin%2Findex.php&reauth=1 HTTP/1.1" 200 3847 "http://weddingmonitor.com/wp-login.php" "Mozilla/5.0 (Macintosh; Intel Mac OS X 15_0) AppleWebKit/605.1.15 (KHTML, like Gecko) Version/17.5 Safari/605.1.15"
103.59.161.159 - - [28/Apr/2026:05:51:43 +0000] "GET /wp-admin/index.php HTTP/1.1" 302 - "http://weddingmonitor.com/wp-login.php" "Mozilla/5.0 (X11; Linux x86_64) AppleWebKit/537.36 (KHTML, like Gecko) Chrome/129.0.0.0 Safari/537.36"
103.59.161.159 - - [28/Apr/2026:05:51:45 +0000] "GET /wp-login.php?redirect_to=https%3A%2F%2Fweddingmonitor.com%2Fwp-admin%2Findex.php&reauth=1 HTTP/1.1" 200 3843 "http://weddingmonitor.com/wp-login.php" "Mozilla/5.0 (X11; Linux x86_64) AppleWebKit/537.36 (KHTML, like Gecko) Chrome/129.0.0.0 Safari/537.36"
184.94.212.206 - - [28/Apr/2026:05:51:48 +0000] "POST /wp-cron.php?doing_wp_cron=1777355508.9585950374603271484375 HTTP/1.1" 200 - "-" "WordPress/6.9.4; https://weddingmonitor.com"
103.59.161.159 - - [28/Apr/2026:05:51:48 +0000] "GET /wp-admin/index.php HTTP/1.1" 302 - "http://weddingmonitor.com/wp-login.php" "Mozilla/5.0 (Windows NT 10.0; Win64; x64; rv:128.0) Gecko/20100101 Firefox/128.0"
103.59.161.159 - - [28/Apr/2026:05:51:49 +0000] "GET /wp-login.php?redirect_to=https%3A%2F%2Fweddingmonitor.com%2Fwp-admin%2Findex.php&reauth=1 HTTP/1.1" 200 3846 "http://weddingmonitor.com/wp-login.php" "Mozilla/5.0 (Windows NT 10.0; Win64; x64; rv:128.0) Gecko/20100101 Firefox/128.0"
103.59.161.159 - - [28/Apr/2026:05:51:53 +0000] "GET /wp-admin/index.php HTTP/1.1" 302 - "http://weddingmonitor.com/wp-login.php" "Mozilla/5.0 (X11; Linux x86_64) AppleWebKit/537.36 (KHTML, like Gecko) Chrome/127.0.0.0 Safari/537.36"
103.59.161.159 - - [28/Apr/2026:05:51:55 +0000] "GET /wp-login.php?redirect_to=https%3A%2F%2Fweddingmonitor.com%2Fwp-admin%2Findex.php&reauth=1 HTTP/1.1" 200 3849 "http://weddingmonitor.com/wp-login.php" "Mozilla/5.0 (X11; Linux x86_64) AppleWebKit/537.36 (KHTML, like Gecko) Chrome/127.0.0.0 Safari/537.36"
103.59.161.159 - - [28/Apr/2026:05:51:58 +0000] "GET /wp-admin/index.php HTTP/1.1" 302 - "http://weddingmonitor.com/wp-login.php" "Mozilla/5.0 (X11; Linux x86_64) AppleWebKit/537.36 (KHTML, like Gecko) Chrome/126.0.0.0 Safari/537.36"
103.59.161.159 - - [28/Apr/2026:05:51:59 +0000] "GET /wp-login.php?redirect_to=https%3A%2F%2Fweddingmonitor.com%2Fwp-admin%2Findex.php&reauth=1 HTTP/1.1" 200 3844 "http://weddingmonitor.com/wp-login.php" "Mozilla/5.0 (X11; Linux x86_64) AppleWebKit/537.36 (KHTML, like Gecko) Chrome/126.0.0.0 Safari/537.36"
103.59.161.159 - - [28/Apr/2026:05:52:03 +0000] "GET /wp-admin/index.php HTTP/1.1" 302 - "http://weddingmonitor.com/wp-login.php" "Mozilla/5.0 (Macintosh; Intel Mac OS X 15_0) AppleWebKit/605.1.15 (KHTML, like Gecko) Version/18.0 Safari/605.1.15"
103.59.161.159 - - [28/Apr/2026:05:52:05 +0000] "GET /wp-login.php?redirect_to=https%3A%2F%2Fweddingmonitor.com%2Fwp-admin%2Findex.php&reauth=1 HTTP/1.1" 200 3844 "http://weddingmonitor.com/wp-login.php" "Mozilla/5.0 (Macintosh; Intel Mac OS X 15_0) AppleWebKit/605.1.15 (KHTML, like Gecko) Version/18.0 Safari/605.1.15"
103.59.161.159 - - [28/Apr/2026:05:52:09 +0000] "GET /wp-admin/index.php HTTP/1.1" 302 - "http://weddingmonitor.com/wp-login.php" "Mozilla/5.0 (X11; Ubuntu; Linux x86_64) AppleWebKit/537.36 (KHTML, like Gecko) Chrome/128.0.0.0 Safari/537.36"
103.59.161.159 - - [28/Apr/2026:05:52:10 +0000] "GET /wp-login.php?redirect_to=https%3A%2F%2Fweddingmonitor.com%2Fwp-admin%2Findex.php&reauth=1 HTTP/1.1" 200 3843 "http://weddingmonitor.com/wp-login.php" "Mozilla/5.0 (X11; Ubuntu; Linux x86_64) AppleWebKit/537.36 (KHTML, like Gecko) Chrome/128.0.0.0 Safari/537.36"
103.59.161.159 - - [28/Apr/2026:05:52:14 +0000] "GET /wp-admin/index.php HTTP/1.1" 302 - "http://weddingmonitor.com/wp-login.php" "Mozilla/5.0 (Windows NT 11.0; Win64; x64; rv:126.0) Gecko/20100101 Firefox/126.0"
192.0.102.230 - - [28/Apr/2026:05:52:15 +0000] "HEAD / HTTP/1.1" 200 - "-" "jetmon/1.0 (Jetpack Site Uptime Monitor by WordPress.com)"
103.59.161.159 - - [28/Apr/2026:05:52:15 +0000] "GET /wp-login.php?redirect_to=https%3A%2F%2Fweddingmonitor.com%2Fwp-admin%2Findex.php&reauth=1 HTTP/1.1" 200 3845 "http://weddingmonitor.com/wp-login.php" "Mozilla/5.0 (Windows NT 11.0; Win64; x64; rv:126.0) Gecko/20100101 Firefox/126.0"
103.59.161.159 - - [28/Apr/2026:05:52:19 +0000] "GET /wp-admin/index.php HTTP/1.1" 302 - "http://weddingmonitor.com/wp-login.php" "Mozilla/5.0 (X11; Linux x86_64) AppleWebKit/537.36 (KHTML, like Gecko) Chrome/126.0.0.0 Safari/537.36"
103.59.161.159 - - [28/Apr/2026:05:52:21 +0000] "GET /wp-login.php?redirect_to=https%3A%2F%2Fweddingmonitor.com%2Fwp-admin%2Findex.php&reauth=1 HTTP/1.1" 200 3846 "http://weddingmonitor.com/wp-login.php" "Mozilla/5.0 (X11; Linux x86_64) AppleWebKit/537.36 (KHTML, like Gecko) Chrome/126.0.0.0 Safari/537.36"
103.59.161.159 - - [28/Apr/2026:05:52:24 +0000] "GET /wp-admin/index.php HTTP/1.1" 302 - "http://weddingmonitor.com/wp-login.php" "Mozilla/5.0 (Windows NT 11.0; Win64; x64) AppleWebKit/537.36 (KHTML, like Gecko) Chrome/127.0.0.0 Safari/537.36"
103.59.161.159 - - [28/Apr/2026:05:52:26 +0000] "GET /wp-login.php?redirect_to=https%3A%2F%2Fweddingmonitor.com%2Fwp-admin%2Findex.php&reauth=1 HTTP/1.1" 200 3847 "http://weddingmonitor.com/wp-login.php" "Mozilla/5.0 (Windows NT 11.0; Win64; x64) AppleWebKit/537.36 (KHTML, like Gecko) Chrome/127.0.0.0 Safari/537.36"
103.59.161.159 - - [28/Apr/2026:05:52:29 +0000] "GET /wp-admin/index.php HTTP/1.1" 302 - "http://weddingmonitor.com/wp-login.php" "Mozilla/5.0 (Macintosh; Intel Mac OS X 15_0; rv:127.0) Gecko/20100101 Firefox/127.0"
103.59.161.159 - - [28/Apr/2026:05:52:30 +0000] "GET /wp-login.php?redirect_to=https%3A%2F%2Fweddingmonitor.com%2Fwp-admin%2Findex.php&reauth=1 HTTP/1.1" 200 3847 "http://weddingmonitor.com/wp-login.php" "Mozilla/5.0 (Macintosh; Intel Mac OS X 15_0; rv:127.0) Gecko/20100101 Firefox/127.0"
103.59.161.159 - - [28/Apr/2026:05:52:34 +0000] "GET /wp-admin/index.php HTTP/1.1" 302 - "http://weddingmonitor.com/wp-login.php" "Mozilla/5.0 (Macintosh; Intel Mac OS X 14_5) AppleWebKit/605.1.15 (KHTML, like Gecko) Version/18.0 Safari/605.1.15"
103.59.161.159 - - [28/Apr/2026:05:52:37 +0000] "GET /wp-login.php?redirect_to=https%3A%2F%2Fweddingmonitor.com%2Fwp-admin%2Findex.php&reauth=1 HTTP/1.1" 200 3848 "http://weddingmonitor.com/wp-login.php" "Mozilla/5.0 (Macintosh; Intel Mac OS X 14_5) AppleWebKit/605.1.15 (KHTML, like Gecko) Version/18.0 Safari/605.1.15"
20.92.73.174 - - [28/Apr/2026:05:56:23 +0000] "GET /.tmb/cloud.php HTTP/1.1" 404 14933 "-" "Mozilla/5.0 (Windows NT 10.0; Win64; x64) AppleWebKit/537.36 (KHTML, like Gecko) Chrome/120.0.0.0 Safari/537.36"
20.92.73.174 - - [28/Apr/2026:05:56:25 +0000] "GET /.well-known/ HTTP/1.1" 404 14933 "-" "Mozilla/5.0 (Windows NT 10.0; Win64; x64) AppleWebKit/537.36 (KHTML, like Gecko) Chrome/120.0.0.0 Safari/537.36"
20.92.73.174 - - [28/Apr/2026:05:56:26 +0000] "GET /.well-known/acme-challenge/index.php HTTP/1.1" 301 - "-" "Mozilla/5.0 (Windows NT 10.0; Win64; x64) AppleWebKit/537.36 (KHTML, like Gecko) Chrome/120.0.0.0 Safari/537.36"
20.92.73.174 - - [28/Apr/2026:05:56:27 +0000] "GET /.well-known/autoload_classmap.php HTTP/1.1" 404 14945 "-" "Mozilla/5.0 (Windows NT 10.0; Win64; x64) AppleWebKit/537.36 (KHTML, like Gecko) Chrome/120.0.0.0 Safari/537.36"
20.92.73.174 - - [28/Apr/2026:05:56:29 +0000] "GET /.well-known/pki-validation/ HTTP/1.1" 404 14944 "-" "Mozilla/5.0 (Windows NT 10.0; Win64; x64) AppleWebKit/537.36 (KHTML, like Gecko) Chrome/120.0.0.0 Safari/537.36"
20.92.73.174 - - [28/Apr/2026:05:56:30 +0000] "GET /.well-known/pki-validation/about.php HTTP/1.1" 404 14898 "-" "Mozilla/5.0 (Windows NT 10.0; Win64; x64) AppleWebKit/537.36 (KHTML, like Gecko) Chrome/120.0.0.0 Safari/537.36"
