161.118.255.41 - - [27/Apr/2026:18:37:31 +0000] "POST /wp-login.php HTTP/1.1" 200 4387 "https://weddingmonitor.com/wp-login.php" "Mozilla/5.0 (X11; Linux x86_64; rv:93.0) Gecko/20100101 Firefox/93.0"
161.118.255.41 - - [27/Apr/2026:18:37:31 +0000] "GET /wp-admin/index.php HTTP/1.1" 302 - "https://weddingmonitor.com/wp-login.php" "Mozilla/5.0 (Windows NT 6.1; Win64; x64) AppleWebKit/537.36 (KHTML, like Gecko) Chrome/93.0.4577.63 Safari/537.36"
161.118.255.41 - - [27/Apr/2026:18:37:32 +0000] "GET /wp-login.php?redirect_to=https%3A%2F%2Fweddingmonitor.com%2Fwp-admin%2Findex.php&reauth=1 HTTP/1.1" 200 4428 "https://weddingmonitor.com/wp-login.php" "Mozilla/5.0 (Windows NT 6.1; Win64; x64) AppleWebKit/537.36 (KHTML, like Gecko) Chrome/93.0.4577.63 Safari/537.36"
161.118.255.41 - - [27/Apr/2026:18:37:33 +0000] "POST /wp-login.php HTTP/1.1" 200 4387 "https://weddingmonitor.com/wp-login.php" "Mozilla/5.0 (Windows NT 10.0; Win64; x64) AppleWebKit/537.36 (KHTML, like Gecko) Chrome/92.0.4515.131 Safari/537.36"
161.118.255.41 - - [27/Apr/2026:18:37:34 +0000] "GET /wp-admin/index.php HTTP/1.1" 302 - "https://weddingmonitor.com/wp-login.php" "Mozilla/5.0 (Macintosh; Intel Mac OS X 10_15_7; rv:91.0) Gecko/20100101 Firefox/91.0"
161.118.255.41 - - [27/Apr/2026:18:37:35 +0000] "GET /wp-login.php?redirect_to=https%3A%2F%2Fweddingmonitor.com%2Fwp-admin%2Findex.php&reauth=1 HTTP/1.1" 200 4428 "https://weddingmonitor.com/wp-login.php" "Mozilla/5.0 (Macintosh; Intel Mac OS X 10_15_7; rv:91.0) Gecko/20100101 Firefox/91.0"
161.118.255.41 - - [27/Apr/2026:18:37:36 +0000] "POST /wp-login.php HTTP/1.1" 200 4387 "https://weddingmonitor.com/wp-login.php" "Mozilla/5.0 (Windows NT 6.1; Win64; x64) AppleWebKit/537.36 (KHTML, like Gecko) Chrome/92.0.4515.131 Safari/537.36"
161.118.255.41 - - [27/Apr/2026:18:37:36 +0000] "GET /wp-admin/index.php HTTP/1.1" 302 - "https://weddingmonitor.com/wp-login.php" "Mozilla/5.0 (X11; Linux x86_64) AppleWebKit/537.36 (KHTML, like Gecko) Chrome/91.0.4472.124 Safari/537.36"
161.118.255.41 - - [27/Apr/2026:18:37:38 +0000] "GET /wp-login.php?redirect_to=https%3A%2F%2Fweddingmonitor.com%2Fwp-admin%2Findex.php&reauth=1 HTTP/1.1" 200 4428 "https://weddingmonitor.com/wp-login.php" "Mozilla/5.0 (X11; Linux x86_64) AppleWebKit/537.36 (KHTML, like Gecko) Chrome/91.0.4472.124 Safari/537.36"
161.118.255.41 - - [27/Apr/2026:18:37:38 +0000] "POST /wp-login.php HTTP/1.1" 200 4387 "https://weddingmonitor.com/wp-login.php" "Mozilla/5.0 (Windows NT 10.0; Win64; x64) AppleWebKit/537.36 (KHTML, like Gecko) Chrome/90.0.4430.212 Safari/537.36"
161.118.255.41 - - [27/Apr/2026:18:37:39 +0000] "GET /wp-admin/index.php HTTP/1.1" 302 - "https://weddingmonitor.com/wp-login.php" "Mozilla/5.0 (X11; Linux x86_64) AppleWebKit/537.36 (KHTML, like Gecko) Chrome/92.0.4515.131 Safari/537.36"
161.118.255.41 - - [27/Apr/2026:18:37:40 +0000] "GET /wp-login.php?redirect_to=https%3A%2F%2Fweddingmonitor.com%2Fwp-admin%2Findex.php&reauth=1 HTTP/1.1" 200 4428 "https://weddingmonitor.com/wp-login.php" "Mozilla/5.0 (X11; Linux x86_64) AppleWebKit/537.36 (KHTML, like Gecko) Chrome/92.0.4515.131 Safari/537.36"
161.118.255.41 - - [27/Apr/2026:18:37:41 +0000] "POST /wp-login.php HTTP/1.1" 200 4387 "https://weddingmonitor.com/wp-login.php" "Mozilla/5.0 (Macintosh; Intel Mac OS X 10_15_7) AppleWebKit/605.1.15 (KHTML, like Gecko) Version/14.0.3 Safari/605.1.15"
161.118.255.41 - - [27/Apr/2026:18:37:42 +0000] "GET /wp-admin/index.php HTTP/1.1" 302 - "https://weddingmonitor.com/wp-login.php" "Mozilla/5.0 (Windows NT 10.0; Win64; x64) AppleWebKit/605.1.15 (KHTML, like Gecko) Version/15.0 Safari/605.1.15"
161.118.255.41 - - [27/Apr/2026:18:37:43 +0000] "GET /wp-login.php?redirect_to=https%3A%2F%2Fweddingmonitor.com%2Fwp-admin%2Findex.php&reauth=1 HTTP/1.1" 200 4428 "https://weddingmonitor.com/wp-login.php" "Mozilla/5.0 (Windows NT 10.0; Win64; x64) AppleWebKit/605.1.15 (KHTML, like Gecko) Version/15.0 Safari/605.1.15"
161.118.255.41 - - [27/Apr/2026:18:37:44 +0000] "POST /wp-login.php HTTP/1.1" 200 4387 "https://weddingmonitor.com/wp-login.php" "Mozilla/5.0 (Macintosh; Intel Mac OS X 10_15_7) AppleWebKit/605.1.15 (KHTML, like Gecko) Version/14.1 Safari/605.1.15"
114.119.142.43 - - [27/Apr/2026:18:37:44 +0000] "GET /adsense-disclaimer/?share=twitter HTTP/1.1" 302 - "https://weddingmonitor.com/adsense-disclaimer/" "Mozilla/5.0 (Linux; Android 7.0;) AppleWebKit/537.36 (HTML, like Gecko) Mobile Safari/537.36 (compatible; PetalBot;+https://webmaster.petalsearch.com/site/petalbot)"
161.118.255.41 - - [27/Apr/2026:18:37:44 +0000] "GET /wp-admin/index.php HTTP/1.1" 302 - "https://weddingmonitor.com/wp-login.php" "Mozilla/5.0 (Windows NT 10.0; Win64; x64; rv:89.0) Gecko/20100101 Firefox/89.0.2"
161.118.255.41 - - [27/Apr/2026:18:37:46 +0000] "GET /wp-login.php?redirect_to=https%3A%2F%2Fweddingmonitor.com%2Fwp-admin%2Findex.php&reauth=1 HTTP/1.1" 200 4428 "https://weddingmonitor.com/wp-login.php" "Mozilla/5.0 (Windows NT 10.0; Win64; x64; rv:89.0) Gecko/20100101 Firefox/89.0.2"
161.118.255.41 - - [27/Apr/2026:18:37:46 +0000] "POST /wp-login.php HTTP/1.1" 200 4387 "https://weddingmonitor.com/wp-login.php" "Mozilla/5.0 (Windows NT 10.0; Win64; x64) AppleWebKit/537.36 (KHTML, like Gecko) Chrome/92.0.4515.131 Safari/537.36"
161.118.255.41 - - [27/Apr/2026:18:37:47 +0000] "GET /wp-admin/index.php HTTP/1.1" 302 - "https://weddingmonitor.com/wp-login.php" "Mozilla/5.0 (Macintosh; Intel Mac OS X 10_15_7) AppleWebKit/537.36 (KHTML, like Gecko) Chrome/94.0.4606.71 Safari/537.36"
161.118.255.41 - - [27/Apr/2026:18:37:48 +0000] "GET /wp-login.php?redirect_to=https%3A%2F%2Fweddingmonitor.com%2Fwp-admin%2Findex.php&reauth=1 HTTP/1.1" 200 4428 "https://weddingmonitor.com/wp-login.php" "Mozilla/5.0 (Macintosh; Intel Mac OS X 10_15_7) AppleWebKit/537.36 (KHTML, like Gecko) Chrome/94.0.4606.71 Safari/537.36"
161.118.255.41 - - [27/Apr/2026:18:37:49 +0000] "POST /wp-login.php HTTP/1.1" 200 4387 "https://weddingmonitor.com/wp-login.php" "Mozilla/5.0 (Macintosh; Intel Mac OS X 10_15_7) AppleWebKit/605.1.15 (KHTML, like Gecko) Version/14.1.1 Safari/605.1.15"
161.118.255.41 - - [27/Apr/2026:18:37:50 +0000] "GET /wp-admin/index.php HTTP/1.1" 302 - "https://weddingmonitor.com/wp-login.php" "Mozilla/5.0 (Windows NT 10.0; Win64; x64) AppleWebKit/605.1.15 (KHTML, like Gecko) Version/15.0 Safari/605.1.15"
161.118.255.41 - - [27/Apr/2026:18:37:51 +0000] "GET /wp-login.php?redirect_to=https%3A%2F%2Fweddingmonitor.com%2Fwp-admin%2Findex.php&reauth=1 HTTP/1.1" 200 4428 "https://weddingmonitor.com/wp-login.php" "Mozilla/5.0 (Windows NT 10.0; Win64; x64) AppleWebKit/605.1.15 (KHTML, like Gecko) Version/15.0 Safari/605.1.15"
161.118.255.41 - - [27/Apr/2026:18:37:52 +0000] "POST /wp-login.php HTTP/1.1" 200 4387 "https://weddingmonitor.com/wp-login.php" "Mozilla/5.0 (Macintosh; Intel Mac OS X 10_15_7) AppleWebKit/605.1.15 (KHTML, like Gecko) Version/14.1.1 Safari/605.1.15"
161.118.255.41 - - [27/Apr/2026:18:37:52 +0000] "GET /wp-admin/index.php HTTP/1.1" 302 - "https://weddingmonitor.com/wp-login.php" "Mozilla/5.0 (Macintosh; Intel Mac OS X 10_15_7) AppleWebKit/537.36 (KHTML, like Gecko) Chrome/94.0.4606.71 Safari/537.36"
161.118.255.41 - - [27/Apr/2026:18:37:54 +0000] "GET /wp-login.php?redirect_to=https%3A%2F%2Fweddingmonitor.com%2Fwp-admin%2Findex.php&reauth=1 HTTP/1.1" 200 4428 "https://weddingmonitor.com/wp-login.php" "Mozilla/5.0 (Macintosh; Intel Mac OS X 10_15_7) AppleWebKit/537.36 (KHTML, like Gecko) Chrome/94.0.4606.71 Safari/537.36"
161.118.255.41 - - [27/Apr/2026:18:37:54 +0000] "POST /wp-login.php HTTP/1.1" 200 4387 "https://weddingmonitor.com/wp-login.php" "Mozilla/5.0 (Windows NT 6.1; Win64; x64) AppleWebKit/537.36 (KHTML, like Gecko) Chrome/92.0.4515.131 Safari/537.36"
161.118.255.41 - - [27/Apr/2026:18:37:55 +0000] "GET /wp-admin/index.php HTTP/1.1" 302 - "https://weddingmonitor.com/wp-login.php" "Mozilla/5.0 (Windows NT 10.0; Win64; x64) AppleWebKit/537.36 (KHTML, like Gecko) Chrome/93.0.4577.63 Safari/537.36"
161.118.255.41 - - [27/Apr/2026:18:37:56 +0000] "GET /wp-login.php?redirect_to=https%3A%2F%2Fweddingmonitor.com%2Fwp-admin%2Findex.php&reauth=1 HTTP/1.1" 200 4428 "https://weddingmonitor.com/wp-login.php" "Mozilla/5.0 (Windows NT 10.0; Win64; x64) AppleWebKit/537.36 (KHTML, like Gecko) Chrome/93.0.4577.63 Safari/537.36"
161.118.255.41 - - [27/Apr/2026:18:37:57 +0000] "POST /wp-login.php HTTP/1.1" 200 4387 "https://weddingmonitor.com/wp-login.php" "Mozilla/5.0 (Macintosh; Intel Mac OS X 10_15_7) AppleWebKit/605.1.15 (KHTML, like Gecko) Version/14.1.2 Safari/605.1.15"
161.118.255.41 - - [27/Apr/2026:18:37:58 +0000] "GET /wp-admin/index.php HTTP/1.1" 302 - "https://weddingmonitor.com/wp-login.php" "Mozilla/5.0 (Windows NT 6.1; Win64; x64; rv:93.0) Gecko/20100101 Firefox/93.0"
161.118.255.41 - - [27/Apr/2026:18:37:59 +0000] "GET /wp-login.php?redirect_to=https%3A%2F%2Fweddingmonitor.com%2Fwp-admin%2Findex.php&reauth=1 HTTP/1.1" 200 4428 "https://weddingmonitor.com/wp-login.php" "Mozilla/5.0 (Windows NT 6.1; Win64; x64; rv:93.0) Gecko/20100101 Firefox/93.0"
161.118.255.41 - - [27/Apr/2026:18:38:00 +0000] "POST /wp-login.php HTTP/1.1" 200 4387 "https://weddingmonitor.com/wp-login.php" "Mozilla/5.0 (Windows NT 6.1; Win64; x64; rv:92.0) Gecko/20100101 Firefox/92.0"
161.118.255.41 - - [27/Apr/2026:18:38:00 +0000] "GET /wp-admin/index.php HTTP/1.1" 302 - "https://weddingmonitor.com/wp-login.php" "Mozilla/5.0 (Windows NT 10.0; Win64; x64) AppleWebKit/605.1.15 (KHTML, like Gecko) Version/14.1.2 Safari/605.1.15"
161.118.255.41 - - [27/Apr/2026:18:38:02 +0000] "GET /wp-login.php?redirect_to=https%3A%2F%2Fweddingmonitor.com%2Fwp-admin%2Findex.php&reauth=1 HTTP/1.1" 200 4428 "https://weddingmonitor.com/wp-login.php" "Mozilla/5.0 (Windows NT 10.0; Win64; x64) AppleWebKit/605.1.15 (KHTML, like Gecko) Version/14.1.2 Safari/605.1.15"
161.118.255.41 - - [27/Apr/2026:18:38:03 +0000] "POST /wp-login.php HTTP/1.1" 200 4387 "https://weddingmonitor.com/wp-login.php" "Mozilla/5.0 (Windows NT 10.0; Win64; x64; rv:92.0) Gecko/20100101 Firefox/92.0"
161.118.255.41 - - [27/Apr/2026:18:38:03 +0000] "GET /wp-admin/index.php HTTP/1.1" 302 - "https://weddingmonitor.com/wp-login.php" "Mozilla/5.0 (Windows NT 6.1; Win64; x64) AppleWebKit/537.36 (KHTML, like Gecko) Chrome/92.0.4515.131 Safari/537.36"
161.118.255.41 - - [27/Apr/2026:18:38:05 +0000] "GET /wp-login.php?redirect_to=https%3A%2F%2Fweddingmonitor.com%2Fwp-admin%2Findex.php&reauth=1 HTTP/1.1" 200 4428 "https://weddingmonitor.com/wp-login.php" "Mozilla/5.0 (Windows NT 6.1; Win64; x64) AppleWebKit/537.36 (KHTML, like Gecko) Chrome/92.0.4515.131 Safari/537.36"
161.118.255.41 - - [27/Apr/2026:18:38:05 +0000] "POST /wp-login.php HTTP/1.1" 200 4387 "https://weddingmonitor.com/wp-login.php" "Mozilla/5.0 (Windows NT 6.1; Win64; x64) AppleWebKit/537.36 (KHTML, like Gecko) Chrome/93.0.4577.63 Safari/537.36"
161.118.255.41 - - [27/Apr/2026:18:38:06 +0000] "GET /wp-admin/index.php HTTP/1.1" 302 - "https://weddingmonitor.com/wp-login.php" "Mozilla/5.0 (X11; Linux x86_64) AppleWebKit/537.36 (KHTML, like Gecko) Chrome/92.0.4515.131 Safari/537.36"
161.118.255.41 - - [27/Apr/2026:18:38:07 +0000] "GET /wp-login.php?redirect_to=https%3A%2F%2Fweddingmonitor.com%2Fwp-admin%2Findex.php&reauth=1 HTTP/1.1" 200 4428 "https://weddingmonitor.com/wp-login.php" "Mozilla/5.0 (X11; Linux x86_64) AppleWebKit/537.36 (KHTML, like Gecko) Chrome/92.0.4515.131 Safari/537.36"
161.118.255.41 - - [27/Apr/2026:18:38:08 +0000] "POST /wp-login.php HTTP/1.1" 200 4387 "https://weddingmonitor.com/wp-login.php" "Mozilla/5.0 (Windows NT 6.1; Win64; x64) AppleWebKit/537.36 (KHTML, like Gecko) Chrome/90.0.4430.212 Safari/537.36"
161.118.255.41 - - [27/Apr/2026:18:38:09 +0000] "GET /wp-admin/index.php HTTP/1.1" 302 - "https://weddingmonitor.com/wp-login.php" "Mozilla/5.0 (Windows NT 6.1; Win64; x64) AppleWebKit/537.36 (KHTML, like Gecko) Chrome/90.0.4430.212 Safari/537.36"
161.118.255.41 - - [27/Apr/2026:18:38:10 +0000] "GET /wp-login.php?redirect_to=https%3A%2F%2Fweddingmonitor.com%2Fwp-admin%2Findex.php&reauth=1 HTTP/1.1" 200 4428 "https://weddingmonitor.com/wp-login.php" "Mozilla/5.0 (Windows NT 6.1; Win64; x64) AppleWebKit/537.36 (KHTML, like Gecko) Chrome/90.0.4430.212 Safari/537.36"
161.118.255.41 - - [27/Apr/2026:18:38:11 +0000] "POST /wp-login.php HTTP/1.1" 200 4387 "https://weddingmonitor.com/wp-login.php" "Mozilla/5.0 (X11; Linux x86_64) AppleWebKit/537.36 (KHTML, like Gecko) Chrome/93.0.4577.63 Safari/537.36"
161.118.255.41 - - [27/Apr/2026:18:38:12 +0000] "GET /wp-admin/index.php HTTP/1.1" 302 - "https://weddingmonitor.com/wp-login.php" "Mozilla/5.0 (Windows NT 10.0; Win64; x64) AppleWebKit/605.1.15 (KHTML, like Gecko) Version/14.1.2 Safari/605.1.15"
161.118.255.41 - - [27/Apr/2026:18:38:13 +0000] "GET /wp-login.php?redirect_to=https%3A%2F%2Fweddingmonitor.com%2Fwp-admin%2Findex.php&reauth=1 HTTP/1.1" 200 4428 "https://weddingmonitor.com/wp-login.php" "Mozilla/5.0 (Windows NT 10.0; Win64; x64) AppleWebKit/605.1.15 (KHTML, like Gecko) Version/14.1.2 Safari/605.1.15"
161.118.255.41 - - [27/Apr/2026:18:38:13 +0000] "POST /wp-login.php HTTP/1.1" 200 4387 "https://weddingmonitor.com/wp-login.php" "Mozilla/5.0 (Windows NT 10.0; Win64; x64) AppleWebKit/537.36 (KHTML, like Gecko) Chrome/90.0.4430.212 Safari/537.36"
161.118.255.41 - - [27/Apr/2026:18:38:14 +0000] "GET /wp-admin/index.php HTTP/1.1" 302 - "https://weddingmonitor.com/wp-login.php" "Mozilla/5.0 (X11; Linux x86_64) AppleWebKit/537.36 (KHTML, like Gecko) Chrome/92.0.4515.131 Safari/537.36"
161.118.255.41 - - [27/Apr/2026:18:38:15 +0000] "GET /wp-login.php?redirect_to=https%3A%2F%2Fweddingmonitor.com%2Fwp-admin%2Findex.php&reauth=1 HTTP/1.1" 200 4428 "https://weddingmonitor.com/wp-login.php" "Mozilla/5.0 (X11; Linux x86_64) AppleWebKit/537.36 (KHTML, like Gecko) Chrome/92.0.4515.131 Safari/537.36"
161.118.255.41 - - [27/Apr/2026:18:38:16 +0000] "POST /wp-login.php HTTP/1.1" 200 4387 "https://weddingmonitor.com/wp-login.php" "Mozilla/5.0 (Windows NT 10.0; Win64; x64) AppleWebKit/537.36 (KHTML, like Gecko) Chrome/92.0.4515.131 Safari/537.36"
161.118.255.41 - - [27/Apr/2026:18:38:17 +0000] "GET /wp-admin/index.php HTTP/1.1" 302 - "https://weddingmonitor.com/wp-login.php" "Mozilla/5.0 (X11; Linux x86_64; rv:90.0) Gecko/20100101 Firefox/90.0.1"
161.118.255.41 - - [27/Apr/2026:18:38:18 +0000] "GET /wp-login.php?redirect_to=https%3A%2F%2Fweddingmonitor.com%2Fwp-admin%2Findex.php&reauth=1 HTTP/1.1" 200 4428 "https://weddingmonitor.com/wp-login.php" "Mozilla/5.0 (X11; Linux x86_64; rv:90.0) Gecko/20100101 Firefox/90.0.1"
161.118.255.41 - - [27/Apr/2026:18:38:19 +0000] "POST /wp-login.php HTTP/1.1" 200 4387 "https://weddingmonitor.com/wp-login.php" "Mozilla/5.0 (Macintosh; Intel Mac OS X 10_15_7; rv:92.0) Gecko/20100101 Firefox/92.0"
161.118.255.41 - - [27/Apr/2026:18:38:19 +0000] "GET /wp-admin/index.php HTTP/1.1" 302 - "https://weddingmonitor.com/wp-login.php" "Mozilla/5.0 (Macintosh; Intel Mac OS X 10_15_7) AppleWebKit/605.1.15 (KHTML, like Gecko) Version/14.1.2 Safari/605.1.15"
161.118.255.41 - - [27/Apr/2026:18:38:20 +0000] "GET /wp-login.php?redirect_to=https%3A%2F%2Fweddingmonitor.com%2Fwp-admin%2Findex.php&reauth=1 HTTP/1.1" 200 4428 "https://weddingmonitor.com/wp-login.php" "Mozilla/5.0 (Macintosh; Intel Mac OS X 10_15_7) AppleWebKit/605.1.15 (KHTML, like Gecko) Version/14.1.2 Safari/605.1.15"
161.118.255.41 - - [27/Apr/2026:18:38:21 +0000] "POST /wp-login.php HTTP/1.1" 200 4387 "https://weddingmonitor.com/wp-login.php" "Mozilla/5.0 (Macintosh; Intel Mac OS X 10_15_7) AppleWebKit/605.1.15 (KHTML, like Gecko) Version/14.1 Safari/605.1.15"
161.118.255.41 - - [27/Apr/2026:18:38:22 +0000] "GET /wp-admin/index.php HTTP/1.1" 302 - "https://weddingmonitor.com/wp-login.php" "Mozilla/5.0 (Windows NT 10.0; Win64; x64) AppleWebKit/537.36 (KHTML, like Gecko) Chrome/91.0.4472.124 Safari/537.36"
161.118.255.41 - - [27/Apr/2026:18:38:23 +0000] "GET /wp-login.php?redirect_to=https%3A%2F%2Fweddingmonitor.com%2Fwp-admin%2Findex.php&reauth=1 HTTP/1.1" 200 4428 "https://weddingmonitor.com/wp-login.php" "Mozilla/5.0 (Windows NT 10.0; Win64; x64) AppleWebKit/537.36 (KHTML, like Gecko) Chrome/91.0.4472.124 Safari/537.36"
192.0.102.230 - - [27/Apr/2026:18:42:22 +0000] "HEAD / HTTP/1.1" 200 - "-" "jetmon/1.0 (Jetpack Site Uptime Monitor by WordPress.com)"
184.94.212.206 - - [27/Apr/2026:18:42:40 +0000] "POST /wp-cron.php?doing_wp_cron=1777315360.0827569961547851562500 HTTP/1.1" 200 - "-" "WordPress/6.9.4; https://weddingmonitor.com"
114.119.158.157 - - [27/Apr/2026:18:42:39 +0000] "GET /adsense-disclaimer/?share=facebook&amp HTTP/1.1" 302 - "https://weddingmonitor.com/adsense-disclaimer/?amp" "Mozilla/5.0 (Linux; Android 7.0;) AppleWebKit/537.36 (HTML, like Gecko) Mobile Safari/537.36 (compatible; PetalBot;+https://webmaster.petalsearch.com/site/petalbot)"
202.76.186.190 - - [27/Apr/2026:18:44:33 +0000] "GET /news-sitemap.xml HTTP/1.1" 200 310 "-" "Mozilla/5.0 (Macintosh; Intel Mac OS X 10_15_7) AppleWebKit/537.36 (KHTML, like Gecko) Chrome/126.0.6478.55 Safari/537.36"
184.94.212.206 - - [27/Apr/2026:18:45:56 +0000] "POST /wp-cron.php?doing_wp_cron=1777315556.7930309772491455078125 HTTP/1.1" 200 - "-" "WordPress/6.9.4; https://weddingmonitor.com"
191.95.132.191 - - [27/Apr/2026:18:45:55 +0000] "GET /sitemap.xml HTTP/1.1" 200 300 "-" "Mozilla/5.0 (Macintosh; Intel Mac OS X 13_1_0) AppleWebKit/537.36 (KHTML, like Gecko) Chrome/129.0.6668.29 Safari/537.36"
114.119.147.0 - - [27/Apr/2026:18:46:27 +0000] "GET /adsense-disclaimer/ HTTP/1.1" 200 17758 "https://weddingmonitor.com/ftc-statement/" "Mozilla/5.0 (Linux; Android 7.0;) AppleWebKit/537.36 (HTML, like Gecko) Mobile Safari/537.36 (compatible; PetalBot;+https://webmaster.petalsearch.com/site/petalbot)"
192.0.102.230 - - [27/Apr/2026:18:47:18 +0000] "HEAD / HTTP/1.1" 200 - "-" "jetmon/1.0 (Jetpack Site Uptime Monitor by WordPress.com)"
184.94.212.206 - - [27/Apr/2026:18:47:27 +0000] "POST /wp-cron.php?doing_wp_cron=1777315647.9283580780029296875000 HTTP/1.1" 200 - "-" "WordPress/6.9.4; https://weddingmonitor.com"
74.7.230.45 - - [27/Apr/2026:18:47:26 +0000] "GET /robots.txt HTTP/1.1" 200 145 "-" "Mozilla/5.0 (Macintosh; Intel Mac OS X 10_15_7) AppleWebKit/537.36 (KHTML, like Gecko) Chrome/131.0.0.0 Safari/537.36; compatible; OAI-SearchBot/1.3; robots.txt; +https://openai.com/searchbot"
184.94.212.206 - - [27/Apr/2026:18:52:24 +0000] "POST /wp-cron.php?doing_wp_cron=1777315944.9238250255584716796875 HTTP/1.1" 200 - "-" "WordPress/6.9.4; https://weddingmonitor.com"
192.0.102.230 - - [27/Apr/2026:18:52:23 +0000] "HEAD / HTTP/1.1" 200 - "-" "jetmon/1.0 (Jetpack Site Uptime Monitor by WordPress.com)"
114.119.147.0 - - [27/Apr/2026:18:54:19 +0000] "GET /about/?share=twitter&amp HTTP/1.1" 302 - "https://weddingmonitor.com/about/?share=twitter" "Mozilla/5.0 (Linux; Android 7.0;) AppleWebKit/537.36 (HTML, like Gecko) Mobile Safari/537.36 (compatible; PetalBot;+https://webmaster.petalsearch.com/site/petalbot)"
184.94.212.206 - - [27/Apr/2026:18:57:24 +0000] "POST /wp-cron.php?doing_wp_cron=1777316244.6409940719604492187500 HTTP/1.1" 200 - "-" "WordPress/6.9.4; https://weddingmonitor.com"
192.0.102.230 - - [27/Apr/2026:18:57:22 +0000] "HEAD / HTTP/1.1" 200 - "-" "jetmon/1.0 (Jetpack Site Uptime Monitor by WordPress.com)"
114.119.142.43 - - [27/Apr/2026:18:58:11 +0000] "GET /about/?share=twitter HTTP/1.1" 302 - "https://weddingmonitor.com/about/" "Mozilla/5.0 (Linux; Android 7.0;) AppleWebKit/537.36 (HTML, like Gecko) Mobile Safari/537.36 (compatible; PetalBot;+https://webmaster.petalsearch.com/site/petalbot)"
184.94.212.206 - - [27/Apr/2026:19:02:03 +0000] "POST /wp-cron.php?doing_wp_cron=1777316523.1855809688568115234375 HTTP/1.1" 200 - "-" "WordPress/6.9.4; https://weddingmonitor.com"
114.119.154.9 - - [27/Apr/2026:19:02:01 +0000] "GET /about/?share=facebook&amp HTTP/1.1" 302 - "https://weddingmonitor.com/about?amp" "Mozilla/5.0 (Linux; Android 7.0;) AppleWebKit/537.36 (HTML, like Gecko) Mobile Safari/537.36 (compatible; PetalBot;+https://webmaster.petalsearch.com/site/petalbot)"
184.94.212.206 - - [27/Apr/2026:19:02:23 +0000] "POST /wp-cron.php?doing_wp_cron=1777316543.4848830699920654296875 HTTP/1.1" 200 - "-" "WordPress/6.9.4; https://weddingmonitor.com"
192.0.102.230 - - [27/Apr/2026:19:02:22 +0000] "HEAD / HTTP/1.1" 200 - "-" "jetmon/1.0 (Jetpack Site Uptime Monitor by WordPress.com)"
181.120.248.221 - - [27/Apr/2026:19:02:50 +0000] "GET /essential-wedding-planning-tips-and-tricks/ HTTP/1.1" 200 21186 "-" "Mozilla/5.0 (Windows NT 10.0; WOW64) AppleWebKit/537.36 (KHTML, like Gecko) Chrome/94.0.4606.81 Safari/537.36"
184.94.212.206 - - [27/Apr/2026:19:05:57 +0000] "POST /wp-cron.php?doing_wp_cron=1777316757.9107990264892578125000 HTTP/1.1" 200 - "-" "WordPress/6.9.4; https://weddingmonitor.com"
114.119.142.43 - - [27/Apr/2026:19:05:56 +0000] "GET /2020/04/page/4?noamp=mobile HTTP/1.1" 301 - "https://weddingmonitor.com/2020/04/page/4?amp" "Mozilla/5.0 (Linux; Android 7.0;) AppleWebKit/537.36 (HTML, like Gecko) Mobile Safari/537.36 (compatible; PetalBot;+https://webmaster.petalsearch.com/site/petalbot)"
114.119.142.43 - - [27/Apr/2026:19:05:58 +0000] "GET /2020/04/page/4/?noamp=mobile HTTP/1.1" 200 16162 "https://weddingmonitor.com/2020/04/page/4?amp" "Mozilla/5.0 (Linux; Android 7.0;) AppleWebKit/537.36 (HTML, like Gecko) Mobile Safari/537.36 (compatible; PetalBot;+https://webmaster.petalsearch.com/site/petalbot)"
184.94.212.206 - - [27/Apr/2026:19:07:21 +0000] "POST /wp-cron.php?doing_wp_cron=1777316841.3868639469146728515625 HTTP/1.1" 200 - "-" "WordPress/6.9.4; https://weddingmonitor.com"
192.0.102.230 - - [27/Apr/2026:19:07:19 +0000] "HEAD / HTTP/1.1" 200 - "-" "jetmon/1.0 (Jetpack Site Uptime Monitor by WordPress.com)"
184.94.212.206 - - [27/Apr/2026:19:09:58 +0000] "POST /wp-cron.php?doing_wp_cron=1777316998.7115659713745117187500 HTTP/1.1" 200 - "-" "WordPress/6.9.4; https://weddingmonitor.com"
114.119.147.0 - - [27/Apr/2026:19:09:57 +0000] "GET /2020/04/page/4/?noamp=mobile HTTP/1.1" 200 16162 "https://weddingmonitor.com/2020/04/page/3/?noamp=mobile" "Mozilla/5.0 (Linux; Android 7.0;) AppleWebKit/537.36 (HTML, like Gecko) Mobile Safari/537.36 (compatible; PetalBot;+https://webmaster.petalsearch.com/site/petalbot)"
184.94.212.206 - - [27/Apr/2026:19:12:20 +0000] "POST /wp-cron.php?doing_wp_cron=1777317140.4423990249633789062500 HTTP/1.1" 200 - "-" "WordPress/6.9.4; https://weddingmonitor.com"
192.0.102.230 - - [27/Apr/2026:19:12:18 +0000] "HEAD / HTTP/1.1" 200 - "-" "jetmon/1.0 (Jetpack Site Uptime Monitor by WordPress.com)"
114.119.145.212 - - [27/Apr/2026:19:13:48 +0000] "GET /2020/04/page/2?noamp=mobile HTTP/1.1" 301 - "https://weddingmonitor.com/2020/04?noamp=mobile" "Mozilla/5.0 (Linux; Android 7.0;) AppleWebKit/537.36 (HTML, like Gecko) Mobile Safari/537.36 (compatible; PetalBot;+https://webmaster.petalsearch.com/site/petalbot)"
114.119.145.212 - - [27/Apr/2026:19:13:50 +0000] "GET /2020/04/page/2/?noamp=mobile HTTP/1.1" 200 16809 "https://weddingmonitor.com/2020/04?noamp=mobile" "Mozilla/5.0 (Linux; Android 7.0;) AppleWebKit/537.36 (HTML, like Gecko) Mobile Safari/537.36 (compatible; PetalBot;+https://webmaster.petalsearch.com/site/petalbot)"
184.94.212.206 - - [27/Apr/2026:19:17:26 +0000] "POST /wp-cron.php?doing_wp_cron=1777317446.3911900520324707031250 HTTP/1.1" 200 - "-" "WordPress/6.9.4; https://weddingmonitor.com"
192.0.102.230 - - [27/Apr/2026:19:17:24 +0000] "HEAD / HTTP/1.1" 200 - "-" "jetmon/1.0 (Jetpack Site Uptime Monitor by WordPress.com)"
114.119.142.85 - - [27/Apr/2026:19:18:01 +0000] "GET /2020/04/page/2/ HTTP/1.1" 200 16798 "https://weddingmonitor.com/2020/04/page/2/" "Mozilla/5.0 (Linux; Android 7.0;) AppleWebKit/537.36 (HTML, like Gecko) Mobile Safari/537.36 (compatible; PetalBot;+https://webmaster.petalsearch.com/site/petalbot)"
184.94.212.206 - - [27/Apr/2026:19:21:30 +0000] "POST /wp-cron.php?doing_wp_cron=1777317690.0426330566406250000000 HTTP/1.1" 200 - "-" "WordPress/6.9.4; https://weddingmonitor.com"
181.44.130.72 - - [27/Apr/2026:19:21:28 +0000] "GET /tag/gown-online/ HTTP/1.1" 200 16216 "-" "Mozilla/5.0 (Android 4.4.4; Mobile; rv:52.0) Gecko/52.0 Firefox/52.0"
184.94.212.206 - - [27/Apr/2026:19:22:23 +0000] "POST /wp-cron.php?doing_wp_cron=1777317743.6206529140472412109375 HTTP/1.1" 200 - "-" "WordPress/6.9.4; https://weddingmonitor.com"
192.0.102.230 - - [27/Apr/2026:19:22:22 +0000] "HEAD / HTTP/1.1" 200 - "-" "jetmon/1.0 (Jetpack Site Uptime Monitor by WordPress.com)"
114.119.141.4 - - [27/Apr/2026:19:22:46 +0000] "GET /2020/03?noamp=mobile HTTP/1.1" 301 - "https://weddingmonitor.com/2020/03?noamp=mobile" "Mozilla/5.0 (Linux; Android 7.0;) AppleWebKit/537.36 (HTML, like Gecko) Mobile Safari/537.36 (compatible; PetalBot;+https://webmaster.petalsearch.com/site/petalbot)"
114.119.141.4 - - [27/Apr/2026:19:22:47 +0000] "GET /2020/03/?noamp=mobile HTTP/1.1" 200 16325 "https://weddingmonitor.com/2020/03?noamp=mobile" "Mozilla/5.0 (Linux; Android 7.0;) AppleWebKit/537.36 (HTML, like Gecko) Mobile Safari/537.36 (compatible; PetalBot;+https://webmaster.petalsearch.com/site/petalbot)"
184.94.212.206 - - [27/Apr/2026:19:25:40 +0000] "POST /wp-cron.php?doing_wp_cron=1777317940.6312499046325683593750 HTTP/1.1" 200 - "-" "WordPress/6.9.4; https://weddingmonitor.com"
20.92.73.174 - - [27/Apr/2026:19:25:39 +0000] "GET /inputs.php HTTP/1.1" 404 14929 "-" "Mozilla/5.0 (Windows NT 10.0; Win64; x64) AppleWebKit/537.36 (KHTML, like Gecko) Chrome/120.0.0.0 Safari/537.36"
20.92.73.174 - - [27/Apr/2026:19:25:41 +0000] "GET /ioxi-o.php HTTP/1.1" 404 14930 "-" "Mozilla/5.0 (Windows NT 10.0; Win64; x64) AppleWebKit/537.36 (KHTML, like Gecko) Chrome/120.0.0.0 Safari/537.36"
20.92.73.174 - - [27/Apr/2026:19:25:42 +0000] "GET /function/function.php HTTP/1.1" 404 14930 "-" "Mozilla/5.0 (Windows NT 10.0; Win64; x64) AppleWebKit/537.36 (KHTML, like Gecko) Chrome/120.0.0.0 Safari/537.36"
20.92.73.174 - - [27/Apr/2026:19:25:43 +0000] "GET /rip.php HTTP/1.1" 404 14927 "-" "Mozilla/5.0 (Windows NT 10.0; Win64; x64) AppleWebKit/537.36 (KHTML, like Gecko) Chrome/120.0.0.0 Safari/537.36"
20.92.73.174 - - [27/Apr/2026:19:25:44 +0000] "GET /admin.php HTTP/1.1" 404 14928 "-" "Mozilla/5.0 (Windows NT 10.0; Win64; x64) AppleWebKit/537.36 (KHTML, like Gecko) Chrome/120.0.0.0 Safari/537.36"
20.92.73.174 - - [27/Apr/2026:19:25:46 +0000] "GET /wp-content/uploads/index.php HTTP/1.1" 301 - "-" "Mozilla/5.0 (Windows NT 10.0; Win64; x64) AppleWebKit/537.36 (KHTML, like Gecko) Chrome/120.0.0.0 Safari/537.36"
20.92.73.174 - - [27/Apr/2026:19:25:47 +0000] "GET /cache.php HTTP/1.1" 404 14928 "-" "Mozilla/5.0 (Windows NT 10.0; Win64; x64) AppleWebKit/537.36 (KHTML, like Gecko) Chrome/120.0.0.0 Safari/537.36"
20.92.73.174 - - [27/Apr/2026:19:25:48 +0000] "GET /themes.php HTTP/1.1" 404 14927 "-" "Mozilla/5.0 (Windows NT 10.0; Win64; x64) AppleWebKit/537.36 (KHTML, like Gecko) Chrome/120.0.0.0 Safari/537.36"
20.92.73.174 - - [27/Apr/2026:19:25:49 +0000] "GET /an.php HTTP/1.1" 404 14927 "-" "Mozilla/5.0 (Windows NT 10.0; Win64; x64) AppleWebKit/537.36 (KHTML, like Gecko) Chrome/120.0.0.0 Safari/537.36"
20.92.73.174 - - [27/Apr/2026:19:25:51 +0000] "GET /index/function.php HTTP/1.1" 404 14931 "-" "Mozilla/5.0 (Windows NT 10.0; Win64; x64) AppleWebKit/537.36 (KHTML, like Gecko) Chrome/120.0.0.0 Safari/537.36"
20.92.73.174 - - [27/Apr/2026:19:25:52 +0000] "GET /randkeyword.PhP7 HTTP/1.1" 404 14937 "-" "Mozilla/5.0 (Windows NT 10.0; Win64; x64) AppleWebKit/537.36 (KHTML, like Gecko) Chrome/120.0.0.0 Safari/537.36"
20.92.73.174 - - [27/Apr/2026:19:25:53 +0000] "GET /ws.php HTTP/1.1" 404 14927 "-" "Mozilla/5.0 (Windows NT 10.0; Win64; x64) AppleWebKit/537.36 (KHTML, like Gecko) Chrome/120.0.0.0 Safari/537.36"
20.92.73.174 - - [27/Apr/2026:19:25:54 +0000] "GET /404.php HTTP/1.1" 404 14928 "-" "Mozilla/5.0 (Windows NT 10.0; Win64; x64) AppleWebKit/537.36 (KHTML, like Gecko) Chrome/120.0.0.0 Safari/537.36"
20.92.73.174 - - [27/Apr/2026:19:25:56 +0000] "GET /wp-admin/user.php HTTP/1.1" 404 14930 "-" "Mozilla/5.0 (Windows NT 10.0; Win64; x64) AppleWebKit/537.36 (KHTML, like Gecko) Chrome/120.0.0.0 Safari/537.36"
20.92.73.174 - - [27/Apr/2026:19:25:57 +0000] "GET /wp-conf.php HTTP/1.1" 404 14928 "-" "Mozilla/5.0 (Windows NT 10.0; Win64; x64) AppleWebKit/537.36 (KHTML, like Gecko) Chrome/120.0.0.0 Safari/537.36"
20.92.73.174 - - [27/Apr/2026:19:25:58 +0000] "GET /wp-content/themes/hideo/network.php HTTP/1.1" 404 14887 "-" "Mozilla/5.0 (Windows NT 10.0; Win64; x64) AppleWebKit/537.36 (KHTML, like Gecko) Chrome/120.0.0.0 Safari/537.36"
20.92.73.174 - - [27/Apr/2026:19:25:59 +0000] "GET /wp-login.php HTTP/1.1" 200 3727 "-" "Mozilla/5.0 (Windows NT 10.0; Win64; x64) AppleWebKit/537.36 (KHTML, like Gecko) Chrome/120.0.0.0 Safari/537.36"
20.92.73.174 - - [27/Apr/2026:19:26:01 +0000] "GET /abc.php HTTP/1.1" 404 14927 "-" "Mozilla/5.0 (Windows NT 10.0; Win64; x64) AppleWebKit/537.36 (KHTML, like Gecko) Chrome/120.0.0.0 Safari/537.36"
20.92.73.174 - - [27/Apr/2026:19:26:02 +0000] "GET /abcd.php HTTP/1.1" 404 14928 "-" "Mozilla/5.0 (Windows NT 10.0; Win64; x64) AppleWebKit/537.36 (KHTML, like Gecko) Chrome/120.0.0.0 Safari/537.36"
20.92.73.174 - - [27/Apr/2026:19:26:03 +0000] "GET /as.php HTTP/1.1" 404 14927 "-" "Mozilla/5.0 (Windows NT 10.0; Win64; x64) AppleWebKit/537.36 (KHTML, like Gecko) Chrome/120.0.0.0 Safari/537.36"
20.92.73.174 - - [27/Apr/2026:19:26:05 +0000] "GET /wp-trackback.php HTTP/1.1" 404 130 "-" "Mozilla/5.0 (Windows NT 10.0; Win64; x64) AppleWebKit/537.36 (KHTML, like Gecko) Chrome/120.0.0.0 Safari/537.36"
20.92.73.174 - - [27/Apr/2026:19:26:06 +0000] "GET /about.php HTTP/1.1" 404 14928 "-" "Mozilla/5.0 (Windows NT 10.0; Win64; x64) AppleWebKit/537.36 (KHTML, like Gecko) Chrome/120.0.0.0 Safari/537.36"
20.92.73.174 - - [27/Apr/2026:19:26:07 +0000] "GET /file.php HTTP/1.1" 404 14927 "-" "Mozilla/5.0 (Windows NT 10.0; Win64; x64) AppleWebKit/537.36 (KHTML, like Gecko) Chrome/120.0.0.0 Safari/537.36"
20.92.73.174 - - [27/Apr/2026:19:26:08 +0000] "GET /adminfuns.php HTTP/1.1" 404 14932 "-" "Mozilla/5.0 (Windows NT 10.0; Win64; x64) AppleWebKit/537.36 (KHTML, like Gecko) Chrome/120.0.0.0 Safari/537.36"
20.92.73.174 - - [27/Apr/2026:19:26:09 +0000] "GET /wp-good.php HTTP/1.1" 404 14930 "-" "Mozilla/5.0 (Windows NT 10.0; Win64; x64) AppleWebKit/537.36 (KHTML, like Gecko) Chrome/120.0.0.0 Safari/537.36"
20.92.73.174 - - [27/Apr/2026:19:26:11 +0000] "GET /xmlrpc.php HTTP/1.1" 404 14927 "-" "Mozilla/5.0 (Windows NT 10.0; Win64; x64) AppleWebKit/537.36 (KHTML, like Gecko) Chrome/120.0.0.0 Safari/537.36"
20.92.73.174 - - [27/Apr/2026:19:26:12 +0000] "GET /goods.php HTTP/1.1" 404 14929 "-" "Mozilla/5.0 (Windows NT 10.0; Win64; x64) AppleWebKit/537.36 (KHTML, like Gecko) Chrome/120.0.0.0 Safari/537.36"
20.92.73.174 - - [27/Apr/2026:19:26:13 +0000] "GET /class-t.api.php HTTP/1.1" 404 14933 "-" "Mozilla/5.0 (Windows NT 10.0; Win64; x64) AppleWebKit/537.36 (KHTML, like Gecko) Chrome/120.0.0.0 Safari/537.36"
20.92.73.174 - - [27/Apr/2026:19:26:14 +0000] "GET /sf.php HTTP/1.1" 404 14927 "-" "Mozilla/5.0 (Windows NT 10.0; Win64; x64) AppleWebKit/537.36 (KHTML, like Gecko) Chrome/120.0.0.0 Safari/537.36"
20.92.73.174 - - [27/Apr/2026:19:26:15 +0000] "GET /kbfr.php HTTP/1.1" 404 14929 "-" "Mozilla/5.0 (Windows NT 10.0; Win64; x64) AppleWebKit/537.36 (KHTML, like Gecko) Chrome/120.0.0.0 Safari/537.36"
20.92.73.174 - - [27/Apr/2026:19:26:17 +0000] "GET /autoload_classmap.php HTTP/1.1" 404 14936 "-" "Mozilla/5.0 (Windows NT 10.0; Win64; x64) AppleWebKit/537.36 (KHTML, like Gecko) Chrome/120.0.0.0 Safari/537.36"
20.92.73.174 - - [27/Apr/2026:19:26:18 +0000] "GET /chosen.php?p= HTTP/1.1" 301 - "-" "Mozilla/5.0 (Windows NT 10.0; Win64; x64) AppleWebKit/537.36 (KHTML, like Gecko) Chrome/120.0.0.0 Safari/537.36"
20.92.73.174 - - [27/Apr/2026:19:26:19 +0000] "GET /classwithtostring.php HTTP/1.1" 404 14933 "-" "Mozilla/5.0 (Windows NT 10.0; Win64; x64) AppleWebKit/537.36 (KHTML, like Gecko) Chrome/120.0.0.0 Safari/537.36"
20.92.73.174 - - [27/Apr/2026:19:26:20 +0000] "GET /defaults.php HTTP/1.1" 404 14928 "-" "Mozilla/5.0 (Windows NT 10.0; Win64; x64) AppleWebKit/537.36 (KHTML, like Gecko) Chrome/120.0.0.0 Safari/537.36"
20.92.73.174 - - [27/Apr/2026:19:26:21 +0000] "GET /.well-known/ HTTP/1.1" 404 14933 "-" "Mozilla/5.0 (Windows NT 10.0; Win64; x64) AppleWebKit/537.36 (KHTML, like Gecko) Chrome/120.0.0.0 Safari/537.36"
20.92.73.174 - - [27/Apr/2026:19:26:22 +0000] "GET /info.php HTTP/1.1" 404 14928 "-" "Mozilla/5.0 (Windows NT 10.0; Win64; x64) AppleWebKit/537.36 (KHTML, like Gecko) Chrome/120.0.0.0 Safari/537.36"
20.92.73.174 - - [27/Apr/2026:19:26:23 +0000] "GET /cgi-bin/ HTTP/1.1" 404 14931 "-" "Mozilla/5.0 (Windows NT 10.0; Win64; x64) AppleWebKit/537.36 (KHTML, like Gecko) Chrome/120.0.0.0 Safari/537.36"
20.92.73.174 - - [27/Apr/2026:19:26:25 +0000] "GET /wp-includes/Requests/src/Response/about.php HTTP/1.1" 404 14893 "-" "Mozilla/5.0 (Windows NT 10.0; Win64; x64) AppleWebKit/537.36 (KHTML, like Gecko) Chrome/120.0.0.0 Safari/537.36"
20.92.73.174 - - [27/Apr/2026:19:26:26 +0000] "GET /wp-includes/html-api/ HTTP/1.1" 404 14933 "-" "Mozilla/5.0 (Windows NT 10.0; Win64; x64) AppleWebKit/537.36 (KHTML, like Gecko) Chrome/120.0.0.0 Safari/537.36"
20.92.73.174 - - [27/Apr/2026:19:26:27 +0000] "GET /wp-content/admin.php HTTP/1.1" 404 14930 "-" "Mozilla/5.0 (Windows NT 10.0; Win64; x64) AppleWebKit/537.36 (KHTML, like Gecko) Chrome/120.0.0.0 Safari/537.36"
20.92.73.174 - - [27/Apr/2026:19:26:29 +0000] "GET /wp-admin/css/colors/ectoplasm/ HTTP/1.1" 404 14893 "-" "Mozilla/5.0 (Windows NT 10.0; Win64; x64) AppleWebKit/537.36 (KHTML, like Gecko) Chrome/120.0.0.0 Safari/537.36"
20.92.73.174 - - [27/Apr/2026:19:26:30 +0000] "GET /wp-content/uploads/ HTTP/1.1" 404 14927 "-" "Mozilla/5.0 (Windows NT 10.0; Win64; x64) AppleWebKit/537.36 (KHTML, like Gecko) Chrome/120.0.0.0 Safari/537.36"
20.92.73.174 - - [27/Apr/2026:19:26:31 +0000] "GET /wp-content/themes/admin.php HTTP/1.1" 404 14883 "-" "Mozilla/5.0 (Windows NT 10.0; Win64; x64) AppleWebKit/537.36 (KHTML, like Gecko) Chrome/120.0.0.0 Safari/537.36"
20.92.73.174 - - [27/Apr/2026:19:26:32 +0000] "GET /wp-content/themes/index.php HTTP/1.1" 301 - "-" "Mozilla/5.0 (Windows NT 10.0; Win64; x64) AppleWebKit/537.36 (KHTML, like Gecko) Chrome/120.0.0.0 Safari/537.36"
20.92.73.174 - - [27/Apr/2026:19:26:33 +0000] "GET /wp-content/plugins/index.php HTTP/1.1" 301 - "-" "Mozilla/5.0 (Windows NT 10.0; Win64; x64) AppleWebKit/537.36 (KHTML, like Gecko) Chrome/120.0.0.0 Safari/537.36"
20.92.73.174 - - [27/Apr/2026:19:26:34 +0000] "GET /wp-includes/PHPMailer/ HTTP/1.1" 404 14936 "-" "Mozilla/5.0 (Windows NT 10.0; Win64; x64) AppleWebKit/537.36 (KHTML, like Gecko) Chrome/120.0.0.0 Safari/537.36"
20.92.73.174 - - [27/Apr/2026:19:26:35 +0000] "GET /wp-includes/images/ HTTP/1.1" 404 14931 "-" "Mozilla/5.0 (Windows NT 10.0; Win64; x64) AppleWebKit/537.36 (KHTML, like Gecko) Chrome/120.0.0.0 Safari/537.36"
20.92.73.174 - - [27/Apr/2026:19:26:36 +0000] "GET /wp-content/plugins/WordPressCore/ HTTP/1.1" 404 14884 "-" "Mozilla/5.0 (Windows NT 10.0; Win64; x64) AppleWebKit/537.36 (KHTML, like Gecko) Chrome/120.0.0.0 Safari/537.36"
184.94.212.206 - - [27/Apr/2026:19:26:57 +0000] "POST /wp-cron.php?doing_wp_cron=1777318017.5214340686798095703125 HTTP/1.1" 200 - "-" "WordPress/6.9.4; https://weddingmonitor.com"
114.119.142.43 - - [27/Apr/2026:19:26:56 +0000] "GET /2020/03/page/6/?noamp=mobile HTTP/1.1" 200 16771 "https://weddingmonitor.com/2020/03/page/5/?noamp=mobile" "Mozilla/5.0 (Linux; Android 7.0;) AppleWebKit/537.36 (HTML, like Gecko) Mobile Safari/537.36 (compatible; PetalBot;+https://webmaster.petalsearch.com/site/petalbot)"
184.94.212.206 - - [27/Apr/2026:19:27:22 +0000] "POST /wp-cron.php?doing_wp_cron=1777318042.8692231178283691406250 HTTP/1.1" 200 - "-" "WordPress/6.9.4; https://weddingmonitor.com"
192.0.102.230 - - [27/Apr/2026:19:27:21 +0000] "HEAD / HTTP/1.1" 200 - "-" "jetmon/1.0 (Jetpack Site Uptime Monitor by WordPress.com)"
14.191.90.57 - - [27/Apr/2026:19:27:49 +0000] "GET /tag/bank-account/ HTTP/1.1" 200 15885 "-" "Mozilla/5.0 (Windows NT 6.1; Win64; x64) AppleWebKit/537.36 (KHTML, like Gecko) Chrome/68.0.3440.75 Safari/537.36"
192.0.114.18 - - [27/Apr/2026:19:28:25 +0000] "GET /wp-content/uploads/2020/04/keep_your_dream_wedding_from_turning_into_a_nightmare_with_these_simple_tips.jpg HTTP/1.1" 200 - "-" "Photon/1.0"
184.94.212.206 - - [27/Apr/2026:19:31:00 +0000] "POST /wp-cron.php?doing_wp_cron=1777318260.3750209808349609375000 HTTP/1.1" 200 - "-" "WordPress/6.9.4; https://weddingmonitor.com"
114.119.133.120 - - [27/Apr/2026:19:30:58 +0000] "GET /2020/03/page/6/?noamp=mobile HTTP/1.1" 200 16771 "https://weddingmonitor.com/2020/03/page/5/?noamp=mobile" "Mozilla/5.0 (Linux; Android 7.0;) AppleWebKit/537.36 (HTML, like Gecko) Mobile Safari/537.36 (compatible; PetalBot;+https://webmaster.petalsearch.com/site/petalbot)"
184.94.212.206 - - [27/Apr/2026:19:32:23 +0000] "POST /wp-cron.php?doing_wp_cron=1777318343.3377110958099365234375 HTTP/1.1" 200 - "-" "WordPress/6.9.4; https://weddingmonitor.com"
192.0.102.230 - - [27/Apr/2026:19:32:21 +0000] "HEAD / HTTP/1.1" 200 - "-" "jetmon/1.0 (Jetpack Site Uptime Monitor by WordPress.com)"
114.119.158.157 - - [27/Apr/2026:19:35:05 +0000] "GET /2020/03/page/3?noamp=mobile HTTP/1.1" 301 - "https://weddingmonitor.com/2020/03/page/2?noamp=mobile" "Mozilla/5.0 (Linux; Android 7.0;) AppleWebKit/537.36 (KHTML, like Gecko) Mobile Safari/537.36 (compatible; PetalBot;+https://webmaster.petalsearch.com/site/petalbot)"
114.119.158.157 - - [27/Apr/2026:19:35:14 +0000] "GET /2020/03/page/3/?noamp=mobile HTTP/1.1" 200 16799 "https://weddingmonitor.com/2020/03/page/2?noamp=mobile" "Mozilla/5.0 (Linux; Android 7.0;) AppleWebKit/537.36 (KHTML, like Gecko) Mobile Safari/537.36 (compatible; PetalBot;+https://webmaster.petalsearch.com/site/petalbot)"
184.94.212.206 - - [27/Apr/2026:19:37:21 +0000] "POST /wp-cron.php?doing_wp_cron=1777318641.3880128860473632812500 HTTP/1.1" 200 - "-" "WordPress/6.9.4; https://weddingmonitor.com"
192.0.102.230 - - [27/Apr/2026:19:37:19 +0000] "HEAD / HTTP/1.1" 200 - "-" "jetmon/1.0 (Jetpack Site Uptime Monitor by WordPress.com)"
114.119.158.157 - - [27/Apr/2026:19:38:38 +0000] "GET /2020/03/page/3/?amp HTTP/1.1" 200 16791 "https://weddingmonitor.com/2020/03/page/3?amp" "Mozilla/5.0 (Linux; Android 7.0;) AppleWebKit/537.36 (HTML, like Gecko) Mobile Safari/537.36 (compatible; PetalBot;+https://webmaster.petalsearch.com/site/petalbot)"
184.94.212.206 - - [27/Apr/2026:19:42:13 +0000] "POST /wp-cron.php?doing_wp_cron=1777318933.2454121112823486328125 HTTP/1.1" 200 - "-" "WordPress/6.9.4; https://weddingmonitor.com"
114.119.147.0 - - [27/Apr/2026:19:42:11 +0000] "GET /2020/03/page/2?noamp=mobile HTTP/1.1" 301 - "https://weddingmonitor.com/2020/03?noamp=mobile" "Mozilla/5.0 (Linux; Android 7.0;) AppleWebKit/537.36 (HTML, like Gecko) Mobile Safari/537.36 (compatible; PetalBot;+https://webmaster.petalsearch.com/site/petalbot)"
114.119.147.0 - - [27/Apr/2026:19:42:13 +0000] "GET /2020/03/page/2/?noamp=mobile HTTP/1.1" 200 16451 "https://weddingmonitor.com/2020/03?noamp=mobile" "Mozilla/5.0 (Linux; Android 7.0;) AppleWebKit/537.36 (HTML, like Gecko) Mobile Safari/537.36 (compatible; PetalBot;+https://webmaster.petalsearch.com/site/petalbot)"
184.94.212.206 - - [27/Apr/2026:19:42:23 +0000] "POST /wp-cron.php?doing_wp_cron=1777318943.0895919799804687500000 HTTP/1.1" 200 - "-" "WordPress/6.9.4; https://weddingmonitor.com"
192.0.102.230 - - [27/Apr/2026:19:42:22 +0000] "HEAD / HTTP/1.1" 200 - "-" "jetmon/1.0 (Jetpack Site Uptime Monitor by WordPress.com)"
114.119.158.157 - - [27/Apr/2026:19:45:55 +0000] "GET /2020/03/?noamp=mobile HTTP/1.1" 200 16326 "https://weddingmonitor.com/2020/03?noamp=mobile" "Mozilla/5.0 (Linux; Android 7.0;) AppleWebKit/537.36 (HTML, like Gecko) Mobile Safari/537.36 (compatible; PetalBot;+https://webmaster.petalsearch.com/site/petalbot)"
184.94.212.206 - - [27/Apr/2026:19:47:23 +0000] "POST /wp-cron.php?doing_wp_cron=1777319243.5316700935363769531250 HTTP/1.1" 200 - "-" "WordPress/6.9.4; https://weddingmonitor.com"
192.0.102.230 - - [27/Apr/2026:19:47:21 +0000] "HEAD / HTTP/1.1" 200 - "-" "jetmon/1.0 (Jetpack Site Uptime Monitor by WordPress.com)"
184.94.212.206 - - [27/Apr/2026:19:49:57 +0000] "POST /wp-cron.php?doing_wp_cron=1777319397.2289319038391113281250 HTTP/1.1" 200 - "-" "WordPress/6.9.4; https://weddingmonitor.com"
114.119.145.212 - - [27/Apr/2026:19:49:55 +0000] "GET /2020/03/?amp HTTP/1.1" 200 16319 "https://weddingmonitor.com/2020/03/page/2/?amp" "Mozilla/5.0 (Linux; Android 7.0;) AppleWebKit/537.36 (HTML, like Gecko) Mobile Safari/537.36 (compatible; PetalBot;+https://webmaster.petalsearch.com/site/petalbot)"
184.94.212.206 - - [27/Apr/2026:19:52:23 +0000] "POST /wp-cron.php?doing_wp_cron=1777319543.5527360439300537109375 HTTP/1.1" 200 - "-" "WordPress/6.9.4; https://weddingmonitor.com"
192.0.102.230 - - [27/Apr/2026:19:52:22 +0000] "HEAD / HTTP/1.1" 200 - "-" "jetmon/1.0 (Jetpack Site Uptime Monitor by WordPress.com)"
114.119.147.0 - - [27/Apr/2026:19:53:46 +0000] "GET /2020/02?noamp=mobile HTTP/1.1" 301 - "https://weddingmonitor.com/2020/02?noamp=mobile" "Mozilla/5.0 (Linux; Android 7.0;) AppleWebKit/537.36 (HTML, like Gecko) Mobile Safari/537.36 (compatible; PetalBot;+https://webmaster.petalsearch.com/site/petalbot)"
114.119.147.0 - - [27/Apr/2026:19:53:47 +0000] "GET /2020/02/?noamp=mobile HTTP/1.1" 200 19896 "https://weddingmonitor.com/2020/02?noamp=mobile" "Mozilla/5.0 (Linux; Android 7.0;) AppleWebKit/537.36 (HTML, like Gecko) Mobile Safari/537.36 (compatible; PetalBot;+https://webmaster.petalsearch.com/site/petalbot)"
136.112.41.234 - - [27/Apr/2026:19:53:58 +0000] "GET / HTTP/1.1" 200 16986 "-" "Mozilla/5.0 (Linux; Android 13; SM-S901B) AppleWebKit/537.36 (KHTML, like Gecko) Chrome/112.0.0.0 Mobile Safari/537.36"
136.112.41.234 - - [27/Apr/2026:19:54:00 +0000] "GET / HTTP/1.1" 200 16986 "-" "Mozilla/5.0 (Windows NT 10.0; Win64; x64) AppleWebKit/537.36 (KHTML, like Gecko) Chrome/42.0.2311.135 Safari/537.36 Edge/12.246"
18.214.238.178 - - [27/Apr/2026:19:54:53 +0000] "GET /?s HTTP/1.1" 200 16720 "-" "Mozilla/5.0 AppleWebKit/537.36 (KHTML, like Gecko; compatible; Amazonbot/0.1; +https://developer.amazon.com/support/amazonbot) Chrome/119.0.6045.214 Safari/537.36"
184.94.212.206 - - [27/Apr/2026:19:57:01 +0000] "POST /wp-cron.php?doing_wp_cron=1777319821.7814490795135498046875 HTTP/1.1" 200 - "-" "WordPress/6.9.4; https://weddingmonitor.com"
79.122.6.199 - - [27/Apr/2026:19:57:00 +0000] "POST /xmlrpc.php HTTP/1.1" 404 58636 "-" "Mozilla/5.0 (Linux; Android 10; x86) AppleWebKit/537.36 (KHTML, like Gecko) Safari/12.0.0.0 Safari/537.36"
192.0.102.230 - - [27/Apr/2026:19:57:21 +0000] "HEAD / HTTP/1.1" 200 - "-" "jetmon/1.0 (Jetpack Site Uptime Monitor by WordPress.com)"
184.94.212.206 - - [27/Apr/2026:19:58:31 +0000] "POST /wp-cron.php?doing_wp_cron=1777319911.9663219451904296875000 HTTP/1.1" 200 - "-" "WordPress/6.9.4; https://weddingmonitor.com"
20.89.19.162 - - [27/Apr/2026:19:58:30 +0000] "GET /inputs.php HTTP/1.1" 404 14889 "-" "Mozilla/5.0 (Windows NT 10.0; Win64; x64) AppleWebKit/537.36 (KHTML, like Gecko) Chrome/120.0.0.0 Safari/537.36"
20.89.19.162 - - [27/Apr/2026:19:58:32 +0000] "GET /ioxi-o.php HTTP/1.1" 404 14890 "-" "Mozilla/5.0 (Windows NT 10.0; Win64; x64) AppleWebKit/537.36 (KHTML, like Gecko) Chrome/120.0.0.0 Safari/537.36"
20.89.19.162 - - [27/Apr/2026:19:58:33 +0000] "GET /function/function.php HTTP/1.1" 404 14890 "-" "Mozilla/5.0 (Windows NT 10.0; Win64; x64) AppleWebKit/537.36 (KHTML, like Gecko) Chrome/120.0.0.0 Safari/537.36"
20.89.19.162 - - [27/Apr/2026:19:58:34 +0000] "GET /rip.php HTTP/1.1" 404 14886 "-" "Mozilla/5.0 (Windows NT 10.0; Win64; x64) AppleWebKit/537.36 (KHTML, like Gecko) Chrome/120.0.0.0 Safari/537.36"
20.89.19.162 - - [27/Apr/2026:19:58:35 +0000] "GET /admin.php HTTP/1.1" 404 14888 "-" "Mozilla/5.0 (Windows NT 10.0; Win64; x64) AppleWebKit/537.36 (KHTML, like Gecko) Chrome/120.0.0.0 Safari/537.36"
20.89.19.162 - - [27/Apr/2026:19:58:36 +0000] "GET /wp-content/uploads/index.php HTTP/1.1" 301 - "-" "Mozilla/5.0 (Windows NT 10.0; Win64; x64) AppleWebKit/537.36 (KHTML, like Gecko) Chrome/120.0.0.0 Safari/537.36"
20.89.19.162 - - [27/Apr/2026:19:58:37 +0000] "GET /cache.php HTTP/1.1" 404 14888 "-" "Mozilla/5.0 (Windows NT 10.0; Win64; x64) AppleWebKit/537.36 (KHTML, like Gecko) Chrome/120.0.0.0 Safari/537.36"
20.89.19.162 - - [27/Apr/2026:19:58:38 +0000] "GET /themes.php HTTP/1.1" 404 14887 "-" "Mozilla/5.0 (Windows NT 10.0; Win64; x64) AppleWebKit/537.36 (KHTML, like Gecko) Chrome/120.0.0.0 Safari/537.36"
20.89.19.162 - - [27/Apr/2026:19:58:39 +0000] "GET /an.php HTTP/1.1" 404 14885 "-" "Mozilla/5.0 (Windows NT 10.0; Win64; x64) AppleWebKit/537.36 (KHTML, like Gecko) Chrome/120.0.0.0 Safari/537.36"
20.89.19.162 - - [27/Apr/2026:19:58:40 +0000] "GET /index/function.php HTTP/1.1" 404 14891 "-" "Mozilla/5.0 (Windows NT 10.0; Win64; x64) AppleWebKit/537.36 (KHTML, like Gecko) Chrome/120.0.0.0 Safari/537.36"
20.89.19.162 - - [27/Apr/2026:19:58:41 +0000] "GET /randkeyword.PhP7 HTTP/1.1" 404 14897 "-" "Mozilla/5.0 (Windows NT 10.0; Win64; x64) AppleWebKit/537.36 (KHTML, like Gecko) Chrome/120.0.0.0 Safari/537.36"
20.89.19.162 - - [27/Apr/2026:19:58:42 +0000] "GET /ws.php HTTP/1.1" 404 14886 "-" "Mozilla/5.0 (Windows NT 10.0; Win64; x64) AppleWebKit/537.36 (KHTML, like Gecko) Chrome/120.0.0.0 Safari/537.36"
20.89.19.162 - - [27/Apr/2026:19:58:43 +0000] "GET /404.php HTTP/1.1" 404 14886 "-" "Mozilla/5.0 (Windows NT 10.0; Win64; x64) AppleWebKit/537.36 (KHTML, like Gecko) Chrome/120.0.0.0 Safari/537.36"
20.89.19.162 - - [27/Apr/2026:19:58:45 +0000] "GET /wp-admin/user.php HTTP/1.1" 404 14890 "-" "Mozilla/5.0 (Windows NT 10.0; Win64; x64) AppleWebKit/537.36 (KHTML, like Gecko) Chrome/120.0.0.0 Safari/537.36"
20.89.19.162 - - [27/Apr/2026:19:58:46 +0000] "GET /wp-conf.php HTTP/1.1" 404 14888 "-" "Mozilla/5.0 (Windows NT 10.0; Win64; x64) AppleWebKit/537.36 (KHTML, like Gecko) Chrome/120.0.0.0 Safari/537.36"
20.89.19.162 - - [27/Apr/2026:19:58:47 +0000] "GET /wp-content/themes/hideo/network.php HTTP/1.1" 404 14847 "-" "Mozilla/5.0 (Windows NT 10.0; Win64; x64) AppleWebKit/537.36 (KHTML, like Gecko) Chrome/120.0.0.0 Safari/537.36"
20.89.19.162 - - [27/Apr/2026:19:58:48 +0000] "GET /wp-login.php HTTP/1.1" 200 3725 "-" "Mozilla/5.0 (Windows NT 10.0; Win64; x64) AppleWebKit/537.36 (KHTML, like Gecko) Chrome/120.0.0.0 Safari/537.36"
20.89.19.162 - - [27/Apr/2026:19:58:49 +0000] "GET /abc.php HTTP/1.1" 404 14886 "-" "Mozilla/5.0 (Windows NT 10.0; Win64; x64) AppleWebKit/537.36 (KHTML, like Gecko) Chrome/120.0.0.0 Safari/537.36"
66.249.66.12 - - [27/Apr/2026:19:58:51 +0000] "GET /ads.txt HTTP/1.1" 200 58 "-" "Google-adstxt"
20.89.19.162 - - [27/Apr/2026:19:58:50 +0000] "GET /abcd.php HTTP/1.1" 404 14887 "-" "Mozilla/5.0 (Windows NT 10.0; Win64; x64) AppleWebKit/537.36 (KHTML, like Gecko) Chrome/120.0.0.0 Safari/537.36"
20.89.19.162 - - [27/Apr/2026:19:58:51 +0000] "GET /as.php HTTP/1.1" 404 14885 "-" "Mozilla/5.0 (Windows NT 10.0; Win64; x64) AppleWebKit/537.36 (KHTML, like Gecko) Chrome/120.0.0.0 Safari/537.36"
20.89.19.162 - - [27/Apr/2026:19:58:52 +0000] "GET /wp-trackback.php HTTP/1.1" 404 130 "-" "Mozilla/5.0 (Windows NT 10.0; Win64; x64) AppleWebKit/537.36 (KHTML, like Gecko) Chrome/120.0.0.0 Safari/537.36"
20.89.19.162 - - [27/Apr/2026:19:58:53 +0000] "GET /about.php HTTP/1.1" 404 14888 "-" "Mozilla/5.0 (Windows NT 10.0; Win64; x64) AppleWebKit/537.36 (KHTML, like Gecko) Chrome/120.0.0.0 Safari/537.36"
20.89.19.162 - - [27/Apr/2026:19:58:54 +0000] "GET /file.php HTTP/1.1" 404 14886 "-" "Mozilla/5.0 (Windows NT 10.0; Win64; x64) AppleWebKit/537.36 (KHTML, like Gecko) Chrome/120.0.0.0 Safari/537.36"
20.89.19.162 - - [27/Apr/2026:19:58:55 +0000] "GET /adminfuns.php HTTP/1.1" 404 14892 "-" "Mozilla/5.0 (Windows NT 10.0; Win64; x64) AppleWebKit/537.36 (KHTML, like Gecko) Chrome/120.0.0.0 Safari/537.36"
20.89.19.162 - - [27/Apr/2026:19:58:56 +0000] "GET /wp-good.php HTTP/1.1" 404 14890 "-" "Mozilla/5.0 (Windows NT 10.0; Win64; x64) AppleWebKit/537.36 (KHTML, like Gecko) Chrome/120.0.0.0 Safari/537.36"
20.89.19.162 - - [27/Apr/2026:19:58:57 +0000] "GET /xmlrpc.php HTTP/1.1" 404 14887 "-" "Mozilla/5.0 (Windows NT 10.0; Win64; x64) AppleWebKit/537.36 (KHTML, like Gecko) Chrome/120.0.0.0 Safari/537.36"
20.89.19.162 - - [27/Apr/2026:19:58:58 +0000] "GET /goods.php HTTP/1.1" 404 14889 "-" "Mozilla/5.0 (Windows NT 10.0; Win64; x64) AppleWebKit/537.36 (KHTML, like Gecko) Chrome/120.0.0.0 Safari/537.36"
20.89.19.162 - - [27/Apr/2026:19:59:00 +0000] "GET /class-t.api.php HTTP/1.1" 404 14893 "-" "Mozilla/5.0 (Windows NT 10.0; Win64; x64) AppleWebKit/537.36 (KHTML, like Gecko) Chrome/120.0.0.0 Safari/537.36"
20.89.19.162 - - [27/Apr/2026:19:59:01 +0000] "GET /sf.php HTTP/1.1" 404 14886 "-" "Mozilla/5.0 (Windows NT 10.0; Win64; x64) AppleWebKit/537.36 (KHTML, like Gecko) Chrome/120.0.0.0 Safari/537.36"
20.89.19.162 - - [27/Apr/2026:19:59:02 +0000] "GET /kbfr.php HTTP/1.1" 404 14888 "-" "Mozilla/5.0 (Windows NT 10.0; Win64; x64) AppleWebKit/537.36 (KHTML, like Gecko) Chrome/120.0.0.0 Safari/537.36"
20.89.19.162 - - [27/Apr/2026:19:59:03 +0000] "GET /autoload_classmap.php HTTP/1.1" 404 14896 "-" "Mozilla/5.0 (Windows NT 10.0; Win64; x64) AppleWebKit/537.36 (KHTML, like Gecko) Chrome/120.0.0.0 Safari/537.36"
20.89.19.162 - - [27/Apr/2026:19:59:04 +0000] "GET /chosen.php?p= HTTP/1.1" 301 - "-" "Mozilla/5.0 (Windows NT 10.0; Win64; x64) AppleWebKit/537.36 (KHTML, like Gecko) Chrome/120.0.0.0 Safari/537.36"
20.89.19.162 - - [27/Apr/2026:19:59:05 +0000] "GET /classwithtostring.php HTTP/1.1" 404 14893 "-" "Mozilla/5.0 (Windows NT 10.0; Win64; x64) AppleWebKit/537.36 (KHTML, like Gecko) Chrome/120.0.0.0 Safari/537.36"
