20.212.0.99 - - [27/Apr/2026:23:21:37 +0000] "GET /wp-includes/PHPMailer/ HTTP/1.1" 404 14936 "-" "Mozilla/5.0 (Windows NT 10.0; Win64; x64) AppleWebKit/537.36 (KHTML, like Gecko) Chrome/120.0.0.0 Safari/537.36"
20.212.0.99 - - [27/Apr/2026:23:21:39 +0000] "GET /wp-includes/images/ HTTP/1.1" 404 14931 "-" "Mozilla/5.0 (Windows NT 10.0; Win64; x64) AppleWebKit/537.36 (KHTML, like Gecko) Chrome/120.0.0.0 Safari/537.36"
20.212.0.99 - - [27/Apr/2026:23:21:40 +0000] "GET /wp-content/plugins/WordPressCore/ HTTP/1.1" 404 14884 "-" "Mozilla/5.0 (Windows NT 10.0; Win64; x64) AppleWebKit/537.36 (KHTML, like Gecko) Chrome/120.0.0.0 Safari/537.36"
184.94.212.206 - - [27/Apr/2026:23:22:24 +0000] "POST /wp-cron.php?doing_wp_cron=1777332144.2615160942077636718750 HTTP/1.1" 200 - "-" "WordPress/6.9.4; https://weddingmonitor.com"
192.0.102.230 - - [27/Apr/2026:23:22:22 +0000] "HEAD / HTTP/1.1" 200 - "-" "jetmon/1.0 (Jetpack Site Uptime Monitor by WordPress.com)"
57.141.18.13 - - [27/Apr/2026:23:24:23 +0000] "GET /anti-spam-policy/ HTTP/1.1" 200 70732 "-" "meta-externalagent/1.1 (+https://developers.facebook.com/docs/sharing/webmasters/crawler)"
114.119.147.0 - - [27/Apr/2026:23:24:47 +0000] "GET /solid-advice-for-anyone-that-is-planning-a-wedding/?share=twitter HTTP/1.1" 302 - "https://weddingmonitor.com/solid-advice-for-anyone-that-is-planning-a-wedding/" "Mozilla/5.0 (Linux; Android 7.0;) AppleWebKit/537.36 (HTML, like Gecko) Mobile Safari/537.36 (compatible; PetalBot;+https://webmaster.petalsearch.com/site/petalbot)"
184.94.212.206 - - [27/Apr/2026:23:27:26 +0000] "POST /wp-cron.php?doing_wp_cron=1777332446.4641339778900146484375 HTTP/1.1" 200 - "-" "WordPress/6.9.4; https://weddingmonitor.com"
192.0.102.230 - - [27/Apr/2026:23:27:24 +0000] "HEAD / HTTP/1.1" 200 - "-" "jetmon/1.0 (Jetpack Site Uptime Monitor by WordPress.com)"
114.119.147.0 - - [27/Apr/2026:23:29:00 +0000] "GET /make-your-wedding-planning-feel-less-of-a-chore/?share=twitter&amp HTTP/1.1" 302 - "https://weddingmonitor.com/make-your-wedding-planning-feel-less-of-a-chore/?share=twitter" "Mozilla/5.0 (Linux; Android 7.0;) AppleWebKit/537.36 (HTML, like Gecko) Mobile Safari/537.36 (compatible; PetalBot;+https://webmaster.petalsearch.com/site/petalbot)"
184.94.212.206 - - [27/Apr/2026:23:31:22 +0000] "POST /wp-cron.php?doing_wp_cron=1777332682.6820969581604003906250 HTTP/1.1" 200 - "-" "WordPress/6.9.4; https://weddingmonitor.com"
2.57.168.9 - - [27/Apr/2026:23:31:20 +0000] "POST /wp-login.php HTTP/1.1" 401 3452 "-" "Mozilla/5.0"
184.94.212.206 - - [27/Apr/2026:23:32:22 +0000] "POST /wp-cron.php?doing_wp_cron=1777332742.6879489421844482421875 HTTP/1.1" 200 - "-" "WordPress/6.9.4; https://weddingmonitor.com"
192.0.102.230 - - [27/Apr/2026:23:32:21 +0000] "HEAD / HTTP/1.1" 200 - "-" "jetmon/1.0 (Jetpack Site Uptime Monitor by WordPress.com)"
114.119.145.212 - - [27/Apr/2026:23:32:52 +0000] "GET /tips-to-get-the-wedding-you-have-always-wanted/ HTTP/1.1" 200 20515 "https://weddingmonitor.com/tips-to-get-the-wedding-you-have-always-wanted/" "Mozilla/5.0 (Linux; Android 7.0;) AppleWebKit/537.36 (HTML, like Gecko) Mobile Safari/537.36 (compatible; PetalBot;+https://webmaster.petalsearch.com/site/petalbot)"
184.94.212.206 - - [27/Apr/2026:23:37:21 +0000] "POST /wp-cron.php?doing_wp_cron=1777333041.5431671142578125000000 HTTP/1.1" 200 - "-" "WordPress/6.9.4; https://weddingmonitor.com"
192.0.102.230 - - [27/Apr/2026:23:37:20 +0000] "HEAD / HTTP/1.1" 200 - "-" "jetmon/1.0 (Jetpack Site Uptime Monitor by WordPress.com)"
114.119.142.85 - - [27/Apr/2026:23:37:21 +0000] "GET /wedding-planning-advice-for-the-busy-bride-and-groom?share=twitter HTTP/1.1" 302 - "-" "Mozilla/5.0 (Linux; Android 7.0;) AppleWebKit/537.36 (HTML, like Gecko) Mobile Safari/537.36 (compatible; PetalBot;+https://webmaster.petalsearch.com/site/petalbot)"
3.210.29.96 - - [27/Apr/2026:23:38:03 +0000] "GET /wedding-tips-that-might-help-you-save-money/ HTTP/1.1" 500 1004 "-" "Mozilla/5.0 AppleWebKit/537.36 (KHTML, like Gecko; compatible; Amazonbot/0.1; +https://developer.amazon.com/support/amazonbot) Chrome/119.0.6045.214 Safari/537.36"
184.94.212.206 - - [27/Apr/2026:23:39:46 +0000] "POST /wp-cron.php?doing_wp_cron=1777333185.9961299896240234375000 HTTP/1.1" 200 - "-" "WordPress/6.9.4; https://weddingmonitor.com"
88.151.33.237 - - [27/Apr/2026:23:39:44 +0000] "GET / HTTP/1.1" 200 16992 "-" "Mozilla/5.0 (compatible; Amazonbot/0.1; +https://developer.amazon.com/support/amazonbot)"
88.151.33.237 - - [27/Apr/2026:23:39:50 +0000] "GET /wp-content/plugins/contact-form-7/includes/js/index.js?ver=6.1.5 HTTP/1.1" 200 4265 "-" "CCBot/2.0 (https://commoncrawl.org/faq/)"
88.151.33.237 - - [27/Apr/2026:23:39:50 +0000] "GET /wp-content/themes/genesis/lib/js/skip-links.min.js?ver=3.6.2 HTTP/1.1" 200 238 "-" "Mozilla/5.0 (compatible; bingbot/2.0; +http://www.bing.com/bingbot.htm)"
88.151.33.237 - - [27/Apr/2026:23:39:50 +0000] "GET /wp-content/themes/news-pro/js/global.js?ver=3.2.1 HTTP/1.1" 200 160 "-" "Mozilla/5.0 (compatible; xAI-SearchBot/1.0; +https://x.ai)"
88.151.33.237 - - [27/Apr/2026:23:39:50 +0000] "GET /wp-content/themes/genesis/lib/js/menu/superfish.min.js?ver=1.7.10 HTTP/1.1" 200 1894 "-" "Mozilla/5.0 (compatible; xAI-SearchBot/1.0; +https://x.ai)"
88.151.33.237 - - [27/Apr/2026:23:39:50 +0000] "GET /wp-content/plugins/complianz-gdpr/cookiebanner/js/complianz.min.js?ver=1776706808 HTTP/1.1" 200 10935 "-" "Mozilla/5.0 (compatible; xAI-SearchBot/1.0; +https://x.ai)"
88.151.33.237 - - [27/Apr/2026:23:39:50 +0000] "GET /wp-content/plugins/google-site-kit/dist/assets/js/googlesitekit-consent-mode-bc2e26cfa69fcd4a8261.js HTTP/1.1" 200 25395 "-" "Mozilla/5.0 (Linux; Android 6.0.1; Nexus 5X Build/MMB29P) AppleWebKit/537.36 (KHTML, like Gecko) Chrome/126.0.0.0 Mobile Safari/537.36 (compatible; Googlebot/2.1; +http://www.google.com/bot.html)"
88.151.33.237 - - [27/Apr/2026:23:39:50 +0000] "GET /wp-content/themes/genesis/lib/js/menu/superfish.args.min.js?ver=3.6.2 HTTP/1.1" 200 124 "-" "Mozilla/5.0 AppleWebKit/537.36 (KHTML, like Gecko; compatible; GPTBot/1.3; +https://openai.com/gptbot)"
88.151.33.237 - - [27/Apr/2026:23:39:51 +0000] "GET /wp-content/themes/news-pro/js/responsive-menus.min.js?ver=3.2.1 HTTP/1.1" 200 1601 "-" "Mozilla/5.0 (compatible; YandexBot/3.0; +http://yandex.com/bots)"
88.151.33.237 - - [27/Apr/2026:23:39:51 +0000] "GET /wp-content/plugins/contact-form-7/includes/swv/js/index.js?ver=6.1.5 HTTP/1.1" 200 3503 "-" "Mozilla/5.0 (compatible; OAI-SearchBot/1.3; +https://openai.com/searchbot)"
184.94.212.206 - - [27/Apr/2026:23:39:53 +0000] "POST /wp-cron.php?doing_wp_cron=1777333193.2953009605407714843750 HTTP/1.1" 200 - "-" "WordPress/6.9.4; https://weddingmonitor.com"
18.213.147.161 - - [27/Apr/2026:23:39:52 +0000] "HEAD /wedding-tips-that-might-help-you-save-money/ HTTP/1.1" 200 - "-" "Mozilla/5.0 AppleWebKit/605.1.15 (KHTML, like Gecko) Chrome/139.0.0.0 Safari/605.1.15"
88.151.33.237 - - [27/Apr/2026:23:39:54 +0000] "GET /wp-content/plugins/google-site-kit/dist/assets/js/googlesitekit-consent-mode-bc2e26cfa69fcd4a8261.js.map HTTP/1.1" 404 14878 "-" "Mozilla/5.0 (compatible; OAI-SearchBot/1.3; +https://openai.com/searchbot)"
88.151.33.237 - - [27/Apr/2026:23:39:59 +0000] "GET /sitemap.xml HTTP/1.1" 200 300 "-" "Mozilla/5.0 (compatible; DeepSeekBot/1.0; +https://www.deepseek.com/bot)"
88.151.33.237 - - [27/Apr/2026:23:40:02 +0000] "GET /robots.txt HTTP/1.1" 200 145 "-" "Mozilla/5.0 (compatible; bingbot/2.0; +http://www.bing.com/bingbot.htm)"
88.151.33.237 - - [27/Apr/2026:23:40:06 +0000] "GET /asset-manifest.json HTTP/1.1" 404 14931 "-" "Mozilla/5.0 AppleWebKit/537.36 (KHTML, like Gecko; compatible; Claude-SearchBot/1.0; +searchbot@anthropic.com)"
88.151.33.237 - - [27/Apr/2026:23:40:08 +0000] "GET /manifest.json HTTP/1.1" 404 14928 "-" "Mozilla/5.0 (compatible; YandexBot/3.0; +http://yandex.com/bots)"
88.151.33.237 - - [27/Apr/2026:23:40:11 +0000] "GET /build-manifest.json HTTP/1.1" 404 14932 "-" "Mozilla/5.0 (compatible; PerplexityBot/1.0; +https://perplexity.ai/perplexitybot)"
88.151.33.237 - - [27/Apr/2026:23:40:14 +0000] "GET /_next/static/buildManifest.js HTTP/1.1" 404 14889 "-" "Mozilla/5.0 AppleWebKit/537.36 (KHTML, like Gecko; compatible; GPTBot/1.3; +https://openai.com/gptbot)"
88.151.33.237 - - [27/Apr/2026:23:40:16 +0000] "GET /.aws/config HTTP/1.1" 404 14926 "-" "Mozilla/5.0 (Macintosh; Intel Mac OS X 14.7; rv:133.0) Gecko/20100101 Firefox/133.0"
88.151.33.237 - - [27/Apr/2026:23:40:19 +0000] "GET /public/.env HTTP/1.1" 404 14927 "-" "Mozilla/5.0 (iPad; CPU OS 18_1 like Mac OS X) AppleWebKit/605.1.15 (KHTML, like Gecko) Version/18.1 Mobile/15E148 Safari/604.1"
88.151.33.237 - - [27/Apr/2026:23:40:19 +0000] "GET /.git/config HTTP/1.1" 404 14925 "-" "Mozilla/5.0 (Windows NT 10.0; Win64; x64) AppleWebKit/537.36 (KHTML, like Gecko) Chrome/130.0.0.0 Safari/537.36"
88.151.33.237 - - [27/Apr/2026:23:40:19 +0000] "GET /.env.development HTTP/1.1" 404 14927 "-" "Mozilla/5.0 (iPad; CPU OS 18_1 like Mac OS X) AppleWebKit/605.1.15 (KHTML, like Gecko) Version/18.1 Mobile/15E148 Safari/604.1"
88.151.33.237 - - [27/Apr/2026:23:40:19 +0000] "GET /.env.example HTTP/1.1" 404 14929 "-" "Mozilla/5.0 (Windows NT 10.0; Win64; x64; rv:133.0) Gecko/20100101 Firefox/133.0"
88.151.33.237 - - [27/Apr/2026:23:40:19 +0000] "GET /.env.production HTTP/1.1" 404 14929 "-" "Mozilla/5.0 (iPhone; CPU iPhone OS 18_1 like Mac OS X) AppleWebKit/605.1.15 (KHTML, like Gecko) Version/18.1 Mobile/15E148 Safari/604.1"
88.151.33.237 - - [27/Apr/2026:23:40:19 +0000] "GET /admin/.env HTTP/1.1" 404 14925 "-" "Mozilla/5.0 (Windows NT 10.0; Win64; x64) AppleWebKit/537.36 (KHTML, like Gecko) Chrome/131.0.0.0 Safari/537.36"
184.94.212.206 - - [27/Apr/2026:23:40:25 +0000] "POST /wp-cron.php?doing_wp_cron=1777333225.2219510078430175781250 HTTP/1.1" 200 - "-" "WordPress/6.9.4; https://weddingmonitor.com"
88.151.33.237 - - [27/Apr/2026:23:40:19 +0000] "GET /config.env HTTP/1.1" 404 14925 "-" "Mozilla/5.0 (Windows NT 10.0; Win64; x64; rv:133.0) Gecko/20100101 Firefox/133.0"
88.151.33.237 - - [27/Apr/2026:23:40:19 +0000] "GET /api/.env HTTP/1.1" 404 14925 "-" "Mozilla/5.0 (Windows NT 10.0; Win64; x64; rv:132.0) Gecko/20100101 Firefox/132.0"
88.151.33.237 - - [27/Apr/2026:23:40:19 +0000] "GET /.env.local HTTP/1.1" 404 14926 "-" "Mozilla/5.0 (Macintosh; Intel Mac OS X 10_15_7) AppleWebKit/537.36 (KHTML, like Gecko) Chrome/131.0.0.0 Safari/537.36"
88.151.33.237 - - [27/Apr/2026:23:40:19 +0000] "GET /.env.backup HTTP/1.1" 404 14927 "-" "Mozilla/5.0 (iPad; CPU OS 18_1 like Mac OS X) AppleWebKit/605.1.15 (KHTML, like Gecko) Version/18.1 Mobile/15E148 Safari/604.1"
88.151.33.237 - - [27/Apr/2026:23:40:19 +0000] "GET /.env.old HTTP/1.1" 404 14925 "-" "Mozilla/5.0 (X11; Linux x86_64) AppleWebKit/537.36 (KHTML, like Gecko) Chrome/131.0.0.0 Safari/537.36"
88.151.33.237 - - [27/Apr/2026:23:40:19 +0000] "GET /.env.bak HTTP/1.1" 404 14926 "-" "Mozilla/5.0 (Linux; Android 14; SM-S921B) AppleWebKit/537.36 (KHTML, like Gecko) Chrome/131.0.0.0 Mobile Safari/537.36"
88.151.33.237 - - [27/Apr/2026:23:40:19 +0000] "GET /.env.production.bak HTTP/1.1" 404 14933 "-" "Mozilla/5.0 (Macintosh; Intel Mac OS X 10_15_7) AppleWebKit/605.1.15 (KHTML, like Gecko) Version/17.6 Safari/605.1.15"
88.151.33.237 - - [27/Apr/2026:23:40:19 +0000] "GET /.env HTTP/1.1" 404 14922 "-" "Mozilla/5.0 (Windows NT 10.0; Win64; x64; rv:133.0) Gecko/20100101 Firefox/133.0"
88.151.33.237 - - [27/Apr/2026:23:40:19 +0000] "GET /.aws/credentials HTTP/1.1" 404 14927 "-" "Mozilla/5.0 (Linux; Android 14; Pixel 9) AppleWebKit/537.36 (KHTML, like Gecko) Chrome/131.0.0.0 Mobile Safari/537.36"
88.151.33.237 - - [27/Apr/2026:23:40:23 +0000] "GET /__env.js HTTP/1.1" 404 14926 "-" "Mozilla/5.0 (Macintosh; Intel Mac OS X 14.7; rv:133.0) Gecko/20100101 Firefox/133.0"
88.151.33.237 - - [27/Apr/2026:23:40:19 +0000] "GET /app/.env HTTP/1.1" 404 14926 "-" "Mozilla/5.0 (Windows NT 10.0; Win64; x64) AppleWebKit/537.36 (KHTML, like Gecko) Chrome/130.0.0.0 Safari/537.36"
88.151.33.237 - - [27/Apr/2026:23:40:19 +0000] "GET /backend/.env HTTP/1.1" 404 14928 "-" "Mozilla/5.0 (Macintosh; Intel Mac OS X 10_15_7) AppleWebKit/605.1.15 (KHTML, like Gecko) Version/18.1 Safari/605.1.15"
88.151.33.237 - - [27/Apr/2026:23:40:23 +0000] "GET /runtime-config.js HTTP/1.1" 404 14930 "-" "Mozilla/5.0 (Windows NT 10.0; Win64; x64; rv:133.0) Gecko/20100101 Firefox/133.0"
88.151.33.237 - - [27/Apr/2026:23:40:24 +0000] "GET /api/settings HTTP/1.1" 404 14925 "-" "Mozilla/5.0 (Windows NT 10.0; Win64; x64) AppleWebKit/537.36 (KHTML, like Gecko) Chrome/129.0.0.0 Safari/537.36"
88.151.33.237 - - [27/Apr/2026:23:40:23 +0000] "GET /api/env HTTP/1.1" 404 14925 "-" "Mozilla/5.0 (X11; Linux x86_64) AppleWebKit/537.36 (KHTML, like Gecko) Chrome/131.0.0.0 Safari/537.36"
88.151.33.237 - - [27/Apr/2026:23:40:23 +0000] "GET /env.json HTTP/1.1" 404 14925 "-" "Mozilla/5.0 (Macintosh; Intel Mac OS X 10_15_7) AppleWebKit/605.1.15 (KHTML, like Gecko) Version/18.1 Safari/605.1.15"
88.151.33.237 - - [27/Apr/2026:23:40:23 +0000] "GET /settings.json HTTP/1.1" 404 14925 "-" "Mozilla/5.0 (Macintosh; Intel Mac OS X 10_15_7) AppleWebKit/537.36 (KHTML, like Gecko) Chrome/131.0.0.0 Safari/537.36"
88.151.33.237 - - [27/Apr/2026:23:40:23 +0000] "GET /app-config.json HTTP/1.1" 404 14929 "-" "Mozilla/5.0 (X11; Linux x86_64) AppleWebKit/537.36 (KHTML, like Gecko) Chrome/131.0.0.0 Safari/537.36"
88.151.33.237 - - [27/Apr/2026:23:40:22 +0000] "GET /graphql HTTP/1.1" 404 14925 "-" "Mozilla/5.0 (Linux; Android 14; SM-S921B) AppleWebKit/537.36 (KHTML, like Gecko) Chrome/131.0.0.0 Mobile Safari/537.36"
88.151.33.237 - - [27/Apr/2026:23:40:23 +0000] "GET /config.json HTTP/1.1" 404 14925 "-" "Mozilla/5.0 (Macintosh; Intel Mac OS X 10_15_7) AppleWebKit/605.1.15 (KHTML, like Gecko) Version/17.6 Safari/605.1.15"
88.151.33.237 - - [27/Apr/2026:23:40:23 +0000] "GET /api/v1/env HTTP/1.1" 404 14878 "-" "Mozilla/5.0 (Windows NT 10.0; Win64; x64) AppleWebKit/537.36 (KHTML, like Gecko) Chrome/131.0.0.0 Safari/537.36 Edg/131.0.0.0"
88.151.33.237 - - [27/Apr/2026:23:40:24 +0000] "GET /env.js HTTP/1.1" 404 14923 "-" "Mozilla/5.0 (Macintosh; Intel Mac OS X 14.7; rv:133.0) Gecko/20100101 Firefox/133.0"
88.151.33.237 - - [27/Apr/2026:23:40:23 +0000] "GET /config.js HTTP/1.1" 404 14924 "-" "Mozilla/5.0 (Macintosh; Intel Mac OS X 10_15_7) AppleWebKit/605.1.15 (KHTML, like Gecko) Version/18.1 Safari/605.1.15"
184.94.212.206 - - [27/Apr/2026:23:40:29 +0000] "POST /wp-cron.php?doing_wp_cron=1777333229.5040249824523925781250 HTTP/1.1" 200 - "-" "WordPress/6.9.4; https://weddingmonitor.com"
88.151.33.237 - - [27/Apr/2026:23:40:23 +0000] "GET /api/v1/config HTTP/1.1" 404 14878 "-" "Mozilla/5.0 (Macintosh; Intel Mac OS X 10_15_7) AppleWebKit/605.1.15 (KHTML, like Gecko) Version/17.6 Safari/605.1.15"
88.151.33.237 - - [27/Apr/2026:23:40:23 +0000] "GET /api/config HTTP/1.1" 404 14925 "-" "Mozilla/5.0 (iPhone; CPU iPhone OS 18_1 like Mac OS X) AppleWebKit/605.1.15 (KHTML, like Gecko) Version/18.1 Mobile/15E148 Safari/604.1"
88.151.33.237 - - [27/Apr/2026:23:40:24 +0000] "GET /api/v1/settings HTTP/1.1" 404 14879 "-" "Mozilla/5.0 (Windows NT 10.0; Win64; x64) AppleWebKit/537.36 (KHTML, like Gecko) Chrome/129.0.0.0 Safari/537.36"
114.119.133.120 - - [27/Apr/2026:23:41:02 +0000] "GET /wedding-ideas-to-help-plan-your-special-day?share=facebook&amp HTTP/1.1" 302 - "https://weddingmonitor.com/wedding-ideas-to-help-plan-your-special-day?amp" "Mozilla/5.0 (Linux; Android 7.0;) AppleWebKit/537.36 (HTML, like Gecko) Mobile Safari/537.36 (compatible; PetalBot;+https://webmaster.petalsearch.com/site/petalbot)"
184.94.212.206 - - [27/Apr/2026:23:41:55 +0000] "POST /wp-cron.php?doing_wp_cron=1777333315.1903998851776123046875 HTTP/1.1" 200 - "-" "WordPress/6.9.4; https://weddingmonitor.com"
38.66.207.38 - - [27/Apr/2026:23:41:53 +0000] "GET /what-is-a-destination-wedding-and-how-to-plan-it/?share=x&amp HTTP/1.1" 302 - "-" "Mozilla/5.0 (Macintosh; Intel Mac OS X 10_15_7) AppleWebKit/537.36 (KHTML, like Gecko) Chrome/119.0.0.0 Safari/537.36"
192.0.102.230 - - [27/Apr/2026:23:42:24 +0000] "HEAD / HTTP/1.1" 200 - "-" "jetmon/1.0 (Jetpack Site Uptime Monitor by WordPress.com)"
114.119.147.0 - - [27/Apr/2026:23:45:03 +0000] "GET /tag/wedding-reception/ HTTP/1.1" 200 19322 "https://weddingmonitor.com/author/h0tn1ch3s/page/8/?amp" "Mozilla/5.0 (Linux; Android 7.0;) AppleWebKit/537.36 (HTML, like Gecko) Mobile Safari/537.36 (compatible; PetalBot;+https://webmaster.petalsearch.com/site/petalbot)"
184.94.212.206 - - [27/Apr/2026:23:47:23 +0000] "POST /wp-cron.php?doing_wp_cron=1777333643.2719950675964355468750 HTTP/1.1" 200 - "-" "WordPress/6.9.4; https://weddingmonitor.com"
192.0.102.230 - - [27/Apr/2026:23:47:21 +0000] "HEAD / HTTP/1.1" 200 - "-" "jetmon/1.0 (Jetpack Site Uptime Monitor by WordPress.com)"
114.119.133.120 - - [27/Apr/2026:23:48:58 +0000] "GET /how-to-plan-for-your-wedding-on-a-tight-budget?share=x HTTP/1.1" 302 - "https://weddingmonitor.com/how-to-plan-for-your-wedding-on-a-tight-budget?noamp=mobile" "Mozilla/5.0 (Linux; Android 7.0;) AppleWebKit/537.36 (HTML, like Gecko) Mobile Safari/537.36 (compatible; PetalBot;+https://webmaster.petalsearch.com/site/petalbot)"
184.94.212.206 - - [27/Apr/2026:23:49:43 +0000] "POST /wp-cron.php?doing_wp_cron=1777333783.1671400070190429687500 HTTP/1.1" 200 - "-" "WordPress/6.9.4; https://weddingmonitor.com"
2.57.168.14 - - [27/Apr/2026:23:49:41 +0000] "POST /wp-login.php HTTP/1.1" 401 3452 "-" "Mozilla/5.0"
184.94.212.206 - - [27/Apr/2026:23:52:22 +0000] "POST /wp-cron.php?doing_wp_cron=1777333942.6636068820953369140625 HTTP/1.1" 200 - "-" "WordPress/6.9.4; https://weddingmonitor.com"
192.0.102.230 - - [27/Apr/2026:23:52:21 +0000] "HEAD / HTTP/1.1" 200 - "-" "jetmon/1.0 (Jetpack Site Uptime Monitor by WordPress.com)"
114.119.145.212 - - [27/Apr/2026:23:52:59 +0000] "GET /essential-wedding-planning-tips-and-tricks/?share=x&amp HTTP/1.1" 302 - "https://weddingmonitor.com/essential-wedding-planning-tips-and-tricks/?amp" "Mozilla/5.0 (Linux; Android 7.0;) AppleWebKit/537.36 (HTML, like Gecko) Mobile Safari/537.36 (compatible; PetalBot;+https://webmaster.petalsearch.com/site/petalbot)"
14.234.87.65 - - [27/Apr/2026:23:53:07 +0000] "GET /what-is-a-destination-wedding-and-how-to-plan-it/?share=x HTTP/1.1" 302 - "-" "Mozilla/5.0 (Windows NT 6.1; WOW64) AppleWebKit/537.36 (KHTML, like Gecko) Chrome/77.0.4000.0 Iron Safari/537.36"
216.73.217.100 - - [27/Apr/2026:23:53:39 +0000] "GET /robots.txt HTTP/1.1" 200 145 "-" "Mozilla/5.0 AppleWebKit/537.36 (KHTML, like Gecko; compatible; ClaudeBot/1.0; +claudebot@anthropic.com)"
216.73.217.100 - - [27/Apr/2026:23:53:40 +0000] "GET /news-sitemap.xml HTTP/1.1" 200 310 "-" "Mozilla/5.0 AppleWebKit/537.36 (KHTML, like Gecko; compatible; ClaudeBot/1.0; +claudebot@anthropic.com)"
113.166.222.160 - - [27/Apr/2026:23:54:41 +0000] "GET /what-is-a-destination-wedding-and-how-to-plan-it/?amp&share=x HTTP/1.1" 302 - "-" "Mozilla/5.0 (Macintosh; Intel Mac OS X 10_15_7) AppleWebKit/537.36 (KHTML, like Gecko) Chrome/119.0.0.0 Safari/537.36"
184.94.212.206 - - [27/Apr/2026:23:57:04 +0000] "POST /wp-cron.php?doing_wp_cron=1777334224.2826900482177734375000 HTTP/1.1" 200 - "-" "WordPress/6.9.4; https://weddingmonitor.com"
114.119.158.157 - - [27/Apr/2026:23:57:02 +0000] "GET /common-wedding-catering-mistakes-to-avoid?share=x HTTP/1.1" 302 - "https://weddingmonitor.com/common-wedding-catering-mistakes-to-avoid?noamp=mobile" "Mozilla/5.0 (Linux; Android 7.0;) AppleWebKit/537.36 (HTML, like Gecko) Mobile Safari/537.36 (compatible; PetalBot;+https://webmaster.petalsearch.com/site/petalbot)"
184.94.212.206 - - [27/Apr/2026:23:57:24 +0000] "POST /wp-cron.php?doing_wp_cron=1777334244.8837120532989501953125 HTTP/1.1" 200 - "-" "WordPress/6.9.4; https://weddingmonitor.com"
192.0.102.230 - - [27/Apr/2026:23:57:23 +0000] "HEAD / HTTP/1.1" 200 - "-" "jetmon/1.0 (Jetpack Site Uptime Monitor by WordPress.com)"
66.249.66.14 - - [27/Apr/2026:23:58:51 +0000] "GET /ads.txt HTTP/1.1" 304 - "-" "Google-adstxt"
184.94.212.206 - - [28/Apr/2026:00:01:23 +0000] "POST /wp-cron.php?doing_wp_cron=1777334483.9241299629211425781250 HTTP/1.1" 200 - "-" "WordPress/6.9.4; https://weddingmonitor.com"
94.158.60.132 - - [28/Apr/2026:00:01:22 +0000] "GET /tag/wedding/ HTTP/1.1" 200 19032 "-" "Mozilla/5.0 (Windows NT 6.1; Win64; x64) AppleWebKit/537.36 (KHTML, like Gecko) Chrome/86.0.4240.198 Safari/537.36"
114.119.147.0 - - [28/Apr/2026:00:01:22 +0000] "GET /tag/perfect-wedding/?noamp=mobile HTTP/1.1" 200 16233 "https://weddingmonitor.com/tag/perfect-wedding/?noamp=mobile" "Mozilla/5.0 (Linux; Android 7.0;) AppleWebKit/537.36 (HTML, like Gecko) Mobile Safari/537.36 (compatible; PetalBot;+https://webmaster.petalsearch.com/site/petalbot)"
184.94.212.206 - - [28/Apr/2026:00:02:23 +0000] "POST /wp-cron.php?doing_wp_cron=1777334543.3570048809051513671875 HTTP/1.1" 200 - "-" "WordPress/6.9.4; https://weddingmonitor.com"
192.0.102.230 - - [28/Apr/2026:00:02:21 +0000] "HEAD / HTTP/1.1" 200 - "-" "jetmon/1.0 (Jetpack Site Uptime Monitor by WordPress.com)"
2.57.168.10 - - [28/Apr/2026:00:03:59 +0000] "POST /wp-login.php HTTP/1.1" 401 3452 "-" "Mozilla/5.0"
114.119.154.9 - - [28/Apr/2026:00:04:57 +0000] "GET /need-some-wedding-ideas-consider-these-tips/?noamp=mobile HTTP/1.1" 200 21644 "https://weddingmonitor.com/need-some-wedding-ideas-consider-these-tips/?noamp=mobile" "Mozilla/5.0 (Linux; Android 7.0;) AppleWebKit/537.36 (HTML, like Gecko) Mobile Safari/537.36 (compatible; PetalBot;+https://webmaster.petalsearch.com/site/petalbot)"
184.94.212.206 - - [28/Apr/2026:00:07:07 +0000] "POST /wp-cron.php?doing_wp_cron=1777334827.7082440853118896484375 HTTP/1.1" 200 - "-" "WordPress/6.9.4; https://weddingmonitor.com"
14.231.188.235 - - [28/Apr/2026:00:07:06 +0000] "GET /about/ HTTP/1.1" 200 18318 "-" "Mozilla/5.0 (Windows NT 6.3; Win64; x64) AppleWebKit/537.36 (KHTML, like Gecko) Chrome/91.0.4472.114 Safari/537.36"
184.94.212.206 - - [28/Apr/2026:00:07:24 +0000] "POST /wp-cron.php?doing_wp_cron=1777334844.2560000419616699218750 HTTP/1.1" 200 - "-" "WordPress/6.9.4; https://weddingmonitor.com"
192.0.102.230 - - [28/Apr/2026:00:07:23 +0000] "HEAD / HTTP/1.1" 200 - "-" "jetmon/1.0 (Jetpack Site Uptime Monitor by WordPress.com)"
114.119.133.120 - - [28/Apr/2026:00:09:13 +0000] "GET /what-is-the-average-cost-of-wedding-flowers/?share=facebook&amp HTTP/1.1" 302 - "https://weddingmonitor.com/what-is-the-average-cost-of-wedding-flowers?amp" "Mozilla/5.0 (Linux; Android 7.0;) AppleWebKit/537.36 (HTML, like Gecko) Mobile Safari/537.36 (compatible; PetalBot;+https://webmaster.petalsearch.com/site/petalbot)"
184.94.212.206 - - [28/Apr/2026:00:12:02 +0000] "POST /wp-cron.php?doing_wp_cron=1777335122.9790439605712890625000 HTTP/1.1" 200 - "-" "WordPress/6.9.4; https://weddingmonitor.com"
14.240.171.114 - - [28/Apr/2026:00:12:01 +0000] "GET /headerlogo/ HTTP/1.1" 301 - "-" "Mozilla/5.0 (Macintosh; Intel Mac OS X 10_15_7) AppleWebKit/537.36 (KHTML, like Gecko) Chrome/119.0.0.0 Safari/537.36"
14.240.171.114 - - [28/Apr/2026:00:12:03 +0000] "GET /wp-content/uploads/2020/02/headerlogo.png HTTP/1.1" 200 153372 "-" "Mozilla/5.0 (Macintosh; Intel Mac OS X 10_15_7) AppleWebKit/537.36 (KHTML, like Gecko) Chrome/119.0.0.0 Safari/537.36"
184.94.212.206 - - [28/Apr/2026:00:12:27 +0000] "POST /wp-cron.php?doing_wp_cron=1777335147.6686420440673828125000 HTTP/1.1" 200 - "-" "WordPress/6.9.4; https://weddingmonitor.com"
192.0.102.230 - - [28/Apr/2026:00:12:26 +0000] "HEAD / HTTP/1.1" 200 - "-" "jetmon/1.0 (Jetpack Site Uptime Monitor by WordPress.com)"
114.119.142.43 - - [28/Apr/2026:00:13:06 +0000] "GET /keep-your-dream-wedding-from-turning-into-a-nightmare-with-these-simple-tips/?share=twitter HTTP/1.1" 302 - "https://weddingmonitor.com/keep-your-dream-wedding-from-turning-into-a-nightmare-with-these-simple-tips/?noamp=mobile" "Mozilla/5.0 (Linux; Android 7.0;) AppleWebKit/537.36 (HTML, like Gecko) Mobile Safari/537.36 (compatible; PetalBot;+https://webmaster.petalsearch.com/site/petalbot)"
184.94.212.206 - - [28/Apr/2026:00:17:01 +0000] "POST /wp-cron.php?doing_wp_cron=1777335420.9974288940429687500000 HTTP/1.1" 200 - "-" "WordPress/6.9.4; https://weddingmonitor.com"
114.119.147.0 - - [28/Apr/2026:00:16:59 +0000] "GET /category/planning-tips?noamp=mobile HTTP/1.1" 301 - "https://weddingmonitor.com/category/planning-tips/page/2?noamp=mobile" "Mozilla/5.0 (Linux; Android 7.0;) AppleWebKit/537.36 (HTML, like Gecko) Mobile Safari/537.36 (compatible; PetalBot;+https://webmaster.petalsearch.com/site/petalbot)"
114.119.147.0 - - [28/Apr/2026:00:17:01 +0000] "GET /category/planning-tips/?noamp=mobile HTTP/1.1" 200 16823 "https://weddingmonitor.com/category/planning-tips/page/2?noamp=mobile" "Mozilla/5.0 (Linux; Android 7.0;) AppleWebKit/537.36 (HTML, like Gecko) Mobile Safari/537.36 (compatible; PetalBot;+https://webmaster.petalsearch.com/site/petalbot)"
184.94.212.206 - - [28/Apr/2026:00:17:25 +0000] "POST /wp-cron.php?doing_wp_cron=1777335445.5752310752868652343750 HTTP/1.1" 200 - "-" "WordPress/6.9.4; https://weddingmonitor.com"
192.0.102.230 - - [28/Apr/2026:00:17:24 +0000] "HEAD / HTTP/1.1" 200 - "-" "jetmon/1.0 (Jetpack Site Uptime Monitor by WordPress.com)"
14.226.73.165 - - [28/Apr/2026:00:18:21 +0000] "GET /unsurpassed-wedding-tips-to-make-your-day-special/?share=facebook HTTP/1.1" 302 - "-" "Mozilla/5.0 (Windows NT 10.0; Win64; x64) AppleWebKit/537.36 (KHTML, like Gecko) Chrome/99.0.1150.52 Safari/537.36"
2.57.168.17 - - [28/Apr/2026:00:18:39 +0000] "POST /wp-login.php HTTP/1.1" 401 3452 "-" "Mozilla/5.0"
184.94.212.206 - - [28/Apr/2026:00:20:03 +0000] "POST /wp-cron.php?doing_wp_cron=1777335603.6772360801696777343750 HTTP/1.1" 200 - "-" "WordPress/6.9.4; https://weddingmonitor.com"
57.141.18.7 - - [28/Apr/2026:00:20:01 +0000] "GET / HTTP/1.1" 301 - "-" "meta-externalagent/1.1 (+https://developers.facebook.com/docs/sharing/webmasters/crawler)"
184.94.212.206 - - [28/Apr/2026:00:21:35 +0000] "POST /wp-cron.php?doing_wp_cron=1777335695.6565160751342773437500 HTTP/1.1" 200 - "-" "WordPress/6.9.4; https://weddingmonitor.com"
114.119.147.0 - - [28/Apr/2026:00:21:34 +0000] "GET /avoid-wedding-disasters-proper-planning-is-key/?share=twitter&noamp=mobile HTTP/1.1" 302 - "https://weddingmonitor.com/avoid-wedding-disasters-proper-planning-is-key/?share=twitter&amp" "Mozilla/5.0 (Linux; Android 7.0;) AppleWebKit/537.36 (HTML, like Gecko) Mobile Safari/537.36 (compatible; PetalBot;+https://webmaster.petalsearch.com/site/petalbot)"
184.94.212.206 - - [28/Apr/2026:00:22:18 +0000] "POST /wp-cron.php?doing_wp_cron=1777335738.4879209995269775390625 HTTP/1.1" 200 - "-" "WordPress/6.9.4; https://weddingmonitor.com"
66.249.66.13 - - [28/Apr/2026:00:22:16 +0000] "GET /sitemap.xml HTTP/1.1" 200 300 "-" "Mozilla/5.0 (compatible; Googlebot/2.1; +http://www.google.com/bot.html)"
192.0.102.230 - - [28/Apr/2026:00:22:24 +0000] "HEAD / HTTP/1.1" 200 - "-" "jetmon/1.0 (Jetpack Site Uptime Monitor by WordPress.com)"
114.119.142.43 - - [28/Apr/2026:00:25:21 +0000] "GET /author/h0tn1ch3s/page/8/?amp HTTP/1.1" 200 17562 "https://weddingmonitor.com/author/h0tn1ch3s/page/8/?amp" "Mozilla/5.0 (Linux; Android 7.0;) AppleWebKit/537.36 (HTML, like Gecko) Mobile Safari/537.36 (compatible; PetalBot;+https://webmaster.petalsearch.com/site/petalbot)"
184.94.212.206 - - [28/Apr/2026:00:27:23 +0000] "POST /wp-cron.php?doing_wp_cron=1777336043.7404580116271972656250 HTTP/1.1" 200 - "-" "WordPress/6.9.4; https://weddingmonitor.com"
192.0.102.230 - - [28/Apr/2026:00:27:21 +0000] "HEAD / HTTP/1.1" 200 - "-" "jetmon/1.0 (Jetpack Site Uptime Monitor by WordPress.com)"
114.119.142.43 - - [28/Apr/2026:00:29:22 +0000] "GET /all-you-need-to-know-about-great-wedding-ceremonies/?amp HTTP/1.1" 200 21218 "https://weddingmonitor.com/all-you-need-to-know-about-great-wedding-ceremonies?amp" "Mozilla/5.0 (Linux; Android 7.0;) AppleWebKit/537.36 (HTML, like Gecko) Mobile Safari/537.36 (compatible; PetalBot;+https://webmaster.petalsearch.com/site/petalbot)"
184.94.212.206 - - [28/Apr/2026:00:32:24 +0000] "POST /wp-cron.php?doing_wp_cron=1777336344.8709011077880859375000 HTTP/1.1" 200 - "-" "WordPress/6.9.4; https://weddingmonitor.com"
192.0.102.230 - - [28/Apr/2026:00:32:23 +0000] "HEAD / HTTP/1.1" 200 - "-" "jetmon/1.0 (Jetpack Site Uptime Monitor by WordPress.com)"
184.94.212.206 - - [28/Apr/2026:00:36:28 +0000] "POST /wp-cron.php?doing_wp_cron=1777336588.2638750076293945312500 HTTP/1.1" 200 - "-" "WordPress/6.9.4; https://weddingmonitor.com"
113.178.222.216 - - [28/Apr/2026:00:36:26 +0000] "GET /planning-a-wedding-read-this-great-advice/?amp HTTP/1.1" 200 20458 "-" "Mozilla/5.0 (Windows NT 6.2; Win64; x64) AppleWebKit/537.36 (KHTML, like Gecko) Chrome/72.0.3626.121 Safari/537.36"
184.94.212.206 - - [28/Apr/2026:00:36:48 +0000] "POST /wp-cron.php?doing_wp_cron=1777336608.9744000434875488281250 HTTP/1.1" 200 - "-" "WordPress/6.9.4; https://weddingmonitor.com"
2.57.168.30 - - [28/Apr/2026:00:36:47 +0000] "POST /wp-login.php HTTP/1.1" 401 3452 "-" "Mozilla/5.0"
184.94.212.206 - - [28/Apr/2026:00:37:21 +0000] "POST /wp-cron.php?doing_wp_cron=1777336641.8732929229736328125000 HTTP/1.1" 200 - "-" "WordPress/6.9.4; https://weddingmonitor.com"
123.25.57.141 - - [28/Apr/2026:00:37:20 +0000] "GET /unsurpassed-wedding-tips-to-make-your-day-special/?amp HTTP/1.1" 200 20901 "-" "Mozilla/5.0 (Macintosh; Intel Mac OS X 10_11_6) AppleWebKit/537.36 (KHTML, like Gecko) Chrome/69.0.3497.100 Safari/537.36"
192.0.102.230 - - [28/Apr/2026:00:37:22 +0000] "HEAD / HTTP/1.1" 200 - "-" "jetmon/1.0 (Jetpack Site Uptime Monitor by WordPress.com)"
114.119.142.43 - - [28/Apr/2026:00:37:26 +0000] "GET /2020/04/page/4?amp HTTP/1.1" 301 - "https://weddingmonitor.com/2020/04/page/4?amp" "Mozilla/5.0 (Linux; Android 7.0;) AppleWebKit/537.36 (HTML, like Gecko) Mobile Safari/537.36 (compatible; PetalBot;+https://webmaster.petalsearch.com/site/petalbot)"
114.119.142.43 - - [28/Apr/2026:00:37:27 +0000] "GET /2020/04/page/4/?amp HTTP/1.1" 200 16140 "https://weddingmonitor.com/2020/04/page/4?amp" "Mozilla/5.0 (Linux; Android 7.0;) AppleWebKit/537.36 (HTML, like Gecko) Mobile Safari/537.36 (compatible; PetalBot;+https://webmaster.petalsearch.com/site/petalbot)"
184.94.212.206 - - [28/Apr/2026:00:39:49 +0000] "POST /wp-cron.php?doing_wp_cron=1777336789.8420410156250000000000 HTTP/1.1" 200 - "-" "WordPress/6.9.4; https://weddingmonitor.com"
14.180.250.216 - - [28/Apr/2026:00:39:48 +0000] "GET /tag/destination-wedding/?noamp=mobile HTTP/1.1" 200 17097 "-" "Mozilla/5.0 (Macintosh; Intel Mac OS X 10_7_3) AppleWebKit/537.36 (KHTML, like Gecko, Mediapartners-Google) Chrome/87.0.4280.90 Safari/537.36"
184.94.212.206 - - [28/Apr/2026:00:42:22 +0000] "POST /wp-cron.php?doing_wp_cron=1777336942.6255409717559814453125 HTTP/1.1" 200 - "-" "WordPress/6.9.4; https://weddingmonitor.com"
192.0.102.230 - - [28/Apr/2026:00:42:21 +0000] "HEAD / HTTP/1.1" 200 - "-" "jetmon/1.0 (Jetpack Site Uptime Monitor by WordPress.com)"
157.55.39.225 - - [28/Apr/2026:00:44:43 +0000] "GET /robots.txt HTTP/1.1" 301 - "-" "Mozilla/5.0 AppleWebKit/537.36 (KHTML, like Gecko; compatible; bingbot/2.0; +http://www.bing.com/bingbot.htm) Chrome/116.0.1938.76 Safari/537.36"
157.55.39.225 - - [28/Apr/2026:00:44:45 +0000] "GET /robots.txt HTTP/1.1" 200 145 "-" "Mozilla/5.0 AppleWebKit/537.36 (KHTML, like Gecko; compatible; bingbot/2.0; +http://www.bing.com/bingbot.htm) Chrome/116.0.1938.76 Safari/537.36"
40.77.167.143 - - [28/Apr/2026:00:44:53 +0000] "GET /sitemap.xml HTTP/1.1" 200 300 "-" "Mozilla/5.0 AppleWebKit/537.36 (KHTML, like Gecko; compatible; bingbot/2.0; +http://www.bing.com/bingbot.htm) Chrome/116.0.1938.76 Safari/537.36"
184.94.212.206 - - [28/Apr/2026:00:45:40 +0000] "POST /wp-cron.php?doing_wp_cron=1777337140.5876150131225585937500 HTTP/1.1" 200 - "-" "WordPress/6.9.4; https://weddingmonitor.com"
43.164.193.149 - - [28/Apr/2026:00:45:38 +0000] "POST /xmlrpc.php HTTP/1.1" 404 14925 "-" "Mozilla/5.0 (Linux; Android 10; K) AppleWebKit/537.36 (KHTML, like Gecko) SamsungBrowser/27.0 Chrome/125.0.0.0 Mobile Safari/537.36"
184.94.212.206 - - [28/Apr/2026:00:46:50 +0000] "POST /wp-cron.php?doing_wp_cron=1777337210.1927061080932617187500 HTTP/1.1" 200 - "-" "WordPress/6.9.4; https://weddingmonitor.com"
51.103.73.149 - - [28/Apr/2026:00:46:48 +0000] "GET /inputs.php HTTP/1.1" 404 14926 "-" "Mozilla/5.0 (Windows NT 10.0; Win64; x64) AppleWebKit/537.36 (KHTML, like Gecko) Chrome/120.0.0.0 Safari/537.36"
51.103.73.149 - - [28/Apr/2026:00:46:50 +0000] "GET /ioxi-o.php HTTP/1.1" 404 14927 "-" "Mozilla/5.0 (Windows NT 10.0; Win64; x64) AppleWebKit/537.36 (KHTML, like Gecko) Chrome/120.0.0.0 Safari/537.36"
51.103.73.149 - - [28/Apr/2026:00:46:51 +0000] "GET /function/function.php HTTP/1.1" 404 14927 "-" "Mozilla/5.0 (Windows NT 10.0; Win64; x64) AppleWebKit/537.36 (KHTML, like Gecko) Chrome/120.0.0.0 Safari/537.36"
51.103.73.149 - - [28/Apr/2026:00:46:52 +0000] "GET /rip.php HTTP/1.1" 404 14924 "-" "Mozilla/5.0 (Windows NT 10.0; Win64; x64) AppleWebKit/537.36 (KHTML, like Gecko) Chrome/120.0.0.0 Safari/537.36"
51.103.73.149 - - [28/Apr/2026:00:46:53 +0000] "GET /admin.php HTTP/1.1" 404 14925 "-" "Mozilla/5.0 (Windows NT 10.0; Win64; x64) AppleWebKit/537.36 (KHTML, like Gecko) Chrome/120.0.0.0 Safari/537.36"
51.103.73.149 - - [28/Apr/2026:00:46:55 +0000] "GET /wp-content/uploads/index.php HTTP/1.1" 301 - "-" "Mozilla/5.0 (Windows NT 10.0; Win64; x64) AppleWebKit/537.36 (KHTML, like Gecko) Chrome/120.0.0.0 Safari/537.36"
51.103.73.149 - - [28/Apr/2026:00:46:56 +0000] "GET /cache.php HTTP/1.1" 404 14925 "-" "Mozilla/5.0 (Windows NT 10.0; Win64; x64) AppleWebKit/537.36 (KHTML, like Gecko) Chrome/120.0.0.0 Safari/537.36"
51.103.73.149 - - [28/Apr/2026:00:46:57 +0000] "GET /themes.php HTTP/1.1" 404 14925 "-" "Mozilla/5.0 (Windows NT 10.0; Win64; x64) AppleWebKit/537.36 (KHTML, like Gecko) Chrome/120.0.0.0 Safari/537.36"
51.103.73.149 - - [28/Apr/2026:00:46:58 +0000] "GET /an.php HTTP/1.1" 404 14924 "-" "Mozilla/5.0 (Windows NT 10.0; Win64; x64) AppleWebKit/537.36 (KHTML, like Gecko) Chrome/120.0.0.0 Safari/537.36"
51.103.73.149 - - [28/Apr/2026:00:46:59 +0000] "GET /index/function.php HTTP/1.1" 404 14929 "-" "Mozilla/5.0 (Windows NT 10.0; Win64; x64) AppleWebKit/537.36 (KHTML, like Gecko) Chrome/120.0.0.0 Safari/537.36"
51.103.73.149 - - [28/Apr/2026:00:47:00 +0000] "GET /randkeyword.PhP7 HTTP/1.1" 404 14934 "-" "Mozilla/5.0 (Windows NT 10.0; Win64; x64) AppleWebKit/537.36 (KHTML, like Gecko) Chrome/120.0.0.0 Safari/537.36"
51.103.73.149 - - [28/Apr/2026:00:47:02 +0000] "GET /ws.php HTTP/1.1" 404 14924 "-" "Mozilla/5.0 (Windows NT 10.0; Win64; x64) AppleWebKit/537.36 (KHTML, like Gecko) Chrome/120.0.0.0 Safari/537.36"
51.103.73.149 - - [28/Apr/2026:00:47:03 +0000] "GET /404.php HTTP/1.1" 404 14925 "-" "Mozilla/5.0 (Windows NT 10.0; Win64; x64) AppleWebKit/537.36 (KHTML, like Gecko) Chrome/120.0.0.0 Safari/537.36"
51.103.73.149 - - [28/Apr/2026:00:47:04 +0000] "GET /wp-admin/user.php HTTP/1.1" 404 14928 "-" "Mozilla/5.0 (Windows NT 10.0; Win64; x64) AppleWebKit/537.36 (KHTML, like Gecko) Chrome/120.0.0.0 Safari/537.36"
51.103.73.149 - - [28/Apr/2026:00:47:05 +0000] "GET /wp-conf.php HTTP/1.1" 404 14925 "-" "Mozilla/5.0 (Windows NT 10.0; Win64; x64) AppleWebKit/537.36 (KHTML, like Gecko) Chrome/120.0.0.0 Safari/537.36"
51.103.73.149 - - [28/Apr/2026:00:47:06 +0000] "GET /wp-content/themes/hideo/network.php HTTP/1.1" 404 14885 "-" "Mozilla/5.0 (Windows NT 10.0; Win64; x64) AppleWebKit/537.36 (KHTML, like Gecko) Chrome/120.0.0.0 Safari/537.36"
103.165.187.135 - - [28/Apr/2026:00:47:06 +0000] "GET /wp-login.php HTTP/1.1" 200 3508 "-" "Mozilla/5.0 (Windows NT 10.0; Win64; x64) AppleWebKit/537.36 Chrome/129.0.0.0 Safari/537.36"
51.103.73.149 - - [28/Apr/2026:00:47:07 +0000] "GET /wp-login.php HTTP/1.1" 200 3725 "-" "Mozilla/5.0 (Windows NT 10.0; Win64; x64) AppleWebKit/537.36 (KHTML, like Gecko) Chrome/120.0.0.0 Safari/537.36"
103.165.187.135 - - [28/Apr/2026:00:47:08 +0000] "GET /?author=1 HTTP/1.1" 404 14928 "-" "Mozilla/5.0 (Macintosh; Intel Mac OS X 10_15_7) AppleWebKit/605.1.15 Version/17.0 Safari/605.1.15"
51.103.73.149 - - [28/Apr/2026:00:47:09 +0000] "GET /abc.php HTTP/1.1" 404 14925 "-" "Mozilla/5.0 (Windows NT 10.0; Win64; x64) AppleWebKit/537.36 (KHTML, like Gecko) Chrome/120.0.0.0 Safari/537.36"
103.165.187.135 - - [28/Apr/2026:00:47:09 +0000] "GET /?rest_route=/wp/v2/users HTTP/1.1" 200 1721 "-" "Mozilla/5.0 (Macintosh; Intel Mac OS X 10_15_7) AppleWebKit/605.1.15 Version/17.0 Safari/605.1.15"
51.103.73.149 - - [28/Apr/2026:00:47:10 +0000] "GET /abcd.php HTTP/1.1" 404 14926 "-" "Mozilla/5.0 (Windows NT 10.0; Win64; x64) AppleWebKit/537.36 (KHTML, like Gecko) Chrome/120.0.0.0 Safari/537.36"
51.103.73.149 - - [28/Apr/2026:00:47:11 +0000] "GET /as.php HTTP/1.1" 404 14924 "-" "Mozilla/5.0 (Windows NT 10.0; Win64; x64) AppleWebKit/537.36 (KHTML, like Gecko) Chrome/120.0.0.0 Safari/537.36"
51.103.73.149 - - [28/Apr/2026:00:47:12 +0000] "GET /wp-trackback.php HTTP/1.1" 404 130 "-" "Mozilla/5.0 (Windows NT 10.0; Win64; x64) AppleWebKit/537.36 (KHTML, like Gecko) Chrome/120.0.0.0 Safari/537.36"
51.103.73.149 - - [28/Apr/2026:00:47:13 +0000] "GET /about.php HTTP/1.1" 404 14925 "-" "Mozilla/5.0 (Windows NT 10.0; Win64; x64) AppleWebKit/537.36 (KHTML, like Gecko) Chrome/120.0.0.0 Safari/537.36"
51.103.73.149 - - [28/Apr/2026:00:47:14 +0000] "GET /file.php HTTP/1.1" 404 14925 "-" "Mozilla/5.0 (Windows NT 10.0; Win64; x64) AppleWebKit/537.36 (KHTML, like Gecko) Chrome/120.0.0.0 Safari/537.36"
51.103.73.149 - - [28/Apr/2026:00:47:16 +0000] "GET /adminfuns.php HTTP/1.1" 404 14929 "-" "Mozilla/5.0 (Windows NT 10.0; Win64; x64) AppleWebKit/537.36 (KHTML, like Gecko) Chrome/120.0.0.0 Safari/537.36"
184.94.212.206 - - [28/Apr/2026:00:47:18 +0000] "POST /wp-cron.php?doing_wp_cron=1777337238.0940930843353271484375 HTTP/1.1" 200 - "-" "WordPress/6.9.4; https://weddingmonitor.com"
51.103.73.149 - - [28/Apr/2026:00:47:17 +0000] "GET /wp-good.php HTTP/1.1" 404 14927 "-" "Mozilla/5.0 (Windows NT 10.0; Win64; x64) AppleWebKit/537.36 (KHTML, like Gecko) Chrome/120.0.0.0 Safari/537.36"
51.103.73.149 - - [28/Apr/2026:00:47:18 +0000] "GET /xmlrpc.php HTTP/1.1" 404 14924 "-" "Mozilla/5.0 (Windows NT 10.0; Win64; x64) AppleWebKit/537.36 (KHTML, like Gecko) Chrome/120.0.0.0 Safari/537.36"
51.103.73.149 - - [28/Apr/2026:00:47:19 +0000] "GET /goods.php HTTP/1.1" 404 14926 "-" "Mozilla/5.0 (Windows NT 10.0; Win64; x64) AppleWebKit/537.36 (KHTML, like Gecko) Chrome/120.0.0.0 Safari/537.36"
51.103.73.149 - - [28/Apr/2026:00:47:20 +0000] "GET /class-t.api.php HTTP/1.1" 404 14930 "-" "Mozilla/5.0 (Windows NT 10.0; Win64; x64) AppleWebKit/537.36 (KHTML, like Gecko) Chrome/120.0.0.0 Safari/537.36"
51.103.73.149 - - [28/Apr/2026:00:47:21 +0000] "GET /sf.php HTTP/1.1" 404 14924 "-" "Mozilla/5.0 (Windows NT 10.0; Win64; x64) AppleWebKit/537.36 (KHTML, like Gecko) Chrome/120.0.0.0 Safari/537.36"
192.0.102.230 - - [28/Apr/2026:00:47:22 +0000] "HEAD / HTTP/1.1" 200 - "-" "jetmon/1.0 (Jetpack Site Uptime Monitor by WordPress.com)"
51.103.73.149 - - [28/Apr/2026:00:47:22 +0000] "GET /kbfr.php HTTP/1.1" 404 14926 "-" "Mozilla/5.0 (Windows NT 10.0; Win64; x64) AppleWebKit/537.36 (KHTML, like Gecko) Chrome/120.0.0.0 Safari/537.36"
51.103.73.149 - - [28/Apr/2026:00:47:24 +0000] "GET /autoload_classmap.php HTTP/1.1" 404 14933 "-" "Mozilla/5.0 (Windows NT 10.0; Win64; x64) AppleWebKit/537.36 (KHTML, like Gecko) Chrome/120.0.0.0 Safari/537.36"
51.103.73.149 - - [28/Apr/2026:00:47:25 +0000] "GET /chosen.php?p= HTTP/1.1" 301 - "-" "Mozilla/5.0 (Windows NT 10.0; Win64; x64) AppleWebKit/537.36 (KHTML, like Gecko) Chrome/120.0.0.0 Safari/537.36"
51.103.73.149 - - [28/Apr/2026:00:47:26 +0000] "GET /classwithtostring.php HTTP/1.1" 404 14930 "-" "Mozilla/5.0 (Windows NT 10.0; Win64; x64) AppleWebKit/537.36 (KHTML, like Gecko) Chrome/120.0.0.0 Safari/537.36"
51.103.73.149 - - [28/Apr/2026:00:47:27 +0000] "GET /defaults.php HTTP/1.1" 404 14926 "-" "Mozilla/5.0 (Windows NT 10.0; Win64; x64) AppleWebKit/537.36 (KHTML, like Gecko) Chrome/120.0.0.0 Safari/537.36"
51.103.73.149 - - [28/Apr/2026:00:47:28 +0000] "GET /.well-known/ HTTP/1.1" 404 14930 "-" "Mozilla/5.0 (Windows NT 10.0; Win64; x64) AppleWebKit/537.36 (KHTML, like Gecko) Chrome/120.0.0.0 Safari/537.36"
51.103.73.149 - - [28/Apr/2026:00:47:29 +0000] "GET /info.php HTTP/1.1" 404 14925 "-" "Mozilla/5.0 (Windows NT 10.0; Win64; x64) AppleWebKit/537.36 (KHTML, like Gecko) Chrome/120.0.0.0 Safari/537.36"
51.103.73.149 - - [28/Apr/2026:00:47:30 +0000] "GET /cgi-bin/ HTTP/1.1" 404 14928 "-" "Mozilla/5.0 (Windows NT 10.0; Win64; x64) AppleWebKit/537.36 (KHTML, like Gecko) Chrome/120.0.0.0 Safari/537.36"
51.103.73.149 - - [28/Apr/2026:00:47:31 +0000] "GET /wp-includes/Requests/src/Response/about.php HTTP/1.1" 404 14891 "-" "Mozilla/5.0 (Windows NT 10.0; Win64; x64) AppleWebKit/537.36 (KHTML, like Gecko) Chrome/120.0.0.0 Safari/537.36"
51.103.73.149 - - [28/Apr/2026:00:47:32 +0000] "GET /wp-includes/html-api/ HTTP/1.1" 404 14931 "-" "Mozilla/5.0 (Windows NT 10.0; Win64; x64) AppleWebKit/537.36 (KHTML, like Gecko) Chrome/120.0.0.0 Safari/537.36"
51.103.73.149 - - [28/Apr/2026:00:47:33 +0000] "GET /wp-content/admin.php HTTP/1.1" 404 14928 "-" "Mozilla/5.0 (Windows NT 10.0; Win64; x64) AppleWebKit/537.36 (KHTML, like Gecko) Chrome/120.0.0.0 Safari/537.36"
51.103.73.149 - - [28/Apr/2026:00:47:34 +0000] "GET /wp-admin/css/colors/ectoplasm/ HTTP/1.1" 404 14890 "-" "Mozilla/5.0 (Windows NT 10.0; Win64; x64) AppleWebKit/537.36 (KHTML, like Gecko) Chrome/120.0.0.0 Safari/537.36"
198.244.168.240 - - [28/Apr/2026:00:47:35 +0000] "GET /sitemap.xml HTTP/1.1" 200 300 "-" "Mozilla/5.0 (compatible; AhrefsBot/7.0; +http://ahrefs.com/robot/)"
51.103.73.149 - - [28/Apr/2026:00:47:35 +0000] "GET /wp-content/uploads/ HTTP/1.1" 404 14924 "-" "Mozilla/5.0 (Windows NT 10.0; Win64; x64) AppleWebKit/537.36 (KHTML, like Gecko) Chrome/120.0.0.0 Safari/537.36"
51.103.73.149 - - [28/Apr/2026:00:47:37 +0000] "GET /wp-content/themes/admin.php HTTP/1.1" 404 14880 "-" "Mozilla/5.0 (Windows NT 10.0; Win64; x64) AppleWebKit/537.36 (KHTML, like Gecko) Chrome/120.0.0.0 Safari/537.36"
51.195.183.149 - - [28/Apr/2026:00:47:37 +0000] "GET /sitemap-1.xml HTTP/1.1" 200 1523 "-" "Mozilla/5.0 (compatible; AhrefsBot/7.0; +http://ahrefs.com/robot/)"
51.103.73.149 - - [28/Apr/2026:00:47:38 +0000] "GET /wp-content/themes/index.php HTTP/1.1" 301 - "-" "Mozilla/5.0 (Windows NT 10.0; Win64; x64) AppleWebKit/537.36 (KHTML, like Gecko) Chrome/120.0.0.0 Safari/537.36"
51.103.73.149 - - [28/Apr/2026:00:47:39 +0000] "GET /wp-content/plugins/index.php HTTP/1.1" 301 - "-" "Mozilla/5.0 (Windows NT 10.0; Win64; x64) AppleWebKit/537.36 (KHTML, like Gecko) Chrome/120.0.0.0 Safari/537.36"
198.244.168.99 - - [28/Apr/2026:00:47:39 +0000] "GET /image-sitemap-1.xml HTTP/1.1" 200 1308 "-" "Mozilla/5.0 (compatible; AhrefsBot/7.0; +http://ahrefs.com/robot/)"
51.103.73.149 - - [28/Apr/2026:00:47:40 +0000] "GET /wp-includes/PHPMailer/ HTTP/1.1" 404 14934 "-" "Mozilla/5.0 (Windows NT 10.0; Win64; x64) AppleWebKit/537.36 (KHTML, like Gecko) Chrome/120.0.0.0 Safari/537.36"
51.103.73.149 - - [28/Apr/2026:00:47:41 +0000] "GET /wp-includes/images/ HTTP/1.1" 404 14928 "-" "Mozilla/5.0 (Windows NT 10.0; Win64; x64) AppleWebKit/537.36 (KHTML, like Gecko) Chrome/120.0.0.0 Safari/537.36"
51.103.73.149 - - [28/Apr/2026:00:47:42 +0000] "GET /wp-content/plugins/WordPressCore/ HTTP/1.1" 404 14881 "-" "Mozilla/5.0 (Windows NT 10.0; Win64; x64) AppleWebKit/537.36 (KHTML, like Gecko) Chrome/120.0.0.0 Safari/537.36"
123.23.62.57 - - [28/Apr/2026:00:50:04 +0000] "GET /tips-to-get-the-wedding-you-have-always-wanted/?share=x HTTP/1.1" 302 - "-" "Mozilla/5.0 (Windows NT 10.0; Win64; x64) AppleWebKit/537.36 (KHTML, like Gecko) Chrome/107.0.0.0 Safari/537.36"
114.119.142.85 - - [28/Apr/2026:00:50:10 +0000] "GET /page/4/ HTTP/1.1" 200 16576 "https://weddingmonitor.com/page/4/" "Mozilla/5.0 (Linux; Android 7.0;) AppleWebKit/537.36 (HTML, like Gecko) Mobile Safari/537.36 (compatible; PetalBot;+https://webmaster.petalsearch.com/site/petalbot)"
184.94.212.206 - - [28/Apr/2026:00:51:44 +0000] "POST /wp-cron.php?doing_wp_cron=1777337504.1474580764770507812500 HTTP/1.1" 200 - "-" "WordPress/6.9.4; https://weddingmonitor.com"
2.57.168.29 - - [28/Apr/2026:00:51:42 +0000] "POST /wp-login.php HTTP/1.1" 401 3452 "-" "Mozilla/5.0"
184.94.212.206 - - [28/Apr/2026:00:52:23 +0000] "POST /wp-cron.php?doing_wp_cron=1777337543.9157760143280029296875 HTTP/1.1" 200 - "-" "WordPress/6.9.4; https://weddingmonitor.com"
192.0.102.230 - - [28/Apr/2026:00:52:22 +0000] "HEAD / HTTP/1.1" 200 - "-" "jetmon/1.0 (Jetpack Site Uptime Monitor by WordPress.com)"
184.94.212.206 - - [28/Apr/2026:00:57:24 +0000] "POST /wp-cron.php?doing_wp_cron=1777337844.1162710189819335937500 HTTP/1.1" 200 - "-" "WordPress/6.9.4; https://weddingmonitor.com"
192.0.102.230 - - [28/Apr/2026:00:57:22 +0000] "HEAD / HTTP/1.1" 200 - "-" "jetmon/1.0 (Jetpack Site Uptime Monitor by WordPress.com)"
184.94.212.206 - - [28/Apr/2026:01:02:21 +0000] "POST /wp-cron.php?doing_wp_cron=1777338141.5456569194793701171875 HTTP/1.1" 200 - "-" "WordPress/6.9.4; https://weddingmonitor.com"
192.0.102.230 - - [28/Apr/2026:01:02:19 +0000] "HEAD / HTTP/1.1" 200 - "-" "jetmon/1.0 (Jetpack Site Uptime Monitor by WordPress.com)"
184.94.212.206 - - [28/Apr/2026:01:06:42 +0000] "POST /wp-cron.php?doing_wp_cron=1777338402.5904359817504882812500 HTTP/1.1" 200 - "-" "WordPress/6.9.4; https://weddingmonitor.com"
2.57.168.18 - - [28/Apr/2026:01:06:40 +0000] "POST /wp-login.php HTTP/1.1" 401 3452 "-" "Mozilla/5.0"
184.94.212.206 - - [28/Apr/2026:01:07:24 +0000] "POST /wp-cron.php?doing_wp_cron=1777338444.4472761154174804687500 HTTP/1.1" 200 - "-" "WordPress/6.9.4; https://weddingmonitor.com"
192.0.102.230 - - [28/Apr/2026:01:07:23 +0000] "HEAD / HTTP/1.1" 200 - "-" "jetmon/1.0 (Jetpack Site Uptime Monitor by WordPress.com)"
14.189.28.199 - - [28/Apr/2026:01:08:07 +0000] "GET /tag/personal-touch/ HTTP/1.1" 200 15876 "-" "Mozilla/5.0 (Windows NT 6.2; WOW64) AppleWebKit/537.15 (KHTML, like Gecko) Chrome/24.0.1295.0 Safari/537.15"
152.201.176.172 - - [28/Apr/2026:01:08:46 +0000] "GET /tag/makeup-artist/?amp HTTP/1.1" 200 16470 "-" "Mozilla/5.0 (Windows NT 6.1; Win64; x64) AppleWebKit/537.36 (KHTML, like Gecko) Chrome/80.0.3987.132 Safari/537.36"
184.94.212.206 - - [28/Apr/2026:01:10:39 +0000] "POST /wp-cron.php?doing_wp_cron=1777338639.6989679336547851562500 HTTP/1.1" 200 - "-" "WordPress/6.9.4; https://weddingmonitor.com"
14.191.81.246 - - [28/Apr/2026:01:10:38 +0000] "GET /wedding-planning-tips-to-reduce-stress/ HTTP/1.1" 200 22436 "-" "Mozilla/5.0 (Macintosh; Intel Mac OS X 10_13_6) AppleWebKit/537.36 (KHTML, like Gecko) Chrome/94.0.4606.81 Safari/537.36"
38.66.207.33 - - [28/Apr/2026:01:10:44 +0000] "GET /author/h0tn1ch3s/page/7/?amp HTTP/1.1" 200 17407 "-" "Mozilla/5.0 (Macintosh; Intel Mac OS X 10_15_7) AppleWebKit/537.36 (KHTML, like Gecko) Chrome/124.0.0.0 Safari/537.36"
184.94.212.206 - - [28/Apr/2026:01:12:22 +0000] "POST /wp-cron.php?doing_wp_cron=1777338742.0415279865264892578125 HTTP/1.1" 200 - "-" "WordPress/6.9.4; https://weddingmonitor.com"
192.0.102.230 - - [28/Apr/2026:01:12:20 +0000] "HEAD / HTTP/1.1" 200 - "-" "jetmon/1.0 (Jetpack Site Uptime Monitor by WordPress.com)"
14.191.250.192 - - [28/Apr/2026:01:14:17 +0000] "GET /unsurpassed-wedding-tips-to-make-your-day-special/?share=facebook HTTP/1.1" 302 - "-" "Mozilla/5.0 (Windows NT 10.0; Win64; x64) AppleWebKit/537.36 (KHTML, like Gecko) Chrome/101.0.4951.67 Safari/537.36"
158.140.191.202 - - [28/Apr/2026:01:14:29 +0000] "GET /unsurpassed-wedding-tips-to-make-your-day-special/?share=facebook HTTP/1.1" 302 - "-" "Mozilla/5.0 (Macintosh; Intel Mac OS X 10_15_7) AppleWebKit/537.36 (KHTML, like Gecko) Chrome/124.0.0.0 Safari/537.36"
49.86.43.172 - - [28/Apr/2026:01:14:40 +0000] "GET /keep-your-dream-wedding-from-turning-into-a-nightmare-with-these-simple-tips/?share=facebook HTTP/1.1" 302 - "-" "Mozilla/5.0 (Macintosh; Intel Mac OS X 10_15_7) AppleWebKit/537.36 (KHTML, like Gecko) Chrome/140.0.0.0 newsai/1.0 Safari/537.36"
157.255.217.161 - - [28/Apr/2026:01:14:50 +0000] "GET /keep-your-dream-wedding-from-turning-into-a-nightmare-with-these-simple-tips/?share=facebook HTTP/1.1" 302 - "-" "Mozilla/5.0 (Macintosh; Intel Mac OS X 10_15_7) AppleWebKit/537.36 (KHTML, like Gecko) Chrome/140.0.0.0 newsai/1.0 Safari/537.36"
184.94.212.206 - - [28/Apr/2026:01:17:23 +0000] "POST /wp-cron.php?doing_wp_cron=1777339043.0595469474792480468750 HTTP/1.1" 200 - "-" "WordPress/6.9.4; https://weddingmonitor.com"
192.0.102.230 - - [28/Apr/2026:01:17:22 +0000] "HEAD / HTTP/1.1" 200 - "-" "jetmon/1.0 (Jetpack Site Uptime Monitor by WordPress.com)"
69.79.201.165 - - [28/Apr/2026:01:19:45 +0000] "GET /effective-techniques-for-planning-a-wedding/?share=facebook HTTP/1.1" 302 - "-" "Mozilla/5.0 (Windows NT 6.1; Win64; x64) AppleWebKit/537.36 (KHTML, like Gecko) Chrome/85.0.4183.121 Safari/537.36"
184.94.212.206 - - [28/Apr/2026:01:21:44 +0000] "POST /wp-cron.php?doing_wp_cron=1777339303.9914410114288330078125 HTTP/1.1" 200 - "-" "WordPress/6.9.4; https://weddingmonitor.com"
2.57.168.10 - - [28/Apr/2026:01:21:42 +0000] "POST /wp-login.php HTTP/1.1" 401 3452 "-" "Mozilla/5.0"
184.94.212.206 - - [28/Apr/2026:01:22:23 +0000] "POST /wp-cron.php?doing_wp_cron=1777339343.5524699687957763671875 HTTP/1.1" 200 - "-" "WordPress/6.9.4; https://weddingmonitor.com"
192.0.102.230 - - [28/Apr/2026:01:22:22 +0000] "HEAD / HTTP/1.1" 200 - "-" "jetmon/1.0 (Jetpack Site Uptime Monitor by WordPress.com)"
185.191.171.4 - - [28/Apr/2026:01:22:43 +0000] "GET /robots.txt HTTP/1.1" 200 145 "-" "Mozilla/5.0 (compatible; SemrushBot/7~bl; +http://www.semrush.com/bot.html)"
185.191.171.14 - - [28/Apr/2026:01:22:48 +0000] "GET /tag/wedding-gown/ HTTP/1.1" 200 16334 "-" "Mozilla/5.0 (compatible; SemrushBot/7~bl; +http://www.semrush.com/bot.html)"
