40.77.167.40 - - [28/Apr/2026:09:11:28 +0000] "GET /tag/planning-tips/ HTTP/1.1" 200 16351 "-" "Mozilla/5.0 AppleWebKit/537.36 (KHTML, like Gecko; compatible; bingbot/2.0; +http://www.bing.com/bingbot.htm) Chrome/116.0.1938.76 Safari/537.36"
204.76.203.25 - - [28/Apr/2026:09:11:33 +0000] "GET /wp-content/plugins/contact-form-7/includes/swv/js/index.js HTTP/1.1" 200 12512 "-" "Mozilla/5.0 (Windows NT 10.0; Win64; x64) AppleWebKit/537.36 (KHTML, like Gecko) Chrome/147.0.0.0 Safari/537.36"
204.76.203.25 - - [28/Apr/2026:09:11:33 +0000] "GET /wp-content/plugins/contact-form-7/includes/js/index.js HTTP/1.1" 200 13452 "-" "Mozilla/5.0 (Windows NT 10.0; Win64; x64) AppleWebKit/537.36 (KHTML, like Gecko) Chrome/147.0.0.0 Safari/537.36"
204.76.203.27 - - [28/Apr/2026:09:11:36 +0000] "GET /wp-content/plugins/contact-form-7/includes/js/index.js HTTP/1.1" 200 13452 "-" "Mozilla/5.0 (Windows NT 10.0; Win64; x64) AppleWebKit/537.36 (KHTML, like Gecko) Chrome/147.0.0.0 Safari/537.36"
204.76.203.25 - - [28/Apr/2026:09:11:36 +0000] "GET /wp-content/plugins/contact-form-7/includes/swv/js/index.js HTTP/1.1" 200 12512 "-" "Mozilla/5.0 (Windows NT 10.0; Win64; x64) AppleWebKit/537.36 (KHTML, like Gecko) Chrome/147.0.0.0 Safari/537.36"
184.94.212.206 - - [28/Apr/2026:09:12:23 +0000] "POST /wp-cron.php?doing_wp_cron=1777367543.4917390346527099609375 HTTP/1.1" 200 - "-" "WordPress/6.9.4; https://weddingmonitor.com"
192.0.102.230 - - [28/Apr/2026:09:12:21 +0000] "HEAD / HTTP/1.1" 200 - "-" "jetmon/1.0 (Jetpack Site Uptime Monitor by WordPress.com)"
114.119.158.157 - - [28/Apr/2026:09:12:56 +0000] "GET /unsurpassed-wedding-tips-to-make-your-day-special/?share=x HTTP/1.1" 302 - "https://weddingmonitor.com/unsurpassed-wedding-tips-to-make-your-day-special/" "Mozilla/5.0 (Linux; Android 7.0;) AppleWebKit/537.36 (HTML, like Gecko) Mobile Safari/537.36 (compatible; PetalBot;+https://webmaster.petalsearch.com/site/petalbot)"
184.94.212.206 - - [28/Apr/2026:09:17:23 +0000] "POST /wp-cron.php?doing_wp_cron=1777367843.9109079837799072265625 HTTP/1.1" 200 - "-" "WordPress/6.9.4; https://weddingmonitor.com"
192.0.102.230 - - [28/Apr/2026:09:17:22 +0000] "HEAD / HTTP/1.1" 200 - "-" "jetmon/1.0 (Jetpack Site Uptime Monitor by WordPress.com)"
184.94.212.206 - - [28/Apr/2026:09:17:36 +0000] "POST /wp-cron.php?doing_wp_cron=1777367856.8599209785461425781250 HTTP/1.1" 200 - "-" "WordPress/6.9.4; https://weddingmonitor.com"
114.119.147.0 - - [28/Apr/2026:09:17:35 +0000] "GET /tag/perfect-wedding/ HTTP/1.1" 200 16257 "https://weddingmonitor.com/author/h0tn1ch3s?noamp=mobile" "Mozilla/5.0 (Linux; Android 7.0;) AppleWebKit/537.36 (HTML, like Gecko) Mobile Safari/537.36 (compatible; PetalBot;+https://webmaster.petalsearch.com/site/petalbot)"
184.94.212.206 - - [28/Apr/2026:09:22:15 +0000] "POST /wp-cron.php?doing_wp_cron=1777368135.2300550937652587890625 HTTP/1.1" 200 - "-" "WordPress/6.9.4; https://weddingmonitor.com"
114.119.142.85 - - [28/Apr/2026:09:22:13 +0000] "GET /tag/wedding-planner?noamp=mobile HTTP/1.1" 301 - "https://weddingmonitor.com/tag/wedding-planner?amp" "Mozilla/5.0 (Linux; Android 7.0;) AppleWebKit/537.36 (HTML, like Gecko) Mobile Safari/537.36 (compatible; PetalBot;+https://webmaster.petalsearch.com/site/petalbot)"
114.119.142.85 - - [28/Apr/2026:09:22:15 +0000] "GET /tag/wedding-planner/?noamp=mobile HTTP/1.1" 200 16324 "https://weddingmonitor.com/tag/wedding-planner?amp" "Mozilla/5.0 (Linux; Android 7.0;) AppleWebKit/537.36 (HTML, like Gecko) Mobile Safari/537.36 (compatible; PetalBot;+https://webmaster.petalsearch.com/site/petalbot)"
184.94.212.206 - - [28/Apr/2026:09:22:22 +0000] "POST /wp-cron.php?doing_wp_cron=1777368142.4734470844268798828125 HTTP/1.1" 200 - "-" "WordPress/6.9.4; https://weddingmonitor.com"
2.57.168.8 - - [28/Apr/2026:09:22:20 +0000] "POST /wp-login.php HTTP/1.1" 401 3452 "-" "Mozilla/5.0"
192.0.102.230 - - [28/Apr/2026:09:22:22 +0000] "HEAD / HTTP/1.1" 200 - "-" "jetmon/1.0 (Jetpack Site Uptime Monitor by WordPress.com)"
78.159.131.56 - - [28/Apr/2026:09:22:51 +0000] "GET / HTTP/1.1" 200 68949 "-" "Mozilla/5.0 (Windows NT 10.0; Win64; x64) AppleWebKit/537.36 (KHTML, like Gecko) Chrome/131.0.0.0 Safari/537.36"
104.28.163.235 - - [28/Apr/2026:09:23:53 +0000] "GET /wp-login.php HTTP/1.1" 200 4388 "-" "Mozilla/5.0 (Windows NT 10.0; Win64; x64) AppleWebKit/537.36 Chrome/129.0.0.0 Safari/537.36"
104.28.163.235 - - [28/Apr/2026:09:23:55 +0000] "GET /?author=1 HTTP/1.1" 404 14925 "-" "Mozilla/5.0 (Windows NT 10.0; Win64; rv:143.0) Gecko/20100101 Firefox/143.0"
104.28.163.235 - - [28/Apr/2026:09:23:57 +0000] "GET /?rest_route=/wp/v2/users HTTP/1.1" 200 1721 "-" "Mozilla/5.0 (Windows NT 10.0; Win64; x64) AppleWebKit/537.36 Chrome/129.0.0.0 Safari/537.36"
57.141.18.39 - - [28/Apr/2026:09:25:16 +0000] "GET /your-wedding-help-is-here-with-these-tips/ HTTP/1.1" 200 84705 "-" "meta-externalagent/1.1 (+https://developers.facebook.com/docs/sharing/webmasters/crawler)"
184.94.212.206 - - [28/Apr/2026:09:26:14 +0000] "POST /wp-cron.php?doing_wp_cron=1777368374.1928520202636718750000 HTTP/1.1" 200 - "-" "WordPress/6.9.4; https://weddingmonitor.com"
114.119.141.4 - - [28/Apr/2026:09:26:12 +0000] "GET /some-simple-advice-for-an-unforgettable-wedding?share=twitter&amp HTTP/1.1" 302 - "-" "Mozilla/5.0 (Linux; Android 7.0;) AppleWebKit/537.36 (HTML, like Gecko) Mobile Safari/537.36 (compatible; PetalBot;+https://webmaster.petalsearch.com/site/petalbot)"
184.94.212.206 - - [28/Apr/2026:09:27:24 +0000] "POST /wp-cron.php?doing_wp_cron=1777368444.0343229770660400390625 HTTP/1.1" 200 - "-" "WordPress/6.9.4; https://weddingmonitor.com"
14.170.5.206 - - [28/Apr/2026:09:27:22 +0000] "GET /tag/silk-flowers/ HTTP/1.1" 200 15885 "-" "Mozilla/5.0 (Windows NT 10.0; Win64; x64) AppleWebKit/537.36 (KHTML, like Gecko) Chrome/108.0.0.0 Safari/537.36"
192.0.102.230 - - [28/Apr/2026:09:27:25 +0000] "HEAD / HTTP/1.1" 200 - "-" "jetmon/1.0 (Jetpack Site Uptime Monitor by WordPress.com)"
184.94.212.206 - - [28/Apr/2026:09:30:14 +0000] "POST /wp-cron.php?doing_wp_cron=1777368614.3087379932403564453125 HTTP/1.1" 200 - "-" "WordPress/6.9.4; https://weddingmonitor.com"
114.119.141.4 - - [28/Apr/2026:09:30:12 +0000] "GET /what-is-the-average-cost-of-wedding-flowers/ HTTP/1.1" 200 22404 "https://weddingmonitor.com/page/11/" "Mozilla/5.0 (Linux; Android 7.0;) AppleWebKit/537.36 (HTML, like Gecko) Mobile Safari/537.36 (compatible; PetalBot;+https://webmaster.petalsearch.com/site/petalbot)"
184.94.212.206 - - [28/Apr/2026:09:31:21 +0000] "POST /wp-cron.php?doing_wp_cron=1777368681.6137199401855468750000 HTTP/1.1" 200 - "-" "WordPress/6.9.4; https://weddingmonitor.com"
14.162.181.21 - - [28/Apr/2026:09:31:19 +0000] "GET /2020/02/page/2/?amp HTTP/1.1" 200 19412 "-" "Mozilla/5.0 (Windows NT 6.1; WOW64) AppleWebKit/537.36 (KHTML, like Gecko) Chrome/90.0.4430.93 Safari/537.36"
192.0.102.230 - - [28/Apr/2026:09:32:23 +0000] "HEAD / HTTP/1.1" 200 - "-" "jetmon/1.0 (Jetpack Site Uptime Monitor by WordPress.com)"
114.119.158.157 - - [28/Apr/2026:09:33:49 +0000] "GET /what-is-a-destination-wedding-and-how-to-plan-it?share=facebook&amp HTTP/1.1" 302 - "https://weddingmonitor.com/what-is-a-destination-wedding-and-how-to-plan-it?amp" "Mozilla/5.0 (Linux; Android 7.0;) AppleWebKit/537.36 (HTML, like Gecko) Mobile Safari/537.36 (compatible; PetalBot;+https://webmaster.petalsearch.com/site/petalbot)"
184.94.212.206 - - [28/Apr/2026:09:35:38 +0000] "POST /wp-cron.php?doing_wp_cron=1777368938.9046900272369384765625 HTTP/1.1" 200 - "-" "WordPress/6.9.4; https://weddingmonitor.com"
173.239.240.250 - - [28/Apr/2026:09:35:37 +0000] "GET /contact-us/ HTTP/1.1" 200 17752 "-" "Mozilla/5.0 (Windows NT 10.0; Win64; x64) AppleWebKit/537.36 (KHTML, like Gecko) Chrome/114.0.0.0 YaBrowser/22.7.0 Yowser/2.5 Safari/537.36"
173.239.240.234 - - [28/Apr/2026:09:35:39 +0000] "GET /wp-content/plugins/contact-form-7/includes/js/index.js?ver=6.1.5 HTTP/1.1" 200 4265 "https://weddingmonitor.com/contact-us/" "Mozilla/5.0 (Windows NT 10.0; Win64; x64) AppleWebKit/537.36 (KHTML, like Gecko) Chrome/114.0.0.0 YaBrowser/22.7.0 Yowser/2.5 Safari/537.36"
173.239.240.234 - - [28/Apr/2026:09:35:39 +0000] "POST /wp-json/contact-form-7/v1/contact-forms/186/feedback HTTP/1.1" 200 182 "https://weddingmonitor.com/contact-us/" "Mozilla/5.0 (Windows NT 10.0; Win64; x64) AppleWebKit/537.36 (KHTML, like Gecko) Chrome/114.0.0.0 YaBrowser/22.7.0 Yowser/2.5 Safari/537.36"
184.94.212.206 - - [28/Apr/2026:09:36:49 +0000] "POST /wp-cron.php?doing_wp_cron=1777369009.2083339691162109375000 HTTP/1.1" 200 - "-" "WordPress/6.9.4; https://weddingmonitor.com"
2.57.168.20 - - [28/Apr/2026:09:36:47 +0000] "POST /wp-login.php HTTP/1.1" 401 3453 "-" "Mozilla/5.0"
192.0.102.230 - - [28/Apr/2026:09:37:23 +0000] "HEAD / HTTP/1.1" 200 - "-" "jetmon/1.0 (Jetpack Site Uptime Monitor by WordPress.com)"
184.94.212.206 - - [28/Apr/2026:09:37:49 +0000] "POST /wp-cron.php?doing_wp_cron=1777369069.3762140274047851562500 HTTP/1.1" 200 - "-" "WordPress/6.9.4; https://weddingmonitor.com"
114.119.145.212 - - [28/Apr/2026:09:37:47 +0000] "GET /tag/tips/?noamp=mobile HTTP/1.1" 200 19492 "https://weddingmonitor.com/tag/tips/?noamp=mobile" "Mozilla/5.0 (Linux; Android 7.0;) AppleWebKit/537.36 (HTML, like Gecko) Mobile Safari/537.36 (compatible; PetalBot;+https://webmaster.petalsearch.com/site/petalbot)"
184.94.212.206 - - [28/Apr/2026:09:41:50 +0000] "POST /wp-cron.php?doing_wp_cron=1777369310.3491239547729492187500 HTTP/1.1" 200 - "-" "WordPress/6.9.4; https://weddingmonitor.com"
114.119.142.85 - - [28/Apr/2026:09:41:48 +0000] "GET /unsurpassed-wedding-tips-to-make-your-day-special/ HTTP/1.1" 200 20922 "https://weddingmonitor.com/2020/03/page/5/?noamp=mobile" "Mozilla/5.0 (Linux; Android 7.0;) AppleWebKit/537.36 (HTML, like Gecko) Mobile Safari/537.36 (compatible; PetalBot;+https://webmaster.petalsearch.com/site/petalbot)"
192.0.102.230 - - [28/Apr/2026:09:42:17 +0000] "HEAD / HTTP/1.1" 200 - "-" "jetmon/1.0 (Jetpack Site Uptime Monitor by WordPress.com)"
184.94.212.206 - - [28/Apr/2026:09:45:38 +0000] "POST /wp-cron.php?doing_wp_cron=1777369538.0991499423980712890625 HTTP/1.1" 200 - "-" "WordPress/6.9.4; https://weddingmonitor.com"
91.106.42.201 - - [28/Apr/2026:09:45:36 +0000] "GET /adsense-disclaimer/ HTTP/1.1" 200 17756 "-" "Mozilla/5.0 (Macintosh; Intel Mac OS X 11_2_1) AppleWebKit/537.36 (KHTML, like Gecko) Chrome/88.0.4324.192 Safari/537.36"
114.119.142.85 - - [28/Apr/2026:09:46:10 +0000] "GET /tag/gown-online?amp HTTP/1.1" 301 - "https://weddingmonitor.com/?amp" "Mozilla/5.0 (Linux; Android 7.0;) AppleWebKit/537.36 (HTML, like Gecko) Mobile Safari/537.36 (compatible; PetalBot;+https://webmaster.petalsearch.com/site/petalbot)"
114.119.142.85 - - [28/Apr/2026:09:46:11 +0000] "GET /tag/gown-online/?amp HTTP/1.1" 200 16216 "https://weddingmonitor.com/?amp" "Mozilla/5.0 (Linux; Android 7.0;) AppleWebKit/537.36 (HTML, like Gecko) Mobile Safari/537.36 (compatible; PetalBot;+https://webmaster.petalsearch.com/site/petalbot)"
192.0.102.230 - - [28/Apr/2026:09:47:20 +0000] "HEAD / HTTP/1.1" 200 - "-" "jetmon/1.0 (Jetpack Site Uptime Monitor by WordPress.com)"
184.94.212.206 - - [28/Apr/2026:09:50:41 +0000] "POST /wp-cron.php?doing_wp_cron=1777369841.4457609653472900390625 HTTP/1.1" 200 - "-" "WordPress/6.9.4; https://weddingmonitor.com"
114.119.142.85 - - [28/Apr/2026:09:50:39 +0000] "GET /wedding-planning-advice-for-the-busy-bride-and-groom?noamp=mobile HTTP/1.1" 301 - "-" "Mozilla/5.0 (Linux; Android 7.0;) AppleWebKit/537.36 (HTML, like Gecko) Mobile Safari/537.36 (compatible; PetalBot;+https://webmaster.petalsearch.com/site/petalbot)"
114.119.142.85 - - [28/Apr/2026:09:50:41 +0000] "GET /wedding-planning-advice-for-the-busy-bride-and-groom/?noamp=mobile HTTP/1.1" 200 20913 "https://weddingmonitor.com/wedding-planning-advice-for-the-busy-bride-and-groom?noamp=mobile" "Mozilla/5.0 (Linux; Android 7.0;) AppleWebKit/537.36 (HTML, like Gecko) Mobile Safari/537.36 (compatible; PetalBot;+https://webmaster.petalsearch.com/site/petalbot)"
2.57.168.18 - - [28/Apr/2026:09:51:23 +0000] "POST /wp-login.php HTTP/1.1" 401 3452 "-" "Mozilla/5.0"
192.0.102.230 - - [28/Apr/2026:09:52:20 +0000] "HEAD / HTTP/1.1" 200 - "-" "jetmon/1.0 (Jetpack Site Uptime Monitor by WordPress.com)"
114.119.154.9 - - [28/Apr/2026:09:55:06 +0000] "GET /tag/planning-tips HTTP/1.1" 301 - "https://weddingmonitor.com/useful-advice-to-hold-the-wedding-of-your-dreams" "Mozilla/5.0 (Linux; Android 7.0;) AppleWebKit/537.36 (HTML, like Gecko) Mobile Safari/537.36 (compatible; PetalBot;+https://webmaster.petalsearch.com/site/petalbot)"
114.119.154.9 - - [28/Apr/2026:09:55:07 +0000] "GET /tag/planning-tips/ HTTP/1.1" 200 16351 "https://weddingmonitor.com/useful-advice-to-hold-the-wedding-of-your-dreams" "Mozilla/5.0 (Linux; Android 7.0;) AppleWebKit/537.36 (HTML, like Gecko) Mobile Safari/537.36 (compatible; PetalBot;+https://webmaster.petalsearch.com/site/petalbot)"
184.94.212.206 - - [28/Apr/2026:09:57:21 +0000] "POST /wp-cron.php?doing_wp_cron=1777370241.6872630119323730468750 HTTP/1.1" 200 - "-" "WordPress/6.9.4; https://weddingmonitor.com"
192.0.102.230 - - [28/Apr/2026:09:57:20 +0000] "HEAD / HTTP/1.1" 200 - "-" "jetmon/1.0 (Jetpack Site Uptime Monitor by WordPress.com)"
146.19.125.67 - - [28/Apr/2026:09:59:14 +0000] "GET /contact-us/ HTTP/1.0" 200 70477 "https://weddingmonitor.com/contact-us/" "Mozilla/5.0 (Windows NT 10.0; Win64; x64) AppleWebKit/537.36 (KHTML, like Gecko) Chrome/130.0.0.0 Safari/537.36 CCleaner/130.0.0.0"
114.119.158.157 - - [28/Apr/2026:09:59:31 +0000] "GET /tips-to-get-the-wedding-you-have-always-wanted?noamp=mobile HTTP/1.1" 301 - "https://weddingmonitor.com/tips-to-get-the-wedding-you-have-always-wanted?noamp=mobile" "Mozilla/5.0 (Linux; Android 7.0;) AppleWebKit/537.36 (HTML, like Gecko) Mobile Safari/537.36 (compatible; PetalBot;+https://webmaster.petalsearch.com/site/petalbot)"
114.119.158.157 - - [28/Apr/2026:09:59:33 +0000] "GET /tips-to-get-the-wedding-you-have-always-wanted/?noamp=mobile HTTP/1.1" 200 20537 "https://weddingmonitor.com/tips-to-get-the-wedding-you-have-always-wanted?noamp=mobile" "Mozilla/5.0 (Linux; Android 7.0;) AppleWebKit/537.36 (HTML, like Gecko) Mobile Safari/537.36 (compatible; PetalBot;+https://webmaster.petalsearch.com/site/petalbot)"
184.94.212.206 - - [28/Apr/2026:10:02:21 +0000] "POST /wp-cron.php?doing_wp_cron=1777370541.2169449329376220703125 HTTP/1.1" 200 - "-" "WordPress/6.9.4; https://weddingmonitor.com"
192.0.102.230 - - [28/Apr/2026:10:02:19 +0000] "HEAD / HTTP/1.1" 200 - "-" "jetmon/1.0 (Jetpack Site Uptime Monitor by WordPress.com)"
41.75.73.37 - - [28/Apr/2026:10:02:53 +0000] "GET /wedding-tips-that-might-help-you-save-money/ HTTP/1.1" 200 21331 "-" "Mozilla/5.0 (Windows NT 10.0; Win64; x64) AppleWebKit/537.36 (KHTML, like Gecko) Chrome/100.0.4896.60 Safari/537.36"
114.119.133.120 - - [28/Apr/2026:10:04:00 +0000] "GET /tag/planning-tips/?noamp=mobile HTTP/1.1" 200 16362 "https://weddingmonitor.com/tag/planning-tips?noamp=mobile" "Mozilla/5.0 (Linux; Android 7.0;) AppleWebKit/537.36 (HTML, like Gecko) Mobile Safari/537.36 (compatible; PetalBot;+https://webmaster.petalsearch.com/site/petalbot)"
192.0.86.183 - - [28/Apr/2026:10:04:57 +0000] "GET / HTTP/1.1" 200 17010 "https://weddingmonitor.com/" "Automattic Analytics Crawler/0.2; http://wordpress.com/crawler/"
184.94.212.206 - - [28/Apr/2026:10:05:52 +0000] "POST /wp-cron.php?doing_wp_cron=1777370752.3834741115570068359375 HTTP/1.1" 200 - "-" "WordPress/6.9.4; https://weddingmonitor.com"
2.57.168.25 - - [28/Apr/2026:10:05:50 +0000] "POST /wp-login.php HTTP/1.1" 401 3452 "-" "Mozilla/5.0"
192.0.102.230 - - [28/Apr/2026:10:07:19 +0000] "HEAD / HTTP/1.1" 200 - "-" "jetmon/1.0 (Jetpack Site Uptime Monitor by WordPress.com)"
104.28.163.35 - - [28/Apr/2026:10:08:00 +0000] "POST /wp-login.php HTTP/1.1" 200 4388 "-" "Mozilla/5.0 (Macintosh; Intel Mac OS X 10_15_7) AppleWebKit/605.1.15 Version/17.0 Safari/605.1.15"
184.94.212.206 - - [28/Apr/2026:10:08:32 +0000] "POST /wp-cron.php?doing_wp_cron=1777370912.7230679988861083984375 HTTP/1.1" 200 - "-" "WordPress/6.9.4; https://weddingmonitor.com"
114.119.154.9 - - [28/Apr/2026:10:08:31 +0000] "GET /tag/getting-married?amp HTTP/1.1" 301 - "https://weddingmonitor.com/author/h0tn1ch3s/page/3?amp" "Mozilla/5.0 (Linux; Android 7.0;) AppleWebKit/537.36 (HTML, like Gecko) Mobile Safari/537.36 (compatible; PetalBot;+https://webmaster.petalsearch.com/site/petalbot)"
114.119.154.9 - - [28/Apr/2026:10:08:33 +0000] "GET /tag/getting-married/?amp HTTP/1.1" 200 16120 "https://weddingmonitor.com/author/h0tn1ch3s/page/3?amp" "Mozilla/5.0 (Linux; Android 7.0;) AppleWebKit/537.36 (HTML, like Gecko) Mobile Safari/537.36 (compatible; PetalBot;+https://webmaster.petalsearch.com/site/petalbot)"
77.36.124.88 - - [28/Apr/2026:10:09:31 +0000] "GET / HTTP/1.1" 301 - "-" "Mozilla/5.0 (Windows NT 10.0; Win64; x64) AppleWebKit/537.36 (KHTML, like Gecko) Chrome/145.0.0.0 Safari/537.36"
192.0.102.230 - - [28/Apr/2026:10:12:23 +0000] "HEAD / HTTP/1.1" 200 - "-" "jetmon/1.0 (Jetpack Site Uptime Monitor by WordPress.com)"
184.94.212.206 - - [28/Apr/2026:10:12:52 +0000] "POST /wp-cron.php?doing_wp_cron=1777371172.6892640590667724609375 HTTP/1.1" 200 - "-" "WordPress/6.9.4; https://weddingmonitor.com"
114.119.147.0 - - [28/Apr/2026:10:12:51 +0000] "GET /tag/budget/?amp HTTP/1.1" 200 19046 "https://weddingmonitor.com/tag/budget/?amp" "Mozilla/5.0 (Linux; Android 7.0;) AppleWebKit/537.36 (HTML, like Gecko) Mobile Safari/537.36 (compatible; PetalBot;+https://webmaster.petalsearch.com/site/petalbot)"
184.94.212.206 - - [28/Apr/2026:10:17:13 +0000] "POST /wp-cron.php?doing_wp_cron=1777371433.8451440334320068359375 HTTP/1.1" 200 - "-" "WordPress/6.9.4; https://weddingmonitor.com"
114.119.145.212 - - [28/Apr/2026:10:17:12 +0000] "GET /tag/bank-account/ HTTP/1.1" 200 15860 "https://weddingmonitor.com/tag/bank-account?amp" "Mozilla/5.0 (Linux; Android 7.0;) AppleWebKit/537.36 (HTML, like Gecko) Mobile Safari/537.36 (compatible; PetalBot;+https://webmaster.petalsearch.com/site/petalbot)"
184.94.212.206 - - [28/Apr/2026:10:20:12 +0000] "POST /wp-cron.php?doing_wp_cron=1777371612.2988231182098388671875 HTTP/1.1" 200 - "-" "WordPress/6.9.4; https://weddingmonitor.com"
2.57.168.18 - - [28/Apr/2026:10:20:09 +0000] "POST /wp-login.php HTTP/1.1" 401 3452 "-" "Mozilla/5.0"
192.0.102.230 - - [28/Apr/2026:10:22:21 +0000] "HEAD / HTTP/1.1" 200 - "-" "jetmon/1.0 (Jetpack Site Uptime Monitor by WordPress.com)"
184.94.212.206 - - [28/Apr/2026:10:23:43 +0000] "POST /wp-cron.php?doing_wp_cron=1777371823.3881340026855468750000 HTTP/1.1" 200 - "-" "WordPress/6.9.4; https://weddingmonitor.com"
17.22.237.24 - - [28/Apr/2026:10:23:41 +0000] "GET /robots.txt HTTP/1.1" 200 145 "-" "Mozilla/5.0 (Macintosh; Intel Mac OS X 10_15_7) AppleWebKit/605.1.15 (KHTML, like Gecko) Version/17.4 Safari/605.1.15 (Applebot/0.1; +http://www.apple.com/go/applebot)"
17.22.237.24 - - [28/Apr/2026:10:23:43 +0000] "GET /feed/ HTTP/1.1" 200 23123 "-" "Mozilla/5.0 (Macintosh; Intel Mac OS X 10_15_7) AppleWebKit/605.1.15 (KHTML, like Gecko) Version/17.4 Safari/605.1.15 (Applebot/0.1; +http://www.apple.com/go/applebot)"
184.94.212.206 - - [28/Apr/2026:10:26:02 +0000] "POST /wp-cron.php?doing_wp_cron=1777371962.5234169960021972656250 HTTP/1.1" 200 - "-" "WordPress/6.9.4; https://weddingmonitor.com"
114.119.142.85 - - [28/Apr/2026:10:26:00 +0000] "GET /page/4 HTTP/1.1" 301 - "https://weddingmonitor.com/page/4" "Mozilla/5.0 (Linux; Android 7.0;) AppleWebKit/537.36 (HTML, like Gecko) Mobile Safari/537.36 (compatible; PetalBot;+https://webmaster.petalsearch.com/site/petalbot)"
114.119.142.85 - - [28/Apr/2026:10:26:02 +0000] "GET /page/4/ HTTP/1.1" 200 16602 "https://weddingmonitor.com/page/4" "Mozilla/5.0 (Linux; Android 7.0;) AppleWebKit/537.36 (HTML, like Gecko) Mobile Safari/537.36 (compatible; PetalBot;+https://webmaster.petalsearch.com/site/petalbot)"
66.249.66.201 - - [28/Apr/2026:10:26:29 +0000] "GET /sitemap-1.xml HTTP/1.1" 200 1523 "-" "Mozilla/5.0 (compatible; Googlebot/2.1; +http://www.google.com/bot.html)"
192.0.102.230 - - [28/Apr/2026:10:27:22 +0000] "HEAD / HTTP/1.1" 200 - "-" "jetmon/1.0 (Jetpack Site Uptime Monitor by WordPress.com)"
184.94.212.206 - - [28/Apr/2026:10:30:39 +0000] "POST /wp-cron.php?doing_wp_cron=1777372239.3177020549774169921875 HTTP/1.1" 200 - "-" "WordPress/6.9.4; https://weddingmonitor.com"
114.119.158.157 - - [28/Apr/2026:10:30:37 +0000] "GET /page/2?amp HTTP/1.1" 301 - "https://weddingmonitor.com/?amp" "Mozilla/5.0 (Linux; Android 7.0;) AppleWebKit/537.36 (HTML, like Gecko) Mobile Safari/537.36 (compatible; PetalBot;+https://webmaster.petalsearch.com/site/petalbot)"
114.119.158.157 - - [28/Apr/2026:10:30:39 +0000] "GET /page/2/?amp HTTP/1.1" 200 16937 "https://weddingmonitor.com/?amp" "Mozilla/5.0 (Linux; Android 7.0;) AppleWebKit/537.36 (HTML, like Gecko) Mobile Safari/537.36 (compatible; PetalBot;+https://webmaster.petalsearch.com/site/petalbot)"
185.191.171.16 - - [28/Apr/2026:10:31:11 +0000] "GET /tag/personal-touch/ HTTP/1.1" 200 15902 "-" "Mozilla/5.0 (compatible; SemrushBot/7~bl; +http://www.semrush.com/bot.html)"
192.0.102.230 - - [28/Apr/2026:10:32:20 +0000] "HEAD / HTTP/1.1" 200 - "-" "jetmon/1.0 (Jetpack Site Uptime Monitor by WordPress.com)"
184.94.212.206 - - [28/Apr/2026:10:32:27 +0000] "POST /wp-cron.php?doing_wp_cron=1777372347.1824219226837158203125 HTTP/1.1" 200 - "-" "WordPress/6.9.4; https://weddingmonitor.com"
37.26.83.167 - - [28/Apr/2026:10:32:26 +0000] "GET /common-wedding-catering-mistakes-to-avoid/?share=facebook HTTP/1.1" 302 - "-" "Mozilla/5.0 (Macintosh; Intel Mac OS X 10_15_4) AppleWebKit/537.36 (KHTML, like Gecko) Chrome/80.0.3987.122 Safari/537.36"
85.208.96.195 - - [28/Apr/2026:10:32:46 +0000] "GET /tag/destination/ HTTP/1.1" 200 18930 "-" "Mozilla/5.0 (compatible; SemrushBot/7~bl; +http://www.semrush.com/bot.html)"
184.94.212.206 - - [28/Apr/2026:10:34:27 +0000] "POST /wp-cron.php?doing_wp_cron=1777372467.8880200386047363281250 HTTP/1.1" 200 - "-" "WordPress/6.9.4; https://weddingmonitor.com"
2.57.168.10 - - [28/Apr/2026:10:34:25 +0000] "POST /wp-login.php HTTP/1.1" 401 3452 "-" "Mozilla/5.0"
184.94.212.206 - - [28/Apr/2026:10:36:12 +0000] "POST /wp-cron.php?doing_wp_cron=1777372572.8910310268402099609375 HTTP/1.1" 200 - "-" "WordPress/6.9.4; https://weddingmonitor.com"
114.119.154.9 - - [28/Apr/2026:10:36:11 +0000] "GET /make-your-wedding-planning-feel-less-of-a-chore?share=x&amp HTTP/1.1" 302 - "https://weddingmonitor.com/make-your-wedding-planning-feel-less-of-a-chore?amp" "Mozilla/5.0 (Linux; Android 7.0;) AppleWebKit/537.36 (HTML, like Gecko) Mobile Safari/537.36 (compatible; PetalBot;+https://webmaster.petalsearch.com/site/petalbot)"
184.94.212.206 - - [28/Apr/2026:10:37:24 +0000] "POST /wp-cron.php?doing_wp_cron=1777372644.6540029048919677734375 HTTP/1.1" 200 - "-" "WordPress/6.9.4; https://weddingmonitor.com"
192.0.102.230 - - [28/Apr/2026:10:37:23 +0000] "HEAD / HTTP/1.1" 200 - "-" "jetmon/1.0 (Jetpack Site Uptime Monitor by WordPress.com)"
184.94.212.206 - - [28/Apr/2026:10:40:25 +0000] "POST /wp-cron.php?doing_wp_cron=1777372825.0746920108795166015625 HTTP/1.1" 200 - "-" "WordPress/6.9.4; https://weddingmonitor.com"
114.119.154.9 - - [28/Apr/2026:10:40:23 +0000] "GET /make-your-wedding-planning-feel-less-of-a-chore/?share=facebook&amp HTTP/1.1" 302 - "https://weddingmonitor.com/make-your-wedding-planning-feel-less-of-a-chore/?amp" "Mozilla/5.0 (Linux; Android 7.0;) AppleWebKit/537.36 (HTML, like Gecko) Mobile Safari/537.36 (compatible; PetalBot;+https://webmaster.petalsearch.com/site/petalbot)"
104.28.156.137 - - [28/Apr/2026:10:40:49 +0000] "POST /wp-login.php HTTP/1.1" 200 4389 "-" "Mozilla/5.0 (Windows NT 10.0; Win64; rv:143.0) Gecko/20100101 Firefox/143.0"
193.70.46.175 - - [28/Apr/2026:10:41:29 +0000] "GET /robots.txt HTTP/1.1" 200 276 "-" "Mozilla/5.0 (compatible; MJ12bot/v1.4.8; http://mj12bot.com/)"
193.70.46.175 - - [28/Apr/2026:10:41:32 +0000] "GET /tag/bridal-party/ HTTP/1.1" 200 15877 "-" "Mozilla/5.0 (compatible; MJ12bot/v1.4.8; http://mj12bot.com/)"
184.94.212.206 - - [28/Apr/2026:10:42:04 +0000] "POST /wp-cron.php?doing_wp_cron=1777372924.0585091114044189453125 HTTP/1.1" 200 - "-" "WordPress/6.9.4; https://weddingmonitor.com"
185.191.171.4 - - [28/Apr/2026:10:42:02 +0000] "GET /unsurpassed-wedding-tips-to-make-your-day-special/ HTTP/1.1" 200 20917 "-" "Mozilla/5.0 (compatible; SemrushBot/7~bl; +http://www.semrush.com/bot.html)"
184.94.212.206 - - [28/Apr/2026:10:42:26 +0000] "POST /wp-cron.php?doing_wp_cron=1777372946.7674150466918945312500 HTTP/1.1" 200 - "-" "WordPress/6.9.4; https://weddingmonitor.com"
192.0.102.230 - - [28/Apr/2026:10:42:25 +0000] "HEAD / HTTP/1.1" 200 - "-" "jetmon/1.0 (Jetpack Site Uptime Monitor by WordPress.com)"
184.94.212.206 - - [28/Apr/2026:10:44:46 +0000] "POST /wp-cron.php?doing_wp_cron=1777373086.3572010993957519531250 HTTP/1.1" 200 - "-" "WordPress/6.9.4; https://weddingmonitor.com"
114.119.147.0 - - [28/Apr/2026:10:44:44 +0000] "GET /keep-your-dream-wedding-from-turning-into-a-nightmare-with-these-simple-tips/?share=x&amp HTTP/1.1" 302 - "https://weddingmonitor.com/keep-your-dream-wedding-from-turning-into-a-nightmare-with-these-simple-tips/?amp" "Mozilla/5.0 (Linux; Android 7.0;) AppleWebKit/537.36 (HTML, like Gecko) Mobile Safari/537.36 (compatible; PetalBot;+https://webmaster.petalsearch.com/site/petalbot)"
167.114.139.51 - - [28/Apr/2026:10:45:04 +0000] "GET /tag/wedding-dress/?amp HTTP/1.1" 200 16441 "-" "Mozilla/5.0 (compatible; AhrefsBot/7.0; +http://ahrefs.com/robot/)"
40.160.227.46 - - [28/Apr/2026:10:46:20 +0000] "GET / HTTP/1.1" 200 16987 "-" "Mozilla/5.0 (Windows NT 10.0; Win64; x64) AppleWebKit/537.36 (KHTML, like Gecko) Chrome/131.0.0.0 Safari/537.36"
192.0.102.230 - - [28/Apr/2026:10:47:23 +0000] "HEAD / HTTP/1.1" 200 - "-" "jetmon/1.0 (Jetpack Site Uptime Monitor by WordPress.com)"
184.94.212.206 - - [28/Apr/2026:10:48:50 +0000] "POST /wp-cron.php?doing_wp_cron=1777373330.8749079704284667968750 HTTP/1.1" 200 - "-" "WordPress/6.9.4; https://weddingmonitor.com"
2.57.168.24 - - [28/Apr/2026:10:48:48 +0000] "POST /wp-login.php HTTP/1.1" 401 3454 "-" "Mozilla/5.0"
184.94.212.206 - - [28/Apr/2026:10:49:19 +0000] "POST /wp-cron.php?doing_wp_cron=1777373359.1165800094604492187500 HTTP/1.1" 200 - "-" "WordPress/6.9.4; https://weddingmonitor.com"
114.119.142.43 - - [28/Apr/2026:10:49:18 +0000] "GET /how-to-plan-for-your-wedding-on-a-tight-budget?share=twitter&amp HTTP/1.1" 302 - "-" "Mozilla/5.0 (Linux; Android 7.0;) AppleWebKit/537.36 (HTML, like Gecko) Mobile Safari/537.36 (compatible; PetalBot;+https://webmaster.petalsearch.com/site/petalbot)"
142.44.233.13 - - [28/Apr/2026:10:49:40 +0000] "GET /copyright-dcma-notice/?amp HTTP/1.1" 200 19916 "-" "Mozilla/5.0 (compatible; AhrefsBot/7.0; +http://ahrefs.com/robot/)"
184.94.212.206 - - [28/Apr/2026:10:51:41 +0000] "POST /wp-cron.php?doing_wp_cron=1777373501.3480100631713867187500 HTTP/1.1" 200 - "-" "WordPress/6.9.4; https://weddingmonitor.com"
20.92.73.174 - - [28/Apr/2026:10:51:39 +0000] "GET /.tmb/cloud.php HTTP/1.1" 404 14908 "-" "Mozilla/5.0 (Windows NT 10.0; Win64; x64) AppleWebKit/537.36 (KHTML, like Gecko) Chrome/120.0.0.0 Safari/537.36"
20.92.73.174 - - [28/Apr/2026:10:51:41 +0000] "GET /.well-known/ HTTP/1.1" 404 14908 "-" "Mozilla/5.0 (Windows NT 10.0; Win64; x64) AppleWebKit/537.36 (KHTML, like Gecko) Chrome/120.0.0.0 Safari/537.36"
20.92.73.174 - - [28/Apr/2026:10:51:43 +0000] "GET /.well-known/acme-challenge/index.php HTTP/1.1" 301 - "-" "Mozilla/5.0 (Windows NT 10.0; Win64; x64) AppleWebKit/537.36 (KHTML, like Gecko) Chrome/120.0.0.0 Safari/537.36"
20.92.73.174 - - [28/Apr/2026:10:51:44 +0000] "GET /.well-known/autoload_classmap.php HTTP/1.1" 404 14919 "-" "Mozilla/5.0 (Windows NT 10.0; Win64; x64) AppleWebKit/537.36 (KHTML, like Gecko) Chrome/120.0.0.0 Safari/537.36"
20.92.73.174 - - [28/Apr/2026:10:51:45 +0000] "GET /.well-known/pki-validation/ HTTP/1.1" 404 14918 "-" "Mozilla/5.0 (Windows NT 10.0; Win64; x64) AppleWebKit/537.36 (KHTML, like Gecko) Chrome/120.0.0.0 Safari/537.36"
20.92.73.174 - - [28/Apr/2026:10:51:46 +0000] "GET /.well-known/pki-validation/about.php HTTP/1.1" 404 14873 "-" "Mozilla/5.0 (Windows NT 10.0; Win64; x64) AppleWebKit/537.36 (KHTML, like Gecko) Chrome/120.0.0.0 Safari/537.36"
184.94.212.206 - - [28/Apr/2026:10:51:48 +0000] "POST /wp-cron.php?doing_wp_cron=1777373508.6707239151000976562500 HTTP/1.1" 200 - "-" "WordPress/6.9.4; https://weddingmonitor.com"
20.92.73.174 - - [28/Apr/2026:10:51:47 +0000] "GET //wp-2019.php HTTP/1.1" 301 - "-" "Mozilla/5.0 (Windows NT 10.0; Win64; x64) AppleWebKit/537.36 (KHTML, like Gecko) Chrome/120.0.0.0 Safari/537.36"
20.92.73.174 - - [28/Apr/2026:10:51:48 +0000] "GET //wp-content/themes/about.php HTTP/1.1" 301 - "-" "Mozilla/5.0 (Windows NT 10.0; Win64; x64) AppleWebKit/537.36 (KHTML, like Gecko) Chrome/120.0.0.0 Safari/537.36"
20.92.73.174 - - [28/Apr/2026:10:51:49 +0000] "GET /0.php HTTP/1.1" 404 14901 "-" "Mozilla/5.0 (Windows NT 10.0; Win64; x64) AppleWebKit/537.36 (KHTML, like Gecko) Chrome/120.0.0.0 Safari/537.36"
184.94.212.206 - - [28/Apr/2026:10:51:52 +0000] "POST /wp-cron.php?doing_wp_cron=1777373512.0555090904235839843750 HTTP/1.1" 200 - "-" "WordPress/6.9.4; https://weddingmonitor.com"
20.92.73.174 - - [28/Apr/2026:10:51:51 +0000] "GET /1.php HTTP/1.1" 404 14901 "-" "Mozilla/5.0 (Windows NT 10.0; Win64; x64) AppleWebKit/537.36 (KHTML, like Gecko) Chrome/120.0.0.0 Safari/537.36"
20.92.73.174 - - [28/Apr/2026:10:51:52 +0000] "GET /12.php HTTP/1.1" 404 14902 "-" "Mozilla/5.0 (Windows NT 10.0; Win64; x64) AppleWebKit/537.36 (KHTML, like Gecko) Chrome/120.0.0.0 Safari/537.36"
20.92.73.174 - - [28/Apr/2026:10:51:53 +0000] "GET /120f9.php HTTP/1.1" 404 14905 "-" "Mozilla/5.0 (Windows NT 10.0; Win64; x64) AppleWebKit/537.36 (KHTML, like Gecko) Chrome/120.0.0.0 Safari/537.36"
20.92.73.174 - - [28/Apr/2026:10:51:55 +0000] "GET /22.php HTTP/1.1" 404 14902 "-" "Mozilla/5.0 (Windows NT 10.0; Win64; x64) AppleWebKit/537.36 (KHTML, like Gecko) Chrome/120.0.0.0 Safari/537.36"
20.92.73.174 - - [28/Apr/2026:10:51:56 +0000] "GET /403.php HTTP/1.1" 404 14903 "-" "Mozilla/5.0 (Windows NT 10.0; Win64; x64) AppleWebKit/537.36 (KHTML, like Gecko) Chrome/120.0.0.0 Safari/537.36"
20.92.73.174 - - [28/Apr/2026:10:51:57 +0000] "GET /504.php HTTP/1.1" 404 14903 "-" "Mozilla/5.0 (Windows NT 10.0; Win64; x64) AppleWebKit/537.36 (KHTML, like Gecko) Chrome/120.0.0.0 Safari/537.36"
20.92.73.174 - - [28/Apr/2026:10:51:58 +0000] "GET /GOD.php HTTP/1.1" 404 14904 "-" "Mozilla/5.0 (Windows NT 10.0; Win64; x64) AppleWebKit/537.36 (KHTML, like Gecko) Chrome/120.0.0.0 Safari/537.36"
20.92.73.174 - - [28/Apr/2026:10:51:59 +0000] "GET /NewFile.php HTTP/1.1" 404 14908 "-" "Mozilla/5.0 (Windows NT 10.0; Win64; x64) AppleWebKit/537.36 (KHTML, like Gecko) Chrome/120.0.0.0 Safari/537.36"
20.92.73.174 - - [28/Apr/2026:10:52:01 +0000] "GET /aaa.php HTTP/1.1" 404 14902 "-" "Mozilla/5.0 (Windows NT 10.0; Win64; x64) AppleWebKit/537.36 (KHTML, like Gecko) Chrome/120.0.0.0 Safari/537.36"
20.92.73.174 - - [28/Apr/2026:10:52:02 +0000] "GET /ab.php HTTP/1.1" 404 14902 "-" "Mozilla/5.0 (Windows NT 10.0; Win64; x64) AppleWebKit/537.36 (KHTML, like Gecko) Chrome/120.0.0.0 Safari/537.36"
20.92.73.174 - - [28/Apr/2026:10:52:03 +0000] "GET /about/function.php HTTP/1.1" 404 14906 "-" "Mozilla/5.0 (Windows NT 10.0; Win64; x64) AppleWebKit/537.36 (KHTML, like Gecko) Chrome/120.0.0.0 Safari/537.36"
20.92.73.174 - - [28/Apr/2026:10:52:05 +0000] "GET /admin/function.php HTTP/1.1" 404 14906 "-" "Mozilla/5.0 (Windows NT 10.0; Win64; x64) AppleWebKit/537.36 (KHTML, like Gecko) Chrome/120.0.0.0 Safari/537.36"
20.92.73.174 - - [28/Apr/2026:10:52:06 +0000] "GET /admin/index_upload.php HTTP/1.1" 404 14910 "-" "Mozilla/5.0 (Windows NT 10.0; Win64; x64) AppleWebKit/537.36 (KHTML, like Gecko) Chrome/120.0.0.0 Safari/537.36"
20.92.73.174 - - [28/Apr/2026:10:52:07 +0000] "GET /al.php HTTP/1.1" 404 14903 "-" "Mozilla/5.0 (Windows NT 10.0; Win64; x64) AppleWebKit/537.36 (KHTML, like Gecko) Chrome/120.0.0.0 Safari/537.36"
20.92.73.174 - - [28/Apr/2026:10:52:09 +0000] "GET /alfa-rex.php HTTP/1.1" 404 14906 "-" "Mozilla/5.0 (Windows NT 10.0; Win64; x64) AppleWebKit/537.36 (KHTML, like Gecko) Chrome/120.0.0.0 Safari/537.36"
20.92.73.174 - - [28/Apr/2026:10:52:10 +0000] "GET /alfanew.PHP7 HTTP/1.1" 404 14909 "-" "Mozilla/5.0 (Windows NT 10.0; Win64; x64) AppleWebKit/537.36 (KHTML, like Gecko) Chrome/120.0.0.0 Safari/537.36"
20.92.73.174 - - [28/Apr/2026:10:52:11 +0000] "GET /alfanew.php HTTP/1.1" 404 14905 "-" "Mozilla/5.0 (Windows NT 10.0; Win64; x64) AppleWebKit/537.36 (KHTML, like Gecko) Chrome/120.0.0.0 Safari/537.36"
20.92.73.174 - - [28/Apr/2026:10:52:13 +0000] "GET /auth.php HTTP/1.1" 404 14903 "-" "Mozilla/5.0 (Windows NT 10.0; Win64; x64) AppleWebKit/537.36 (KHTML, like Gecko) Chrome/120.0.0.0 Safari/537.36"
20.92.73.174 - - [28/Apr/2026:10:52:14 +0000] "GET /b.php HTTP/1.1" 404 14901 "-" "Mozilla/5.0 (Windows NT 10.0; Win64; x64) AppleWebKit/537.36 (KHTML, like Gecko) Chrome/120.0.0.0 Safari/537.36"
20.92.73.174 - - [28/Apr/2026:10:52:15 +0000] "GET /b0.php HTTP/1.1" 404 14902 "-" "Mozilla/5.0 (Windows NT 10.0; Win64; x64) AppleWebKit/537.36 (KHTML, like Gecko) Chrome/120.0.0.0 Safari/537.36"
20.92.73.174 - - [28/Apr/2026:10:52:16 +0000] "GET /back.php HTTP/1.1" 404 14903 "-" "Mozilla/5.0 (Windows NT 10.0; Win64; x64) AppleWebKit/537.36 (KHTML, like Gecko) Chrome/120.0.0.0 Safari/537.36"
184.94.212.206 - - [28/Apr/2026:10:52:18 +0000] "POST /wp-cron.php?doing_wp_cron=1777373538.8180360794067382812500 HTTP/1.1" 200 - "-" "WordPress/6.9.4; https://weddingmonitor.com"
20.92.73.174 - - [28/Apr/2026:10:52:17 +0000] "GET /bala.php HTTP/1.1" 404 14903 "-" "Mozilla/5.0 (Windows NT 10.0; Win64; x64) AppleWebKit/537.36 (KHTML, like Gecko) Chrome/120.0.0.0 Safari/537.36"
20.92.73.174 - - [28/Apr/2026:10:52:19 +0000] "GET /baxa1.php HTTP/1.1" 404 14905 "-" "Mozilla/5.0 (Windows NT 10.0; Win64; x64) AppleWebKit/537.36 (KHTML, like Gecko) Chrome/120.0.0.0 Safari/537.36"
20.92.73.174 - - [28/Apr/2026:10:52:20 +0000] "GET /buy.php HTTP/1.1" 404 14903 "-" "Mozilla/5.0 (Windows NT 10.0; Win64; x64) AppleWebKit/537.36 (KHTML, like Gecko) Chrome/120.0.0.0 Safari/537.36"
20.92.73.174 - - [28/Apr/2026:10:52:21 +0000] "GET /byp.php HTTP/1.1" 404 14903 "-" "Mozilla/5.0 (Windows NT 10.0; Win64; x64) AppleWebKit/537.36 (KHTML, like Gecko) Chrome/120.0.0.0 Safari/537.36"
192.0.102.230 - - [28/Apr/2026:10:52:23 +0000] "HEAD / HTTP/1.1" 200 - "-" "jetmon/1.0 (Jetpack Site Uptime Monitor by WordPress.com)"
20.92.73.174 - - [28/Apr/2026:10:52:22 +0000] "GET /c.php HTTP/1.1" 404 14901 "-" "Mozilla/5.0 (Windows NT 10.0; Win64; x64) AppleWebKit/537.36 (KHTML, like Gecko) Chrome/120.0.0.0 Safari/537.36"
20.92.73.174 - - [28/Apr/2026:10:52:24 +0000] "GET /c99.php? HTTP/1.1" 404 14905 "-" "Mozilla/5.0 (Windows NT 10.0; Win64; x64) AppleWebKit/537.36 (KHTML, like Gecko) Chrome/120.0.0.0 Safari/537.36"
20.92.73.174 - - [28/Apr/2026:10:52:25 +0000] "GET /chosen.php HTTP/1.1" 404 14905 "-" "Mozilla/5.0 (Windows NT 10.0; Win64; x64) AppleWebKit/537.36 (KHTML, like Gecko) Chrome/120.0.0.0 Safari/537.36"
20.92.73.174 - - [28/Apr/2026:10:52:26 +0000] "GET /class-wp-lock.php HTTP/1.1" 404 14908 "-" "Mozilla/5.0 (Windows NT 10.0; Win64; x64) AppleWebKit/537.36 (KHTML, like Gecko) Chrome/120.0.0.0 Safari/537.36"
20.92.73.174 - - [28/Apr/2026:10:52:28 +0000] "GET /cong.php HTTP/1.1" 404 14903 "-" "Mozilla/5.0 (Windows NT 10.0; Win64; x64) AppleWebKit/537.36 (KHTML, like Gecko) Chrome/120.0.0.0 Safari/537.36"
20.92.73.174 - - [28/Apr/2026:10:52:29 +0000] "GET /content.php HTTP/1.1" 404 14903 "-" "Mozilla/5.0 (Windows NT 10.0; Win64; x64) AppleWebKit/537.36 (KHTML, like Gecko) Chrome/120.0.0.0 Safari/537.36"
20.92.73.174 - - [28/Apr/2026:10:52:30 +0000] "GET /control.php HTTP/1.1" 404 14905 "-" "Mozilla/5.0 (Windows NT 10.0; Win64; x64) AppleWebKit/537.36 (KHTML, like Gecko) Chrome/120.0.0.0 Safari/537.36"
20.92.73.174 - - [28/Apr/2026:10:52:32 +0000] "GET /cookie.php HTTP/1.1" 404 14903 "-" "Mozilla/5.0 (Windows NT 10.0; Win64; x64) AppleWebKit/537.36 (KHTML, like Gecko) Chrome/120.0.0.0 Safari/537.36"
20.92.73.174 - - [28/Apr/2026:10:52:33 +0000] "GET /credits.php HTTP/1.1" 404 14906 "-" "Mozilla/5.0 (Windows NT 10.0; Win64; x64) AppleWebKit/537.36 (KHTML, like Gecko) Chrome/120.0.0.0 Safari/537.36"
20.92.73.174 - - [28/Apr/2026:10:52:34 +0000] "GET /cron.php HTTP/1.1" 404 14904 "-" "Mozilla/5.0 (Windows NT 10.0; Win64; x64) AppleWebKit/537.36 (KHTML, like Gecko) Chrome/120.0.0.0 Safari/537.36"
20.92.73.174 - - [28/Apr/2026:10:52:35 +0000] "GET /css.php HTTP/1.1" 404 14903 "-" "Mozilla/5.0 (Windows NT 10.0; Win64; x64) AppleWebKit/537.36 (KHTML, like Gecko) Chrome/120.0.0.0 Safari/537.36"
20.92.73.174 - - [28/Apr/2026:10:52:37 +0000] "GET /css/autoload_classmap.php HTTP/1.1" 404 14914 "-" "Mozilla/5.0 (Windows NT 10.0; Win64; x64) AppleWebKit/537.36 (KHTML, like Gecko) Chrome/120.0.0.0 Safari/537.36"
20.92.73.174 - - [28/Apr/2026:10:52:38 +0000] "GET /data.php HTTP/1.1" 404 14903 "-" "Mozilla/5.0 (Windows NT 10.0; Win64; x64) AppleWebKit/537.36 (KHTML, like Gecko) Chrome/120.0.0.0 Safari/537.36"
20.92.73.174 - - [28/Apr/2026:10:52:39 +0000] "GET /disagreed.php HTTP/1.1" 404 14907 "-" "Mozilla/5.0 (Windows NT 10.0; Win64; x64) AppleWebKit/537.36 (KHTML, like Gecko) Chrome/120.0.0.0 Safari/537.36"
20.92.73.174 - - [28/Apr/2026:10:52:40 +0000] "GET /doc.php HTTP/1.1" 404 14903 "-" "Mozilla/5.0 (Windows NT 10.0; Win64; x64) AppleWebKit/537.36 (KHTML, like Gecko) Chrome/120.0.0.0 Safari/537.36"
20.92.73.174 - - [28/Apr/2026:10:52:42 +0000] "GET /dropdown.php HTTP/1.1" 404 14906 "-" "Mozilla/5.0 (Windows NT 10.0; Win64; x64) AppleWebKit/537.36 (KHTML, like Gecko) Chrome/120.0.0.0 Safari/537.36"
20.92.73.174 - - [28/Apr/2026:10:52:43 +0000] "GET /ds.php HTTP/1.1" 404 14902 "-" "Mozilla/5.0 (Windows NT 10.0; Win64; x64) AppleWebKit/537.36 (KHTML, like Gecko) Chrome/120.0.0.0 Safari/537.36"
20.92.73.174 - - [28/Apr/2026:10:52:44 +0000] "GET /ee.php HTTP/1.1" 404 14902 "-" "Mozilla/5.0 (Windows NT 10.0; Win64; x64) AppleWebKit/537.36 (KHTML, like Gecko) Chrome/120.0.0.0 Safari/537.36"
20.92.73.174 - - [28/Apr/2026:10:52:46 +0000] "GET /en.php HTTP/1.1" 404 14902 "-" "Mozilla/5.0 (Windows NT 10.0; Win64; x64) AppleWebKit/537.36 (KHTML, like Gecko) Chrome/120.0.0.0 Safari/537.36"
20.92.73.174 - - [28/Apr/2026:10:52:47 +0000] "GET /error.php HTTP/1.1" 404 14903 "-" "Mozilla/5.0 (Windows NT 10.0; Win64; x64) AppleWebKit/537.36 (KHTML, like Gecko) Chrome/120.0.0.0 Safari/537.36"
20.92.73.174 - - [28/Apr/2026:10:52:48 +0000] "GET /f35.php HTTP/1.1" 404 14903 "-" "Mozilla/5.0 (Windows NT 10.0; Win64; x64) AppleWebKit/537.36 (KHTML, like Gecko) Chrome/120.0.0.0 Safari/537.36"
20.92.73.174 - - [28/Apr/2026:10:52:50 +0000] "GET /favicon.php HTTP/1.1" 404 14906 "-" "Mozilla/5.0 (Windows NT 10.0; Win64; x64) AppleWebKit/537.36 (KHTML, like Gecko) Chrome/120.0.0.0 Safari/537.36"
20.92.73.174 - - [28/Apr/2026:10:52:51 +0000] "GET /feeds.php HTTP/1.1" 404 14904 "-" "Mozilla/5.0 (Windows NT 10.0; Win64; x64) AppleWebKit/537.36 (KHTML, like Gecko) Chrome/120.0.0.0 Safari/537.36"
20.92.73.174 - - [28/Apr/2026:10:52:53 +0000] "GET /files.php HTTP/1.1" 404 14903 "-" "Mozilla/5.0 (Windows NT 10.0; Win64; x64) AppleWebKit/537.36 (KHTML, like Gecko) Chrome/120.0.0.0 Safari/537.36"
20.92.73.174 - - [28/Apr/2026:10:52:54 +0000] "GET /files/autoload_classmap.php HTTP/1.1" 404 14914 "-" "Mozilla/5.0 (Windows NT 10.0; Win64; x64) AppleWebKit/537.36 (KHTML, like Gecko) Chrome/120.0.0.0 Safari/537.36"
20.92.73.174 - - [28/Apr/2026:10:52:56 +0000] "GET /flower.php HTTP/1.1" 404 14903 "-" "Mozilla/5.0 (Windows NT 10.0; Win64; x64) AppleWebKit/537.36 (KHTML, like Gecko) Chrome/120.0.0.0 Safari/537.36"
20.92.73.174 - - [28/Apr/2026:10:52:57 +0000] "GET /function.php HTTP/1.1" 404 14903 "-" "Mozilla/5.0 (Windows NT 10.0; Win64; x64) AppleWebKit/537.36 (KHTML, like Gecko) Chrome/120.0.0.0 Safari/537.36"
20.92.73.174 - - [28/Apr/2026:10:52:58 +0000] "GET /functions.php HTTP/1.1" 404 14903 "-" "Mozilla/5.0 (Windows NT 10.0; Win64; x64) AppleWebKit/537.36 (KHTML, like Gecko) Chrome/120.0.0.0 Safari/537.36"
20.92.73.174 - - [28/Apr/2026:10:53:00 +0000] "GET /gecko-new.php HTTP/1.1" 404 14907 "-" "Mozilla/5.0 (Windows NT 10.0; Win64; x64) AppleWebKit/537.36 (KHTML, like Gecko) Chrome/120.0.0.0 Safari/537.36"
216.73.217.52 - - [28/Apr/2026:10:53:00 +0000] "GET /robots.txt HTTP/1.1" 200 145 "-" "Mozilla/5.0 AppleWebKit/537.36 (KHTML, like Gecko; compatible; ClaudeBot/1.0; +claudebot@anthropic.com)"
216.73.217.52 - - [28/Apr/2026:10:53:02 +0000] "GET / HTTP/1.1" 200 16987 "-" "Mozilla/5.0 AppleWebKit/537.36 (KHTML, like Gecko; compatible; ClaudeBot/1.0; +claudebot@anthropic.com)"
20.92.73.174 - - [28/Apr/2026:10:53:02 +0000] "GET /ggfi.php HTTP/1.1" 404 14904 "-" "Mozilla/5.0 (Windows NT 10.0; Win64; x64) AppleWebKit/537.36 (KHTML, like Gecko) Chrome/120.0.0.0 Safari/537.36"
20.92.73.174 - - [28/Apr/2026:10:53:03 +0000] "GET /gzak2w.php HTTP/1.1" 404 14906 "-" "Mozilla/5.0 (Windows NT 10.0; Win64; x64) AppleWebKit/537.36 (KHTML, like Gecko) Chrome/120.0.0.0 Safari/537.36"
20.92.73.174 - - [28/Apr/2026:10:53:04 +0000] "GET /hehe.php HTTP/1.1" 404 14904 "-" "Mozilla/5.0 (Windows NT 10.0; Win64; x64) AppleWebKit/537.36 (KHTML, like Gecko) Chrome/120.0.0.0 Safari/537.36"
20.92.73.174 - - [28/Apr/2026:10:53:06 +0000] "GET /hehehehe.php HTTP/1.1" 404 14903 "-" "Mozilla/5.0 (Windows NT 10.0; Win64; x64) AppleWebKit/537.36 (KHTML, like Gecko) Chrome/120.0.0.0 Safari/537.36"
20.92.73.174 - - [28/Apr/2026:10:53:07 +0000] "GET /help.php HTTP/1.1" 404 14904 "-" "Mozilla/5.0 (Windows NT 10.0; Win64; x64) AppleWebKit/537.36 (KHTML, like Gecko) Chrome/120.0.0.0 Safari/537.36"
20.92.73.174 - - [28/Apr/2026:10:53:08 +0000] "GET /images/wp-login.php HTTP/1.1" 404 14905 "-" "Mozilla/5.0 (Windows NT 10.0; Win64; x64) AppleWebKit/537.36 (KHTML, like Gecko) Chrome/120.0.0.0 Safari/537.36"
20.92.73.174 - - [28/Apr/2026:10:53:10 +0000] "GET /index.php HTTP/1.1" 301 - "-" "Mozilla/5.0 (Windows NT 10.0; Win64; x64) AppleWebKit/537.36 (KHTML, like Gecko) Chrome/120.0.0.0 Safari/537.36"
20.92.73.174 - - [28/Apr/2026:10:53:11 +0000] "GET /index/function.php HTTP/1.1" 404 14907 "-" "Mozilla/5.0 (Windows NT 10.0; Win64; x64) AppleWebKit/537.36 (KHTML, like Gecko) Chrome/120.0.0.0 Safari/537.36"
20.92.73.174 - - [28/Apr/2026:10:53:12 +0000] "GET /install.php HTTP/1.1" 404 14903 "-" "Mozilla/5.0 (Windows NT 10.0; Win64; x64) AppleWebKit/537.36 (KHTML, like Gecko) Chrome/120.0.0.0 Safari/537.36"
20.92.73.174 - - [28/Apr/2026:10:53:14 +0000] "GET /jp.php HTTP/1.1" 404 14903 "-" "Mozilla/5.0 (Windows NT 10.0; Win64; x64) AppleWebKit/537.36 (KHTML, like Gecko) Chrome/120.0.0.0 Safari/537.36"
20.92.73.174 - - [28/Apr/2026:10:53:15 +0000] "GET /mah/function.php HTTP/1.1" 404 14907 "-" "Mozilla/5.0 (Windows NT 10.0; Win64; x64) AppleWebKit/537.36 (KHTML, like Gecko) Chrome/120.0.0.0 Safari/537.36"
20.92.73.174 - - [28/Apr/2026:10:53:16 +0000] "GET /meta.php HTTP/1.1" 404 14903 "-" "Mozilla/5.0 (Windows NT 10.0; Win64; x64) AppleWebKit/537.36 (KHTML, like Gecko) Chrome/120.0.0.0 Safari/537.36"
20.92.73.174 - - [28/Apr/2026:10:53:17 +0000] "GET /moon.php HTTP/1.1" 404 14904 "-" "Mozilla/5.0 (Windows NT 10.0; Win64; x64) AppleWebKit/537.36 (KHTML, like Gecko) Chrome/120.0.0.0 Safari/537.36"
20.92.73.174 - - [28/Apr/2026:10:53:19 +0000] "GET /new.php HTTP/1.1" 404 14903 "-" "Mozilla/5.0 (Windows NT 10.0; Win64; x64) AppleWebKit/537.36 (KHTML, like Gecko) Chrome/120.0.0.0 Safari/537.36"
20.92.73.174 - - [28/Apr/2026:10:53:20 +0000] "GET /ova.php HTTP/1.1" 404 14903 "-" "Mozilla/5.0 (Windows NT 10.0; Win64; x64) AppleWebKit/537.36 (KHTML, like Gecko) Chrome/120.0.0.0 Safari/537.36"
20.92.73.174 - - [28/Apr/2026:10:53:21 +0000] "GET /print/bkindex.php HTTP/1.1" 404 14909 "-" "Mozilla/5.0 (Windows NT 10.0; Win64; x64) AppleWebKit/537.36 (KHTML, like Gecko) Chrome/120.0.0.0 Safari/537.36"
20.92.73.174 - - [28/Apr/2026:10:53:23 +0000] "GET /radio.php HTTP/1.1" 404 14904 "-" "Mozilla/5.0 (Windows NT 10.0; Win64; x64) AppleWebKit/537.36 (KHTML, like Gecko) Chrome/120.0.0.0 Safari/537.36"
20.92.73.174 - - [28/Apr/2026:10:53:24 +0000] "GET /randkeyword.php HTTP/1.1" 404 14909 "-" "Mozilla/5.0 (Windows NT 10.0; Win64; x64) AppleWebKit/537.36 (KHTML, like Gecko) Chrome/120.0.0.0 Safari/537.36"
20.92.73.174 - - [28/Apr/2026:10:53:25 +0000] "GET /room.php HTTP/1.1" 404 14904 "-" "Mozilla/5.0 (Windows NT 10.0; Win64; x64) AppleWebKit/537.36 (KHTML, like Gecko) Chrome/120.0.0.0 Safari/537.36"
20.92.73.174 - - [28/Apr/2026:10:53:26 +0000] "GET /sad/about.php HTTP/1.1" 404 14906 "-" "Mozilla/5.0 (Windows NT 10.0; Win64; x64) AppleWebKit/537.36 (KHTML, like Gecko) Chrome/120.0.0.0 Safari/537.36"
20.92.73.174 - - [28/Apr/2026:10:53:28 +0000] "GET /sim.php/wp-includes/certificates/plugins.php HTTP/1.1" 404 14870 "-" "Mozilla/5.0 (Windows NT 10.0; Win64; x64) AppleWebKit/537.36 (KHTML, like Gecko) Chrome/120.0.0.0 Safari/537.36"
20.92.73.174 - - [28/Apr/2026:10:53:29 +0000] "GET /simple.php HTTP/1.1" 404 14905 "-" "Mozilla/5.0 (Windows NT 10.0; Win64; x64) AppleWebKit/537.36 (KHTML, like Gecko) Chrome/120.0.0.0 Safari/537.36"
20.92.73.174 - - [28/Apr/2026:10:53:30 +0000] "GET /templates/beez3/1.php HTTP/1.1" 404 14866 "-" "Mozilla/5.0 (Windows NT 10.0; Win64; x64) AppleWebKit/537.36 (KHTML, like Gecko) Chrome/120.0.0.0 Safari/537.36"
20.92.73.174 - - [28/Apr/2026:10:53:32 +0000] "GET /templates/beez3/index.php HTTP/1.1" 301 - "-" "Mozilla/5.0 (Windows NT 10.0; Win64; x64) AppleWebKit/537.36 (KHTML, like Gecko) Chrome/120.0.0.0 Safari/537.36"
114.119.145.212 - - [28/Apr/2026:10:53:38 +0000] "GET /how-to-keep-things-running-smoothly-on-your-wedding-day?share=twitter HTTP/1.1" 302 - "-" "Mozilla/5.0 (Linux; Android 7.0;) AppleWebKit/537.36 (HTML, like Gecko) Mobile Safari/537.36 (compatible; PetalBot;+https://webmaster.petalsearch.com/site/petalbot)"
184.94.212.206 - - [28/Apr/2026:10:55:35 +0000] "POST /wp-cron.php?doing_wp_cron=1777373735.3421049118041992187500 HTTP/1.1" 200 - "-" "WordPress/6.9.4; https://weddingmonitor.com"
69.165.67.176 - - [28/Apr/2026:10:55:33 +0000] "GET /index.php?rest_route=/wp/v2/posts&per_page=100&_fields=id%2Ccomment_status&page=1 HTTP/1.1" 200 158 "https://weddingmonitor.primemusicproductions.com" "Mozilla/5.0 (iPhone; CPU iPhone OS 18_3_2 like Mac OS X) AppleWebKit/605.1.15 (KHTML, like Gecko) GSA/363.0.743255906 Mobile/15E148 Safari/604.1"
192.0.102.230 - - [28/Apr/2026:10:57:23 +0000] "HEAD / HTTP/1.1" 200 - "-" "jetmon/1.0 (Jetpack Site Uptime Monitor by WordPress.com)"
184.94.212.206 - - [28/Apr/2026:10:58:01 +0000] "POST /wp-cron.php?doing_wp_cron=1777373881.1206429004669189453125 HTTP/1.1" 200 - "-" "WordPress/6.9.4; https://weddingmonitor.com"
114.119.154.9 - - [28/Apr/2026:10:58:00 +0000] "GET /how-to-create-a-wedding-you-will-love?share=facebook HTTP/1.1" 302 - "https://weddingmonitor.com/how-to-create-a-wedding-you-will-love?noamp=mobile" "Mozilla/5.0 (Linux; Android 7.0;) AppleWebKit/537.36 (HTML, like Gecko) Mobile Safari/537.36 (compatible; PetalBot;+https://webmaster.petalsearch.com/site/petalbot)"
216.73.217.52 - - [28/Apr/2026:10:58:48 +0000] "GET /sitemap.xml HTTP/1.1" 200 300 "-" "Mozilla/5.0 AppleWebKit/537.36 (KHTML, like Gecko; compatible; ClaudeBot/1.0; +claudebot@anthropic.com)"
172.237.147.67 - - [28/Apr/2026:11:00:26 +0000] "HEAD / HTTP/1.1" 200 - "-" "Mozilla/5.0 (compatible; SSL-Checker/1.0)"
192.0.102.230 - - [28/Apr/2026:11:02:21 +0000] "HEAD / HTTP/1.1" 200 - "-" "jetmon/1.0 (Jetpack Site Uptime Monitor by WordPress.com)"
184.94.212.206 - - [28/Apr/2026:11:02:29 +0000] "POST /wp-cron.php?doing_wp_cron=1777374149.1164529323577880859375 HTTP/1.1" 200 - "-" "WordPress/6.9.4; https://weddingmonitor.com"
114.119.154.9 - - [28/Apr/2026:11:02:27 +0000] "GET /how-to-create-a-wedding-you-will-love?noamp=mobile HTTP/1.1" 301 - "https://weddingmonitor.com/how-to-create-a-wedding-you-will-love?noamp=mobile" "Mozilla/5.0 (Linux; Android 7.0;) AppleWebKit/537.36 (HTML, like Gecko) Mobile Safari/537.36 (compatible; PetalBot;+https://webmaster.petalsearch.com/site/petalbot)"
114.119.154.9 - - [28/Apr/2026:11:02:29 +0000] "GET /how-to-create-a-wedding-you-will-love/?noamp=mobile HTTP/1.1" 200 20427 "https://weddingmonitor.com/how-to-create-a-wedding-you-will-love?noamp=mobile" "Mozilla/5.0 (Linux; Android 7.0;) AppleWebKit/537.36 (HTML, like Gecko) Mobile Safari/537.36 (compatible; PetalBot;+https://webmaster.petalsearch.com/site/petalbot)"
184.94.212.206 - - [28/Apr/2026:11:03:04 +0000] "POST /wp-cron.php?doing_wp_cron=1777374184.9417459964752197265625 HTTP/1.1" 200 - "-" "WordPress/6.9.4; https://weddingmonitor.com"
2.57.168.22 - - [28/Apr/2026:11:03:02 +0000] "POST /wp-login.php HTTP/1.1" 401 3452 "-" "Mozilla/5.0"
184.94.212.206 - - [28/Apr/2026:11:07:01 +0000] "POST /wp-cron.php?doing_wp_cron=1777374421.3584148883819580078125 HTTP/1.1" 200 - "-" "WordPress/6.9.4; https://weddingmonitor.com"
114.119.142.85 - - [28/Apr/2026:11:06:59 +0000] "GET /great-weddings-start-with-great-plans-use-this-advice-for-your-own?share=x&amp HTTP/1.1" 302 - "-" "Mozilla/5.0 (Linux; Android 7.0;) AppleWebKit/537.36 (HTML, like Gecko) Mobile Safari/537.36 (compatible; PetalBot;+https://webmaster.petalsearch.com/site/petalbot)"
192.0.102.230 - - [28/Apr/2026:11:07:22 +0000] "HEAD / HTTP/1.1" 200 - "-" "jetmon/1.0 (Jetpack Site Uptime Monitor by WordPress.com)"
104.28.166.115 - - [28/Apr/2026:11:07:56 +0000] "POST /wp-login.php HTTP/1.1" 200 4389 "-" "Mozilla/5.0 (Windows NT 10.0; Win64; rv:143.0) Gecko/20100101 Firefox/143.0"
184.94.212.206 - - [28/Apr/2026:11:10:20 +0000] "POST /wp-cron.php?doing_wp_cron=1777374620.1235051155090332031250 HTTP/1.1" 200 - "-" "WordPress/6.9.4; https://weddingmonitor.com"
