MOON
Server: Apache
System: Linux server1.primemusicproductions.com 4.18.0-477.27.2.el8_8.x86_64 #1 SMP Fri Sep 29 08:21:01 EDT 2023 x86_64
User: primrwxj (1001)
PHP: 8.3.3
Disabled: NONE
Upload Files
File: //home/primrwxj/logs/weddingmonitor.primemusicproductions.com-ssl_log.bkup
114.119.158.157 - - [27/Apr/2026:12:04:58 +0000] "GET /category/planning-tips/page/9/?amp HTTP/1.1" 200 19943 "https://weddingmonitor.com/category/planning-tips/page/10/?amp" "Mozilla/5.0 (Linux; Android 7.0;) AppleWebKit/537.36 (HTML, like Gecko) Mobile Safari/537.36 (compatible; PetalBot;+https://webmaster.petalsearch.com/site/petalbot)"
184.94.212.206 - - [27/Apr/2026:12:07:23 +0000] "POST /wp-cron.php?doing_wp_cron=1777291643.0285720825195312500000 HTTP/1.1" 200 - "-" "WordPress/6.9.4; https://weddingmonitor.com"
192.0.102.230 - - [27/Apr/2026:12:07:22 +0000] "HEAD / HTTP/1.1" 200 - "-" "jetmon/1.0 (Jetpack Site Uptime Monitor by WordPress.com)"
114.119.145.212 - - [27/Apr/2026:12:09:01 +0000] "GET /category/planning-tips/page/9 HTTP/1.1" 301 - "https://weddingmonitor.com/category/planning-tips/page/10" "Mozilla/5.0 (Linux; Android 7.0;) AppleWebKit/537.36 (HTML, like Gecko) Mobile Safari/537.36 (compatible; PetalBot;+https://webmaster.petalsearch.com/site/petalbot)"
114.119.145.212 - - [27/Apr/2026:12:09:04 +0000] "GET /category/planning-tips/page/9/ HTTP/1.1" 200 19935 "https://weddingmonitor.com/category/planning-tips/page/10" "Mozilla/5.0 (Linux; Android 7.0;) AppleWebKit/537.36 (HTML, like Gecko) Mobile Safari/537.36 (compatible; PetalBot;+https://webmaster.petalsearch.com/site/petalbot)"
184.94.212.206 - - [27/Apr/2026:12:12:25 +0000] "POST /wp-cron.php?doing_wp_cron=1777291945.7461071014404296875000 HTTP/1.1" 200 - "-" "WordPress/6.9.4; https://weddingmonitor.com"
192.0.102.230 - - [27/Apr/2026:12:12:24 +0000] "HEAD / HTTP/1.1" 200 - "-" "jetmon/1.0 (Jetpack Site Uptime Monitor by WordPress.com)"
114.119.141.4 - - [27/Apr/2026:12:13:02 +0000] "GET /category/planning-tips/page/8?amp HTTP/1.1" 301 - "https://weddingmonitor.com/category/planning-tips/page/7?amp" "Mozilla/5.0 (Linux; Android 7.0;) AppleWebKit/537.36 (HTML, like Gecko) Mobile Safari/537.36 (compatible; PetalBot;+https://webmaster.petalsearch.com/site/petalbot)"
114.119.141.4 - - [27/Apr/2026:12:13:04 +0000] "GET /category/planning-tips/page/8/?amp HTTP/1.1" 200 17118 "https://weddingmonitor.com/category/planning-tips/page/7?amp" "Mozilla/5.0 (Linux; Android 7.0;) AppleWebKit/537.36 (HTML, like Gecko) Mobile Safari/537.36 (compatible; PetalBot;+https://webmaster.petalsearch.com/site/petalbot)"
212.58.121.17 - - [27/Apr/2026:12:14:36 +0000] "GET /great-ideas-to-help-make-your-wedding-day-perfect/?share=facebook HTTP/1.1" 302 - "-" "Mozilla/5.0 (Macintosh; Intel Mac OS X 10_13_6) AppleWebKit/537.36 (KHTML, like Gecko) Chrome/91.0.4472.114 Safari/537.36"
184.94.212.206 - - [27/Apr/2026:12:17:06 +0000] "POST /wp-cron.php?doing_wp_cron=1777292226.7736148834228515625000 HTTP/1.1" 200 - "-" "WordPress/6.9.4; https://weddingmonitor.com"
114.119.142.85 - - [27/Apr/2026:12:17:05 +0000] "GET /category/planning-tips/page/7?noamp=mobile HTTP/1.1" 301 - "https://weddingmonitor.com/category/planning-tips/page/7?amp" "Mozilla/5.0 (Linux; Android 7.0;) AppleWebKit/537.36 (HTML, like Gecko) Mobile Safari/537.36 (compatible; PetalBot;+https://webmaster.petalsearch.com/site/petalbot)"
114.119.142.85 - - [27/Apr/2026:12:17:07 +0000] "GET /category/planning-tips/page/7/?noamp=mobile HTTP/1.1" 200 17269 "https://weddingmonitor.com/category/planning-tips/page/7?amp" "Mozilla/5.0 (Linux; Android 7.0;) AppleWebKit/537.36 (HTML, like Gecko) Mobile Safari/537.36 (compatible; PetalBot;+https://webmaster.petalsearch.com/site/petalbot)"
184.94.212.206 - - [27/Apr/2026:12:17:24 +0000] "POST /wp-cron.php?doing_wp_cron=1777292244.6520779132843017578125 HTTP/1.1" 200 - "-" "WordPress/6.9.4; https://weddingmonitor.com"
192.0.102.230 - - [27/Apr/2026:12:17:23 +0000] "HEAD / HTTP/1.1" 200 - "-" "jetmon/1.0 (Jetpack Site Uptime Monitor by WordPress.com)"
89.43.135.75 - - [27/Apr/2026:12:19:05 +0000] "GET /2020/03/page/3/?amp HTTP/1.1" 200 16812 "-" "Mozilla/5.0 (Macintosh; Intel Mac OS X 11_2_1) AppleWebKit/537.36 (KHTML, like Gecko) Chrome/88.0.4324.192 Safari/537.36"
184.94.212.206 - - [27/Apr/2026:12:21:09 +0000] "POST /wp-cron.php?doing_wp_cron=1777292469.6469171047210693359375 HTTP/1.1" 200 - "-" "WordPress/6.9.4; https://weddingmonitor.com"
114.119.145.212 - - [27/Apr/2026:12:21:08 +0000] "GET /category/planning-tips/page/4?amp HTTP/1.1" 301 - "https://weddingmonitor.com/category/planning-tips/page/5?amp" "Mozilla/5.0 (Linux; Android 7.0;) AppleWebKit/537.36 (HTML, like Gecko) Mobile Safari/537.36 (compatible; PetalBot;+https://webmaster.petalsearch.com/site/petalbot)"
114.119.145.212 - - [27/Apr/2026:12:21:09 +0000] "GET /category/planning-tips/page/4/?amp HTTP/1.1" 200 16518 "https://weddingmonitor.com/category/planning-tips/page/5?amp" "Mozilla/5.0 (Linux; Android 7.0;) AppleWebKit/537.36 (HTML, like Gecko) Mobile Safari/537.36 (compatible; PetalBot;+https://webmaster.petalsearch.com/site/petalbot)"
14.185.250.52 - - [27/Apr/2026:12:21:44 +0000] "GET /make-your-wedding-planning-feel-less-of-a-chore/?amp HTTP/1.1" 200 21057 "-" "Mozilla/5.0 (Macintosh; Intel Mac OS X 10_15_7) AppleWebKit/537.36 (KHTML, like Gecko) Chrome/92.0.4515.69 Safari/537.36"
184.94.212.206 - - [27/Apr/2026:12:22:22 +0000] "POST /wp-cron.php?doing_wp_cron=1777292542.9153499603271484375000 HTTP/1.1" 200 - "-" "WordPress/6.9.4; https://weddingmonitor.com"
192.0.102.230 - - [27/Apr/2026:12:22:21 +0000] "HEAD / HTTP/1.1" 200 - "-" "jetmon/1.0 (Jetpack Site Uptime Monitor by WordPress.com)"
51.222.95.234 - - [27/Apr/2026:12:22:22 +0000] "GET /sitemap.xml HTTP/1.1" 200 300 "-" "Mozilla/5.0 (compatible; AhrefsBot/7.0; +http://ahrefs.com/robot/)"
15.235.27.111 - - [27/Apr/2026:12:22:25 +0000] "GET /sitemap-1.xml HTTP/1.1" 200 1523 "-" "Mozilla/5.0 (compatible; AhrefsBot/7.0; +http://ahrefs.com/robot/)"
142.44.228.15 - - [27/Apr/2026:12:22:27 +0000] "GET /image-sitemap-1.xml HTTP/1.1" 200 1308 "-" "Mozilla/5.0 (compatible; AhrefsBot/7.0; +http://ahrefs.com/robot/)"
114.119.133.120 - - [27/Apr/2026:12:25:04 +0000] "GET /category/planning-tips/page/4/?noamp=mobile HTTP/1.1" 200 16525 "https://weddingmonitor.com/category/planning-tips/page/4/?noamp=mobile" "Mozilla/5.0 (Linux; Android 7.0;) AppleWebKit/537.36 (HTML, like Gecko) Mobile Safari/537.36 (compatible; PetalBot;+https://webmaster.petalsearch.com/site/petalbot)"
57.141.18.112 - - [27/Apr/2026:12:25:15 +0000] "GET /fav/ HTTP/1.1" 301 - "-" "meta-externalagent/1.1 (+https://developers.facebook.com/docs/sharing/webmasters/crawler)"
184.94.212.206 - - [27/Apr/2026:12:27:23 +0000] "POST /wp-cron.php?doing_wp_cron=1777292843.7008750438690185546875 HTTP/1.1" 200 - "-" "WordPress/6.9.4; https://weddingmonitor.com"
192.0.102.230 - - [27/Apr/2026:12:27:22 +0000] "HEAD / HTTP/1.1" 200 - "-" "jetmon/1.0 (Jetpack Site Uptime Monitor by WordPress.com)"
114.119.145.212 - - [27/Apr/2026:12:29:04 +0000] "GET /category/planning-tips/page/4/?amp HTTP/1.1" 200 16496 "https://weddingmonitor.com/category/planning-tips/page/3?amp" "Mozilla/5.0 (Linux; Android 7.0;) AppleWebKit/537.36 (HTML, like Gecko) Mobile Safari/537.36 (compatible; PetalBot;+https://webmaster.petalsearch.com/site/petalbot)"
123.19.114.58 - - [27/Apr/2026:12:29:11 +0000] "GET /tag/bank-account/ HTTP/1.1" 200 15860 "-" "Mozilla/5.0 (Macintosh; Intel Mac OS X 11_2_2) AppleWebKit/537.36 (KHTML, like Gecko) Chrome/89.0.4389.82 Safari/537.36"
184.94.212.206 - - [27/Apr/2026:12:32:23 +0000] "POST /wp-cron.php?doing_wp_cron=1777293143.8413441181182861328125 HTTP/1.1" 200 - "-" "WordPress/6.9.4; https://weddingmonitor.com"
192.0.102.230 - - [27/Apr/2026:12:32:22 +0000] "HEAD / HTTP/1.1" 200 - "-" "jetmon/1.0 (Jetpack Site Uptime Monitor by WordPress.com)"
114.119.158.157 - - [27/Apr/2026:12:33:20 +0000] "GET /category/planning-tips/page/3/?noamp=mobile HTTP/1.1" 200 16613 "https://weddingmonitor.com/category/planning-tips/page/4/?noamp=mobile" "Mozilla/5.0 (Linux; Android 7.0;) AppleWebKit/537.36 (HTML, like Gecko) Mobile Safari/537.36 (compatible; PetalBot;+https://webmaster.petalsearch.com/site/petalbot)"
184.94.212.206 - - [27/Apr/2026:12:35:26 +0000] "POST /wp-cron.php?doing_wp_cron=1777293326.4082450866699218750000 HTTP/1.1" 200 - "-" "WordPress/6.9.4; https://weddingmonitor.com"
14.177.60.99 - - [27/Apr/2026:12:35:24 +0000] "GET /privacy-policy/?share=facebook HTTP/1.1" 302 - "-" "Mozilla/5.0 (Windows NT 10.0; Win64; x64) AppleWebKit/537.36 (KHTML, like Gecko) Chrome/86.0.4240.198 Safari/537.36"
184.94.212.206 - - [27/Apr/2026:12:37:23 +0000] "POST /wp-cron.php?doing_wp_cron=1777293443.1341729164123535156250 HTTP/1.1" 200 - "-" "WordPress/6.9.4; https://weddingmonitor.com"
192.0.102.230 - - [27/Apr/2026:12:37:21 +0000] "HEAD / HTTP/1.1" 200 - "-" "jetmon/1.0 (Jetpack Site Uptime Monitor by WordPress.com)"
114.119.158.157 - - [27/Apr/2026:12:37:29 +0000] "GET /category/planning-tips/page/2/?amp HTTP/1.1" 200 16588 "https://weddingmonitor.com/category/planning-tips?amp" "Mozilla/5.0 (Linux; Android 7.0;) AppleWebKit/537.36 (HTML, like Gecko) Mobile Safari/537.36 (compatible; PetalBot;+https://webmaster.petalsearch.com/site/petalbot)"
115.186.119.126 - - [27/Apr/2026:12:41:31 +0000] "GET /any-wedding-can-go-smoothly-with-these-tips/?share=x HTTP/1.1" 302 - "-" "Mozilla/5.0 (Macintosh; Intel Mac OS X 10_15_7) AppleWebKit/537.36 (KHTML, like Gecko) Chrome/120.0.0.0 Safari/537.36"
184.94.212.206 - - [27/Apr/2026:12:42:22 +0000] "POST /wp-cron.php?doing_wp_cron=1777293742.1750969886779785156250 HTTP/1.1" 200 - "-" "WordPress/6.9.4; https://weddingmonitor.com"
192.0.102.230 - - [27/Apr/2026:12:42:20 +0000] "HEAD / HTTP/1.1" 200 - "-" "jetmon/1.0 (Jetpack Site Uptime Monitor by WordPress.com)"
130.193.226.163 - - [27/Apr/2026:12:42:33 +0000] "GET /any-wedding-can-go-smoothly-with-these-tips/?share=x HTTP/1.1" 302 - "-" "Mozilla/5.0 (Windows NT 10.0; Win64; x64) AppleWebKit/537.36 (KHTML, like Gecko) Chrome/101.0.4951.67 Safari/537.36"
184.94.212.206 - - [27/Apr/2026:12:45:29 +0000] "POST /wp-cron.php?doing_wp_cron=1777293929.3264729976654052734375 HTTP/1.1" 200 - "-" "WordPress/6.9.4; https://weddingmonitor.com"
114.119.147.0 - - [27/Apr/2026:12:45:27 +0000] "GET /category/planning-tips/page/10 HTTP/1.1" 301 - "https://weddingmonitor.com/category/planning-tips/page/10" "Mozilla/5.0 (Linux; Android 7.0;) AppleWebKit/537.36 (HTML, like Gecko) Mobile Safari/537.36 (compatible; PetalBot;+https://webmaster.petalsearch.com/site/petalbot)"
114.119.147.0 - - [27/Apr/2026:12:45:29 +0000] "GET /category/planning-tips/page/10/ HTTP/1.1" 200 19589 "https://weddingmonitor.com/category/planning-tips/page/10" "Mozilla/5.0 (Linux; Android 7.0;) AppleWebKit/537.36 (HTML, like Gecko) Mobile Safari/537.36 (compatible; PetalBot;+https://webmaster.petalsearch.com/site/petalbot)"
51.161.117.166 - - [27/Apr/2026:12:46:33 +0000] "GET /?wmo_hc=k7Hx9mQp2wRt HTTP/1.1" 200 68884 "-" "Mozilla/5.0 (Macintosh; Intel Mac OS X 10_15_7) AppleWebKit/537.36 (KHTML, like Gecko) Chrome/146.0.0.0 Safari/537.36"
184.94.212.206 - - [27/Apr/2026:12:47:25 +0000] "POST /wp-cron.php?doing_wp_cron=1777294044.8259260654449462890625 HTTP/1.1" 200 - "-" "WordPress/6.9.4; https://weddingmonitor.com"
192.0.102.230 - - [27/Apr/2026:12:47:23 +0000] "HEAD / HTTP/1.1" 200 - "-" "jetmon/1.0 (Jetpack Site Uptime Monitor by WordPress.com)"
184.94.212.206 - - [27/Apr/2026:12:49:22 +0000] "POST /wp-cron.php?doing_wp_cron=1777294162.7017760276794433593750 HTTP/1.1" 200 - "-" "WordPress/6.9.4; https://weddingmonitor.com"
114.119.147.0 - - [27/Apr/2026:12:49:21 +0000] "GET /category/flowers?noamp=mobile HTTP/1.1" 301 - "https://weddingmonitor.com/category/flowers?noamp=mobile" "Mozilla/5.0 (Linux; Android 7.0;) AppleWebKit/537.36 (HTML, like Gecko) Mobile Safari/537.36 (compatible; PetalBot;+https://webmaster.petalsearch.com/site/petalbot)"
114.119.147.0 - - [27/Apr/2026:12:49:23 +0000] "GET /category/flowers/?noamp=mobile HTTP/1.1" 200 18990 "https://weddingmonitor.com/category/flowers?noamp=mobile" "Mozilla/5.0 (Linux; Android 7.0;) AppleWebKit/537.36 (HTML, like Gecko) Mobile Safari/537.36 (compatible; PetalBot;+https://webmaster.petalsearch.com/site/petalbot)"
184.94.212.206 - - [27/Apr/2026:12:50:52 +0000] "POST /wp-cron.php?doing_wp_cron=1777294252.5055620670318603515625 HTTP/1.1" 200 - "-" "WordPress/6.9.4; https://weddingmonitor.com"
57.141.18.44 - - [27/Apr/2026:12:50:50 +0000] "GET /planning-a-wedding-read-this-great-advice/ HTTP/1.1" 200 80894 "-" "meta-externalagent/1.1 (+https://developers.facebook.com/docs/sharing/webmasters/crawler)"
184.94.212.206 - - [27/Apr/2026:12:52:21 +0000] "POST /wp-cron.php?doing_wp_cron=1777294341.6756339073181152343750 HTTP/1.1" 200 - "-" "WordPress/6.9.4; https://weddingmonitor.com"
192.0.102.230 - - [27/Apr/2026:12:52:20 +0000] "HEAD / HTTP/1.1" 200 - "-" "jetmon/1.0 (Jetpack Site Uptime Monitor by WordPress.com)"
113.164.222.250 - - [27/Apr/2026:12:52:23 +0000] "GET /page/3/ HTTP/1.1" 200 16609 "-" "Mozilla/5.0 (Macintosh; Intel Mac OS X 10_13_6) AppleWebKit/537.36 (KHTML, like Gecko) Chrome/80.0.3987.149 Safari/537.36"
114.119.141.4 - - [27/Apr/2026:12:53:23 +0000] "GET /category/destination-wedding?noamp=mobile HTTP/1.1" 301 - "https://weddingmonitor.com/category/destination-wedding?amp" "Mozilla/5.0 (Linux; Android 7.0;) AppleWebKit/537.36 (HTML, like Gecko) Mobile Safari/537.36 (compatible; PetalBot;+https://webmaster.petalsearch.com/site/petalbot)"
114.119.141.4 - - [27/Apr/2026:12:53:25 +0000] "GET /category/destination-wedding/?noamp=mobile HTTP/1.1" 200 19620 "https://weddingmonitor.com/category/destination-wedding?amp" "Mozilla/5.0 (Linux; Android 7.0;) AppleWebKit/537.36 (HTML, like Gecko) Mobile Safari/537.36 (compatible; PetalBot;+https://webmaster.petalsearch.com/site/petalbot)"
184.94.212.206 - - [27/Apr/2026:12:55:47 +0000] "POST /wp-cron.php?doing_wp_cron=1777294547.4759728908538818359375 HTTP/1.1" 200 - "-" "WordPress/6.9.4; https://weddingmonitor.com"
113.169.212.130 - - [27/Apr/2026:12:55:46 +0000] "GET /keep-your-dream-wedding-from-turning-into-a-nightmare-with-these-simple-tips/?share=facebook HTTP/1.1" 302 - "-" "Mozilla/5.0 (Macintosh; Intel Mac OS X 10_15_7) AppleWebKit/537.36 (KHTML, like Gecko) Chrome/119.0.0.0 Safari/537.36"
184.94.212.206 - - [27/Apr/2026:12:57:20 +0000] "POST /wp-cron.php?doing_wp_cron=1777294640.4358921051025390625000 HTTP/1.1" 200 - "-" "WordPress/6.9.4; https://weddingmonitor.com"
114.119.147.0 - - [27/Apr/2026:12:57:18 +0000] "GET /category/destination-wedding?amp HTTP/1.1" 301 - "https://weddingmonitor.com/author/h0tn1ch3s/page/10?amp" "Mozilla/5.0 (Linux; Android 7.0;) AppleWebKit/537.36 (HTML, like Gecko) Mobile Safari/537.36 (compatible; PetalBot;+https://webmaster.petalsearch.com/site/petalbot)"
192.0.102.230 - - [27/Apr/2026:12:57:20 +0000] "HEAD / HTTP/1.1" 200 - "-" "jetmon/1.0 (Jetpack Site Uptime Monitor by WordPress.com)"
114.119.147.0 - - [27/Apr/2026:12:57:20 +0000] "GET /category/destination-wedding/?amp HTTP/1.1" 200 19620 "https://weddingmonitor.com/author/h0tn1ch3s/page/10?amp" "Mozilla/5.0 (Linux; Android 7.0;) AppleWebKit/537.36 (HTML, like Gecko) Mobile Safari/537.36 (compatible; PetalBot;+https://webmaster.petalsearch.com/site/petalbot)"
184.94.212.206 - - [27/Apr/2026:12:57:32 +0000] "POST /wp-cron.php?doing_wp_cron=1777294652.6519811153411865234375 HTTP/1.1" 200 - "-" "WordPress/6.9.4; https://weddingmonitor.com"
15.235.98.237 - - [27/Apr/2026:12:57:31 +0000] "GET /tag/reception-venue/feed/ HTTP/1.1" 200 3663 "-" "Mozilla/5.0 (compatible; AhrefsBot/7.0; +http://ahrefs.com/robot/)"
77.75.73.26 - - [27/Apr/2026:12:58:59 +0000] "GET /sitemap-1.xml HTTP/1.1" 200 1523 "-" "Mozilla/5.0 (compatible; SeznamBot/4.0; +https://o-seznam.cz/napoveda/vyhledavani/en/seznambot-crawler/)"
184.94.212.206 - - [27/Apr/2026:13:00:51 +0000] "POST /wp-cron.php?doing_wp_cron=1777294851.0293619632720947265625 HTTP/1.1" 200 - "-" "WordPress/6.9.4; https://weddingmonitor.com"
123.18.201.37 - - [27/Apr/2026:13:00:49 +0000] "GET /author/h0tn1ch3s/page/7/ HTTP/1.1" 200 17401 "-" "Mozilla/5.0 (Macintosh; Intel Mac OS X 10_15_7) AppleWebKit/537.36 (KHTML, like Gecko) Chrome/120.0.0.0 Safari/537.36"
114.119.145.212 - - [27/Apr/2026:13:01:23 +0000] "GET /category/destination-wedding/?noamp=mobile HTTP/1.1" 200 19606 "https://weddingmonitor.com/category/destination-wedding/?noamp=mobile" "Mozilla/5.0 (Linux; Android 7.0;) AppleWebKit/537.36 (HTML, like Gecko) Mobile Safari/537.36 (compatible; PetalBot;+https://webmaster.petalsearch.com/site/petalbot)"
184.94.212.206 - - [27/Apr/2026:13:02:27 +0000] "POST /wp-cron.php?doing_wp_cron=1777294947.1767430305480957031250 HTTP/1.1" 200 - "-" "WordPress/6.9.4; https://weddingmonitor.com"
192.0.102.230 - - [27/Apr/2026:13:02:25 +0000] "HEAD / HTTP/1.1" 200 - "-" "jetmon/1.0 (Jetpack Site Uptime Monitor by WordPress.com)"
216.73.217.100 - - [27/Apr/2026:13:02:25 +0000] "GET /robots.txt HTTP/1.1" 200 145 "-" "Mozilla/5.0 AppleWebKit/537.36 (KHTML, like Gecko; compatible; ClaudeBot/1.0; +claudebot@anthropic.com)"
216.73.217.100 - - [27/Apr/2026:13:02:27 +0000] "GET /tag/makeup-artist/ HTTP/1.1" 200 16453 "-" "Mozilla/5.0 AppleWebKit/537.36 (KHTML, like Gecko; compatible; ClaudeBot/1.0; +claudebot@anthropic.com)"
216.73.217.100 - - [27/Apr/2026:13:03:54 +0000] "GET /ftc-statement/ HTTP/1.1" 200 17486 "-" "Mozilla/5.0 AppleWebKit/537.36 (KHTML, like Gecko; compatible; ClaudeBot/1.0; +claudebot@anthropic.com)"
27.106.111.162 - - [27/Apr/2026:13:04:38 +0000] "GET /category/destination-wedding?amp=1 HTTP/1.1" 301 - "-" "Mozilla/5.0 (Macintosh; Intel Mac OS X 10_15_7) AppleWebKit/537.36 (KHTML, like Gecko) Chrome/143.0.0.0 Safari/537.36"
27.106.111.162 - - [27/Apr/2026:13:04:40 +0000] "GET /category/destination-wedding/?amp=1 HTTP/1.1" 200 19606 "-" "Mozilla/5.0 (Macintosh; Intel Mac OS X 10_15_7) AppleWebKit/537.36 (KHTML, like Gecko) Chrome/143.0.0.0 Safari/537.36"
27.106.111.162 - - [27/Apr/2026:13:04:41 +0000] "GET /wp-content/plugins/contact-form-7/includes/css/styles.css?ver=6.1.5 HTTP/1.1" 200 1031 "https://weddingmonitor.com/category/destination-wedding/?amp=1" "Mozilla/5.0 (Macintosh; Intel Mac OS X 10_15_7) AppleWebKit/537.36 (KHTML, like Gecko) Chrome/143.0.0.0 Safari/537.36"
27.106.111.162 - - [27/Apr/2026:13:04:41 +0000] "GET /wp-content/themes/news-pro/style.css?ver=3.2.1 HTTP/1.1" 200 8074 "https://weddingmonitor.com/category/destination-wedding/?amp=1" "Mozilla/5.0 (Macintosh; Intel Mac OS X 10_15_7) AppleWebKit/537.36 (KHTML, like Gecko) Chrome/143.0.0.0 Safari/537.36"
27.106.111.162 - - [27/Apr/2026:13:04:42 +0000] "GET /wp-content/plugins/contact-form-7/includes/swv/js/index.js?ver=6.1.5 HTTP/1.1" 200 3503 "https://weddingmonitor.com/category/destination-wedding/?amp=1" "Mozilla/5.0 (Macintosh; Intel Mac OS X 10_15_7) AppleWebKit/537.36 (KHTML, like Gecko) Chrome/143.0.0.0 Safari/537.36"
27.106.111.162 - - [27/Apr/2026:13:04:42 +0000] "GET /wp-content/plugins/contact-form-7/includes/js/index.js?ver=6.1.5 HTTP/1.1" 200 4265 "https://weddingmonitor.com/category/destination-wedding/?amp=1" "Mozilla/5.0 (Macintosh; Intel Mac OS X 10_15_7) AppleWebKit/537.36 (KHTML, like Gecko) Chrome/143.0.0.0 Safari/537.36"
27.106.111.162 - - [27/Apr/2026:13:04:42 +0000] "GET /wp-content/themes/genesis/lib/js/menu/superfish.args.min.js?ver=3.6.2 HTTP/1.1" 200 124 "https://weddingmonitor.com/category/destination-wedding/?amp=1" "Mozilla/5.0 (Macintosh; Intel Mac OS X 10_15_7) AppleWebKit/537.36 (KHTML, like Gecko) Chrome/143.0.0.0 Safari/537.36"
27.106.111.162 - - [27/Apr/2026:13:04:42 +0000] "GET /wp-content/themes/news-pro/js/jquery.matchHeight.min.js?ver=3.2.1 HTTP/1.1" 200 1553 "https://weddingmonitor.com/category/destination-wedding/?amp=1" "Mozilla/5.0 (Macintosh; Intel Mac OS X 10_15_7) AppleWebKit/537.36 (KHTML, like Gecko) Chrome/143.0.0.0 Safari/537.36"
27.106.111.162 - - [27/Apr/2026:13:04:42 +0000] "GET /wp-content/themes/news-pro/js/responsive-menus.min.js?ver=3.2.1 HTTP/1.1" 200 1601 "https://weddingmonitor.com/category/destination-wedding/?amp=1" "Mozilla/5.0 (Macintosh; Intel Mac OS X 10_15_7) AppleWebKit/537.36 (KHTML, like Gecko) Chrome/143.0.0.0 Safari/537.36"
27.106.111.162 - - [27/Apr/2026:13:04:42 +0000] "GET /wp-content/themes/news-pro/js/global.js?ver=3.2.1 HTTP/1.1" 200 160 "https://weddingmonitor.com/category/destination-wedding/?amp=1" "Mozilla/5.0 (Macintosh; Intel Mac OS X 10_15_7) AppleWebKit/537.36 (KHTML, like Gecko) Chrome/143.0.0.0 Safari/537.36"
27.106.111.162 - - [27/Apr/2026:13:04:42 +0000] "GET /wp-content/plugins/google-site-kit/dist/assets/js/googlesitekit-consent-mode-bc2e26cfa69fcd4a8261.js HTTP/1.1" 200 25395 "https://weddingmonitor.com/category/destination-wedding/?amp=1" "Mozilla/5.0 (Macintosh; Intel Mac OS X 10_15_7) AppleWebKit/537.36 (KHTML, like Gecko) Chrome/143.0.0.0 Safari/537.36"
27.106.111.162 - - [27/Apr/2026:13:04:42 +0000] "GET /wp-content/themes/genesis/lib/js/skip-links.min.js?ver=3.6.2 HTTP/1.1" 200 238 "https://weddingmonitor.com/category/destination-wedding/?amp=1" "Mozilla/5.0 (Macintosh; Intel Mac OS X 10_15_7) AppleWebKit/537.36 (KHTML, like Gecko) Chrome/143.0.0.0 Safari/537.36"
27.106.111.162 - - [27/Apr/2026:13:04:42 +0000] "GET /wp-content/plugins/complianz-gdpr/cookiebanner/js/complianz.min.js?ver=1776706808 HTTP/1.1" 200 10935 "https://weddingmonitor.com/category/destination-wedding/?amp=1" "Mozilla/5.0 (Macintosh; Intel Mac OS X 10_15_7) AppleWebKit/537.36 (KHTML, like Gecko) Chrome/143.0.0.0 Safari/537.36"
27.106.111.162 - - [27/Apr/2026:13:04:42 +0000] "GET /wp-content/uploads/complianz/css/banner-1-optout.css?v=13 HTTP/1.1" 200 2946 "https://weddingmonitor.com/category/destination-wedding/?amp=1" "Mozilla/5.0 (Macintosh; Intel Mac OS X 10_15_7) AppleWebKit/537.36 (KHTML, like Gecko) Chrome/143.0.0.0 Safari/537.36"
184.94.212.206 - - [27/Apr/2026:13:05:26 +0000] "POST /wp-cron.php?doing_wp_cron=1777295126.3748610019683837890625 HTTP/1.1" 200 - "-" "WordPress/6.9.4; https://weddingmonitor.com"
114.119.154.9 - - [27/Apr/2026:13:05:24 +0000] "GET /avoid-wedding-disasters-proper-planning-is-key?share=twitter&noamp=mobile HTTP/1.1" 302 - "-" "Mozilla/5.0 (Linux; Android 7.0;) AppleWebKit/537.36 (HTML, like Gecko) Mobile Safari/537.36 (compatible; PetalBot;+https://webmaster.petalsearch.com/site/petalbot)"
184.94.212.206 - - [27/Apr/2026:13:07:08 +0000] "POST /wp-cron.php?doing_wp_cron=1777295228.3245179653167724609375 HTTP/1.1" 200 - "-" "WordPress/6.9.4; https://weddingmonitor.com"
142.44.225.165 - - [27/Apr/2026:13:07:06 +0000] "GET /tag/personal-touch/ HTTP/1.1" 200 15877 "-" "Mozilla/5.0 (compatible; AhrefsBot/7.0; +http://ahrefs.com/robot/)"
184.94.212.206 - - [27/Apr/2026:13:07:23 +0000] "POST /wp-cron.php?doing_wp_cron=1777295243.8326220512390136718750 HTTP/1.1" 200 - "-" "WordPress/6.9.4; https://weddingmonitor.com"
192.0.102.230 - - [27/Apr/2026:13:07:22 +0000] "HEAD / HTTP/1.1" 200 - "-" "jetmon/1.0 (Jetpack Site Uptime Monitor by WordPress.com)"
184.94.212.206 - - [27/Apr/2026:13:08:08 +0000] "POST /wp-cron.php?doing_wp_cron=1777295288.6016569137573242187500 HTTP/1.1" 200 - "-" "WordPress/6.9.4; https://weddingmonitor.com"
102.157.35.250 - - [27/Apr/2026:13:08:07 +0000] "GET /what-is-a-destination-wedding-and-how-to-plan-it/?share=facebook HTTP/1.1" 302 - "-" "Mozilla/5.0 (Macintosh; Intel Mac OS X 10_15_7) AppleWebKit/537.36 (KHTML, like Gecko) Chrome/92.0.4515.107 Safari/537.36"
114.119.158.157 - - [27/Apr/2026:13:09:30 +0000] "GET /your-wedding-help-is-here-with-these-tips?share=x HTTP/1.1" 302 - "https://weddingmonitor.com/your-wedding-help-is-here-with-these-tips" "Mozilla/5.0 (Linux; Android 7.0;) AppleWebKit/537.36 (HTML, like Gecko) Mobile Safari/537.36 (compatible; PetalBot;+https://webmaster.petalsearch.com/site/petalbot)"
184.94.212.206 - - [27/Apr/2026:13:12:29 +0000] "POST /wp-cron.php?doing_wp_cron=1777295548.9907019138336181640625 HTTP/1.1" 200 - "-" "WordPress/6.9.4; https://weddingmonitor.com"
192.0.102.230 - - [27/Apr/2026:13:12:27 +0000] "HEAD / HTTP/1.1" 200 - "-" "jetmon/1.0 (Jetpack Site Uptime Monitor by WordPress.com)"
114.119.154.9 - - [27/Apr/2026:13:13:22 +0000] "GET /avoid-wedding-disasters-proper-planning-is-key?share=twitter HTTP/1.1" 302 - "-" "Mozilla/5.0 (Linux; Android 7.0;) AppleWebKit/537.36 (HTML, like Gecko) Mobile Safari/537.36 (compatible; PetalBot;+https://webmaster.petalsearch.com/site/petalbot)"
184.94.212.206 - - [27/Apr/2026:13:17:23 +0000] "POST /wp-cron.php?doing_wp_cron=1777295843.3550341129302978515625 HTTP/1.1" 200 - "-" "WordPress/6.9.4; https://weddingmonitor.com"
114.119.154.9 - - [27/Apr/2026:13:17:21 +0000] "GET /avoid-wedding-disasters-proper-planning-is-key/?share=twitter HTTP/1.1" 302 - "https://weddingmonitor.com/avoid-wedding-disasters-proper-planning-is-key/?noamp=mobile" "Mozilla/5.0 (Linux; Android 7.0;) AppleWebKit/537.36 (HTML, like Gecko) Mobile Safari/537.36 (compatible; PetalBot;+https://webmaster.petalsearch.com/site/petalbot)"
192.0.102.230 - - [27/Apr/2026:13:17:25 +0000] "HEAD / HTTP/1.1" 200 - "-" "jetmon/1.0 (Jetpack Site Uptime Monitor by WordPress.com)"
184.94.212.206 - - [27/Apr/2026:13:18:09 +0000] "POST /wp-cron.php?doing_wp_cron=1777295889.7525179386138916015625 HTTP/1.1" 200 - "-" "WordPress/6.9.4; https://weddingmonitor.com"
142.44.220.29 - - [27/Apr/2026:13:18:08 +0000] "GET /tag/tan-lines/ HTTP/1.1" 200 15898 "-" "Mozilla/5.0 (compatible; AhrefsBot/7.0; +http://ahrefs.com/robot/)"
184.94.212.206 - - [27/Apr/2026:13:21:31 +0000] "POST /wp-cron.php?doing_wp_cron=1777296091.7071869373321533203125 HTTP/1.1" 200 - "-" "WordPress/6.9.4; https://weddingmonitor.com"
114.119.158.157 - - [27/Apr/2026:13:21:30 +0000] "GET /avoid-wedding-disasters-proper-planning-is-key/ HTTP/1.1" 200 21654 "https://weddingmonitor.com/page/10/?noamp=mobile" "Mozilla/5.0 (Linux; Android 7.0;) AppleWebKit/537.36 (HTML, like Gecko) Mobile Safari/537.36 (compatible; PetalBot;+https://webmaster.petalsearch.com/site/petalbot)"
184.94.212.206 - - [27/Apr/2026:13:22:23 +0000] "POST /wp-cron.php?doing_wp_cron=1777296143.3929619789123535156250 HTTP/1.1" 200 - "-" "WordPress/6.9.4; https://weddingmonitor.com"
192.0.102.230 - - [27/Apr/2026:13:22:21 +0000] "HEAD / HTTP/1.1" 200 - "-" "jetmon/1.0 (Jetpack Site Uptime Monitor by WordPress.com)"
20.78.145.252 - - [27/Apr/2026:13:23:34 +0000] "GET /100.php HTTP/1.1" 404 14903 "-" "Mozilla/5.0 (Windows NT 10.0; Win64; x64) AppleWebKit/537.36 (KHTML, like Gecko) Chrome/120.0.0.0 Safari/537.36"
20.78.145.252 - - [27/Apr/2026:13:23:35 +0000] "GET /elp.php HTTP/1.1" 404 14902 "-" "Mozilla/5.0 (Windows NT 10.0; Win64; x64) AppleWebKit/537.36 (KHTML, like Gecko) Chrome/120.0.0.0 Safari/537.36"
20.78.145.252 - - [27/Apr/2026:13:23:36 +0000] "GET /ftde.php HTTP/1.1" 404 14903 "-" "Mozilla/5.0 (Windows NT 10.0; Win64; x64) AppleWebKit/537.36 (KHTML, like Gecko) Chrome/120.0.0.0 Safari/537.36"
20.78.145.252 - - [27/Apr/2026:13:23:38 +0000] "GET /test1.php HTTP/1.1" 404 14904 "-" "Mozilla/5.0 (Windows NT 10.0; Win64; x64) AppleWebKit/537.36 (KHTML, like Gecko) Chrome/120.0.0.0 Safari/537.36"
20.78.145.252 - - [27/Apr/2026:13:23:39 +0000] "GET /wp-temp.php HTTP/1.1" 404 14905 "-" "Mozilla/5.0 (Windows NT 10.0; Win64; x64) AppleWebKit/537.36 (KHTML, like Gecko) Chrome/120.0.0.0 Safari/537.36"
20.78.145.252 - - [27/Apr/2026:13:23:40 +0000] "GET /admin/function.php HTTP/1.1" 404 14906 "-" "Mozilla/5.0 (Windows NT 10.0; Win64; x64) AppleWebKit/537.36 (KHTML, like Gecko) Chrome/120.0.0.0 Safari/537.36"
20.78.145.252 - - [27/Apr/2026:13:23:41 +0000] "GET /atomlib.php HTTP/1.1" 404 14905 "-" "Mozilla/5.0 (Windows NT 10.0; Win64; x64) AppleWebKit/537.36 (KHTML, like Gecko) Chrome/120.0.0.0 Safari/537.36"
20.78.145.252 - - [27/Apr/2026:13:23:42 +0000] "GET /fm.php HTTP/1.1" 404 14902 "-" "Mozilla/5.0 (Windows NT 10.0; Win64; x64) AppleWebKit/537.36 (KHTML, like Gecko) Chrome/120.0.0.0 Safari/537.36"
20.78.145.252 - - [27/Apr/2026:13:23:43 +0000] "GET /themes.php HTTP/1.1" 404 14902 "-" "Mozilla/5.0 (Windows NT 10.0; Win64; x64) AppleWebKit/537.36 (KHTML, like Gecko) Chrome/120.0.0.0 Safari/537.36"
20.78.145.252 - - [27/Apr/2026:13:23:44 +0000] "GET /wp-blog.php HTTP/1.1" 404 14904 "-" "Mozilla/5.0 (Windows NT 10.0; Win64; x64) AppleWebKit/537.36 (KHTML, like Gecko) Chrome/120.0.0.0 Safari/537.36"
20.78.145.252 - - [27/Apr/2026:13:23:45 +0000] "GET /wp-the.php HTTP/1.1" 404 14903 "-" "Mozilla/5.0 (Windows NT 10.0; Win64; x64) AppleWebKit/537.36 (KHTML, like Gecko) Chrome/120.0.0.0 Safari/537.36"
20.78.145.252 - - [27/Apr/2026:13:23:46 +0000] "GET /CDX2.php HTTP/1.1" 404 14904 "-" "Mozilla/5.0 (Windows NT 10.0; Win64; x64) AppleWebKit/537.36 (KHTML, like Gecko) Chrome/120.0.0.0 Safari/537.36"
20.78.145.252 - - [27/Apr/2026:13:23:47 +0000] "GET /profile.php HTTP/1.1" 404 14902 "-" "Mozilla/5.0 (Windows NT 10.0; Win64; x64) AppleWebKit/537.36 (KHTML, like Gecko) Chrome/120.0.0.0 Safari/537.36"
20.78.145.252 - - [27/Apr/2026:13:23:49 +0000] "GET /wp-content/themes/admin.php HTTP/1.1" 404 14858 "-" "Mozilla/5.0 (Windows NT 10.0; Win64; x64) AppleWebKit/537.36 (KHTML, like Gecko) Chrome/120.0.0.0 Safari/537.36"
20.78.145.252 - - [27/Apr/2026:13:23:50 +0000] "GET /ws80.php HTTP/1.1" 404 14904 "-" "Mozilla/5.0 (Windows NT 10.0; Win64; x64) AppleWebKit/537.36 (KHTML, like Gecko) Chrome/120.0.0.0 Safari/537.36"
20.78.145.252 - - [27/Apr/2026:13:23:51 +0000] "GET /403.php HTTP/1.1" 404 14903 "-" "Mozilla/5.0 (Windows NT 10.0; Win64; x64) AppleWebKit/537.36 (KHTML, like Gecko) Chrome/120.0.0.0 Safari/537.36"
20.78.145.252 - - [27/Apr/2026:13:23:53 +0000] "GET /a4.php HTTP/1.1" 404 14902 "-" "Mozilla/5.0 (Windows NT 10.0; Win64; x64) AppleWebKit/537.36 (KHTML, like Gecko) Chrome/120.0.0.0 Safari/537.36"
20.78.145.252 - - [27/Apr/2026:13:23:54 +0000] "GET /app.php HTTP/1.1" 404 14902 "-" "Mozilla/5.0 (Windows NT 10.0; Win64; x64) AppleWebKit/537.36 (KHTML, like Gecko) Chrome/120.0.0.0 Safari/537.36"
20.78.145.252 - - [27/Apr/2026:13:23:55 +0000] "GET /buy.php HTTP/1.1" 404 14903 "-" "Mozilla/5.0 (Windows NT 10.0; Win64; x64) AppleWebKit/537.36 (KHTML, like Gecko) Chrome/120.0.0.0 Safari/537.36"
20.78.145.252 - - [27/Apr/2026:13:23:56 +0000] "GET /core.php HTTP/1.1" 404 14903 "-" "Mozilla/5.0 (Windows NT 10.0; Win64; x64) AppleWebKit/537.36 (KHTML, like Gecko) Chrome/120.0.0.0 Safari/537.36"
20.78.145.252 - - [27/Apr/2026:13:23:57 +0000] "GET /lock360.php HTTP/1.1" 404 14905 "-" "Mozilla/5.0 (Windows NT 10.0; Win64; x64) AppleWebKit/537.36 (KHTML, like Gecko) Chrome/120.0.0.0 Safari/537.36"
20.78.145.252 - - [27/Apr/2026:13:23:58 +0000] "GET /wp-block.php HTTP/1.1" 404 14905 "-" "Mozilla/5.0 (Windows NT 10.0; Win64; x64) AppleWebKit/537.36 (KHTML, like Gecko) Chrome/120.0.0.0 Safari/537.36"
20.78.145.252 - - [27/Apr/2026:13:23:59 +0000] "GET /wp-content/admin.php HTTP/1.1" 404 14905 "-" "Mozilla/5.0 (Windows NT 10.0; Win64; x64) AppleWebKit/537.36 (KHTML, like Gecko) Chrome/120.0.0.0 Safari/537.36"
20.78.145.252 - - [27/Apr/2026:13:24:00 +0000] "GET /wp-includes/assets/index.php HTTP/1.1" 301 - "-" "Mozilla/5.0 (Windows NT 10.0; Win64; x64) AppleWebKit/537.36 (KHTML, like Gecko) Chrome/120.0.0.0 Safari/537.36"
20.78.145.252 - - [27/Apr/2026:13:24:02 +0000] "GET /wp-includes/images/wp-login.php HTTP/1.1" 404 14859 "-" "Mozilla/5.0 (Windows NT 10.0; Win64; x64) AppleWebKit/537.36 (KHTML, like Gecko) Chrome/120.0.0.0 Safari/537.36"
20.78.145.252 - - [27/Apr/2026:13:24:03 +0000] "GET /z.php HTTP/1.1" 404 14901 "-" "Mozilla/5.0 (Windows NT 10.0; Win64; x64) AppleWebKit/537.36 (KHTML, like Gecko) Chrome/120.0.0.0 Safari/537.36"
20.78.145.252 - - [27/Apr/2026:13:24:04 +0000] "GET /bless.php HTTP/1.1" 404 14904 "-" "Mozilla/5.0 (Windows NT 10.0; Win64; x64) AppleWebKit/537.36 (KHTML, like Gecko) Chrome/120.0.0.0 Safari/537.36"
20.78.145.252 - - [27/Apr/2026:13:24:05 +0000] "GET /hplfuns.php HTTP/1.1" 404 14907 "-" "Mozilla/5.0 (Windows NT 10.0; Win64; x64) AppleWebKit/537.36 (KHTML, like Gecko) Chrome/120.0.0.0 Safari/537.36"
20.78.145.252 - - [27/Apr/2026:13:24:06 +0000] "GET /lock.php HTTP/1.1" 404 14903 "-" "Mozilla/5.0 (Windows NT 10.0; Win64; x64) AppleWebKit/537.36 (KHTML, like Gecko) Chrome/120.0.0.0 Safari/537.36"
20.78.145.252 - - [27/Apr/2026:13:24:07 +0000] "GET /radio.php HTTP/1.1" 404 14904 "-" "Mozilla/5.0 (Windows NT 10.0; Win64; x64) AppleWebKit/537.36 (KHTML, like Gecko) Chrome/120.0.0.0 Safari/537.36"
20.78.145.252 - - [27/Apr/2026:13:24:09 +0000] "GET /wp-content/themes/about.php HTTP/1.1" 404 14857 "-" "Mozilla/5.0 (Windows NT 10.0; Win64; x64) AppleWebKit/537.36 (KHTML, like Gecko) Chrome/120.0.0.0 Safari/537.36"
20.78.145.252 - - [27/Apr/2026:13:24:10 +0000] "GET /wp-content/upgrade/index.php HTTP/1.1" 301 - "-" "Mozilla/5.0 (Windows NT 10.0; Win64; x64) AppleWebKit/537.36 (KHTML, like Gecko) Chrome/120.0.0.0 Safari/537.36"
20.78.145.252 - - [27/Apr/2026:13:24:11 +0000] "GET /wp-includes/fonts/index.php HTTP/1.1" 301 - "-" "Mozilla/5.0 (Windows NT 10.0; Win64; x64) AppleWebKit/537.36 (KHTML, like Gecko) Chrome/120.0.0.0 Safari/537.36"
20.78.145.252 - - [27/Apr/2026:13:24:12 +0000] "GET /ws.php HTTP/1.1" 404 14902 "-" "Mozilla/5.0 (Windows NT 10.0; Win64; x64) AppleWebKit/537.36 (KHTML, like Gecko) Chrome/120.0.0.0 Safari/537.36"
20.78.145.252 - - [27/Apr/2026:13:24:13 +0000] "GET /ws49.php HTTP/1.1" 404 14904 "-" "Mozilla/5.0 (Windows NT 10.0; Win64; x64) AppleWebKit/537.36 (KHTML, like Gecko) Chrome/120.0.0.0 Safari/537.36"
20.78.145.252 - - [27/Apr/2026:13:24:14 +0000] "GET /xmlrpc.php HTTP/1.1" 404 14902 "-" "Mozilla/5.0 (Windows NT 10.0; Win64; x64) AppleWebKit/537.36 (KHTML, like Gecko) Chrome/120.0.0.0 Safari/537.36"
20.78.145.252 - - [27/Apr/2026:13:24:15 +0000] "GET /xozx.php HTTP/1.1" 404 14904 "-" "Mozilla/5.0 (Windows NT 10.0; Win64; x64) AppleWebKit/537.36 (KHTML, like Gecko) Chrome/120.0.0.0 Safari/537.36"
20.78.145.252 - - [27/Apr/2026:13:24:16 +0000] "GET /xwx1.php HTTP/1.1" 404 14904 "-" "Mozilla/5.0 (Windows NT 10.0; Win64; x64) AppleWebKit/537.36 (KHTML, like Gecko) Chrome/120.0.0.0 Safari/537.36"
20.78.145.252 - - [27/Apr/2026:13:24:17 +0000] "GET /Cap.php HTTP/1.1" 404 14903 "-" "Mozilla/5.0 (Windows NT 10.0; Win64; x64) AppleWebKit/537.36 (KHTML, like Gecko) Chrome/120.0.0.0 Safari/537.36"
20.78.145.252 - - [27/Apr/2026:13:24:18 +0000] "GET /ahax.php HTTP/1.1" 404 14903 "-" "Mozilla/5.0 (Windows NT 10.0; Win64; x64) AppleWebKit/537.36 (KHTML, like Gecko) Chrome/120.0.0.0 Safari/537.36"
20.78.145.252 - - [27/Apr/2026:13:24:19 +0000] "GET /byrgo.php HTTP/1.1" 404 14905 "-" "Mozilla/5.0 (Windows NT 10.0; Win64; x64) AppleWebKit/537.36 (KHTML, like Gecko) Chrome/120.0.0.0 Safari/537.36"
20.78.145.252 - - [27/Apr/2026:13:24:21 +0000] "GET /css/index.php HTTP/1.1" 301 - "-" "Mozilla/5.0 (Windows NT 10.0; Win64; x64) AppleWebKit/537.36 (KHTML, like Gecko) Chrome/120.0.0.0 Safari/537.36"
20.78.145.252 - - [27/Apr/2026:13:24:22 +0000] "GET /jp.php HTTP/1.1" 404 14902 "-" "Mozilla/5.0 (Windows NT 10.0; Win64; x64) AppleWebKit/537.36 (KHTML, like Gecko) Chrome/120.0.0.0 Safari/537.36"
20.78.145.252 - - [27/Apr/2026:13:24:23 +0000] "GET /num.php HTTP/1.1" 404 14902 "-" "Mozilla/5.0 (Windows NT 10.0; Win64; x64) AppleWebKit/537.36 (KHTML, like Gecko) Chrome/120.0.0.0 Safari/537.36"
20.78.145.252 - - [27/Apr/2026:13:24:24 +0000] "GET /wp-content/themes/index.php HTTP/1.1" 301 - "-" "Mozilla/5.0 (Windows NT 10.0; Win64; x64) AppleWebKit/537.36 (KHTML, like Gecko) Chrome/120.0.0.0 Safari/537.36"
20.78.145.252 - - [27/Apr/2026:13:24:25 +0000] "GET /12.php HTTP/1.1" 404 14902 "-" "Mozilla/5.0 (Windows NT 10.0; Win64; x64) AppleWebKit/537.36 (KHTML, like Gecko) Chrome/120.0.0.0 Safari/537.36"
20.78.145.252 - - [27/Apr/2026:13:24:26 +0000] "GET /Ov-Simple1.php HTTP/1.1" 404 14909 "-" "Mozilla/5.0 (Windows NT 10.0; Win64; x64) AppleWebKit/537.36 (KHTML, like Gecko) Chrome/120.0.0.0 Safari/537.36"
20.78.145.252 - - [27/Apr/2026:13:24:27 +0000] "GET /an.php HTTP/1.1" 404 14901 "-" "Mozilla/5.0 (Windows NT 10.0; Win64; x64) AppleWebKit/537.36 (KHTML, like Gecko) Chrome/120.0.0.0 Safari/537.36"
20.78.145.252 - - [27/Apr/2026:13:24:28 +0000] "GET /archive.php HTTP/1.1" 404 14903 "-" "Mozilla/5.0 (Windows NT 10.0; Win64; x64) AppleWebKit/537.36 (KHTML, like Gecko) Chrome/120.0.0.0 Safari/537.36"
20.78.145.252 - - [27/Apr/2026:13:24:29 +0000] "GET /as.php HTTP/1.1" 404 14901 "-" "Mozilla/5.0 (Windows NT 10.0; Win64; x64) AppleWebKit/537.36 (KHTML, like Gecko) Chrome/120.0.0.0 Safari/537.36"
20.78.145.252 - - [27/Apr/2026:13:24:30 +0000] "GET /db.php HTTP/1.1" 404 14902 "-" "Mozilla/5.0 (Windows NT 10.0; Win64; x64) AppleWebKit/537.36 (KHTML, like Gecko) Chrome/120.0.0.0 Safari/537.36"
20.78.145.252 - - [27/Apr/2026:13:24:32 +0000] "GET /error.php HTTP/1.1" 404 14903 "-" "Mozilla/5.0 (Windows NT 10.0; Win64; x64) AppleWebKit/537.36 (KHTML, like Gecko) Chrome/120.0.0.0 Safari/537.36"
20.78.145.252 - - [27/Apr/2026:13:24:33 +0000] "GET /ortasekerli1.php HTTP/1.1" 404 14909 "-" "Mozilla/5.0 (Windows NT 10.0; Win64; x64) AppleWebKit/537.36 (KHTML, like Gecko) Chrome/120.0.0.0 Safari/537.36"
20.78.145.252 - - [27/Apr/2026:13:24:34 +0000] "GET /wp-blog-header.php HTTP/1.1" 404 - "-" "Mozilla/5.0 (Windows NT 10.0; Win64; x64) AppleWebKit/537.36 (KHTML, like Gecko) Chrome/120.0.0.0 Safari/537.36"
20.78.145.252 - - [27/Apr/2026:13:24:35 +0000] "GET /wp-content/plugins/hellopress/wp_filemanager.php HTTP/1.1" 404 14869 "-" "Mozilla/5.0 (Windows NT 10.0; Win64; x64) AppleWebKit/537.36 (KHTML, like Gecko) Chrome/120.0.0.0 Safari/537.36"
20.78.145.252 - - [27/Apr/2026:13:24:36 +0000] "GET /wp-includes/class-wp-http-client.php HTTP/1.1" 404 14912 "-" "Mozilla/5.0 (Windows NT 10.0; Win64; x64) AppleWebKit/537.36 (KHTML, like Gecko) Chrome/120.0.0.0 Safari/537.36"
20.78.145.252 - - [27/Apr/2026:13:24:37 +0000] "GET /wp-includes/configuration.php HTTP/1.1" 404 14909 "-" "Mozilla/5.0 (Windows NT 10.0; Win64; x64) AppleWebKit/537.36 (KHTML, like Gecko) Chrome/120.0.0.0 Safari/537.36"
20.78.145.252 - - [27/Apr/2026:13:24:38 +0000] "GET /0x.php HTTP/1.1" 404 14902 "-" "Mozilla/5.0 (Windows NT 10.0; Win64; x64) AppleWebKit/537.36 (KHTML, like Gecko) Chrome/120.0.0.0 Safari/537.36"
20.78.145.252 - - [27/Apr/2026:13:24:39 +0000] "GET /aaa.php HTTP/1.1" 404 14902 "-" "Mozilla/5.0 (Windows NT 10.0; Win64; x64) AppleWebKit/537.36 (KHTML, like Gecko) Chrome/120.0.0.0 Safari/537.36"
20.78.145.252 - - [27/Apr/2026:13:24:40 +0000] "GET /byp.php HTTP/1.1" 404 14903 "-" "Mozilla/5.0 (Windows NT 10.0; Win64; x64) AppleWebKit/537.36 (KHTML, like Gecko) Chrome/120.0.0.0 Safari/537.36"
20.78.145.252 - - [27/Apr/2026:13:24:41 +0000] "GET /dropdown.php HTTP/1.1" 404 14906 "-" "Mozilla/5.0 (Windows NT 10.0; Win64; x64) AppleWebKit/537.36 (KHTML, like Gecko) Chrome/120.0.0.0 Safari/537.36"
20.78.145.252 - - [27/Apr/2026:13:24:43 +0000] "GET /mini.php HTTP/1.1" 404 14903 "-" "Mozilla/5.0 (Windows NT 10.0; Win64; x64) AppleWebKit/537.36 (KHTML, like Gecko) Chrome/120.0.0.0 Safari/537.36"
20.78.145.252 - - [27/Apr/2026:13:24:44 +0000] "GET /new.php HTTP/1.1" 404 14902 "-" "Mozilla/5.0 (Windows NT 10.0; Win64; x64) AppleWebKit/537.36 (KHTML, like Gecko) Chrome/120.0.0.0 Safari/537.36"
20.78.145.252 - - [27/Apr/2026:13:24:45 +0000] "GET /option.php HTTP/1.1" 404 14903 "-" "Mozilla/5.0 (Windows NT 10.0; Win64; x64) AppleWebKit/537.36 (KHTML, like Gecko) Chrome/120.0.0.0 Safari/537.36"
20.78.145.252 - - [27/Apr/2026:13:24:46 +0000] "GET /s.php HTTP/1.1" 404 14901 "-" "Mozilla/5.0 (Windows NT 10.0; Win64; x64) AppleWebKit/537.36 (KHTML, like Gecko) Chrome/120.0.0.0 Safari/537.36"
20.78.145.252 - - [27/Apr/2026:13:24:47 +0000] "GET /size.php HTTP/1.1" 404 14903 "-" "Mozilla/5.0 (Windows NT 10.0; Win64; x64) AppleWebKit/537.36 (KHTML, like Gecko) Chrome/120.0.0.0 Safari/537.36"
20.78.145.252 - - [27/Apr/2026:13:24:48 +0000] "GET /system_log.php HTTP/1.1" 404 14906 "-" "Mozilla/5.0 (Windows NT 10.0; Win64; x64) AppleWebKit/537.36 (KHTML, like Gecko) Chrome/120.0.0.0 Safari/537.36"
20.78.145.252 - - [27/Apr/2026:13:24:49 +0000] "GET /tool.php HTTP/1.1" 404 14903 "-" "Mozilla/5.0 (Windows NT 10.0; Win64; x64) AppleWebKit/537.36 (KHTML, like Gecko) Chrome/120.0.0.0 Safari/537.36"
20.78.145.252 - - [27/Apr/2026:13:24:50 +0000] "GET /wp-admin.php HTTP/1.1" 404 14903 "-" "Mozilla/5.0 (Windows NT 10.0; Win64; x64) AppleWebKit/537.36 (KHTML, like Gecko) Chrome/120.0.0.0 Safari/537.36"
20.78.145.252 - - [27/Apr/2026:13:24:51 +0000] "GET /wp-includes/Text/Diff/Engine/about.php HTTP/1.1" 404 14869 "-" "Mozilla/5.0 (Windows NT 10.0; Win64; x64) AppleWebKit/537.36 (KHTML, like Gecko) Chrome/120.0.0.0 Safari/537.36"
20.78.145.252 - - [27/Apr/2026:13:24:53 +0000] "GET /about/function.php HTTP/1.1" 404 14906 "-" "Mozilla/5.0 (Windows NT 10.0; Win64; x64) AppleWebKit/537.36 (KHTML, like Gecko) Chrome/120.0.0.0 Safari/537.36"
20.78.145.252 - - [27/Apr/2026:13:24:54 +0000] "GET /albin.php HTTP/1.1" 404 14904 "-" "Mozilla/5.0 (Windows NT 10.0; Win64; x64) AppleWebKit/537.36 (KHTML, like Gecko) Chrome/120.0.0.0 Safari/537.36"
20.78.145.252 - - [27/Apr/2026:13:24:55 +0000] "GET /alfa.php HTTP/1.1" 404 14903 "-" "Mozilla/5.0 (Windows NT 10.0; Win64; x64) AppleWebKit/537.36 (KHTML, like Gecko) Chrome/120.0.0.0 Safari/537.36"
20.78.145.252 - - [27/Apr/2026:13:24:56 +0000] "GET /autoload_classmap.php HTTP/1.1" 404 14911 "-" "Mozilla/5.0 (Windows NT 10.0; Win64; x64) AppleWebKit/537.36 (KHTML, like Gecko) Chrome/120.0.0.0 Safari/537.36"
20.78.145.252 - - [27/Apr/2026:13:24:57 +0000] "GET /av.php HTTP/1.1" 404 14903 "-" "Mozilla/5.0 (Windows NT 10.0; Win64; x64) AppleWebKit/537.36 (KHTML, like Gecko) Chrome/120.0.0.0 Safari/537.36"
20.78.145.252 - - [27/Apr/2026:13:24:58 +0000] "GET /dragonshell.php HTTP/1.1" 404 14908 "-" "Mozilla/5.0 (Windows NT 10.0; Win64; x64) AppleWebKit/537.36 (KHTML, like Gecko) Chrome/120.0.0.0 Safari/537.36"
20.78.145.252 - - [27/Apr/2026:13:24:59 +0000] "GET /f35.php HTTP/1.1" 404 14903 "-" "Mozilla/5.0 (Windows NT 10.0; Win64; x64) AppleWebKit/537.36 (KHTML, like Gecko) Chrome/120.0.0.0 Safari/537.36"
20.78.145.252 - - [27/Apr/2026:13:25:00 +0000] "GET /gg.php HTTP/1.1" 404 14902 "-" "Mozilla/5.0 (Windows NT 10.0; Win64; x64) AppleWebKit/537.36 (KHTML, like Gecko) Chrome/120.0.0.0 Safari/537.36"
20.78.145.252 - - [27/Apr/2026:13:25:02 +0000] "GET /gifclass.php HTTP/1.1" 404 14905 "-" "Mozilla/5.0 (Windows NT 10.0; Win64; x64) AppleWebKit/537.36 (KHTML, like Gecko) Chrome/120.0.0.0 Safari/537.36"
20.78.145.252 - - [27/Apr/2026:13:25:03 +0000] "GET /sql.php HTTP/1.1" 404 14903 "-" "Mozilla/5.0 (Windows NT 10.0; Win64; x64) AppleWebKit/537.36 (KHTML, like Gecko) Chrome/120.0.0.0 Safari/537.36"
20.78.145.252 - - [27/Apr/2026:13:25:04 +0000] "GET /up.php HTTP/1.1" 404 14902 "-" "Mozilla/5.0 (Windows NT 10.0; Win64; x64) AppleWebKit/537.36 (KHTML, like Gecko) Chrome/120.0.0.0 Safari/537.36"
20.78.145.252 - - [27/Apr/2026:13:25:05 +0000] "GET /wp-admin/css/colors/blue/index.php HTTP/1.1" 301 - "-" "Mozilla/5.0 (Windows NT 10.0; Win64; x64) AppleWebKit/537.36 (KHTML, like Gecko) Chrome/120.0.0.0 Safari/537.36"
20.78.145.252 - - [27/Apr/2026:13:25:07 +0000] "GET /wp-admin/js/index.php HTTP/1.1" 301 - "-" "Mozilla/5.0 (Windows NT 10.0; Win64; x64) AppleWebKit/537.36 (KHTML, like Gecko) Chrome/120.0.0.0 Safari/537.36"
20.78.145.252 - - [27/Apr/2026:13:25:08 +0000] "GET /wp-p2r3q9c8k4.php HTTP/1.1" 404 14911 "-" "Mozilla/5.0 (Windows NT 10.0; Win64; x64) AppleWebKit/537.36 (KHTML, like Gecko) Chrome/120.0.0.0 Safari/537.36"
114.119.145.212 - - [27/Apr/2026:13:25:18 +0000] "GET /author/h0tn1ch3s?noamp=mobile HTTP/1.1" 301 - "-" "Mozilla/5.0 (Linux; Android 7.0;) AppleWebKit/537.36 (HTML, like Gecko) Mobile Safari/537.36 (compatible; PetalBot;+https://webmaster.petalsearch.com/site/petalbot)"
114.119.145.212 - - [27/Apr/2026:13:25:19 +0000] "GET /author/h0tn1ch3s/?noamp=mobile HTTP/1.1" 200 17321 "https://weddingmonitor.com/author/h0tn1ch3s?noamp=mobile" "Mozilla/5.0 (Linux; Android 7.0;) AppleWebKit/537.36 (HTML, like Gecko) Mobile Safari/537.36 (compatible; PetalBot;+https://webmaster.petalsearch.com/site/petalbot)"
184.94.212.206 - - [27/Apr/2026:13:27:29 +0000] "POST /wp-cron.php?doing_wp_cron=1777296449.1088941097259521484375 HTTP/1.1" 200 - "-" "WordPress/6.9.4; https://weddingmonitor.com"
192.0.102.230 - - [27/Apr/2026:13:27:27 +0000] "HEAD / HTTP/1.1" 200 - "-" "jetmon/1.0 (Jetpack Site Uptime Monitor by WordPress.com)"
184.94.212.206 - - [27/Apr/2026:13:28:12 +0000] "POST /wp-cron.php?doing_wp_cron=1777296492.5666739940643310546875 HTTP/1.1" 200 - "-" "WordPress/6.9.4; https://weddingmonitor.com"
54.39.210.24 - - [27/Apr/2026:13:28:11 +0000] "GET /copyright-dcma-notice/?share=x HTTP/1.1" 302 - "-" "Mozilla/5.0 (compatible; AhrefsBot/7.0; +http://ahrefs.com/robot/)"
14.243.134.185 - - [27/Apr/2026:13:28:44 +0000] "GET /image-sitemap-1.xml HTTP/1.1" 200 1308 "-" "Mozilla/5.0 (Windows NT 10.0; Win64; x64) AppleWebKit/537.36 (KHTML, like Gecko) Chrome/126.0.6478.182 Safari/537.36"
114.119.145.212 - - [27/Apr/2026:13:29:13 +0000] "GET /author/h0tn1ch3s/page/9/ HTTP/1.1" 200 17569 "https://weddingmonitor.com/author/h0tn1ch3s/page/8" "Mozilla/5.0 (Linux; Android 7.0;) AppleWebKit/537.36 (HTML, like Gecko) Mobile Safari/537.36 (compatible; PetalBot;+https://webmaster.petalsearch.com/site/petalbot)"
184.94.212.206 - - [27/Apr/2026:13:32:21 +0000] "POST /wp-cron.php?doing_wp_cron=1777296741.9129519462585449218750 HTTP/1.1" 200 - "-" "WordPress/6.9.4; https://weddingmonitor.com"
192.0.102.230 - - [27/Apr/2026:13:32:20 +0000] "HEAD / HTTP/1.1" 200 - "-" "jetmon/1.0 (Jetpack Site Uptime Monitor by WordPress.com)"
114.119.141.4 - - [27/Apr/2026:13:33:16 +0000] "GET /author/h0tn1ch3s/page/8?noamp=mobile HTTP/1.1" 301 - "https://weddingmonitor.com/author/h0tn1ch3s/page/8?noamp=mobile" "Mozilla/5.0 (Linux; Android 7.0;) AppleWebKit/537.36 (HTML, like Gecko) Mobile Safari/537.36 (compatible; PetalBot;+https://webmaster.petalsearch.com/site/petalbot)"
114.119.141.4 - - [27/Apr/2026:13:33:18 +0000] "GET /author/h0tn1ch3s/page/8/?noamp=mobile HTTP/1.1" 200 17595 "https://weddingmonitor.com/author/h0tn1ch3s/page/8?noamp=mobile" "Mozilla/5.0 (Linux; Android 7.0;) AppleWebKit/537.36 (HTML, like Gecko) Mobile Safari/537.36 (compatible; PetalBot;+https://webmaster.petalsearch.com/site/petalbot)"
184.94.212.206 - - [27/Apr/2026:13:37:25 +0000] "POST /wp-cron.php?doing_wp_cron=1777297045.1836209297180175781250 HTTP/1.1" 200 - "-" "WordPress/6.9.4; https://weddingmonitor.com"
192.0.102.230 - - [27/Apr/2026:13:37:24 +0000] "HEAD / HTTP/1.1" 200 - "-" "jetmon/1.0 (Jetpack Site Uptime Monitor by WordPress.com)"
114.119.158.157 - - [27/Apr/2026:13:37:26 +0000] "GET /author/h0tn1ch3s/page/8/ HTTP/1.1" 200 17582 "https://weddingmonitor.com/author/h0tn1ch3s/page/7/" "Mozilla/5.0 (Linux; Android 7.0;) AppleWebKit/537.36 (HTML, like Gecko) Mobile Safari/537.36 (compatible; PetalBot;+https://webmaster.petalsearch.com/site/petalbot)"
14.226.40.66 - - [27/Apr/2026:13:37:28 +0000] "GET /wedding-planning-advice-for-the-busy-bride-and-groom/?share=facebook HTTP/1.1" 302 - "-" "Mozilla/5.0 (Macintosh; Intel Mac OS X 10_15_7) AppleWebKit/537.36 (KHTML, like Gecko) Chrome/100.0.4896.60 Safari/537.36"
114.119.158.157 - - [27/Apr/2026:13:41:19 +0000] "GET /author/h0tn1ch3s/page/7/ HTTP/1.1" 200 17407 "https://weddingmonitor.com/author/h0tn1ch3s/page/7/" "Mozilla/5.0 (Linux; Android 7.0;) AppleWebKit/537.36 (HTML, like Gecko) Mobile Safari/537.36 (compatible; PetalBot;+https://webmaster.petalsearch.com/site/petalbot)"
184.94.212.206 - - [27/Apr/2026:13:42:29 +0000] "POST /wp-cron.php?doing_wp_cron=1777297349.5663039684295654296875 HTTP/1.1" 200 - "-" "WordPress/6.9.4; https://weddingmonitor.com"
192.0.102.230 - - [27/Apr/2026:13:42:28 +0000] "HEAD / HTTP/1.1" 200 - "-" "jetmon/1.0 (Jetpack Site Uptime Monitor by WordPress.com)"
113.179.186.198 - - [27/Apr/2026:13:44:18 +0000] "GET /adsense-disclaimer/?share=facebook HTTP/1.1" 302 - "-" "Mozilla/5.0 (Windows NT 10.0; Win64; x64) AppleWebKit/537.36 (KHTML, like Gecko) Chrome/110.0.0.0 Safari/537.36"
114.119.133.120 - - [27/Apr/2026:13:45:12 +0000] "GET /author/h0tn1ch3s/page/5/?noamp=mobile HTTP/1.1" 200 16831 "https://weddingmonitor.com/author/h0tn1ch3s/page/5?noamp=mobile" "Mozilla/5.0 (Linux; Android 7.0;) AppleWebKit/537.36 (HTML, like Gecko) Mobile Safari/537.36 (compatible; PetalBot;+https://webmaster.petalsearch.com/site/petalbot)"
184.94.212.206 - - [27/Apr/2026:13:47:24 +0000] "POST /wp-cron.php?doing_wp_cron=1777297644.9498178958892822265625 HTTP/1.1" 200 - "-" "WordPress/6.9.4; https://weddingmonitor.com"
192.0.102.230 - - [27/Apr/2026:13:47:23 +0000] "HEAD / HTTP/1.1" 200 - "-" "jetmon/1.0 (Jetpack Site Uptime Monitor by WordPress.com)"
142.44.233.243 - - [27/Apr/2026:13:48:28 +0000] "GET /copyright-dcma-notice/?share=facebook HTTP/1.1" 302 - "-" "Mozilla/5.0 (compatible; AhrefsBot/7.0; +http://ahrefs.com/robot/)"
184.94.212.206 - - [27/Apr/2026:13:49:27 +0000] "POST /wp-cron.php?doing_wp_cron=1777297767.2993659973144531250000 HTTP/1.1" 200 - "-" "WordPress/6.9.4; https://weddingmonitor.com"
114.119.141.4 - - [27/Apr/2026:13:49:25 +0000] "GET /author/h0tn1ch3s/page/4/?amp HTTP/1.1" 200 16951 "https://weddingmonitor.com/author/h0tn1ch3s/page/3/?amp" "Mozilla/5.0 (Linux; Android 7.0;) AppleWebKit/537.36 (HTML, like Gecko) Mobile Safari/537.36 (compatible; PetalBot;+https://webmaster.petalsearch.com/site/petalbot)"
184.94.212.206 - - [27/Apr/2026:13:52:25 +0000] "POST /wp-cron.php?doing_wp_cron=1777297945.8935289382934570312500 HTTP/1.1" 200 - "-" "WordPress/6.9.4; https://weddingmonitor.com"
192.0.102.230 - - [27/Apr/2026:13:52:24 +0000] "HEAD / HTTP/1.1" 200 - "-" "jetmon/1.0 (Jetpack Site Uptime Monitor by WordPress.com)"
