114.119.129.24 - - [27/Apr/2026:22:58:04 +0000] "GET /multi-collagen-protein-benefits-after-35/ HTTP/1.1" 200 16352 "https://verygreentea.com/category/benefits/?amp" "Mozilla/5.0 (Linux; Android 7.0;) AppleWebKit/537.36 (KHTML, like Gecko) Mobile Safari/537.36 (compatible; PetalBot;+https://webmaster.petalsearch.com/site/petalbot)"
209.87.169.40 - - [27/Apr/2026:22:59:07 +0000] "POST /wp-login.php HTTP/1.1" 401 3415 "-" "Mozilla/5.0"
184.94.212.206 - - [27/Apr/2026:23:01:32 +0000] "POST /wp-cron.php?doing_wp_cron=1777330892.4427170753479003906250 HTTP/1.1" 200 - "-" "WordPress/6.9.4; https://verygreentea.com"
114.119.136.150 - - [27/Apr/2026:23:01:30 +0000] "GET /green-tea-extract?share=tumblr HTTP/1.1" 302 - "https://verygreentea.com/green-tea-extract?amp" "Mozilla/5.0 (Linux; Android 7.0;) AppleWebKit/537.36 (HTML, like Gecko) Mobile Safari/537.36 (compatible; PetalBot;+https://webmaster.petalsearch.com/site/petalbot)"
184.94.212.206 - - [27/Apr/2026:23:04:40 +0000] "POST /wp-cron.php?doing_wp_cron=1777331080.5112750530242919921875 HTTP/1.1" 200 - "-" "WordPress/6.9.4; https://verygreentea.com"
216.73.217.60 - - [27/Apr/2026:23:04:38 +0000] "GET /sitemap.xml HTTP/1.1" 200 297 "-" "Mozilla/5.0 AppleWebKit/537.36 (KHTML, like Gecko; compatible; ClaudeBot/1.0; +claudebot@anthropic.com)"
57.141.18.57 - - [27/Apr/2026:23:05:11 +0000] "GET /simple_steps_to_achieve_lasting_weight_loss-jpg/ HTTP/1.1" 301 - "-" "meta-externalagent/1.1 (+https://developers.facebook.com/docs/sharing/webmasters/crawler)"
114.119.135.207 - - [27/Apr/2026:23:05:37 +0000] "GET /estrogen-balance-for-women-after-35/?share=pinterest HTTP/1.1" 302 - "https://verygreentea.com/estrogen-balance-for-women-after-35/" "Mozilla/5.0 (Linux; Android 7.0;) AppleWebKit/537.36 (HTML, like Gecko) Mobile Safari/537.36 (compatible; PetalBot;+https://webmaster.petalsearch.com/site/petalbot)"
184.94.212.206 - - [27/Apr/2026:23:09:56 +0000] "POST /wp-cron.php?doing_wp_cron=1777331396.5290939807891845703125 HTTP/1.1" 200 - "-" "WordPress/6.9.4; https://verygreentea.com"
114.119.156.60 - - [27/Apr/2026:23:09:55 +0000] "GET /tip_of_the_day_you_can_lose_that_weight_now-jpg HTTP/1.1" 301 - "-" "Mozilla/5.0 (Linux; Android 7.0;) AppleWebKit/537.36 (HTML, like Gecko) Mobile Safari/537.36 (compatible; PetalBot;+https://webmaster.petalsearch.com/site/petalbot)"
114.119.156.60 - - [27/Apr/2026:23:09:56 +0000] "GET /wp-content/uploads/2020/04/tip_of_the_day_you_can_lose_that_weight_now.jpg HTTP/1.1" 200 103054 "https://verygreentea.com/tip_of_the_day_you_can_lose_that_weight_now-jpg" "Mozilla/5.0 (Linux; Android 7.0;) AppleWebKit/537.36 (HTML, like Gecko) Mobile Safari/537.36 (compatible; PetalBot;+https://webmaster.petalsearch.com/site/petalbot)"
57.141.18.91 - - [27/Apr/2026:23:10:17 +0000] "GET / HTTP/1.1" 200 65008 "-" "meta-externalagent/1.1 (+https://developers.facebook.com/docs/sharing/webmasters/crawler)"
184.94.212.206 - - [27/Apr/2026:23:13:38 +0000] "POST /wp-cron.php?doing_wp_cron=1777331618.0973520278930664062500 HTTP/1.1" 200 - "-" "WordPress/6.9.4; https://verygreentea.com"
51.103.73.149 - - [27/Apr/2026:23:13:36 +0000] "GET /inputs.php HTTP/1.1" 404 11322 "-" "Mozilla/5.0 (Windows NT 10.0; Win64; x64) AppleWebKit/537.36 (KHTML, like Gecko) Chrome/120.0.0.0 Safari/537.36"
51.103.73.149 - - [27/Apr/2026:23:13:38 +0000] "GET /ioxi-o.php HTTP/1.1" 404 11323 "-" "Mozilla/5.0 (Windows NT 10.0; Win64; x64) AppleWebKit/537.36 (KHTML, like Gecko) Chrome/120.0.0.0 Safari/537.36"
51.103.73.149 - - [27/Apr/2026:23:13:39 +0000] "GET /function/function.php HTTP/1.1" 404 11323 "-" "Mozilla/5.0 (Windows NT 10.0; Win64; x64) AppleWebKit/537.36 (KHTML, like Gecko) Chrome/120.0.0.0 Safari/537.36"
51.103.73.149 - - [27/Apr/2026:23:13:40 +0000] "GET /rip.php HTTP/1.1" 404 11320 "-" "Mozilla/5.0 (Windows NT 10.0; Win64; x64) AppleWebKit/537.36 (KHTML, like Gecko) Chrome/120.0.0.0 Safari/537.36"
51.103.73.149 - - [27/Apr/2026:23:13:41 +0000] "GET /admin.php HTTP/1.1" 404 11321 "-" "Mozilla/5.0 (Windows NT 10.0; Win64; x64) AppleWebKit/537.36 (KHTML, like Gecko) Chrome/120.0.0.0 Safari/537.36"
51.103.73.149 - - [27/Apr/2026:23:13:42 +0000] "GET /wp-content/uploads/index.php HTTP/1.1" 301 - "-" "Mozilla/5.0 (Windows NT 10.0; Win64; x64) AppleWebKit/537.36 (KHTML, like Gecko) Chrome/120.0.0.0 Safari/537.36"
51.103.73.149 - - [27/Apr/2026:23:13:43 +0000] "GET /cache.php HTTP/1.1" 404 11322 "-" "Mozilla/5.0 (Windows NT 10.0; Win64; x64) AppleWebKit/537.36 (KHTML, like Gecko) Chrome/120.0.0.0 Safari/537.36"
51.103.73.149 - - [27/Apr/2026:23:13:44 +0000] "GET /themes.php HTTP/1.1" 404 11321 "-" "Mozilla/5.0 (Windows NT 10.0; Win64; x64) AppleWebKit/537.36 (KHTML, like Gecko) Chrome/120.0.0.0 Safari/537.36"
51.103.73.149 - - [27/Apr/2026:23:13:45 +0000] "GET /an.php HTTP/1.1" 404 11320 "-" "Mozilla/5.0 (Windows NT 10.0; Win64; x64) AppleWebKit/537.36 (KHTML, like Gecko) Chrome/120.0.0.0 Safari/537.36"
51.103.73.149 - - [27/Apr/2026:23:13:46 +0000] "GET /index/function.php HTTP/1.1" 404 11325 "-" "Mozilla/5.0 (Windows NT 10.0; Win64; x64) AppleWebKit/537.36 (KHTML, like Gecko) Chrome/120.0.0.0 Safari/537.36"
51.103.73.149 - - [27/Apr/2026:23:13:47 +0000] "GET /randkeyword.PhP7 HTTP/1.1" 404 11330 "-" "Mozilla/5.0 (Windows NT 10.0; Win64; x64) AppleWebKit/537.36 (KHTML, like Gecko) Chrome/120.0.0.0 Safari/537.36"
51.103.73.149 - - [27/Apr/2026:23:13:48 +0000] "GET /ws.php HTTP/1.1" 404 11321 "-" "Mozilla/5.0 (Windows NT 10.0; Win64; x64) AppleWebKit/537.36 (KHTML, like Gecko) Chrome/120.0.0.0 Safari/537.36"
57.141.18.11 - - [27/Apr/2026:23:13:48 +0000] "GET /fav1/ HTTP/1.1" 301 - "-" "meta-externalagent/1.1 (+https://developers.facebook.com/docs/sharing/webmasters/crawler)"
51.103.73.149 - - [27/Apr/2026:23:13:49 +0000] "GET /404.php HTTP/1.1" 404 11321 "-" "Mozilla/5.0 (Windows NT 10.0; Win64; x64) AppleWebKit/537.36 (KHTML, like Gecko) Chrome/120.0.0.0 Safari/537.36"
51.103.73.149 - - [27/Apr/2026:23:13:50 +0000] "GET /wp-admin/user.php HTTP/1.1" 404 11325 "-" "Mozilla/5.0 (Windows NT 10.0; Win64; x64) AppleWebKit/537.36 (KHTML, like Gecko) Chrome/120.0.0.0 Safari/537.36"
51.103.73.149 - - [27/Apr/2026:23:13:51 +0000] "GET /wp-conf.php HTTP/1.1" 404 11323 "-" "Mozilla/5.0 (Windows NT 10.0; Win64; x64) AppleWebKit/537.36 (KHTML, like Gecko) Chrome/120.0.0.0 Safari/537.36"
51.103.73.149 - - [27/Apr/2026:23:13:52 +0000] "GET /wp-content/themes/hideo/network.php HTTP/1.1" 404 11385 "-" "Mozilla/5.0 (Windows NT 10.0; Win64; x64) AppleWebKit/537.36 (KHTML, like Gecko) Chrome/120.0.0.0 Safari/537.36"
51.103.73.149 - - [27/Apr/2026:23:13:53 +0000] "GET /wp-login.php HTTP/1.1" 200 2769 "-" "Mozilla/5.0 (Windows NT 10.0; Win64; x64) AppleWebKit/537.36 (KHTML, like Gecko) Chrome/120.0.0.0 Safari/537.36"
51.103.73.149 - - [27/Apr/2026:23:13:55 +0000] "GET /abc.php HTTP/1.1" 404 11321 "-" "Mozilla/5.0 (Windows NT 10.0; Win64; x64) AppleWebKit/537.36 (KHTML, like Gecko) Chrome/120.0.0.0 Safari/537.36"
51.103.73.149 - - [27/Apr/2026:23:13:56 +0000] "GET /abcd.php HTTP/1.1" 404 11321 "-" "Mozilla/5.0 (Windows NT 10.0; Win64; x64) AppleWebKit/537.36 (KHTML, like Gecko) Chrome/120.0.0.0 Safari/537.36"
51.103.73.149 - - [27/Apr/2026:23:13:57 +0000] "GET /as.php HTTP/1.1" 404 11320 "-" "Mozilla/5.0 (Windows NT 10.0; Win64; x64) AppleWebKit/537.36 (KHTML, like Gecko) Chrome/120.0.0.0 Safari/537.36"
51.103.73.149 - - [27/Apr/2026:23:13:58 +0000] "GET /wp-trackback.php HTTP/1.1" 404 130 "-" "Mozilla/5.0 (Windows NT 10.0; Win64; x64) AppleWebKit/537.36 (KHTML, like Gecko) Chrome/120.0.0.0 Safari/537.36"
51.103.73.149 - - [27/Apr/2026:23:13:59 +0000] "GET /about.php HTTP/1.1" 404 11321 "-" "Mozilla/5.0 (Windows NT 10.0; Win64; x64) AppleWebKit/537.36 (KHTML, like Gecko) Chrome/120.0.0.0 Safari/537.36"
51.103.73.149 - - [27/Apr/2026:23:14:00 +0000] "GET /file.php HTTP/1.1" 404 11321 "-" "Mozilla/5.0 (Windows NT 10.0; Win64; x64) AppleWebKit/537.36 (KHTML, like Gecko) Chrome/120.0.0.0 Safari/537.36"
51.103.73.149 - - [27/Apr/2026:23:14:01 +0000] "GET /adminfuns.php HTTP/1.1" 404 11324 "-" "Mozilla/5.0 (Windows NT 10.0; Win64; x64) AppleWebKit/537.36 (KHTML, like Gecko) Chrome/120.0.0.0 Safari/537.36"
51.103.73.149 - - [27/Apr/2026:23:14:03 +0000] "GET /wp-good.php HTTP/1.1" 404 11324 "-" "Mozilla/5.0 (Windows NT 10.0; Win64; x64) AppleWebKit/537.36 (KHTML, like Gecko) Chrome/120.0.0.0 Safari/537.36"
209.87.169.235 - - [27/Apr/2026:23:14:03 +0000] "POST /wp-login.php HTTP/1.1" 401 3416 "-" "Mozilla/5.0"
51.103.73.149 - - [27/Apr/2026:23:14:04 +0000] "GET /xmlrpc.php HTTP/1.1" 404 11323 "-" "Mozilla/5.0 (Windows NT 10.0; Win64; x64) AppleWebKit/537.36 (KHTML, like Gecko) Chrome/120.0.0.0 Safari/537.36"
51.103.73.149 - - [27/Apr/2026:23:14:05 +0000] "GET /goods.php HTTP/1.1" 404 11322 "-" "Mozilla/5.0 (Windows NT 10.0; Win64; x64) AppleWebKit/537.36 (KHTML, like Gecko) Chrome/120.0.0.0 Safari/537.36"
51.103.73.149 - - [27/Apr/2026:23:14:06 +0000] "GET /class-t.api.php HTTP/1.1" 404 11325 "-" "Mozilla/5.0 (Windows NT 10.0; Win64; x64) AppleWebKit/537.36 (KHTML, like Gecko) Chrome/120.0.0.0 Safari/537.36"
51.103.73.149 - - [27/Apr/2026:23:14:07 +0000] "GET /sf.php HTTP/1.1" 404 11320 "-" "Mozilla/5.0 (Windows NT 10.0; Win64; x64) AppleWebKit/537.36 (KHTML, like Gecko) Chrome/120.0.0.0 Safari/537.36"
51.103.73.149 - - [27/Apr/2026:23:14:08 +0000] "GET /kbfr.php HTTP/1.1" 404 11322 "-" "Mozilla/5.0 (Windows NT 10.0; Win64; x64) AppleWebKit/537.36 (KHTML, like Gecko) Chrome/120.0.0.0 Safari/537.36"
51.103.73.149 - - [27/Apr/2026:23:14:09 +0000] "GET /autoload_classmap.php HTTP/1.1" 404 11329 "-" "Mozilla/5.0 (Windows NT 10.0; Win64; x64) AppleWebKit/537.36 (KHTML, like Gecko) Chrome/120.0.0.0 Safari/537.36"
51.103.73.149 - - [27/Apr/2026:23:14:10 +0000] "GET /chosen.php?p= HTTP/1.1" 301 - "-" "Mozilla/5.0 (Windows NT 10.0; Win64; x64) AppleWebKit/537.36 (KHTML, like Gecko) Chrome/120.0.0.0 Safari/537.36"
51.103.73.149 - - [27/Apr/2026:23:14:10 +0000] "GET /classwithtostring.php HTTP/1.1" 404 11326 "-" "Mozilla/5.0 (Windows NT 10.0; Win64; x64) AppleWebKit/537.36 (KHTML, like Gecko) Chrome/120.0.0.0 Safari/537.36"
51.103.73.149 - - [27/Apr/2026:23:14:11 +0000] "GET /defaults.php HTTP/1.1" 404 11324 "-" "Mozilla/5.0 (Windows NT 10.0; Win64; x64) AppleWebKit/537.36 (KHTML, like Gecko) Chrome/120.0.0.0 Safari/537.36"
51.103.73.149 - - [27/Apr/2026:23:14:12 +0000] "GET /.well-known/ HTTP/1.1" 404 11328 "-" "Mozilla/5.0 (Windows NT 10.0; Win64; x64) AppleWebKit/537.36 (KHTML, like Gecko) Chrome/120.0.0.0 Safari/537.36"
51.103.73.149 - - [27/Apr/2026:23:14:13 +0000] "GET /info.php HTTP/1.1" 404 11321 "-" "Mozilla/5.0 (Windows NT 10.0; Win64; x64) AppleWebKit/537.36 (KHTML, like Gecko) Chrome/120.0.0.0 Safari/537.36"
51.103.73.149 - - [27/Apr/2026:23:14:14 +0000] "GET /cgi-bin/ HTTP/1.1" 404 11324 "-" "Mozilla/5.0 (Windows NT 10.0; Win64; x64) AppleWebKit/537.36 (KHTML, like Gecko) Chrome/120.0.0.0 Safari/537.36"
184.94.212.206 - - [27/Apr/2026:23:14:16 +0000] "POST /wp-cron.php?doing_wp_cron=1777331656.6319069862365722656250 HTTP/1.1" 200 - "-" "WordPress/6.9.4; https://verygreentea.com"
51.103.73.149 - - [27/Apr/2026:23:14:15 +0000] "GET /wp-includes/Requests/src/Response/about.php HTTP/1.1" 404 11391 "-" "Mozilla/5.0 (Windows NT 10.0; Win64; x64) AppleWebKit/537.36 (KHTML, like Gecko) Chrome/120.0.0.0 Safari/537.36"
51.103.73.149 - - [27/Apr/2026:23:14:16 +0000] "GET /wp-includes/html-api/ HTTP/1.1" 404 11327 "-" "Mozilla/5.0 (Windows NT 10.0; Win64; x64) AppleWebKit/537.36 (KHTML, like Gecko) Chrome/120.0.0.0 Safari/537.36"
51.103.73.149 - - [27/Apr/2026:23:14:17 +0000] "GET /wp-content/admin.php HTTP/1.1" 404 11324 "-" "Mozilla/5.0 (Windows NT 10.0; Win64; x64) AppleWebKit/537.36 (KHTML, like Gecko) Chrome/120.0.0.0 Safari/537.36"
51.103.73.149 - - [27/Apr/2026:23:14:18 +0000] "GET /wp-admin/css/colors/ectoplasm/ HTTP/1.1" 404 11391 "-" "Mozilla/5.0 (Windows NT 10.0; Win64; x64) AppleWebKit/537.36 (KHTML, like Gecko) Chrome/120.0.0.0 Safari/537.36"
51.103.73.149 - - [27/Apr/2026:23:14:19 +0000] "GET /wp-content/uploads/ HTTP/1.1" 404 11321 "-" "Mozilla/5.0 (Windows NT 10.0; Win64; x64) AppleWebKit/537.36 (KHTML, like Gecko) Chrome/120.0.0.0 Safari/537.36"
51.103.73.149 - - [27/Apr/2026:23:14:20 +0000] "GET /wp-content/themes/admin.php HTTP/1.1" 404 11379 "-" "Mozilla/5.0 (Windows NT 10.0; Win64; x64) AppleWebKit/537.36 (KHTML, like Gecko) Chrome/120.0.0.0 Safari/537.36"
51.103.73.149 - - [27/Apr/2026:23:14:21 +0000] "GET /wp-content/themes/index.php HTTP/1.1" 301 - "-" "Mozilla/5.0 (Windows NT 10.0; Win64; x64) AppleWebKit/537.36 (KHTML, like Gecko) Chrome/120.0.0.0 Safari/537.36"
51.103.73.149 - - [27/Apr/2026:23:14:22 +0000] "GET /wp-content/plugins/index.php HTTP/1.1" 301 - "-" "Mozilla/5.0 (Windows NT 10.0; Win64; x64) AppleWebKit/537.36 (KHTML, like Gecko) Chrome/120.0.0.0 Safari/537.36"
51.103.73.149 - - [27/Apr/2026:23:14:23 +0000] "GET /wp-includes/PHPMailer/ HTTP/1.1" 404 11330 "-" "Mozilla/5.0 (Windows NT 10.0; Win64; x64) AppleWebKit/537.36 (KHTML, like Gecko) Chrome/120.0.0.0 Safari/537.36"
51.103.73.149 - - [27/Apr/2026:23:14:24 +0000] "GET /wp-includes/images/ HTTP/1.1" 404 11324 "-" "Mozilla/5.0 (Windows NT 10.0; Win64; x64) AppleWebKit/537.36 (KHTML, like Gecko) Chrome/120.0.0.0 Safari/537.36"
51.103.73.149 - - [27/Apr/2026:23:14:25 +0000] "GET /wp-content/plugins/WordPressCore/ HTTP/1.1" 404 11387 "-" "Mozilla/5.0 (Windows NT 10.0; Win64; x64) AppleWebKit/537.36 (KHTML, like Gecko) Chrome/120.0.0.0 Safari/537.36"
184.94.212.206 - - [27/Apr/2026:23:22:32 +0000] "POST /wp-cron.php?doing_wp_cron=1777332152.7444999217987060546875 HTTP/1.1" 200 - "-" "WordPress/6.9.4; https://verygreentea.com"
36.42.39.200 - - [27/Apr/2026:23:22:31 +0000] "GET / HTTP/1.1" 200 15028 "https://verygreentea.com/" "User-Agent:Mozilla/5.0 (Windows NT 6.1; WOW64) AppleWebKit/537.36 (KHTML, like Gecko) Chrome/50.0.2661.102 Safari/537.36"
216.73.217.60 - - [27/Apr/2026:23:23:25 +0000] "GET /robots.txt HTTP/1.1" 200 142 "-" "Mozilla/5.0 AppleWebKit/537.36 (KHTML, like Gecko; compatible; ClaudeBot/1.0; +claudebot@anthropic.com)"
216.73.217.60 - - [27/Apr/2026:23:23:27 +0000] "GET /sitemap_index.xml HTTP/1.1" 200 341 "-" "Mozilla/5.0 AppleWebKit/537.36 (KHTML, like Gecko; compatible; ClaudeBot/1.0; +claudebot@anthropic.com)"
184.94.212.206 - - [27/Apr/2026:23:26:23 +0000] "POST /wp-cron.php?doing_wp_cron=1777332383.8068289756774902343750 HTTP/1.1" 200 - "-" "WordPress/6.9.4; https://verygreentea.com"
216.73.217.60 - - [27/Apr/2026:23:26:22 +0000] "GET /sitemap.xml HTTP/1.1" 200 297 "-" "Mozilla/5.0 AppleWebKit/537.36 (KHTML, like Gecko; compatible; ClaudeBot/1.0; +claudebot@anthropic.com)"
184.94.212.206 - - [27/Apr/2026:23:29:18 +0000] "POST /wp-cron.php?doing_wp_cron=1777332558.3336079120635986328125 HTTP/1.1" 200 - "-" "WordPress/6.9.4; https://verygreentea.com"
209.87.169.53 - - [27/Apr/2026:23:29:15 +0000] "POST /wp-login.php HTTP/1.1" 401 3415 "-" "Mozilla/5.0"
114.119.130.109 - - [27/Apr/2026:23:30:35 +0000] "GET /tag/red-meat/?noamp=mobile HTTP/1.1" 200 11698 "https://verygreentea.com/tag/red-meat/?noamp=mobile" "Mozilla/5.0 (Linux; Android 7.0;) AppleWebKit/537.36 (HTML, like Gecko) Mobile Safari/537.36 (compatible; PetalBot;+https://webmaster.petalsearch.com/site/petalbot)"
181.55.70.14 - - [27/Apr/2026:23:31:06 +0000] "GET /category/weight-loss-calculator/ HTTP/1.1" 200 12426 "-" "Mozilla/5.0 (Windows NT 5.1) AppleWebKit/537.36 (KHTML, like Gecko) Chrome/41.0.2224.3 Safari/537.36"
184.94.212.206 - - [27/Apr/2026:23:32:48 +0000] "POST /wp-cron.php?doing_wp_cron=1777332768.8477458953857421875000 HTTP/1.1" 200 - "-" "WordPress/6.9.4; https://verygreentea.com"
57.141.18.78 - - [27/Apr/2026:23:32:47 +0000] "GET /fantastic_ideas_to_help_you_lose_weight_fast-jpg/ HTTP/1.1" 301 - "-" "meta-externalagent/1.1 (+https://developers.facebook.com/docs/sharing/webmasters/crawler)"
184.94.212.206 - - [27/Apr/2026:23:34:35 +0000] "POST /wp-cron.php?doing_wp_cron=1777332875.2984709739685058593750 HTTP/1.1" 200 - "-" "WordPress/6.9.4; https://verygreentea.com"
114.119.141.83 - - [27/Apr/2026:23:34:33 +0000] "GET /category/weight-loss-calculator/?amp HTTP/1.1" 200 12349 "https://verygreentea.com/category/weight-loss-calculator/?amp" "Mozilla/5.0 (Linux; Android 7.0;) AppleWebKit/537.36 (HTML, like Gecko) Mobile Safari/537.36 (compatible; PetalBot;+https://webmaster.petalsearch.com/site/petalbot)"
184.94.212.206 - - [27/Apr/2026:23:37:17 +0000] "POST /wp-cron.php?doing_wp_cron=1777333037.7036840915679931640625 HTTP/1.1" 200 - "-" "WordPress/6.9.4; https://verygreentea.com"
113.188.184.199 - - [27/Apr/2026:23:37:16 +0000] "GET /how-to-make-green-tea/ HTTP/1.1" 200 19717 "-" "Mozilla/5.0 (Windows NT 10.0; Win64; x64) AppleWebKit/537.36 (KHTML, like Gecko) Chrome/101.0.4951.67 Safari/537.36"
176.65.132.241 - - [27/Apr/2026:23:38:04 +0000] "GET /phpinfo.php HTTP/1.1" 500 1004 "http://verygreentea.primemusicproductions.com/phpinfo.php" "Mozilla/5.0 (X11; Linux x86_64; rv:133.0) Gecko/20100101 Firefox/133.0"
176.65.132.241 - - [27/Apr/2026:23:38:04 +0000] "GET /config.php HTTP/1.1" 500 1004 "http://verygreentea.primemusicproductions.com/config.php" "Mozilla/5.0 (Windows NT 10.0; Win64; x64) AppleWebKit/537.36 (KHTML, like Gecko) Chrome/131.0.0.0 Safari/537.36 Edg/131.0.0.0"
176.65.132.241 - - [27/Apr/2026:23:38:04 +0000] "GET /app.js HTTP/1.1" 500 1004 "http://verygreentea.primemusicproductions.com/app.js" "Mozilla/5.0 (Windows NT 10.0; Win64; x64) AppleWebKit/537.36 (KHTML, like Gecko) Chrome/131.0.0.0 Safari/537.36 Edg/131.0.0.0"
176.65.132.241 - - [27/Apr/2026:23:38:04 +0000] "GET /appsettings.json HTTP/1.1" 500 1004 "http://verygreentea.primemusicproductions.com/appsettings.json" "Mozilla/5.0 (Windows NT 10.0; Win64; x64) AppleWebKit/537.36 (KHTML, like Gecko) Chrome/131.0.0.0 Safari/537.36 Edg/131.0.0.0"
176.65.132.241 - - [27/Apr/2026:23:38:04 +0000] "GET /.env HTTP/1.1" 500 1004 "http://verygreentea.primemusicproductions.com/.env" "Mozilla/5.0 (X11; Linux x86_64; rv:133.0) Gecko/20100101 Firefox/133.0"
176.65.132.241 - - [27/Apr/2026:23:38:03 +0000] "GET /.git/config HTTP/1.1" 500 1004 "http://verygreentea.com/.git/config" "Mozilla/5.0 (Windows NT 10.0; Win64; x64) AppleWebKit/537.36 (KHTML, like Gecko) Chrome/131.0.0.0 Safari/537.36"
176.65.132.241 - - [27/Apr/2026:23:38:04 +0000] "GET /server.js HTTP/1.1" 500 1004 "http://verygreentea.primemusicproductions.com/server.js" "Mozilla/5.0 (Windows NT 10.0; Win64; x64) AppleWebKit/537.36 (KHTML, like Gecko) Chrome/131.0.0.0 Safari/537.36"
176.65.132.241 - - [27/Apr/2026:23:38:03 +0000] "GET /403.shtml HTTP/1.1" 500 1004 "http://verygreentea.com/wp-config.php" "Mozilla/5.0 (Macintosh; Intel Mac OS X 10_15_7) AppleWebKit/605.1.15 (KHTML, like Gecko) Version/17.6 Safari/605.1.15"
176.65.132.241 - - [27/Apr/2026:23:38:03 +0000] "GET /app.js HTTP/1.1" 500 1004 "http://verygreentea.com/app.js" "Mozilla/5.0 (Macintosh; Intel Mac OS X 10.15; rv:133.0) Gecko/20100101 Firefox/133.0"
176.65.132.241 - - [27/Apr/2026:23:38:03 +0000] "GET /server.js HTTP/1.1" 500 1004 "http://verygreentea.com/server.js" "Mozilla/5.0 (Windows NT 10.0; Win64; x64; rv:133.0) Gecko/20100101 Firefox/133.0"
176.65.132.241 - - [27/Apr/2026:23:38:04 +0000] "GET /.git/config HTTP/1.1" 500 1004 "http://verygreentea.primemusicproductions.com/.git/config" "Mozilla/5.0 (Linux; Android 14; Pixel 8) AppleWebKit/537.36 (KHTML, like Gecko) Chrome/131.0.0.0 Mobile Safari/537.36"
176.65.132.241 - - [27/Apr/2026:23:38:03 +0000] "GET /phpinfo.php HTTP/1.1" 404 11321 "http://verygreentea.com/phpinfo.php" "Mozilla/5.0 (Macintosh; Intel Mac OS X 10_15_7) AppleWebKit/537.36 (KHTML, like Gecko) Chrome/131.0.0.0 Safari/537.36"
176.65.132.241 - - [27/Apr/2026:23:38:03 +0000] "GET /config.php HTTP/1.1" 404 11318 "http://verygreentea.com/config.php" "Mozilla/5.0 (Windows NT 10.0; Win64; x64; rv:133.0) Gecko/20100101 Firefox/133.0"
176.65.132.241 - - [27/Apr/2026:23:38:03 +0000] "GET /appsettings.json HTTP/1.1" 404 11323 "http://verygreentea.com/appsettings.json" "Mozilla/5.0 (Windows NT 10.0; Win64; x64) AppleWebKit/537.36 (KHTML, like Gecko) Chrome/131.0.0.0 Safari/537.36"
176.65.132.241 - - [27/Apr/2026:23:38:03 +0000] "GET /.env HTTP/1.1" 404 11318 "http://verygreentea.com/.env" "Mozilla/5.0 (Windows NT 10.0; Win64; x64; rv:133.0) Gecko/20100101 Firefox/133.0"
176.65.132.241 - - [27/Apr/2026:23:38:04 +0000] "GET /403.shtml HTTP/1.1" 404 11324 "http://verygreentea.primemusicproductions.com/wp-config.php" "Mozilla/5.0 (Windows NT 10.0; Win64; x64) AppleWebKit/537.36 (KHTML, like Gecko) Chrome/130.0.0.0 Safari/537.36"
176.65.132.241 - - [27/Apr/2026:23:38:03 +0000] "GET /info.php HTTP/1.1" 404 11319 "http://verygreentea.com/info.php" "Mozilla/5.0 (Macintosh; Intel Mac OS X 10_15_7) AppleWebKit/537.36 (KHTML, like Gecko) Chrome/131.0.0.0 Safari/537.36"
176.65.132.241 - - [27/Apr/2026:23:38:04 +0000] "GET /info.php HTTP/1.1" 404 11321 "http://verygreentea.primemusicproductions.com/info.php" "Mozilla/5.0 (Windows NT 10.0; Win64; x64) AppleWebKit/537.36 (KHTML, like Gecko) Chrome/130.0.0.0 Safari/537.36"
114.119.151.155 - - [27/Apr/2026:23:38:44 +0000] "GET /green-tea-benefits-of-weight-loss-and-more/?share=twitter HTTP/1.1" 302 - "https://verygreentea.com/green-tea-benefits-of-weight-loss-and-more/" "Mozilla/5.0 (Linux; Android 7.0;) AppleWebKit/537.36 (HTML, like Gecko) Mobile Safari/537.36 (compatible; PetalBot;+https://webmaster.petalsearch.com/site/petalbot)"
184.94.212.206 - - [27/Apr/2026:23:41:07 +0000] "POST /wp-cron.php?doing_wp_cron=1777333267.4684770107269287109375 HTTP/1.1" 200 - "-" "WordPress/6.9.4; https://verygreentea.com"
190.248.215.46 - - [27/Apr/2026:23:41:05 +0000] "GET /the-best-green-tea-for-weight-loss/?share=reddit HTTP/1.1" 302 - "-" "Mozilla/5.0 (Macintosh; Intel Mac OS X 10_15_7) AppleWebKit/537.36 (KHTML, like Gecko) Chrome/90.0.4430.212 Safari/537.36"
184.94.212.206 - - [27/Apr/2026:23:42:28 +0000] "POST /wp-cron.php?doing_wp_cron=1777333348.4528100490570068359375 HTTP/1.1" 200 - "-" "WordPress/6.9.4; https://verygreentea.com"
52.167.144.177 - - [27/Apr/2026:23:42:23 +0000] "GET /?s=2019 HTTP/1.1" 200 11675 "-" "Mozilla/5.0 AppleWebKit/537.36 (KHTML, like Gecko; compatible; bingbot/2.0; +http://www.bing.com/bingbot.htm) Chrome/116.0.1938.76 Safari/537.36"
184.94.212.206 - - [27/Apr/2026:23:42:55 +0000] "POST /wp-cron.php?doing_wp_cron=1777333375.4497020244598388671875 HTTP/1.1" 200 - "-" "WordPress/6.9.4; https://verygreentea.com"
114.119.148.10 - - [27/Apr/2026:23:42:54 +0000] "GET /a_few_ways_to_win_at_weight_loss-jpg HTTP/1.1" 301 - "-" "Mozilla/5.0 (Linux; Android 7.0;) AppleWebKit/537.36 (HTML, like Gecko) Mobile Safari/537.36 (compatible; PetalBot;+https://webmaster.petalsearch.com/site/petalbot)"
114.119.148.10 - - [27/Apr/2026:23:42:55 +0000] "GET /wp-content/uploads/2020/04/a_few_ways_to_win_at_weight_loss.jpg HTTP/1.1" 200 85213 "https://verygreentea.com/a_few_ways_to_win_at_weight_loss-jpg" "Mozilla/5.0 (Linux; Android 7.0;) AppleWebKit/537.36 (HTML, like Gecko) Mobile Safari/537.36 (compatible; PetalBot;+https://webmaster.petalsearch.com/site/petalbot)"
184.94.212.206 - - [27/Apr/2026:23:44:29 +0000] "POST /wp-cron.php?doing_wp_cron=1777333469.2342479228973388671875 HTTP/1.1" 200 - "-" "WordPress/6.9.4; https://verygreentea.com"
209.87.169.49 - - [27/Apr/2026:23:44:26 +0000] "POST /wp-login.php HTTP/1.1" 401 3416 "-" "Mozilla/5.0"
184.94.212.206 - - [27/Apr/2026:23:47:48 +0000] "POST /wp-cron.php?doing_wp_cron=1777333668.5452020168304443359375 HTTP/1.1" 200 - "-" "WordPress/6.9.4; https://verygreentea.com"
57.141.18.52 - - [27/Apr/2026:23:47:46 +0000] "GET /ultimate-hydration-for-energy-wellness-performance/ HTTP/1.1" 200 64492 "-" "meta-externalagent/1.1 (+https://developers.facebook.com/docs/sharing/webmasters/crawler)"
184.94.212.206 - - [27/Apr/2026:23:51:48 +0000] "POST /wp-cron.php?doing_wp_cron=1777333908.5477190017700195312500 HTTP/1.1" 200 - "-" "WordPress/6.9.4; https://verygreentea.com"
57.141.18.7 - - [27/Apr/2026:23:51:47 +0000] "GET /simple_weight_loss_strategies_that_anyone_can_use-jpg/ HTTP/1.1" 301 - "-" "meta-externalagent/1.1 (+https://developers.facebook.com/docs/sharing/webmasters/crawler)"
69.63.184.20 - - [27/Apr/2026:23:58:40 +0000] "GET /how-to-make-green-tea/ HTTP/1.1" 200 77379 "-" "meta-webindexer/1.1 (+https://developers.facebook.com/docs/sharing/webmasters/crawler)"
184.94.212.206 - - [27/Apr/2026:23:58:42 +0000] "POST /wp-cron.php?doing_wp_cron=1777334322.4890561103820800781250 HTTP/1.1" 200 - "-" "WordPress/6.9.4; https://verygreentea.com"
74.125.210.97 - - [27/Apr/2026:23:58:41 +0000] "GET / HTTP/1.1" 200 14948 "-" "Google-Display-Ads-Bot"
184.94.212.206 - - [28/Apr/2026:00:00:27 +0000] "POST /wp-cron.php?doing_wp_cron=1777334427.8818869590759277343750 HTTP/1.1" 200 - "-" "WordPress/6.9.4; https://verygreentea.com"
34.199.252.22 - - [28/Apr/2026:00:00:26 +0000] "GET /diet-and-exercise-tips-for-successful-weight-loss/ HTTP/1.1" 200 16813 "-" "Mozilla/5.0 AppleWebKit/537.36 (KHTML, like Gecko; compatible; Amazonbot/0.1; +https://developer.amazon.com/support/amazonbot) Chrome/119.0.6045.214 Safari/537.36"
184.94.212.206 - - [28/Apr/2026:00:07:13 +0000] "POST /wp-cron.php?doing_wp_cron=1777334833.1417009830474853515625 HTTP/1.1" 200 - "-" "WordPress/6.9.4; https://verygreentea.com"
209.87.169.45 - - [28/Apr/2026:00:07:10 +0000] "POST /wp-login.php HTTP/1.1" 401 3415 "-" "Mozilla/5.0"
77.90.185.5 - - [28/Apr/2026:00:07:47 +0000] "GET / HTTP/1.0" 200 65180 "https://verygreentea.com/" "Mozilla/5.0 (Windows NT 10.0; Win64; x64) AppleWebKit/537.36 (KHTML, like Gecko) Chrome/131.0.0.0 Safari/537.36"
77.90.185.5 - - [28/Apr/2026:00:07:50 +0000] "GET /contact-us/ HTTP/1.0" 200 51384 "https://verygreentea.com/contact-us/" "Mozilla/5.0 (Windows NT 10.0; Win64; x64) AppleWebKit/537.36 (KHTML, like Gecko) Chrome/131.0.0.0 Safari/537.36"
77.90.185.5 - - [28/Apr/2026:00:07:52 +0000] "GET /contact-us/?share=twitter HTTP/1.0" 302 - "https://verygreentea.com/contact-us/?share=twitter" "Mozilla/5.0 (Windows NT 10.0; Win64; x64) AppleWebKit/537.36 (KHTML, like Gecko) Chrome/131.0.0.0 Safari/537.36"
77.90.185.5 - - [28/Apr/2026:00:07:53 +0000] "GET /contact-us/?share=facebook HTTP/1.0" 302 - "https://verygreentea.com/contact-us/?share=facebook" "Mozilla/5.0 (Windows NT 10.0; Win64; x64) AppleWebKit/537.36 (KHTML, like Gecko) Chrome/131.0.0.0 Safari/537.36"
77.90.185.5 - - [28/Apr/2026:00:07:55 +0000] "GET /contact-us/?share=twitter HTTP/1.0" 302 - "https://verygreentea.com/contact-us/?share=twitter" "Mozilla/5.0 (Windows NT 10.0; Win64; x64) AppleWebKit/537.36 (KHTML, like Gecko) Chrome/131.0.0.0 Safari/537.36"
77.90.185.5 - - [28/Apr/2026:00:07:56 +0000] "GET /contact-us/?share=facebook HTTP/1.0" 302 - "https://verygreentea.com/contact-us/?share=facebook" "Mozilla/5.0 (Windows NT 10.0; Win64; x64) AppleWebKit/537.36 (KHTML, like Gecko) Chrome/131.0.0.0 Safari/537.36"
77.90.185.5 - - [28/Apr/2026:00:07:58 +0000] "GET /contact-us/?share=twitter HTTP/1.0" 302 - "https://verygreentea.com/contact-us/?share=twitter" "Mozilla/5.0 (Windows NT 10.0; Win64; x64) AppleWebKit/537.36 (KHTML, like Gecko) Chrome/131.0.0.0 Safari/537.36"
77.90.185.5 - - [28/Apr/2026:00:07:59 +0000] "GET /contact-us/?share=facebook HTTP/1.0" 302 - "https://verygreentea.com/contact-us/?share=facebook" "Mozilla/5.0 (Windows NT 10.0; Win64; x64) AppleWebKit/537.36 (KHTML, like Gecko) Chrome/131.0.0.0 Safari/537.36"
184.94.212.206 - - [28/Apr/2026:00:11:13 +0000] "POST /wp-cron.php?doing_wp_cron=1777335073.1890590190887451171875 HTTP/1.1" 200 - "-" "WordPress/6.9.4; https://verygreentea.com"
114.119.148.10 - - [28/Apr/2026:00:11:11 +0000] "GET /references/?share=tumblr HTTP/1.1" 302 - "https://verygreentea.com/references" "Mozilla/5.0 (Linux; Android 7.0;) AppleWebKit/537.36 (HTML, like Gecko) Mobile Safari/537.36 (compatible; PetalBot;+https://webmaster.petalsearch.com/site/petalbot)"
184.94.212.206 - - [28/Apr/2026:00:14:41 +0000] "POST /wp-cron.php?doing_wp_cron=1777335281.3119029998779296875000 HTTP/1.1" 200 - "-" "WordPress/6.9.4; https://verygreentea.com"
52.169.206.229 - - [28/Apr/2026:00:14:39 +0000] "GET /wp-content/plugins/hellopress/wp_filemanager.php HTTP/1.1" 404 42315 "-" "-"
52.169.206.229 - - [28/Apr/2026:00:14:41 +0000] "GET /file.php HTTP/1.1" 404 41967 "-" "-"
52.169.206.229 - - [28/Apr/2026:00:14:43 +0000] "GET /3369.php HTTP/1.1" 404 41967 "-" "-"
52.169.206.229 - - [28/Apr/2026:00:14:44 +0000] "GET /mg.php HTTP/1.1" 404 41965 "-" "-"
52.169.206.229 - - [28/Apr/2026:00:14:45 +0000] "GET /file-kikikoko.php HTTP/1.1" 404 41976 "-" "-"
52.169.206.229 - - [28/Apr/2026:00:14:47 +0000] "GET /spawns.php HTTP/1.1" 404 41969 "-" "-"
52.169.206.229 - - [28/Apr/2026:00:14:48 +0000] "GET /t3s.php HTTP/1.1" 404 41966 "-" "-"
52.169.206.229 - - [28/Apr/2026:00:14:49 +0000] "GET /uwu.php HTTP/1.1" 404 41966 "-" "-"
52.169.206.229 - - [28/Apr/2026:00:14:50 +0000] "GET /uwa.php HTTP/1.1" 404 41966 "-" "-"
52.169.206.229 - - [28/Apr/2026:00:14:52 +0000] "GET /crgio.php HTTP/1.1" 404 41968 "-" "-"
52.169.206.229 - - [28/Apr/2026:00:14:53 +0000] "GET /geforce.php HTTP/1.1" 404 41970 "-" "-"
52.169.206.229 - - [28/Apr/2026:00:14:54 +0000] "GET /wp-load.php HTTP/1.1" 200 - "-" "-"
52.169.206.229 - - [28/Apr/2026:00:14:55 +0000] "GET /77.php HTTP/1.1" 404 41965 "-" "-"
52.169.206.229 - - [28/Apr/2026:00:14:56 +0000] "GET /.sghb.php HTTP/1.1" 404 41968 "-" "-"
52.169.206.229 - - [28/Apr/2026:00:14:58 +0000] "GET /zoko.php HTTP/1.1" 404 41967 "-" "-"
52.169.206.229 - - [28/Apr/2026:00:14:59 +0000] "GET /solo1.php HTTP/1.1" 404 41968 "-" "-"
52.169.206.229 - - [28/Apr/2026:00:15:00 +0000] "GET /locales.php HTTP/1.1" 404 41970 "-" "-"
52.169.206.229 - - [28/Apr/2026:00:15:02 +0000] "GET /bgymj.php HTTP/1.1" 404 41968 "-" "-"
52.169.206.229 - - [28/Apr/2026:00:15:04 +0000] "GET /pucci.php HTTP/1.1" 404 41968 "-" "-"
52.169.206.229 - - [28/Apr/2026:00:15:05 +0000] "GET /wp-includes/blocks/details/ HTTP/1.1" 404 42294 "-" "-"
52.169.206.229 - - [28/Apr/2026:00:15:07 +0000] "GET /.dj/index.php HTTP/1.1" 301 - "-" "-"
52.169.206.229 - - [28/Apr/2026:00:15:08 +0000] "GET /.dj/ HTTP/1.1" 404 41963 "-" "-"
52.169.206.229 - - [28/Apr/2026:00:15:09 +0000] "GET /wp-includes/blocks/audio/ HTTP/1.1" 404 42292 "-" "-"
52.169.206.229 - - [28/Apr/2026:00:15:11 +0000] "GET /.tmb/ HTTP/1.1" 404 41964 "-" "-"
52.169.206.229 - - [28/Apr/2026:00:15:12 +0000] "GET /one.php HTTP/1.1" 404 41966 "-" "-"
52.169.206.229 - - [28/Apr/2026:00:15:13 +0000] "GET /no20.php HTTP/1.1" 404 41967 "-" "-"
52.169.206.229 - - [28/Apr/2026:00:15:15 +0000] "GET /yasnu.php HTTP/1.1" 404 41968 "-" "-"
52.169.206.229 - - [28/Apr/2026:00:15:16 +0000] "GET /sl.php HTTP/1.1" 404 41965 "-" "-"
52.169.206.229 - - [28/Apr/2026:00:15:17 +0000] "GET /vuln.php HTTP/1.1" 404 41967 "-" "-"
52.169.206.229 - - [28/Apr/2026:00:15:18 +0000] "GET /wp-temp.php HTTP/1.1" 404 41970 "-" "-"
52.169.206.229 - - [28/Apr/2026:00:15:22 +0000] "GET /wp-content/themes/twentytwentyfive/assets/ HTTP/1.1" 404 42309 "-" "-"
52.169.206.229 - - [28/Apr/2026:00:15:24 +0000] "GET /wp-includes/blocks/buttons/ HTTP/1.1" 404 42294 "-" "-"
52.169.206.229 - - [28/Apr/2026:00:15:25 +0000] "GET /class-bda.php HTTP/1.1" 404 41972 "-" "-"
52.169.206.229 - - [28/Apr/2026:00:15:26 +0000] "GET /bhm.php HTTP/1.1" 404 41966 "-" "-"
52.169.206.229 - - [28/Apr/2026:00:15:28 +0000] "GET /xmu.php HTTP/1.1" 404 41966 "-" "-"
52.169.206.229 - - [28/Apr/2026:00:15:29 +0000] "GET /ref.php HTTP/1.1" 404 41966 "-" "-"
52.169.206.229 - - [28/Apr/2026:00:15:30 +0000] "GET /wp-xme.php HTTP/1.1" 404 41969 "-" "-"
52.169.206.229 - - [28/Apr/2026:00:15:31 +0000] "GET /adminer.php HTTP/1.1" 404 41970 "-" "-"
52.169.206.229 - - [28/Apr/2026:00:15:33 +0000] "GET /ktfow.php HTTP/1.1" 404 41968 "-" "-"
52.169.206.229 - - [28/Apr/2026:00:15:34 +0000] "GET /mode.php HTTP/1.1" 404 41967 "-" "-"
52.169.206.229 - - [28/Apr/2026:00:15:35 +0000] "GET /2468.php HTTP/1.1" 404 41967 "-" "-"
52.169.206.229 - - [28/Apr/2026:00:15:36 +0000] "GET /wp-admin/js/index.php HTTP/1.1" 301 - "-" "-"
52.169.206.229 - - [28/Apr/2026:00:15:37 +0000] "GET /wp-admin/js/ HTTP/1.1" 404 41971 "-" "-"
52.169.206.229 - - [28/Apr/2026:00:15:38 +0000] "GET /dx.php HTTP/1.1" 404 41965 "-" "-"
52.169.206.229 - - [28/Apr/2026:00:15:40 +0000] "GET /amdin.php HTTP/1.1" 404 41968 "-" "-"
52.169.206.229 - - [28/Apr/2026:00:15:41 +0000] "GET /huya.php HTTP/1.1" 404 41967 "-" "-"
52.169.206.229 - - [28/Apr/2026:00:15:42 +0000] "GET /puc.php HTTP/1.1" 404 41966 "-" "-"
52.169.206.229 - - [28/Apr/2026:00:15:44 +0000] "GET /themes.php HTTP/1.1" 404 41969 "-" "-"
52.169.206.229 - - [28/Apr/2026:00:15:45 +0000] "GET /ewp.php HTTP/1.1" 404 41966 "-" "-"
52.169.206.229 - - [28/Apr/2026:00:15:46 +0000] "GET /dx.php HTTP/1.1" 404 41965 "-" "-"
52.169.206.229 - - [28/Apr/2026:00:15:48 +0000] "GET /xff.php HTTP/1.1" 404 41966 "-" "-"
52.169.206.229 - - [28/Apr/2026:00:15:49 +0000] "GET /lupo.php HTTP/1.1" 404 41967 "-" "-"
52.169.206.229 - - [28/Apr/2026:00:15:50 +0000] "GET /awa.php HTTP/1.1" 404 41966 "-" "-"
52.169.206.229 - - [28/Apr/2026:00:15:51 +0000] "GET /popo.php HTTP/1.1" 404 41967 "-" "-"
52.169.206.229 - - [28/Apr/2026:00:15:52 +0000] "GET /13.php HTTP/1.1" 404 41965 "-" "-"
52.169.206.229 - - [28/Apr/2026:00:15:54 +0000] "GET /11.php HTTP/1.1" 404 41965 "-" "-"
52.169.206.229 - - [28/Apr/2026:00:15:55 +0000] "GET /p.php HTTP/1.1" 404 41964 "-" "-"
52.169.206.229 - - [28/Apr/2026:00:15:56 +0000] "GET /wp-includes/Requests/ HTTP/1.1" 404 41980 "-" "-"
52.169.206.229 - - [28/Apr/2026:00:15:57 +0000] "GET /bthil.php HTTP/1.1" 404 41968 "-" "-"
52.169.206.229 - - [28/Apr/2026:00:15:58 +0000] "GET /shell.php HTTP/1.1" 404 41968 "-" "-"
52.169.206.229 - - [28/Apr/2026:00:16:00 +0000] "GET /seo.php HTTP/1.1" 404 41966 "-" "-"
52.169.206.229 - - [28/Apr/2026:00:16:01 +0000] "GET /7.php HTTP/1.1" 404 41964 "-" "-"
52.169.206.229 - - [28/Apr/2026:00:16:02 +0000] "GET /8.php HTTP/1.1" 404 41964 "-" "-"
52.169.206.229 - - [28/Apr/2026:00:16:04 +0000] "GET /1.php HTTP/1.1" 404 41964 "-" "-"
52.169.206.229 - - [28/Apr/2026:00:16:05 +0000] "GET /2.php HTTP/1.1" 404 41964 "-" "-"
52.169.206.229 - - [28/Apr/2026:00:16:06 +0000] "GET /3.php HTTP/1.1" 404 41964 "-" "-"
52.169.206.229 - - [28/Apr/2026:00:16:08 +0000] "GET /4.php HTTP/1.1" 404 41964 "-" "-"
52.169.206.229 - - [28/Apr/2026:00:16:09 +0000] "GET /5.php HTTP/1.1" 404 41964 "-" "-"
52.169.206.229 - - [28/Apr/2026:00:16:10 +0000] "GET /6.php HTTP/1.1" 404 41964 "-" "-"
52.169.206.229 - - [28/Apr/2026:00:16:11 +0000] "GET /9.php HTTP/1.1" 404 41964 "-" "-"
52.169.206.229 - - [28/Apr/2026:00:16:13 +0000] "GET /10.php HTTP/1.1" 404 41965 "-" "-"
52.169.206.229 - - [28/Apr/2026:00:16:14 +0000] "GET /100.php HTTP/1.1" 404 41966 "-" "-"
52.169.206.229 - - [28/Apr/2026:00:16:16 +0000] "GET /.well-known/nastar.php HTTP/1.1" 404 41981 "-" "-"
52.169.206.229 - - [28/Apr/2026:00:16:17 +0000] "GET /2026w.php HTTP/1.1" 404 41968 "-" "-"
52.169.206.229 - - [28/Apr/2026:00:16:18 +0000] "GET /xwpg.php HTTP/1.1" 404 41967 "-" "-"
52.169.206.229 - - [28/Apr/2026:00:16:20 +0000] "GET /ass.php HTTP/1.1" 404 41966 "-" "-"
52.169.206.229 - - [28/Apr/2026:00:16:21 +0000] "GET /about.php HTTP/1.1" 404 41968 "-" "-"
52.169.206.229 - - [28/Apr/2026:00:16:22 +0000] "GET /no18.php HTTP/1.1" 404 41967 "-" "-"
52.169.206.229 - - [28/Apr/2026:00:16:24 +0000] "GET /fine.php HTTP/1.1" 404 41967 "-" "-"
52.169.206.229 - - [28/Apr/2026:00:16:25 +0000] "GET /hplfuns.php HTTP/1.1" 404 41970 "-" "-"
52.169.206.229 - - [28/Apr/2026:00:16:26 +0000] "GET /xa.php HTTP/1.1" 404 41965 "-" "-"
52.169.206.229 - - [28/Apr/2026:00:16:28 +0000] "GET /admin.php HTTP/1.1" 404 41968 "-" "-"
52.169.206.229 - - [28/Apr/2026:00:16:29 +0000] "GET /inege.php HTTP/1.1" 404 41968 "-" "-"
52.169.206.229 - - [28/Apr/2026:00:16:30 +0000] "GET /uuu.php HTTP/1.1" 404 41966 "-" "-"
52.169.206.229 - - [28/Apr/2026:00:16:31 +0000] "GET /no1.php HTTP/1.1" 404 41966 "-" "-"
52.169.206.229 - - [28/Apr/2026:00:16:32 +0000] "GET /w2025.php HTTP/1.1" 404 41968 "-" "-"
52.169.206.229 - - [28/Apr/2026:00:16:33 +0000] "GET /fvvff.php HTTP/1.1" 404 41968 "-" "-"
52.169.206.229 - - [28/Apr/2026:00:16:35 +0000] "GET /a2.php HTTP/1.1" 404 41965 "-" "-"
52.169.206.229 - - [28/Apr/2026:00:16:36 +0000] "GET /edit.php HTTP/1.1" 404 41967 "-" "-"
52.169.206.229 - - [28/Apr/2026:00:16:37 +0000] "GET /ioxi-o.php HTTP/1.1" 404 41969 "-" "-"
52.169.206.229 - - [28/Apr/2026:00:16:38 +0000] "GET /403.shtml HTTP/1.1" 404 41968 "-" "-"
52.169.206.229 - - [28/Apr/2026:00:16:40 +0000] "GET /66.php HTTP/1.1" 404 41965 "-" "-"
52.169.206.229 - - [28/Apr/2026:00:16:41 +0000] "GET /a5.php HTTP/1.1" 404 41965 "-" "-"
52.169.206.229 - - [28/Apr/2026:00:16:42 +0000] "GET /f6.php HTTP/1.1" 404 41965 "-" "-"
52.169.206.229 - - [28/Apr/2026:00:16:44 +0000] "GET /inputs.php HTTP/1.1" 404 41969 "-" "-"
52.169.206.229 - - [28/Apr/2026:00:16:45 +0000] "GET /style.php HTTP/1.1" 404 41968 "-" "-"
52.169.206.229 - - [28/Apr/2026:00:16:47 +0000] "GET /av.php HTTP/1.1" 404 41965 "-" "-"
52.169.206.229 - - [28/Apr/2026:00:16:48 +0000] "GET /wp-admin/css/bolt.php HTTP/1.1" 404 42288 "-" "-"
52.169.206.229 - - [28/Apr/2026:00:16:50 +0000] "GET /wp-act.php HTTP/1.1" 404 41969 "-" "-"
52.169.206.229 - - [28/Apr/2026:00:16:51 +0000] "GET /classwithtostring.php?p= HTTP/1.1" 301 - "-" "-"
52.169.206.229 - - [28/Apr/2026:00:16:52 +0000] "GET /classwithtostring.php HTTP/1.1" 404 41980 "-" "-"
52.169.206.229 - - [28/Apr/2026:00:16:54 +0000] "GET /403.shtml HTTP/1.1" 404 41968 "-" "-"
52.169.206.229 - - [28/Apr/2026:00:16:56 +0000] "GET /sbhu.php HTTP/1.1" 404 41967 "-" "-"
52.169.206.229 - - [28/Apr/2026:00:16:57 +0000] "GET /wp-blog.php HTTP/1.1" 404 41970 "-" "-"
52.169.206.229 - - [28/Apr/2026:00:16:59 +0000] "GET /wp-includes/js/jquery/ HTTP/1.1" 404 42289 "-" "-"
52.169.206.229 - - [28/Apr/2026:00:17:00 +0000] "GET /403.shtml HTTP/1.1" 404 41968 "-" "-"
52.169.206.229 - - [28/Apr/2026:00:17:02 +0000] "GET /ms-edit.php HTTP/1.1" 404 41970 "-" "-"
52.169.206.229 - - [28/Apr/2026:00:17:03 +0000] "GET /adminfuns.php HTTP/1.1" 404 41972 "-" "-"
52.169.206.229 - - [28/Apr/2026:00:17:05 +0000] "GET /goods.php HTTP/1.1" 404 41968 "-" "-"
184.94.212.206 - - [28/Apr/2026:00:17:07 +0000] "POST /wp-cron.php?doing_wp_cron=1777335427.4864881038665771484375 HTTP/1.1" 200 - "-" "WordPress/6.9.4; https://verygreentea.com"
52.169.206.229 - - [28/Apr/2026:00:17:06 +0000] "GET /ms-edit.php HTTP/1.1" 404 41970 "-" "-"
52.169.206.229 - - [28/Apr/2026:00:17:07 +0000] "GET /222.php HTTP/1.1" 404 41966 "-" "-"
52.169.206.229 - - [28/Apr/2026:00:17:09 +0000] "GET /cgi-bin/index.php HTTP/1.1" 301 - "-" "-"
52.169.206.229 - - [28/Apr/2026:00:17:10 +0000] "GET /cgi-bin/ HTTP/1.1" 404 41967 "-" "-"
52.169.206.229 - - [28/Apr/2026:00:17:11 +0000] "GET /fff.php HTTP/1.1" 404 41966 "-" "-"
52.169.206.229 - - [28/Apr/2026:00:17:12 +0000] "GET /wp-content/ HTTP/1.1" 404 41970 "-" "-"
52.169.206.229 - - [28/Apr/2026:00:17:14 +0000] "GET /makeasmtp.php?p= HTTP/1.1" 301 - "-" "-"
52.169.206.229 - - [28/Apr/2026:00:17:15 +0000] "GET /makeasmtp.php HTTP/1.1" 404 41972 "-" "-"
52.169.206.229 - - [28/Apr/2026:00:17:16 +0000] "GET /admin1.php HTTP/1.1" 404 41969 "-" "-"
52.169.206.229 - - [28/Apr/2026:00:17:17 +0000] "GET /wp-includes/css/dist/ HTTP/1.1" 404 42288 "-" "-"
52.169.206.229 - - [28/Apr/2026:00:17:19 +0000] "GET /BDKR28WP.php HTTP/1.1" 404 41971 "-" "-"
52.169.206.229 - - [28/Apr/2026:00:17:20 +0000] "GET /wp-includes/l10n/ HTTP/1.1" 404 41976 "-" "-"
52.169.206.229 - - [28/Apr/2026:00:17:21 +0000] "GET /wp-content/uploads/ HTTP/1.1" 404 41978 "-" "-"
52.169.206.229 - - [28/Apr/2026:00:17:22 +0000] "GET /wp.php HTTP/1.1" 404 41965 "-" "-"
52.169.206.229 - - [28/Apr/2026:00:17:24 +0000] "GET /wp-admin/js/fi.php HTTP/1.1" 404 42285 "-" "-"
52.169.206.229 - - [28/Apr/2026:00:17:26 +0000] "GET /fe5.php HTTP/1.1" 404 41966 "-" "-"
52.169.206.229 - - [28/Apr/2026:00:17:27 +0000] "GET /403.shtml HTTP/1.1" 404 41968 "-" "-"
52.169.206.229 - - [28/Apr/2026:00:17:28 +0000] "GET /av.php HTTP/1.1" 404 41965 "-" "-"
52.169.206.229 - - [28/Apr/2026:00:17:30 +0000] "GET /abcd.php HTTP/1.1" 404 41967 "-" "-"
52.169.206.229 - - [28/Apr/2026:00:17:31 +0000] "GET /a1.php HTTP/1.1" 404 41965 "-" "-"
52.169.206.229 - - [28/Apr/2026:00:17:32 +0000] "GET /update/f35.php HTTP/1.1" 404 41973 "-" "-"
52.169.206.229 - - [28/Apr/2026:00:17:33 +0000] "GET /403.shtml HTTP/1.1" 404 41968 "-" "-"
52.169.206.229 - - [28/Apr/2026:00:17:34 +0000] "GET /f35.php HTTP/1.1" 404 41966 "-" "-"
52.169.206.229 - - [28/Apr/2026:00:17:35 +0000] "GET /403.shtml HTTP/1.1" 404 41968 "-" "-"
52.169.206.229 - - [28/Apr/2026:00:17:37 +0000] "GET /wp-includes/SimplePie/ HTTP/1.1" 404 41981 "-" "-"
52.169.206.229 - - [28/Apr/2026:00:17:38 +0000] "GET /k.php HTTP/1.1" 404 41964 "-" "-"
52.169.206.229 - - [28/Apr/2026:00:17:39 +0000] "GET /bal.php HTTP/1.1" 404 41966 "-" "-"
52.169.206.229 - - [28/Apr/2026:00:17:40 +0000] "GET /in.php HTTP/1.1" 404 41965 "-" "-"
52.169.206.229 - - [28/Apr/2026:00:17:42 +0000] "GET /gssdd.php HTTP/1.1" 404 41968 "-" "-"
52.169.206.229 - - [28/Apr/2026:00:17:43 +0000] "GET /cgi-bin/admin.php HTTP/1.1" 404 41976 "-" "-"
52.169.206.229 - - [28/Apr/2026:00:17:44 +0000] "GET /bs1.php HTTP/1.1" 404 41966 "-" "-"
52.169.206.229 - - [28/Apr/2026:00:17:45 +0000] "GET /wp-content/plugins/pwnd/as.php HTTP/1.1" 404 42297 "-" "-"
52.169.206.229 - - [28/Apr/2026:00:17:47 +0000] "GET /axx.php HTTP/1.1" 404 41966 "-" "-"
52.169.206.229 - - [28/Apr/2026:00:17:48 +0000] "GET /gettest.php HTTP/1.1" 404 41970 "-" "-"
52.169.206.229 - - [28/Apr/2026:00:17:50 +0000] "GET /acp.php HTTP/1.1" 404 41966 "-" "-"
52.169.206.229 - - [28/Apr/2026:00:17:51 +0000] "GET /file48.php HTTP/1.1" 404 41969 "-" "-"
52.169.206.229 - - [28/Apr/2026:00:17:53 +0000] "GET /wp-content/ HTTP/1.1" 404 41970 "-" "-"
52.169.206.229 - - [28/Apr/2026:00:17:54 +0000] "GET /simple.php HTTP/1.1" 404 41969 "-" "-"
52.169.206.229 - - [28/Apr/2026:00:17:56 +0000] "GET /drykl.php HTTP/1.1" 404 41968 "-" "-"
52.169.206.229 - - [28/Apr/2026:00:17:57 +0000] "GET /xxx.php HTTP/1.1" 404 41966 "-" "-"
52.169.206.229 - - [28/Apr/2026:00:17:58 +0000] "GET /hypo.php HTTP/1.1" 404 41967 "-" "-"
52.169.206.229 - - [28/Apr/2026:00:18:00 +0000] "GET /file18.php HTTP/1.1" 404 41969 "-" "-"
52.169.206.229 - - [28/Apr/2026:00:18:01 +0000] "GET /xwx1.php HTTP/1.1" 404 41967 "-" "-"
52.169.206.229 - - [28/Apr/2026:00:18:03 +0000] "GET /wp-admin/css/colors/blue/ HTTP/1.1" 404 42292 "-" "-"
52.169.206.229 - - [28/Apr/2026:00:18:04 +0000] "GET /chosen.php HTTP/1.1" 404 41969 "-" "-"
184.94.212.206 - - [28/Apr/2026:00:22:28 +0000] "POST /wp-cron.php?doing_wp_cron=1777335748.6401350498199462890625 HTTP/1.1" 200 - "-" "WordPress/6.9.4; https://verygreentea.com"
209.87.169.238 - - [28/Apr/2026:00:22:26 +0000] "POST /wp-login.php HTTP/1.1" 401 3415 "-" "Mozilla/5.0"
14.237.228.2 - - [28/Apr/2026:00:24:29 +0000] "GET /wp-content/uploads/2020/02/herbs-for-healing.jpg HTTP/1.1" 200 671441 "https://verygreentea.com/green-tea-supplements-for-weight-loss/" "Mozilla/5.0 (X11; U; Linux i686; en-US) AppleWebKit/532.1 (KHTML, like Gecko) Chrome/4.0.213.0 Safari/532.1"
184.94.212.206 - - [28/Apr/2026:00:27:10 +0000] "POST /wp-cron.php?doing_wp_cron=1777336030.2552480697631835937500 HTTP/1.1" 200 - "-" "WordPress/6.9.4; https://verygreentea.com"
57.141.18.26 - - [28/Apr/2026:00:27:08 +0000] "GET /are_you_struggling_with_weight_loss_these_tips_can_help-jpg/ HTTP/1.1" 301 - "-" "meta-externalagent/1.1 (+https://developers.facebook.com/docs/sharing/webmasters/crawler)"
184.94.212.206 - - [28/Apr/2026:00:32:07 +0000] "POST /wp-cron.php?doing_wp_cron=1777336327.2667639255523681640625 HTTP/1.1" 200 - "-" "WordPress/6.9.4; https://verygreentea.com"
57.141.18.20 - - [28/Apr/2026:00:32:05 +0000] "GET /how-to-make-green-tea/ HTTP/1.1" 200 77207 "-" "meta-webindexer/1.1 (+https://developers.facebook.com/docs/sharing/webmasters/crawler)"
184.94.212.206 - - [28/Apr/2026:00:35:13 +0000] "POST /wp-cron.php?doing_wp_cron=1777336510.6949760913848876953125 HTTP/1.1" 200 - "-" "WordPress/6.9.4; https://verygreentea.com"
114.119.136.150 - - [28/Apr/2026:00:35:07 +0000] "GET /?amp HTTP/1.1" 200 14932 "https://verygreentea.com/?amp" "Mozilla/5.0 (Linux; Android 7.0;) AppleWebKit/537.36 (HTML, like Gecko) Mobile Safari/537.36 (compatible; PetalBot;+https://webmaster.petalsearch.com/site/petalbot)"
130.131.237.128 - - [28/Apr/2026:00:35:09 +0000] "POST /wp/xmlrpc.php HTTP/1.1" 404 11325 "-" "Mozilla/5.0 (Windows NT 10.0; Win64; x64) AppleWebKit/537.36 (KHTML, like Gecko) Chrome/124.0.0.0 Safari/537.36"
184.94.212.206 - - [28/Apr/2026:00:37:36 +0000] "POST /wp-cron.php?doing_wp_cron=1777336656.6280150413513183593750 HTTP/1.1" 200 - "-" "WordPress/6.9.4; https://verygreentea.com"
209.87.169.49 - - [28/Apr/2026:00:37:34 +0000] "POST /wp-login.php HTTP/1.1" 401 3417 "-" "Mozilla/5.0"
184.94.212.206 - - [28/Apr/2026:00:46:10 +0000] "POST /wp-cron.php?doing_wp_cron=1777337170.8604040145874023437500 HTTP/1.1" 200 - "-" "WordPress/6.9.4; https://verygreentea.com"
159.203.27.27 - - [28/Apr/2026:00:46:09 +0000] "GET / HTTP/1.1" 200 15028 "-" "Mozilla/5.0 (X11; Linux x86_64) AppleWebKit/537.36 (KHTML, like Gecko) Chrome/142.0.0.0 Safari/537.36"
184.94.212.206 - - [28/Apr/2026:00:49:26 +0000] "POST /wp-cron.php?doing_wp_cron=1777337366.7923419475555419921875 HTTP/1.1" 200 - "-" "WordPress/6.9.4; https://verygreentea.com"
216.73.217.60 - - [28/Apr/2026:00:49:25 +0000] "GET /robots.txt HTTP/1.1" 200 142 "-" "Mozilla/5.0 AppleWebKit/537.36 (KHTML, like Gecko; compatible; ClaudeBot/1.0; +claudebot@anthropic.com)"
216.73.217.60 - - [28/Apr/2026:00:49:26 +0000] "GET /sitemap.xml HTTP/1.1" 200 297 "-" "Mozilla/5.0 AppleWebKit/537.36 (KHTML, like Gecko; compatible; ClaudeBot/1.0; +claudebot@anthropic.com)"
184.94.212.206 - - [28/Apr/2026:00:53:18 +0000] "POST /wp-cron.php?doing_wp_cron=1777337598.7101330757141113281250 HTTP/1.1" 200 - "-" "WordPress/6.9.4; https://verygreentea.com"
209.87.169.222 - - [28/Apr/2026:00:53:16 +0000] "POST /wp-login.php HTTP/1.1" 401 3416 "-" "Mozilla/5.0"
184.94.212.206 - - [28/Apr/2026:00:54:34 +0000] "POST /wp-cron.php?doing_wp_cron=1777337674.7681999206542968750000 HTTP/1.1" 200 - "-" "WordPress/6.9.4; https://verygreentea.com"
57.141.18.36 - - [28/Apr/2026:00:54:33 +0000] "GET /throw_away_those_pounds_while_having_fun-jpg/ HTTP/1.1" 301 - "-" "meta-externalagent/1.1 (+https://developers.facebook.com/docs/sharing/webmasters/crawler)"
184.94.212.206 - - [28/Apr/2026:01:02:17 +0000] "POST /wp-cron.php?doing_wp_cron=1777338137.7400069236755371093750 HTTP/1.1" 200 - "-" "WordPress/6.9.4; https://verygreentea.com"
111.225.149.193 - - [28/Apr/2026:01:02:15 +0000] "GET /robots.txt HTTP/1.1" 200 142 "-" "Mozilla/5.0 (Linux; Android 5.0) AppleWebKit/537.36 (KHTML, like Gecko) Mobile Safari/537.36 (compatible; Bytespider; https://zhanzhang.toutiao.com/)"
184.94.212.206 - - [28/Apr/2026:01:06:16 +0000] "POST /wp-cron.php?doing_wp_cron=1777338376.9390211105346679687500 HTTP/1.1" 200 - "-" "WordPress/6.9.4; https://verygreentea.com"
57.141.18.22 - - [28/Apr/2026:01:06:15 +0000] "GET /losing_weight_does_not_have_to_be_hard-jpg/ HTTP/1.1" 301 - "-" "meta-externalagent/1.1 (+https://developers.facebook.com/docs/sharing/webmasters/crawler)"
184.94.212.206 - - [28/Apr/2026:01:09:53 +0000] "POST /wp-cron.php?doing_wp_cron=1777338593.9098200798034667968750 HTTP/1.1" 200 - "-" "WordPress/6.9.4; https://verygreentea.com"
209.87.169.225 - - [28/Apr/2026:01:09:51 +0000] "POST /wp-login.php HTTP/1.1" 401 3416 "-" "Mozilla/5.0"
184.94.212.206 - - [28/Apr/2026:01:12:08 +0000] "POST /wp-cron.php?doing_wp_cron=1777338728.1376368999481201171875 HTTP/1.1" 200 - "-" "WordPress/6.9.4; https://verygreentea.com"
31.13.127.31 - - [28/Apr/2026:01:12:06 +0000] "GET /how-to-make-green-tea/ HTTP/1.1" 200 77207 "-" "meta-webindexer/1.1 (+https://developers.facebook.com/docs/sharing/webmasters/crawler)"
184.94.212.206 - - [28/Apr/2026:01:12:48 +0000] "POST /wp-cron.php?doing_wp_cron=1777338768.0561571121215820312500 HTTP/1.1" 200 - "-" "WordPress/6.9.4; https://verygreentea.com"
216.73.217.60 - - [28/Apr/2026:01:12:46 +0000] "GET /sitemap_index.xml HTTP/1.1" 200 341 "-" "Mozilla/5.0 AppleWebKit/537.36 (KHTML, like Gecko; compatible; ClaudeBot/1.0; +claudebot@anthropic.com)"
184.94.212.206 - - [28/Apr/2026:01:15:34 +0000] "POST /wp-cron.php?doing_wp_cron=1777338934.9354739189147949218750 HTTP/1.1" 200 - "-" "WordPress/6.9.4; https://verygreentea.com"
184.94.212.206 - - [28/Apr/2026:01:15:34 +0000] "POST /?wordfence_syncAttackData=1777338933.9899 HTTP/1.1" 200 - "-" "WordPress/6.9.4; https://verygreentea.com"
86.54.25.100 - - [28/Apr/2026:01:15:32 +0000] "GET /wp-content/plugins/backup-backup/readme.txt HTTP/1.1" 404 42310 "https://verygreentea.com/wp-content/plugins/backup-backup/readme.txt" "Mozilla/5.0 (X11; Linux x86_64; rv:140.0) Gecko/20100101 Firefox/140.0"
184.94.212.206 - - [28/Apr/2026:01:18:04 +0000] "POST /wp-cron.php?doing_wp_cron=1777339084.5162448883056640625000 HTTP/1.1" 200 - "-" "WordPress/6.9.4; https://verygreentea.com"
14.175.56.186 - - [28/Apr/2026:01:18:02 +0000] "GET /tag/how-to-steep-green-tea-properly/ HTTP/1.1" 200 13021 "-" "Mozilla/5.0 (Macintosh; Intel Mac OS X 10_15_7) AppleWebKit/537.36 (KHTML, like Gecko) Brave Chrome/83.0.4103.116 Safari/537.36"
184.94.212.206 - - [28/Apr/2026:01:22:00 +0000] "POST /wp-cron.php?doing_wp_cron=1777339320.3580179214477539062500 HTTP/1.1" 200 - "-" "WordPress/6.9.4; https://verygreentea.com"
144.76.32.190 - - [28/Apr/2026:01:21:58 +0000] "GET /handy-tips-for-helping-you-to-lose-weight/?amp HTTP/1.1" 404 11344 "-" "Mozilla/5.0 (compatible; SERankingBacklinksBot/1.0; +https://seranking.com/backlinks-crawler)"
184.94.212.206 - - [28/Apr/2026:01:24:01 +0000] "POST /wp-cron.php?doing_wp_cron=1777339441.2730751037597656250000 HTTP/1.1" 200 - "-" "WordPress/6.9.4; https://verygreentea.com"
