20.92.73.174 - - [27/Apr/2026:18:34:19 +0000] "GET /wp-admin/css/colors/ectoplasm/ HTTP/1.1" 404 11389 "-" "Mozilla/5.0 (Windows NT 10.0; Win64; x64) AppleWebKit/537.36 (KHTML, like Gecko) Chrome/120.0.0.0 Safari/537.36"
20.92.73.174 - - [27/Apr/2026:18:34:20 +0000] "GET /wp-content/uploads/ HTTP/1.1" 404 11319 "-" "Mozilla/5.0 (Windows NT 10.0; Win64; x64) AppleWebKit/537.36 (KHTML, like Gecko) Chrome/120.0.0.0 Safari/537.36"
20.92.73.174 - - [27/Apr/2026:18:34:21 +0000] "GET /wp-content/themes/admin.php HTTP/1.1" 404 11377 "-" "Mozilla/5.0 (Windows NT 10.0; Win64; x64) AppleWebKit/537.36 (KHTML, like Gecko) Chrome/120.0.0.0 Safari/537.36"
20.92.73.174 - - [27/Apr/2026:18:34:22 +0000] "GET /wp-content/themes/index.php HTTP/1.1" 301 - "-" "Mozilla/5.0 (Windows NT 10.0; Win64; x64) AppleWebKit/537.36 (KHTML, like Gecko) Chrome/120.0.0.0 Safari/537.36"
20.92.73.174 - - [27/Apr/2026:18:34:23 +0000] "GET /wp-content/plugins/index.php HTTP/1.1" 301 - "-" "Mozilla/5.0 (Windows NT 10.0; Win64; x64) AppleWebKit/537.36 (KHTML, like Gecko) Chrome/120.0.0.0 Safari/537.36"
20.92.73.174 - - [27/Apr/2026:18:34:24 +0000] "GET /wp-includes/PHPMailer/ HTTP/1.1" 404 11327 "-" "Mozilla/5.0 (Windows NT 10.0; Win64; x64) AppleWebKit/537.36 (KHTML, like Gecko) Chrome/120.0.0.0 Safari/537.36"
20.92.73.174 - - [27/Apr/2026:18:34:25 +0000] "GET /wp-includes/images/ HTTP/1.1" 404 11321 "-" "Mozilla/5.0 (Windows NT 10.0; Win64; x64) AppleWebKit/537.36 (KHTML, like Gecko) Chrome/120.0.0.0 Safari/537.36"
20.92.73.174 - - [27/Apr/2026:18:34:26 +0000] "GET /wp-content/plugins/WordPressCore/ HTTP/1.1" 404 11385 "-" "Mozilla/5.0 (Windows NT 10.0; Win64; x64) AppleWebKit/537.36 (KHTML, like Gecko) Chrome/120.0.0.0 Safari/537.36"
184.94.212.206 - - [27/Apr/2026:18:40:02 +0000] "POST /wp-cron.php?doing_wp_cron=1777315202.7896420955657958984375 HTTP/1.1" 200 - "-" "WordPress/6.9.4; https://verygreentea.com"
216.73.217.60 - - [27/Apr/2026:18:39:55 +0000] "GET /tag/sencha/ HTTP/1.1" 200 12303 "-" "Mozilla/5.0 AppleWebKit/537.36 (KHTML, like Gecko; compatible; ClaudeBot/1.0; +claudebot@anthropic.com)"
184.94.212.206 - - [27/Apr/2026:18:43:32 +0000] "POST /wp-cron.php?doing_wp_cron=1777315412.3408949375152587890625 HTTP/1.1" 200 - "-" "WordPress/6.9.4; https://verygreentea.com"
216.73.217.60 - - [27/Apr/2026:18:43:30 +0000] "GET /tag/best/ HTTP/1.1" 200 12296 "-" "Mozilla/5.0 AppleWebKit/537.36 (KHTML, like Gecko; compatible; ClaudeBot/1.0; +claudebot@anthropic.com)"
184.94.212.206 - - [27/Apr/2026:18:44:40 +0000] "POST /wp-cron.php?doing_wp_cron=1777315480.0465879440307617187500 HTTP/1.1" 200 - "-" "WordPress/6.9.4; https://verygreentea.com"
57.141.18.120 - - [27/Apr/2026:18:44:38 +0000] "GET /how_to_get_the_weight_loss_results_you_want-jpg/ HTTP/1.1" 301 - "-" "meta-externalagent/1.1 (+https://developers.facebook.com/docs/sharing/webmasters/crawler)"
184.94.212.206 - - [27/Apr/2026:18:48:29 +0000] "POST /wp-cron.php?doing_wp_cron=1777315709.8175609111785888671875 HTTP/1.1" 200 - "-" "WordPress/6.9.4; https://verygreentea.com"
113.191.88.201 - - [27/Apr/2026:18:48:28 +0000] "GET /robots.txt HTTP/1.1" 200 142 "-" "Mozilla/5.0 (Windows NT 10.0; WOW64; rv:136.0) Gecko/20100101 Firefox/136.0"
184.94.212.206 - - [27/Apr/2026:18:52:04 +0000] "POST /wp-cron.php?doing_wp_cron=1777315924.5930130481719970703125 HTTP/1.1" 200 - "-" "WordPress/6.9.4; https://verygreentea.com"
110.249.201.198 - - [27/Apr/2026:18:52:02 +0000] "GET / HTTP/1.1" 200 14948 "-" "Mozilla/5.0 (Linux; Android 5.0) AppleWebKit/537.36 (KHTML, like Gecko) Mobile Safari/537.36 (compatible; Bytespider; https://zhanzhang.toutiao.com/)"
110.249.201.198 - - [27/Apr/2026:18:52:05 +0000] "GET /wp-content/themes/genesis/lib/js/menu/superfish.args.min.js?ver=3.6.2 HTTP/1.1" 200 124 "https://verygreentea.com/" "Mozilla/5.0 (Linux; Android 5.0) AppleWebKit/537.36 (KHTML, like Gecko) Mobile Safari/537.36 (compatible; Bytespider; https://zhanzhang.toutiao.com/)"
184.94.212.206 - - [27/Apr/2026:18:52:31 +0000] "POST /wp-cron.php?doing_wp_cron=1777315951.7546739578247070312500 HTTP/1.1" 200 - "-" "WordPress/6.9.4; https://verygreentea.com"
111.225.148.224 - - [27/Apr/2026:18:52:30 +0000] "GET /robots.txt HTTP/1.1" 200 142 "-" "Mozilla/5.0 (Linux; Android 5.0) AppleWebKit/537.36 (KHTML, like Gecko) Mobile Safari/537.36 (compatible; Bytespider; https://zhanzhang.toutiao.com/)"
62.201.213.146 - - [27/Apr/2026:18:52:38 +0000] "GET /category/benefits/ HTTP/1.1" 200 14405 "-" "Opera/9.25.(X11; Linux i686; om-ET) Presto/2.9.173 Version/12.00"
20.207.201.147 - - [27/Apr/2026:18:52:48 +0000] "GET / HTTP/1.1" 200 15012 "http://mail.verygreentea.com" "Mozilla/5.0 (Windows NT 10.0; Win64; x64) AppleWebKit/537.36 (KHTML, like Gecko) Chrome/123.0.0.0 Safari/537.36"
184.94.212.206 - - [27/Apr/2026:18:58:47 +0000] "POST /wp-cron.php?doing_wp_cron=1777316327.1514101028442382812500 HTTP/1.1" 200 - "-" "WordPress/6.9.4; https://verygreentea.com"
65.19.141.115 - - [27/Apr/2026:18:58:45 +0000] "GET / HTTP/1.1" 200 65180 "-" "Mozilla/5.0 (Macintosh; Intel Mac OS X 10_15_7) AppleWebKit/537.36 (KHTML, like Gecko) Chrome/146.0.7680.165 Safari/537.36"
184.94.212.206 - - [27/Apr/2026:19:00:01 +0000] "POST /wp-cron.php?doing_wp_cron=1777316401.2572860717773437500000 HTTP/1.1" 200 - "-" "WordPress/6.9.4; https://verygreentea.com"
100.26.66.245 - - [27/Apr/2026:18:59:59 +0000] "GET /robots.txt HTTP/1.1" 301 - "-" "Mozilla/5.0 (Macintosh; Intel Mac OS X 10_10_1) AppleWebKit/600.2.5 (KHTML, like Gecko) Version/8.0.2 Safari/600.2.5 (Gort)"
216.73.217.60 - - [27/Apr/2026:19:00:00 +0000] "GET /robots.txt HTTP/1.1" 200 142 "-" "Mozilla/5.0 AppleWebKit/537.36 (KHTML, like Gecko; compatible; ClaudeBot/1.0; +claudebot@anthropic.com)"
35.168.200.72 - - [27/Apr/2026:19:00:01 +0000] "GET /robots.txt HTTP/1.1" 200 142 "-" "Mozilla/5.0 (Macintosh; Intel Mac OS X 10_10_1) AppleWebKit/600.2.5 (KHTML, like Gecko) Version/8.0.2 Safari/600.2.5 (Gort)"
216.73.217.60 - - [27/Apr/2026:19:00:02 +0000] "GET /sitemap_index.xml HTTP/1.1" 200 341 "-" "Mozilla/5.0 AppleWebKit/537.36 (KHTML, like Gecko; compatible; ClaudeBot/1.0; +claudebot@anthropic.com)"
216.73.217.60 - - [27/Apr/2026:19:01:32 +0000] "GET /news-sitemap.xml HTTP/1.1" 200 311 "-" "Mozilla/5.0 AppleWebKit/537.36 (KHTML, like Gecko; compatible; ClaudeBot/1.0; +claudebot@anthropic.com)"
184.94.212.206 - - [27/Apr/2026:19:03:09 +0000] "POST /wp-cron.php?doing_wp_cron=1777316589.2016520500183105468750 HTTP/1.1" 200 - "-" "WordPress/6.9.4; https://verygreentea.com"
114.119.135.207 - - [27/Apr/2026:19:03:07 +0000] "GET /the-best-matcha-green-tea-powder?share=facebook HTTP/1.1" 302 - "https://verygreentea.com/the-best-matcha-green-tea-powder" "Mozilla/5.0 (Linux; Android 7.0;) AppleWebKit/537.36 (HTML, like Gecko) Mobile Safari/537.36 (compatible; PetalBot;+https://webmaster.petalsearch.com/site/petalbot)"
184.94.212.206 - - [27/Apr/2026:19:07:28 +0000] "POST /wp-cron.php?doing_wp_cron=1777316848.6916949748992919921875 HTTP/1.1" 200 - "-" "WordPress/6.9.4; https://verygreentea.com"
113.182.115.116 - - [27/Apr/2026:19:07:27 +0000] "GET /category/tea-brewing-guides/ HTTP/1.1" 200 13031 "-" "Mozilla/5.0 (Windows NT 6.1; WOW64) AppleWebKit/537.36 (KHTML, like Gecko) Chrome/97.0.4692.99 Safari/537.36"
184.94.212.206 - - [27/Apr/2026:19:13:05 +0000] "POST /wp-cron.php?doing_wp_cron=1777317185.3805890083312988281250 HTTP/1.1" 200 - "-" "WordPress/6.9.4; https://verygreentea.com"
17.22.245.70 - - [27/Apr/2026:19:13:03 +0000] "GET /tag/burning-fat/feed/ HTTP/1.1" 200 575 "-" "Mozilla/5.0 (Macintosh; Intel Mac OS X 10_15_7) AppleWebKit/605.1.15 (KHTML, like Gecko) Version/17.4 Safari/605.1.15 (Applebot/0.1; +http://www.apple.com/go/applebot)"
184.94.212.206 - - [27/Apr/2026:19:20:20 +0000] "POST /wp-cron.php?doing_wp_cron=1777317620.3079979419708251953125 HTTP/1.1" 200 - "-" "WordPress/6.9.4; https://verygreentea.com"
106.219.179.66 - - [27/Apr/2026:19:20:17 +0000] "POST /xmlrpc.php HTTP/1.1" 404 41969 "-" "Mozilla/5.0 (Macintosh; Intel Mac OS X 10_15_7; x86) AppleWebKit/537.36 (KHTML, like Gecko) Safari/10.0.0.0 Safari/537.36"
184.94.212.206 - - [27/Apr/2026:19:26:27 +0000] "POST /wp-cron.php?doing_wp_cron=1777317987.4809129238128662109375 HTTP/1.1" 200 - "-" "WordPress/6.9.4; https://verygreentea.com"
114.119.156.60 - - [27/Apr/2026:19:26:25 +0000] "GET /shop/ HTTP/1.1" 200 13090 "-" "Mozilla/5.0 (Linux; Android 7.0;) AppleWebKit/537.36 (HTML, like Gecko) Mobile Safari/537.36 (compatible; PetalBot;+https://webmaster.petalsearch.com/site/petalbot)"
184.94.212.206 - - [27/Apr/2026:19:31:59 +0000] "POST /wp-cron.php?doing_wp_cron=1777318319.2659950256347656250000 HTTP/1.1" 200 - "-" "WordPress/6.9.4; https://verygreentea.com"
220.181.108.112 - - [27/Apr/2026:19:31:57 +0000] "GET /category/weight-loss/ HTTP/1.1" 200 12347 "-" "Mozilla/5.0 (compatible; Baiduspider/2.0; +http://www.baidu.com/search/spider.html)"
220.181.108.147 - - [27/Apr/2026:19:31:59 +0000] "GET /how-to-make-green-tea/ HTTP/1.1" 200 19636 "-" "Mozilla/5.0 (compatible; Baiduspider/2.0; +http://www.baidu.com/search/spider.html)"
184.94.212.206 - - [27/Apr/2026:19:34:40 +0000] "POST /wp-cron.php?doing_wp_cron=1777318480.5230889320373535156250 HTTP/1.1" 200 - "-" "WordPress/6.9.4; https://verygreentea.com"
47.128.96.222 - - [27/Apr/2026:19:34:38 +0000] "GET /references/?amp HTTP/1.1" 200 37400 "-" "Mozilla/5.0 (compatible; Bytespider; spider-feedback@bytedance.com) AppleWebKit/537.36 (KHTML, like Gecko) Chrome/70.0.0.0 Safari/537.36"
47.128.96.222 - - [27/Apr/2026:19:34:41 +0000] "GET /wp-content/themes/magazine-pro/style.css?ver=3.2.4 HTTP/1.1" 200 8227 "https://verygreentea.com/references/?amp" "Mozilla/5.0 (compatible; Bytespider; spider-feedback@bytedance.com) AppleWebKit/537.36 (KHTML, like Gecko) Chrome/70.0.0.0 Safari/537.36"
192.0.116.177 - - [27/Apr/2026:19:41:04 +0000] "GET /wp-content/uploads/2020/04/take_these_tips_to_lose_weight_today.jpg HTTP/1.1" 200 58313 "-" "Photon/1.0"
184.94.212.206 - - [27/Apr/2026:19:42:50 +0000] "POST /wp-cron.php?doing_wp_cron=1777318970.3636848926544189453125 HTTP/1.1" 200 - "-" "WordPress/6.9.4; https://verygreentea.com"
114.119.135.207 - - [27/Apr/2026:19:42:48 +0000] "GET /references?amp HTTP/1.1" 301 - "-" "Mozilla/5.0 (Linux; Android 7.0;) AppleWebKit/537.36 (HTML, like Gecko) Mobile Safari/537.36 (compatible; PetalBot;+https://webmaster.petalsearch.com/site/petalbot)"
114.119.135.207 - - [27/Apr/2026:19:42:50 +0000] "GET /references/?amp HTTP/1.1" 200 37400 "https://verygreentea.com/references?amp" "Mozilla/5.0 (Linux; Android 7.0;) AppleWebKit/537.36 (HTML, like Gecko) Mobile Safari/537.36 (compatible; PetalBot;+https://webmaster.petalsearch.com/site/petalbot)"
184.94.212.206 - - [27/Apr/2026:19:46:59 +0000] "POST /wp-cron.php?doing_wp_cron=1777319219.8556098937988281250000 HTTP/1.1" 200 - "-" "WordPress/6.9.4; https://verygreentea.com"
123.21.167.117 - - [27/Apr/2026:19:46:58 +0000] "GET /sitemap_index.xml HTTP/1.1" 200 341 "-" "Mozilla/5.0 (Macintosh; Intel Mac OS X 13_7_1) AppleWebKit/537.36 (KHTML, like Gecko) Chrome/133.0.6943.141 Safari/537.36"
184.94.212.206 - - [27/Apr/2026:19:47:22 +0000] "POST /wp-cron.php?doing_wp_cron=1777319242.0377700328826904296875 HTTP/1.1" 200 - "-" "WordPress/6.9.4; https://verygreentea.com"
216.73.217.60 - - [27/Apr/2026:19:47:20 +0000] "GET /tag/sencha/feed/ HTTP/1.1" 200 2655 "-" "Mozilla/5.0 AppleWebKit/537.36 (KHTML, like Gecko; compatible; ClaudeBot/1.0; +claudebot@anthropic.com)"
216.73.217.60 - - [27/Apr/2026:19:47:27 +0000] "GET /tag/best/feed/ HTTP/1.1" 200 2649 "-" "Mozilla/5.0 AppleWebKit/537.36 (KHTML, like Gecko; compatible; ClaudeBot/1.0; +claudebot@anthropic.com)"
216.73.217.60 - - [27/Apr/2026:19:47:32 +0000] "GET /news-sitemap.xml HTTP/1.1" 200 311 "-" "Mozilla/5.0 AppleWebKit/537.36 (KHTML, like Gecko; compatible; ClaudeBot/1.0; +claudebot@anthropic.com)"
184.94.212.206 - - [27/Apr/2026:19:54:45 +0000] "POST /wp-cron.php?doing_wp_cron=1777319685.0405669212341308593750 HTTP/1.1" 200 - "-" "WordPress/6.9.4; https://verygreentea.com"
52.45.194.165 - - [27/Apr/2026:19:54:43 +0000] "GET /getting-plenty-of-sleep-is-essential-to-weight-loss/ HTTP/1.1" 200 17525 "-" "Mozilla/5.0 AppleWebKit/537.36 (KHTML, like Gecko; compatible; Amazonbot/0.1; +https://developer.amazon.com/support/amazonbot) Chrome/119.0.6045.214 Safari/537.36"
113.178.134.51 - - [27/Apr/2026:19:55:44 +0000] "GET /wp-content/uploads/2020/02/herbs-for-healing.jpg HTTP/1.1" 200 671441 "https://verygreentea.com/green-tea-supplements-for-weight-loss/" "Mozilla/5.0 (Windows; U; Windows NT 6.1; en-US; rv:2.0b10) Gecko/20110126 Firefox/4.0b10"
184.94.212.206 - - [27/Apr/2026:19:58:12 +0000] "POST /wp-cron.php?doing_wp_cron=1777319892.8682930469512939453125 HTTP/1.1" 200 - "-" "WordPress/6.9.4; https://verygreentea.com"
3.94.156.104 - - [27/Apr/2026:19:58:11 +0000] "GET /category/benefits/ HTTP/1.1" 200 14329 "-" "Mozilla/5.0 AppleWebKit/537.36 (KHTML, like Gecko; compatible; Amazonbot/0.1; +https://developer.amazon.com/support/amazonbot) Chrome/119.0.6045.214 Safari/537.36"
184.94.212.206 - - [27/Apr/2026:20:00:42 +0000] "POST /wp-cron.php?doing_wp_cron=1777320042.1432509422302246093750 HTTP/1.1" 200 - "-" "WordPress/6.9.4; https://verygreentea.com"
216.73.217.60 - - [27/Apr/2026:20:00:40 +0000] "GET /robots.txt HTTP/1.1" 200 142 "-" "Mozilla/5.0 AppleWebKit/537.36 (KHTML, like Gecko; compatible; ClaudeBot/1.0; +claudebot@anthropic.com)"
216.73.217.60 - - [27/Apr/2026:20:00:42 +0000] "GET /sitemap.xml HTTP/1.1" 200 297 "-" "Mozilla/5.0 AppleWebKit/537.36 (KHTML, like Gecko; compatible; ClaudeBot/1.0; +claudebot@anthropic.com)"
184.94.212.206 - - [27/Apr/2026:20:02:14 +0000] "POST /wp-cron.php?doing_wp_cron=1777320134.3987801074981689453125 HTTP/1.1" 200 - "-" "WordPress/6.9.4; https://verygreentea.com"
23.101.4.52 - - [27/Apr/2026:20:02:12 +0000] "GET /ioxi-o.php HTTP/1.1" 404 11323 "-" "Mozilla/5.0 (Windows NT 10.0; Win64; x64) AppleWebKit/537.36 (KHTML, like Gecko) Chrome/120.0.0.0 Safari/537.36"
23.101.4.52 - - [27/Apr/2026:20:02:14 +0000] "GET /rip.php HTTP/1.1" 404 11320 "-" "Mozilla/5.0 (Windows NT 10.0; Win64; x64) AppleWebKit/537.36 (KHTML, like Gecko) Chrome/120.0.0.0 Safari/537.36"
23.101.4.52 - - [27/Apr/2026:20:02:15 +0000] "GET /admin.php HTTP/1.1" 404 11321 "-" "Mozilla/5.0 (Windows NT 10.0; Win64; x64) AppleWebKit/537.36 (KHTML, like Gecko) Chrome/120.0.0.0 Safari/537.36"
57.141.18.95 - - [27/Apr/2026:20:02:16 +0000] "GET /how_to_lose_weight_with_green_tea-2/ HTTP/1.1" 301 - "-" "meta-externalagent/1.1 (+https://developers.facebook.com/docs/sharing/webmasters/crawler)"
23.101.4.52 - - [27/Apr/2026:20:02:16 +0000] "GET /wp-content/uploads/index.php HTTP/1.1" 301 - "-" "Mozilla/5.0 (Windows NT 10.0; Win64; x64) AppleWebKit/537.36 (KHTML, like Gecko) Chrome/120.0.0.0 Safari/537.36"
216.73.217.60 - - [27/Apr/2026:20:02:18 +0000] "GET /sitemap_index.xml HTTP/1.1" 200 341 "-" "Mozilla/5.0 AppleWebKit/537.36 (KHTML, like Gecko; compatible; ClaudeBot/1.0; +claudebot@anthropic.com)"
23.101.4.52 - - [27/Apr/2026:20:02:17 +0000] "GET /cache.php HTTP/1.1" 404 11322 "-" "Mozilla/5.0 (Windows NT 10.0; Win64; x64) AppleWebKit/537.36 (KHTML, like Gecko) Chrome/120.0.0.0 Safari/537.36"
23.101.4.52 - - [27/Apr/2026:20:02:18 +0000] "GET /themes.php HTTP/1.1" 404 11321 "-" "Mozilla/5.0 (Windows NT 10.0; Win64; x64) AppleWebKit/537.36 (KHTML, like Gecko) Chrome/120.0.0.0 Safari/537.36"
23.101.4.52 - - [27/Apr/2026:20:02:19 +0000] "GET /an.php HTTP/1.1" 404 11320 "-" "Mozilla/5.0 (Windows NT 10.0; Win64; x64) AppleWebKit/537.36 (KHTML, like Gecko) Chrome/120.0.0.0 Safari/537.36"
23.101.4.52 - - [27/Apr/2026:20:02:20 +0000] "GET /randkeyword.PhP7 HTTP/1.1" 404 11330 "-" "Mozilla/5.0 (Windows NT 10.0; Win64; x64) AppleWebKit/537.36 (KHTML, like Gecko) Chrome/120.0.0.0 Safari/537.36"
23.101.4.52 - - [27/Apr/2026:20:02:21 +0000] "GET /ws.php HTTP/1.1" 404 11321 "-" "Mozilla/5.0 (Windows NT 10.0; Win64; x64) AppleWebKit/537.36 (KHTML, like Gecko) Chrome/120.0.0.0 Safari/537.36"
23.101.4.52 - - [27/Apr/2026:20:02:23 +0000] "GET /404.php HTTP/1.1" 404 11321 "-" "Mozilla/5.0 (Windows NT 10.0; Win64; x64) AppleWebKit/537.36 (KHTML, like Gecko) Chrome/120.0.0.0 Safari/537.36"
23.101.4.52 - - [27/Apr/2026:20:02:24 +0000] "GET /wp-admin/user.php HTTP/1.1" 404 11325 "-" "Mozilla/5.0 (Windows NT 10.0; Win64; x64) AppleWebKit/537.36 (KHTML, like Gecko) Chrome/120.0.0.0 Safari/537.36"
23.101.4.52 - - [27/Apr/2026:20:02:25 +0000] "GET /wp-conf.php HTTP/1.1" 404 11323 "-" "Mozilla/5.0 (Windows NT 10.0; Win64; x64) AppleWebKit/537.36 (KHTML, like Gecko) Chrome/120.0.0.0 Safari/537.36"
23.101.4.52 - - [27/Apr/2026:20:02:26 +0000] "GET /wp-content/themes/hideo/network.php HTTP/1.1" 404 11385 "-" "Mozilla/5.0 (Windows NT 10.0; Win64; x64) AppleWebKit/537.36 (KHTML, like Gecko) Chrome/120.0.0.0 Safari/537.36"
23.101.4.52 - - [27/Apr/2026:20:02:27 +0000] "GET /wp-login.php HTTP/1.1" 200 2556 "-" "Mozilla/5.0 (Windows NT 10.0; Win64; x64) AppleWebKit/537.36 (KHTML, like Gecko) Chrome/120.0.0.0 Safari/537.36"
23.101.4.52 - - [27/Apr/2026:20:02:28 +0000] "GET /abc.php HTTP/1.1" 404 11321 "-" "Mozilla/5.0 (Windows NT 10.0; Win64; x64) AppleWebKit/537.36 (KHTML, like Gecko) Chrome/120.0.0.0 Safari/537.36"
23.101.4.52 - - [27/Apr/2026:20:02:29 +0000] "GET /abcd.php HTTP/1.1" 404 11321 "-" "Mozilla/5.0 (Windows NT 10.0; Win64; x64) AppleWebKit/537.36 (KHTML, like Gecko) Chrome/120.0.0.0 Safari/537.36"
23.101.4.52 - - [27/Apr/2026:20:02:30 +0000] "GET /as.php HTTP/1.1" 404 11320 "-" "Mozilla/5.0 (Windows NT 10.0; Win64; x64) AppleWebKit/537.36 (KHTML, like Gecko) Chrome/120.0.0.0 Safari/537.36"
23.101.4.52 - - [27/Apr/2026:20:02:31 +0000] "GET /wp-trackback.php HTTP/1.1" 404 130 "-" "Mozilla/5.0 (Windows NT 10.0; Win64; x64) AppleWebKit/537.36 (KHTML, like Gecko) Chrome/120.0.0.0 Safari/537.36"
23.101.4.52 - - [27/Apr/2026:20:02:32 +0000] "GET /about.php HTTP/1.1" 404 11321 "-" "Mozilla/5.0 (Windows NT 10.0; Win64; x64) AppleWebKit/537.36 (KHTML, like Gecko) Chrome/120.0.0.0 Safari/537.36"
23.101.4.52 - - [27/Apr/2026:20:02:33 +0000] "GET /file.php HTTP/1.1" 404 11321 "-" "Mozilla/5.0 (Windows NT 10.0; Win64; x64) AppleWebKit/537.36 (KHTML, like Gecko) Chrome/120.0.0.0 Safari/537.36"
23.101.4.52 - - [27/Apr/2026:20:02:34 +0000] "GET /adminfuns.php HTTP/1.1" 404 11324 "-" "Mozilla/5.0 (Windows NT 10.0; Win64; x64) AppleWebKit/537.36 (KHTML, like Gecko) Chrome/120.0.0.0 Safari/537.36"
23.101.4.52 - - [27/Apr/2026:20:02:35 +0000] "GET /wp-good.php HTTP/1.1" 404 11324 "-" "Mozilla/5.0 (Windows NT 10.0; Win64; x64) AppleWebKit/537.36 (KHTML, like Gecko) Chrome/120.0.0.0 Safari/537.36"
23.101.4.52 - - [27/Apr/2026:20:02:36 +0000] "GET /xmlrpc.php HTTP/1.1" 404 11323 "-" "Mozilla/5.0 (Windows NT 10.0; Win64; x64) AppleWebKit/537.36 (KHTML, like Gecko) Chrome/120.0.0.0 Safari/537.36"
23.101.4.52 - - [27/Apr/2026:20:02:37 +0000] "GET /goods.php HTTP/1.1" 404 11322 "-" "Mozilla/5.0 (Windows NT 10.0; Win64; x64) AppleWebKit/537.36 (KHTML, like Gecko) Chrome/120.0.0.0 Safari/537.36"
23.101.4.52 - - [27/Apr/2026:20:02:38 +0000] "GET /class-t.api.php HTTP/1.1" 404 11325 "-" "Mozilla/5.0 (Windows NT 10.0; Win64; x64) AppleWebKit/537.36 (KHTML, like Gecko) Chrome/120.0.0.0 Safari/537.36"
23.101.4.52 - - [27/Apr/2026:20:02:39 +0000] "GET /sf.php HTTP/1.1" 404 11320 "-" "Mozilla/5.0 (Windows NT 10.0; Win64; x64) AppleWebKit/537.36 (KHTML, like Gecko) Chrome/120.0.0.0 Safari/537.36"
23.101.4.52 - - [27/Apr/2026:20:02:40 +0000] "GET /kbfr.php HTTP/1.1" 404 11322 "-" "Mozilla/5.0 (Windows NT 10.0; Win64; x64) AppleWebKit/537.36 (KHTML, like Gecko) Chrome/120.0.0.0 Safari/537.36"
23.101.4.52 - - [27/Apr/2026:20:02:41 +0000] "GET /autoload_classmap.php HTTP/1.1" 404 11329 "-" "Mozilla/5.0 (Windows NT 10.0; Win64; x64) AppleWebKit/537.36 (KHTML, like Gecko) Chrome/120.0.0.0 Safari/537.36"
23.101.4.52 - - [27/Apr/2026:20:02:42 +0000] "GET /chosen.php?p= HTTP/1.1" 301 - "-" "Mozilla/5.0 (Windows NT 10.0; Win64; x64) AppleWebKit/537.36 (KHTML, like Gecko) Chrome/120.0.0.0 Safari/537.36"
23.101.4.52 - - [27/Apr/2026:20:02:43 +0000] "GET /classwithtostring.php HTTP/1.1" 404 11326 "-" "Mozilla/5.0 (Windows NT 10.0; Win64; x64) AppleWebKit/537.36 (KHTML, like Gecko) Chrome/120.0.0.0 Safari/537.36"
23.101.4.52 - - [27/Apr/2026:20:02:44 +0000] "GET /defaults.php HTTP/1.1" 404 11324 "-" "Mozilla/5.0 (Windows NT 10.0; Win64; x64) AppleWebKit/537.36 (KHTML, like Gecko) Chrome/120.0.0.0 Safari/537.36"
23.101.4.52 - - [27/Apr/2026:20:02:45 +0000] "GET /.well-known/ HTTP/1.1" 404 11328 "-" "Mozilla/5.0 (Windows NT 10.0; Win64; x64) AppleWebKit/537.36 (KHTML, like Gecko) Chrome/120.0.0.0 Safari/537.36"
23.101.4.52 - - [27/Apr/2026:20:02:46 +0000] "GET /info.php HTTP/1.1" 404 11321 "-" "Mozilla/5.0 (Windows NT 10.0; Win64; x64) AppleWebKit/537.36 (KHTML, like Gecko) Chrome/120.0.0.0 Safari/537.36"
23.101.4.52 - - [27/Apr/2026:20:02:47 +0000] "GET /cgi-bin/ HTTP/1.1" 404 11324 "-" "Mozilla/5.0 (Windows NT 10.0; Win64; x64) AppleWebKit/537.36 (KHTML, like Gecko) Chrome/120.0.0.0 Safari/537.36"
23.101.4.52 - - [27/Apr/2026:20:02:48 +0000] "GET /wp-includes/Requests/src/Response/about.php HTTP/1.1" 404 11391 "-" "Mozilla/5.0 (Windows NT 10.0; Win64; x64) AppleWebKit/537.36 (KHTML, like Gecko) Chrome/120.0.0.0 Safari/537.36"
23.101.4.52 - - [27/Apr/2026:20:02:49 +0000] "GET /wp-includes/html-api/ HTTP/1.1" 404 11327 "-" "Mozilla/5.0 (Windows NT 10.0; Win64; x64) AppleWebKit/537.36 (KHTML, like Gecko) Chrome/120.0.0.0 Safari/537.36"
23.101.4.52 - - [27/Apr/2026:20:02:50 +0000] "GET /wp-content/admin.php HTTP/1.1" 404 11324 "-" "Mozilla/5.0 (Windows NT 10.0; Win64; x64) AppleWebKit/537.36 (KHTML, like Gecko) Chrome/120.0.0.0 Safari/537.36"
23.101.4.52 - - [27/Apr/2026:20:02:51 +0000] "GET /wp-admin/css/colors/ectoplasm/ HTTP/1.1" 404 11391 "-" "Mozilla/5.0 (Windows NT 10.0; Win64; x64) AppleWebKit/537.36 (KHTML, like Gecko) Chrome/120.0.0.0 Safari/537.36"
23.101.4.52 - - [27/Apr/2026:20:02:52 +0000] "GET /wp-content/uploads/ HTTP/1.1" 404 11321 "-" "Mozilla/5.0 (Windows NT 10.0; Win64; x64) AppleWebKit/537.36 (KHTML, like Gecko) Chrome/120.0.0.0 Safari/537.36"
23.101.4.52 - - [27/Apr/2026:20:02:53 +0000] "GET /wp-content/themes/admin.php HTTP/1.1" 404 11379 "-" "Mozilla/5.0 (Windows NT 10.0; Win64; x64) AppleWebKit/537.36 (KHTML, like Gecko) Chrome/120.0.0.0 Safari/537.36"
23.101.4.52 - - [27/Apr/2026:20:02:54 +0000] "GET /wp-content/themes/index.php HTTP/1.1" 301 - "-" "Mozilla/5.0 (Windows NT 10.0; Win64; x64) AppleWebKit/537.36 (KHTML, like Gecko) Chrome/120.0.0.0 Safari/537.36"
23.101.4.52 - - [27/Apr/2026:20:02:55 +0000] "GET /wp-content/plugins/index.php HTTP/1.1" 301 - "-" "Mozilla/5.0 (Windows NT 10.0; Win64; x64) AppleWebKit/537.36 (KHTML, like Gecko) Chrome/120.0.0.0 Safari/537.36"
23.101.4.52 - - [27/Apr/2026:20:02:56 +0000] "GET /wp-includes/PHPMailer/ HTTP/1.1" 404 11330 "-" "Mozilla/5.0 (Windows NT 10.0; Win64; x64) AppleWebKit/537.36 (KHTML, like Gecko) Chrome/120.0.0.0 Safari/537.36"
23.101.4.52 - - [27/Apr/2026:20:02:57 +0000] "GET /wp-includes/images/ HTTP/1.1" 404 11324 "-" "Mozilla/5.0 (Windows NT 10.0; Win64; x64) AppleWebKit/537.36 (KHTML, like Gecko) Chrome/120.0.0.0 Safari/537.36"
23.101.4.52 - - [27/Apr/2026:20:02:58 +0000] "GET /wp-content/plugins/WordPressCore/ HTTP/1.1" 404 11387 "-" "Mozilla/5.0 (Windows NT 10.0; Win64; x64) AppleWebKit/537.36 (KHTML, like Gecko) Chrome/120.0.0.0 Safari/537.36"
114.119.151.155 - - [27/Apr/2026:20:03:21 +0000] "GET /the-green-tea-and-weight-loss-connection?noamp=mobile HTTP/1.1" 301 - "https://verygreentea.com/the-green-tea-and-weight-loss-connection?noamp=mobile" "Mozilla/5.0 (Linux; Android 7.0;) AppleWebKit/537.36 (HTML, like Gecko) Mobile Safari/537.36 (compatible; PetalBot;+https://webmaster.petalsearch.com/site/petalbot)"
114.119.151.155 - - [27/Apr/2026:20:03:22 +0000] "GET /the-green-tea-and-weight-loss-connection/?noamp=mobile HTTP/1.1" 200 16084 "https://verygreentea.com/the-green-tea-and-weight-loss-connection?noamp=mobile" "Mozilla/5.0 (Linux; Android 7.0;) AppleWebKit/537.36 (HTML, like Gecko) Mobile Safari/537.36 (compatible; PetalBot;+https://webmaster.petalsearch.com/site/petalbot)"
184.94.212.206 - - [27/Apr/2026:20:05:14 +0000] "POST /wp-cron.php?doing_wp_cron=1777320314.1380100250244140625000 HTTP/1.1" 200 - "-" "WordPress/6.9.4; https://verygreentea.com"
57.141.18.86 - - [27/Apr/2026:20:05:12 +0000] "GET /excellent_strategies_for_anyone_looking_to_lose_weight-jpg/ HTTP/1.1" 301 - "-" "meta-externalagent/1.1 (+https://developers.facebook.com/docs/sharing/webmasters/crawler)"
184.94.212.206 - - [27/Apr/2026:20:07:09 +0000] "POST /wp-cron.php?doing_wp_cron=1777320429.2004089355468750000000 HTTP/1.1" 200 - "-" "WordPress/6.9.4; https://verygreentea.com"
207.180.11.15 - - [27/Apr/2026:20:07:07 +0000] "GET /tag/best/feed/ HTTP/1.1" 200 2649 "-" "Mozilla/5.0 (Macintosh; Intel Mac OS X 10_15_7) AppleWebKit/537.36 (KHTML, like Gecko) Chrome/135.0.0.0 Safari/537.36"
216.73.217.60 - - [27/Apr/2026:20:08:21 +0000] "GET /sitemap.xml HTTP/1.1" 200 297 "-" "Mozilla/5.0 AppleWebKit/537.36 (KHTML, like Gecko; compatible; ClaudeBot/1.0; +claudebot@anthropic.com)"
114.119.148.10 - - [27/Apr/2026:20:08:54 +0000] "GET /author/thesilentwhisperer?amp HTTP/1.1" 301 - "-" "Mozilla/5.0 (Linux; Android 7.0;) AppleWebKit/537.36 (HTML, like Gecko) Mobile Safari/537.36 (compatible; PetalBot;+https://webmaster.petalsearch.com/site/petalbot)"
114.119.148.10 - - [27/Apr/2026:20:08:56 +0000] "GET /author/thesilentwhisperer/?amp HTTP/1.1" 200 14555 "https://verygreentea.com/author/thesilentwhisperer?amp" "Mozilla/5.0 (Linux; Android 7.0;) AppleWebKit/537.36 (HTML, like Gecko) Mobile Safari/537.36 (compatible; PetalBot;+https://webmaster.petalsearch.com/site/petalbot)"
184.94.212.206 - - [27/Apr/2026:20:09:23 +0000] "POST /wp-cron.php?doing_wp_cron=1777320563.7308039665222167968750 HTTP/1.1" 200 - "-" "WordPress/6.9.4; https://verygreentea.com"
192.3.169.184 - - [27/Apr/2026:20:09:22 +0000] "GET / HTTP/1.1" 403 14948 "-" "Mozilla/5.0 (compatible; Baiduspider/2.0; +http://www.baidu.com/search/spider.html)"
192.3.169.184 - - [27/Apr/2026:20:09:27 +0000] "GET /wp-content/themes/magazine-pro/js/entry-date.js?ver=1.0.0 HTTP/1.1" 200 315 "-" "Mozilla/5.0 (compatible; YandexBot/3.0; +http://yandex.com/bots)"
192.3.169.184 - - [27/Apr/2026:20:09:27 +0000] "GET /wp-content/themes/magazine-pro/js/responsive-menus.min.js?ver=3.2.4 HTTP/1.1" 200 1420 "-" "facebookexternalhit/1.1 (+http://www.facebook.com/externalhit_uatext.php)"
192.3.169.184 - - [27/Apr/2026:20:09:27 +0000] "GET /wp-content/themes/genesis/lib/js/skip-links.min.js?ver=3.6.2 HTTP/1.1" 200 238 "-" "CCBot/2.0 (https://commoncrawl.org/faq/)"
192.3.169.184 - - [27/Apr/2026:20:09:27 +0000] "GET /wp-content/themes/genesis/lib/js/menu/superfish.args.min.js?ver=3.6.2 HTTP/1.1" 200 124 "-" "DuckDuckBot/1.1; (+http://duckduckgo.com/duckduckbot.html)"
192.3.169.184 - - [27/Apr/2026:20:09:27 +0000] "GET /wp-content/plugins/wp-consent-api/assets/js/wp-consent-api.min.js?ver=2.0.1 HTTP/1.1" 200 822 "-" "Mozilla/5.0 (compatible; Applebot/0.1; +http://www.apple.com/go/applebot)"
192.3.169.184 - - [27/Apr/2026:20:09:27 +0000] "GET /wp-content/themes/genesis/lib/js/menu/superfish.min.js?ver=1.7.10 HTTP/1.1" 200 1894 "-" "Mozilla/5.0 (compatible; xAI-SearchBot/1.0; +https://x.ai)"
192.3.169.184 - - [27/Apr/2026:20:09:27 +0000] "GET /wp-content/plugins/google-site-kit/dist/assets/js/googlesitekit-consent-mode-bc2e26cfa69fcd4a8261.js HTTP/1.1" 404 11375 "-" "Mozilla/5.0 (compatible; SemrushBot/7~bl; +http://www.semrush.com/bot.html)"
192.3.169.184 - - [27/Apr/2026:20:09:35 +0000] "GET /sitemap.xml HTTP/1.1" 200 297 "-" "Mozilla/5.0 (compatible; MistralBot/1.0; +https://mistral.ai)"
192.3.169.184 - - [27/Apr/2026:20:09:36 +0000] "GET /image-sitemap-1.xml HTTP/1.1" 200 2721 "-" "Mozilla/5.0 (compatible; Bytespider; spider-feedback@bytedance.com)"
192.3.169.184 - - [27/Apr/2026:20:09:38 +0000] "GET /sitemap-1.xml HTTP/1.1" 200 1012 "-" "Mozilla/5.0 (compatible; YouBot/1.0; +https://about.you.com/youbot/)"
192.3.169.184 - - [27/Apr/2026:20:09:43 +0000] "GET /robots.txt HTTP/1.1" 200 142 "-" "Mozilla/5.0 (compatible; bingbot/2.0; +http://www.bing.com/bingbot.htm)"
192.3.169.184 - - [27/Apr/2026:20:09:44 +0000] "GET /asset-manifest.json HTTP/1.1" 404 11327 "-" "Mozilla/5.0 (compatible; Perplexity-User/1.0; +https://perplexity.ai/perplexity-user)"
192.3.169.184 - - [27/Apr/2026:20:09:46 +0000] "GET /manifest.json HTTP/1.1" 404 11324 "-" "Mozilla/5.0 (compatible; Amazonbot/0.1; +https://developer.amazon.com/support/amazonbot)"
192.3.169.184 - - [27/Apr/2026:20:09:48 +0000] "GET /build-manifest.json HTTP/1.1" 404 11328 "-" "Mozilla/5.0 AppleWebKit/537.36 (KHTML, like Gecko; compatible; ChatGPT-User/1.0; +https://openai.com/bot)"
192.3.169.184 - - [27/Apr/2026:20:09:49 +0000] "GET /_next/static/buildManifest.js HTTP/1.1" 404 11387 "-" "Mozilla/5.0 (compatible; xAI-SearchBot/1.0; +https://x.ai)"
192.3.169.184 - - [27/Apr/2026:20:09:52 +0000] "GET /.aws/config HTTP/1.1" 404 11321 "-" "Mozilla/5.0 (Linux; Android 14; SM-S921B) AppleWebKit/537.36 (KHTML, like Gecko) Chrome/131.0.0.0 Mobile Safari/537.36"
192.3.169.184 - - [27/Apr/2026:20:09:54 +0000] "GET /.env.production HTTP/1.1" 404 11324 "-" "Mozilla/5.0 (Windows NT 10.0; Win64; x64) AppleWebKit/537.36 (KHTML, like Gecko) Chrome/131.0.0.0 Safari/537.36 Edg/131.0.0.0"
192.3.169.184 - - [27/Apr/2026:20:09:54 +0000] "GET /.env.production.bak HTTP/1.1" 404 11328 "-" "Mozilla/5.0 (X11; Linux x86_64) AppleWebKit/537.36 (KHTML, like Gecko) Chrome/131.0.0.0 Safari/537.36"
192.3.169.184 - - [27/Apr/2026:20:09:54 +0000] "GET /api/.env HTTP/1.1" 404 11321 "-" "Mozilla/5.0 (Windows NT 10.0; Win64; x64) AppleWebKit/537.36 (KHTML, like Gecko) Chrome/131.0.0.0 Safari/537.36 Edg/131.0.0.0"
192.3.169.184 - - [27/Apr/2026:20:09:54 +0000] "GET /.env.backup HTTP/1.1" 404 11322 "-" "Mozilla/5.0 (Windows NT 10.0; Win64; x64) AppleWebKit/537.36 (KHTML, like Gecko) Chrome/131.0.0.0 Safari/537.36"
192.3.169.184 - - [27/Apr/2026:20:09:54 +0000] "GET /.aws/credentials HTTP/1.1" 404 11327 "-" "Mozilla/5.0 (Macintosh; Intel Mac OS X 10_15_7) AppleWebKit/537.36 (KHTML, like Gecko) Chrome/131.0.0.0 Safari/537.36"
192.3.169.184 - - [27/Apr/2026:20:09:54 +0000] "GET /.env.example HTTP/1.1" 404 11324 "-" "Mozilla/5.0 (Windows NT 10.0; Win64; x64; rv:132.0) Gecko/20100101 Firefox/132.0"
192.3.169.184 - - [27/Apr/2026:20:09:56 +0000] "GET /.env.old HTTP/1.1" 404 11321 "-" "Mozilla/5.0 (Macintosh; Intel Mac OS X 10_15_7) AppleWebKit/605.1.15 (KHTML, like Gecko) Version/18.1 Safari/605.1.15"
192.3.169.184 - - [27/Apr/2026:20:09:54 +0000] "GET /config.env HTTP/1.1" 404 11321 "-" "Mozilla/5.0 (Windows NT 10.0; Win64; x64; rv:133.0) Gecko/20100101 Firefox/133.0"
192.3.169.184 - - [27/Apr/2026:20:09:54 +0000] "GET /.env HTTP/1.1" 404 11318 "-" "Mozilla/5.0 (Macintosh; Intel Mac OS X 10_15_7) AppleWebKit/605.1.15 (KHTML, like Gecko) Version/18.1 Safari/605.1.15"
192.3.169.184 - - [27/Apr/2026:20:09:54 +0000] "GET /backend/.env HTTP/1.1" 404 11323 "-" "Mozilla/5.0 (Windows NT 10.0; Win64; x64) AppleWebKit/537.36 (KHTML, like Gecko) Chrome/131.0.0.0 Safari/537.36"
192.3.169.184 - - [27/Apr/2026:20:09:54 +0000] "GET /.env.bak HTTP/1.1" 404 11321 "-" "Mozilla/5.0 (iPad; CPU OS 18_1 like Mac OS X) AppleWebKit/605.1.15 (KHTML, like Gecko) Version/18.1 Mobile/15E148 Safari/604.1"
192.3.169.184 - - [27/Apr/2026:20:09:54 +0000] "GET /.git/config HTTP/1.1" 404 11320 "-" "Mozilla/5.0 (Macintosh; Intel Mac OS X 10_15_7) AppleWebKit/605.1.15 (KHTML, like Gecko) Version/18.1 Safari/605.1.15"
192.3.169.184 - - [27/Apr/2026:20:09:54 +0000] "GET /app/.env HTTP/1.1" 404 11321 "-" "Mozilla/5.0 (Windows NT 10.0; Win64; x64) AppleWebKit/537.36 (KHTML, like Gecko) Chrome/130.0.0.0 Safari/537.36"
192.3.169.184 - - [27/Apr/2026:20:09:54 +0000] "GET /.env.development HTTP/1.1" 404 11322 "-" "Mozilla/5.0 (Windows NT 10.0; Win64; x64; rv:133.0) Gecko/20100101 Firefox/133.0"
192.3.169.184 - - [27/Apr/2026:20:09:59 +0000] "GET /graphql HTTP/1.1" 404 11320 "-" "Mozilla/5.0 (Linux; Android 14; Pixel 9) AppleWebKit/537.36 (KHTML, like Gecko) Chrome/131.0.0.0 Mobile Safari/537.36"
192.3.169.184 - - [27/Apr/2026:20:09:54 +0000] "GET /public/.env HTTP/1.1" 404 11323 "-" "Mozilla/5.0 (iPad; CPU OS 18_1 like Mac OS X) AppleWebKit/605.1.15 (KHTML, like Gecko) Version/18.1 Mobile/15E148 Safari/604.1"
192.3.169.184 - - [27/Apr/2026:20:09:55 +0000] "GET /.env.local HTTP/1.1" 404 11323 "-" "Mozilla/5.0 (Windows NT 10.0; Win64; x64; rv:133.0) Gecko/20100101 Firefox/133.0"
192.3.169.184 - - [27/Apr/2026:20:09:59 +0000] "GET /env.json HTTP/1.1" 404 11321 "-" "Mozilla/5.0 (Macintosh; Intel Mac OS X 10_15_7) AppleWebKit/605.1.15 (KHTML, like Gecko) Version/18.1 Safari/605.1.15"
192.3.169.184 - - [27/Apr/2026:20:09:59 +0000] "GET /api/env HTTP/1.1" 404 11320 "-" "Mozilla/5.0 (Macintosh; Intel Mac OS X 10_15_7) AppleWebKit/605.1.15 (KHTML, like Gecko) Version/17.6 Safari/605.1.15"
192.3.169.184 - - [27/Apr/2026:20:09:59 +0000] "GET /app-config.json HTTP/1.1" 404 11324 "-" "Mozilla/5.0 (iPad; CPU OS 18_1 like Mac OS X) AppleWebKit/605.1.15 (KHTML, like Gecko) Version/18.1 Mobile/15E148 Safari/604.1"
192.3.169.184 - - [27/Apr/2026:20:09:59 +0000] "GET /api/config HTTP/1.1" 404 11320 "-" "Mozilla/5.0 (Windows NT 10.0; Win64; x64; rv:133.0) Gecko/20100101 Firefox/133.0"
192.3.169.184 - - [27/Apr/2026:20:09:59 +0000] "GET /settings.json HTTP/1.1" 404 11321 "-" "Mozilla/5.0 (Windows NT 10.0; Win64; x64) AppleWebKit/537.36 (KHTML, like Gecko) Chrome/129.0.0.0 Safari/537.36"
192.3.169.184 - - [27/Apr/2026:20:09:59 +0000] "GET /runtime-config.js HTTP/1.1" 404 11325 "-" "Mozilla/5.0 (Windows NT 10.0; Win64; x64; rv:133.0) Gecko/20100101 Firefox/133.0"
192.3.169.184 - - [27/Apr/2026:20:09:59 +0000] "GET /config.js HTTP/1.1" 404 11319 "-" "Mozilla/5.0 (Macintosh; Intel Mac OS X 14.7; rv:133.0) Gecko/20100101 Firefox/133.0"
192.3.169.184 - - [27/Apr/2026:20:09:59 +0000] "GET /config.json HTTP/1.1" 404 11321 "-" "Mozilla/5.0 (Windows NT 10.0; Win64; x64) AppleWebKit/537.36 (KHTML, like Gecko) Chrome/131.0.0.0 Safari/537.36"
192.3.169.184 - - [27/Apr/2026:20:09:59 +0000] "GET /api/v1/settings HTTP/1.1" 404 11378 "-" "Mozilla/5.0 (Macintosh; Intel Mac OS X 10_15_7) AppleWebKit/537.36 (KHTML, like Gecko) Chrome/130.0.0.0 Safari/537.36"
192.3.169.184 - - [27/Apr/2026:20:09:59 +0000] "GET /api/settings HTTP/1.1" 404 11320 "-" "Mozilla/5.0 (Windows NT 10.0; Win64; x64) AppleWebKit/537.36 (KHTML, like Gecko) Chrome/130.0.0.0 Safari/537.36"
192.3.169.184 - - [27/Apr/2026:20:09:59 +0000] "GET /api/v1/env HTTP/1.1" 404 11377 "-" "Mozilla/5.0 (iPad; CPU OS 18_1 like Mac OS X) AppleWebKit/605.1.15 (KHTML, like Gecko) Version/18.1 Mobile/15E148 Safari/604.1"
192.3.169.184 - - [27/Apr/2026:20:09:59 +0000] "GET /api/v1/config HTTP/1.1" 404 11377 "-" "Mozilla/5.0 (iPhone; CPU iPhone OS 18_1 like Mac OS X) AppleWebKit/605.1.15 (KHTML, like Gecko) Version/18.1 Mobile/15E148 Safari/604.1"
192.3.169.184 - - [27/Apr/2026:20:10:00 +0000] "GET /__env.js HTTP/1.1" 404 11321 "-" "Mozilla/5.0 (Windows NT 10.0; Win64; x64) AppleWebKit/537.36 (KHTML, like Gecko) Chrome/131.0.0.0 Safari/537.36"
192.3.169.184 - - [27/Apr/2026:20:10:00 +0000] "GET /env.js HTTP/1.1" 404 11319 "-" "Mozilla/5.0 (Windows NT 10.0; Win64; x64) AppleWebKit/537.36 (KHTML, like Gecko) Chrome/130.0.0.0 Safari/537.36"
184.94.212.206 - - [27/Apr/2026:20:14:18 +0000] "POST /wp-cron.php?doing_wp_cron=1777320858.9585320949554443359375 HTTP/1.1" 200 - "-" "WordPress/6.9.4; https://verygreentea.com"
222.255.62.70 - - [27/Apr/2026:20:14:17 +0000] "GET /page-sitemap.xml HTTP/1.1" 200 595 "-" "Mozilla/5.0 (Macintosh; Intel Mac OS X 14.4; rv:133.0) Gecko/20100101 Firefox/133.0"
184.94.212.206 - - [27/Apr/2026:20:17:23 +0000] "POST /wp-cron.php?doing_wp_cron=1777321043.9446210861206054687500 HTTP/1.1" 200 - "-" "WordPress/6.9.4; https://verygreentea.com"
209.87.169.33 - - [27/Apr/2026:20:17:22 +0000] "GET /wp-login.php HTTP/1.1" 200 2766 "-" "Mozilla/5.0"
209.87.169.33 - - [27/Apr/2026:20:17:24 +0000] "GET /?author=1 HTTP/1.1" 500 1051 "-" "Mozilla/5.0"
209.87.169.232 - - [27/Apr/2026:20:17:25 +0000] "GET /?rest_route=/wp/v2/users HTTP/1.1" 401 110 "-" "Mozilla/5.0"
209.87.169.232 - - [27/Apr/2026:20:17:26 +0000] "GET /feed HTTP/1.1" 301 - "-" "Mozilla/5.0"
209.87.169.232 - - [27/Apr/2026:20:17:27 +0000] "GET /feed/ HTTP/1.1" 200 22015 "-" "Mozilla/5.0"
184.94.212.206 - - [27/Apr/2026:20:21:10 +0000] "POST /wp-cron.php?doing_wp_cron=1777321270.9531550407409667968750 HTTP/1.1" 200 - "-" "WordPress/6.9.4; https://verygreentea.com"
144.76.32.190 - - [27/Apr/2026:20:21:09 +0000] "GET /handy-tips-for-helping-you-to-lose-weight/ HTTP/1.1" 404 11341 "-" "Mozilla/5.0 (compatible; SERankingBacklinksBot/1.0; +https://seranking.com/backlinks-crawler)"
20.89.19.162 - - [27/Apr/2026:20:21:27 +0000] "GET /inputs.php HTTP/1.1" 404 11322 "-" "Mozilla/5.0 (Windows NT 10.0; Win64; x64) AppleWebKit/537.36 (KHTML, like Gecko) Chrome/120.0.0.0 Safari/537.36"
20.89.19.162 - - [27/Apr/2026:20:21:29 +0000] "GET /ioxi-o.php HTTP/1.1" 404 11323 "-" "Mozilla/5.0 (Windows NT 10.0; Win64; x64) AppleWebKit/537.36 (KHTML, like Gecko) Chrome/120.0.0.0 Safari/537.36"
20.89.19.162 - - [27/Apr/2026:20:21:30 +0000] "GET /function/function.php HTTP/1.1" 404 11323 "-" "Mozilla/5.0 (Windows NT 10.0; Win64; x64) AppleWebKit/537.36 (KHTML, like Gecko) Chrome/120.0.0.0 Safari/537.36"
20.89.19.162 - - [27/Apr/2026:20:21:31 +0000] "GET /rip.php HTTP/1.1" 404 11320 "-" "Mozilla/5.0 (Windows NT 10.0; Win64; x64) AppleWebKit/537.36 (KHTML, like Gecko) Chrome/120.0.0.0 Safari/537.36"
20.89.19.162 - - [27/Apr/2026:20:21:32 +0000] "GET /admin.php HTTP/1.1" 404 11321 "-" "Mozilla/5.0 (Windows NT 10.0; Win64; x64) AppleWebKit/537.36 (KHTML, like Gecko) Chrome/120.0.0.0 Safari/537.36"
20.89.19.162 - - [27/Apr/2026:20:21:33 +0000] "GET /wp-content/uploads/index.php HTTP/1.1" 301 - "-" "Mozilla/5.0 (Windows NT 10.0; Win64; x64) AppleWebKit/537.36 (KHTML, like Gecko) Chrome/120.0.0.0 Safari/537.36"
20.89.19.162 - - [27/Apr/2026:20:21:34 +0000] "GET /cache.php HTTP/1.1" 404 11322 "-" "Mozilla/5.0 (Windows NT 10.0; Win64; x64) AppleWebKit/537.36 (KHTML, like Gecko) Chrome/120.0.0.0 Safari/537.36"
20.89.19.162 - - [27/Apr/2026:20:21:35 +0000] "GET /themes.php HTTP/1.1" 404 11321 "-" "Mozilla/5.0 (Windows NT 10.0; Win64; x64) AppleWebKit/537.36 (KHTML, like Gecko) Chrome/120.0.0.0 Safari/537.36"
20.89.19.162 - - [27/Apr/2026:20:21:37 +0000] "GET /an.php HTTP/1.1" 404 11320 "-" "Mozilla/5.0 (Windows NT 10.0; Win64; x64) AppleWebKit/537.36 (KHTML, like Gecko) Chrome/120.0.0.0 Safari/537.36"
20.89.19.162 - - [27/Apr/2026:20:21:38 +0000] "GET /index/function.php HTTP/1.1" 404 11325 "-" "Mozilla/5.0 (Windows NT 10.0; Win64; x64) AppleWebKit/537.36 (KHTML, like Gecko) Chrome/120.0.0.0 Safari/537.36"
20.89.19.162 - - [27/Apr/2026:20:21:39 +0000] "GET /randkeyword.PhP7 HTTP/1.1" 404 11330 "-" "Mozilla/5.0 (Windows NT 10.0; Win64; x64) AppleWebKit/537.36 (KHTML, like Gecko) Chrome/120.0.0.0 Safari/537.36"
20.89.19.162 - - [27/Apr/2026:20:21:40 +0000] "GET /ws.php HTTP/1.1" 404 11321 "-" "Mozilla/5.0 (Windows NT 10.0; Win64; x64) AppleWebKit/537.36 (KHTML, like Gecko) Chrome/120.0.0.0 Safari/537.36"
20.89.19.162 - - [27/Apr/2026:20:21:42 +0000] "GET /404.php HTTP/1.1" 404 11321 "-" "Mozilla/5.0 (Windows NT 10.0; Win64; x64) AppleWebKit/537.36 (KHTML, like Gecko) Chrome/120.0.0.0 Safari/537.36"
20.89.19.162 - - [27/Apr/2026:20:21:43 +0000] "GET /wp-admin/user.php HTTP/1.1" 404 11325 "-" "Mozilla/5.0 (Windows NT 10.0; Win64; x64) AppleWebKit/537.36 (KHTML, like Gecko) Chrome/120.0.0.0 Safari/537.36"
20.89.19.162 - - [27/Apr/2026:20:21:44 +0000] "GET /wp-conf.php HTTP/1.1" 404 11323 "-" "Mozilla/5.0 (Windows NT 10.0; Win64; x64) AppleWebKit/537.36 (KHTML, like Gecko) Chrome/120.0.0.0 Safari/537.36"
20.89.19.162 - - [27/Apr/2026:20:21:45 +0000] "GET /wp-content/themes/hideo/network.php HTTP/1.1" 404 11385 "-" "Mozilla/5.0 (Windows NT 10.0; Win64; x64) AppleWebKit/537.36 (KHTML, like Gecko) Chrome/120.0.0.0 Safari/537.36"
20.89.19.162 - - [27/Apr/2026:20:21:46 +0000] "GET /wp-login.php HTTP/1.1" 200 2771 "-" "Mozilla/5.0 (Windows NT 10.0; Win64; x64) AppleWebKit/537.36 (KHTML, like Gecko) Chrome/120.0.0.0 Safari/537.36"
20.89.19.162 - - [27/Apr/2026:20:21:47 +0000] "GET /abc.php HTTP/1.1" 404 11321 "-" "Mozilla/5.0 (Windows NT 10.0; Win64; x64) AppleWebKit/537.36 (KHTML, like Gecko) Chrome/120.0.0.0 Safari/537.36"
20.89.19.162 - - [27/Apr/2026:20:21:48 +0000] "GET /abcd.php HTTP/1.1" 404 11321 "-" "Mozilla/5.0 (Windows NT 10.0; Win64; x64) AppleWebKit/537.36 (KHTML, like Gecko) Chrome/120.0.0.0 Safari/537.36"
20.89.19.162 - - [27/Apr/2026:20:21:49 +0000] "GET /as.php HTTP/1.1" 404 11320 "-" "Mozilla/5.0 (Windows NT 10.0; Win64; x64) AppleWebKit/537.36 (KHTML, like Gecko) Chrome/120.0.0.0 Safari/537.36"
20.89.19.162 - - [27/Apr/2026:20:21:50 +0000] "GET /wp-trackback.php HTTP/1.1" 404 130 "-" "Mozilla/5.0 (Windows NT 10.0; Win64; x64) AppleWebKit/537.36 (KHTML, like Gecko) Chrome/120.0.0.0 Safari/537.36"
20.89.19.162 - - [27/Apr/2026:20:21:51 +0000] "GET /about.php HTTP/1.1" 404 11321 "-" "Mozilla/5.0 (Windows NT 10.0; Win64; x64) AppleWebKit/537.36 (KHTML, like Gecko) Chrome/120.0.0.0 Safari/537.36"
20.89.19.162 - - [27/Apr/2026:20:21:52 +0000] "GET /file.php HTTP/1.1" 404 11321 "-" "Mozilla/5.0 (Windows NT 10.0; Win64; x64) AppleWebKit/537.36 (KHTML, like Gecko) Chrome/120.0.0.0 Safari/537.36"
20.89.19.162 - - [27/Apr/2026:20:21:53 +0000] "GET /adminfuns.php HTTP/1.1" 404 11324 "-" "Mozilla/5.0 (Windows NT 10.0; Win64; x64) AppleWebKit/537.36 (KHTML, like Gecko) Chrome/120.0.0.0 Safari/537.36"
20.89.19.162 - - [27/Apr/2026:20:21:54 +0000] "GET /wp-good.php HTTP/1.1" 404 11324 "-" "Mozilla/5.0 (Windows NT 10.0; Win64; x64) AppleWebKit/537.36 (KHTML, like Gecko) Chrome/120.0.0.0 Safari/537.36"
20.89.19.162 - - [27/Apr/2026:20:21:55 +0000] "GET /xmlrpc.php HTTP/1.1" 404 11323 "-" "Mozilla/5.0 (Windows NT 10.0; Win64; x64) AppleWebKit/537.36 (KHTML, like Gecko) Chrome/120.0.0.0 Safari/537.36"
20.89.19.162 - - [27/Apr/2026:20:21:56 +0000] "GET /goods.php HTTP/1.1" 404 11322 "-" "Mozilla/5.0 (Windows NT 10.0; Win64; x64) AppleWebKit/537.36 (KHTML, like Gecko) Chrome/120.0.0.0 Safari/537.36"
20.89.19.162 - - [27/Apr/2026:20:21:58 +0000] "GET /class-t.api.php HTTP/1.1" 404 11325 "-" "Mozilla/5.0 (Windows NT 10.0; Win64; x64) AppleWebKit/537.36 (KHTML, like Gecko) Chrome/120.0.0.0 Safari/537.36"
20.89.19.162 - - [27/Apr/2026:20:21:59 +0000] "GET /sf.php HTTP/1.1" 404 11320 "-" "Mozilla/5.0 (Windows NT 10.0; Win64; x64) AppleWebKit/537.36 (KHTML, like Gecko) Chrome/120.0.0.0 Safari/537.36"
20.89.19.162 - - [27/Apr/2026:20:22:00 +0000] "GET /kbfr.php HTTP/1.1" 404 11322 "-" "Mozilla/5.0 (Windows NT 10.0; Win64; x64) AppleWebKit/537.36 (KHTML, like Gecko) Chrome/120.0.0.0 Safari/537.36"
20.89.19.162 - - [27/Apr/2026:20:22:01 +0000] "GET /autoload_classmap.php HTTP/1.1" 404 11329 "-" "Mozilla/5.0 (Windows NT 10.0; Win64; x64) AppleWebKit/537.36 (KHTML, like Gecko) Chrome/120.0.0.0 Safari/537.36"
20.89.19.162 - - [27/Apr/2026:20:22:03 +0000] "GET /chosen.php?p= HTTP/1.1" 301 - "-" "Mozilla/5.0 (Windows NT 10.0; Win64; x64) AppleWebKit/537.36 (KHTML, like Gecko) Chrome/120.0.0.0 Safari/537.36"
20.89.19.162 - - [27/Apr/2026:20:22:04 +0000] "GET /classwithtostring.php HTTP/1.1" 404 11326 "-" "Mozilla/5.0 (Windows NT 10.0; Win64; x64) AppleWebKit/537.36 (KHTML, like Gecko) Chrome/120.0.0.0 Safari/537.36"
20.89.19.162 - - [27/Apr/2026:20:22:05 +0000] "GET /defaults.php HTTP/1.1" 404 11324 "-" "Mozilla/5.0 (Windows NT 10.0; Win64; x64) AppleWebKit/537.36 (KHTML, like Gecko) Chrome/120.0.0.0 Safari/537.36"
184.94.212.206 - - [27/Apr/2026:20:22:07 +0000] "POST /wp-cron.php?doing_wp_cron=1777321327.4436340332031250000000 HTTP/1.1" 200 - "-" "WordPress/6.9.4; https://verygreentea.com"
20.89.19.162 - - [27/Apr/2026:20:22:06 +0000] "GET /.well-known/ HTTP/1.1" 404 11328 "-" "Mozilla/5.0 (Windows NT 10.0; Win64; x64) AppleWebKit/537.36 (KHTML, like Gecko) Chrome/120.0.0.0 Safari/537.36"
20.89.19.162 - - [27/Apr/2026:20:22:07 +0000] "GET /info.php HTTP/1.1" 404 11321 "-" "Mozilla/5.0 (Windows NT 10.0; Win64; x64) AppleWebKit/537.36 (KHTML, like Gecko) Chrome/120.0.0.0 Safari/537.36"
20.89.19.162 - - [27/Apr/2026:20:22:08 +0000] "GET /cgi-bin/ HTTP/1.1" 404 11324 "-" "Mozilla/5.0 (Windows NT 10.0; Win64; x64) AppleWebKit/537.36 (KHTML, like Gecko) Chrome/120.0.0.0 Safari/537.36"
20.89.19.162 - - [27/Apr/2026:20:22:09 +0000] "GET /wp-includes/Requests/src/Response/about.php HTTP/1.1" 404 11391 "-" "Mozilla/5.0 (Windows NT 10.0; Win64; x64) AppleWebKit/537.36 (KHTML, like Gecko) Chrome/120.0.0.0 Safari/537.36"
20.89.19.162 - - [27/Apr/2026:20:22:10 +0000] "GET /wp-includes/html-api/ HTTP/1.1" 404 11327 "-" "Mozilla/5.0 (Windows NT 10.0; Win64; x64) AppleWebKit/537.36 (KHTML, like Gecko) Chrome/120.0.0.0 Safari/537.36"
20.89.19.162 - - [27/Apr/2026:20:22:11 +0000] "GET /wp-content/admin.php HTTP/1.1" 404 11324 "-" "Mozilla/5.0 (Windows NT 10.0; Win64; x64) AppleWebKit/537.36 (KHTML, like Gecko) Chrome/120.0.0.0 Safari/537.36"
20.89.19.162 - - [27/Apr/2026:20:22:13 +0000] "GET /wp-admin/css/colors/ectoplasm/ HTTP/1.1" 404 11391 "-" "Mozilla/5.0 (Windows NT 10.0; Win64; x64) AppleWebKit/537.36 (KHTML, like Gecko) Chrome/120.0.0.0 Safari/537.36"
20.89.19.162 - - [27/Apr/2026:20:22:14 +0000] "GET /wp-content/uploads/ HTTP/1.1" 404 11321 "-" "Mozilla/5.0 (Windows NT 10.0; Win64; x64) AppleWebKit/537.36 (KHTML, like Gecko) Chrome/120.0.0.0 Safari/537.36"
20.89.19.162 - - [27/Apr/2026:20:22:14 +0000] "GET /wp-content/themes/admin.php HTTP/1.1" 404 11379 "-" "Mozilla/5.0 (Windows NT 10.0; Win64; x64) AppleWebKit/537.36 (KHTML, like Gecko) Chrome/120.0.0.0 Safari/537.36"
20.89.19.162 - - [27/Apr/2026:20:22:16 +0000] "GET /wp-content/themes/index.php HTTP/1.1" 301 - "-" "Mozilla/5.0 (Windows NT 10.0; Win64; x64) AppleWebKit/537.36 (KHTML, like Gecko) Chrome/120.0.0.0 Safari/537.36"
20.89.19.162 - - [27/Apr/2026:20:22:17 +0000] "GET /wp-content/plugins/index.php HTTP/1.1" 301 - "-" "Mozilla/5.0 (Windows NT 10.0; Win64; x64) AppleWebKit/537.36 (KHTML, like Gecko) Chrome/120.0.0.0 Safari/537.36"
20.89.19.162 - - [27/Apr/2026:20:22:17 +0000] "GET /wp-includes/PHPMailer/ HTTP/1.1" 404 11330 "-" "Mozilla/5.0 (Windows NT 10.0; Win64; x64) AppleWebKit/537.36 (KHTML, like Gecko) Chrome/120.0.0.0 Safari/537.36"
20.89.19.162 - - [27/Apr/2026:20:22:18 +0000] "GET /wp-includes/images/ HTTP/1.1" 404 11324 "-" "Mozilla/5.0 (Windows NT 10.0; Win64; x64) AppleWebKit/537.36 (KHTML, like Gecko) Chrome/120.0.0.0 Safari/537.36"
20.89.19.162 - - [27/Apr/2026:20:22:19 +0000] "GET /wp-content/plugins/WordPressCore/ HTTP/1.1" 404 11387 "-" "Mozilla/5.0 (Windows NT 10.0; Win64; x64) AppleWebKit/537.36 (KHTML, like Gecko) Chrome/120.0.0.0 Safari/537.36"
184.94.212.206 - - [27/Apr/2026:20:26:05 +0000] "POST /wp-cron.php?doing_wp_cron=1777321565.0645809173583984375000 HTTP/1.1" 200 - "-" "WordPress/6.9.4; https://verygreentea.com"
81.84.142.73 - - [27/Apr/2026:20:26:03 +0000] "GET /tag/eating-smaller/ HTTP/1.1" 200 12493 "-" "Mozilla/5.0 (Macintosh; Intel Mac OS X 14_5_0) AppleWebKit/537.36 (KHTML, like Gecko) Chrome/133.0.6943.98 Safari/537.36"
184.94.212.206 - - [27/Apr/2026:20:36:01 +0000] "POST /wp-cron.php?doing_wp_cron=1777322161.6344571113586425781250 HTTP/1.1" 200 - "-" "WordPress/6.9.4; https://verygreentea.com"
17.22.245.240 - - [27/Apr/2026:20:35:59 +0000] "GET /robots.txt HTTP/1.1" 200 142 "-" "Mozilla/5.0 (Macintosh; Intel Mac OS X 10_15_7) AppleWebKit/605.1.15 (KHTML, like Gecko) Version/17.4 Safari/605.1.15 (Applebot/0.1; +http://www.apple.com/go/applebot)"
17.22.245.240 - - [27/Apr/2026:20:36:02 +0000] "GET /shed_those_extra_pounds_with_the_advice_in_this_article-jpg/ HTTP/1.1" 301 - "-" "Mozilla/5.0 (Macintosh; Intel Mac OS X 10_15_7) AppleWebKit/605.1.15 (KHTML, like Gecko) Version/17.4 Safari/605.1.15 (Applebot/0.1; +http://www.apple.com/go/applebot)"
17.22.245.240 - - [27/Apr/2026:20:36:03 +0000] "GET /wp-content/uploads/2020/03/shed_those_extra_pounds_with_the_advice_in_this_article.jpg HTTP/1.1" 200 122152 "-" "Mozilla/5.0 (Macintosh; Intel Mac OS X 10_15_7) AppleWebKit/605.1.15 (KHTML, like Gecko) Version/17.4 Safari/605.1.15 (Applebot/0.1; +http://www.apple.com/go/applebot)"
74.7.228.21 - - [27/Apr/2026:20:36:55 +0000] "GET /robots.txt HTTP/1.1" 200 142 "-" "Mozilla/5.0 (Macintosh; Intel Mac OS X 10_15_7) AppleWebKit/537.36 (KHTML, like Gecko) Chrome/131.0.0.0 Safari/537.36; compatible; OAI-SearchBot/1.3; robots.txt; +https://openai.com/searchbot"
184.94.212.206 - - [27/Apr/2026:20:49:05 +0000] "POST /wp-cron.php?doing_wp_cron=1777322945.6397850513458251953125 HTTP/1.1" 200 - "-" "WordPress/6.9.4; https://verygreentea.com"
20.219.12.30 - - [27/Apr/2026:20:49:04 +0000] "GET /inputs.php HTTP/1.1" 404 11322 "-" "Mozilla/5.0 (Windows NT 10.0; Win64; x64) AppleWebKit/537.36 (KHTML, like Gecko) Chrome/120.0.0.0 Safari/537.36"
20.219.12.30 - - [27/Apr/2026:20:49:07 +0000] "GET /ioxi-o.php HTTP/1.1" 404 11323 "-" "Mozilla/5.0 (Windows NT 10.0; Win64; x64) AppleWebKit/537.36 (KHTML, like Gecko) Chrome/120.0.0.0 Safari/537.36"
20.219.12.30 - - [27/Apr/2026:20:49:08 +0000] "GET /function/function.php HTTP/1.1" 404 11323 "-" "Mozilla/5.0 (Windows NT 10.0; Win64; x64) AppleWebKit/537.36 (KHTML, like Gecko) Chrome/120.0.0.0 Safari/537.36"
20.219.12.30 - - [27/Apr/2026:20:49:09 +0000] "GET /rip.php HTTP/1.1" 404 11320 "-" "Mozilla/5.0 (Windows NT 10.0; Win64; x64) AppleWebKit/537.36 (KHTML, like Gecko) Chrome/120.0.0.0 Safari/537.36"
20.219.12.30 - - [27/Apr/2026:20:49:10 +0000] "GET /admin.php HTTP/1.1" 404 11321 "-" "Mozilla/5.0 (Windows NT 10.0; Win64; x64) AppleWebKit/537.36 (KHTML, like Gecko) Chrome/120.0.0.0 Safari/537.36"
