20.219.12.30 - - [27/Apr/2026:20:49:11 +0000] "GET /wp-content/uploads/index.php HTTP/1.1" 301 - "-" "Mozilla/5.0 (Windows NT 10.0; Win64; x64) AppleWebKit/537.36 (KHTML, like Gecko) Chrome/120.0.0.0 Safari/537.36"
20.219.12.30 - - [27/Apr/2026:20:49:12 +0000] "GET /cache.php HTTP/1.1" 404 11322 "-" "Mozilla/5.0 (Windows NT 10.0; Win64; x64) AppleWebKit/537.36 (KHTML, like Gecko) Chrome/120.0.0.0 Safari/537.36"
20.219.12.30 - - [27/Apr/2026:20:49:13 +0000] "GET /themes.php HTTP/1.1" 404 11321 "-" "Mozilla/5.0 (Windows NT 10.0; Win64; x64) AppleWebKit/537.36 (KHTML, like Gecko) Chrome/120.0.0.0 Safari/537.36"
20.219.12.30 - - [27/Apr/2026:20:49:15 +0000] "GET /an.php HTTP/1.1" 404 11320 "-" "Mozilla/5.0 (Windows NT 10.0; Win64; x64) AppleWebKit/537.36 (KHTML, like Gecko) Chrome/120.0.0.0 Safari/537.36"
184.94.212.206 - - [27/Apr/2026:20:49:17 +0000] "POST /wp-cron.php?doing_wp_cron=1777322957.0175158977508544921875 HTTP/1.1" 200 - "-" "WordPress/6.9.4; https://verygreentea.com"
20.219.12.30 - - [27/Apr/2026:20:49:16 +0000] "GET /index/function.php HTTP/1.1" 404 11325 "-" "Mozilla/5.0 (Windows NT 10.0; Win64; x64) AppleWebKit/537.36 (KHTML, like Gecko) Chrome/120.0.0.0 Safari/537.36"
20.219.12.30 - - [27/Apr/2026:20:49:17 +0000] "GET /randkeyword.PhP7 HTTP/1.1" 404 11330 "-" "Mozilla/5.0 (Windows NT 10.0; Win64; x64) AppleWebKit/537.36 (KHTML, like Gecko) Chrome/120.0.0.0 Safari/537.36"
20.219.12.30 - - [27/Apr/2026:20:49:18 +0000] "GET /ws.php HTTP/1.1" 404 11321 "-" "Mozilla/5.0 (Windows NT 10.0; Win64; x64) AppleWebKit/537.36 (KHTML, like Gecko) Chrome/120.0.0.0 Safari/537.36"
20.219.12.30 - - [27/Apr/2026:20:49:19 +0000] "GET /404.php HTTP/1.1" 404 11321 "-" "Mozilla/5.0 (Windows NT 10.0; Win64; x64) AppleWebKit/537.36 (KHTML, like Gecko) Chrome/120.0.0.0 Safari/537.36"
20.219.12.30 - - [27/Apr/2026:20:49:20 +0000] "GET /wp-admin/user.php HTTP/1.1" 404 11325 "-" "Mozilla/5.0 (Windows NT 10.0; Win64; x64) AppleWebKit/537.36 (KHTML, like Gecko) Chrome/120.0.0.0 Safari/537.36"
20.219.12.30 - - [27/Apr/2026:20:49:21 +0000] "GET /wp-conf.php HTTP/1.1" 404 11323 "-" "Mozilla/5.0 (Windows NT 10.0; Win64; x64) AppleWebKit/537.36 (KHTML, like Gecko) Chrome/120.0.0.0 Safari/537.36"
20.219.12.30 - - [27/Apr/2026:20:49:22 +0000] "GET /wp-content/themes/hideo/network.php HTTP/1.1" 404 11385 "-" "Mozilla/5.0 (Windows NT 10.0; Win64; x64) AppleWebKit/537.36 (KHTML, like Gecko) Chrome/120.0.0.0 Safari/537.36"
20.219.12.30 - - [27/Apr/2026:20:49:23 +0000] "GET /wp-login.php HTTP/1.1" 200 2556 "-" "Mozilla/5.0 (Windows NT 10.0; Win64; x64) AppleWebKit/537.36 (KHTML, like Gecko) Chrome/120.0.0.0 Safari/537.36"
20.219.12.30 - - [27/Apr/2026:20:49:25 +0000] "GET /abc.php HTTP/1.1" 404 11321 "-" "Mozilla/5.0 (Windows NT 10.0; Win64; x64) AppleWebKit/537.36 (KHTML, like Gecko) Chrome/120.0.0.0 Safari/537.36"
20.219.12.30 - - [27/Apr/2026:20:49:26 +0000] "GET /abcd.php HTTP/1.1" 404 11321 "-" "Mozilla/5.0 (Windows NT 10.0; Win64; x64) AppleWebKit/537.36 (KHTML, like Gecko) Chrome/120.0.0.0 Safari/537.36"
20.219.12.30 - - [27/Apr/2026:20:49:27 +0000] "GET /as.php HTTP/1.1" 404 11320 "-" "Mozilla/5.0 (Windows NT 10.0; Win64; x64) AppleWebKit/537.36 (KHTML, like Gecko) Chrome/120.0.0.0 Safari/537.36"
20.219.12.30 - - [27/Apr/2026:20:49:28 +0000] "GET /wp-trackback.php HTTP/1.1" 404 130 "-" "Mozilla/5.0 (Windows NT 10.0; Win64; x64) AppleWebKit/537.36 (KHTML, like Gecko) Chrome/120.0.0.0 Safari/537.36"
20.219.12.30 - - [27/Apr/2026:20:49:29 +0000] "GET /about.php HTTP/1.1" 404 11321 "-" "Mozilla/5.0 (Windows NT 10.0; Win64; x64) AppleWebKit/537.36 (KHTML, like Gecko) Chrome/120.0.0.0 Safari/537.36"
159.223.38.82 - - [27/Apr/2026:20:49:29 +0000] "GET /robots.txt HTTP/1.1" 200 142 "-" "Mozilla/5.0 (compatible; WellKnownBot/0.1; +https://well-known.dev/about/#bot)"
20.219.12.30 - - [27/Apr/2026:20:49:30 +0000] "GET /file.php HTTP/1.1" 404 11321 "-" "Mozilla/5.0 (Windows NT 10.0; Win64; x64) AppleWebKit/537.36 (KHTML, like Gecko) Chrome/120.0.0.0 Safari/537.36"
20.219.12.30 - - [27/Apr/2026:20:49:31 +0000] "GET /adminfuns.php HTTP/1.1" 404 11324 "-" "Mozilla/5.0 (Windows NT 10.0; Win64; x64) AppleWebKit/537.36 (KHTML, like Gecko) Chrome/120.0.0.0 Safari/537.36"
20.219.12.30 - - [27/Apr/2026:20:49:32 +0000] "GET /wp-good.php HTTP/1.1" 404 11324 "-" "Mozilla/5.0 (Windows NT 10.0; Win64; x64) AppleWebKit/537.36 (KHTML, like Gecko) Chrome/120.0.0.0 Safari/537.36"
159.223.38.82 - - [27/Apr/2026:20:49:33 +0000] "GET /ads.txt HTTP/1.1" 200 58 "-" "Mozilla/5.0 (compatible; WellKnownBot/0.1; +https://well-known.dev/about/#bot)"
20.219.12.30 - - [27/Apr/2026:20:49:33 +0000] "GET /xmlrpc.php HTTP/1.1" 404 11323 "-" "Mozilla/5.0 (Windows NT 10.0; Win64; x64) AppleWebKit/537.36 (KHTML, like Gecko) Chrome/120.0.0.0 Safari/537.36"
20.219.12.30 - - [27/Apr/2026:20:49:34 +0000] "GET /goods.php HTTP/1.1" 404 11322 "-" "Mozilla/5.0 (Windows NT 10.0; Win64; x64) AppleWebKit/537.36 (KHTML, like Gecko) Chrome/120.0.0.0 Safari/537.36"
20.219.12.30 - - [27/Apr/2026:20:49:35 +0000] "GET /class-t.api.php HTTP/1.1" 404 11325 "-" "Mozilla/5.0 (Windows NT 10.0; Win64; x64) AppleWebKit/537.36 (KHTML, like Gecko) Chrome/120.0.0.0 Safari/537.36"
20.219.12.30 - - [27/Apr/2026:20:49:36 +0000] "GET /sf.php HTTP/1.1" 404 11320 "-" "Mozilla/5.0 (Windows NT 10.0; Win64; x64) AppleWebKit/537.36 (KHTML, like Gecko) Chrome/120.0.0.0 Safari/537.36"
20.219.12.30 - - [27/Apr/2026:20:49:37 +0000] "GET /kbfr.php HTTP/1.1" 404 11322 "-" "Mozilla/5.0 (Windows NT 10.0; Win64; x64) AppleWebKit/537.36 (KHTML, like Gecko) Chrome/120.0.0.0 Safari/537.36"
159.223.38.82 - - [27/Apr/2026:20:49:38 +0000] "GET /app-ads.txt HTTP/1.1" 404 11321 "-" "Mozilla/5.0 (compatible; WellKnownBot/0.1; +https://well-known.dev/about/#bot)"
20.219.12.30 - - [27/Apr/2026:20:49:38 +0000] "GET /autoload_classmap.php HTTP/1.1" 404 11329 "-" "Mozilla/5.0 (Windows NT 10.0; Win64; x64) AppleWebKit/537.36 (KHTML, like Gecko) Chrome/120.0.0.0 Safari/537.36"
20.219.12.30 - - [27/Apr/2026:20:49:39 +0000] "GET /chosen.php?p= HTTP/1.1" 301 - "-" "Mozilla/5.0 (Windows NT 10.0; Win64; x64) AppleWebKit/537.36 (KHTML, like Gecko) Chrome/120.0.0.0 Safari/537.36"
20.219.12.30 - - [27/Apr/2026:20:49:40 +0000] "GET /classwithtostring.php HTTP/1.1" 404 11326 "-" "Mozilla/5.0 (Windows NT 10.0; Win64; x64) AppleWebKit/537.36 (KHTML, like Gecko) Chrome/120.0.0.0 Safari/537.36"
20.219.12.30 - - [27/Apr/2026:20:49:41 +0000] "GET /defaults.php HTTP/1.1" 404 11324 "-" "Mozilla/5.0 (Windows NT 10.0; Win64; x64) AppleWebKit/537.36 (KHTML, like Gecko) Chrome/120.0.0.0 Safari/537.36"
20.219.12.30 - - [27/Apr/2026:20:49:42 +0000] "GET /.well-known/ HTTP/1.1" 404 11328 "-" "Mozilla/5.0 (Windows NT 10.0; Win64; x64) AppleWebKit/537.36 (KHTML, like Gecko) Chrome/120.0.0.0 Safari/537.36"
20.219.12.30 - - [27/Apr/2026:20:49:44 +0000] "GET /info.php HTTP/1.1" 404 11321 "-" "Mozilla/5.0 (Windows NT 10.0; Win64; x64) AppleWebKit/537.36 (KHTML, like Gecko) Chrome/120.0.0.0 Safari/537.36"
159.223.38.82 - - [27/Apr/2026:20:49:45 +0000] "GET /robots.txt HTTP/1.1" 301 - "-" "Mozilla/5.0 (compatible; WellKnownBot/0.1; +https://well-known.dev/about/#bot)"
20.219.12.30 - - [27/Apr/2026:20:49:45 +0000] "GET /cgi-bin/ HTTP/1.1" 404 11324 "-" "Mozilla/5.0 (Windows NT 10.0; Win64; x64) AppleWebKit/537.36 (KHTML, like Gecko) Chrome/120.0.0.0 Safari/537.36"
20.219.12.30 - - [27/Apr/2026:20:49:46 +0000] "GET /wp-includes/Requests/src/Response/about.php HTTP/1.1" 404 11391 "-" "Mozilla/5.0 (Windows NT 10.0; Win64; x64) AppleWebKit/537.36 (KHTML, like Gecko) Chrome/120.0.0.0 Safari/537.36"
159.223.38.82 - - [27/Apr/2026:20:49:46 +0000] "GET /robots.txt HTTP/1.1" 200 142 "-" "Mozilla/5.0 (compatible; WellKnownBot/0.1; +https://well-known.dev/about/#bot)"
20.219.12.30 - - [27/Apr/2026:20:49:47 +0000] "GET /wp-includes/html-api/ HTTP/1.1" 404 11327 "-" "Mozilla/5.0 (Windows NT 10.0; Win64; x64) AppleWebKit/537.36 (KHTML, like Gecko) Chrome/120.0.0.0 Safari/537.36"
159.223.38.82 - - [27/Apr/2026:20:49:48 +0000] "GET /app-ads.txt HTTP/1.1" 301 - "-" "Mozilla/5.0 (compatible; WellKnownBot/0.1; +https://well-known.dev/about/#bot)"
20.219.12.30 - - [27/Apr/2026:20:49:48 +0000] "GET /wp-content/admin.php HTTP/1.1" 404 11324 "-" "Mozilla/5.0 (Windows NT 10.0; Win64; x64) AppleWebKit/537.36 (KHTML, like Gecko) Chrome/120.0.0.0 Safari/537.36"
20.219.12.30 - - [27/Apr/2026:20:49:49 +0000] "GET /wp-admin/css/colors/ectoplasm/ HTTP/1.1" 404 11391 "-" "Mozilla/5.0 (Windows NT 10.0; Win64; x64) AppleWebKit/537.36 (KHTML, like Gecko) Chrome/120.0.0.0 Safari/537.36"
159.223.38.82 - - [27/Apr/2026:20:49:49 +0000] "GET /app-ads.txt HTTP/1.1" 404 11321 "-" "Mozilla/5.0 (compatible; WellKnownBot/0.1; +https://well-known.dev/about/#bot)"
20.219.12.30 - - [27/Apr/2026:20:49:50 +0000] "GET /wp-content/uploads/ HTTP/1.1" 404 11321 "-" "Mozilla/5.0 (Windows NT 10.0; Win64; x64) AppleWebKit/537.36 (KHTML, like Gecko) Chrome/120.0.0.0 Safari/537.36"
20.219.12.30 - - [27/Apr/2026:20:49:51 +0000] "GET /wp-content/themes/admin.php HTTP/1.1" 404 11379 "-" "Mozilla/5.0 (Windows NT 10.0; Win64; x64) AppleWebKit/537.36 (KHTML, like Gecko) Chrome/120.0.0.0 Safari/537.36"
20.219.12.30 - - [27/Apr/2026:20:49:52 +0000] "GET /wp-content/themes/index.php HTTP/1.1" 301 - "-" "Mozilla/5.0 (Windows NT 10.0; Win64; x64) AppleWebKit/537.36 (KHTML, like Gecko) Chrome/120.0.0.0 Safari/537.36"
20.219.12.30 - - [27/Apr/2026:20:49:53 +0000] "GET /wp-content/plugins/index.php HTTP/1.1" 301 - "-" "Mozilla/5.0 (Windows NT 10.0; Win64; x64) AppleWebKit/537.36 (KHTML, like Gecko) Chrome/120.0.0.0 Safari/537.36"
159.223.38.82 - - [27/Apr/2026:20:49:54 +0000] "GET /.well-known/apple-app-site-association HTTP/1.1" 404 11337 "-" "Mozilla/5.0 (compatible; WellKnownBot/0.1; +https://well-known.dev/about/#bot)"
20.219.12.30 - - [27/Apr/2026:20:49:54 +0000] "GET /wp-includes/PHPMailer/ HTTP/1.1" 404 11330 "-" "Mozilla/5.0 (Windows NT 10.0; Win64; x64) AppleWebKit/537.36 (KHTML, like Gecko) Chrome/120.0.0.0 Safari/537.36"
20.219.12.30 - - [27/Apr/2026:20:49:56 +0000] "GET /wp-includes/images/ HTTP/1.1" 404 11324 "-" "Mozilla/5.0 (Windows NT 10.0; Win64; x64) AppleWebKit/537.36 (KHTML, like Gecko) Chrome/120.0.0.0 Safari/537.36"
20.219.12.30 - - [27/Apr/2026:20:49:57 +0000] "GET /wp-content/plugins/WordPressCore/ HTTP/1.1" 404 11387 "-" "Mozilla/5.0 (Windows NT 10.0; Win64; x64) AppleWebKit/537.36 (KHTML, like Gecko) Chrome/120.0.0.0 Safari/537.36"
159.223.38.82 - - [27/Apr/2026:20:49:59 +0000] "GET /apple-app-site-association HTTP/1.1" 404 11327 "-" "Mozilla/5.0 (compatible; WellKnownBot/0.1; +https://well-known.dev/about/#bot)"
159.223.38.82 - - [27/Apr/2026:20:50:05 +0000] "GET /.well-known/apple-app-site-association HTTP/1.1" 301 - "-" "Mozilla/5.0 (compatible; WellKnownBot/0.1; +https://well-known.dev/about/#bot)"
159.223.38.82 - - [27/Apr/2026:20:50:08 +0000] "GET /.well-known/apple-app-site-association HTTP/1.1" 404 11337 "-" "Mozilla/5.0 (compatible; WellKnownBot/0.1; +https://well-known.dev/about/#bot)"
159.223.38.82 - - [27/Apr/2026:20:50:09 +0000] "GET /apple-app-site-association HTTP/1.1" 301 - "-" "Mozilla/5.0 (compatible; WellKnownBot/0.1; +https://well-known.dev/about/#bot)"
159.223.38.82 - - [27/Apr/2026:20:50:11 +0000] "GET /apple-app-site-association HTTP/1.1" 404 11327 "-" "Mozilla/5.0 (compatible; WellKnownBot/0.1; +https://well-known.dev/about/#bot)"
159.223.38.82 - - [27/Apr/2026:20:50:15 +0000] "GET /.well-known/assetlinks.json HTTP/1.1" 404 11331 "-" "Mozilla/5.0 (compatible; WellKnownBot/0.1; +https://well-known.dev/about/#bot)"
159.223.38.82 - - [27/Apr/2026:20:50:21 +0000] "GET /.well-known/assetlinks.json HTTP/1.1" 301 - "-" "Mozilla/5.0 (compatible; WellKnownBot/0.1; +https://well-known.dev/about/#bot)"
159.223.38.82 - - [27/Apr/2026:20:50:22 +0000] "GET /.well-known/assetlinks.json HTTP/1.1" 404 11331 "-" "Mozilla/5.0 (compatible; WellKnownBot/0.1; +https://well-known.dev/about/#bot)"
159.223.38.82 - - [27/Apr/2026:20:50:25 +0000] "GET /.well-known/gpc.json HTTP/1.1" 404 11331 "-" "Mozilla/5.0 (compatible; WellKnownBot/0.1; +https://well-known.dev/about/#bot)"
159.223.38.82 - - [27/Apr/2026:20:50:31 +0000] "GET /.well-known/gpc.json HTTP/1.1" 301 - "-" "Mozilla/5.0 (compatible; WellKnownBot/0.1; +https://well-known.dev/about/#bot)"
159.223.38.82 - - [27/Apr/2026:20:50:33 +0000] "GET /.well-known/gpc.json HTTP/1.1" 404 11331 "-" "Mozilla/5.0 (compatible; WellKnownBot/0.1; +https://well-known.dev/about/#bot)"
159.223.38.82 - - [27/Apr/2026:20:50:36 +0000] "GET /.well-known/nodeinfo HTTP/1.1" 404 11331 "-" "Mozilla/5.0 (compatible; WellKnownBot/0.1; +https://well-known.dev/about/#bot)"
184.94.212.206 - - [27/Apr/2026:20:50:42 +0000] "POST /wp-cron.php?doing_wp_cron=1777323042.0979590415954589843750 HTTP/1.1" 200 - "-" "WordPress/6.9.4; https://verygreentea.com"
159.223.38.82 - - [27/Apr/2026:20:50:41 +0000] "GET /.well-known/nodeinfo HTTP/1.1" 301 - "-" "Mozilla/5.0 (compatible; WellKnownBot/0.1; +https://well-known.dev/about/#bot)"
159.223.38.82 - - [27/Apr/2026:20:50:42 +0000] "GET /.well-known/nodeinfo HTTP/1.1" 404 11331 "-" "Mozilla/5.0 (compatible; WellKnownBot/0.1; +https://well-known.dev/about/#bot)"
159.223.38.82 - - [27/Apr/2026:20:50:46 +0000] "GET /.well-known/openid-configuration HTTP/1.1" 404 11336 "-" "Mozilla/5.0 (compatible; WellKnownBot/0.1; +https://well-known.dev/about/#bot)"
159.223.38.82 - - [27/Apr/2026:20:50:51 +0000] "GET /.well-known/openid-configuration HTTP/1.1" 301 - "-" "Mozilla/5.0 (compatible; WellKnownBot/0.1; +https://well-known.dev/about/#bot)"
159.223.38.82 - - [27/Apr/2026:20:50:52 +0000] "GET /.well-known/openid-configuration HTTP/1.1" 404 11336 "-" "Mozilla/5.0 (compatible; WellKnownBot/0.1; +https://well-known.dev/about/#bot)"
159.223.38.82 - - [27/Apr/2026:20:50:56 +0000] "GET /.well-known/security.txt HTTP/1.1" 404 11332 "-" "Mozilla/5.0 (compatible; WellKnownBot/0.1; +https://well-known.dev/about/#bot)"
159.223.38.82 - - [27/Apr/2026:20:51:02 +0000] "GET /security.txt HTTP/1.1" 404 11322 "-" "Mozilla/5.0 (compatible; WellKnownBot/0.1; +https://well-known.dev/about/#bot)"
159.223.38.82 - - [27/Apr/2026:20:51:06 +0000] "GET /.well-known/security.txt HTTP/1.1" 301 - "-" "Mozilla/5.0 (compatible; WellKnownBot/0.1; +https://well-known.dev/about/#bot)"
159.223.38.82 - - [27/Apr/2026:20:51:08 +0000] "GET /.well-known/security.txt HTTP/1.1" 404 11332 "-" "Mozilla/5.0 (compatible; WellKnownBot/0.1; +https://well-known.dev/about/#bot)"
159.223.38.82 - - [27/Apr/2026:20:51:10 +0000] "GET /security.txt HTTP/1.1" 301 - "-" "Mozilla/5.0 (compatible; WellKnownBot/0.1; +https://well-known.dev/about/#bot)"
159.223.38.82 - - [27/Apr/2026:20:51:12 +0000] "GET /security.txt HTTP/1.1" 404 11322 "-" "Mozilla/5.0 (compatible; WellKnownBot/0.1; +https://well-known.dev/about/#bot)"
159.223.38.82 - - [27/Apr/2026:20:51:16 +0000] "GET /.well-known/trust.txt HTTP/1.1" 404 11330 "-" "Mozilla/5.0 (compatible; WellKnownBot/0.1; +https://well-known.dev/about/#bot)"
159.223.38.82 - - [27/Apr/2026:20:51:21 +0000] "GET /trust.txt HTTP/1.1" 404 11319 "-" "Mozilla/5.0 (compatible; WellKnownBot/0.1; +https://well-known.dev/about/#bot)"
159.223.38.82 - - [27/Apr/2026:20:51:26 +0000] "GET /.well-known/trust.txt HTTP/1.1" 301 - "-" "Mozilla/5.0 (compatible; WellKnownBot/0.1; +https://well-known.dev/about/#bot)"
159.223.38.82 - - [27/Apr/2026:20:51:28 +0000] "GET /.well-known/trust.txt HTTP/1.1" 404 11330 "-" "Mozilla/5.0 (compatible; WellKnownBot/0.1; +https://well-known.dev/about/#bot)"
159.223.38.82 - - [27/Apr/2026:20:51:31 +0000] "GET /trust.txt HTTP/1.1" 301 - "-" "Mozilla/5.0 (compatible; WellKnownBot/0.1; +https://well-known.dev/about/#bot)"
159.223.38.82 - - [27/Apr/2026:20:51:32 +0000] "GET /trust.txt HTTP/1.1" 404 11319 "-" "Mozilla/5.0 (compatible; WellKnownBot/0.1; +https://well-known.dev/about/#bot)"
184.94.212.206 - - [27/Apr/2026:20:56:06 +0000] "POST /wp-cron.php?doing_wp_cron=1777323366.0323209762573242187500 HTTP/1.1" 200 - "-" "WordPress/6.9.4; https://verygreentea.com"
14.166.135.158 - - [27/Apr/2026:20:56:04 +0000] "GET /tag/wheat-noodles/?amp HTTP/1.1" 200 11783 "-" "Mozilla/5.0 (Macintosh; Intel Mac OS X 13.5; rv:132.0) Gecko/20100101 Firefox/132.0"
184.94.212.206 - - [27/Apr/2026:21:14:58 +0000] "POST /wp-cron.php?doing_wp_cron=1777324498.2573349475860595703125 HTTP/1.1" 200 - "-" "WordPress/6.9.4; https://verygreentea.com"
47.128.96.33 - - [27/Apr/2026:21:14:56 +0000] "GET / HTTP/1.1" 200 14948 "-" "Mozilla/5.0 (Linux; Android 5.0) AppleWebKit/537.36 (KHTML, like Gecko) Mobile Safari/537.36 (compatible; Bytespider; spider-feedback@bytedance.com)"
47.128.96.33 - - [27/Apr/2026:21:14:58 +0000] "GET /wp-content/themes/magazine-pro/style.css?ver=3.2.4 HTTP/1.1" 200 8227 "https://verygreentea.com/" "Mozilla/5.0 (Linux; Android 5.0) AppleWebKit/537.36 (KHTML, like Gecko) Mobile Safari/537.36 (compatible; Bytespider; spider-feedback@bytedance.com)"
184.94.212.206 - - [27/Apr/2026:21:20:40 +0000] "POST /wp-cron.php?doing_wp_cron=1777324840.4459331035614013671875 HTTP/1.1" 200 - "-" "WordPress/6.9.4; https://verygreentea.com"
17.241.75.137 - - [27/Apr/2026:21:20:38 +0000] "GET /tag/fad-diets/?amp HTTP/1.1" 200 12441 "-" "Mozilla/5.0 (Macintosh; Intel Mac OS X 10_15_7) AppleWebKit/605.1.15 (KHTML, like Gecko) Version/17.4 Safari/605.1.15 (Applebot/0.1; +http://www.apple.com/go/applebot)"
17.241.227.236 - - [27/Apr/2026:21:23:35 +0000] "GET /wp-content/themes/magazine-pro/js/responsive-menus.min.js?ver=3.2.4 HTTP/1.1" 200 1420 "https://verygreentea.com/tag/fad-diets/?amp" "Mozilla/5.0 (Macintosh; Intel Mac OS X 10_15_7) AppleWebKit/605.1.15 (KHTML, like Gecko) Version/17.4 Safari/605.1.15 (Applebot/0.1; +http://www.apple.com/go/applebot)"
17.241.227.53 - - [27/Apr/2026:21:23:37 +0000] "GET /wp-content/themes/genesis/lib/js/skip-links.min.js?ver=3.6.2 HTTP/1.1" 200 238 "https://verygreentea.com/tag/fad-diets/?amp" "Mozilla/5.0 (Macintosh; Intel Mac OS X 10_15_7) AppleWebKit/605.1.15 (KHTML, like Gecko) Version/17.4 Safari/605.1.15 (Applebot/0.1; +http://www.apple.com/go/applebot)"
17.241.75.197 - - [27/Apr/2026:21:23:38 +0000] "GET /wp-content/themes/genesis/lib/js/menu/superfish.args.min.js?ver=3.6.2 HTTP/1.1" 200 124 "https://verygreentea.com/tag/fad-diets/?amp" "Mozilla/5.0 (Macintosh; Intel Mac OS X 10_15_7) AppleWebKit/605.1.15 (KHTML, like Gecko) Version/17.4 Safari/605.1.15 (Applebot/0.1; +http://www.apple.com/go/applebot)"
17.241.219.204 - - [27/Apr/2026:21:23:39 +0000] "GET /wp-content/themes/magazine-pro/style.css?ver=3.2.4 HTTP/1.1" 200 8227 "https://verygreentea.com/tag/fad-diets/?amp" "Mozilla/5.0 (Macintosh; Intel Mac OS X 10_15_7) AppleWebKit/605.1.15 (KHTML, like Gecko) Version/17.4 Safari/605.1.15 (Applebot/0.1; +http://www.apple.com/go/applebot)"
17.241.227.20 - - [27/Apr/2026:21:23:41 +0000] "GET /wp-content/themes/magazine-pro/js/entry-date.js?ver=1.0.0 HTTP/1.1" 200 315 "https://verygreentea.com/tag/fad-diets/?amp" "Mozilla/5.0 (Macintosh; Intel Mac OS X 10_15_7) AppleWebKit/605.1.15 (KHTML, like Gecko) Version/17.4 Safari/605.1.15 (Applebot/0.1; +http://www.apple.com/go/applebot)"
17.241.75.210 - - [27/Apr/2026:21:23:42 +0000] "GET /wp-content/themes/genesis/lib/js/menu/superfish.min.js?ver=1.7.10 HTTP/1.1" 200 1894 "https://verygreentea.com/tag/fad-diets/?amp" "Mozilla/5.0 (Macintosh; Intel Mac OS X 10_15_7) AppleWebKit/605.1.15 (KHTML, like Gecko) Version/17.4 Safari/605.1.15 (Applebot/0.1; +http://www.apple.com/go/applebot)"
17.241.75.226 - - [27/Apr/2026:21:23:44 +0000] "GET /wp-content/plugins/google-site-kit/dist/assets/js/googlesitekit-consent-mode-bc2e26cfa69fcd4a8261.js HTTP/1.1" 200 25395 "https://verygreentea.com/tag/fad-diets/?amp" "Mozilla/5.0 (Macintosh; Intel Mac OS X 10_15_7) AppleWebKit/605.1.15 (KHTML, like Gecko) Version/17.4 Safari/605.1.15 (Applebot/0.1; +http://www.apple.com/go/applebot)"
17.241.75.207 - - [27/Apr/2026:21:23:45 +0000] "GET /wp-content/plugins/wp-consent-api/assets/js/wp-consent-api.min.js?ver=2.0.1 HTTP/1.1" 200 822 "https://verygreentea.com/tag/fad-diets/?amp" "Mozilla/5.0 (Macintosh; Intel Mac OS X 10_15_7) AppleWebKit/605.1.15 (KHTML, like Gecko) Version/17.4 Safari/605.1.15 (Applebot/0.1; +http://www.apple.com/go/applebot)"
17.241.75.210 - - [27/Apr/2026:21:23:46 +0000] "GET /wp-includes/js/wp-emoji-release.min.js?ver=0d4e67d205c67ce570242b704e14331c HTTP/1.1" 200 5375 "https://verygreentea.com/tag/fad-diets/?amp" "Mozilla/5.0 (Macintosh; Intel Mac OS X 10_15_7) AppleWebKit/605.1.15 (KHTML, like Gecko) Version/17.4 Safari/605.1.15 (Applebot/0.1; +http://www.apple.com/go/applebot)"
184.94.212.206 - - [27/Apr/2026:21:31:27 +0000] "POST /wp-cron.php?doing_wp_cron=1777325487.2488069534301757812500 HTTP/1.1" 200 - "-" "WordPress/6.9.4; https://verygreentea.com"
169.224.89.73 - - [27/Apr/2026:21:31:24 +0000] "GET /diet-and-exercise-tips-for-successful-weight-loss/?share=facebook HTTP/1.1" 302 - "-" "Mozilla/5.0 (Windows NT 10.0; Win64; x64) AppleWebKit/537.36 (KHTML, like Gecko) Chrome/101.0.0.0 Safari/537.36"
184.94.212.206 - - [27/Apr/2026:21:33:00 +0000] "POST /wp-cron.php?doing_wp_cron=1777325580.8465850353240966796875 HTTP/1.1" 200 - "-" "WordPress/6.9.4; https://verygreentea.com"
47.128.96.66 - - [27/Apr/2026:21:32:59 +0000] "GET /weight-loss-calculator/ HTTP/1.1" 200 15845 "-" "Mozilla/5.0 (Linux; Android 5.0) AppleWebKit/537.36 (KHTML, like Gecko) Mobile Safari/537.36 (compatible; Bytespider; spider-feedback@bytedance.com)"
47.128.96.66 - - [27/Apr/2026:21:33:01 +0000] "GET /wp-content/themes/magazine-pro/style.css?ver=3.2.4 HTTP/1.1" 200 8227 "https://verygreentea.com/weight-loss-calculator/" "Mozilla/5.0 (Linux; Android 5.0) AppleWebKit/537.36 (KHTML, like Gecko) Mobile Safari/537.36 (compatible; Bytespider; spider-feedback@bytedance.com)"
14.188.235.30 - - [27/Apr/2026:21:33:01 +0000] "GET /how-to-make-green-tea/?share=facebook HTTP/1.1" 302 - "-" "Mozilla/5.0 (Macintosh; Intel Mac OS X 10_15_1) AppleWebKit/537.36 (KHTML, like Gecko) Chrome/80.0.3987.122 Safari/537.36"
184.94.212.206 - - [27/Apr/2026:21:34:44 +0000] "POST /wp-cron.php?doing_wp_cron=1777325684.2433340549468994140625 HTTP/1.1" 200 - "-" "WordPress/6.9.4; https://verygreentea.com"
125.75.66.97 - - [27/Apr/2026:21:34:42 +0000] "GET / HTTP/1.1" 301 - "http://www.verygreentea.com" "Mozilla/5.0 (iPhone; CPU iPhone OS 13_2_3 like Mac OS X) AppleWebKit/605.1.15 (KHTML, like Gecko) Version/13.0.3 Mobile/15E148 Safari/604.1"
184.94.212.206 - - [27/Apr/2026:21:37:13 +0000] "POST /wp-cron.php?doing_wp_cron=1777325833.3745980262756347656250 HTTP/1.1" 200 - "-" "WordPress/6.9.4; https://verygreentea.com"
66.249.66.15 - - [27/Apr/2026:21:37:11 +0000] "GET /sitemap-1.xml HTTP/1.1" 200 1012 "-" "Mozilla/5.0 (compatible; Googlebot/2.1; +http://www.google.com/bot.html)"
172.56.168.166 - - [27/Apr/2026:21:37:18 +0000] "GET /how-to-make-green-tea/ HTTP/1.1" 200 19717 "https://www.ecosia.org/" "Mozilla/5.0 (Windows NT 10.0; Win64; x64) AppleWebKit/537.36 (KHTML, like Gecko) Chrome/147.0.0.0 Safari/537.36"
172.56.168.166 - - [27/Apr/2026:21:37:19 +0000] "GET /wp-content/themes/magazine-pro/style.css?ver=3.2.4 HTTP/1.1" 200 8227 "https://verygreentea.com/how-to-make-green-tea/" "Mozilla/5.0 (Windows NT 10.0; Win64; x64) AppleWebKit/537.36 (KHTML, like Gecko) Chrome/147.0.0.0 Safari/537.36"
172.56.168.166 - - [27/Apr/2026:21:37:19 +0000] "GET /wp-content/themes/magazine-pro/js/entry-date.js?ver=1.0.0 HTTP/1.1" 200 315 "https://verygreentea.com/how-to-make-green-tea/" "Mozilla/5.0 (Windows NT 10.0; Win64; x64) AppleWebKit/537.36 (KHTML, like Gecko) Chrome/147.0.0.0 Safari/537.36"
172.56.168.166 - - [27/Apr/2026:21:37:19 +0000] "GET /wp-content/themes/genesis/lib/js/menu/superfish.min.js?ver=1.7.10 HTTP/1.1" 200 1894 "https://verygreentea.com/how-to-make-green-tea/" "Mozilla/5.0 (Windows NT 10.0; Win64; x64) AppleWebKit/537.36 (KHTML, like Gecko) Chrome/147.0.0.0 Safari/537.36"
172.56.168.166 - - [27/Apr/2026:21:37:19 +0000] "GET /wp-content/themes/genesis/lib/js/menu/superfish.args.min.js?ver=3.6.2 HTTP/1.1" 200 124 "https://verygreentea.com/how-to-make-green-tea/" "Mozilla/5.0 (Windows NT 10.0; Win64; x64) AppleWebKit/537.36 (KHTML, like Gecko) Chrome/147.0.0.0 Safari/537.36"
172.56.168.166 - - [27/Apr/2026:21:37:20 +0000] "GET /wp-content/themes/genesis/lib/js/skip-links.min.js?ver=3.6.2 HTTP/1.1" 200 238 "https://verygreentea.com/how-to-make-green-tea/" "Mozilla/5.0 (Windows NT 10.0; Win64; x64) AppleWebKit/537.36 (KHTML, like Gecko) Chrome/147.0.0.0 Safari/537.36"
172.56.168.166 - - [27/Apr/2026:21:37:20 +0000] "GET /wp-content/uploads/2020/02/headerlogo1.png HTTP/1.1" 200 133734 "https://verygreentea.com/how-to-make-green-tea/" "Mozilla/5.0 (Windows NT 10.0; Win64; x64) AppleWebKit/537.36 (KHTML, like Gecko) Chrome/147.0.0.0 Safari/537.36"
172.56.168.166 - - [27/Apr/2026:21:37:20 +0000] "GET /wp-content/themes/magazine-pro/js/responsive-menus.min.js?ver=3.2.4 HTTP/1.1" 200 1420 "https://verygreentea.com/how-to-make-green-tea/" "Mozilla/5.0 (Windows NT 10.0; Win64; x64) AppleWebKit/537.36 (KHTML, like Gecko) Chrome/147.0.0.0 Safari/537.36"
172.56.168.166 - - [27/Apr/2026:21:37:20 +0000] "GET /wp-content/plugins/google-site-kit/dist/assets/js/googlesitekit-consent-mode-bc2e26cfa69fcd4a8261.js HTTP/1.1" 200 25395 "https://verygreentea.com/how-to-make-green-tea/" "Mozilla/5.0 (Windows NT 10.0; Win64; x64) AppleWebKit/537.36 (KHTML, like Gecko) Chrome/147.0.0.0 Safari/537.36"
172.56.168.166 - - [27/Apr/2026:21:37:20 +0000] "GET /wp-content/plugins/wp-consent-api/assets/js/wp-consent-api.min.js?ver=2.0.1 HTTP/1.1" 200 822 "https://verygreentea.com/how-to-make-green-tea/" "Mozilla/5.0 (Windows NT 10.0; Win64; x64) AppleWebKit/537.36 (KHTML, like Gecko) Chrome/147.0.0.0 Safari/537.36"
172.56.168.166 - - [27/Apr/2026:21:37:20 +0000] "GET /wp-includes/js/wp-emoji-release.min.js?ver=0d4e67d205c67ce570242b704e14331c HTTP/1.1" 200 5375 "https://verygreentea.com/how-to-make-green-tea/" "Mozilla/5.0 (Windows NT 10.0; Win64; x64) AppleWebKit/537.36 (KHTML, like Gecko) Chrome/147.0.0.0 Safari/537.36"
172.56.168.166 - - [27/Apr/2026:21:37:20 +0000] "GET /how-to-make-green-tea/?relatedposts=1 HTTP/1.1" 200 1274 "https://verygreentea.com/how-to-make-green-tea/" "Mozilla/5.0 (Windows NT 10.0; Win64; x64) AppleWebKit/537.36 (KHTML, like Gecko) Chrome/147.0.0.0 Safari/537.36"
210.56.23.198 - - [27/Apr/2026:21:39:08 +0000] "GET / HTTP/1.1" 200 15028 "-" "Mozilla/5.0 (Windows NT 10.0; Win64; x64; rv:73.0) Gecko/20100101 Firefox/73.0"
184.94.212.206 - - [27/Apr/2026:21:40:34 +0000] "POST /wp-cron.php?doing_wp_cron=1777326034.2048950195312500000000 HTTP/1.1" 200 - "-" "WordPress/6.9.4; https://verygreentea.com"
113.177.208.10 - - [27/Apr/2026:21:40:32 +0000] "GET /tag/burn-calories/ HTTP/1.1" 200 12492 "-" "Mozilla/5.0 (Macintosh; Intel Mac OS X 13_5_0) AppleWebKit/537.36 (KHTML, like Gecko) Chrome/133.0.6943.53 Safari/537.36"
184.94.212.206 - - [27/Apr/2026:21:42:50 +0000] "POST /wp-cron.php?doing_wp_cron=1777326170.7231180667877197265625 HTTP/1.1" 200 - "-" "WordPress/6.9.4; https://verygreentea.com"
57.141.18.25 - - [27/Apr/2026:21:42:49 +0000] "GET /solid_advice_for_people_who_hope_to_lose_weight-jpg/ HTTP/1.1" 301 - "-" "meta-externalagent/1.1 (+https://developers.facebook.com/docs/sharing/webmasters/crawler)"
184.94.212.206 - - [27/Apr/2026:21:46:09 +0000] "POST /wp-cron.php?doing_wp_cron=1777326368.7266700267791748046875 HTTP/1.1" 200 - "-" "WordPress/6.9.4; https://verygreentea.com"
43.130.15.147 - - [27/Apr/2026:21:46:06 +0000] "GET / HTTP/1.1" 301 - "http://www.verygreentea.com" "Mozilla/5.0 (iPhone; CPU iPhone OS 13_2_3 like Mac OS X) AppleWebKit/605.1.15 (KHTML, like Gecko) Version/13.0.3 Mobile/15E148 Safari/604.1"
43.130.15.147 - - [27/Apr/2026:21:46:09 +0000] "GET / HTTP/1.1" 200 15028 "https://www.verygreentea.com/" "Mozilla/5.0 (iPhone; CPU iPhone OS 13_2_3 like Mac OS X) AppleWebKit/605.1.15 (KHTML, like Gecko) Version/13.0.3 Mobile/15E148 Safari/604.1"
20.191.45.212 - - [27/Apr/2026:21:48:45 +0000] "GET / HTTP/1.1" 200 15028 "http://verygreentea.com" "DuckDuckBot/1.1; (+http://duckduckgo.com/duckduckbot.html)"
217.118.206.2 - - [27/Apr/2026:21:48:47 +0000] "GET /how-to-make-green-tea/ HTTP/1.1" 200 19717 "https://duckduckgo.com/" "Mozilla/5.0 (X11; Linux x86_64; rv:150.0) Gecko/20100101 Firefox/150.0"
217.118.206.2 - - [27/Apr/2026:21:48:47 +0000] "GET /wp-content/themes/magazine-pro/style.css?ver=3.2.4 HTTP/1.1" 200 8227 "https://verygreentea.com/how-to-make-green-tea/" "Mozilla/5.0 (X11; Linux x86_64; rv:150.0) Gecko/20100101 Firefox/150.0"
217.118.206.2 - - [27/Apr/2026:21:48:47 +0000] "GET /wp-content/plugins/google-site-kit/dist/assets/js/googlesitekit-consent-mode-bc2e26cfa69fcd4a8261.js HTTP/1.1" 200 25395 "https://verygreentea.com/how-to-make-green-tea/" "Mozilla/5.0 (X11; Linux x86_64; rv:150.0) Gecko/20100101 Firefox/150.0"
217.118.206.2 - - [27/Apr/2026:21:48:47 +0000] "GET /wp-content/themes/magazine-pro/js/entry-date.js?ver=1.0.0 HTTP/1.1" 200 315 "https://verygreentea.com/how-to-make-green-tea/" "Mozilla/5.0 (X11; Linux x86_64; rv:150.0) Gecko/20100101 Firefox/150.0"
217.118.206.2 - - [27/Apr/2026:21:48:47 +0000] "GET /wp-content/themes/genesis/lib/js/menu/superfish.min.js?ver=1.7.10 HTTP/1.1" 200 1894 "https://verygreentea.com/how-to-make-green-tea/" "Mozilla/5.0 (X11; Linux x86_64; rv:150.0) Gecko/20100101 Firefox/150.0"
217.118.206.2 - - [27/Apr/2026:21:48:47 +0000] "GET /wp-content/themes/genesis/lib/js/menu/superfish.args.min.js?ver=3.6.2 HTTP/1.1" 200 124 "https://verygreentea.com/how-to-make-green-tea/" "Mozilla/5.0 (X11; Linux x86_64; rv:150.0) Gecko/20100101 Firefox/150.0"
217.118.206.2 - - [27/Apr/2026:21:48:47 +0000] "GET /wp-content/themes/genesis/lib/js/skip-links.min.js?ver=3.6.2 HTTP/1.1" 200 238 "https://verygreentea.com/how-to-make-green-tea/" "Mozilla/5.0 (X11; Linux x86_64; rv:150.0) Gecko/20100101 Firefox/150.0"
217.118.206.2 - - [27/Apr/2026:21:48:47 +0000] "GET /wp-content/themes/magazine-pro/js/responsive-menus.min.js?ver=3.2.4 HTTP/1.1" 200 1420 "https://verygreentea.com/how-to-make-green-tea/" "Mozilla/5.0 (X11; Linux x86_64; rv:150.0) Gecko/20100101 Firefox/150.0"
217.118.206.2 - - [27/Apr/2026:21:48:47 +0000] "GET /wp-content/plugins/wp-consent-api/assets/js/wp-consent-api.min.js?ver=2.0.1 HTTP/1.1" 200 822 "https://verygreentea.com/how-to-make-green-tea/" "Mozilla/5.0 (X11; Linux x86_64; rv:150.0) Gecko/20100101 Firefox/150.0"
217.118.206.2 - - [27/Apr/2026:21:48:48 +0000] "GET /wp-content/uploads/2020/02/headerlogo1.png HTTP/1.1" 200 133734 "https://verygreentea.com/how-to-make-green-tea/" "Mozilla/5.0 (X11; Linux x86_64; rv:150.0) Gecko/20100101 Firefox/150.0"
184.94.212.206 - - [27/Apr/2026:21:48:49 +0000] "POST /wp-cron.php?doing_wp_cron=1777326529.1869869232177734375000 HTTP/1.1" 200 - "-" "WordPress/6.9.4; https://verygreentea.com"
217.118.206.2 - - [27/Apr/2026:21:48:48 +0000] "GET /how-to-make-green-tea/?relatedposts=1 HTTP/1.1" 200 1274 "https://verygreentea.com/how-to-make-green-tea/" "Mozilla/5.0 (X11; Linux x86_64; rv:150.0) Gecko/20100101 Firefox/150.0"
5.133.192.128 - - [27/Apr/2026:21:52:57 +0000] "GET / HTTP/1.1" 200 15028 "-" "Mozilla/5.0 (Windows NT 10.0; Win64; x64) AppleWebKit/537.36 (KHTML, like Gecko) Chrome/105.0.0.0 Safari/537.36"
184.94.212.206 - - [27/Apr/2026:21:58:31 +0000] "POST /wp-cron.php?doing_wp_cron=1777327111.0086801052093505859375 HTTP/1.1" 200 - "-" "WordPress/6.9.4; https://verygreentea.com"
57.141.18.46 - - [27/Apr/2026:21:58:29 +0000] "GET /estrogen-balance-for-women-after-35/ HTTP/1.1" 200 68604 "-" "meta-externalagent/1.1 (+https://developers.facebook.com/docs/sharing/webmasters/crawler)"
184.94.212.206 - - [27/Apr/2026:21:58:32 +0000] "POST /wp-admin/admin-ajax.php?action=wordfence_testAjax HTTP/1.1" 200 32 "-" "WordPress/6.9.4; https://verygreentea.com"
184.94.212.206 - - [27/Apr/2026:21:58:33 +0000] "GET /wp-admin/admin-ajax.php?action=wordfence_doScan&isFork=0&scanMode=quick&cronKey=d34ed52c3ca144fd94e2c0dea1fea6a7&signature=57d5919b0a2cc9dd09ff57f16a9727cc7127d0eee04dfd1ce7d6ac709188e16b HTTP/1.1" 200 - "-" "WordPress/6.9.4; https://verygreentea.com"
184.94.212.206 - - [27/Apr/2026:21:58:59 +0000] "POST /wp-cron.php?doing_wp_cron=1777327139.7971730232238769531250 HTTP/1.1" 200 - "-" "WordPress/6.9.4; https://verygreentea.com"
114.119.151.155 - - [27/Apr/2026:21:58:58 +0000] "GET /tag/benefits?noamp=mobile HTTP/1.1" 301 - "https://verygreentea.com/tag/benefits?noamp=mobile" "Mozilla/5.0 (Linux; Android 7.0;) AppleWebKit/537.36 (HTML, like Gecko) Mobile Safari/537.36 (compatible; PetalBot;+https://webmaster.petalsearch.com/site/petalbot)"
114.119.151.155 - - [27/Apr/2026:21:59:00 +0000] "GET /tag/benefits/?noamp=mobile HTTP/1.1" 200 12275 "https://verygreentea.com/tag/benefits?noamp=mobile" "Mozilla/5.0 (Linux; Android 7.0;) AppleWebKit/537.36 (HTML, like Gecko) Mobile Safari/537.36 (compatible; PetalBot;+https://webmaster.petalsearch.com/site/petalbot)"
184.94.212.206 - - [27/Apr/2026:22:10:23 +0000] "POST /wp-cron.php?doing_wp_cron=1777327823.5907928943634033203125 HTTP/1.1" 200 - "-" "WordPress/6.9.4; https://verygreentea.com"
216.73.217.60 - - [27/Apr/2026:22:10:21 +0000] "GET /robots.txt HTTP/1.1" 200 142 "-" "Mozilla/5.0 AppleWebKit/537.36 (KHTML, like Gecko; compatible; ClaudeBot/1.0; +claudebot@anthropic.com)"
216.73.217.60 - - [27/Apr/2026:22:10:23 +0000] "GET /sitemap_index.xml HTTP/1.1" 200 341 "-" "Mozilla/5.0 AppleWebKit/537.36 (KHTML, like Gecko; compatible; ClaudeBot/1.0; +claudebot@anthropic.com)"
49.51.50.147 - - [27/Apr/2026:22:11:25 +0000] "GET / HTTP/1.1" 200 15028 "http://verygreentea.com" "Mozilla/5.0 (iPhone; CPU iPhone OS 13_2_3 like Mac OS X) AppleWebKit/605.1.15 (KHTML, like Gecko) Version/13.0.3 Mobile/15E148 Safari/604.1"
184.94.212.206 - - [27/Apr/2026:22:12:03 +0000] "POST /wp-cron.php?doing_wp_cron=1777327922.9371891021728515625000 HTTP/1.1" 200 - "-" "WordPress/6.9.4; https://verygreentea.com"
38.76.214.140 - - [27/Apr/2026:22:12:01 +0000] "GET /feed/ HTTP/1.1" 301 - "-" "FeedBot/1.0"
184.94.212.206 - - [27/Apr/2026:22:14:13 +0000] "POST /wp-cron.php?doing_wp_cron=1777328053.0832450389862060546875 HTTP/1.1" 200 - "-" "WordPress/6.9.4; https://verygreentea.com"
216.73.217.60 - - [27/Apr/2026:22:14:11 +0000] "GET /news-sitemap.xml HTTP/1.1" 200 311 "-" "Mozilla/5.0 AppleWebKit/537.36 (KHTML, like Gecko; compatible; ClaudeBot/1.0; +claudebot@anthropic.com)"
184.94.212.206 - - [27/Apr/2026:22:16:13 +0000] "POST /wp-cron.php?doing_wp_cron=1777328173.5672140121459960937500 HTTP/1.1" 200 - "-" "WordPress/6.9.4; https://verygreentea.com"
209.87.169.52 - - [27/Apr/2026:22:16:11 +0000] "POST /wp-login.php HTTP/1.1" 401 3415 "-" "Mozilla/5.0"
184.94.212.206 - - [27/Apr/2026:22:18:30 +0000] "POST /wp-cron.php?doing_wp_cron=1777328310.8143849372863769531250 HTTP/1.1" 200 - "-" "WordPress/6.9.4; https://verygreentea.com"
184.94.212.206 - - [27/Apr/2026:22:18:29 +0000] "POST /?wordfence_syncAttackData=1777328309.9224 HTTP/1.1" 200 - "-" "WordPress/6.9.4; https://verygreentea.com"
202.181.177.121 - - [27/Apr/2026:22:18:28 +0000] "GET /wp-content/plugins/suretriggers/readme.txt HTTP/1.1" 404 11388 "-" "Mozilla/5.0"
212.47.78.127 - - [27/Apr/2026:22:19:27 +0000] "GET / HTTP/1.1" 200 15028 "http://verygreentea.com/" "Go-http-client/1.1"
212.47.78.127 - - [27/Apr/2026:22:19:28 +0000] "GET /wp-includes/css/buttons.css HTTP/1.1" 200 2495 "http://verygreentea.com/wp-includes/css/buttons.css" "Go-http-client/1.1"
184.94.212.206 - - [27/Apr/2026:22:19:55 +0000] "POST /wp-cron.php?doing_wp_cron=1777328395.4975190162658691406250 HTTP/1.1" 200 - "-" "WordPress/6.9.4; https://verygreentea.com"
114.119.156.60 - - [27/Apr/2026:22:19:54 +0000] "GET /weighing-the-pros-and-cons-of-dieting HTTP/1.1" 301 - "https://verygreentea.com/weighing-the-pros-and-cons-of-dieting" "Mozilla/5.0 (Linux; Android 7.0;) AppleWebKit/537.36 (HTML, like Gecko) Mobile Safari/537.36 (compatible; PetalBot;+https://webmaster.petalsearch.com/site/petalbot)"
114.119.156.60 - - [27/Apr/2026:22:19:55 +0000] "GET /weighing-the-pros-and-cons-of-dieting/ HTTP/1.1" 200 17526 "https://verygreentea.com/weighing-the-pros-and-cons-of-dieting" "Mozilla/5.0 (Linux; Android 7.0;) AppleWebKit/537.36 (HTML, like Gecko) Mobile Safari/537.36 (compatible; PetalBot;+https://webmaster.petalsearch.com/site/petalbot)"
43.172.197.120 - - [27/Apr/2026:22:22:34 +0000] "GET / HTTP/1.1" 200 15028 "-" "Mozilla/5.0 (Windows NT 10.0; Win64; x64) AppleWebKit/537.36 (KHTML, like Gecko) Chrome/111.0.0.0 Safari/537.36"
43.172.197.33 - - [27/Apr/2026:22:22:36 +0000] "GET /wp-content/plugins/google-site-kit/dist/assets/js/googlesitekit-consent-mode-bc2e26cfa69fcd4a8261.js HTTP/1.1" 200 25395 "https://verygreentea.com/" "Mozilla/5.0 (Windows NT 10.0; Win64; x64) AppleWebKit/537.36 (KHTML, like Gecko) Chrome/111.0.0.0 Safari/537.36"
43.173.175.53 - - [27/Apr/2026:22:22:36 +0000] "GET /wp-content/themes/genesis/lib/js/menu/superfish.min.js?ver=1.7.10 HTTP/1.1" 200 1894 "https://verygreentea.com/" "Mozilla/5.0 (Windows NT 10.0; Win64; x64) AppleWebKit/537.36 (KHTML, like Gecko) Chrome/111.0.0.0 Safari/537.36"
43.172.194.237 - - [27/Apr/2026:22:22:37 +0000] "GET /wp-content/themes/genesis/lib/js/menu/superfish.args.min.js?ver=3.6.2 HTTP/1.1" 200 124 "https://verygreentea.com/" "Mozilla/5.0 (Windows NT 10.0; Win64; x64) AppleWebKit/537.36 (KHTML, like Gecko) Chrome/111.0.0.0 Safari/537.36"
43.172.197.163 - - [27/Apr/2026:22:22:50 +0000] "GET /wp-includes/js/wp-emoji-release.min.js?ver=0d4e67d205c67ce570242b704e14331c HTTP/1.1" 200 5375 "https://verygreentea.com/" "Mozilla/5.0 (Windows NT 10.0; Win64; x64) AppleWebKit/537.36 (KHTML, like Gecko) Chrome/111.0.0.0 Safari/537.36"
184.94.212.206 - - [27/Apr/2026:22:24:38 +0000] "POST /wp-cron.php?doing_wp_cron=1777328678.2659640312194824218750 HTTP/1.1" 200 - "-" "WordPress/6.9.4; https://verygreentea.com"
114.119.141.83 - - [27/Apr/2026:22:24:36 +0000] "GET /tag/pounds-quickly/?amp HTTP/1.1" 200 11706 "https://verygreentea.com/tag/pounds-quickly/?amp" "Mozilla/5.0 (Linux; Android 7.0;) AppleWebKit/537.36 (HTML, like Gecko) Mobile Safari/537.36 (compatible; PetalBot;+https://webmaster.petalsearch.com/site/petalbot)"
184.94.212.206 - - [27/Apr/2026:22:28:44 +0000] "POST /wp-cron.php?doing_wp_cron=1777328924.5293080806732177734375 HTTP/1.1" 200 - "-" "WordPress/6.9.4; https://verygreentea.com"
114.119.151.155 - - [27/Apr/2026:22:28:43 +0000] "GET /terms-of-use?share=reddit HTTP/1.1" 302 - "https://verygreentea.com/terms-of-use?noamp=mobile" "Mozilla/5.0 (Linux; Android 7.0;) AppleWebKit/537.36 (HTML, like Gecko) Mobile Safari/537.36 (compatible; PetalBot;+https://webmaster.petalsearch.com/site/petalbot)"
184.94.212.206 - - [27/Apr/2026:22:29:56 +0000] "POST /wp-cron.php?doing_wp_cron=1777328996.3011419773101806640625 HTTP/1.1" 200 - "-" "WordPress/6.9.4; https://verygreentea.com"
209.87.169.69 - - [27/Apr/2026:22:29:54 +0000] "POST /wp-login.php HTTP/1.1" 401 3416 "-" "Mozilla/5.0"
216.73.217.60 - - [27/Apr/2026:22:31:15 +0000] "GET /sitemap.xml HTTP/1.1" 200 297 "-" "Mozilla/5.0 AppleWebKit/537.36 (KHTML, like Gecko; compatible; ClaudeBot/1.0; +claudebot@anthropic.com)"
184.94.212.206 - - [27/Apr/2026:22:33:09 +0000] "POST /wp-cron.php?doing_wp_cron=1777329189.2120480537414550781250 HTTP/1.1" 200 - "-" "WordPress/6.9.4; https://verygreentea.com"
114.119.148.10 - - [27/Apr/2026:22:33:07 +0000] "GET /how-to-make-green-tea?share=pinterest HTTP/1.1" 302 - "-" "Mozilla/5.0 (Linux; Android 7.0;) AppleWebKit/537.36 (HTML, like Gecko) Mobile Safari/537.36 (compatible; PetalBot;+https://webmaster.petalsearch.com/site/petalbot)"
18.233.24.238 - - [27/Apr/2026:22:33:26 +0000] "GET /category/benefits/ HTTP/1.1" 200 14329 "-" "Mozilla/5.0 AppleWebKit/537.36 (KHTML, like Gecko; compatible; Amazonbot/0.1; +https://developer.amazon.com/support/amazonbot) Chrome/119.0.6045.214 Safari/537.36"
184.94.212.206 - - [27/Apr/2026:22:34:28 +0000] "POST /wp-cron.php?doing_wp_cron=1777329268.9619169235229492187500 HTTP/1.1" 200 - "-" "WordPress/6.9.4; https://verygreentea.com"
172.212.217.10 - - [27/Apr/2026:22:34:27 +0000] "GET /wp-content/plugins/hellopress/wp_filemanager.php HTTP/1.1" 404 42315 "-" "-"
172.212.217.10 - - [27/Apr/2026:22:34:29 +0000] "GET /settings.php HTTP/1.1" 404 41971 "-" "-"
172.212.217.10 - - [27/Apr/2026:22:34:30 +0000] "GET /sx.php HTTP/1.1" 404 41965 "-" "-"
172.212.217.10 - - [27/Apr/2026:22:34:31 +0000] "GET /connector.minimal.php HTTP/1.1" 404 41980 "-" "-"
172.212.217.10 - - [27/Apr/2026:22:34:32 +0000] "GET /.env.php.dist HTTP/1.1" 404 41972 "-" "-"
172.212.217.10 - - [27/Apr/2026:22:34:33 +0000] "GET /applications.php HTTP/1.1" 404 41975 "-" "-"
172.212.217.10 - - [27/Apr/2026:22:34:34 +0000] "GET /403.shtml HTTP/1.1" 404 41968 "-" "-"
172.212.217.10 - - [27/Apr/2026:22:34:35 +0000] "GET /ajax_officebuilding.php HTTP/1.1" 404 41982 "-" "-"
172.212.217.10 - - [27/Apr/2026:22:34:36 +0000] "GET /sys-details.php HTTP/1.1" 404 41974 "-" "-"
172.212.217.10 - - [27/Apr/2026:22:34:37 +0000] "GET /env.php HTTP/1.1" 404 41966 "-" "-"
172.212.217.10 - - [27/Apr/2026:22:34:37 +0000] "GET /release_info.php HTTP/1.1" 404 41975 "-" "-"
184.94.212.206 - - [27/Apr/2026:22:34:39 +0000] "POST /wp-cron.php?doing_wp_cron=1777329279.6715331077575683593750 HTTP/1.1" 200 - "-" "WordPress/6.9.4; https://verygreentea.com"
172.212.217.10 - - [27/Apr/2026:22:34:38 +0000] "GET /mailer_url.php HTTP/1.1" 404 41973 "-" "-"
172.212.217.10 - - [27/Apr/2026:22:34:39 +0000] "GET /iR7SzrsOUEP.php HTTP/1.1" 404 41974 "-" "-"
172.212.217.10 - - [27/Apr/2026:22:34:41 +0000] "GET /connector.php HTTP/1.1" 404 41972 "-" "-"
172.212.217.10 - - [27/Apr/2026:22:34:41 +0000] "GET /systeminfo.php HTTP/1.1" 404 41973 "-" "-"
172.212.217.10 - - [27/Apr/2026:22:34:42 +0000] "GET /403.shtml HTTP/1.1" 404 41968 "-" "-"
172.212.217.10 - - [27/Apr/2026:22:34:43 +0000] "GET /showphpinfo.php HTTP/1.1" 404 41974 "-" "-"
172.212.217.10 - - [27/Apr/2026:22:34:44 +0000] "GET /main.php HTTP/1.1" 404 41967 "-" "-"
172.212.217.10 - - [27/Apr/2026:22:34:45 +0000] "GET /phpsysinfo.php HTTP/1.1" 404 41973 "-" "-"
172.212.217.10 - - [27/Apr/2026:22:34:46 +0000] "GET /phpinfo__.php HTTP/1.1" 404 41972 "-" "-"
172.212.217.10 - - [27/Apr/2026:22:34:47 +0000] "GET /sys-info.php HTTP/1.1" 404 41971 "-" "-"
172.212.217.10 - - [27/Apr/2026:22:34:48 +0000] "GET /profile.php HTTP/1.1" 404 41970 "-" "-"
172.212.217.10 - - [27/Apr/2026:22:34:49 +0000] "GET /defau1t.php HTTP/1.1" 404 41970 "-" "-"
172.212.217.10 - - [27/Apr/2026:22:34:50 +0000] "GET /fraie1p4.php HTTP/1.1" 404 41971 "-" "-"
172.212.217.10 - - [27/Apr/2026:22:34:51 +0000] "GET /routes.php HTTP/1.1" 404 41969 "-" "-"
172.212.217.10 - - [27/Apr/2026:22:34:52 +0000] "GET /del.php HTTP/1.1" 404 41966 "-" "-"
172.212.217.10 - - [27/Apr/2026:22:34:53 +0000] "GET /c99shell.php HTTP/1.1" 404 41971 "-" "-"
172.212.217.10 - - [27/Apr/2026:22:34:54 +0000] "GET /vv.php HTTP/1.1" 404 41965 "-" "-"
172.212.217.10 - - [27/Apr/2026:22:34:55 +0000] "GET /database.php HTTP/1.1" 404 41971 "-" "-"
172.212.217.10 - - [27/Apr/2026:22:34:56 +0000] "GET /smtp.php HTTP/1.1" 404 41967 "-" "-"
172.212.217.10 - - [27/Apr/2026:22:34:57 +0000] "GET /oo.php HTTP/1.1" 404 41965 "-" "-"
172.212.217.10 - - [27/Apr/2026:22:34:58 +0000] "GET /sk.php HTTP/1.1" 404 41965 "-" "-"
172.212.217.10 - - [27/Apr/2026:22:34:59 +0000] "GET /content.php888 HTTP/1.1" 404 41973 "-" "-"
172.212.217.10 - - [27/Apr/2026:22:35:00 +0000] "GET /loading.php HTTP/1.1" 404 41970 "-" "-"
172.212.217.10 - - [27/Apr/2026:22:35:01 +0000] "GET /kct.php HTTP/1.1" 404 41966 "-" "-"
172.212.217.10 - - [27/Apr/2026:22:35:02 +0000] "GET /ninja.php HTTP/1.1" 404 41968 "-" "-"
172.212.217.10 - - [27/Apr/2026:22:35:03 +0000] "GET /path.php HTTP/1.1" 404 41967 "-" "-"
172.212.217.10 - - [27/Apr/2026:22:35:05 +0000] "GET /wp-key.php HTTP/1.1" 404 41969 "-" "-"
172.212.217.10 - - [27/Apr/2026:22:35:06 +0000] "GET /pm.php HTTP/1.1" 404 41965 "-" "-"
172.212.217.10 - - [27/Apr/2026:22:35:07 +0000] "GET /phpcheck.php HTTP/1.1" 404 41971 "-" "-"
172.212.217.10 - - [27/Apr/2026:22:35:08 +0000] "GET /filesystems.php HTTP/1.1" 404 41974 "-" "-"
114.119.130.109 - - [27/Apr/2026:22:37:05 +0000] "GET /references/ HTTP/1.1" 200 37399 "https://verygreentea.com/tag/daily-caloric?noamp=mobile" "Mozilla/5.0 (Linux; Android 7.0;) AppleWebKit/537.36 (HTML, like Gecko) Mobile Safari/537.36 (compatible; PetalBot;+https://webmaster.petalsearch.com/site/petalbot)"
184.94.212.206 - - [27/Apr/2026:22:40:32 +0000] "POST /wp-cron.php?doing_wp_cron=1777329632.8673539161682128906250 HTTP/1.1" 200 - "-" "WordPress/6.9.4; https://verygreentea.com"
34.88.76.245 - - [27/Apr/2026:22:40:31 +0000] "HEAD / HTTP/1.1" 301 - "http://www.verygreentea.com/" "Mozilla/5.0 (Linux; Android 14; RMX3842) AppleWebKit/537.36 (KHTML, like Gecko) Chrome/126.0.6478.44 Mobile Safari/537.36"
34.88.76.245 - - [27/Apr/2026:22:40:33 +0000] "HEAD / HTTP/1.1" 200 - "https://www.verygreentea.com/" "Mozilla/5.0 (Linux; Android 14; RMX3842) AppleWebKit/537.36 (KHTML, like Gecko) Chrome/126.0.6478.44 Mobile Safari/537.36"
34.88.76.245 - - [27/Apr/2026:22:40:33 +0000] "HEAD /blog/ HTTP/1.1" 301 - "http://www.verygreentea.com/blog/" "Mozilla/5.0 (Windows NT 10.0; Win64; x64) AppleWebKit/537.36 (KHTML, like Gecko) Chrome/125.0.6422.112 Safari/537.36 Brave/1.63.120"
34.88.76.245 - - [27/Apr/2026:22:40:35 +0000] "HEAD /blog/ HTTP/1.1" 404 - "https://www.verygreentea.com/blog/" "Mozilla/5.0 (Windows NT 10.0; Win64; x64) AppleWebKit/537.36 (KHTML, like Gecko) Chrome/125.0.6422.112 Safari/537.36 Brave/1.63.120"
34.88.76.245 - - [27/Apr/2026:22:40:36 +0000] "HEAD /backup/ HTTP/1.1" 301 - "http://www.verygreentea.com/backup/" "Mozilla/5.0 (X11; Linux x86_64; rv:127.0) Gecko/20100101 Firefox/127.0"
34.88.76.245 - - [27/Apr/2026:22:40:37 +0000] "HEAD /backup/ HTTP/1.1" 404 - "https://www.verygreentea.com/backup/" "Mozilla/5.0 (X11; Linux x86_64; rv:127.0) Gecko/20100101 Firefox/127.0"
34.88.76.245 - - [27/Apr/2026:22:40:38 +0000] "HEAD /wp/ HTTP/1.1" 301 - "http://www.verygreentea.com/wp/" "Mozilla/5.0 (Macintosh; Intel Mac OS X 13_5) AppleWebKit/605.1.15 (KHTML, like Gecko) Version/16.5 Safari/605.1.15"
34.88.76.245 - - [27/Apr/2026:22:40:39 +0000] "HEAD /wp/ HTTP/1.1" 404 - "https://www.verygreentea.com/wp/" "Mozilla/5.0 (Macintosh; Intel Mac OS X 13_5) AppleWebKit/605.1.15 (KHTML, like Gecko) Version/16.5 Safari/605.1.15"
34.88.76.245 - - [27/Apr/2026:22:40:40 +0000] "HEAD /new/ HTTP/1.1" 301 - "http://www.verygreentea.com/new/" "Mozilla/5.0 (Windows NT 10.0; Win64; x64; rv:127.0) Gecko/20100101 Firefox/127.0"
34.88.76.245 - - [27/Apr/2026:22:40:41 +0000] "HEAD /new/ HTTP/1.1" 404 - "https://www.verygreentea.com/new/" "Mozilla/5.0 (Windows NT 10.0; Win64; x64; rv:127.0) Gecko/20100101 Firefox/127.0"
34.88.76.245 - - [27/Apr/2026:22:40:42 +0000] "HEAD /wordpress/ HTTP/1.1" 301 - "http://www.verygreentea.com/wordpress/" "Mozilla/5.0 (Linux; Android 14; Samsung SM-A546B) AppleWebKit/537.36 (KHTML, like Gecko) Chrome/126.0.6478.14 Mobile Safari/537.36"
34.88.76.245 - - [27/Apr/2026:22:40:43 +0000] "HEAD /wordpress/ HTTP/1.1" 404 - "https://www.verygreentea.com/wordpress/" "Mozilla/5.0 (Linux; Android 14; Samsung SM-A546B) AppleWebKit/537.36 (KHTML, like Gecko) Chrome/126.0.6478.14 Mobile Safari/537.36"
34.88.76.245 - - [27/Apr/2026:22:40:44 +0000] "HEAD /old/ HTTP/1.1" 301 - "http://www.verygreentea.com/old/" "Mozilla/5.0 (Windows NT 10.0; WOW64) AppleWebKit/537.36 (KHTML, like Gecko) Chrome/118.0.5993.90 Safari/537.36"
34.88.76.245 - - [27/Apr/2026:22:40:45 +0000] "HEAD /old/ HTTP/1.1" 404 - "https://www.verygreentea.com/old/" "Mozilla/5.0 (Windows NT 10.0; WOW64) AppleWebKit/537.36 (KHTML, like Gecko) Chrome/118.0.5993.90 Safari/537.36"
184.94.212.206 - - [27/Apr/2026:22:42:52 +0000] "POST /wp-cron.php?doing_wp_cron=1777329772.5472180843353271484375 HTTP/1.1" 200 - "-" "WordPress/6.9.4; https://verygreentea.com"
37.239.219.3 - - [27/Apr/2026:22:42:51 +0000] "GET /category/green-tea-basics/ HTTP/1.1" 200 13029 "-" "Opera/8.42.(Windows 95; ast-ES) Presto/2.9.188 Version/10.00"
179.0.56.199 - - [27/Apr/2026:22:42:55 +0000] "GET /category/green-tea-basics/ HTTP/1.1" 200 13029 "-" "Mozilla/5.0 (X11; Linux i686; rv:1.9.6.20) Gecko/4199-02-22 10:33:25.511963 Firefox/3.8"
184.94.212.206 - - [27/Apr/2026:22:44:30 +0000] "POST /wp-cron.php?doing_wp_cron=1777329870.3971359729766845703125 HTTP/1.1" 200 - "-" "WordPress/6.9.4; https://verygreentea.com"
209.87.169.221 - - [27/Apr/2026:22:44:28 +0000] "POST /wp-login.php HTTP/1.1" 401 3416 "-" "Mozilla/5.0"
184.94.212.206 - - [27/Apr/2026:22:51:55 +0000] "POST /wp-cron.php?doing_wp_cron=1777330315.2536759376525878906250 HTTP/1.1" 200 - "-" "WordPress/6.9.4; https://verygreentea.com"
57.141.18.43 - - [27/Apr/2026:22:51:53 +0000] "GET /post_tag-sitemap.xml HTTP/1.1" 200 4439 "-" "meta-externalagent/1.1 (+https://developers.facebook.com/docs/sharing/webmasters/crawler)"
184.94.212.206 - - [27/Apr/2026:22:53:09 +0000] "POST /wp-cron.php?doing_wp_cron=1777330389.8310019969940185546875 HTTP/1.1" 200 - "-" "WordPress/6.9.4; https://verygreentea.com"
216.73.217.60 - - [27/Apr/2026:22:53:08 +0000] "GET /news-sitemap.xml HTTP/1.1" 200 311 "-" "Mozilla/5.0 AppleWebKit/537.36 (KHTML, like Gecko; compatible; ClaudeBot/1.0; +claudebot@anthropic.com)"
114.119.141.83 - - [27/Apr/2026:22:54:03 +0000] "GET /tag/2weight-loss/?amp HTTP/1.1" 200 11707 "https://verygreentea.com/tag/2weight-loss/?amp" "Mozilla/5.0 (Linux; Android 7.0;) AppleWebKit/537.36 (HTML, like Gecko) Mobile Safari/537.36 (compatible; PetalBot;+https://webmaster.petalsearch.com/site/petalbot)"
184.94.212.206 - - [27/Apr/2026:22:58:06 +0000] "POST /wp-cron.php?doing_wp_cron=1777330685.9953680038452148437500 HTTP/1.1" 200 - "-" "WordPress/6.9.4; https://verygreentea.com"
