File: //home/primrwxj/logs/verygreentea.primemusicproductions.com-ssl_log.bkup
184.94.212.206 - - [27/Apr/2026:12:04:55 +0000] "POST /wp-cron.php?doing_wp_cron=1777291495.8496959209442138671875 HTTP/1.1" 200 - "-" "WordPress/6.9.4; https://verygreentea.com"
216.73.217.60 - - [27/Apr/2026:12:04:54 +0000] "GET /sitemap.xml HTTP/1.1" 200 297 "-" "Mozilla/5.0 AppleWebKit/537.36 (KHTML, like Gecko; compatible; ClaudeBot/1.0; +claudebot@anthropic.com)"
47.128.96.220 - - [27/Apr/2026:12:06:07 +0000] "GET /robots.txt HTTP/1.1" 200 142 "-" "Mozilla/5.0 (Linux; Android 5.0) AppleWebKit/537.36 (KHTML, like Gecko) Mobile Safari/537.36 (compatible; Bytespider; spider-feedback@bytedance.com)"
184.94.212.206 - - [27/Apr/2026:12:08:07 +0000] "POST /wp-cron.php?doing_wp_cron=1777291687.3793220520019531250000 HTTP/1.1" 200 - "-" "WordPress/6.9.4; https://verygreentea.com"
85.208.96.198 - - [27/Apr/2026:12:08:05 +0000] "GET /ftc-statement/ HTTP/1.1" 200 13606 "-" "Mozilla/5.0 (compatible; SemrushBot/7~bl; +http://www.semrush.com/bot.html)"
57.141.18.20 - - [27/Apr/2026:12:09:11 +0000] "GET /weight_loss_made_easy-jpg/ HTTP/1.1" 301 - "-" "meta-externalagent/1.1 (+https://developers.facebook.com/docs/sharing/webmasters/crawler)"
184.94.212.206 - - [27/Apr/2026:12:11:32 +0000] "POST /wp-cron.php?doing_wp_cron=1777291892.7918200492858886718750 HTTP/1.1" 200 - "-" "WordPress/6.9.4; https://verygreentea.com"
216.73.217.60 - - [27/Apr/2026:12:11:31 +0000] "GET /category/benefits/ HTTP/1.1" 200 14329 "-" "Mozilla/5.0 AppleWebKit/537.36 (KHTML, like Gecko; compatible; ClaudeBot/1.0; +claudebot@anthropic.com)"
216.73.217.60 - - [27/Apr/2026:12:11:32 +0000] "GET /news-sitemap.xml HTTP/1.1" 200 311 "-" "Mozilla/5.0 AppleWebKit/537.36 (KHTML, like Gecko; compatible; ClaudeBot/1.0; +claudebot@anthropic.com)"
184.94.212.206 - - [27/Apr/2026:12:11:44 +0000] "POST /wp-cron.php?doing_wp_cron=1777291904.3041429519653320312500 HTTP/1.1" 200 - "-" "WordPress/6.9.4; https://verygreentea.com"
188.3.161.69 - - [27/Apr/2026:12:11:43 +0000] "GET /tag/powder/ HTTP/1.1" 200 12388 "-" "Mozilla/5.0 (Macintosh; Intel Mac OS X 13_5_2) AppleWebKit/537.36 (KHTML, like Gecko) Chrome/132.0.6834.110 Safari/537.36"
184.94.212.206 - - [27/Apr/2026:12:12:26 +0000] "POST /wp-cron.php?doing_wp_cron=1777291946.1043388843536376953125 HTTP/1.1" 200 - "-" "WordPress/6.9.4; https://verygreentea.com"
216.73.217.60 - - [27/Apr/2026:12:12:24 +0000] "GET /getting-plenty-of-sleep-is-essential-to-weight-loss/ HTTP/1.1" 200 17526 "-" "Mozilla/5.0 AppleWebKit/537.36 (KHTML, like Gecko; compatible; ClaudeBot/1.0; +claudebot@anthropic.com)"
184.94.212.206 - - [27/Apr/2026:12:15:57 +0000] "POST /wp-cron.php?doing_wp_cron=1777292157.3283879756927490234375 HTTP/1.1" 200 - "-" "WordPress/6.9.4; https://verygreentea.com"
216.73.217.60 - - [27/Apr/2026:12:15:54 +0000] "GET /author/thesilentwhisperer/ HTTP/1.1" 200 14555 "-" "Mozilla/5.0 AppleWebKit/537.36 (KHTML, like Gecko; compatible; ClaudeBot/1.0; +claudebot@anthropic.com)"
8.229.217.192 - - [27/Apr/2026:12:16:57 +0000] "GET / HTTP/1.1" 200 15012 "http://www.verygreentea.primemusicproductions.com" "Mozilla/5.0 (compatible; CMS-Checker/1.0; +https://example.com)"
184.94.212.206 - - [27/Apr/2026:12:17:38 +0000] "POST /wp-cron.php?doing_wp_cron=1777292258.2418570518493652343750 HTTP/1.1" 200 - "-" "WordPress/6.9.4; https://verygreentea.com"
141.94.194.132 - - [27/Apr/2026:12:17:37 +0000] "GET /feed HTTP/1.1" 301 - "-" "Mozilla/5.0 (X11; Linux i686) AppleWebKit/537.36 (KHTML, like Gecko) Chrome/30.0.1599.66 Safari/537.36"
141.94.194.132 - - [27/Apr/2026:12:17:38 +0000] "GET /feed/ HTTP/1.1" 200 22015 "-" "Mozilla/5.0 (X11; Linux i686) AppleWebKit/537.36 (KHTML, like Gecko) Chrome/30.0.1599.66 Safari/537.36"
184.94.212.206 - - [27/Apr/2026:12:35:12 +0000] "POST /wp-cron.php?doing_wp_cron=1777293312.6432890892028808593750 HTTP/1.1" 200 - "-" "WordPress/6.9.4; https://verygreentea.com"
110.249.202.225 - - [27/Apr/2026:12:35:10 +0000] "GET /robots.txt HTTP/1.1" 200 142 "-" "Mozilla/5.0 (Linux; Android 5.0) AppleWebKit/537.36 (KHTML, like Gecko) Mobile Safari/537.36 (compatible; Bytespider; https://zhanzhang.toutiao.com/)"
184.94.212.206 - - [27/Apr/2026:12:41:11 +0000] "POST /wp-cron.php?doing_wp_cron=1777293671.3712120056152343750000 HTTP/1.1" 200 - "-" "WordPress/6.9.4; https://verygreentea.com"
114.119.156.60 - - [27/Apr/2026:12:41:09 +0000] "GET /weighing-the-pros-and-cons-of-dieting?noamp=mobile HTTP/1.1" 301 - "-" "Mozilla/5.0 (Linux; Android 7.0;) AppleWebKit/537.36 (HTML, like Gecko) Mobile Safari/537.36 (compatible; PetalBot;+https://webmaster.petalsearch.com/site/petalbot)"
114.119.156.60 - - [27/Apr/2026:12:41:11 +0000] "GET /weighing-the-pros-and-cons-of-dieting/?noamp=mobile HTTP/1.1" 200 17526 "https://verygreentea.com/weighing-the-pros-and-cons-of-dieting?noamp=mobile" "Mozilla/5.0 (Linux; Android 7.0;) AppleWebKit/537.36 (HTML, like Gecko) Mobile Safari/537.36 (compatible; PetalBot;+https://webmaster.petalsearch.com/site/petalbot)"
185.187.207.248 - - [27/Apr/2026:12:41:42 +0000] "GET /members-area/ HTTP/1.1" 200 12042 "-" "Mozilla/5.0 (compatible; MSIE 6.0; Windows NT 10.0; Trident/4.0)"
184.94.212.206 - - [27/Apr/2026:12:43:03 +0000] "POST /wp-cron.php?doing_wp_cron=1777293783.4228899478912353515625 HTTP/1.1" 200 - "-" "WordPress/6.9.4; https://verygreentea.com"
20.219.12.30 - - [27/Apr/2026:12:43:01 +0000] "GET /themes/zMousse/otuz1.php HTTP/1.1" 404 11385 "-" "Mozilla/5.0 (Windows NT 10.0; Win64; x64) AppleWebKit/537.36 (KHTML, like Gecko) Chrome/120.0.0.0 Safari/537.36"
20.219.12.30 - - [27/Apr/2026:12:43:03 +0000] "GET /upload2/10-27-24_8:26_1.php HTTP/1.1" 404 11334 "-" "Mozilla/5.0 (Windows NT 10.0; Win64; x64) AppleWebKit/537.36 (KHTML, like Gecko) Chrome/120.0.0.0 Safari/537.36"
20.219.12.30 - - [27/Apr/2026:12:43:04 +0000] "GET /user.php HTTP/1.1" 404 11321 "-" "Mozilla/5.0 (Windows NT 10.0; Win64; x64) AppleWebKit/537.36 (KHTML, like Gecko) Chrome/120.0.0.0 Safari/537.36"
20.219.12.30 - - [27/Apr/2026:12:43:06 +0000] "GET /version.php HTTP/1.1" 404 11321 "-" "Mozilla/5.0 (Windows NT 10.0; Win64; x64) AppleWebKit/537.36 (KHTML, like Gecko) Chrome/120.0.0.0 Safari/537.36"
20.219.12.30 - - [27/Apr/2026:12:43:07 +0000] "GET /wander.php HTTP/1.1" 404 11325 "-" "Mozilla/5.0 (Windows NT 10.0; Win64; x64) AppleWebKit/537.36 (KHTML, like Gecko) Chrome/120.0.0.0 Safari/537.36"
20.219.12.30 - - [27/Apr/2026:12:43:08 +0000] "GET /webadmin.php HTTP/1.1" 404 11324 "-" "Mozilla/5.0 (Windows NT 10.0; Win64; x64) AppleWebKit/537.36 (KHTML, like Gecko) Chrome/120.0.0.0 Safari/537.36"
20.219.12.30 - - [27/Apr/2026:12:43:09 +0000] "GET /wp-2019.php HTTP/1.1" 404 11324 "-" "Mozilla/5.0 (Windows NT 10.0; Win64; x64) AppleWebKit/537.36 (KHTML, like Gecko) Chrome/120.0.0.0 Safari/537.36"
20.219.12.30 - - [27/Apr/2026:12:43:10 +0000] "GET /wp-add.php HTTP/1.1" 404 11323 "-" "Mozilla/5.0 (Windows NT 10.0; Win64; x64) AppleWebKit/537.36 (KHTML, like Gecko) Chrome/120.0.0.0 Safari/537.36"
20.219.12.30 - - [27/Apr/2026:12:43:11 +0000] "GET /wp-admin/autoload_classmap.php HTTP/1.1" 404 11332 "-" "Mozilla/5.0 (Windows NT 10.0; Win64; x64) AppleWebKit/537.36 (KHTML, like Gecko) Chrome/120.0.0.0 Safari/537.36"
20.219.12.30 - - [27/Apr/2026:12:43:12 +0000] "GET /wp-admin/classwithtostring.php HTTP/1.1" 404 11329 "-" "Mozilla/5.0 (Windows NT 10.0; Win64; x64) AppleWebKit/537.36 (KHTML, like Gecko) Chrome/120.0.0.0 Safari/537.36"
20.219.12.30 - - [27/Apr/2026:12:43:13 +0000] "GET /wp-admin/css/colors/index.php HTTP/1.1" 301 - "-" "Mozilla/5.0 (Windows NT 10.0; Win64; x64) AppleWebKit/537.36 (KHTML, like Gecko) Chrome/120.0.0.0 Safari/537.36"
20.219.12.30 - - [27/Apr/2026:12:43:15 +0000] "GET /wp-admin/css/index.php HTTP/1.1" 301 - "-" "Mozilla/5.0 (Windows NT 10.0; Win64; x64) AppleWebKit/537.36 (KHTML, like Gecko) Chrome/120.0.0.0 Safari/537.36"
20.219.12.30 - - [27/Apr/2026:12:43:16 +0000] "GET /wp-admin/css/wp-login.php HTTP/1.1" 404 11381 "-" "Mozilla/5.0 (Windows NT 10.0; Win64; x64) AppleWebKit/537.36 (KHTML, like Gecko) Chrome/120.0.0.0 Safari/537.36"
20.219.12.30 - - [27/Apr/2026:12:43:17 +0000] "GET /wp-admin/file.php HTTP/1.1" 404 11325 "-" "Mozilla/5.0 (Windows NT 10.0; Win64; x64) AppleWebKit/537.36 (KHTML, like Gecko) Chrome/120.0.0.0 Safari/537.36"
20.219.12.30 - - [27/Apr/2026:12:43:18 +0000] "GET /wp-admin/images/Mhbgf.php HTTP/1.1" 404 11384 "-" "Mozilla/5.0 (Windows NT 10.0; Win64; x64) AppleWebKit/537.36 (KHTML, like Gecko) Chrome/120.0.0.0 Safari/537.36"
20.219.12.30 - - [27/Apr/2026:12:43:19 +0000] "GET /wp-admin/images/about.php HTTP/1.1" 404 11381 "-" "Mozilla/5.0 (Windows NT 10.0; Win64; x64) AppleWebKit/537.36 (KHTML, like Gecko) Chrome/120.0.0.0 Safari/537.36"
20.219.12.30 - - [27/Apr/2026:12:43:20 +0000] "GET /wp-admin/images/autoload_classmap.php HTTP/1.1" 404 11390 "-" "Mozilla/5.0 (Windows NT 10.0; Win64; x64) AppleWebKit/537.36 (KHTML, like Gecko) Chrome/120.0.0.0 Safari/537.36"
20.219.12.30 - - [27/Apr/2026:12:43:21 +0000] "GET /wp-admin/images/index.php HTTP/1.1" 301 - "-" "Mozilla/5.0 (Windows NT 10.0; Win64; x64) AppleWebKit/537.36 (KHTML, like Gecko) Chrome/120.0.0.0 Safari/537.36"
20.219.12.30 - - [27/Apr/2026:12:43:22 +0000] "GET /wp-admin/images/install.php HTTP/1.1" 404 11382 "-" "Mozilla/5.0 (Windows NT 10.0; Win64; x64) AppleWebKit/537.36 (KHTML, like Gecko) Chrome/120.0.0.0 Safari/537.36"
20.219.12.30 - - [27/Apr/2026:12:43:23 +0000] "GET /wp-admin/includes/flower.php HTTP/1.1" 404 11384 "-" "Mozilla/5.0 (Windows NT 10.0; Win64; x64) AppleWebKit/537.36 (KHTML, like Gecko) Chrome/120.0.0.0 Safari/537.36"
20.219.12.30 - - [27/Apr/2026:12:43:25 +0000] "GET /wp-admin/js/about.php HTTP/1.1" 404 11381 "-" "Mozilla/5.0 (Windows NT 10.0; Win64; x64) AppleWebKit/537.36 (KHTML, like Gecko) Chrome/120.0.0.0 Safari/537.36"
20.219.12.30 - - [27/Apr/2026:12:43:26 +0000] "GET /wp-admin/js/autoload_classmap.php HTTP/1.1" 404 11389 "-" "Mozilla/5.0 (Windows NT 10.0; Win64; x64) AppleWebKit/537.36 (KHTML, like Gecko) Chrome/120.0.0.0 Safari/537.36"
20.219.12.30 - - [27/Apr/2026:12:43:27 +0000] "GET /wp-admin/js/flower.php HTTP/1.1" 404 11384 "-" "Mozilla/5.0 (Windows NT 10.0; Win64; x64) AppleWebKit/537.36 (KHTML, like Gecko) Chrome/120.0.0.0 Safari/537.36"
20.219.12.30 - - [27/Apr/2026:12:43:28 +0000] "GET /wp-admin/js/index.php HTTP/1.1" 301 - "-" "Mozilla/5.0 (Windows NT 10.0; Win64; x64) AppleWebKit/537.36 (KHTML, like Gecko) Chrome/120.0.0.0 Safari/537.36"
20.219.12.30 - - [27/Apr/2026:12:43:29 +0000] "GET /wp-admin/js/widgets/xleet.php HTTP/1.1" 404 11386 "-" "Mozilla/5.0 (Windows NT 10.0; Win64; x64) AppleWebKit/537.36 (KHTML, like Gecko) Chrome/120.0.0.0 Safari/537.36"
20.219.12.30 - - [27/Apr/2026:12:43:30 +0000] "GET /wp-admin/maint/flower.php HTTP/1.1" 404 11386 "-" "Mozilla/5.0 (Windows NT 10.0; Win64; x64) AppleWebKit/537.36 (KHTML, like Gecko) Chrome/120.0.0.0 Safari/537.36"
20.219.12.30 - - [27/Apr/2026:12:43:31 +0000] "GET /wp-admin/maint/wp-login.php HTTP/1.1" 404 11381 "-" "Mozilla/5.0 (Windows NT 10.0; Win64; x64) AppleWebKit/537.36 (KHTML, like Gecko) Chrome/120.0.0.0 Safari/537.36"
20.219.12.30 - - [27/Apr/2026:12:43:32 +0000] "GET /wp-admin/network/about.php HTTP/1.1" 302 - "-" "Mozilla/5.0 (Windows NT 10.0; Win64; x64) AppleWebKit/537.36 (KHTML, like Gecko) Chrome/120.0.0.0 Safari/537.36"
20.219.12.30 - - [27/Apr/2026:12:43:34 +0000] "GET /wp-admin/network/xleet.php HTTP/1.1" 404 11387 "-" "Mozilla/5.0 (Windows NT 10.0; Win64; x64) AppleWebKit/537.36 (KHTML, like Gecko) Chrome/120.0.0.0 Safari/537.36"
20.219.12.30 - - [27/Apr/2026:12:43:35 +0000] "GET /wp-admin/user/autoload_classmap.php HTTP/1.1" 404 11390 "-" "Mozilla/5.0 (Windows NT 10.0; Win64; x64) AppleWebKit/537.36 (KHTML, like Gecko) Chrome/120.0.0.0 Safari/537.36"
20.219.12.30 - - [27/Apr/2026:12:43:36 +0000] "GET /wp-config-sample.php HTTP/1.1" 404 11329 "-" "Mozilla/5.0 (Windows NT 10.0; Win64; x64) AppleWebKit/537.36 (KHTML, like Gecko) Chrome/120.0.0.0 Safari/537.36"
20.219.12.30 - - [27/Apr/2026:12:43:37 +0000] "GET /wp-configs.php HTTP/1.1" 404 11325 "-" "Mozilla/5.0 (Windows NT 10.0; Win64; x64) AppleWebKit/537.36 (KHTML, like Gecko) Chrome/120.0.0.0 Safari/537.36"
20.219.12.30 - - [27/Apr/2026:12:43:38 +0000] "GET /wp-conflg.php HTTP/1.1" 404 11324 "-" "Mozilla/5.0 (Windows NT 10.0; Win64; x64) AppleWebKit/537.36 (KHTML, like Gecko) Chrome/120.0.0.0 Safari/537.36"
20.219.12.30 - - [27/Apr/2026:12:43:39 +0000] "GET /wp-content/1.php HTTP/1.1" 404 11322 "-" "Mozilla/5.0 (Windows NT 10.0; Win64; x64) AppleWebKit/537.36 (KHTML, like Gecko) Chrome/120.0.0.0 Safari/537.36"
20.219.12.30 - - [27/Apr/2026:12:43:40 +0000] "GET /wp-content/about.php HTTP/1.1" 404 11325 "-" "Mozilla/5.0 (Windows NT 10.0; Win64; x64) AppleWebKit/537.36 (KHTML, like Gecko) Chrome/120.0.0.0 Safari/537.36"
20.219.12.30 - - [27/Apr/2026:12:43:41 +0000] "GET /wp-content/autoload_classmap.php HTTP/1.1" 404 11332 "-" "Mozilla/5.0 (Windows NT 10.0; Win64; x64) AppleWebKit/537.36 (KHTML, like Gecko) Chrome/120.0.0.0 Safari/537.36"
20.219.12.30 - - [27/Apr/2026:12:43:42 +0000] "GET /wp-content/berlin.php HTTP/1.1" 404 11326 "-" "Mozilla/5.0 (Windows NT 10.0; Win64; x64) AppleWebKit/537.36 (KHTML, like Gecko) Chrome/120.0.0.0 Safari/537.36"
20.219.12.30 - - [27/Apr/2026:12:43:43 +0000] "GET /wp-content/classwithtostring.php HTTP/1.1" 404 11329 "-" "Mozilla/5.0 (Windows NT 10.0; Win64; x64) AppleWebKit/537.36 (KHTML, like Gecko) Chrome/120.0.0.0 Safari/537.36"
20.219.12.30 - - [27/Apr/2026:12:43:44 +0000] "GET /wp-content/install.php HTTP/1.1" 404 11325 "-" "Mozilla/5.0 (Windows NT 10.0; Win64; x64) AppleWebKit/537.36 (KHTML, like Gecko) Chrome/120.0.0.0 Safari/537.36"
20.219.12.30 - - [27/Apr/2026:12:43:45 +0000] "GET /wp-content/json.php HTTP/1.1" 404 11324 "-" "Mozilla/5.0 (Windows NT 10.0; Win64; x64) AppleWebKit/537.36 (KHTML, like Gecko) Chrome/120.0.0.0 Safari/537.36"
20.219.12.30 - - [27/Apr/2026:12:43:46 +0000] "GET /wp-content/languages/index.php HTTP/1.1" 301 - "-" "Mozilla/5.0 (Windows NT 10.0; Win64; x64) AppleWebKit/537.36 (KHTML, like Gecko) Chrome/120.0.0.0 Safari/537.36"
20.219.12.30 - - [27/Apr/2026:12:43:47 +0000] "GET /wp-content/mah.php HTTP/1.1" 404 11324 "-" "Mozilla/5.0 (Windows NT 10.0; Win64; x64) AppleWebKit/537.36 (KHTML, like Gecko) Chrome/120.0.0.0 Safari/537.36"
20.219.12.30 - - [27/Apr/2026:12:43:48 +0000] "GET /wp-content/plugins/Core-Econ/1.php HTTP/1.1" 404 11384 "-" "Mozilla/5.0 (Windows NT 10.0; Win64; x64) AppleWebKit/537.36 (KHTML, like Gecko) Chrome/120.0.0.0 Safari/537.36"
20.219.12.30 - - [27/Apr/2026:12:43:50 +0000] "GET /wp-content/plugins/Duplicatepost/src/ui/sidwso.php HTTP/1.1" 404 11394 "-" "Mozilla/5.0 (Windows NT 10.0; Win64; x64) AppleWebKit/537.36 (KHTML, like Gecko) Chrome/120.0.0.0 Safari/537.36"
20.219.12.30 - - [27/Apr/2026:12:43:51 +0000] "GET /wp-content/plugins/TOPXOH/wDR.php HTTP/1.1" 404 11387 "-" "Mozilla/5.0 (Windows NT 10.0; Win64; x64) AppleWebKit/537.36 (KHTML, like Gecko) Chrome/120.0.0.0 Safari/537.36"
20.219.12.30 - - [27/Apr/2026:12:43:52 +0000] "GET /wp-content/plugins/WordPressCore/include.php HTTP/1.1" 404 11390 "-" "Mozilla/5.0 (Windows NT 10.0; Win64; x64) AppleWebKit/537.36 (KHTML, like Gecko) Chrome/120.0.0.0 Safari/537.36"
20.219.12.30 - - [27/Apr/2026:12:43:53 +0000] "GET /wp-content/plugins/about.php HTTP/1.1" 404 11379 "-" "Mozilla/5.0 (Windows NT 10.0; Win64; x64) AppleWebKit/537.36 (KHTML, like Gecko) Chrome/120.0.0.0 Safari/537.36"
20.219.12.30 - - [27/Apr/2026:12:43:54 +0000] "GET /wp-content/plugins/autoload_classmap.php HTTP/1.1" 404 11387 "-" "Mozilla/5.0 (Windows NT 10.0; Win64; x64) AppleWebKit/537.36 (KHTML, like Gecko) Chrome/120.0.0.0 Safari/537.36"
20.219.12.30 - - [27/Apr/2026:12:43:55 +0000] "GET /wp-content/plugins/core-plugin/include.php HTTP/1.1" 404 11383 "-" "Mozilla/5.0 (Windows NT 10.0; Win64; x64) AppleWebKit/537.36 (KHTML, like Gecko) Chrome/120.0.0.0 Safari/537.36"
123.17.27.158 - - [27/Apr/2026:12:43:55 +0000] "GET /the-green-tea-and-weight-loss-connection/?share=twitter HTTP/1.1" 302 - "-" "Mozilla/5.0 (Windows NT 10.0; Win64; x64) AppleWebKit/537.36 (KHTML, like Gecko) Chrome/107.0.0.0 Safari/537.36"
20.219.12.30 - - [27/Apr/2026:12:43:56 +0000] "GET /wp-content/plugins/dummyyummy/wp-signup.php HTTP/1.1" 404 11387 "-" "Mozilla/5.0 (Windows NT 10.0; Win64; x64) AppleWebKit/537.36 (KHTML, like Gecko) Chrome/120.0.0.0 Safari/537.36"
20.219.12.30 - - [27/Apr/2026:12:43:57 +0000] "GET /wp-content/plugins/erinyani/baxa1.php HTTP/1.1" 404 11387 "-" "Mozilla/5.0 (Windows NT 10.0; Win64; x64) AppleWebKit/537.36 (KHTML, like Gecko) Chrome/120.0.0.0 Safari/537.36"
20.219.12.30 - - [27/Apr/2026:12:43:58 +0000] "GET /wp-content/plugins/linkpreview/index.php HTTP/1.1" 301 - "-" "Mozilla/5.0 (Windows NT 10.0; Win64; x64) AppleWebKit/537.36 (KHTML, like Gecko) Chrome/120.0.0.0 Safari/537.36"
20.219.12.30 - - [27/Apr/2026:12:43:59 +0000] "GET /wp-content/plugins/pwnd/1.php HTTP/1.1" 404 11381 "-" "Mozilla/5.0 (Windows NT 10.0; Win64; x64) AppleWebKit/537.36 (KHTML, like Gecko) Chrome/120.0.0.0 Safari/537.36"
20.219.12.30 - - [27/Apr/2026:12:44:00 +0000] "GET /wp-content/plugins/sid/sidwso.php HTTP/1.1" 404 11383 "-" "Mozilla/5.0 (Windows NT 10.0; Win64; x64) AppleWebKit/537.36 (KHTML, like Gecko) Chrome/120.0.0.0 Safari/537.36"
20.219.12.30 - - [27/Apr/2026:12:44:02 +0000] "GET /wp-content/plugins/sphinx/randkeyword.php HTTP/1.1" 404 11390 "-" "Mozilla/5.0 (Windows NT 10.0; Win64; x64) AppleWebKit/537.36 (KHTML, like Gecko) Chrome/120.0.0.0 Safari/537.36"
20.219.12.30 - - [27/Apr/2026:12:44:03 +0000] "GET /wp-content/plugins/ubh/1.php HTTP/1.1" 404 11380 "-" "Mozilla/5.0 (Windows NT 10.0; Win64; x64) AppleWebKit/537.36 (KHTML, like Gecko) Chrome/120.0.0.0 Safari/537.36"
20.219.12.30 - - [27/Apr/2026:12:44:04 +0000] "GET /wp-content/themes/autoload_classmap.php HTTP/1.1" 404 11387 "-" "Mozilla/5.0 (Windows NT 10.0; Win64; x64) AppleWebKit/537.36 (KHTML, like Gecko) Chrome/120.0.0.0 Safari/537.36"
20.219.12.30 - - [27/Apr/2026:12:44:05 +0000] "GET /wp-content/themes/digital-download/new.php HTTP/1.1" 404 11384 "-" "Mozilla/5.0 (Windows NT 10.0; Win64; x64) AppleWebKit/537.36 (KHTML, like Gecko) Chrome/120.0.0.0 Safari/537.36"
20.219.12.30 - - [27/Apr/2026:12:44:06 +0000] "GET /wp-content/themes/pridmag/1.php HTTP/1.1" 404 11383 "-" "Mozilla/5.0 (Windows NT 10.0; Win64; x64) AppleWebKit/537.36 (KHTML, like Gecko) Chrome/120.0.0.0 Safari/537.36"
20.219.12.30 - - [27/Apr/2026:12:44:08 +0000] "GET /wp-content/themes/seotheme/mar.php HTTP/1.1" 404 11383 "-" "Mozilla/5.0 (Windows NT 10.0; Win64; x64) AppleWebKit/537.36 (KHTML, like Gecko) Chrome/120.0.0.0 Safari/537.36"
20.219.12.30 - - [27/Apr/2026:12:44:09 +0000] "GET /wp-content/upgrade/about.php HTTP/1.1" 404 11383 "-" "Mozilla/5.0 (Windows NT 10.0; Win64; x64) AppleWebKit/537.36 (KHTML, like Gecko) Chrome/120.0.0.0 Safari/537.36"
20.219.12.30 - - [27/Apr/2026:12:44:10 +0000] "GET /wp-content/upgrade/autoload_classmap.php HTTP/1.1" 404 11391 "-" "Mozilla/5.0 (Windows NT 10.0; Win64; x64) AppleWebKit/537.36 (KHTML, like Gecko) Chrome/120.0.0.0 Safari/537.36"
20.219.12.30 - - [27/Apr/2026:12:44:11 +0000] "GET /wp-content/uploads/chosen.php HTTP/1.1" 404 11381 "-" "Mozilla/5.0 (Windows NT 10.0; Win64; x64) AppleWebKit/537.36 (KHTML, like Gecko) Chrome/120.0.0.0 Safari/537.36"
20.219.12.30 - - [27/Apr/2026:12:44:12 +0000] "GET /wp-content/x/index.php HTTP/1.1" 301 - "-" "Mozilla/5.0 (Windows NT 10.0; Win64; x64) AppleWebKit/537.36 (KHTML, like Gecko) Chrome/120.0.0.0 Safari/537.36"
20.219.12.30 - - [27/Apr/2026:12:44:13 +0000] "GET /wp-includes/ID3/autoload_classmap.php HTTP/1.1" 404 11391 "-" "Mozilla/5.0 (Windows NT 10.0; Win64; x64) AppleWebKit/537.36 (KHTML, like Gecko) Chrome/120.0.0.0 Safari/537.36"
20.219.12.30 - - [27/Apr/2026:12:44:14 +0000] "GET /wp-includes/ID3/berlin.php HTTP/1.1" 404 11385 "-" "Mozilla/5.0 (Windows NT 10.0; Win64; x64) AppleWebKit/537.36 (KHTML, like Gecko) Chrome/120.0.0.0 Safari/537.36"
184.94.212.206 - - [27/Apr/2026:12:44:16 +0000] "POST /wp-cron.php?doing_wp_cron=1777293856.7150299549102783203125 HTTP/1.1" 200 - "-" "WordPress/6.9.4; https://verygreentea.com"
20.219.12.30 - - [27/Apr/2026:12:44:15 +0000] "GET /wp-includes/ID3/index.php HTTP/1.1" 301 - "-" "Mozilla/5.0 (Windows NT 10.0; Win64; x64) AppleWebKit/537.36 (KHTML, like Gecko) Chrome/120.0.0.0 Safari/537.36"
20.219.12.30 - - [27/Apr/2026:12:44:17 +0000] "GET /wp-includes/IXR/autoload_classmap.php HTTP/1.1" 404 11391 "-" "Mozilla/5.0 (Windows NT 10.0; Win64; x64) AppleWebKit/537.36 (KHTML, like Gecko) Chrome/120.0.0.0 Safari/537.36"
20.219.12.30 - - [27/Apr/2026:12:44:18 +0000] "GET /wp-includes/PHPMailer/autoload_classmap.php HTTP/1.1" 404 11396 "-" "Mozilla/5.0 (Windows NT 10.0; Win64; x64) AppleWebKit/537.36 (KHTML, like Gecko) Chrome/120.0.0.0 Safari/537.36"
20.219.12.30 - - [27/Apr/2026:12:44:19 +0000] "GET /wp-includes/SimplePie/autoload_classmap.php HTTP/1.1" 404 11395 "-" "Mozilla/5.0 (Windows NT 10.0; Win64; x64) AppleWebKit/537.36 (KHTML, like Gecko) Chrome/120.0.0.0 Safari/537.36"
20.219.12.30 - - [27/Apr/2026:12:44:20 +0000] "GET /wp-includes/Text/autoload_classmap.php HTTP/1.1" 404 11389 "-" "Mozilla/5.0 (Windows NT 10.0; Win64; x64) AppleWebKit/537.36 (KHTML, like Gecko) Chrome/120.0.0.0 Safari/537.36"
20.219.12.30 - - [27/Apr/2026:12:44:21 +0000] "GET /wp-includes/Text/autoload_classmap.php HTTP/1.1" 404 11389 "-" "Mozilla/5.0 (Windows NT 10.0; Win64; x64) AppleWebKit/537.36 (KHTML, like Gecko) Chrome/120.0.0.0 Safari/537.36"
20.219.12.30 - - [27/Apr/2026:12:44:22 +0000] "GET /wp-includes/assets/autoload_classmap.php HTTP/1.1" 404 11389 "-" "Mozilla/5.0 (Windows NT 10.0; Win64; x64) AppleWebKit/537.36 (KHTML, like Gecko) Chrome/120.0.0.0 Safari/537.36"
20.219.12.30 - - [27/Apr/2026:12:44:23 +0000] "GET /wp-includes/assets/index.php HTTP/1.1" 301 - "-" "Mozilla/5.0 (Windows NT 10.0; Win64; x64) AppleWebKit/537.36 (KHTML, like Gecko) Chrome/120.0.0.0 Safari/537.36"
20.219.12.30 - - [27/Apr/2026:12:44:24 +0000] "GET /wp-includes/block-supports/autoload_classmap.php HTTP/1.1" 404 11394 "-" "Mozilla/5.0 (Windows NT 10.0; Win64; x64) AppleWebKit/537.36 (KHTML, like Gecko) Chrome/120.0.0.0 Safari/537.36"
20.219.12.30 - - [27/Apr/2026:12:44:26 +0000] "GET /wp-includes/block-supports/index.php HTTP/1.1" 301 - "-" "Mozilla/5.0 (Windows NT 10.0; Win64; x64) AppleWebKit/537.36 (KHTML, like Gecko) Chrome/120.0.0.0 Safari/537.36"
20.219.12.30 - - [27/Apr/2026:12:44:27 +0000] "GET /wp-includes/blocks/autoload_classmap.php HTTP/1.1" 404 11392 "-" "Mozilla/5.0 (Windows NT 10.0; Win64; x64) AppleWebKit/537.36 (KHTML, like Gecko) Chrome/120.0.0.0 Safari/537.36"
20.219.12.30 - - [27/Apr/2026:12:44:28 +0000] "GET /wp-includes/certificates/wp-login.php HTTP/1.1" 404 11386 "-" "Mozilla/5.0 (Windows NT 10.0; Win64; x64) AppleWebKit/537.36 (KHTML, like Gecko) Chrome/120.0.0.0 Safari/537.36"
20.219.12.30 - - [27/Apr/2026:12:44:29 +0000] "GET /wp-includes/css/thems.php HTTP/1.1" 404 11380 "-" "Mozilla/5.0 (Windows NT 10.0; Win64; x64) AppleWebKit/537.36 (KHTML, like Gecko) Chrome/120.0.0.0 Safari/537.36"
20.219.12.30 - - [27/Apr/2026:12:44:30 +0000] "GET /wp-includes/defaults.php HTTP/1.1" 404 11328 "-" "Mozilla/5.0 (Windows NT 10.0; Win64; x64) AppleWebKit/537.36 (KHTML, like Gecko) Chrome/120.0.0.0 Safari/537.36"
20.219.12.30 - - [27/Apr/2026:12:44:31 +0000] "GET /wp-includes/fonts/index.php HTTP/1.1" 301 - "-" "Mozilla/5.0 (Windows NT 10.0; Win64; x64) AppleWebKit/537.36 (KHTML, like Gecko) Chrome/120.0.0.0 Safari/537.36"
20.219.12.30 - - [27/Apr/2026:12:44:32 +0000] "GET /wp-includes/images/autoload_classmap.php HTTP/1.1" 404 11390 "-" "Mozilla/5.0 (Windows NT 10.0; Win64; x64) AppleWebKit/537.36 (KHTML, like Gecko) Chrome/120.0.0.0 Safari/537.36"
20.219.12.30 - - [27/Apr/2026:12:44:33 +0000] "GET /wp-includes/js/jcrop/Jcrop.php HTTP/1.1" 404 11384 "-" "Mozilla/5.0 (Windows NT 10.0; Win64; x64) AppleWebKit/537.36 (KHTML, like Gecko) Chrome/120.0.0.0 Safari/537.36"
20.219.12.30 - - [27/Apr/2026:12:44:35 +0000] "GET /wp-includes/rest-api/autoload_classmap.php HTTP/1.1" 404 11393 "-" "Mozilla/5.0 (Windows NT 10.0; Win64; x64) AppleWebKit/537.36 (KHTML, like Gecko) Chrome/120.0.0.0 Safari/537.36"
20.219.12.30 - - [27/Apr/2026:12:44:36 +0000] "GET /wp-includes/style-engine/autoload_classmap.php HTTP/1.1" 404 11395 "-" "Mozilla/5.0 (Windows NT 10.0; Win64; x64) AppleWebKit/537.36 (KHTML, like Gecko) Chrome/120.0.0.0 Safari/537.36"
20.219.12.30 - - [27/Apr/2026:12:44:37 +0000] "GET /wp-includes/widgets/include.php HTTP/1.1" 404 11382 "-" "Mozilla/5.0 (Windows NT 10.0; Win64; x64) AppleWebKit/537.36 (KHTML, like Gecko) Chrome/120.0.0.0 Safari/537.36"
20.219.12.30 - - [27/Apr/2026:12:44:38 +0000] "GET /wp-mail.php HTTP/1.1" 403 1053 "-" "Mozilla/5.0 (Windows NT 10.0; Win64; x64) AppleWebKit/537.36 (KHTML, like Gecko) Chrome/120.0.0.0 Safari/537.36"
20.219.12.30 - - [27/Apr/2026:12:44:39 +0000] "GET /wp.php HTTP/1.1" 404 11322 "-" "Mozilla/5.0 (Windows NT 10.0; Win64; x64) AppleWebKit/537.36 (KHTML, like Gecko) Chrome/120.0.0.0 Safari/537.36"
20.219.12.30 - - [27/Apr/2026:12:44:40 +0000] "GET /wp/xleet.php HTTP/1.1" 404 11326 "-" "Mozilla/5.0 (Windows NT 10.0; Win64; x64) AppleWebKit/537.36 (KHTML, like Gecko) Chrome/120.0.0.0 Safari/537.36"
20.219.12.30 - - [27/Apr/2026:12:44:41 +0000] "GET /wsa.php HTTP/1.1" 404 11322 "-" "Mozilla/5.0 (Windows NT 10.0; Win64; x64) AppleWebKit/537.36 (KHTML, like Gecko) Chrome/120.0.0.0 Safari/537.36"
20.219.12.30 - - [27/Apr/2026:12:44:42 +0000] "GET /x/index.php HTTP/1.1" 301 - "-" "Mozilla/5.0 (Windows NT 10.0; Win64; x64) AppleWebKit/537.36 (KHTML, like Gecko) Chrome/120.0.0.0 Safari/537.36"
20.219.12.30 - - [27/Apr/2026:12:44:43 +0000] "GET /xl2023.php.php HTTP/1.1" 404 11325 "-" "Mozilla/5.0 (Windows NT 10.0; Win64; x64) AppleWebKit/537.36 (KHTML, like Gecko) Chrome/120.0.0.0 Safari/537.36"
20.219.12.30 - - [27/Apr/2026:12:44:44 +0000] "GET /xleet.php HTTP/1.1" 404 11322 "-" "Mozilla/5.0 (Windows NT 10.0; Win64; x64) AppleWebKit/537.36 (KHTML, like Gecko) Chrome/120.0.0.0 Safari/537.36"
20.219.12.30 - - [27/Apr/2026:12:44:45 +0000] "GET /xxx.php HTTP/1.1" 404 11321 "-" "Mozilla/5.0 (Windows NT 10.0; Win64; x64) AppleWebKit/537.36 (KHTML, like Gecko) Chrome/120.0.0.0 Safari/537.36"
20.219.12.30 - - [27/Apr/2026:12:44:47 +0000] "GET /y.php HTTP/1.1" 404 11319 "-" "Mozilla/5.0 (Windows NT 10.0; Win64; x64) AppleWebKit/537.36 (KHTML, like Gecko) Chrome/120.0.0.0 Safari/537.36"
184.94.212.206 - - [27/Apr/2026:12:46:12 +0000] "POST /wp-cron.php?doing_wp_cron=1777293972.2313199043273925781250 HTTP/1.1" 200 - "-" "WordPress/6.9.4; https://verygreentea.com"
114.119.136.150 - - [27/Apr/2026:12:46:10 +0000] "GET /the-best-green-tea-for-weight-loss/?amp HTTP/1.1" 200 16277 "https://verygreentea.com/the-best-green-tea-for-weight-loss/?amp" "Mozilla/5.0 (Linux; Android 7.0;) AppleWebKit/537.36 (HTML, like Gecko) Mobile Safari/537.36 (compatible; PetalBot;+https://webmaster.petalsearch.com/site/petalbot)"
184.94.212.206 - - [27/Apr/2026:12:51:22 +0000] "POST /wp-cron.php?doing_wp_cron=1777294282.6580379009246826171875 HTTP/1.1" 200 - "-" "WordPress/6.9.4; https://verygreentea.com"
114.119.148.10 - - [27/Apr/2026:12:51:21 +0000] "GET /the-best-green-tea-for-weight-loss/?share=facebook HTTP/1.1" 302 - "https://verygreentea.com/the-best-green-tea-for-weight-loss/?amp" "Mozilla/5.0 (Linux; Android 7.0;) AppleWebKit/537.36 (HTML, like Gecko) Mobile Safari/537.36 (compatible; PetalBot;+https://webmaster.petalsearch.com/site/petalbot)"
184.94.212.206 - - [27/Apr/2026:12:56:32 +0000] "POST /wp-cron.php?doing_wp_cron=1777294592.2406699657440185546875 HTTP/1.1" 200 - "-" "WordPress/6.9.4; https://verygreentea.com"
114.119.141.83 - - [27/Apr/2026:12:56:31 +0000] "GET /tag/wheat-pasta HTTP/1.1" 301 - "-" "Mozilla/5.0 (Linux; Android 7.0;) AppleWebKit/537.36 (HTML, like Gecko) Mobile Safari/537.36 (compatible; PetalBot;+https://webmaster.petalsearch.com/site/petalbot)"
114.119.141.83 - - [27/Apr/2026:12:56:32 +0000] "GET /tag/wheat-pasta/ HTTP/1.1" 200 11705 "https://verygreentea.com/tag/wheat-pasta" "Mozilla/5.0 (Linux; Android 7.0;) AppleWebKit/537.36 (HTML, like Gecko) Mobile Safari/537.36 (compatible; PetalBot;+https://webmaster.petalsearch.com/site/petalbot)"
184.94.212.206 - - [27/Apr/2026:12:57:58 +0000] "POST /wp-cron.php?doing_wp_cron=1777294678.0288739204406738281250 HTTP/1.1" 200 - "-" "WordPress/6.9.4; https://verygreentea.com"
76.36.29.133 - - [27/Apr/2026:12:57:56 +0000] "GET /tag/matcha-tea/ HTTP/1.1" 200 12682 "-" "Mozilla/5.0 (Macintosh; Intel Mac OS X 10_15_7) AppleWebKit/537.36 (KHTML, like Gecko) Chrome/133.0.0.0 Safari/537.36"
184.94.212.206 - - [27/Apr/2026:13:01:35 +0000] "POST /wp-cron.php?doing_wp_cron=1777294895.8975739479064941406250 HTTP/1.1" 200 - "-" "WordPress/6.9.4; https://verygreentea.com"
114.119.130.109 - - [27/Apr/2026:13:01:34 +0000] "GET /tag/french-fries/?noamp=mobile HTTP/1.1" 200 12472 "https://verygreentea.com/tag/french-fries/?noamp=mobile" "Mozilla/5.0 (Linux; Android 7.0;) AppleWebKit/537.36 (HTML, like Gecko) Mobile Safari/537.36 (compatible; PetalBot;+https://webmaster.petalsearch.com/site/petalbot)"
184.94.212.206 - - [27/Apr/2026:13:06:56 +0000] "POST /wp-cron.php?doing_wp_cron=1777295216.0534410476684570312500 HTTP/1.1" 200 - "-" "WordPress/6.9.4; https://verygreentea.com"
114.119.148.10 - - [27/Apr/2026:13:06:54 +0000] "GET /shipping?share=reddit HTTP/1.1" 302 - "https://verygreentea.com/shipping?noamp=mobile" "Mozilla/5.0 (Linux; Android 7.0;) AppleWebKit/537.36 (HTML, like Gecko) Mobile Safari/537.36 (compatible; PetalBot;+https://webmaster.petalsearch.com/site/petalbot)"
184.94.212.206 - - [27/Apr/2026:13:11:10 +0000] "POST /wp-cron.php?doing_wp_cron=1777295470.0282790660858154296875 HTTP/1.1" 200 - "-" "WordPress/6.9.4; https://verygreentea.com"
14.245.71.52 - - [27/Apr/2026:13:11:08 +0000] "GET /tag/japanese-vs-chinese-green-tea-brewing/ HTTP/1.1" 200 13032 "-" "Mozilla/5.0 (Macintosh; Intel Mac OS X 10_15_7) AppleWebKit/537.36 (KHTML, like Gecko) Chrome/133.0.0.0 Safari/537.36"
216.73.217.60 - - [27/Apr/2026:13:11:23 +0000] "GET /robots.txt HTTP/1.1" 200 142 "-" "Mozilla/5.0 AppleWebKit/537.36 (KHTML, like Gecko; compatible; ClaudeBot/1.0; +claudebot@anthropic.com)"
216.73.217.60 - - [27/Apr/2026:13:11:24 +0000] "GET /sitemap_index.xml HTTP/1.1" 200 341 "-" "Mozilla/5.0 AppleWebKit/537.36 (KHTML, like Gecko; compatible; ClaudeBot/1.0; +claudebot@anthropic.com)"
184.94.212.206 - - [27/Apr/2026:13:11:51 +0000] "POST /wp-cron.php?doing_wp_cron=1777295511.7649610042572021484375 HTTP/1.1" 200 - "-" "WordPress/6.9.4; https://verygreentea.com"
114.119.136.150 - - [27/Apr/2026:13:11:50 +0000] "GET /tag/whipped-butter?amp HTTP/1.1" 301 - "-" "Mozilla/5.0 (Linux; Android 7.0;) AppleWebKit/537.36 (HTML, like Gecko) Mobile Safari/537.36 (compatible; PetalBot;+https://webmaster.petalsearch.com/site/petalbot)"
114.119.136.150 - - [27/Apr/2026:13:11:52 +0000] "GET /tag/whipped-butter/?amp HTTP/1.1" 200 11702 "https://verygreentea.com/tag/whipped-butter?amp" "Mozilla/5.0 (Linux; Android 7.0;) AppleWebKit/537.36 (HTML, like Gecko) Mobile Safari/537.36 (compatible; PetalBot;+https://webmaster.petalsearch.com/site/petalbot)"
184.94.212.206 - - [27/Apr/2026:13:12:14 +0000] "POST /wp-cron.php?doing_wp_cron=1777295534.9287359714508056640625 HTTP/1.1" 200 - "-" "WordPress/6.9.4; https://verygreentea.com"
35.193.17.54 - - [27/Apr/2026:13:12:13 +0000] "GET / HTTP/1.1" 200 15012 "http://www.verygreentea.primemusicproductions.com" "Mozilla/5.0 (compatible; CMS-Checker/1.0; +https://example.com)"
184.94.212.206 - - [27/Apr/2026:13:16:08 +0000] "POST /wp-cron.php?doing_wp_cron=1777295768.1932098865509033203125 HTTP/1.1" 200 - "-" "WordPress/6.9.4; https://verygreentea.com"
20.78.174.75 - - [27/Apr/2026:13:16:06 +0000] "GET /wp-content/plugins/admin.php HTTP/1.1" 404 11379 "-" "Mozilla/5.0 (Windows NT 10.0; Win64; x64) AppleWebKit/537.36 (KHTML, like Gecko) Chrome/120.0.0.0 Safari/537.36"
20.78.174.75 - - [27/Apr/2026:13:16:08 +0000] "GET /admin.php HTTP/1.1" 404 11321 "-" "Mozilla/5.0 (Windows NT 10.0; Win64; x64) AppleWebKit/537.36 (KHTML, like Gecko) Chrome/120.0.0.0 Safari/537.36"
20.78.174.75 - - [27/Apr/2026:13:16:09 +0000] "GET /wk/index.php HTTP/1.1" 301 - "-" "Mozilla/5.0 (Windows NT 10.0; Win64; x64) AppleWebKit/537.36 (KHTML, like Gecko) Chrome/120.0.0.0 Safari/537.36"
20.78.174.75 - - [27/Apr/2026:13:16:10 +0000] "GET /supyffqkrnyxagxcjucnCdefault.php HTTP/1.1" 404 11342 "-" "Mozilla/5.0 (Windows NT 10.0; Win64; x64) AppleWebKit/537.36 (KHTML, like Gecko) Chrome/120.0.0.0 Safari/537.36"
20.78.174.75 - - [27/Apr/2026:13:16:11 +0000] "GET /elp.php HTTP/1.1" 404 11320 "-" "Mozilla/5.0 (Windows NT 10.0; Win64; x64) AppleWebKit/537.36 (KHTML, like Gecko) Chrome/120.0.0.0 Safari/537.36"
20.78.174.75 - - [27/Apr/2026:13:16:12 +0000] "GET /adminfuns.php HTTP/1.1" 404 11324 "-" "Mozilla/5.0 (Windows NT 10.0; Win64; x64) AppleWebKit/537.36 (KHTML, like Gecko) Chrome/120.0.0.0 Safari/537.36"
20.78.174.75 - - [27/Apr/2026:13:16:13 +0000] "GET /.tmb/cloud.php HTTP/1.1" 404 11326 "-" "Mozilla/5.0 (Windows NT 10.0; Win64; x64) AppleWebKit/537.36 (KHTML, like Gecko) Chrome/120.0.0.0 Safari/537.36"
20.78.174.75 - - [27/Apr/2026:13:16:14 +0000] "GET /php8.php HTTP/1.1" 404 11322 "-" "Mozilla/5.0 (Windows NT 10.0; Win64; x64) AppleWebKit/537.36 (KHTML, like Gecko) Chrome/120.0.0.0 Safari/537.36"
20.78.174.75 - - [27/Apr/2026:13:16:15 +0000] "GET /.well-known HTTP/1.1" 301 250 "-" "Mozilla/5.0 (Windows NT 10.0; Win64; x64) AppleWebKit/537.36 (KHTML, like Gecko) Chrome/120.0.0.0 Safari/537.36"
20.78.174.75 - - [27/Apr/2026:13:16:15 +0000] "GET /inputs.php HTTP/1.1" 404 11322 "-" "Mozilla/5.0 (Windows NT 10.0; Win64; x64) AppleWebKit/537.36 (KHTML, like Gecko) Chrome/120.0.0.0 Safari/537.36"
20.78.174.75 - - [27/Apr/2026:13:16:16 +0000] "GET /goods.php HTTP/1.1" 404 11322 "-" "Mozilla/5.0 (Windows NT 10.0; Win64; x64) AppleWebKit/537.36 (KHTML, like Gecko) Chrome/120.0.0.0 Safari/537.36"
20.78.174.75 - - [27/Apr/2026:13:16:17 +0000] "GET /classwithtostring.php HTTP/1.1" 404 11326 "-" "Mozilla/5.0 (Windows NT 10.0; Win64; x64) AppleWebKit/537.36 (KHTML, like Gecko) Chrome/120.0.0.0 Safari/537.36"
20.78.174.75 - - [27/Apr/2026:13:16:18 +0000] "GET /simple.php HTTP/1.1" 404 11321 "-" "Mozilla/5.0 (Windows NT 10.0; Win64; x64) AppleWebKit/537.36 (KHTML, like Gecko) Chrome/120.0.0.0 Safari/537.36"
20.78.174.75 - - [27/Apr/2026:13:16:19 +0000] "GET /wp-mail.php HTTP/1.1" 403 1053 "-" "Mozilla/5.0 (Windows NT 10.0; Win64; x64) AppleWebKit/537.36 (KHTML, like Gecko) Chrome/120.0.0.0 Safari/537.36"
20.78.174.75 - - [27/Apr/2026:13:16:20 +0000] "GET /about.php HTTP/1.1" 404 11321 "-" "Mozilla/5.0 (Windows NT 10.0; Win64; x64) AppleWebKit/537.36 (KHTML, like Gecko) Chrome/120.0.0.0 Safari/537.36"
20.78.174.75 - - [27/Apr/2026:13:16:21 +0000] "GET /1.php HTTP/1.1" 404 11319 "-" "Mozilla/5.0 (Windows NT 10.0; Win64; x64) AppleWebKit/537.36 (KHTML, like Gecko) Chrome/120.0.0.0 Safari/537.36"
20.78.174.75 - - [27/Apr/2026:13:16:22 +0000] "GET /file.php HTTP/1.1" 404 11321 "-" "Mozilla/5.0 (Windows NT 10.0; Win64; x64) AppleWebKit/537.36 (KHTML, like Gecko) Chrome/120.0.0.0 Safari/537.36"
20.78.174.75 - - [27/Apr/2026:13:16:23 +0000] "GET /404.php HTTP/1.1" 404 11321 "-" "Mozilla/5.0 (Windows NT 10.0; Win64; x64) AppleWebKit/537.36 (KHTML, like Gecko) Chrome/120.0.0.0 Safari/537.36"
20.78.174.75 - - [27/Apr/2026:13:16:24 +0000] "GET /wp-login.php HTTP/1.1" 200 2556 "-" "Mozilla/5.0 (Windows NT 10.0; Win64; x64) AppleWebKit/537.36 (KHTML, like Gecko) Chrome/120.0.0.0 Safari/537.36"
20.78.174.75 - - [27/Apr/2026:13:16:25 +0000] "GET /index.php/feed/atom HTTP/1.1" 301 - "-" "Mozilla/5.0 (Windows NT 10.0; Win64; x64) AppleWebKit/537.36 (KHTML, like Gecko) Chrome/120.0.0.0 Safari/537.36"
20.78.174.75 - - [27/Apr/2026:13:16:26 +0000] "GET /php.php HTTP/1.1" 404 11321 "-" "Mozilla/5.0 (Windows NT 10.0; Win64; x64) AppleWebKit/537.36 (KHTML, like Gecko) Chrome/120.0.0.0 Safari/537.36"
20.78.174.75 - - [27/Apr/2026:13:16:27 +0000] "GET /wp-includes/Text/Diff/Engine.php HTTP/1.1" 404 11388 "-" "Mozilla/5.0 (Windows NT 10.0; Win64; x64) AppleWebKit/537.36 (KHTML, like Gecko) Chrome/120.0.0.0 Safari/537.36"
20.78.174.75 - - [27/Apr/2026:13:16:28 +0000] "GET /wp-content/admin.php HTTP/1.1" 404 11324 "-" "Mozilla/5.0 (Windows NT 10.0; Win64; x64) AppleWebKit/537.36 (KHTML, like Gecko) Chrome/120.0.0.0 Safari/537.36"
20.78.174.75 - - [27/Apr/2026:13:16:29 +0000] "GET /wp-content/themes/admin.php HTTP/1.1" 404 11379 "-" "Mozilla/5.0 (Windows NT 10.0; Win64; x64) AppleWebKit/537.36 (KHTML, like Gecko) Chrome/120.0.0.0 Safari/537.36"
20.78.174.75 - - [27/Apr/2026:13:16:30 +0000] "GET /7.php HTTP/1.1" 404 11319 "-" "Mozilla/5.0 (Windows NT 10.0; Win64; x64) AppleWebKit/537.36 (KHTML, like Gecko) Chrome/120.0.0.0 Safari/537.36"
20.78.174.75 - - [27/Apr/2026:13:16:31 +0000] "GET /wp-content/index.php HTTP/1.1" 301 - "-" "Mozilla/5.0 (Windows NT 10.0; Win64; x64) AppleWebKit/537.36 (KHTML, like Gecko) Chrome/120.0.0.0 Safari/537.36"
20.78.174.75 - - [27/Apr/2026:13:16:32 +0000] "GET /.well-known/acme-challenge/index.php HTTP/1.1" 301 - "-" "Mozilla/5.0 (Windows NT 10.0; Win64; x64) AppleWebKit/537.36 (KHTML, like Gecko) Chrome/120.0.0.0 Safari/537.36"
20.78.174.75 - - [27/Apr/2026:13:16:33 +0000] "GET /atomlib.php HTTP/1.1" 404 11323 "-" "Mozilla/5.0 (Windows NT 10.0; Win64; x64) AppleWebKit/537.36 (KHTML, like Gecko) Chrome/120.0.0.0 Safari/537.36"
20.78.174.75 - - [27/Apr/2026:13:16:34 +0000] "GET /chosen.php HTTP/1.1" 404 11323 "-" "Mozilla/5.0 (Windows NT 10.0; Win64; x64) AppleWebKit/537.36 (KHTML, like Gecko) Chrome/120.0.0.0 Safari/537.36"
20.78.174.75 - - [27/Apr/2026:13:16:35 +0000] "GET /css.php HTTP/1.1" 404 11321 "-" "Mozilla/5.0 (Windows NT 10.0; Win64; x64) AppleWebKit/537.36 (KHTML, like Gecko) Chrome/120.0.0.0 Safari/537.36"
20.78.174.75 - - [27/Apr/2026:13:16:36 +0000] "GET /files.php HTTP/1.1" 404 11322 "-" "Mozilla/5.0 (Windows NT 10.0; Win64; x64) AppleWebKit/537.36 (KHTML, like Gecko) Chrome/120.0.0.0 Safari/537.36"
20.78.174.75 - - [27/Apr/2026:13:16:37 +0000] "GET /index/function.php HTTP/1.1" 404 11325 "-" "Mozilla/5.0 (Windows NT 10.0; Win64; x64) AppleWebKit/537.36 (KHTML, like Gecko) Chrome/120.0.0.0 Safari/537.36"
20.78.174.75 - - [27/Apr/2026:13:16:38 +0000] "GET /buy.php HTTP/1.1" 404 11321 "-" "Mozilla/5.0 (Windows NT 10.0; Win64; x64) AppleWebKit/537.36 (KHTML, like Gecko) Chrome/120.0.0.0 Safari/537.36"
20.78.174.75 - - [27/Apr/2026:13:16:39 +0000] "GET /info.php HTTP/1.1" 404 11321 "-" "Mozilla/5.0 (Windows NT 10.0; Win64; x64) AppleWebKit/537.36 (KHTML, like Gecko) Chrome/120.0.0.0 Safari/537.36"
20.78.174.75 - - [27/Apr/2026:13:16:40 +0000] "GET /wp.php HTTP/1.1" 404 11322 "-" "Mozilla/5.0 (Windows NT 10.0; Win64; x64) AppleWebKit/537.36 (KHTML, like Gecko) Chrome/120.0.0.0 Safari/537.36"
20.78.174.75 - - [27/Apr/2026:13:16:41 +0000] "GET /wp-content/uploads/index.php HTTP/1.1" 301 - "-" "Mozilla/5.0 (Windows NT 10.0; Win64; x64) AppleWebKit/537.36 (KHTML, like Gecko) Chrome/120.0.0.0 Safari/537.36"
20.78.174.75 - - [27/Apr/2026:13:16:42 +0000] "GET /wp-config-sample.php HTTP/1.1" 404 11329 "-" "Mozilla/5.0 (Windows NT 10.0; Win64; x64) AppleWebKit/537.36 (KHTML, like Gecko) Chrome/120.0.0.0 Safari/537.36"
20.78.174.75 - - [27/Apr/2026:13:16:43 +0000] "GET /wp-content/themes/x/bypass.php HTTP/1.1" 404 11383 "-" "Mozilla/5.0 (Windows NT 10.0; Win64; x64) AppleWebKit/537.36 (KHTML, like Gecko) Chrome/120.0.0.0 Safari/537.36"
20.78.174.75 - - [27/Apr/2026:13:16:44 +0000] "GET /666.php HTTP/1.1" 404 11321 "-" "Mozilla/5.0 (Windows NT 10.0; Win64; x64) AppleWebKit/537.36 (KHTML, like Gecko) Chrome/120.0.0.0 Safari/537.36"
20.78.174.75 - - [27/Apr/2026:13:16:45 +0000] "GET /bgymj.php HTTP/1.1" 404 11323 "-" "Mozilla/5.0 (Windows NT 10.0; Win64; x64) AppleWebKit/537.36 (KHTML, like Gecko) Chrome/120.0.0.0 Safari/537.36"
20.78.174.75 - - [27/Apr/2026:13:16:46 +0000] "GET /control.php HTTP/1.1" 404 11321 "-" "Mozilla/5.0 (Windows NT 10.0; Win64; x64) AppleWebKit/537.36 (KHTML, like Gecko) Chrome/120.0.0.0 Safari/537.36"
20.78.174.75 - - [27/Apr/2026:13:16:47 +0000] "GET /randkeyword.PhP7 HTTP/1.1" 404 11330 "-" "Mozilla/5.0 (Windows NT 10.0; Win64; x64) AppleWebKit/537.36 (KHTML, like Gecko) Chrome/120.0.0.0 Safari/537.36"
20.78.174.75 - - [27/Apr/2026:13:16:48 +0000] "GET /wp-content/plugins/core-plugin/include.php HTTP/1.1" 404 11383 "-" "Mozilla/5.0 (Windows NT 10.0; Win64; x64) AppleWebKit/537.36 (KHTML, like Gecko) Chrome/120.0.0.0 Safari/537.36"
20.78.174.75 - - [27/Apr/2026:13:16:49 +0000] "GET /wp-includes/assets/ty.php HTTP/1.1" 404 11380 "-" "Mozilla/5.0 (Windows NT 10.0; Win64; x64) AppleWebKit/537.36 (KHTML, like Gecko) Chrome/120.0.0.0 Safari/537.36"
20.78.174.75 - - [27/Apr/2026:13:16:50 +0000] "GET /file61.php HTTP/1.1" 404 11323 "-" "Mozilla/5.0 (Windows NT 10.0; Win64; x64) AppleWebKit/537.36 (KHTML, like Gecko) Chrome/120.0.0.0 Safari/537.36"
20.78.174.75 - - [27/Apr/2026:13:16:51 +0000] "GET /p.php HTTP/1.1" 404 11319 "-" "Mozilla/5.0 (Windows NT 10.0; Win64; x64) AppleWebKit/537.36 (KHTML, like Gecko) Chrome/120.0.0.0 Safari/537.36"
20.78.174.75 - - [27/Apr/2026:13:16:52 +0000] "GET /ms-edit.php HTTP/1.1" 404 11323 "-" "Mozilla/5.0 (Windows NT 10.0; Win64; x64) AppleWebKit/537.36 (KHTML, like Gecko) Chrome/120.0.0.0 Safari/537.36"
20.78.174.75 - - [27/Apr/2026:13:16:53 +0000] "GET /alfanew.PHP7 HTTP/1.1" 404 11328 "-" "Mozilla/5.0 (Windows NT 10.0; Win64; x64) AppleWebKit/537.36 (KHTML, like Gecko) Chrome/120.0.0.0 Safari/537.36"
20.78.174.75 - - [27/Apr/2026:13:16:54 +0000] "GET /cgi-bin HTTP/1.1" 301 246 "-" "Mozilla/5.0 (Windows NT 10.0; Win64; x64) AppleWebKit/537.36 (KHTML, like Gecko) Chrome/120.0.0.0 Safari/537.36"
20.78.174.75 - - [27/Apr/2026:13:16:54 +0000] "GET /dx.php HTTP/1.1" 404 11320 "-" "Mozilla/5.0 (Windows NT 10.0; Win64; x64) AppleWebKit/537.36 (KHTML, like Gecko) Chrome/120.0.0.0 Safari/537.36"
20.78.174.75 - - [27/Apr/2026:13:16:55 +0000] "GET /wp-admin/maint/index.php HTTP/1.1" 301 - "-" "Mozilla/5.0 (Windows NT 10.0; Win64; x64) AppleWebKit/537.36 (KHTML, like Gecko) Chrome/120.0.0.0 Safari/537.36"
20.78.174.75 - - [27/Apr/2026:13:16:56 +0000] "GET /.well-known/pki-validation HTTP/1.1" 301 265 "-" "Mozilla/5.0 (Windows NT 10.0; Win64; x64) AppleWebKit/537.36 (KHTML, like Gecko) Chrome/120.0.0.0 Safari/537.36"
184.94.212.206 - - [27/Apr/2026:13:16:57 +0000] "POST /wp-cron.php?doing_wp_cron=1777295817.5917379856109619140625 HTTP/1.1" 200 - "-" "WordPress/6.9.4; https://verygreentea.com"
20.78.174.75 - - [27/Apr/2026:13:16:56 +0000] "GET /doc.php HTTP/1.1" 404 11321 "-" "Mozilla/5.0 (Windows NT 10.0; Win64; x64) AppleWebKit/537.36 (KHTML, like Gecko) Chrome/120.0.0.0 Safari/537.36"
20.78.174.75 - - [27/Apr/2026:13:16:57 +0000] "GET /tool.php HTTP/1.1" 404 11321 "-" "Mozilla/5.0 (Windows NT 10.0; Win64; x64) AppleWebKit/537.36 (KHTML, like Gecko) Chrome/120.0.0.0 Safari/537.36"
20.78.174.75 - - [27/Apr/2026:13:16:58 +0000] "GET /xx.php HTTP/1.1" 404 11320 "-" "Mozilla/5.0 (Windows NT 10.0; Win64; x64) AppleWebKit/537.36 (KHTML, like Gecko) Chrome/120.0.0.0 Safari/537.36"
20.78.174.75 - - [27/Apr/2026:13:17:00 +0000] "GET /xxx.php HTTP/1.1" 404 11321 "-" "Mozilla/5.0 (Windows NT 10.0; Win64; x64) AppleWebKit/537.36 (KHTML, like Gecko) Chrome/120.0.0.0 Safari/537.36"
20.78.174.75 - - [27/Apr/2026:13:17:01 +0000] "GET /100.php HTTP/1.1" 404 11321 "-" "Mozilla/5.0 (Windows NT 10.0; Win64; x64) AppleWebKit/537.36 (KHTML, like Gecko) Chrome/120.0.0.0 Safari/537.36"
20.78.174.75 - - [27/Apr/2026:13:17:02 +0000] "GET /wp-admin/network/about.php HTTP/1.1" 302 - "-" "Mozilla/5.0 (Windows NT 10.0; Win64; x64) AppleWebKit/537.36 (KHTML, like Gecko) Chrome/120.0.0.0 Safari/537.36"
20.78.174.75 - - [27/Apr/2026:13:17:03 +0000] "GET /wp-blog.php HTTP/1.1" 404 11323 "-" "Mozilla/5.0 (Windows NT 10.0; Win64; x64) AppleWebKit/537.36 (KHTML, like Gecko) Chrome/120.0.0.0 Safari/537.36"
114.119.151.155 - - [27/Apr/2026:13:17:03 +0000] "GET /solid-advice-for-new-moms-trying-to-lose-weight/?share=tumblr HTTP/1.1" 302 - "https://verygreentea.com/solid-advice-for-new-moms-trying-to-lose-weight?noamp=mobile" "Mozilla/5.0 (Linux; Android 7.0;) AppleWebKit/537.36 (HTML, like Gecko) Mobile Safari/537.36 (compatible; PetalBot;+https://webmaster.petalsearch.com/site/petalbot)"
20.78.174.75 - - [27/Apr/2026:13:17:04 +0000] "GET /wp-content/themes/index.php HTTP/1.1" 301 - "-" "Mozilla/5.0 (Windows NT 10.0; Win64; x64) AppleWebKit/537.36 (KHTML, like Gecko) Chrome/120.0.0.0 Safari/537.36"
20.78.174.75 - - [27/Apr/2026:13:17:05 +0000] "GET /wp-includes/images HTTP/1.1" 301 257 "-" "Mozilla/5.0 (Windows NT 10.0; Win64; x64) AppleWebKit/537.36 (KHTML, like Gecko) Chrome/120.0.0.0 Safari/537.36"
20.78.174.75 - - [27/Apr/2026:13:17:05 +0000] "GET /data.php HTTP/1.1" 404 11321 "-" "Mozilla/5.0 (Windows NT 10.0; Win64; x64) AppleWebKit/537.36 (KHTML, like Gecko) Chrome/120.0.0.0 Safari/537.36"
184.94.212.206 - - [27/Apr/2026:13:17:07 +0000] "POST /wp-cron.php?doing_wp_cron=1777295827.4752531051635742187500 HTTP/1.1" 200 - "-" "WordPress/6.9.4; https://verygreentea.com"
20.78.174.75 - - [27/Apr/2026:13:17:06 +0000] "GET /ioxi-o.php HTTP/1.1" 404 11323 "-" "Mozilla/5.0 (Windows NT 10.0; Win64; x64) AppleWebKit/537.36 (KHTML, like Gecko) Chrome/120.0.0.0 Safari/537.36"
20.78.174.75 - - [27/Apr/2026:13:17:07 +0000] "GET /as.php HTTP/1.1" 404 11320 "-" "Mozilla/5.0 (Windows NT 10.0; Win64; x64) AppleWebKit/537.36 (KHTML, like Gecko) Chrome/120.0.0.0 Safari/537.36"
20.78.174.75 - - [27/Apr/2026:13:17:08 +0000] "GET /term.php HTTP/1.1" 404 11321 "-" "Mozilla/5.0 (Windows NT 10.0; Win64; x64) AppleWebKit/537.36 (KHTML, like Gecko) Chrome/120.0.0.0 Safari/537.36"
124.156.226.179 - - [27/Apr/2026:13:17:09 +0000] "GET / HTTP/1.1" 301 - "http://www.verygreentea.com" "Mozilla/5.0 (iPhone; CPU iPhone OS 13_2_3 like Mac OS X) AppleWebKit/605.1.15 (KHTML, like Gecko) Version/13.0.3 Mobile/15E148 Safari/604.1"
20.78.174.75 - - [27/Apr/2026:13:17:09 +0000] "GET /vx.php HTTP/1.1" 404 11320 "-" "Mozilla/5.0 (Windows NT 10.0; Win64; x64) AppleWebKit/537.36 (KHTML, like Gecko) Chrome/120.0.0.0 Safari/537.36"
20.78.174.75 - - [27/Apr/2026:13:17:10 +0000] "GET /wp-includes/PHPMailer HTTP/1.1" 301 260 "-" "Mozilla/5.0 (Windows NT 10.0; Win64; x64) AppleWebKit/537.36 (KHTML, like Gecko) Chrome/120.0.0.0 Safari/537.36"
20.78.174.75 - - [27/Apr/2026:13:17:10 +0000] "GET /a7.php HTTP/1.1" 404 11320 "-" "Mozilla/5.0 (Windows NT 10.0; Win64; x64) AppleWebKit/537.36 (KHTML, like Gecko) Chrome/120.0.0.0 Safari/537.36"
20.78.174.75 - - [27/Apr/2026:13:17:11 +0000] "GET /wp-admin/css/colors/ectoplasm HTTP/1.1" 301 268 "-" "Mozilla/5.0 (Windows NT 10.0; Win64; x64) AppleWebKit/537.36 (KHTML, like Gecko) Chrome/120.0.0.0 Safari/537.36"
20.78.174.75 - - [27/Apr/2026:13:17:11 +0000] "GET /wp-content/themes/seotheme/mar.php HTTP/1.1" 404 11383 "-" "Mozilla/5.0 (Windows NT 10.0; Win64; x64) AppleWebKit/537.36 (KHTML, like Gecko) Chrome/120.0.0.0 Safari/537.36"
124.156.226.179 - - [27/Apr/2026:13:17:12 +0000] "GET / HTTP/1.1" 200 15027 "https://www.verygreentea.com/" "Mozilla/5.0 (iPhone; CPU iPhone OS 13_2_3 like Mac OS X) AppleWebKit/605.1.15 (KHTML, like Gecko) Version/13.0.3 Mobile/15E148 Safari/604.1"
20.78.174.75 - - [27/Apr/2026:13:17:12 +0000] "GET /222.php HTTP/1.1" 404 11321 "-" "Mozilla/5.0 (Windows NT 10.0; Win64; x64) AppleWebKit/537.36 (KHTML, like Gecko) Chrome/120.0.0.0 Safari/537.36"
20.78.174.75 - - [27/Apr/2026:13:17:13 +0000] "GET /7logs.php HTTP/1.1" 404 11321 "-" "Mozilla/5.0 (Windows NT 10.0; Win64; x64) AppleWebKit/537.36 (KHTML, like Gecko) Chrome/120.0.0.0 Safari/537.36"
20.78.174.75 - - [27/Apr/2026:13:17:14 +0000] "GET /a.php HTTP/1.1" 404 11319 "-" "Mozilla/5.0 (Windows NT 10.0; Win64; x64) AppleWebKit/537.36 (KHTML, like Gecko) Chrome/120.0.0.0 Safari/537.36"
20.78.174.75 - - [27/Apr/2026:13:17:15 +0000] "GET /abc.php HTTP/1.1" 404 11321 "-" "Mozilla/5.0 (Windows NT 10.0; Win64; x64) AppleWebKit/537.36 (KHTML, like Gecko) Chrome/120.0.0.0 Safari/537.36"
20.78.174.75 - - [27/Apr/2026:13:17:16 +0000] "GET /fone1.php HTTP/1.1" 404 11322 "-" "Mozilla/5.0 (Windows NT 10.0; Win64; x64) AppleWebKit/537.36 (KHTML, like Gecko) Chrome/120.0.0.0 Safari/537.36"
20.78.174.75 - - [27/Apr/2026:13:17:17 +0000] "GET /lib.php HTTP/1.1" 404 11320 "-" "Mozilla/5.0 (Windows NT 10.0; Win64; x64) AppleWebKit/537.36 (KHTML, like Gecko) Chrome/120.0.0.0 Safari/537.36"
20.78.174.75 - - [27/Apr/2026:13:17:18 +0000] "GET /sadcut1.php HTTP/1.1" 404 11323 "-" "Mozilla/5.0 (Windows NT 10.0; Win64; x64) AppleWebKit/537.36 (KHTML, like Gecko) Chrome/120.0.0.0 Safari/537.36"
20.78.174.75 - - [27/Apr/2026:13:17:19 +0000] "GET /wp-includes/interactivity-api/index.php HTTP/1.1" 301 - "-" "Mozilla/5.0 (Windows NT 10.0; Win64; x64) AppleWebKit/537.36 (KHTML, like Gecko) Chrome/120.0.0.0 Safari/537.36"
20.78.174.75 - - [27/Apr/2026:13:17:20 +0000] "GET /xmlrpc.php HTTP/1.1" 404 11323 "-" "Mozilla/5.0 (Windows NT 10.0; Win64; x64) AppleWebKit/537.36 (KHTML, like Gecko) Chrome/120.0.0.0 Safari/537.36"
20.78.174.75 - - [27/Apr/2026:13:17:21 +0000] "GET /aa.php HTTP/1.1" 404 11320 "-" "Mozilla/5.0 (Windows NT 10.0; Win64; x64) AppleWebKit/537.36 (KHTML, like Gecko) Chrome/120.0.0.0 Safari/537.36"
20.78.174.75 - - [27/Apr/2026:13:17:22 +0000] "GET /admin.php/wp-includes/certificates/about.php HTTP/1.1" 404 11391 "-" "Mozilla/5.0 (Windows NT 10.0; Win64; x64) AppleWebKit/537.36 (KHTML, like Gecko) Chrome/120.0.0.0 Safari/537.36"
20.78.174.75 - - [27/Apr/2026:13:17:23 +0000] "GET /amax.php HTTP/1.1" 404 11321 "-" "Mozilla/5.0 (Windows NT 10.0; Win64; x64) AppleWebKit/537.36 (KHTML, like Gecko) Chrome/120.0.0.0 Safari/537.36"
20.78.174.75 - - [27/Apr/2026:13:17:24 +0000] "GET /av.php HTTP/1.1" 404 11320 "-" "Mozilla/5.0 (Windows NT 10.0; Win64; x64) AppleWebKit/537.36 (KHTML, like Gecko) Chrome/120.0.0.0 Safari/537.36"
