20.78.174.75 - - [27/Apr/2026:13:17:25 +0000] "GET /function/function.php HTTP/1.1" 404 11323 "-" "Mozilla/5.0 (Windows NT 10.0; Win64; x64) AppleWebKit/537.36 (KHTML, like Gecko) Chrome/120.0.0.0 Safari/537.36"
20.78.174.75 - - [27/Apr/2026:13:17:26 +0000] "GET /modules/mod_footer/tmpl/index.php HTTP/1.1" 301 - "-" "Mozilla/5.0 (Windows NT 10.0; Win64; x64) AppleWebKit/537.36 (KHTML, like Gecko) Chrome/120.0.0.0 Safari/537.36"
20.78.174.75 - - [27/Apr/2026:13:17:27 +0000] "GET /wp-admin/js/index.php HTTP/1.1" 301 - "-" "Mozilla/5.0 (Windows NT 10.0; Win64; x64) AppleWebKit/537.36 (KHTML, like Gecko) Chrome/120.0.0.0 Safari/537.36"
20.78.174.75 - - [27/Apr/2026:13:17:28 +0000] "GET /wp-content/plugins/WordPressCore/include.php HTTP/1.1" 404 11390 "-" "Mozilla/5.0 (Windows NT 10.0; Win64; x64) AppleWebKit/537.36 (KHTML, like Gecko) Chrome/120.0.0.0 Safari/537.36"
20.78.174.75 - - [27/Apr/2026:13:17:29 +0000] "GET /wp-content/plugins/index.php HTTP/1.1" 301 - "-" "Mozilla/5.0 (Windows NT 10.0; Win64; x64) AppleWebKit/537.36 (KHTML, like Gecko) Chrome/120.0.0.0 Safari/537.36"
20.78.174.75 - - [27/Apr/2026:13:17:30 +0000] "GET /wp-content/upgrade/index.php HTTP/1.1" 301 - "-" "Mozilla/5.0 (Windows NT 10.0; Win64; x64) AppleWebKit/537.36 (KHTML, like Gecko) Chrome/120.0.0.0 Safari/537.36"
20.78.174.75 - - [27/Apr/2026:13:17:31 +0000] "GET /ahax.php HTTP/1.1" 404 11321 "-" "Mozilla/5.0 (Windows NT 10.0; Win64; x64) AppleWebKit/537.36 (KHTML, like Gecko) Chrome/120.0.0.0 Safari/537.36"
20.78.174.75 - - [27/Apr/2026:13:17:32 +0000] "GET /alfa.php HTTP/1.1" 404 11321 "-" "Mozilla/5.0 (Windows NT 10.0; Win64; x64) AppleWebKit/537.36 (KHTML, like Gecko) Chrome/120.0.0.0 Safari/537.36"
20.78.174.75 - - [27/Apr/2026:13:17:33 +0000] "GET /bolt.php HTTP/1.1" 404 11321 "-" "Mozilla/5.0 (Windows NT 10.0; Win64; x64) AppleWebKit/537.36 (KHTML, like Gecko) Chrome/120.0.0.0 Safari/537.36"
20.78.174.75 - - [27/Apr/2026:13:17:34 +0000] "GET /wp-content/themes/about.php HTTP/1.1" 404 11379 "-" "Mozilla/5.0 (Windows NT 10.0; Win64; x64) AppleWebKit/537.36 (KHTML, like Gecko) Chrome/120.0.0.0 Safari/537.36"
20.78.174.75 - - [27/Apr/2026:13:17:35 +0000] "GET /wp-includes/Text/index.php HTTP/1.1" 301 - "-" "Mozilla/5.0 (Windows NT 10.0; Win64; x64) AppleWebKit/537.36 (KHTML, like Gecko) Chrome/120.0.0.0 Safari/537.36"
20.78.174.75 - - [27/Apr/2026:13:17:36 +0000] "GET /wp-signin.php HTTP/1.1" 404 11324 "-" "Mozilla/5.0 (Windows NT 10.0; Win64; x64) AppleWebKit/537.36 (KHTML, like Gecko) Chrome/120.0.0.0 Safari/537.36"
20.78.174.75 - - [27/Apr/2026:13:17:37 +0000] "GET /x.php HTTP/1.1" 404 11319 "-" "Mozilla/5.0 (Windows NT 10.0; Win64; x64) AppleWebKit/537.36 (KHTML, like Gecko) Chrome/120.0.0.0 Safari/537.36"
20.78.174.75 - - [27/Apr/2026:13:17:38 +0000] "GET /about/function.php HTTP/1.1" 404 11324 "-" "Mozilla/5.0 (Windows NT 10.0; Win64; x64) AppleWebKit/537.36 (KHTML, like Gecko) Chrome/120.0.0.0 Safari/537.36"
20.78.174.75 - - [27/Apr/2026:13:17:39 +0000] "GET /bless.php HTTP/1.1" 404 11322 "-" "Mozilla/5.0 (Windows NT 10.0; Win64; x64) AppleWebKit/537.36 (KHTML, like Gecko) Chrome/120.0.0.0 Safari/537.36"
20.78.174.75 - - [27/Apr/2026:13:17:40 +0000] "GET /content.php HTTP/1.1" 404 11320 "-" "Mozilla/5.0 (Windows NT 10.0; Win64; x64) AppleWebKit/537.36 (KHTML, like Gecko) Chrome/120.0.0.0 Safari/537.36"
20.78.174.75 - - [27/Apr/2026:13:17:41 +0000] "GET /radio.php HTTP/1.1" 404 11322 "-" "Mozilla/5.0 (Windows NT 10.0; Win64; x64) AppleWebKit/537.36 (KHTML, like Gecko) Chrome/120.0.0.0 Safari/537.36"
20.78.174.75 - - [27/Apr/2026:13:17:42 +0000] "GET /wp-content/about.php HTTP/1.1" 404 11325 "-" "Mozilla/5.0 (Windows NT 10.0; Win64; x64) AppleWebKit/537.36 (KHTML, like Gecko) Chrome/120.0.0.0 Safari/537.36"
20.78.174.75 - - [27/Apr/2026:13:17:43 +0000] "GET /wp-content/uploads/admin.php HTTP/1.1" 404 11379 "-" "Mozilla/5.0 (Windows NT 10.0; Win64; x64) AppleWebKit/537.36 (KHTML, like Gecko) Chrome/120.0.0.0 Safari/537.36"
20.78.174.75 - - [27/Apr/2026:13:17:46 +0000] "GET /wp-includes/pomo HTTP/1.1" 301 255 "-" "Mozilla/5.0 (Windows NT 10.0; Win64; x64) AppleWebKit/537.36 (KHTML, like Gecko) Chrome/120.0.0.0 Safari/537.36"
20.78.174.75 - - [27/Apr/2026:13:17:46 +0000] "GET /.dj/index.php HTTP/1.1" 301 - "-" "Mozilla/5.0 (Windows NT 10.0; Win64; x64) AppleWebKit/537.36 (KHTML, like Gecko) Chrome/120.0.0.0 Safari/537.36"
20.78.174.75 - - [27/Apr/2026:13:17:47 +0000] "GET /aaa.php HTTP/1.1" 404 11320 "-" "Mozilla/5.0 (Windows NT 10.0; Win64; x64) AppleWebKit/537.36 (KHTML, like Gecko) Chrome/120.0.0.0 Safari/537.36"
20.78.174.75 - - [27/Apr/2026:13:17:48 +0000] "GET /abcd.php HTTP/1.1" 404 11321 "-" "Mozilla/5.0 (Windows NT 10.0; Win64; x64) AppleWebKit/537.36 (KHTML, like Gecko) Chrome/120.0.0.0 Safari/537.36"
20.78.174.75 - - [27/Apr/2026:13:17:49 +0000] "GET /admin/function.php HTTP/1.1" 404 11324 "-" "Mozilla/5.0 (Windows NT 10.0; Win64; x64) AppleWebKit/537.36 (KHTML, like Gecko) Chrome/120.0.0.0 Safari/537.36"
184.94.212.206 - - [27/Apr/2026:13:20:26 +0000] "POST /wp-cron.php?doing_wp_cron=1777296026.5070769786834716796875 HTTP/1.1" 200 - "-" "WordPress/6.9.4; https://verygreentea.com"
57.141.18.95 - - [27/Apr/2026:13:20:24 +0000] "GET /sitemap_index.xml HTTP/1.1" 200 783 "-" "meta-externalagent/1.1 (+https://developers.facebook.com/docs/sharing/webmasters/crawler)"
184.94.212.206 - - [27/Apr/2026:13:22:16 +0000] "POST /wp-cron.php?doing_wp_cron=1777296136.8532350063323974609375 HTTP/1.1" 200 - "-" "WordPress/6.9.4; https://verygreentea.com"
114.119.156.60 - - [27/Apr/2026:13:22:15 +0000] "GET /privacy-policy/?noamp=mobile HTTP/1.1" 200 15592 "https://verygreentea.com/privacy-policy?noamp=mobile" "Mozilla/5.0 (Linux; Android 7.0;) AppleWebKit/537.36 (HTML, like Gecko) Mobile Safari/537.36 (compatible; PetalBot;+https://webmaster.petalsearch.com/site/petalbot)"
216.73.217.60 - - [27/Apr/2026:13:23:51 +0000] "GET /category/benefits/feed/ HTTP/1.1" 200 15206 "-" "Mozilla/5.0 AppleWebKit/537.36 (KHTML, like Gecko; compatible; ClaudeBot/1.0; +claudebot@anthropic.com)"
216.73.217.60 - - [27/Apr/2026:13:23:52 +0000] "GET /green-tea-extract/ HTTP/1.1" 200 19329 "-" "Mozilla/5.0 AppleWebKit/537.36 (KHTML, like Gecko; compatible; ClaudeBot/1.0; +claudebot@anthropic.com)"
184.94.212.206 - - [27/Apr/2026:13:27:00 +0000] "POST /wp-cron.php?doing_wp_cron=1777296420.0365738868713378906250 HTTP/1.1" 200 - "-" "WordPress/6.9.4; https://verygreentea.com"
216.73.217.60 - - [27/Apr/2026:13:26:58 +0000] "GET /news-sitemap.xml HTTP/1.1" 200 311 "-" "Mozilla/5.0 AppleWebKit/537.36 (KHTML, like Gecko; compatible; ClaudeBot/1.0; +claudebot@anthropic.com)"
184.94.212.206 - - [27/Apr/2026:13:27:14 +0000] "POST /wp-cron.php?doing_wp_cron=1777296434.5694730281829833984375 HTTP/1.1" 200 - "-" "WordPress/6.9.4; https://verygreentea.com"
216.73.217.60 - - [27/Apr/2026:13:27:13 +0000] "GET /category/benefits/page/2/ HTTP/1.1" 200 12713 "-" "Mozilla/5.0 AppleWebKit/537.36 (KHTML, like Gecko; compatible; ClaudeBot/1.0; +claudebot@anthropic.com)"
114.119.141.83 - - [27/Apr/2026:13:27:28 +0000] "GET /the-best-green-tea-for-weight-loss/?noamp=mobile HTTP/1.1" 200 16276 "https://verygreentea.com/the-best-green-tea-for-weight-loss/?noamp=mobile" "Mozilla/5.0 (Linux; Android 7.0;) AppleWebKit/537.36 (HTML, like Gecko) Mobile Safari/537.36 (compatible; PetalBot;+https://webmaster.petalsearch.com/site/petalbot)"
184.94.212.206 - - [27/Apr/2026:13:28:22 +0000] "POST /wp-cron.php?doing_wp_cron=1777296502.2214961051940917968750 HTTP/1.1" 200 - "-" "WordPress/6.9.4; https://verygreentea.com"
216.73.217.60 - - [27/Apr/2026:13:28:20 +0000] "GET /sitemap.xml HTTP/1.1" 200 297 "-" "Mozilla/5.0 AppleWebKit/537.36 (KHTML, like Gecko; compatible; ClaudeBot/1.0; +claudebot@anthropic.com)"
34.27.183.44 - - [27/Apr/2026:13:28:56 +0000] "GET / HTTP/1.1" 200 15027 "http://verygreentea.com" "Mozilla/5.0 (compatible; CMS-Checker/1.0; +https://example.com)"
216.73.217.60 - - [27/Apr/2026:13:28:59 +0000] "GET /tag/weight-loss-goals/ HTTP/1.1" 200 12448 "-" "Mozilla/5.0 AppleWebKit/537.36 (KHTML, like Gecko; compatible; ClaudeBot/1.0; +claudebot@anthropic.com)"
184.94.212.206 - - [27/Apr/2026:13:29:37 +0000] "POST /wp-cron.php?doing_wp_cron=1777296577.1223690509796142578125 HTTP/1.1" 200 - "-" "WordPress/6.9.4; https://verygreentea.com"
216.73.217.60 - - [27/Apr/2026:13:29:35 +0000] "GET /tag/losing-weight/ HTTP/1.1" 200 13284 "-" "Mozilla/5.0 AppleWebKit/537.36 (KHTML, like Gecko; compatible; ClaudeBot/1.0; +claudebot@anthropic.com)"
184.94.212.206 - - [27/Apr/2026:13:32:29 +0000] "POST /wp-cron.php?doing_wp_cron=1777296749.3078999519348144531250 HTTP/1.1" 200 - "-" "WordPress/6.9.4; https://verygreentea.com"
114.119.135.207 - - [27/Apr/2026:13:32:27 +0000] "GET /how-to-make-green-tea?share=facebook HTTP/1.1" 302 - "-" "Mozilla/5.0 (Linux; Android 7.0;) AppleWebKit/537.36 (HTML, like Gecko) Mobile Safari/537.36 (compatible; PetalBot;+https://webmaster.petalsearch.com/site/petalbot)"
216.73.217.60 - - [27/Apr/2026:13:33:40 +0000] "GET /tag/fad-diets/ HTTP/1.1" 200 12441 "-" "Mozilla/5.0 AppleWebKit/537.36 (KHTML, like Gecko; compatible; ClaudeBot/1.0; +claudebot@anthropic.com)"
184.94.212.206 - - [27/Apr/2026:13:37:43 +0000] "POST /wp-cron.php?doing_wp_cron=1777297063.3616769313812255859375 HTTP/1.1" 200 - "-" "WordPress/6.9.4; https://verygreentea.com"
114.119.135.207 - - [27/Apr/2026:13:37:41 +0000] "GET /how-to-make-green-tea/?share=tumblr HTTP/1.1" 302 - "https://verygreentea.com/how-to-make-green-tea" "Mozilla/5.0 (Linux; Android 7.0;) AppleWebKit/537.36 (HTML, like Gecko) Mobile Safari/537.36 (compatible; PetalBot;+https://webmaster.petalsearch.com/site/petalbot)"
184.94.212.206 - - [27/Apr/2026:13:42:43 +0000] "POST /wp-cron.php?doing_wp_cron=1777297363.0073859691619873046875 HTTP/1.1" 200 - "-" "WordPress/6.9.4; https://verygreentea.com"
216.73.217.60 - - [27/Apr/2026:13:42:41 +0000] "GET /author/thesilentwhisperer/feed/ HTTP/1.1" 200 11589 "-" "Mozilla/5.0 AppleWebKit/537.36 (KHTML, like Gecko; compatible; ClaudeBot/1.0; +claudebot@anthropic.com)"
114.119.151.155 - - [27/Apr/2026:13:42:43 +0000] "GET /how-to-make-green-tea/?share=facebook HTTP/1.1" 302 - "https://verygreentea.com/how-to-make-green-tea" "Mozilla/5.0 (Linux; Android 7.0;) AppleWebKit/537.36 (HTML, like Gecko) Mobile Safari/537.36 (compatible; PetalBot;+https://webmaster.petalsearch.com/site/petalbot)"
43.130.16.212 - - [27/Apr/2026:13:45:18 +0000] "GET / HTTP/1.1" 200 15027 "http://verygreentea.com" "Mozilla/5.0 (iPhone; CPU iPhone OS 13_2_3 like Mac OS X) AppleWebKit/605.1.15 (KHTML, like Gecko) Version/13.0.3 Mobile/15E148 Safari/604.1"
184.94.212.206 - - [27/Apr/2026:13:48:00 +0000] "POST /wp-cron.php?doing_wp_cron=1777297680.5287609100341796875000 HTTP/1.1" 200 - "-" "WordPress/6.9.4; https://verygreentea.com"
114.119.130.109 - - [27/Apr/2026:13:47:58 +0000] "GET /green-tea-extract/?share=pinterest HTTP/1.1" 302 - "https://verygreentea.com/green-tea-extract/?amp" "Mozilla/5.0 (Linux; Android 7.0;) AppleWebKit/537.36 (HTML, like Gecko) Mobile Safari/537.36 (compatible; PetalBot;+https://webmaster.petalsearch.com/site/petalbot)"
184.94.212.206 - - [27/Apr/2026:13:48:39 +0000] "POST /wp-cron.php?doing_wp_cron=1777297719.4409549236297607421875 HTTP/1.1" 200 - "-" "WordPress/6.9.4; https://verygreentea.com"
122.52.96.11 - - [27/Apr/2026:13:48:37 +0000] "GET /category/weight-loss-calculator/ HTTP/1.1" 200 12426 "-" "Mozilla/5.0 (Macintosh; U; PPC Mac OS X 10_8_1; rv:1.9.6.20) Gecko/4659-05-09 03:18:44.642761 Firefox/4.0"
184.94.212.206 - - [27/Apr/2026:13:49:53 +0000] "POST /wp-cron.php?doing_wp_cron=1777297793.8895990848541259765625 HTTP/1.1" 200 - "-" "WordPress/6.9.4; https://verygreentea.com"
85.208.96.204 - - [27/Apr/2026:13:49:52 +0000] "GET /robots.txt HTTP/1.1" 200 142 "-" "Mozilla/5.0 (compatible; SemrushBot/7~bl; +http://www.semrush.com/bot.html)"
185.191.171.9 - - [27/Apr/2026:13:49:54 +0000] "GET /the-best-matcha-green-tea-powder/ HTTP/1.1" 200 16344 "-" "Mozilla/5.0 (compatible; SemrushBot/7~bl; +http://www.semrush.com/bot.html)"
184.94.212.206 - - [27/Apr/2026:13:52:32 +0000] "POST /wp-cron.php?doing_wp_cron=1777297952.7272210121154785156250 HTTP/1.1" 200 - "-" "WordPress/6.9.4; https://verygreentea.com"
173.186.31.202 - - [27/Apr/2026:13:52:31 +0000] "GET /green-tea-benefits-of-weight-loss-and-more/ HTTP/1.1" 200 15927 "-" "Mozilla/5.0 (Macintosh; Intel Mac OS X 10_12_0; rv:1.9.4.20) Gecko/3144-06-28 22:51:48.052422 Firefox/10.0"
114.119.156.60 - - [27/Apr/2026:13:53:02 +0000] "GET /green-tea-extract/?noamp=mobile HTTP/1.1" 200 19330 "https://verygreentea.com/green-tea-extract?noamp=mobile" "Mozilla/5.0 (Linux; Android 7.0;) AppleWebKit/537.36 (HTML, like Gecko) Mobile Safari/537.36 (compatible; PetalBot;+https://webmaster.petalsearch.com/site/petalbot)"
184.94.212.206 - - [27/Apr/2026:13:57:33 +0000] "POST /wp-cron.php?doing_wp_cron=1777298253.5671200752258300781250 HTTP/1.1" 200 - "-" "WordPress/6.9.4; https://verygreentea.com"
44.217.24.16 - - [27/Apr/2026:13:57:31 +0000] "GET /robots.txt HTTP/1.1" 200 142 "-" "Mozilla/5.0 (Macintosh; Intel Mac OS X 10_10_1) AppleWebKit/600.2.5 (KHTML, like Gecko) Version/8.0.2 Safari/600.2.5 (Gort)"
184.94.212.206 - - [27/Apr/2026:13:58:08 +0000] "POST /wp-cron.php?doing_wp_cron=1777298288.4656701087951660156250 HTTP/1.1" 200 - "-" "WordPress/6.9.4; https://verygreentea.com"
114.119.129.24 - - [27/Apr/2026:13:58:06 +0000] "GET /green-tea-benefits-of-weight-loss-and-more?share=twitter HTTP/1.1" 302 - "https://verygreentea.com/green-tea-benefits-of-weight-loss-and-more?amp" "Mozilla/5.0 (Linux; Android 7.0;) AppleWebKit/537.36 (HTML, like Gecko) Mobile Safari/537.36 (compatible; PetalBot;+https://webmaster.petalsearch.com/site/petalbot)"
85.11.167.19 - - [27/Apr/2026:13:59:02 +0000] "GET /.env HTTP/1.1" 404 11318 "-" "python-requests/2.32.4"
85.11.167.19 - - [27/Apr/2026:13:59:04 +0000] "GET / HTTP/1.1" 403 15028 "-" "python-requests/2.32.4"
85.11.167.19 - - [27/Apr/2026:13:59:08 +0000] "GET /.env HTTP/1.1" 404 11321 "-" "python-requests/2.32.4"
85.11.167.19 - - [27/Apr/2026:13:59:09 +0000] "GET / HTTP/1.1" 403 15012 "-" "python-requests/2.32.4"
184.94.212.206 - - [27/Apr/2026:14:00:36 +0000] "POST /wp-cron.php?doing_wp_cron=1777298436.7137370109558105468750 HTTP/1.1" 200 - "-" "WordPress/6.9.4; https://verygreentea.com"
221.201.206.86 - - [27/Apr/2026:14:00:35 +0000] "GET /terms-of-use/ HTTP/1.1" 200 14722 "-" "Mozilla/5.0 (Macintosh; Intel Mac OS X 10_15_7) AppleWebKit/537.36 (KHTML, like Gecko) Chrome/140.0.0.0 Safari/537.36"
184.94.212.206 - - [27/Apr/2026:14:02:31 +0000] "POST /wp-cron.php?doing_wp_cron=1777298551.8862159252166748046875 HTTP/1.1" 200 - "-" "WordPress/6.9.4; https://verygreentea.com"
216.73.217.60 - - [27/Apr/2026:14:02:30 +0000] "GET /sitemap_index.xml HTTP/1.1" 200 341 "-" "Mozilla/5.0 AppleWebKit/537.36 (KHTML, like Gecko; compatible; ClaudeBot/1.0; +claudebot@anthropic.com)"
114.119.136.150 - - [27/Apr/2026:14:03:29 +0000] "GET /category/weight-loss/ HTTP/1.1" 200 12347 "https://verygreentea.com/tag/daily-caloric?noamp=mobile" "Mozilla/5.0 (Linux; Android 7.0;) AppleWebKit/537.36 (HTML, like Gecko) Mobile Safari/537.36 (compatible; PetalBot;+https://webmaster.petalsearch.com/site/petalbot)"
184.94.212.206 - - [27/Apr/2026:14:05:18 +0000] "POST /wp-cron.php?doing_wp_cron=1777298718.7185559272766113281250 HTTP/1.1" 200 - "-" "WordPress/6.9.4; https://verygreentea.com"
216.73.217.60 - - [27/Apr/2026:14:05:17 +0000] "GET /news-sitemap.xml HTTP/1.1" 200 311 "-" "Mozilla/5.0 AppleWebKit/537.36 (KHTML, like Gecko; compatible; ClaudeBot/1.0; +claudebot@anthropic.com)"
184.94.212.206 - - [27/Apr/2026:14:08:35 +0000] "POST /wp-cron.php?doing_wp_cron=1777298915.1084289550781250000000 HTTP/1.1" 200 - "-" "WordPress/6.9.4; https://verygreentea.com"
114.119.151.155 - - [27/Apr/2026:14:08:33 +0000] "GET /category/weight-loss-tips/page/2 HTTP/1.1" 301 - "-" "Mozilla/5.0 (Linux; Android 7.0;) AppleWebKit/537.36 (HTML, like Gecko) Mobile Safari/537.36 (compatible; PetalBot;+https://webmaster.petalsearch.com/site/petalbot)"
114.119.151.155 - - [27/Apr/2026:14:08:35 +0000] "GET /category/weight-loss-tips/page/2/ HTTP/1.1" 200 13094 "https://verygreentea.com/category/weight-loss-tips/page/2" "Mozilla/5.0 (Linux; Android 7.0;) AppleWebKit/537.36 (HTML, like Gecko) Mobile Safari/537.36 (compatible; PetalBot;+https://webmaster.petalsearch.com/site/petalbot)"
184.94.212.206 - - [27/Apr/2026:14:09:30 +0000] "POST /wp-cron.php?doing_wp_cron=1777298970.0884950160980224609375 HTTP/1.1" 200 - "-" "WordPress/6.9.4; https://verygreentea.com"
85.208.96.195 - - [27/Apr/2026:14:09:28 +0000] "GET /weighing-the-pros-and-cons-of-dieting/ HTTP/1.1" 200 17525 "-" "Mozilla/5.0 (compatible; SemrushBot/7~bl; +http://www.semrush.com/bot.html)"
114.119.141.83 - - [27/Apr/2026:14:13:41 +0000] "GET /category/weight-loss-calculator/ HTTP/1.1" 200 12426 "https://verygreentea.com/tag/daily-caloric?noamp=mobile" "Mozilla/5.0 (Linux; Android 7.0;) AppleWebKit/537.36 (HTML, like Gecko) Mobile Safari/537.36 (compatible; PetalBot;+https://webmaster.petalsearch.com/site/petalbot)"
184.94.212.206 - - [27/Apr/2026:14:16:46 +0000] "POST /wp-cron.php?doing_wp_cron=1777299406.9163780212402343750000 HTTP/1.1" 200 - "-" "WordPress/6.9.4; https://verygreentea.com"
57.141.18.76 - - [27/Apr/2026:14:16:45 +0000] "GET /great_advice_to_take_to_heart_as_you_begin_your_weight_loss_journey-jpg/ HTTP/1.1" 301 - "-" "meta-externalagent/1.1 (+https://developers.facebook.com/docs/sharing/webmasters/crawler)"
184.94.212.206 - - [27/Apr/2026:14:18:58 +0000] "POST /wp-cron.php?doing_wp_cron=1777299538.7816751003265380859375 HTTP/1.1" 200 - "-" "WordPress/6.9.4; https://verygreentea.com"
114.119.129.24 - - [27/Apr/2026:14:18:57 +0000] "GET /author/h0tn1ch3s/page/2 HTTP/1.1" 301 - "-" "Mozilla/5.0 (Linux; Android 7.0;) AppleWebKit/537.36 (HTML, like Gecko) Mobile Safari/537.36 (compatible; PetalBot;+https://webmaster.petalsearch.com/site/petalbot)"
114.119.129.24 - - [27/Apr/2026:14:18:59 +0000] "GET /author/h0tn1ch3s/page/2/ HTTP/1.1" 200 14101 "https://verygreentea.com/author/h0tn1ch3s/page/2" "Mozilla/5.0 (Linux; Android 7.0;) AppleWebKit/537.36 (HTML, like Gecko) Mobile Safari/537.36 (compatible; PetalBot;+https://webmaster.petalsearch.com/site/petalbot)"
184.94.212.206 - - [27/Apr/2026:14:20:33 +0000] "POST /wp-cron.php?doing_wp_cron=1777299633.8571128845214843750000 HTTP/1.1" 200 - "-" "WordPress/6.9.4; https://verygreentea.com"
216.73.217.60 - - [27/Apr/2026:14:20:32 +0000] "GET /robots.txt HTTP/1.1" 200 142 "-" "Mozilla/5.0 AppleWebKit/537.36 (KHTML, like Gecko; compatible; ClaudeBot/1.0; +claudebot@anthropic.com)"
216.73.217.60 - - [27/Apr/2026:14:20:33 +0000] "GET /sitemap.xml HTTP/1.1" 200 297 "-" "Mozilla/5.0 AppleWebKit/537.36 (KHTML, like Gecko; compatible; ClaudeBot/1.0; +claudebot@anthropic.com)"
69.171.231.20 - - [27/Apr/2026:14:20:36 +0000] "GET /how-to-make-green-tea/ HTTP/1.1" 200 77207 "-" "meta-webindexer/1.1 (+https://developers.facebook.com/docs/sharing/webmasters/crawler)"
85.132.117.185 - - [27/Apr/2026:14:22:30 +0000] "GET /about/ HTTP/1.1" 500 1004 "-" "Mozilla/5.0 (Windows NT 10.0; Win64; x64) AppleWebKit/537.36 (KHTML, like Gecko) Chrome/99.0.4844.84 Safari/537.36"
81.129.154.249 - - [27/Apr/2026:14:22:42 +0000] "GET /how-to-make-green-tea/ HTTP/1.1" 500 1004 "https://uk.search.yahoo.com/" "Mozilla/5.0 (Windows NT 10.0; Win64; x64) AppleWebKit/537.36 (KHTML, like Gecko) Chrome/147.0.0.0 Safari/537.36"
184.94.212.206 - - [27/Apr/2026:14:23:25 +0000] "POST /wp-cron.php?doing_wp_cron=1777299805.3719229698181152343750 HTTP/1.1" 200 - "-" "WordPress/6.9.4; https://verygreentea.com"
81.129.154.249 - - [27/Apr/2026:14:23:20 +0000] "GET /how-to-make-green-tea/ HTTP/1.1" 200 19717 "https://uk.search.yahoo.com/" "Mozilla/5.0 (Windows NT 10.0; Win64; x64) AppleWebKit/537.36 (KHTML, like Gecko) Chrome/147.0.0.0 Safari/537.36"
81.129.154.249 - - [27/Apr/2026:14:23:25 +0000] "GET /wp-content/themes/magazine-pro/style.css?ver=3.2.4 HTTP/1.1" 200 8227 "https://verygreentea.com/how-to-make-green-tea/" "Mozilla/5.0 (Windows NT 10.0; Win64; x64) AppleWebKit/537.36 (KHTML, like Gecko) Chrome/147.0.0.0 Safari/537.36"
81.129.154.249 - - [27/Apr/2026:14:23:25 +0000] "GET /wp-content/themes/magazine-pro/js/entry-date.js?ver=1.0.0 HTTP/1.1" 200 315 "https://verygreentea.com/how-to-make-green-tea/" "Mozilla/5.0 (Windows NT 10.0; Win64; x64) AppleWebKit/537.36 (KHTML, like Gecko) Chrome/147.0.0.0 Safari/537.36"
81.129.154.249 - - [27/Apr/2026:14:23:25 +0000] "GET /wp-content/themes/genesis/lib/js/menu/superfish.min.js?ver=1.7.10 HTTP/1.1" 200 1894 "https://verygreentea.com/how-to-make-green-tea/" "Mozilla/5.0 (Windows NT 10.0; Win64; x64) AppleWebKit/537.36 (KHTML, like Gecko) Chrome/147.0.0.0 Safari/537.36"
81.129.154.249 - - [27/Apr/2026:14:23:25 +0000] "GET /wp-content/themes/genesis/lib/js/menu/superfish.args.min.js?ver=3.6.2 HTTP/1.1" 200 124 "https://verygreentea.com/how-to-make-green-tea/" "Mozilla/5.0 (Windows NT 10.0; Win64; x64) AppleWebKit/537.36 (KHTML, like Gecko) Chrome/147.0.0.0 Safari/537.36"
81.129.154.249 - - [27/Apr/2026:14:23:25 +0000] "GET /wp-content/themes/genesis/lib/js/skip-links.min.js?ver=3.6.2 HTTP/1.1" 200 238 "https://verygreentea.com/how-to-make-green-tea/" "Mozilla/5.0 (Windows NT 10.0; Win64; x64) AppleWebKit/537.36 (KHTML, like Gecko) Chrome/147.0.0.0 Safari/537.36"
81.129.154.249 - - [27/Apr/2026:14:23:26 +0000] "GET /wp-content/themes/magazine-pro/js/responsive-menus.min.js?ver=3.2.4 HTTP/1.1" 200 1420 "https://verygreentea.com/how-to-make-green-tea/" "Mozilla/5.0 (Windows NT 10.0; Win64; x64) AppleWebKit/537.36 (KHTML, like Gecko) Chrome/147.0.0.0 Safari/537.36"
81.129.154.249 - - [27/Apr/2026:14:23:26 +0000] "GET /wp-content/plugins/google-site-kit/dist/assets/js/googlesitekit-consent-mode-bc2e26cfa69fcd4a8261.js HTTP/1.1" 200 25395 "https://verygreentea.com/how-to-make-green-tea/" "Mozilla/5.0 (Windows NT 10.0; Win64; x64) AppleWebKit/537.36 (KHTML, like Gecko) Chrome/147.0.0.0 Safari/537.36"
81.129.154.249 - - [27/Apr/2026:14:23:25 +0000] "GET /wp-content/uploads/2020/02/headerlogo1.png HTTP/1.1" 200 133734 "https://verygreentea.com/how-to-make-green-tea/" "Mozilla/5.0 (Windows NT 10.0; Win64; x64) AppleWebKit/537.36 (KHTML, like Gecko) Chrome/147.0.0.0 Safari/537.36"
81.129.154.249 - - [27/Apr/2026:14:23:26 +0000] "GET /wp-content/plugins/wp-consent-api/assets/js/wp-consent-api.min.js?ver=2.0.1 HTTP/1.1" 200 822 "https://verygreentea.com/how-to-make-green-tea/" "Mozilla/5.0 (Windows NT 10.0; Win64; x64) AppleWebKit/537.36 (KHTML, like Gecko) Chrome/147.0.0.0 Safari/537.36"
81.129.154.249 - - [27/Apr/2026:14:23:26 +0000] "GET /wp-includes/js/wp-emoji-release.min.js?ver=0d4e67d205c67ce570242b704e14331c HTTP/1.1" 200 5375 "https://verygreentea.com/how-to-make-green-tea/" "Mozilla/5.0 (Windows NT 10.0; Win64; x64) AppleWebKit/537.36 (KHTML, like Gecko) Chrome/147.0.0.0 Safari/537.36"
81.129.154.249 - - [27/Apr/2026:14:23:26 +0000] "GET /how-to-make-green-tea/?relatedposts=1 HTTP/1.1" 200 1274 "https://verygreentea.com/how-to-make-green-tea/" "Mozilla/5.0 (Windows NT 10.0; Win64; x64) AppleWebKit/537.36 (KHTML, like Gecko) Chrome/147.0.0.0 Safari/537.36"
114.119.135.207 - - [27/Apr/2026:14:23:55 +0000] "GET /anti-spam-policy/?share=facebook HTTP/1.1" 302 - "https://verygreentea.com/anti-spam-policy?amp" "Mozilla/5.0 (Linux; Android 7.0;) AppleWebKit/537.36 (HTML, like Gecko) Mobile Safari/537.36 (compatible; PetalBot;+https://webmaster.petalsearch.com/site/petalbot)"
184.94.212.206 - - [27/Apr/2026:14:28:58 +0000] "POST /wp-cron.php?doing_wp_cron=1777300138.1812210083007812500000 HTTP/1.1" 200 - "-" "WordPress/6.9.4; https://verygreentea.com"
144.76.32.190 - - [27/Apr/2026:14:28:56 +0000] "GET /robots.txt HTTP/1.1" 200 142 "-" "Mozilla/5.0 (compatible; SERankingBacklinksBot/1.0; +https://seranking.com/backlinks-crawler)"
144.76.32.190 - - [27/Apr/2026:14:28:58 +0000] "GET /green-tea-supplements-for-weight-loss/?amp HTTP/1.1" 200 16091 "-" "Mozilla/5.0 (compatible; SERankingBacklinksBot/1.0; +https://seranking.com/backlinks-crawler)"
144.76.32.190 - - [27/Apr/2026:14:29:03 +0000] "GET /robots.txt HTTP/1.1" 200 142 "-" "Mozilla/5.0 (compatible; SERankingBacklinksBot/1.0; +https://seranking.com/backlinks-crawler)"
144.76.32.190 - - [27/Apr/2026:14:29:04 +0000] "GET /robots.txt HTTP/1.1" 200 142 "-" "Mozilla/5.0 (compatible; SERankingBacklinksBot/1.0; +https://seranking.com/backlinks-crawler)"
144.76.32.190 - - [27/Apr/2026:14:29:05 +0000] "GET /robots.txt HTTP/1.1" 200 142 "-" "Mozilla/5.0 (compatible; SERankingBacklinksBot/1.0; +https://seranking.com/backlinks-crawler)"
144.76.32.190 - - [27/Apr/2026:14:29:06 +0000] "GET /robots.txt HTTP/1.1" 200 142 "-" "Mozilla/5.0 (compatible; SERankingBacklinksBot/1.0; +https://seranking.com/backlinks-crawler)"
144.76.32.190 - - [27/Apr/2026:14:29:08 +0000] "GET /robots.txt HTTP/1.1" 200 142 "-" "Mozilla/5.0 (compatible; SERankingBacklinksBot/1.0; +https://seranking.com/backlinks-crawler)"
144.76.32.190 - - [27/Apr/2026:14:29:09 +0000] "GET /green-tea-supplements-for-weight-loss/?amp=1 HTTP/1.1" 200 16091 "-" "Mozilla/5.0 (compatible; SERankingBacklinksBot/1.0; +https://seranking.com/backlinks-crawler)"
114.119.148.10 - - [27/Apr/2026:14:29:11 +0000] "GET /advertise-with-us/?share=facebook HTTP/1.1" 302 - "https://verygreentea.com/advertise-with-us/" "Mozilla/5.0 (Linux; Android 7.0;) AppleWebKit/537.36 (HTML, like Gecko) Mobile Safari/537.36 (compatible; PetalBot;+https://webmaster.petalsearch.com/site/petalbot)"
144.76.32.190 - - [27/Apr/2026:14:29:13 +0000] "GET /handy-tips-for-helping-you-to-lose-weight/ HTTP/1.1" 404 11341 "-" "Mozilla/5.0 (compatible; SERankingBacklinksBot/1.0; +https://seranking.com/backlinks-crawler)"
184.94.212.206 - - [27/Apr/2026:14:34:04 +0000] "POST /wp-cron.php?doing_wp_cron=1777300444.7269330024719238281250 HTTP/1.1" 200 - "-" "WordPress/6.9.4; https://verygreentea.com"
141.8.199.32 - - [27/Apr/2026:14:34:01 +0000] "GET / HTTP/1.1" 200 15028 "-" "Mozilla/5.0 (Windows NT 10.0; Win64; x64) AppleWebKit/537.37 (KHTML, like Gecko) Chrome/118.0.0.0 Safari/537.36"
184.94.212.206 - - [27/Apr/2026:14:34:22 +0000] "POST /wp-cron.php?doing_wp_cron=1777300462.6884169578552246093750 HTTP/1.1" 200 - "-" "WordPress/6.9.4; https://verygreentea.com"
114.119.141.83 - - [27/Apr/2026:14:34:21 +0000] "GET /about?share=pinterest HTTP/1.1" 302 - "https://verygreentea.com/about" "Mozilla/5.0 (Linux; Android 7.0;) AppleWebKit/537.36 (HTML, like Gecko) Mobile Safari/537.36 (compatible; PetalBot;+https://webmaster.petalsearch.com/site/petalbot)"
57.141.18.53 - - [27/Apr/2026:14:35:51 +0000] "GET /robots.txt HTTP/1.1" 200 271 "-" "facebookexternalhit/1.1 (+http://www.facebook.com/externalhit_uatext.php)"
57.141.18.46 - - [27/Apr/2026:14:36:54 +0000] "GET /how_to_successfully_lose_weight_and_meet_your_goals-jpg/ HTTP/1.1" 301 - "-" "meta-externalagent/1.1 (+https://developers.facebook.com/docs/sharing/webmasters/crawler)"
184.94.212.206 - - [27/Apr/2026:14:39:43 +0000] "POST /wp-cron.php?doing_wp_cron=1777300783.4733300209045410156250 HTTP/1.1" 200 - "-" "WordPress/6.9.4; https://verygreentea.com"
114.119.130.109 - - [27/Apr/2026:14:39:41 +0000] "GET /about/?amp HTTP/1.1" 200 15159 "https://verygreentea.com/about/?amp" "Mozilla/5.0 (Linux; Android 7.0;) AppleWebKit/537.36 (HTML, like Gecko) Mobile Safari/537.36 (compatible; PetalBot;+https://webmaster.petalsearch.com/site/petalbot)"
184.94.212.206 - - [27/Apr/2026:14:45:25 +0000] "POST /wp-cron.php?doing_wp_cron=1777301125.7775499820709228515625 HTTP/1.1" 200 - "-" "WordPress/6.9.4; https://verygreentea.com"
14.186.76.77 - - [27/Apr/2026:14:45:24 +0000] "GET /category/tea-brewing-guides/ HTTP/1.1" 200 13031 "-" "Mozilla/5.0 (Windows NT 10.0; Win64; x64) AppleWebKit/537.36 (KHTML, like Gecko) Chrome/110.0.0.0 Safari/537.36"
216.73.217.60 - - [27/Apr/2026:14:45:57 +0000] "GET /tag/losing-weight/feed/ HTTP/1.1" 200 8753 "-" "Mozilla/5.0 AppleWebKit/537.36 (KHTML, like Gecko; compatible; ClaudeBot/1.0; +claudebot@anthropic.com)"
17.241.75.9 - - [27/Apr/2026:14:47:01 +0000] "GET /wp-content/uploads/2020/02/headerlogo1.png HTTP/1.1" 200 133734 "-" "Mozilla/5.0 (Macintosh; Intel Mac OS X 10_15_7) AppleWebKit/605.1.15 (KHTML, like Gecko) Version/17.4 Safari/605.1.15 (Applebot/0.1; +http://www.apple.com/go/applebot)"
184.94.212.206 - - [27/Apr/2026:14:47:38 +0000] "POST /wp-cron.php?doing_wp_cron=1777301258.2776989936828613281250 HTTP/1.1" 200 - "-" "WordPress/6.9.4; https://verygreentea.com"
216.73.217.60 - - [27/Apr/2026:14:47:36 +0000] "GET /green-tea-benefits-of-weight-loss-and-more/ HTTP/1.1" 200 15851 "-" "Mozilla/5.0 AppleWebKit/537.36 (KHTML, like Gecko; compatible; ClaudeBot/1.0; +claudebot@anthropic.com)"
184.94.212.206 - - [27/Apr/2026:14:48:59 +0000] "POST /wp-cron.php?doing_wp_cron=1777301339.0444059371948242187500 HTTP/1.1" 200 - "-" "WordPress/6.9.4; https://verygreentea.com"
216.73.217.60 - - [27/Apr/2026:14:48:57 +0000] "GET /the-best-matcha-green-tea-powder/ HTTP/1.1" 200 16344 "-" "Mozilla/5.0 AppleWebKit/537.36 (KHTML, like Gecko; compatible; ClaudeBot/1.0; +claudebot@anthropic.com)"
216.73.217.60 - - [27/Apr/2026:14:48:58 +0000] "GET /tag/weight-loss-goals/feed/ HTTP/1.1" 200 3856 "-" "Mozilla/5.0 AppleWebKit/537.36 (KHTML, like Gecko; compatible; ClaudeBot/1.0; +claudebot@anthropic.com)"
192.144.148.122 - - [27/Apr/2026:14:54:38 +0000] "GET / HTTP/1.1" 200 15028 "http://verygreentea.com" "Mozilla/5.0 (iPhone; CPU iPhone OS 13_2_3 like Mac OS X) AppleWebKit/605.1.15 (KHTML, like Gecko) Version/13.0.3 Mobile/15E148 Safari/604.1"
184.94.212.206 - - [27/Apr/2026:15:00:36 +0000] "POST /wp-cron.php?doing_wp_cron=1777302036.4293620586395263671875 HTTP/1.1" 200 - "-" "WordPress/6.9.4; https://verygreentea.com"
85.137.48.167 - - [27/Apr/2026:15:00:34 +0000] "GET /txets.php?ARRAY=5o313737373337363633392p22687474703n5p2s5p2s38352r3133372r34382r3136375p2s646s6r652r747874222p2258222p226638613531633563383166656138353739393038393634373032363437643264225q HTTP/1.1" 404 11439 "-" "Mozilla/4.0 (compatible; MSIE 6.0; Windows NT 5.1; SV1)"
17.246.15.92 - - [27/Apr/2026:15:04:10 +0000] "GET /wp-content/uploads/2020/05/take_it_off_and_keep_it_offyour_weight_that_is.jpg HTTP/1.1" 200 92571 "-" "Mozilla/5.0 (Macintosh; Intel Mac OS X 10_15_7) AppleWebKit/605.1.15 (KHTML, like Gecko) Version/17.4 Safari/605.1.15 (Applebot/0.1; +http://www.apple.com/go/applebot)"
184.94.212.206 - - [27/Apr/2026:15:07:50 +0000] "POST /wp-cron.php?doing_wp_cron=1777302470.6629030704498291015625 HTTP/1.1" 200 - "-" "WordPress/6.9.4; https://verygreentea.com"
216.73.217.60 - - [27/Apr/2026:15:07:48 +0000] "GET /tag/fad-diets/feed/ HTTP/1.1" 200 3852 "-" "Mozilla/5.0 AppleWebKit/537.36 (KHTML, like Gecko; compatible; ClaudeBot/1.0; +claudebot@anthropic.com)"
185.191.171.17 - - [27/Apr/2026:15:08:20 +0000] "GET /robots.txt HTTP/1.1" 200 142 "-" "Mozilla/5.0 (compatible; SemrushBot/7~bl; +http://www.semrush.com/bot.html)"
85.208.96.209 - - [27/Apr/2026:15:08:21 +0000] "GET /tag/weight-loss-efforts/ HTTP/1.1" 200 11710 "-" "Mozilla/5.0 (compatible; SemrushBot/7~bl; +http://www.semrush.com/bot.html)"
17.22.237.58 - - [27/Apr/2026:15:09:03 +0000] "GET /wp-content/uploads/2020/03/top_ideas_to_help_you_lose_weight.jpg HTTP/1.1" 200 92904 "-" "Mozilla/5.0 (Macintosh; Intel Mac OS X 10_15_7) AppleWebKit/605.1.15 (KHTML, like Gecko) Version/17.4 Safari/605.1.15 (Applebot/0.1; +http://www.apple.com/go/applebot)"
184.94.212.206 - - [27/Apr/2026:15:10:45 +0000] "POST /wp-cron.php?doing_wp_cron=1777302645.2673909664154052734375 HTTP/1.1" 200 - "-" "WordPress/6.9.4; https://verygreentea.com"
44.194.139.149 - - [27/Apr/2026:15:10:43 +0000] "GET /wp-json/wp/v2/posts/24 HTTP/1.1" 200 4844 "-" "Mozilla/5.0 AppleWebKit/537.36 (KHTML, like Gecko; compatible; Amazonbot/0.1; +https://developer.amazon.com/support/amazonbot) Chrome/119.0.6045.214 Safari/537.36"
184.94.212.206 - - [27/Apr/2026:15:12:36 +0000] "POST /wp-cron.php?doing_wp_cron=1777302756.2240760326385498046875 HTTP/1.1" 200 - "-" "WordPress/6.9.4; https://verygreentea.com"
14.249.242.173 - - [27/Apr/2026:15:12:34 +0000] "GET /tag/green-tea-brewing-guide/ HTTP/1.1" 200 13023 "-" "Mozilla/5.0 (Macintosh; Intel Mac OS X 10_15_7) AppleWebKit/537.36 (KHTML, like Gecko) Chrome/133.0.0.0 Safari/537.36"
184.94.212.206 - - [27/Apr/2026:15:19:59 +0000] "POST /wp-cron.php?doing_wp_cron=1777303199.9790310859680175781250 HTTP/1.1" 200 - "-" "WordPress/6.9.4; https://verygreentea.com"
54.236.1.52 - - [27/Apr/2026:15:19:58 +0000] "GET /robots.txt HTTP/1.1" 200 142 "-" "Mozilla/5.0 (compatible; Pinterestbot/1.0; +http://www.pinterest.com/bot.html)"
209.34.103.94 - - [27/Apr/2026:15:19:58 +0000] "GET /how-to-make-green-tea/ HTTP/1.1" 200 19717 "https://www.pinterest.com/pin/431430839330542729" "Mozilla/5.0 (iPhone; CPU iPhone OS 18_7 like Mac OS X) AppleWebKit/605.1.15 (KHTML, like Gecko) Mobile/15E148 Pinterest/iOS"
209.34.103.94 - - [27/Apr/2026:15:20:00 +0000] "GET /wp-content/themes/magazine-pro/js/entry-date.js?ver=1.0.0 HTTP/1.1" 200 315 "https://verygreentea.com/how-to-make-green-tea/" "Mozilla/5.0 (iPhone; CPU iPhone OS 18_7 like Mac OS X) AppleWebKit/605.1.15 (KHTML, like Gecko) Mobile/15E148 Pinterest/iOS"
54.236.1.51 - - [27/Apr/2026:15:20:00 +0000] "GET /how-to-make-green-tea/ HTTP/1.1" 200 19717 "-" "Mozilla/5.0 (compatible; Pinterestbot/1.0; +http://www.pinterest.com/bot.html)"
209.34.103.94 - - [27/Apr/2026:15:20:00 +0000] "GET /wp-content/plugins/google-site-kit/dist/assets/js/googlesitekit-consent-mode-bc2e26cfa69fcd4a8261.js HTTP/1.1" 200 25395 "https://verygreentea.com/how-to-make-green-tea/" "Mozilla/5.0 (iPhone; CPU iPhone OS 18_7 like Mac OS X) AppleWebKit/605.1.15 (KHTML, like Gecko) Mobile/15E148 Pinterest/iOS"
209.34.103.94 - - [27/Apr/2026:15:20:00 +0000] "GET /wp-content/themes/magazine-pro/style.css?ver=3.2.4 HTTP/1.1" 200 8227 "https://verygreentea.com/how-to-make-green-tea/" "Mozilla/5.0 (iPhone; CPU iPhone OS 18_7 like Mac OS X) AppleWebKit/605.1.15 (KHTML, like Gecko) Mobile/15E148 Pinterest/iOS"
209.34.103.94 - - [27/Apr/2026:15:20:00 +0000] "GET /wp-content/themes/genesis/lib/js/menu/superfish.args.min.js?ver=3.6.2 HTTP/1.1" 200 124 "https://verygreentea.com/how-to-make-green-tea/" "Mozilla/5.0 (iPhone; CPU iPhone OS 18_7 like Mac OS X) AppleWebKit/605.1.15 (KHTML, like Gecko) Mobile/15E148 Pinterest/iOS"
209.34.103.94 - - [27/Apr/2026:15:20:00 +0000] "GET /wp-content/themes/genesis/lib/js/skip-links.min.js?ver=3.6.2 HTTP/1.1" 200 238 "https://verygreentea.com/how-to-make-green-tea/" "Mozilla/5.0 (iPhone; CPU iPhone OS 18_7 like Mac OS X) AppleWebKit/605.1.15 (KHTML, like Gecko) Mobile/15E148 Pinterest/iOS"
209.34.103.94 - - [27/Apr/2026:15:20:00 +0000] "GET /wp-content/themes/magazine-pro/js/responsive-menus.min.js?ver=3.2.4 HTTP/1.1" 200 1420 "https://verygreentea.com/how-to-make-green-tea/" "Mozilla/5.0 (iPhone; CPU iPhone OS 18_7 like Mac OS X) AppleWebKit/605.1.15 (KHTML, like Gecko) Mobile/15E148 Pinterest/iOS"
209.34.103.94 - - [27/Apr/2026:15:20:00 +0000] "GET /wp-content/themes/genesis/lib/js/menu/superfish.min.js?ver=1.7.10 HTTP/1.1" 200 1894 "https://verygreentea.com/how-to-make-green-tea/" "Mozilla/5.0 (iPhone; CPU iPhone OS 18_7 like Mac OS X) AppleWebKit/605.1.15 (KHTML, like Gecko) Mobile/15E148 Pinterest/iOS"
209.34.103.94 - - [27/Apr/2026:15:20:00 +0000] "GET /wp-content/plugins/wp-consent-api/assets/js/wp-consent-api.min.js?ver=2.0.1 HTTP/1.1" 200 822 "https://verygreentea.com/how-to-make-green-tea/" "Mozilla/5.0 (iPhone; CPU iPhone OS 18_7 like Mac OS X) AppleWebKit/605.1.15 (KHTML, like Gecko) Mobile/15E148 Pinterest/iOS"
209.34.103.94 - - [27/Apr/2026:15:20:00 +0000] "GET /wp-content/uploads/2020/02/headerlogo1.png HTTP/1.1" 200 133734 "https://verygreentea.com/how-to-make-green-tea/" "Mozilla/5.0 (iPhone; CPU iPhone OS 18_7 like Mac OS X) AppleWebKit/605.1.15 (KHTML, like Gecko) Mobile/15E148 Pinterest/iOS"
209.34.103.94 - - [27/Apr/2026:15:20:00 +0000] "GET /wp-includes/js/wp-emoji-release.min.js?ver=0d4e67d205c67ce570242b704e14331c HTTP/1.1" 200 5375 "https://verygreentea.com/how-to-make-green-tea/" "Mozilla/5.0 (iPhone; CPU iPhone OS 18_7 like Mac OS X) AppleWebKit/605.1.15 (KHTML, like Gecko) Mobile/15E148 Pinterest/iOS"
209.34.103.94 - - [27/Apr/2026:15:20:00 +0000] "GET /how-to-make-green-tea/?relatedposts=1 HTTP/1.1" 200 1274 "https://verygreentea.com/how-to-make-green-tea/" "Mozilla/5.0 (iPhone; CPU iPhone OS 18_7 like Mac OS X) AppleWebKit/605.1.15 (KHTML, like Gecko) Mobile/15E148 Pinterest/iOS"
184.94.212.206 - - [27/Apr/2026:15:23:59 +0000] "POST /wp-cron.php?doing_wp_cron=1777303439.9320609569549560546875 HTTP/1.1" 200 - "-" "WordPress/6.9.4; https://verygreentea.com"
197.17.123.34 - - [27/Apr/2026:15:23:58 +0000] "GET /tag/powder/ HTTP/1.1" 200 12389 "-" "Mozilla/5.0 (Windows NT 10.0; Win64; x64) AppleWebKit/537.36 (KHTML, like Gecko) Chrome/90.0.4430.85 Safari/537.36"
184.94.212.206 - - [27/Apr/2026:15:25:53 +0000] "POST /wp-cron.php?doing_wp_cron=1777303553.2153649330139160156250 HTTP/1.1" 200 - "-" "WordPress/6.9.4; https://verygreentea.com"
113.172.171.49 - - [27/Apr/2026:15:25:51 +0000] "GET /the-best-green-tea-for-weight-loss/?share=tumblr HTTP/1.1" 302 - "-" "Mozilla/5.0 (Windows NT 10.0; Win64; x64) AppleWebKit/537.36 (KHTML, like Gecko) Chrome/80.0.3987.163 Safari/537.36"
74.114.154.12 - - [27/Apr/2026:15:25:55 +0000] "GET /the-best-green-tea-for-weight-loss/ HTTP/1.1" 200 16354 "-" "Tumblr/14.0.835.186"
74.114.154.14 - - [27/Apr/2026:15:25:57 +0000] "HEAD /the-best-green-tea-for-weight-loss/ HTTP/1.1" 200 - "-" "-"
74.114.154.14 - - [27/Apr/2026:15:25:57 +0000] "GET /the-best-green-tea-for-weight-loss/ HTTP/1.1" 200 61108 "-" "-"
74.114.154.11 - - [27/Apr/2026:15:25:57 +0000] "GET /the-best-green-tea-for-weight-loss/ HTTP/1.1" 200 16354 "-" "Mozilla/5.0 (Windows NT 10.0; Win64; x64) AppleWebKit/537.36 (KHTML, like Gecko) Chrome/80.0.3987.163 Safari/537.36"
184.94.212.206 - - [27/Apr/2026:15:27:34 +0000] "POST /wp-cron.php?doing_wp_cron=1777303654.2217149734497070312500 HTTP/1.1" 200 - "-" "WordPress/6.9.4; https://verygreentea.com"
17.246.23.213 - - [27/Apr/2026:15:27:32 +0000] "GET /getting-plenty-of-sleep-is-essential-to-weight-loss/ HTTP/1.1" 200 17526 "-" "Mozilla/5.0 (Macintosh; Intel Mac OS X 10_15_7) AppleWebKit/605.1.15 (KHTML, like Gecko) Version/17.4 Safari/605.1.15 (Applebot/0.1; +http://www.apple.com/go/applebot)"
184.94.212.206 - - [27/Apr/2026:15:29:50 +0000] "POST /wp-cron.php?doing_wp_cron=1777303790.1039021015167236328125 HTTP/1.1" 200 - "-" "WordPress/6.9.4; https://verygreentea.com"
54.236.1.13 - - [27/Apr/2026:15:29:48 +0000] "GET / HTTP/1.1" 200 14948 "-" "Mozilla/5.0 (compatible; Pinterestbot/1.0; +http://www.pinterest.com/bot.html)"
17.246.23.166 - - [27/Apr/2026:15:33:41 +0000] "GET /wp-content/themes/magazine-pro/js/entry-date.js?ver=1.0.0 HTTP/1.1" 200 315 "https://verygreentea.com/getting-plenty-of-sleep-is-essential-to-weight-loss/" "Mozilla/5.0 (Macintosh; Intel Mac OS X 10_15_7) AppleWebKit/605.1.15 (KHTML, like Gecko) Version/17.4 Safari/605.1.15 (Applebot/0.1; +http://www.apple.com/go/applebot)"
17.246.19.222 - - [27/Apr/2026:15:33:42 +0000] "GET /wp-content/themes/genesis/lib/js/skip-links.min.js?ver=3.6.2 HTTP/1.1" 200 238 "https://verygreentea.com/getting-plenty-of-sleep-is-essential-to-weight-loss/" "Mozilla/5.0 (Macintosh; Intel Mac OS X 10_15_7) AppleWebKit/605.1.15 (KHTML, like Gecko) Version/17.4 Safari/605.1.15 (Applebot/0.1; +http://www.apple.com/go/applebot)"
17.246.19.113 - - [27/Apr/2026:15:33:44 +0000] "GET /wp-content/themes/genesis/lib/js/menu/superfish.min.js?ver=1.7.10 HTTP/1.1" 200 1894 "https://verygreentea.com/getting-plenty-of-sleep-is-essential-to-weight-loss/" "Mozilla/5.0 (Macintosh; Intel Mac OS X 10_15_7) AppleWebKit/605.1.15 (KHTML, like Gecko) Version/17.4 Safari/605.1.15 (Applebot/0.1; +http://www.apple.com/go/applebot)"
17.246.15.39 - - [27/Apr/2026:15:33:45 +0000] "GET /wp-content/themes/genesis/lib/js/menu/superfish.args.min.js?ver=3.6.2 HTTP/1.1" 200 124 "https://verygreentea.com/getting-plenty-of-sleep-is-essential-to-weight-loss/" "Mozilla/5.0 (Macintosh; Intel Mac OS X 10_15_7) AppleWebKit/605.1.15 (KHTML, like Gecko) Version/17.4 Safari/605.1.15 (Applebot/0.1; +http://www.apple.com/go/applebot)"
17.246.23.156 - - [27/Apr/2026:15:33:47 +0000] "GET /wp-content/themes/magazine-pro/style.css?ver=3.2.4 HTTP/1.1" 200 8227 "https://verygreentea.com/getting-plenty-of-sleep-is-essential-to-weight-loss/" "Mozilla/5.0 (Macintosh; Intel Mac OS X 10_15_7) AppleWebKit/605.1.15 (KHTML, like Gecko) Version/17.4 Safari/605.1.15 (Applebot/0.1; +http://www.apple.com/go/applebot)"
17.246.19.42 - - [27/Apr/2026:15:33:48 +0000] "GET /wp-content/themes/magazine-pro/js/responsive-menus.min.js?ver=3.2.4 HTTP/1.1" 200 1420 "https://verygreentea.com/getting-plenty-of-sleep-is-essential-to-weight-loss/" "Mozilla/5.0 (Macintosh; Intel Mac OS X 10_15_7) AppleWebKit/605.1.15 (KHTML, like Gecko) Version/17.4 Safari/605.1.15 (Applebot/0.1; +http://www.apple.com/go/applebot)"
17.246.15.16 - - [27/Apr/2026:15:33:50 +0000] "GET /wp-content/plugins/google-site-kit/dist/assets/js/googlesitekit-consent-mode-bc2e26cfa69fcd4a8261.js HTTP/1.1" 200 25395 "https://verygreentea.com/getting-plenty-of-sleep-is-essential-to-weight-loss/" "Mozilla/5.0 (Macintosh; Intel Mac OS X 10_15_7) AppleWebKit/605.1.15 (KHTML, like Gecko) Version/17.4 Safari/605.1.15 (Applebot/0.1; +http://www.apple.com/go/applebot)"
17.246.19.18 - - [27/Apr/2026:15:33:51 +0000] "GET /wp-content/plugins/wp-consent-api/assets/js/wp-consent-api.min.js?ver=2.0.1 HTTP/1.1" 200 822 "https://verygreentea.com/getting-plenty-of-sleep-is-essential-to-weight-loss/" "Mozilla/5.0 (Macintosh; Intel Mac OS X 10_15_7) AppleWebKit/605.1.15 (KHTML, like Gecko) Version/17.4 Safari/605.1.15 (Applebot/0.1; +http://www.apple.com/go/applebot)"
17.246.15.52 - - [27/Apr/2026:15:33:52 +0000] "GET /wp-includes/js/wp-emoji-release.min.js?ver=0d4e67d205c67ce570242b704e14331c HTTP/1.1" 200 5375 "https://verygreentea.com/getting-plenty-of-sleep-is-essential-to-weight-loss/" "Mozilla/5.0 (Macintosh; Intel Mac OS X 10_15_7) AppleWebKit/605.1.15 (KHTML, like Gecko) Version/17.4 Safari/605.1.15 (Applebot/0.1; +http://www.apple.com/go/applebot)"
184.94.212.206 - - [27/Apr/2026:15:33:55 +0000] "POST /wp-cron.php?doing_wp_cron=1777304035.3691260814666748046875 HTTP/1.1" 200 - "-" "WordPress/6.9.4; https://verygreentea.com"
17.246.15.8 - - [27/Apr/2026:15:33:53 +0000] "GET /getting-plenty-of-sleep-is-essential-to-weight-loss/?relatedposts=1 HTTP/1.1" 200 1240 "https://verygreentea.com/getting-plenty-of-sleep-is-essential-to-weight-loss/" "Mozilla/5.0 (Macintosh; Intel Mac OS X 10_15_7) AppleWebKit/605.1.15 (KHTML, like Gecko) Version/17.4 Safari/605.1.15 (Applebot/0.1; +http://www.apple.com/go/applebot)"
184.94.212.206 - - [27/Apr/2026:15:34:14 +0000] "POST /wp-cron.php?doing_wp_cron=1777304054.9653649330139160156250 HTTP/1.1" 200 - "-" "WordPress/6.9.4; https://verygreentea.com"
18.214.251.19 - - [27/Apr/2026:15:34:13 +0000] "GET /wp-json/wp/v2/tags/124 HTTP/1.1" 200 1294 "-" "Mozilla/5.0 AppleWebKit/537.36 (KHTML, like Gecko; compatible; Amazonbot/0.1; +https://developer.amazon.com/support/amazonbot) Chrome/119.0.6045.214 Safari/537.36"
17.22.253.68 - - [27/Apr/2026:15:42:17 +0000] "GET /wp-content/uploads/2020/03/lose_weight_fast_with_these_simple_tips.jpg HTTP/1.1" 200 107438 "-" "Mozilla/5.0 (Macintosh; Intel Mac OS X 10_15_7) AppleWebKit/605.1.15 (KHTML, like Gecko) Version/17.4 Safari/605.1.15 (Applebot/0.1; +http://www.apple.com/go/applebot)"
184.94.212.206 - - [27/Apr/2026:15:43:43 +0000] "POST /wp-cron.php?doing_wp_cron=1777304623.0168280601501464843750 HTTP/1.1" 200 - "-" "WordPress/6.9.4; https://verygreentea.com"
216.73.217.60 - - [27/Apr/2026:15:43:41 +0000] "GET /robots.txt HTTP/1.1" 200 142 "-" "Mozilla/5.0 AppleWebKit/537.36 (KHTML, like Gecko; compatible; ClaudeBot/1.0; +claudebot@anthropic.com)"
216.73.217.60 - - [27/Apr/2026:15:43:43 +0000] "GET /sitemap_index.xml HTTP/1.1" 200 341 "-" "Mozilla/5.0 AppleWebKit/537.36 (KHTML, like Gecko; compatible; ClaudeBot/1.0; +claudebot@anthropic.com)"
181.78.40.7 - - [27/Apr/2026:15:44:10 +0000] "GET /references/ HTTP/1.1" 200 37479 "-" "Mozilla/5.0 (compatible; MSIE 7.0; Windows CE; Trident/5.0)"
184.94.212.206 - - [27/Apr/2026:15:48:15 +0000] "POST /wp-cron.php?doing_wp_cron=1777304895.7170770168304443359375 HTTP/1.1" 200 - "-" "WordPress/6.9.4; https://verygreentea.com"
83.99.206.130 - - [27/Apr/2026:15:48:14 +0000] "GET /robots.txt HTTP/1.1" 200 142 "-" "Mozilla/5.0 (X11; Linux x86_64) AppleWebKit/537.36 (KHTML, like Gecko; GeedoShopProductFinder) Chrome/142.0.0.0 Safari/537.36"
83.99.206.215 - - [27/Apr/2026:15:48:17 +0000] "GET / HTTP/1.1" 200 15028 "-" "Mozilla/5.0 (X11; Linux x86_64) AppleWebKit/537.36 (KHTML, like Gecko; GeedoShopProductFinder) Chrome/142.0.0.0 Safari/537.36"
83.99.206.130 - - [27/Apr/2026:15:48:40 +0000] "GET /contact-us/ HTTP/1.1" 200 13324 "-" "Mozilla/5.0 (X11; Linux x86_64) AppleWebKit/537.36 (KHTML, like Gecko; GeedoShopProductFinder) Chrome/142.0.0.0 Safari/537.36"
44.198.72.127 - - [27/Apr/2026:15:48:41 +0000] "GET /robots.txt HTTP/1.1" 200 142 "-" "Mozilla/5.0 (Macintosh; Intel Mac OS X 10_10_1) AppleWebKit/600.2.5 (KHTML, like Gecko) Version/8.0.2 Safari/600.2.5 (Gort)"
184.94.212.206 - - [27/Apr/2026:15:50:27 +0000] "POST /wp-cron.php?doing_wp_cron=1777305027.4032819271087646484375 HTTP/1.1" 200 - "-" "WordPress/6.9.4; https://verygreentea.com"
83.99.206.126 - - [27/Apr/2026:15:50:25 +0000] "GET /sitemap.xml HTTP/1.1" 200 297 "-" "Mozilla/5.0 (X11; Linux x86_64) AppleWebKit/537.36 (KHTML, like Gecko; GeedoShopProductFinder) Chrome/142.0.0.0 Safari/537.36"
184.94.212.206 - - [27/Apr/2026:15:50:48 +0000] "POST /wp-cron.php?doing_wp_cron=1777305048.9198288917541503906250 HTTP/1.1" 200 - "-" "WordPress/6.9.4; https://verygreentea.com"
83.99.206.126 - - [27/Apr/2026:15:50:47 +0000] "GET /news-sitemap.xml HTTP/1.1" 200 311 "-" "Mozilla/5.0 (X11; Linux x86_64) AppleWebKit/537.36 (KHTML, like Gecko; GeedoShopProductFinder) Chrome/142.0.0.0 Safari/537.36"
83.99.206.126 - - [27/Apr/2026:15:51:09 +0000] "GET /sitemap_index.xml HTTP/1.1" 200 341 "-" "Mozilla/5.0 (X11; Linux x86_64) AppleWebKit/537.36 (KHTML, like Gecko; GeedoShopProductFinder) Chrome/142.0.0.0 Safari/537.36"
83.99.206.126 - - [27/Apr/2026:15:51:31 +0000] "GET /sitemap-1.xml HTTP/1.1" 200 1012 "-" "Mozilla/5.0 (X11; Linux x86_64) AppleWebKit/537.36 (KHTML, like Gecko; GeedoShopProductFinder) Chrome/142.0.0.0 Safari/537.36"
83.99.206.126 - - [27/Apr/2026:15:51:52 +0000] "GET /image-sitemap-1.xml HTTP/1.1" 200 2721 "-" "Mozilla/5.0 (X11; Linux x86_64) AppleWebKit/537.36 (KHTML, like Gecko; GeedoShopProductFinder) Chrome/142.0.0.0 Safari/537.36"
184.94.212.206 - - [27/Apr/2026:15:52:17 +0000] "POST /wp-cron.php?doing_wp_cron=1777305135.9801440238952636718750 HTTP/1.1" 200 - "-" "WordPress/6.9.4; https://verygreentea.com"
83.99.206.126 - - [27/Apr/2026:15:52:14 +0000] "GET /post-sitemap.xml HTTP/1.1" 200 1270 "-" "Mozilla/5.0 (X11; Linux x86_64) AppleWebKit/537.36 (KHTML, like Gecko; GeedoShopProductFinder) Chrome/142.0.0.0 Safari/537.36"
83.99.206.126 - - [27/Apr/2026:15:52:38 +0000] "GET /page-sitemap.xml HTTP/1.1" 200 595 "-" "Mozilla/5.0 (X11; Linux x86_64) AppleWebKit/537.36 (KHTML, like Gecko; GeedoShopProductFinder) Chrome/142.0.0.0 Safari/537.36"
83.99.206.126 - - [27/Apr/2026:15:53:00 +0000] "GET /category-sitemap.xml HTTP/1.1" 200 459 "-" "Mozilla/5.0 (X11; Linux x86_64) AppleWebKit/537.36 (KHTML, like Gecko; GeedoShopProductFinder) Chrome/142.0.0.0 Safari/537.36"
83.99.206.3 - - [27/Apr/2026:15:53:22 +0000] "GET /post_tag-sitemap.xml HTTP/1.1" 200 775 "-" "Mozilla/5.0 (X11; Linux x86_64) AppleWebKit/537.36 (KHTML, like Gecko; GeedoShopProductFinder) Chrome/142.0.0.0 Safari/537.36"
184.94.212.206 - - [27/Apr/2026:15:54:34 +0000] "POST /wp-cron.php?doing_wp_cron=1777305274.0904080867767333984375 HTTP/1.1" 200 - "-" "WordPress/6.9.4; https://verygreentea.com"
83.99.206.186 - - [27/Apr/2026:15:54:32 +0000] "GET /green-tea-extract/ HTTP/1.1" 200 19410 "-" "Mozilla/5.0 (X11; Linux x86_64) AppleWebKit/537.36 (KHTML, like Gecko; GeedoShopProductFinder) Chrome/142.0.0.0 Safari/537.36"
83.99.206.186 - - [27/Apr/2026:15:54:52 +0000] "GET /category/tea-brewing-guides/ HTTP/1.1" 200 13031 "-" "Mozilla/5.0 (X11; Linux x86_64) AppleWebKit/537.36 (KHTML, like Gecko; GeedoShopProductFinder) Chrome/142.0.0.0 Safari/537.36"
83.99.206.186 - - [27/Apr/2026:15:55:13 +0000] "GET /the-best-green-tea-for-weight-loss/ HTTP/1.1" 200 16354 "-" "Mozilla/5.0 (X11; Linux x86_64) AppleWebKit/537.36 (KHTML, like Gecko; GeedoShopProductFinder) Chrome/142.0.0.0 Safari/537.36"
83.99.206.186 - - [27/Apr/2026:15:55:33 +0000] "GET /tips_and_tricks_for_more_success_at_weightloss-jpg/ HTTP/1.1" 301 - "-" "Mozilla/5.0 (X11; Linux x86_64) AppleWebKit/537.36 (KHTML, like Gecko; GeedoShopProductFinder) Chrome/142.0.0.0 Safari/537.36"
83.99.206.186 - - [27/Apr/2026:15:55:34 +0000] "GET /wp-content/uploads/2020/05/tips_and_tricks_for_more_success_at_weightloss.jpg HTTP/1.1" 200 119912 "-" "Mozilla/5.0 (X11; Linux x86_64) AppleWebKit/537.36 (KHTML, like Gecko; GeedoShopProductFinder) Chrome/142.0.0.0 Safari/537.36"
83.99.206.186 - - [27/Apr/2026:15:55:52 +0000] "GET /solid-advice-for-new-moms-trying-to-lose-weight/ HTTP/1.1" 200 16349 "-" "Mozilla/5.0 (X11; Linux x86_64) AppleWebKit/537.36 (KHTML, like Gecko; GeedoShopProductFinder) Chrome/142.0.0.0 Safari/537.36"
216.73.217.60 - - [27/Apr/2026:15:56:10 +0000] "GET /tag/powder/ HTTP/1.1" 200 12311 "-" "Mozilla/5.0 AppleWebKit/537.36 (KHTML, like Gecko; compatible; ClaudeBot/1.0; +claudebot@anthropic.com)"
