184.94.212.206 - - [28/Apr/2026:08:32:08 +0000] "POST /wp-cron.php?doing_wp_cron=1777365128.2550029754638671875000 HTTP/1.1" 200 - "-" "WordPress/6.9.4; https://tophobbydrone.com"
202.76.168.161 - - [28/Apr/2026:08:32:06 +0000] "GET /sitemap-1.xml HTTP/1.1" 200 964 "-" "Mozilla/5.0 (Macintosh; Intel Mac OS X 14_4_1) AppleWebKit/537.36 (KHTML, like Gecko) Chrome/124.0.6367.207 Safari/537.36"
192.0.84.117 - - [28/Apr/2026:08:32:23 +0000] "HEAD / HTTP/1.1" 200 - "-" "jetmon/1.0 (Jetpack Site Uptime Monitor by WordPress.com)"
184.94.212.206 - - [28/Apr/2026:08:35:20 +0000] "POST /wp-cron.php?doing_wp_cron=1777365320.2477450370788574218750 HTTP/1.1" 200 - "-" "WordPress/6.9.4; https://tophobbydrone.com"
222.254.140.33 - - [28/Apr/2026:08:35:18 +0000] "GET /image-sitemap-1.xml HTTP/1.1" 200 4503 "-" "Mozilla/5.0 (Macintosh; Intel Mac OS X 12_7_2) AppleWebKit/537.36 (KHTML, like Gecko) Chrome/130.0.6723.191 Safari/537.36"
184.94.212.206 - - [28/Apr/2026:08:37:23 +0000] "POST /wp-cron.php?doing_wp_cron=1777365443.6664650440216064453125 HTTP/1.1" 200 - "-" "WordPress/6.9.4; https://tophobbydrone.com"
192.0.84.117 - - [28/Apr/2026:08:37:22 +0000] "HEAD / HTTP/1.1" 200 - "-" "jetmon/1.0 (Jetpack Site Uptime Monitor by WordPress.com)"
123.30.233.12 - - [28/Apr/2026:08:37:25 +0000] "GET /wp-login.php HTTP/1.1" 200 2778 "-" "Mozilla/5.0 (X11; Linux x86_64; rv:61.0) Gecko/20100101 Firefox/61.0"
123.30.233.12 - - [28/Apr/2026:08:37:27 +0000] "POST /wp-login.php HTTP/1.1" 401 1442 "https://tophobbydrone.com/wp-login.php" "Mozilla/5.0 (X11; Linux x86_64; rv:61.0) Gecko/20100101 Firefox/61.0"
192.0.84.117 - - [28/Apr/2026:08:42:24 +0000] "HEAD / HTTP/1.1" 200 - "-" "jetmon/1.0 (Jetpack Site Uptime Monitor by WordPress.com)"
103.165.187.135 - - [28/Apr/2026:08:42:28 +0000] "POST /wp-login.php HTTP/1.1" 200 4390 "-" "Mozilla/5.0 (Windows NT 10.0; Win64; x64) AppleWebKit/537.36 Chrome/129.0.0.0 Safari/537.36"
184.94.212.206 - - [28/Apr/2026:08:45:22 +0000] "POST /wp-cron.php?doing_wp_cron=1777365922.3582448959350585937500 HTTP/1.1" 200 - "-" "WordPress/6.9.4; https://tophobbydrone.com"
54.39.210.62 - - [28/Apr/2026:08:45:20 +0000] "GET /top_tips_and_advice_for_starting_a_new_hobby-jpg/ HTTP/1.1" 301 - "-" "Mozilla/5.0 (compatible; AhrefsBot/7.0; +http://ahrefs.com/robot/)"
91.227.37.60 - - [28/Apr/2026:08:47:23 +0000] "GET /wp-login.php HTTP/1.1" 200 4388 "-" "Mozilla/4.0 (compatible; MSIE 7.0; Windows NT 6.1; WOW64; Trident/7.0; SLCC2; .NET CLR 2.0.50727; .NET4.0C; .NET4.0E; FBViewer-6.0.4.0; .NET CLR 3.5.30729; .NET CLR 3.0.30729)"
192.0.84.117 - - [28/Apr/2026:08:47:23 +0000] "HEAD / HTTP/1.1" 200 - "-" "jetmon/1.0 (Jetpack Site Uptime Monitor by WordPress.com)"
91.227.37.60 - - [28/Apr/2026:08:47:24 +0000] "POST /wp-login.php HTTP/1.1" 200 4388 "https://tophobbydrone.com/wp-login.php" "Mozilla/4.0 (compatible; MSIE 7.0; Windows NT 6.1; WOW64; Trident/7.0; SLCC2; .NET CLR 2.0.50727; .NET4.0C; .NET4.0E; FBViewer-6.0.4.0; .NET CLR 3.5.30729; .NET CLR 3.0.30729)"
184.94.212.206 - - [28/Apr/2026:08:52:23 +0000] "POST /wp-cron.php?doing_wp_cron=1777366343.9810390472412109375000 HTTP/1.1" 200 - "-" "WordPress/6.9.4; https://tophobbydrone.com"
192.0.84.117 - - [28/Apr/2026:08:52:22 +0000] "HEAD / HTTP/1.1" 200 - "-" "jetmon/1.0 (Jetpack Site Uptime Monitor by WordPress.com)"
85.208.96.197 - - [28/Apr/2026:08:52:54 +0000] "GET /tag/hobbies-allow/?amp HTTP/1.1" 200 9873 "-" "Mozilla/5.0 (compatible; SemrushBot/7~bl; +http://www.semrush.com/bot.html)"
185.191.171.10 - - [28/Apr/2026:08:52:57 +0000] "GET /tag/hobbies-allow/ HTTP/1.1" 200 9872 "-" "Mozilla/5.0 (compatible; SemrushBot/7~bl; +http://www.semrush.com/bot.html)"
184.94.212.206 - - [28/Apr/2026:08:57:24 +0000] "POST /wp-cron.php?doing_wp_cron=1777366644.2446100711822509765625 HTTP/1.1" 200 - "-" "WordPress/6.9.4; https://tophobbydrone.com"
192.0.84.117 - - [28/Apr/2026:08:57:22 +0000] "HEAD / HTTP/1.1" 200 - "-" "jetmon/1.0 (Jetpack Site Uptime Monitor by WordPress.com)"
173.231.200.221 - - [28/Apr/2026:08:57:55 +0000] "GET /wp-login.php HTTP/1.1" 200 2779 "-" "Mozilla/5.0 (Windows NT 6.3; Trident/7.0; rv:11.0) like Gecko"
173.231.200.221 - - [28/Apr/2026:08:57:56 +0000] "POST /wp-login.php HTTP/1.1" 401 1440 "https://tophobbydrone.com/wp-login.php" "Mozilla/5.0 (Windows NT 6.3; Trident/7.0; rv:11.0) like Gecko"
184.94.212.206 - - [28/Apr/2026:09:00:59 +0000] "POST /wp-cron.php?doing_wp_cron=1777366859.4879601001739501953125 HTTP/1.1" 200 - "-" "WordPress/6.9.4; https://tophobbydrone.com"
54.39.136.227 - - [28/Apr/2026:09:00:58 +0000] "GET /learn_all_you_can_about_hobbies_here-jpg/ HTTP/1.1" 301 - "-" "Mozilla/5.0 (compatible; AhrefsBot/7.0; +http://ahrefs.com/robot/)"
114.119.145.7 - - [28/Apr/2026:09:01:51 +0000] "GET /?amp HTTP/1.1" 200 11113 "https://tophobbydrone.com/well-teach-you-all-kinds-of-things-about-hobbies-2?amp" "Mozilla/5.0 (Linux; Android 7.0;) AppleWebKit/537.36 (HTML, like Gecko) Mobile Safari/537.36 (compatible; PetalBot;+https://webmaster.petalsearch.com/site/petalbot)"
192.0.84.117 - - [28/Apr/2026:09:02:21 +0000] "HEAD / HTTP/1.1" 200 - "-" "jetmon/1.0 (Jetpack Site Uptime Monitor by WordPress.com)"
113.188.37.145 - - [28/Apr/2026:09:03:23 +0000] "GET /tag/loved-ones/?amp HTTP/1.1" 200 9865 "-" "Mozilla/5.0 (Macintosh; Intel Mac OS X 15_1_0) AppleWebKit/537.36 (KHTML, like Gecko) Chrome/131.0.6778.265 Safari/537.36"
184.94.212.206 - - [28/Apr/2026:09:07:25 +0000] "POST /wp-cron.php?doing_wp_cron=1777367245.4885230064392089843750 HTTP/1.1" 200 - "-" "WordPress/6.9.4; https://tophobbydrone.com"
192.0.84.117 - - [28/Apr/2026:09:07:24 +0000] "HEAD / HTTP/1.1" 200 - "-" "jetmon/1.0 (Jetpack Site Uptime Monitor by WordPress.com)"
103.174.152.203 - - [28/Apr/2026:09:08:27 +0000] "GET /wp-login.php HTTP/1.1" 200 4390 "-" "Mozilla/5.0 (Windows NT 6.1; Win64; x64) AppleWebKit/537.36 (KHTML, like Gecko) Chrome/64.0.3282.168 Safari/537.36 OPR/51.0.2830.40"
103.174.152.203 - - [28/Apr/2026:09:08:28 +0000] "POST /wp-login.php HTTP/1.1" 200 4390 "https://tophobbydrone.com/wp-login.php" "Mozilla/5.0 (Windows NT 6.1; Win64; x64) AppleWebKit/537.36 (KHTML, like Gecko) Chrome/64.0.3282.168 Safari/537.36 OPR/51.0.2830.40"
49.13.89.191 - - [28/Apr/2026:09:08:54 +0000] "GET /wp-login.php HTTP/1.1" 200 2777 "-" "Mozilla/5.0 (Macintosh; Intel Mac OS X 10_13_3) AppleWebKit/537.36 (KHTML, like Gecko) Chrome/66.0.3359.117 Safari/537.36"
49.13.89.191 - - [28/Apr/2026:09:08:56 +0000] "POST /wp-login.php HTTP/1.1" 401 1440 "https://tophobbydrone.com/wp-login.php" "Mozilla/5.0 (Macintosh; Intel Mac OS X 10_13_3) AppleWebKit/537.36 (KHTML, like Gecko) Chrome/66.0.3359.117 Safari/537.36"
184.94.212.206 - - [28/Apr/2026:09:10:58 +0000] "POST /wp-cron.php?doing_wp_cron=1777367458.8658010959625244140625 HTTP/1.1" 200 - "-" "WordPress/6.9.4; https://tophobbydrone.com"
66.249.92.200 - - [28/Apr/2026:09:10:57 +0000] "GET /feed/ HTTP/1.1" 200 22659 "-" "FeedFetcher-Google; (+http://www.google.com/feedfetcher.html)"
57.141.18.56 - - [28/Apr/2026:09:11:06 +0000] "GET /why_you_should_begin_enjoying_a_hobby-jpg/ HTTP/1.1" 301 - "-" "meta-externalagent/1.1 (+https://developers.facebook.com/docs/sharing/webmasters/crawler)"
192.0.84.117 - - [28/Apr/2026:09:12:23 +0000] "HEAD / HTTP/1.1" 200 - "-" "jetmon/1.0 (Jetpack Site Uptime Monitor by WordPress.com)"
104.28.163.235 - - [28/Apr/2026:09:13:22 +0000] "GET /wp-login.php HTTP/1.1" 200 4389 "-" "Mozilla/5.0 (Macintosh; Intel Mac OS X 10_15_7) AppleWebKit/605.1.15 Version/17.0 Safari/605.1.15"
104.28.163.235 - - [28/Apr/2026:09:13:24 +0000] "GET /?author=1 HTTP/1.1" 404 9322 "-" "Mozilla/5.0 (Windows NT 10.0; Win64; x64) AppleWebKit/537.36 Chrome/129.0.0.0 Safari/537.36"
104.28.163.235 - - [28/Apr/2026:09:13:25 +0000] "GET /?rest_route=/wp/v2/users HTTP/1.1" 200 2469 "-" "Mozilla/5.0 (Windows NT 10.0; Win64; rv:143.0) Gecko/20100101 Firefox/143.0"
38.7.152.34 - - [28/Apr/2026:09:13:50 +0000] "GET /wp-login.php HTTP/1.1" 200 4388 "-" "Mozilla/4.0 (compatible; MSIE 7.0; Windows NT 6.1; Trident/7.0; SLCC2; .NET CLR 2.0.50727; .NET CLR 3.5.30729; .NET CLR 3.0.30729; .NET4.0C; .NET4.0E; Tablet PC 2.0; Creative AutoUpdate v1.40.01)"
38.7.152.34 - - [28/Apr/2026:09:13:51 +0000] "POST /wp-login.php HTTP/1.1" 200 4388 "https://tophobbydrone.com/wp-login.php" "Mozilla/4.0 (compatible; MSIE 7.0; Windows NT 6.1; Trident/7.0; SLCC2; .NET CLR 2.0.50727; .NET CLR 3.5.30729; .NET CLR 3.0.30729; .NET4.0C; .NET4.0E; Tablet PC 2.0; Creative AutoUpdate v1.40.01)"
49.13.89.191 - - [28/Apr/2026:09:13:52 +0000] "GET /wp-login.php HTTP/1.1" 200 2777 "-" "Mozilla/5.0 (Windows NT 10.0; rv:60.0) Gecko/20100101 Firefox/60.0"
49.13.89.191 - - [28/Apr/2026:09:13:54 +0000] "POST /wp-login.php HTTP/1.1" 401 1442 "https://tophobbydrone.com/wp-login.php" "Mozilla/5.0 (Windows NT 10.0; rv:60.0) Gecko/20100101 Firefox/60.0"
184.94.212.206 - - [28/Apr/2026:09:16:19 +0000] "POST /wp-cron.php?doing_wp_cron=1777367779.6442389488220214843750 HTTP/1.1" 200 - "-" "WordPress/6.9.4; https://tophobbydrone.com"
51.222.168.177 - - [28/Apr/2026:09:16:17 +0000] "GET /hobby_ideas_and_tips_for_anyone_to_use-jpg-3/ HTTP/1.1" 301 - "-" "Mozilla/5.0 (compatible; AhrefsBot/7.0; +http://ahrefs.com/robot/)"
192.0.84.117 - - [28/Apr/2026:09:17:22 +0000] "HEAD / HTTP/1.1" 200 - "-" "jetmon/1.0 (Jetpack Site Uptime Monitor by WordPress.com)"
184.94.212.206 - - [28/Apr/2026:09:22:23 +0000] "POST /wp-cron.php?doing_wp_cron=1777368143.6647179126739501953125 HTTP/1.1" 200 - "-" "WordPress/6.9.4; https://tophobbydrone.com"
192.0.84.117 - - [28/Apr/2026:09:22:22 +0000] "HEAD / HTTP/1.1" 200 - "-" "jetmon/1.0 (Jetpack Site Uptime Monitor by WordPress.com)"
78.159.131.56 - - [28/Apr/2026:09:22:51 +0000] "GET / HTTP/1.1" 200 47422 "-" "Mozilla/5.0 (Windows NT 10.0; Win64; x64) AppleWebKit/537.36 (KHTML, like Gecko) Chrome/131.0.0.0 Safari/537.36"
114.119.140.13 - - [28/Apr/2026:09:23:46 +0000] "GET /tips-for-making-the-most-of-your-hobby-time-3/?share=facebook&amp HTTP/1.1" 302 - "https://tophobbydrone.com/category/best-hobby-drones/page/2/?amp" "Mozilla/5.0 (Linux; Android 7.0;) AppleWebKit/537.36 (HTML, like Gecko) Mobile Safari/537.36 (compatible; PetalBot;+https://webmaster.petalsearch.com/site/petalbot)"
65.254.225.232 - - [28/Apr/2026:09:24:10 +0000] "GET /wp-login.php HTTP/1.1" 200 2777 "-" "Mozilla/4.0 (compatible; MSIE 7.0; Windows NT 6.1; Trident/7.0; SLCC2; .NET CLR 2.0.50727; .NET CLR 3.5.30729; .NET CLR 3.0.30729; .NET4.0C; .NET4.0E; Media Center PC 6.0; InfoPath.3; BRI/2)"
65.254.225.232 - - [28/Apr/2026:09:24:12 +0000] "POST /wp-login.php HTTP/1.1" 401 1441 "https://tophobbydrone.com/wp-login.php" "Mozilla/4.0 (compatible; MSIE 7.0; Windows NT 6.1; Trident/7.0; SLCC2; .NET CLR 2.0.50727; .NET CLR 3.5.30729; .NET CLR 3.0.30729; .NET4.0C; .NET4.0E; Media Center PC 6.0; InfoPath.3; BRI/2)"
51.68.234.139 - - [28/Apr/2026:09:25:40 +0000] "GET /robots.txt HTTP/1.1" 200 273 "-" "Mozilla/5.0 (compatible; MJ12bot/v1.4.8; http://mj12bot.com/)"
51.68.234.139 - - [28/Apr/2026:09:25:43 +0000] "GET /well-teach-you-all-kinds-of-things-about-hobbies-2/?share=x HTTP/1.1" 302 - "-" "Mozilla/5.0 (compatible; MJ12bot/v1.4.8; http://mj12bot.com/)"
114.119.133.134 - - [28/Apr/2026:09:26:23 +0000] "GET /wp-content/uploads/2023/02/PowerVision-PowerEye-Drone-e1677096073165.jpg HTTP/1.1" 200 7845 "-" "Mozilla/5.0 (Linux; Android 7.0;) AppleWebKit/537.36 (HTML, like Gecko) Mobile Safari/537.36 (compatible; PetalBot;+https://webmaster.petalsearch.com/site/petalbot)"
192.0.84.117 - - [28/Apr/2026:09:27:22 +0000] "HEAD / HTTP/1.1" 200 - "-" "jetmon/1.0 (Jetpack Site Uptime Monitor by WordPress.com)"
51.222.95.229 - - [28/Apr/2026:09:28:17 +0000] "GET /hobby_ideas_and_tips_for_anyone_to_use-jpg-4/ HTTP/1.1" 301 - "-" "Mozilla/5.0 (compatible; AhrefsBot/7.0; +http://ahrefs.com/robot/)"
114.119.140.50 - - [28/Apr/2026:09:29:22 +0000] "GET /great-hobby-advice-to-help-get-you-going?share=x&amp HTTP/1.1" 302 - "https://tophobbydrone.com/great-hobby-advice-to-help-get-you-going?amp" "Mozilla/5.0 (Linux; Android 7.0;) AppleWebKit/537.36 (HTML, like Gecko) Mobile Safari/537.36 (compatible; PetalBot;+https://webmaster.petalsearch.com/site/petalbot)"
192.185.176.134 - - [28/Apr/2026:09:29:35 +0000] "GET /wp-login.php HTTP/1.1" 200 2777 "-" "Mozilla/5.0 (Windows NT 6.3; WOW64; Trident/7.0; MASMJS; rv:11.0) like Gecko"
192.185.176.134 - - [28/Apr/2026:09:29:37 +0000] "POST /wp-login.php HTTP/1.1" 401 1442 "https://tophobbydrone.com/wp-login.php" "Mozilla/5.0 (Windows NT 6.3; WOW64; Trident/7.0; MASMJS; rv:11.0) like Gecko"
184.94.212.206 - - [28/Apr/2026:09:31:28 +0000] "POST /wp-cron.php?doing_wp_cron=1777368687.9910359382629394531250 HTTP/1.1" 200 - "-" "WordPress/6.9.4; https://tophobbydrone.com"
3.20.225.20 - - [28/Apr/2026:09:31:26 +0000] "GET /robots.txt HTTP/1.1" 200 144 "-" "Mozilla/5.0 (Macintosh; Intel Mac OS X 10_15_7) AppleWebKit/537.36 (KHTML, like Gecko) Chrome/131.0.0.0 Safari/537.36; ClaudeBot/1.0; +claudebot@anthropic.com)"
3.20.225.20 - - [28/Apr/2026:09:31:28 +0000] "GET /anti-spam-policy/ HTTP/1.1" 200 11891 "-" "Mozilla/5.0 (Macintosh; Intel Mac OS X 10_15_7) AppleWebKit/537.36 (KHTML, like Gecko) Chrome/131.0.0.0 Safari/537.36; ClaudeBot/1.0; +claudebot@anthropic.com)"
3.20.225.20 - - [28/Apr/2026:09:31:29 +0000] "GET /wp-content/themes/essence-pro/style.css?ver=1.1.0 HTTP/1.1" 200 10682 "https://tophobbydrone.com/anti-spam-policy/" "Mozilla/5.0 (Macintosh; Intel Mac OS X 10_15_7) AppleWebKit/537.36 (KHTML, like Gecko) Chrome/131.0.0.0 Safari/537.36; ClaudeBot/1.0; +claudebot@anthropic.com)"
3.20.225.20 - - [28/Apr/2026:09:31:29 +0000] "GET /wp-content/themes/essence-pro/lib/gutenberg/front-end.css?ver=1.1.0 HTTP/1.1" 200 1712 "https://tophobbydrone.com/anti-spam-policy/" "Mozilla/5.0 (Macintosh; Intel Mac OS X 10_15_7) AppleWebKit/537.36 (KHTML, like Gecko) Chrome/131.0.0.0 Safari/537.36; ClaudeBot/1.0; +claudebot@anthropic.com)"
3.20.225.20 - - [28/Apr/2026:09:31:29 +0000] "GET /wp-content/plugins/simple-social-icons/css/style.css?ver=4.0.0 HTTP/1.1" 200 461 "https://tophobbydrone.com/anti-spam-policy/" "Mozilla/5.0 (Macintosh; Intel Mac OS X 10_15_7) AppleWebKit/537.36 (KHTML, like Gecko) Chrome/131.0.0.0 Safari/537.36; ClaudeBot/1.0; +claudebot@anthropic.com)"
3.20.225.20 - - [28/Apr/2026:09:31:29 +0000] "GET /wp-content/themes/genesis/lib/js/menu/superfish.min.js?ver=1.7.10 HTTP/1.1" 200 1894 "https://tophobbydrone.com/anti-spam-policy/" "Mozilla/5.0 (Macintosh; Intel Mac OS X 10_15_7) AppleWebKit/537.36 (KHTML, like Gecko) Chrome/131.0.0.0 Safari/537.36; ClaudeBot/1.0; +claudebot@anthropic.com)"
3.20.225.20 - - [28/Apr/2026:09:31:29 +0000] "GET /wp-content/themes/genesis/lib/js/menu/superfish.args.min.js?ver=3.6.2 HTTP/1.1" 200 124 "https://tophobbydrone.com/anti-spam-policy/" "Mozilla/5.0 (Macintosh; Intel Mac OS X 10_15_7) AppleWebKit/537.36 (KHTML, like Gecko) Chrome/131.0.0.0 Safari/537.36; ClaudeBot/1.0; +claudebot@anthropic.com)"
3.20.225.20 - - [28/Apr/2026:09:31:29 +0000] "GET /wp-content/themes/genesis/lib/js/skip-links.min.js?ver=3.6.2 HTTP/1.1" 200 238 "https://tophobbydrone.com/anti-spam-policy/" "Mozilla/5.0 (Macintosh; Intel Mac OS X 10_15_7) AppleWebKit/537.36 (KHTML, like Gecko) Chrome/131.0.0.0 Safari/537.36; ClaudeBot/1.0; +claudebot@anthropic.com)"
3.20.225.20 - - [28/Apr/2026:09:31:29 +0000] "GET /wp-content/themes/essence-pro/js/jquery.matchHeight.min.js?ver=1.1.0 HTTP/1.1" 200 1553 "https://tophobbydrone.com/anti-spam-policy/" "Mozilla/5.0 (Macintosh; Intel Mac OS X 10_15_7) AppleWebKit/537.36 (KHTML, like Gecko) Chrome/131.0.0.0 Safari/537.36; ClaudeBot/1.0; +claudebot@anthropic.com)"
3.20.225.20 - - [28/Apr/2026:09:31:29 +0000] "GET /wp-content/themes/essence-pro/js/global.js?ver=1.1.0 HTTP/1.1" 200 534 "https://tophobbydrone.com/anti-spam-policy/" "Mozilla/5.0 (Macintosh; Intel Mac OS X 10_15_7) AppleWebKit/537.36 (KHTML, like Gecko) Chrome/131.0.0.0 Safari/537.36; ClaudeBot/1.0; +claudebot@anthropic.com)"
3.20.225.20 - - [28/Apr/2026:09:31:29 +0000] "GET /wp-content/themes/essence-pro/js/responsive-menus.min.js?ver=1.1.0 HTTP/1.1" 200 1420 "https://tophobbydrone.com/anti-spam-policy/" "Mozilla/5.0 (Macintosh; Intel Mac OS X 10_15_7) AppleWebKit/537.36 (KHTML, like Gecko) Chrome/131.0.0.0 Safari/537.36; ClaudeBot/1.0; +claudebot@anthropic.com)"
3.20.225.20 - - [28/Apr/2026:09:31:29 +0000] "GET /wp-content/plugins/google-site-kit/dist/assets/js/googlesitekit-consent-mode-bc2e26cfa69fcd4a8261.js HTTP/1.1" 200 25395 "https://tophobbydrone.com/anti-spam-policy/" "Mozilla/5.0 (Macintosh; Intel Mac OS X 10_15_7) AppleWebKit/537.36 (KHTML, like Gecko) Chrome/131.0.0.0 Safari/537.36; ClaudeBot/1.0; +claudebot@anthropic.com)"
3.20.225.20 - - [28/Apr/2026:09:31:29 +0000] "GET /wp-content/plugins/wp-consent-api/assets/js/wp-consent-api.min.js?ver=2.0.1 HTTP/1.1" 200 822 "https://tophobbydrone.com/anti-spam-policy/" "Mozilla/5.0 (Macintosh; Intel Mac OS X 10_15_7) AppleWebKit/537.36 (KHTML, like Gecko) Chrome/131.0.0.0 Safari/537.36; ClaudeBot/1.0; +claudebot@anthropic.com)"
3.20.225.20 - - [28/Apr/2026:09:31:29 +0000] "GET /wp-content/plugins/simple-social-icons/symbol-defs.svg HTTP/1.1" 200 17203 "https://tophobbydrone.com/anti-spam-policy/" "Mozilla/5.0 (Macintosh; Intel Mac OS X 10_15_7) AppleWebKit/537.36 (KHTML, like Gecko) Chrome/131.0.0.0 Safari/537.36; ClaudeBot/1.0; +claudebot@anthropic.com)"
3.20.225.20 - - [28/Apr/2026:09:31:30 +0000] "GET /wp-content/uploads/2020/02/drone.jpg HTTP/1.1" 200 96400 "https://tophobbydrone.com/anti-spam-policy/" "Mozilla/5.0 (Macintosh; Intel Mac OS X 10_15_7) AppleWebKit/537.36 (KHTML, like Gecko) Chrome/131.0.0.0 Safari/537.36; ClaudeBot/1.0; +claudebot@anthropic.com)"
3.20.225.20 - - [28/Apr/2026:09:31:31 +0000] "GET /wp-includes/js/wp-emoji-release.min.js?ver=6.9.4 HTTP/1.1" 200 5375 "https://tophobbydrone.com/anti-spam-policy/" "Mozilla/5.0 (Macintosh; Intel Mac OS X 10_15_7) AppleWebKit/537.36 (KHTML, like Gecko) Chrome/131.0.0.0 Safari/537.36; ClaudeBot/1.0; +claudebot@anthropic.com)"
114.119.140.50 - - [28/Apr/2026:09:32:07 +0000] "GET /fly-like-a-pro-the-top-10-most-popular-hobby-drones-of-the-year-revealed/holy-stone-hs100d-3?amp HTTP/1.1" 301 - "https://tophobbydrone.com/author/thesilentwhisperer?amp" "Mozilla/5.0 (Linux; Android 7.0;) AppleWebKit/537.36 (HTML, like Gecko) Mobile Safari/537.36 (compatible; PetalBot;+https://webmaster.petalsearch.com/site/petalbot)"
114.119.140.50 - - [28/Apr/2026:09:32:08 +0000] "GET /wp-content/uploads/2023/02/Holy-Stone-HS100D-1-e1677094496963.jpg HTTP/1.1" 200 15100 "https://tophobbydrone.com/author/thesilentwhisperer?amp" "Mozilla/5.0 (Linux; Android 7.0;) AppleWebKit/537.36 (HTML, like Gecko) Mobile Safari/537.36 (compatible; PetalBot;+https://webmaster.petalsearch.com/site/petalbot)"
192.0.84.117 - - [28/Apr/2026:09:32:21 +0000] "HEAD / HTTP/1.1" 200 - "-" "jetmon/1.0 (Jetpack Site Uptime Monitor by WordPress.com)"
128.0.80.14 - - [28/Apr/2026:09:33:23 +0000] "GET /author/h0tn1ch3s/?amp HTTP/1.1" 200 25072 "-" "Mozilla/5.0 (Macintosh; U; PPC Mac OS X; fr) AppleWebKit/417.9 (KHTML, like Gecko) Safari/417.8"
114.119.140.50 - - [28/Apr/2026:09:34:49 +0000] "GET /finding-the-easiest-drone-to-fly?amp HTTP/1.1" 301 - "https://tophobbydrone.com/finding-the-easiest-drone-to-fly?amp" "Mozilla/5.0 (Linux; Android 7.0;) AppleWebKit/537.36 (HTML, like Gecko) Mobile Safari/537.36 (compatible; PetalBot;+https://webmaster.petalsearch.com/site/petalbot)"
114.119.140.50 - - [28/Apr/2026:09:34:51 +0000] "GET /finding-the-easiest-drone-to-fly/?amp HTTP/1.1" 200 13218 "https://tophobbydrone.com/finding-the-easiest-drone-to-fly?amp" "Mozilla/5.0 (Linux; Android 7.0;) AppleWebKit/537.36 (HTML, like Gecko) Mobile Safari/537.36 (compatible; PetalBot;+https://webmaster.petalsearch.com/site/petalbot)"
192.0.84.117 - - [28/Apr/2026:09:37:25 +0000] "HEAD / HTTP/1.1" 200 - "-" "jetmon/1.0 (Jetpack Site Uptime Monitor by WordPress.com)"
184.94.212.206 - - [28/Apr/2026:09:37:27 +0000] "POST /wp-cron.php?doing_wp_cron=1777369047.3120620250701904296875 HTTP/1.1" 200 - "-" "WordPress/6.9.4; https://tophobbydrone.com"
114.119.146.219 - - [28/Apr/2026:09:37:26 +0000] "GET /fly-like-a-pro-the-top-10-most-popular-hobby-drones-of-the-year-revealed/parrot-anafi-usa-3?amp HTTP/1.1" 301 - "https://tophobbydrone.com/author/thesilentwhisperer?amp" "Mozilla/5.0 (Linux; Android 7.0;) AppleWebKit/537.36 (HTML, like Gecko) Mobile Safari/537.36 (compatible; PetalBot;+https://webmaster.petalsearch.com/site/petalbot)"
114.119.146.219 - - [28/Apr/2026:09:37:27 +0000] "GET /wp-content/uploads/2023/02/Parrot-Anafi-USA-1-1-e1677096531516.jpg HTTP/1.1" 200 9842 "https://tophobbydrone.com/author/thesilentwhisperer?amp" "Mozilla/5.0 (Linux; Android 7.0;) AppleWebKit/537.36 (HTML, like Gecko) Mobile Safari/537.36 (compatible; PetalBot;+https://webmaster.petalsearch.com/site/petalbot)"
142.44.233.253 - - [28/Apr/2026:09:37:39 +0000] "GET /when_you_want_tips_on_hobbies_theyre_here-jpg/ HTTP/1.1" 301 - "-" "Mozilla/5.0 (compatible; AhrefsBot/7.0; +http://ahrefs.com/robot/)"
14.245.130.132 - - [28/Apr/2026:09:39:37 +0000] "GET /capturing-amazing-aerial-photos-and-videos/?share=facebook HTTP/1.1" 302 - "-" "Mozilla/5.0 (Windows NT 5.1; WOW64) AppleWebKit/537.36 (KHTML, like Gecko) Chrome/75.0.3770.100 ADG/11.0.2566 AOLBUILD/11.0.2566 Safari/537.36"
192.0.84.117 - - [28/Apr/2026:09:42:24 +0000] "HEAD / HTTP/1.1" 200 - "-" "jetmon/1.0 (Jetpack Site Uptime Monitor by WordPress.com)"
114.119.158.151 - - [28/Apr/2026:09:42:33 +0000] "GET /copyright-dcma-notice/?share=twitter&noamp=mobile HTTP/1.1" 302 - "https://tophobbydrone.com/copyright-dcma-notice/?share=twitter&amp" "Mozilla/5.0 (Linux; Android 7.0;) AppleWebKit/537.36 (HTML, like Gecko) Mobile Safari/537.36 (compatible; PetalBot;+https://webmaster.petalsearch.com/site/petalbot)"
114.119.155.153 - - [28/Apr/2026:09:44:57 +0000] "GET /author/h0tn1ch3s/page/2?noamp=mobile HTTP/1.1" 301 - "https://tophobbydrone.com/author/h0tn1ch3s/page/2?amp" "Mozilla/5.0 (Linux; Android 7.0;) AppleWebKit/537.36 (HTML, like Gecko) Mobile Safari/537.36 (compatible; PetalBot;+https://webmaster.petalsearch.com/site/petalbot)"
114.119.155.153 - - [28/Apr/2026:09:44:59 +0000] "GET /author/h0tn1ch3s/page/2/?noamp=mobile HTTP/1.1" 200 21487 "https://tophobbydrone.com/author/h0tn1ch3s/page/2?amp" "Mozilla/5.0 (Linux; Android 7.0;) AppleWebKit/537.36 (HTML, like Gecko) Mobile Safari/537.36 (compatible; PetalBot;+https://webmaster.petalsearch.com/site/petalbot)"
184.94.212.206 - - [28/Apr/2026:09:47:24 +0000] "POST /wp-cron.php?doing_wp_cron=1777369644.4031720161437988281250 HTTP/1.1" 200 - "-" "WordPress/6.9.4; https://tophobbydrone.com"
192.0.84.117 - - [28/Apr/2026:09:47:22 +0000] "HEAD / HTTP/1.1" 200 - "-" "jetmon/1.0 (Jetpack Site Uptime Monitor by WordPress.com)"
104.28.163.39 - - [28/Apr/2026:09:47:34 +0000] "POST /wp-login.php HTTP/1.1" 401 1438 "-" "Mozilla/5.0 (Windows NT 10.0; Win64; x64) AppleWebKit/537.36 Chrome/129.0.0.0 Safari/537.36"
114.119.158.151 - - [28/Apr/2026:09:47:39 +0000] "GET /fun-hobby-advice-for-young-and-old-alike-4/?share=facebook HTTP/1.1" 302 - "https://tophobbydrone.com/category/best-hobby-drones/page/2/?amp" "Mozilla/5.0 (Linux; Android 7.0;) AppleWebKit/537.36 (HTML, like Gecko) Mobile Safari/537.36 (compatible; PetalBot;+https://webmaster.petalsearch.com/site/petalbot)"
14.183.218.212 - - [28/Apr/2026:09:48:53 +0000] "GET /category/drone-reviews/ HTTP/1.1" 200 16574 "-" "Mozilla/5.0 (Windows NT 10.0) AppleWebKit/537.36 (KHTML, like Gecko) Chrome/75.0.3770.100 ADG/11.0.2510 AOLBUILD/11.0.2510 Safari/537.36"
184.94.212.206 - - [28/Apr/2026:09:50:16 +0000] "POST /wp-cron.php?doing_wp_cron=1777369816.1487109661102294921875 HTTP/1.1" 200 - "-" "WordPress/6.9.4; https://tophobbydrone.com"
114.119.155.153 - - [28/Apr/2026:09:50:14 +0000] "GET /finding-the-easiest-drone-to-fly/?noamp=mobile HTTP/1.1" 200 13189 "https://tophobbydrone.com/finding-the-easiest-drone-to-fly?noamp=mobile" "Mozilla/5.0 (Linux; Android 7.0;) AppleWebKit/537.36 (HTML, like Gecko) Mobile Safari/537.36 (compatible; PetalBot;+https://webmaster.petalsearch.com/site/petalbot)"
184.94.212.206 - - [28/Apr/2026:09:52:25 +0000] "POST /wp-cron.php?doing_wp_cron=1777369945.2449250221252441406250 HTTP/1.1" 200 - "-" "WordPress/6.9.4; https://tophobbydrone.com"
192.0.84.117 - - [28/Apr/2026:09:52:23 +0000] "HEAD / HTTP/1.1" 200 - "-" "jetmon/1.0 (Jetpack Site Uptime Monitor by WordPress.com)"
114.119.140.50 - - [28/Apr/2026:09:53:02 +0000] "GET /author/h0tn1ch3s/?amp HTTP/1.1" 200 25072 "https://tophobbydrone.com/author/h0tn1ch3s/page/3/?amp" "Mozilla/5.0 (Linux; Android 7.0;) AppleWebKit/537.36 (HTML, like Gecko) Mobile Safari/537.36 (compatible; PetalBot;+https://webmaster.petalsearch.com/site/petalbot)"
184.94.212.206 - - [28/Apr/2026:09:55:37 +0000] "POST /wp-cron.php?doing_wp_cron=1777370137.1590778827667236328125 HTTP/1.1" 200 - "-" "WordPress/6.9.4; https://tophobbydrone.com"
114.119.146.109 - - [28/Apr/2026:09:55:35 +0000] "GET /how-much-does-a-drone-cost?share=x&amp HTTP/1.1" 302 - "https://tophobbydrone.com/how-much-does-a-drone-cost?amp" "Mozilla/5.0 (Linux; Android 7.0;) AppleWebKit/537.36 (HTML, like Gecko) Mobile Safari/537.36 (compatible; PetalBot;+https://webmaster.petalsearch.com/site/petalbot)"
172.241.245.242 - - [28/Apr/2026:09:55:50 +0000] "GET / HTTP/1.1" 301 - "-" "Mozilla/5.0 (Windows NT 10.0; Win64; x64) AppleWebKit/537.36 (KHTML, like Gecko) Chrome/145.0.0.0 Safari/537.36"
142.44.233.38 - - [28/Apr/2026:09:57:19 +0000] "GET /when_you_want_tips_on_hobbies_theyre_here-jpg/ HTTP/1.1" 301 - "-" "Mozilla/5.0 (compatible; AhrefsBot/7.0; +http://ahrefs.com/robot/)"
192.0.84.117 - - [28/Apr/2026:09:57:22 +0000] "HEAD / HTTP/1.1" 200 - "-" "jetmon/1.0 (Jetpack Site Uptime Monitor by WordPress.com)"
195.178.110.242 - - [28/Apr/2026:09:57:38 +0000] "GET /wp-json/gravitysmtp/v1/tests/mock-data?page=gravitysmtp-settings HTTP/1.1" 404 114 "-" "Mozilla/5.0 (Windows NT 10.0; Win64; x64) AppleWebKit/537.36 (KHTML, like Gecko) Chrome/131.0.0.0 Safari/537.36"
114.119.145.7 - - [28/Apr/2026:09:58:20 +0000] "GET /well-teach-you-all-kinds-of-things-about-hobbies-2/ HTTP/1.1" 200 13899 "https://tophobbydrone.com/category/best-hobby-drones/page/2/?amp" "Mozilla/5.0 (Linux; Android 7.0;) AppleWebKit/537.36 (HTML, like Gecko) Mobile Safari/537.36 (compatible; PetalBot;+https://webmaster.petalsearch.com/site/petalbot)"
104.28.163.35 - - [28/Apr/2026:09:59:23 +0000] "POST /wp-login.php HTTP/1.1" 200 4389 "-" "Mozilla/5.0 (Macintosh; Intel Mac OS X 10_15_7) AppleWebKit/605.1.15 Version/17.0 Safari/605.1.15"
192.0.84.117 - - [28/Apr/2026:10:02:21 +0000] "HEAD / HTTP/1.1" 200 - "-" "jetmon/1.0 (Jetpack Site Uptime Monitor by WordPress.com)"
139.162.5.185 - - [28/Apr/2026:10:03:31 +0000] "GET /wp-login.php HTTP/1.1" 200 4389 "-" "Mozilla/5.0 (Windows NT 6.1; Trident/7.0; MAMD; rv:11.0) like Gecko"
139.162.5.185 - - [28/Apr/2026:10:03:33 +0000] "POST /wp-login.php HTTP/1.1" 200 4389 "https://tophobbydrone.com/wp-login.php" "Mozilla/5.0 (Windows NT 6.1; Trident/7.0; MAMD; rv:11.0) like Gecko"
51.222.168.87 - - [28/Apr/2026:10:04:37 +0000] "GET /simple_steps_to_help_you_better_understand_hobbies-jpg/ HTTP/1.1" 301 - "-" "Mozilla/5.0 (compatible; AhrefsBot/7.0; +http://ahrefs.com/robot/)"
184.94.212.206 - - [28/Apr/2026:10:07:22 +0000] "POST /wp-cron.php?doing_wp_cron=1777370842.6139950752258300781250 HTTP/1.1" 200 - "-" "WordPress/6.9.4; https://tophobbydrone.com"
192.0.84.117 - - [28/Apr/2026:10:07:21 +0000] "HEAD / HTTP/1.1" 200 - "-" "jetmon/1.0 (Jetpack Site Uptime Monitor by WordPress.com)"
137.255.12.19 - - [28/Apr/2026:10:07:29 +0000] "GET /wp-login.php HTTP/1.1" 200 4389 "-" "Mozilla/4.0 (compatible; MSIE 7.0; Windows NT 6.1; WOW64; Trident/7.0; SLCC2; .NET CLR 2.0.50727; .NET CLR 3.5.30729; .NET CLR 3.0.30729; Media Center PC 6.0; InfoPath.3; .NET4.0C; .NET4.0E)"
137.255.12.19 - - [28/Apr/2026:10:07:30 +0000] "POST /wp-login.php HTTP/1.1" 200 4389 "https://tophobbydrone.com/wp-login.php" "Mozilla/4.0 (compatible; MSIE 7.0; Windows NT 6.1; WOW64; Trident/7.0; SLCC2; .NET CLR 2.0.50727; .NET CLR 3.5.30729; .NET CLR 3.0.30729; Media Center PC 6.0; InfoPath.3; .NET4.0C; .NET4.0E)"
134.199.231.205 - - [28/Apr/2026:10:07:31 +0000] "GET / HTTP/1.1" 401 53 "-" "Mozilla/5.0 (X11; Linux x86_64; rv:142.0) Gecko/20100101 Firefox/142.0"
134.199.231.205 - - [28/Apr/2026:10:07:32 +0000] "GET /favicon.ico HTTP/1.1" 401 53 "https://webdisk.tophobbydrone.com/" "Mozilla/5.0 (X11; Linux x86_64; rv:142.0) Gecko/20100101 Firefox/142.0"
142.44.233.227 - - [28/Apr/2026:10:11:38 +0000] "GET /a_hobby_is_something_everyone_needs_to_have-jpg-2/ HTTP/1.1" 301 - "-" "Mozilla/5.0 (compatible; AhrefsBot/7.0; +http://ahrefs.com/robot/)"
192.0.84.117 - - [28/Apr/2026:10:12:26 +0000] "HEAD / HTTP/1.1" 200 - "-" "jetmon/1.0 (Jetpack Site Uptime Monitor by WordPress.com)"
167.172.79.172 - - [28/Apr/2026:10:14:14 +0000] "GET /wp-login.php HTTP/1.1" 200 4388 "-" "Mozilla/5.0 (Windows NT 6.3; WOW64; Trident/7.0; MDDCJS; rv:11.0) like Gecko"
167.172.79.172 - - [28/Apr/2026:10:14:16 +0000] "POST /wp-login.php HTTP/1.1" 200 4388 "https://tophobbydrone.com/wp-login.php" "Mozilla/5.0 (Windows NT 6.3; WOW64; Trident/7.0; MDDCJS; rv:11.0) like Gecko"
104.28.163.35 - - [28/Apr/2026:10:16:34 +0000] "POST /wp-login.php HTTP/1.1" 200 4389 "-" "Mozilla/5.0 (Macintosh; Intel Mac OS X 10_15_7) AppleWebKit/605.1.15 Version/17.0 Safari/605.1.15"
184.94.212.206 - - [28/Apr/2026:10:17:28 +0000] "POST /wp-cron.php?doing_wp_cron=1777371448.4468040466308593750000 HTTP/1.1" 200 - "-" "WordPress/6.9.4; https://tophobbydrone.com"
192.0.84.117 - - [28/Apr/2026:10:17:27 +0000] "HEAD / HTTP/1.1" 200 - "-" "jetmon/1.0 (Jetpack Site Uptime Monitor by WordPress.com)"
212.34.19.56 - - [28/Apr/2026:10:17:29 +0000] "GET /fly-like-a-pro-the-top-10-most-popular-hobby-drones-of-the-year-revealed/autel-robotics-evo-ii-7/ HTTP/1.1" 301 - "-" "Mozilla/5.0 (Windows NT 10.0; Win64; x64) AppleWebKit/537.36 (KHTML, like Gecko) Chrome/92.0.4515.107 Safari/537.36"
212.34.19.56 - - [28/Apr/2026:10:17:32 +0000] "GET /wp-content/uploads/2023/02/Autel-Robotics-EVO-II-1-4-e1677093067433.jpg HTTP/1.1" 200 11426 "-" "Mozilla/5.0 (Windows NT 10.0; Win64; x64) AppleWebKit/537.36 (KHTML, like Gecko) Chrome/92.0.4515.107 Safari/537.36"
142.44.228.144 - - [28/Apr/2026:10:18:20 +0000] "GET /seeking_knowledge_about_hobbies_you_need_to_read_this_article-jpg-2/ HTTP/1.1" 301 - "-" "Mozilla/5.0 (compatible; AhrefsBot/7.0; +http://ahrefs.com/robot/)"
184.94.212.206 - - [28/Apr/2026:10:20:25 +0000] "POST /wp-cron.php?doing_wp_cron=1777371625.7662620544433593750000 HTTP/1.1" 200 - "-" "WordPress/6.9.4; https://tophobbydrone.com"
185.191.171.12 - - [28/Apr/2026:10:20:24 +0000] "GET /robots.txt HTTP/1.1" 200 144 "-" "Mozilla/5.0 (compatible; SemrushBot/7~bl; +http://www.semrush.com/bot.html)"
185.191.171.1 - - [28/Apr/2026:10:20:26 +0000] "GET /tag/estate-sales/?amp HTTP/1.1" 200 12824 "-" "Mozilla/5.0 (compatible; SemrushBot/7~bl; +http://www.semrush.com/bot.html)"
85.208.96.203 - - [28/Apr/2026:10:20:28 +0000] "GET /tag/estate-sales/ HTTP/1.1" 200 12824 "-" "Mozilla/5.0 (compatible; SemrushBot/7~bl; +http://www.semrush.com/bot.html)"
184.94.212.206 - - [28/Apr/2026:10:22:29 +0000] "POST /wp-cron.php?doing_wp_cron=1777371749.0273299217224121093750 HTTP/1.1" 200 - "-" "WordPress/6.9.4; https://tophobbydrone.com"
192.0.84.117 - - [28/Apr/2026:10:22:27 +0000] "HEAD / HTTP/1.1" 200 - "-" "jetmon/1.0 (Jetpack Site Uptime Monitor by WordPress.com)"
54.39.203.153 - - [28/Apr/2026:10:24:13 +0000] "GET /dont_know_what_kind_of_hobby_to_take_up_read_these_tips-jpg-3/ HTTP/1.1" 301 - "-" "Mozilla/5.0 (compatible; AhrefsBot/7.0; +http://ahrefs.com/robot/)"
184.94.212.206 - - [28/Apr/2026:10:27:22 +0000] "POST /wp-cron.php?doing_wp_cron=1777372042.8192160129547119140625 HTTP/1.1" 200 - "-" "WordPress/6.9.4; https://tophobbydrone.com"
192.0.84.117 - - [28/Apr/2026:10:27:21 +0000] "HEAD / HTTP/1.1" 200 - "-" "jetmon/1.0 (Jetpack Site Uptime Monitor by WordPress.com)"
45.159.221.172 - - [28/Apr/2026:10:29:05 +0000] "GET /wp-login.php HTTP/1.1" 200 4389 "-" "Mozilla/5.0 (Macintosh; Intel Mac OS X 10_13_2) AppleWebKit/537.36 (KHTML, like Gecko) Chrome/65.0.3325.181 Safari/537.36"
45.159.221.172 - - [28/Apr/2026:10:29:07 +0000] "POST /wp-login.php HTTP/1.1" 200 4389 "https://tophobbydrone.com/wp-login.php" "Mozilla/5.0 (Macintosh; Intel Mac OS X 10_13_2) AppleWebKit/537.36 (KHTML, like Gecko) Chrome/65.0.3325.181 Safari/537.36"
54.39.6.171 - - [28/Apr/2026:10:30:12 +0000] "GET /hobbies_confusing_you_this_article_will_clear_it_up_for_you-jpg/ HTTP/1.1" 301 - "-" "Mozilla/5.0 (compatible; AhrefsBot/7.0; +http://ahrefs.com/robot/)"
184.94.212.206 - - [28/Apr/2026:10:32:30 +0000] "POST /wp-cron.php?doing_wp_cron=1777372350.0418589115142822265625 HTTP/1.1" 200 - "-" "WordPress/6.9.4; https://tophobbydrone.com"
192.0.84.117 - - [28/Apr/2026:10:32:28 +0000] "HEAD / HTTP/1.1" 200 - "-" "jetmon/1.0 (Jetpack Site Uptime Monitor by WordPress.com)"
104.28.156.137 - - [28/Apr/2026:10:32:44 +0000] "POST /wp-login.php HTTP/1.1" 200 4389 "-" "Mozilla/5.0 (Macintosh; Intel Mac OS X 10_15_7) AppleWebKit/605.1.15 Version/17.0 Safari/605.1.15"
66.249.92.201 - - [28/Apr/2026:10:34:25 +0000] "GET /feed/ HTTP/1.1" 200 22659 "-" "FeedFetcher-Google; (+http://www.google.com/feedfetcher.html)"
192.0.84.117 - - [28/Apr/2026:10:37:27 +0000] "HEAD / HTTP/1.1" 200 - "-" "jetmon/1.0 (Jetpack Site Uptime Monitor by WordPress.com)"
85.208.96.210 - - [28/Apr/2026:10:38:15 +0000] "GET /how-much-does-a-drone-cost/?amp HTTP/1.1" 200 13214 "-" "Mozilla/5.0 (compatible; SemrushBot/7~bl; +http://www.semrush.com/bot.html)"
85.208.96.200 - - [28/Apr/2026:10:38:18 +0000] "GET /how-much-does-a-drone-cost/ HTTP/1.1" 200 13190 "-" "Mozilla/5.0 (compatible; SemrushBot/7~bl; +http://www.semrush.com/bot.html)"
184.94.212.206 - - [28/Apr/2026:10:41:01 +0000] "POST /wp-cron.php?doing_wp_cron=1777372861.7881610393524169921875 HTTP/1.1" 200 - "-" "WordPress/6.9.4; https://tophobbydrone.com"
196.188.243.109 - - [28/Apr/2026:10:41:00 +0000] "GET /fly-like-a-pro-the-top-10-most-popular-hobby-drones-of-the-year-revealed/yuneec-typhoon-h-plus-3/ HTTP/1.1" 301 - "-" "Mozilla/5.0 (Macintosh; Intel Mac OS X 10_15_6) AppleWebKit/537.36 (KHTML, like Gecko) Chrome/91.0.4450.0 Safari/537.36"
196.188.243.109 - - [28/Apr/2026:10:41:02 +0000] "GET /wp-content/uploads/2023/02/Yuneec-Typhoon-H-Plus-1-1-e1677095608129.jpg HTTP/1.1" 200 8182 "-" "Mozilla/5.0 (Macintosh; Intel Mac OS X 10_15_6) AppleWebKit/537.36 (KHTML, like Gecko) Chrome/91.0.4450.0 Safari/537.36"
51.161.37.81 - - [28/Apr/2026:10:41:48 +0000] "GET /what_to_consider_when_starting_a_new_hobby-jpg/ HTTP/1.1" 301 - "-" "Mozilla/5.0 (compatible; AhrefsBot/7.0; +http://ahrefs.com/robot/)"
192.0.84.117 - - [28/Apr/2026:10:42:27 +0000] "HEAD / HTTP/1.1" 200 - "-" "jetmon/1.0 (Jetpack Site Uptime Monitor by WordPress.com)"
57.141.18.5 - - [28/Apr/2026:10:44:52 +0000] "GET /hobby_advice_and_tips_straight_from_the_pros-jpg-2/ HTTP/1.1" 301 - "-" "meta-externalagent/1.1 (+https://developers.facebook.com/docs/sharing/webmasters/crawler)"
184.94.212.206 - - [28/Apr/2026:10:46:45 +0000] "POST /wp-cron.php?doing_wp_cron=1777373205.9076929092407226562500 HTTP/1.1" 200 - "-" "WordPress/6.9.4; https://tophobbydrone.com"
54.39.0.247 - - [28/Apr/2026:10:46:44 +0000] "GET /ftc-statement/?amp HTTP/1.1" 200 11469 "-" "Mozilla/5.0 (compatible; AhrefsBot/7.0; +http://ahrefs.com/robot/)"
192.0.84.117 - - [28/Apr/2026:10:47:22 +0000] "HEAD / HTTP/1.1" 200 - "-" "jetmon/1.0 (Jetpack Site Uptime Monitor by WordPress.com)"
57.141.18.115 - - [28/Apr/2026:10:48:39 +0000] "GET /top_tips_and_advice_for_starting_a_new_hobby-jpg/ HTTP/1.1" 301 - "-" "meta-externalagent/1.1 (+https://developers.facebook.com/docs/sharing/webmasters/crawler)"
104.28.156.137 - - [28/Apr/2026:10:48:55 +0000] "POST /wp-login.php HTTP/1.1" 200 4389 "-" "Mozilla/5.0 (Macintosh; Intel Mac OS X 10_15_7) AppleWebKit/605.1.15 Version/17.0 Safari/605.1.15"
71.36.190.84 - - [28/Apr/2026:10:49:09 +0000] "GET /which-hobby-is-the-right-one-for-you/ HTTP/1.1" 200 13793 "-" "Mozilla/5.0 (Macintosh; U; PPC Mac OS X 10_10_9 rv:5.0; nr-ZA) AppleWebKit/535.28.6 (KHTML, like Gecko) Version/4.0.5 Safari/535.28.6"
184.94.212.206 - - [28/Apr/2026:10:50:38 +0000] "POST /wp-cron.php?doing_wp_cron=1777373438.2538158893585205078125 HTTP/1.1" 200 - "-" "WordPress/6.9.4; https://tophobbydrone.com"
113.179.18.1 - - [28/Apr/2026:10:50:36 +0000] "GET /tips-for-making-the-most-of-your-hobby-time-3/ HTTP/1.1" 200 13674 "-" "Mozilla/5.0 (Windows NT 6.1) AppleWebKit/537.36 (KHTML, like Gecko) Chrome/68.0.3440.84 Safari/537.36"
184.94.212.206 - - [28/Apr/2026:10:51:01 +0000] "POST /wp-cron.php?doing_wp_cron=1777373461.0842831134796142578125 HTTP/1.1" 200 - "-" "WordPress/6.9.4; https://tophobbydrone.com"
148.113.128.124 - - [28/Apr/2026:10:51:00 +0000] "GET /finding-a-build-your-own-drone-kit/?amp HTTP/1.1" 200 13033 "-" "Mozilla/5.0 (compatible; AhrefsBot/7.0; +http://ahrefs.com/robot/)"
192.0.84.117 - - [28/Apr/2026:10:52:22 +0000] "HEAD / HTTP/1.1" 200 - "-" "jetmon/1.0 (Jetpack Site Uptime Monitor by WordPress.com)"
192.0.84.117 - - [28/Apr/2026:10:57:21 +0000] "HEAD / HTTP/1.1" 200 - "-" "jetmon/1.0 (Jetpack Site Uptime Monitor by WordPress.com)"
184.94.212.206 - - [28/Apr/2026:10:59:34 +0000] "POST /wp-cron.php?doing_wp_cron=1777373974.4583919048309326171875 HTTP/1.1" 200 - "-" "WordPress/6.9.4; https://tophobbydrone.com"
20.91.220.89 - - [28/Apr/2026:10:59:33 +0000] "GET /.tmb/cloud.php HTTP/1.1" 404 9327 "-" "Mozilla/5.0 (Windows NT 10.0; Win64; x64) AppleWebKit/537.36 (KHTML, like Gecko) Chrome/120.0.0.0 Safari/537.36"
20.91.220.89 - - [28/Apr/2026:10:59:34 +0000] "GET /.well-known/ HTTP/1.1" 404 9329 "-" "Mozilla/5.0 (Windows NT 10.0; Win64; x64) AppleWebKit/537.36 (KHTML, like Gecko) Chrome/120.0.0.0 Safari/537.36"
20.91.220.89 - - [28/Apr/2026:10:59:35 +0000] "GET /.well-known/acme-challenge/index.php HTTP/1.1" 301 - "-" "Mozilla/5.0 (Windows NT 10.0; Win64; x64) AppleWebKit/537.36 (KHTML, like Gecko) Chrome/120.0.0.0 Safari/537.36"
20.91.220.89 - - [28/Apr/2026:10:59:36 +0000] "GET /.well-known/autoload_classmap.php HTTP/1.1" 404 9340 "-" "Mozilla/5.0 (Windows NT 10.0; Win64; x64) AppleWebKit/537.36 (KHTML, like Gecko) Chrome/120.0.0.0 Safari/537.36"
20.91.220.89 - - [28/Apr/2026:10:59:37 +0000] "GET /.well-known/pki-validation/ HTTP/1.1" 404 9339 "-" "Mozilla/5.0 (Windows NT 10.0; Win64; x64) AppleWebKit/537.36 (KHTML, like Gecko) Chrome/120.0.0.0 Safari/537.36"
20.91.220.89 - - [28/Apr/2026:10:59:38 +0000] "GET /.well-known/pki-validation/about.php HTTP/1.1" 404 9405 "-" "Mozilla/5.0 (Windows NT 10.0; Win64; x64) AppleWebKit/537.36 (KHTML, like Gecko) Chrome/120.0.0.0 Safari/537.36"
20.91.220.89 - - [28/Apr/2026:10:59:39 +0000] "GET //wp-2019.php HTTP/1.1" 301 - "-" "Mozilla/5.0 (Windows NT 10.0; Win64; x64) AppleWebKit/537.36 (KHTML, like Gecko) Chrome/120.0.0.0 Safari/537.36"
20.91.220.89 - - [28/Apr/2026:10:59:40 +0000] "GET //wp-content/themes/about.php HTTP/1.1" 301 - "-" "Mozilla/5.0 (Windows NT 10.0; Win64; x64) AppleWebKit/537.36 (KHTML, like Gecko) Chrome/120.0.0.0 Safari/537.36"
20.91.220.89 - - [28/Apr/2026:10:59:41 +0000] "GET /0.php HTTP/1.1" 404 9319 "-" "Mozilla/5.0 (Windows NT 10.0; Win64; x64) AppleWebKit/537.36 (KHTML, like Gecko) Chrome/120.0.0.0 Safari/537.36"
20.91.220.89 - - [28/Apr/2026:10:59:42 +0000] "GET /1.php HTTP/1.1" 404 9320 "-" "Mozilla/5.0 (Windows NT 10.0; Win64; x64) AppleWebKit/537.36 (KHTML, like Gecko) Chrome/120.0.0.0 Safari/537.36"
20.91.220.89 - - [28/Apr/2026:10:59:43 +0000] "GET /12.php HTTP/1.1" 404 9320 "-" "Mozilla/5.0 (Windows NT 10.0; Win64; x64) AppleWebKit/537.36 (KHTML, like Gecko) Chrome/120.0.0.0 Safari/537.36"
20.91.220.89 - - [28/Apr/2026:10:59:44 +0000] "GET /120f9.php HTTP/1.1" 404 9323 "-" "Mozilla/5.0 (Windows NT 10.0; Win64; x64) AppleWebKit/537.36 (KHTML, like Gecko) Chrome/120.0.0.0 Safari/537.36"
20.91.220.89 - - [28/Apr/2026:10:59:45 +0000] "GET /22.php HTTP/1.1" 404 9320 "-" "Mozilla/5.0 (Windows NT 10.0; Win64; x64) AppleWebKit/537.36 (KHTML, like Gecko) Chrome/120.0.0.0 Safari/537.36"
20.91.220.89 - - [28/Apr/2026:10:59:46 +0000] "GET /403.php HTTP/1.1" 404 9321 "-" "Mozilla/5.0 (Windows NT 10.0; Win64; x64) AppleWebKit/537.36 (KHTML, like Gecko) Chrome/120.0.0.0 Safari/537.36"
20.91.220.89 - - [28/Apr/2026:10:59:47 +0000] "GET /504.php HTTP/1.1" 404 9321 "-" "Mozilla/5.0 (Windows NT 10.0; Win64; x64) AppleWebKit/537.36 (KHTML, like Gecko) Chrome/120.0.0.0 Safari/537.36"
20.91.220.89 - - [28/Apr/2026:10:59:48 +0000] "GET /GOD.php HTTP/1.1" 404 9322 "-" "Mozilla/5.0 (Windows NT 10.0; Win64; x64) AppleWebKit/537.36 (KHTML, like Gecko) Chrome/120.0.0.0 Safari/537.36"
20.91.220.89 - - [28/Apr/2026:10:59:48 +0000] "GET /NewFile.php HTTP/1.1" 404 9325 "-" "Mozilla/5.0 (Windows NT 10.0; Win64; x64) AppleWebKit/537.36 (KHTML, like Gecko) Chrome/120.0.0.0 Safari/537.36"
20.91.220.89 - - [28/Apr/2026:10:59:49 +0000] "GET /aaa.php HTTP/1.1" 404 9320 "-" "Mozilla/5.0 (Windows NT 10.0; Win64; x64) AppleWebKit/537.36 (KHTML, like Gecko) Chrome/120.0.0.0 Safari/537.36"
20.91.220.89 - - [28/Apr/2026:10:59:50 +0000] "GET /ab.php HTTP/1.1" 404 9320 "-" "Mozilla/5.0 (Windows NT 10.0; Win64; x64) AppleWebKit/537.36 (KHTML, like Gecko) Chrome/120.0.0.0 Safari/537.36"
20.91.220.89 - - [28/Apr/2026:10:59:51 +0000] "GET /about/function.php HTTP/1.1" 404 9324 "-" "Mozilla/5.0 (Windows NT 10.0; Win64; x64) AppleWebKit/537.36 (KHTML, like Gecko) Chrome/120.0.0.0 Safari/537.36"
20.91.220.89 - - [28/Apr/2026:10:59:52 +0000] "GET /admin/function.php HTTP/1.1" 404 9324 "-" "Mozilla/5.0 (Windows NT 10.0; Win64; x64) AppleWebKit/537.36 (KHTML, like Gecko) Chrome/120.0.0.0 Safari/537.36"
20.91.220.89 - - [28/Apr/2026:10:59:53 +0000] "GET /admin/index_upload.php HTTP/1.1" 404 9328 "-" "Mozilla/5.0 (Windows NT 10.0; Win64; x64) AppleWebKit/537.36 (KHTML, like Gecko) Chrome/120.0.0.0 Safari/537.36"
20.91.220.89 - - [28/Apr/2026:10:59:54 +0000] "GET /al.php HTTP/1.1" 404 9321 "-" "Mozilla/5.0 (Windows NT 10.0; Win64; x64) AppleWebKit/537.36 (KHTML, like Gecko) Chrome/120.0.0.0 Safari/537.36"
20.91.220.89 - - [28/Apr/2026:10:59:55 +0000] "GET /alfa-rex.php HTTP/1.1" 404 9325 "-" "Mozilla/5.0 (Windows NT 10.0; Win64; x64) AppleWebKit/537.36 (KHTML, like Gecko) Chrome/120.0.0.0 Safari/537.36"
20.91.220.89 - - [28/Apr/2026:10:59:56 +0000] "GET /alfanew.PHP7 HTTP/1.1" 404 9328 "-" "Mozilla/5.0 (Windows NT 10.0; Win64; x64) AppleWebKit/537.36 (KHTML, like Gecko) Chrome/120.0.0.0 Safari/537.36"
20.91.220.89 - - [28/Apr/2026:10:59:57 +0000] "GET /alfanew.php HTTP/1.1" 404 9324 "-" "Mozilla/5.0 (Windows NT 10.0; Win64; x64) AppleWebKit/537.36 (KHTML, like Gecko) Chrome/120.0.0.0 Safari/537.36"
20.91.220.89 - - [28/Apr/2026:10:59:58 +0000] "GET /auth.php HTTP/1.1" 404 9321 "-" "Mozilla/5.0 (Windows NT 10.0; Win64; x64) AppleWebKit/537.36 (KHTML, like Gecko) Chrome/120.0.0.0 Safari/537.36"
20.91.220.89 - - [28/Apr/2026:10:59:59 +0000] "GET /b.php HTTP/1.1" 404 9318 "-" "Mozilla/5.0 (Windows NT 10.0; Win64; x64) AppleWebKit/537.36 (KHTML, like Gecko) Chrome/120.0.0.0 Safari/537.36"
20.91.220.89 - - [28/Apr/2026:11:00:00 +0000] "GET /b0.php HTTP/1.1" 404 9319 "-" "Mozilla/5.0 (Windows NT 10.0; Win64; x64) AppleWebKit/537.36 (KHTML, like Gecko) Chrome/120.0.0.0 Safari/537.36"
20.91.220.89 - - [28/Apr/2026:11:00:01 +0000] "GET /back.php HTTP/1.1" 404 9320 "-" "Mozilla/5.0 (Windows NT 10.0; Win64; x64) AppleWebKit/537.36 (KHTML, like Gecko) Chrome/120.0.0.0 Safari/537.36"
20.91.220.89 - - [28/Apr/2026:11:00:02 +0000] "GET /bala.php HTTP/1.1" 404 9321 "-" "Mozilla/5.0 (Windows NT 10.0; Win64; x64) AppleWebKit/537.36 (KHTML, like Gecko) Chrome/120.0.0.0 Safari/537.36"
20.91.220.89 - - [28/Apr/2026:11:00:04 +0000] "GET /baxa1.php HTTP/1.1" 404 9322 "-" "Mozilla/5.0 (Windows NT 10.0; Win64; x64) AppleWebKit/537.36 (KHTML, like Gecko) Chrome/120.0.0.0 Safari/537.36"
20.91.220.89 - - [28/Apr/2026:11:00:05 +0000] "GET /buy.php HTTP/1.1" 404 9321 "-" "Mozilla/5.0 (Windows NT 10.0; Win64; x64) AppleWebKit/537.36 (KHTML, like Gecko) Chrome/120.0.0.0 Safari/537.36"
20.91.220.89 - - [28/Apr/2026:11:00:07 +0000] "GET /byp.php HTTP/1.1" 404 9321 "-" "Mozilla/5.0 (Windows NT 10.0; Win64; x64) AppleWebKit/537.36 (KHTML, like Gecko) Chrome/120.0.0.0 Safari/537.36"
20.91.220.89 - - [28/Apr/2026:11:00:08 +0000] "GET /c.php HTTP/1.1" 404 9319 "-" "Mozilla/5.0 (Windows NT 10.0; Win64; x64) AppleWebKit/537.36 (KHTML, like Gecko) Chrome/120.0.0.0 Safari/537.36"
20.91.220.89 - - [28/Apr/2026:11:00:10 +0000] "GET /c99.php? HTTP/1.1" 404 9323 "-" "Mozilla/5.0 (Windows NT 10.0; Win64; x64) AppleWebKit/537.36 (KHTML, like Gecko) Chrome/120.0.0.0 Safari/537.36"
20.91.220.89 - - [28/Apr/2026:11:00:12 +0000] "GET /chosen.php HTTP/1.1" 404 9322 "-" "Mozilla/5.0 (Windows NT 10.0; Win64; x64) AppleWebKit/537.36 (KHTML, like Gecko) Chrome/120.0.0.0 Safari/537.36"
20.91.220.89 - - [28/Apr/2026:11:00:13 +0000] "GET /class-wp-lock.php HTTP/1.1" 404 9327 "-" "Mozilla/5.0 (Windows NT 10.0; Win64; x64) AppleWebKit/537.36 (KHTML, like Gecko) Chrome/120.0.0.0 Safari/537.36"
20.91.220.89 - - [28/Apr/2026:11:00:14 +0000] "GET /cong.php HTTP/1.1" 404 9321 "-" "Mozilla/5.0 (Windows NT 10.0; Win64; x64) AppleWebKit/537.36 (KHTML, like Gecko) Chrome/120.0.0.0 Safari/537.36"
184.94.212.206 - - [28/Apr/2026:11:00:17 +0000] "POST /wp-cron.php?doing_wp_cron=1777374017.0509018898010253906250 HTTP/1.1" 200 - "-" "WordPress/6.9.4; https://tophobbydrone.com"
20.91.220.89 - - [28/Apr/2026:11:00:15 +0000] "GET /content.php HTTP/1.1" 404 9321 "-" "Mozilla/5.0 (Windows NT 10.0; Win64; x64) AppleWebKit/537.36 (KHTML, like Gecko) Chrome/120.0.0.0 Safari/537.36"
20.91.220.89 - - [28/Apr/2026:11:00:17 +0000] "GET /control.php HTTP/1.1" 404 9323 "-" "Mozilla/5.0 (Windows NT 10.0; Win64; x64) AppleWebKit/537.36 (KHTML, like Gecko) Chrome/120.0.0.0 Safari/537.36"
20.91.220.89 - - [28/Apr/2026:11:00:18 +0000] "GET /cookie.php HTTP/1.1" 404 9320 "-" "Mozilla/5.0 (Windows NT 10.0; Win64; x64) AppleWebKit/537.36 (KHTML, like Gecko) Chrome/120.0.0.0 Safari/537.36"
20.91.220.89 - - [28/Apr/2026:11:00:19 +0000] "GET /credits.php HTTP/1.1" 404 9323 "-" "Mozilla/5.0 (Windows NT 10.0; Win64; x64) AppleWebKit/537.36 (KHTML, like Gecko) Chrome/120.0.0.0 Safari/537.36"
20.91.220.89 - - [28/Apr/2026:11:00:21 +0000] "GET /cron.php HTTP/1.1" 404 9321 "-" "Mozilla/5.0 (Windows NT 10.0; Win64; x64) AppleWebKit/537.36 (KHTML, like Gecko) Chrome/120.0.0.0 Safari/537.36"
20.91.220.89 - - [28/Apr/2026:11:00:23 +0000] "GET /css.php HTTP/1.1" 404 9320 "-" "Mozilla/5.0 (Windows NT 10.0; Win64; x64) AppleWebKit/537.36 (KHTML, like Gecko) Chrome/120.0.0.0 Safari/537.36"
20.91.220.89 - - [28/Apr/2026:11:00:25 +0000] "GET /css/autoload_classmap.php HTTP/1.1" 404 9331 "-" "Mozilla/5.0 (Windows NT 10.0; Win64; x64) AppleWebKit/537.36 (KHTML, like Gecko) Chrome/120.0.0.0 Safari/537.36"
20.91.220.89 - - [28/Apr/2026:11:00:26 +0000] "GET /data.php HTTP/1.1" 404 9320 "-" "Mozilla/5.0 (Windows NT 10.0; Win64; x64) AppleWebKit/537.36 (KHTML, like Gecko) Chrome/120.0.0.0 Safari/537.36"
20.91.220.89 - - [28/Apr/2026:11:00:28 +0000] "GET /disagreed.php HTTP/1.1" 404 9325 "-" "Mozilla/5.0 (Windows NT 10.0; Win64; x64) AppleWebKit/537.36 (KHTML, like Gecko) Chrome/120.0.0.0 Safari/537.36"
20.91.220.89 - - [28/Apr/2026:11:00:29 +0000] "GET /doc.php HTTP/1.1" 404 9320 "-" "Mozilla/5.0 (Windows NT 10.0; Win64; x64) AppleWebKit/537.36 (KHTML, like Gecko) Chrome/120.0.0.0 Safari/537.36"
20.91.220.89 - - [28/Apr/2026:11:00:30 +0000] "GET /dropdown.php HTTP/1.1" 404 9323 "-" "Mozilla/5.0 (Windows NT 10.0; Win64; x64) AppleWebKit/537.36 (KHTML, like Gecko) Chrome/120.0.0.0 Safari/537.36"
20.91.220.89 - - [28/Apr/2026:11:00:31 +0000] "GET /ds.php HTTP/1.1" 404 9320 "-" "Mozilla/5.0 (Windows NT 10.0; Win64; x64) AppleWebKit/537.36 (KHTML, like Gecko) Chrome/120.0.0.0 Safari/537.36"
20.91.220.89 - - [28/Apr/2026:11:00:32 +0000] "GET /ee.php HTTP/1.1" 404 9320 "-" "Mozilla/5.0 (Windows NT 10.0; Win64; x64) AppleWebKit/537.36 (KHTML, like Gecko) Chrome/120.0.0.0 Safari/537.36"
20.91.220.89 - - [28/Apr/2026:11:00:33 +0000] "GET /en.php HTTP/1.1" 404 9320 "-" "Mozilla/5.0 (Windows NT 10.0; Win64; x64) AppleWebKit/537.36 (KHTML, like Gecko) Chrome/120.0.0.0 Safari/537.36"
20.91.220.89 - - [28/Apr/2026:11:00:34 +0000] "GET /error.php HTTP/1.1" 404 9321 "-" "Mozilla/5.0 (Windows NT 10.0; Win64; x64) AppleWebKit/537.36 (KHTML, like Gecko) Chrome/120.0.0.0 Safari/537.36"
20.91.220.89 - - [28/Apr/2026:11:00:35 +0000] "GET /f35.php HTTP/1.1" 404 9321 "-" "Mozilla/5.0 (Windows NT 10.0; Win64; x64) AppleWebKit/537.36 (KHTML, like Gecko) Chrome/120.0.0.0 Safari/537.36"
20.91.220.89 - - [28/Apr/2026:11:00:36 +0000] "GET /favicon.php HTTP/1.1" 404 9323 "-" "Mozilla/5.0 (Windows NT 10.0; Win64; x64) AppleWebKit/537.36 (KHTML, like Gecko) Chrome/120.0.0.0 Safari/537.36"
104.28.166.115 - - [28/Apr/2026:11:00:37 +0000] "POST /wp-login.php HTTP/1.1" 200 4389 "-" "Mozilla/5.0 (Windows NT 10.0; Win64; rv:143.0) Gecko/20100101 Firefox/143.0"
20.91.220.89 - - [28/Apr/2026:11:00:37 +0000] "GET /feeds.php HTTP/1.1" 404 9322 "-" "Mozilla/5.0 (Windows NT 10.0; Win64; x64) AppleWebKit/537.36 (KHTML, like Gecko) Chrome/120.0.0.0 Safari/537.36"
20.91.220.89 - - [28/Apr/2026:11:00:38 +0000] "GET /files.php HTTP/1.1" 404 9322 "-" "Mozilla/5.0 (Windows NT 10.0; Win64; x64) AppleWebKit/537.36 (KHTML, like Gecko) Chrome/120.0.0.0 Safari/537.36"
20.91.220.89 - - [28/Apr/2026:11:00:40 +0000] "GET /files/autoload_classmap.php HTTP/1.1" 404 9333 "-" "Mozilla/5.0 (Windows NT 10.0; Win64; x64) AppleWebKit/537.36 (KHTML, like Gecko) Chrome/120.0.0.0 Safari/537.36"
20.91.220.89 - - [28/Apr/2026:11:00:40 +0000] "GET /flower.php HTTP/1.1" 404 9325 "-" "Mozilla/5.0 (Windows NT 10.0; Win64; x64) AppleWebKit/537.36 (KHTML, like Gecko) Chrome/120.0.0.0 Safari/537.36"
