192.0.84.117 - - [27/Apr/2026:14:52:24 +0000] "HEAD / HTTP/1.1" 200 - "-" "jetmon/1.0 (Jetpack Site Uptime Monitor by WordPress.com)"
183.134.40.82 - - [27/Apr/2026:14:53:18 +0000] "GET / HTTP/1.1" 200 11120 "-" "Mozilla/5.0 (Macintosh; Intel Mac OS X 10_11) AppleWebKit/601.1.27 (KHTML, like Gecko) Chrome/47.0.2526.106 Safari/601.1.27"
108.179.193.5 - - [27/Apr/2026:14:53:39 +0000] "GET /wp-login.php HTTP/1.1" 200 4389 "-" "Mozilla/5.0 (Windows NT 10.0) AppleWebKit/537.36 (KHTML, like Gecko) Chrome/64.0.3282.140 Safari/537.36 Edge/17.17134"
108.179.193.5 - - [27/Apr/2026:14:53:40 +0000] "POST /wp-login.php HTTP/1.1" 200 4389 "https://tophobbydrone.com/wp-login.php" "Mozilla/5.0 (Windows NT 10.0) AppleWebKit/537.36 (KHTML, like Gecko) Chrome/64.0.3282.140 Safari/537.36 Edge/17.17134"
184.94.212.206 - - [27/Apr/2026:14:56:00 +0000] "POST /wp-cron.php?doing_wp_cron=1777301760.6501228809356689453125 HTTP/1.1" 200 - "-" "WordPress/6.9.4; https://tophobbydrone.com"
216.73.216.183 - - [27/Apr/2026:14:55:59 +0000] "GET /news-sitemap.xml HTTP/1.1" 200 312 "-" "Mozilla/5.0 AppleWebKit/537.36 (KHTML, like Gecko; compatible; ClaudeBot/1.0; +claudebot@anthropic.com)"
17.22.253.95 - - [27/Apr/2026:14:56:26 +0000] "GET /robots.txt HTTP/1.1" 200 144 "-" "Mozilla/5.0 (Macintosh; Intel Mac OS X 10_15_7) AppleWebKit/605.1.15 (KHTML, like Gecko) Version/17.4 Safari/605.1.15 (Applebot/0.1; +http://www.apple.com/go/applebot)"
17.22.253.95 - - [27/Apr/2026:14:56:28 +0000] "GET /wp-content/uploads/2023/02/DJI-Mavic-Air-2-scaled-e1676997371570.jpg HTTP/1.1" 200 22293 "-" "Mozilla/5.0 (Macintosh; Intel Mac OS X 10_15_7) AppleWebKit/605.1.15 (KHTML, like Gecko) Version/17.4 Safari/605.1.15 (Applebot/0.1; +http://www.apple.com/go/applebot)"
17.22.245.215 - - [27/Apr/2026:14:56:37 +0000] "GET /wp-content/uploads/2023/02/Autel-Robotics-EVO-II-e1677092971720.jpg HTTP/1.1" 200 8441 "-" "Mozilla/5.0 (Macintosh; Intel Mac OS X 10_15_7) AppleWebKit/605.1.15 (KHTML, like Gecko) Version/17.4 Safari/605.1.15 (Applebot/0.1; +http://www.apple.com/go/applebot)"
17.241.75.48 - - [27/Apr/2026:14:56:46 +0000] "GET /wp-content/uploads/2020/02/headerlogo1.png HTTP/1.1" 200 44761 "-" "Mozilla/5.0 (Macintosh; Intel Mac OS X 10_15_7) AppleWebKit/605.1.15 (KHTML, like Gecko) Version/17.4 Safari/605.1.15 (Applebot/0.1; +http://www.apple.com/go/applebot)"
192.0.84.117 - - [27/Apr/2026:14:58:01 +0000] "HEAD / HTTP/1.1" 200 - "-" "jetmon/1.0 (Jetpack Site Uptime Monitor by WordPress.com)"
216.73.216.183 - - [27/Apr/2026:15:00:03 +0000] "GET /ftc-statement/ HTTP/1.1" 200 11492 "-" "Mozilla/5.0 AppleWebKit/537.36 (KHTML, like Gecko; compatible; ClaudeBot/1.0; +claudebot@anthropic.com)"
17.241.219.238 - - [27/Apr/2026:15:02:07 +0000] "GET /wp-content/uploads/2020/05/fun_hobby_advice_for_young_and_old_alike.jpg HTTP/1.1" 200 57554 "-" "Mozilla/5.0 (Macintosh; Intel Mac OS X 10_15_7) AppleWebKit/605.1.15 (KHTML, like Gecko) Version/17.4 Safari/605.1.15 (Applebot/0.1; +http://www.apple.com/go/applebot)"
184.94.212.206 - - [27/Apr/2026:15:02:27 +0000] "POST /wp-cron.php?doing_wp_cron=1777302147.9511899948120117187500 HTTP/1.1" 200 - "-" "WordPress/6.9.4; https://tophobbydrone.com"
192.0.84.117 - - [27/Apr/2026:15:02:26 +0000] "HEAD / HTTP/1.1" 200 - "-" "jetmon/1.0 (Jetpack Site Uptime Monitor by WordPress.com)"
184.94.212.206 - - [27/Apr/2026:15:04:41 +0000] "POST /wp-cron.php?doing_wp_cron=1777302281.2659189701080322265625 HTTP/1.1" 200 - "-" "WordPress/6.9.4; https://tophobbydrone.com"
50.6.229.148 - - [27/Apr/2026:15:04:39 +0000] "GET /wp-login.php HTTP/1.1" 200 2778 "-" "Mozilla/5.0 (Windows NT 6.1; Win64; x64) AppleWebKit/537.36 (KHTML, like Gecko) Chrome/67.0.3396.79 Safari/537.36"
50.6.229.148 - - [27/Apr/2026:15:04:41 +0000] "POST /wp-login.php HTTP/1.1" 401 1441 "https://tophobbydrone.com/wp-login.php" "Mozilla/5.0 (Windows NT 6.1; Win64; x64) AppleWebKit/537.36 (KHTML, like Gecko) Chrome/67.0.3396.79 Safari/537.36"
216.73.216.183 - - [27/Apr/2026:15:04:57 +0000] "GET /capturing-amazing-aerial-photos-and-videos/feed/ HTTP/1.1" 200 449 "-" "Mozilla/5.0 AppleWebKit/537.36 (KHTML, like Gecko; compatible; ClaudeBot/1.0; +claudebot@anthropic.com)"
184.94.212.206 - - [27/Apr/2026:15:07:25 +0000] "POST /wp-cron.php?doing_wp_cron=1777302445.1776139736175537109375 HTTP/1.1" 200 - "-" "WordPress/6.9.4; https://tophobbydrone.com"
192.0.84.117 - - [27/Apr/2026:15:07:23 +0000] "HEAD / HTTP/1.1" 200 - "-" "jetmon/1.0 (Jetpack Site Uptime Monitor by WordPress.com)"
184.94.212.206 - - [27/Apr/2026:15:10:29 +0000] "POST /wp-cron.php?doing_wp_cron=1777302629.7927119731903076171875 HTTP/1.1" 200 - "-" "WordPress/6.9.4; https://tophobbydrone.com"
57.141.18.58 - - [27/Apr/2026:15:10:28 +0000] "GET /what_you_need_to_know_about_hobbies-jpg/ HTTP/1.1" 301 - "-" "meta-externalagent/1.1 (+https://developers.facebook.com/docs/sharing/webmasters/crawler)"
109.228.50.118 - - [27/Apr/2026:15:10:55 +0000] "GET /wp-login.php HTTP/1.1" 200 2778 "-" "Mozilla/5.0+(Windows+NT+6.3;+WOW64;+Trident/7.0;+rv:11.0)+like+Gecko"
109.228.50.118 - - [27/Apr/2026:15:10:57 +0000] "POST /wp-login.php HTTP/1.1" 401 1440 "https://tophobbydrone.com/wp-login.php" "Mozilla/5.0+(Windows+NT+6.3;+WOW64;+Trident/7.0;+rv:11.0)+like+Gecko"
17.241.75.110 - - [27/Apr/2026:15:12:05 +0000] "GET /wp-content/uploads/2020/05/why_you_should_begin_enjoying_a_hobby.jpg HTTP/1.1" 200 45000 "-" "Mozilla/5.0 (Macintosh; Intel Mac OS X 10_15_7) AppleWebKit/605.1.15 (KHTML, like Gecko) Version/17.4 Safari/605.1.15 (Applebot/0.1; +http://www.apple.com/go/applebot)"
17.22.245.149 - - [27/Apr/2026:15:12:14 +0000] "GET /wp-content/uploads/2020/06/thinking_of_starting_a_hobby_read_on.jpg HTTP/1.1" 200 25157 "-" "Mozilla/5.0 (Macintosh; Intel Mac OS X 10_15_7) AppleWebKit/605.1.15 (KHTML, like Gecko) Version/17.4 Safari/605.1.15 (Applebot/0.1; +http://www.apple.com/go/applebot)"
192.0.84.117 - - [27/Apr/2026:15:12:24 +0000] "HEAD / HTTP/1.1" 200 - "-" "jetmon/1.0 (Jetpack Site Uptime Monitor by WordPress.com)"
17.22.253.69 - - [27/Apr/2026:15:13:04 +0000] "GET /wp-content/uploads/2023/02/DJI-Phantom-4-Pro-V2.0-1-3-e1677092463806.jpg HTTP/1.1" 200 6782 "-" "Mozilla/5.0 (Macintosh; Intel Mac OS X 10_15_7) AppleWebKit/605.1.15 (KHTML, like Gecko) Version/17.4 Safari/605.1.15 (Applebot/0.1; +http://www.apple.com/go/applebot)"
184.94.212.206 - - [27/Apr/2026:15:17:25 +0000] "POST /wp-cron.php?doing_wp_cron=1777303045.4046339988708496093750 HTTP/1.1" 200 - "-" "WordPress/6.9.4; https://tophobbydrone.com"
192.0.84.117 - - [27/Apr/2026:15:17:23 +0000] "HEAD / HTTP/1.1" 200 - "-" "jetmon/1.0 (Jetpack Site Uptime Monitor by WordPress.com)"
184.94.212.206 - - [27/Apr/2026:15:20:39 +0000] "POST /wp-cron.php?doing_wp_cron=1777303239.3097250461578369140625 HTTP/1.1" 200 - "-" "WordPress/6.9.4; https://tophobbydrone.com"
123.56.254.91 - - [27/Apr/2026:15:20:37 +0000] "HEAD / HTTP/1.1" 200 - "-" "Mozilla/5.0 (Windows NT 10.0; Win64; x64) AppleWebKit/537.36 (KHTML, like Gecko) Chrome/91.0.4472.124 Safari/537.36"
168.144.127.44 - - [27/Apr/2026:15:21:27 +0000] "GET / HTTP/1.1" 401 53 "-" "Mozilla/5.0 (X11; Linux x86_64; rv:142.0) Gecko/20100101 Firefox/142.0"
168.144.127.44 - - [27/Apr/2026:15:21:34 +0000] "GET /favicon.ico HTTP/1.1" 401 53 "https://cpcontacts.tophobbydrone.com/" "Mozilla/5.0 (X11; Linux x86_64; rv:142.0) Gecko/20100101 Firefox/142.0"
184.94.212.206 - - [27/Apr/2026:15:22:25 +0000] "POST /wp-cron.php?doing_wp_cron=1777303345.5278620719909667968750 HTTP/1.1" 200 - "-" "WordPress/6.9.4; https://tophobbydrone.com"
192.0.84.117 - - [27/Apr/2026:15:22:24 +0000] "HEAD / HTTP/1.1" 200 - "-" "jetmon/1.0 (Jetpack Site Uptime Monitor by WordPress.com)"
184.94.212.206 - - [27/Apr/2026:15:27:25 +0000] "POST /wp-cron.php?doing_wp_cron=1777303645.1915841102600097656250 HTTP/1.1" 200 - "-" "WordPress/6.9.4; https://tophobbydrone.com"
192.0.84.117 - - [27/Apr/2026:15:27:23 +0000] "HEAD / HTTP/1.1" 200 - "-" "jetmon/1.0 (Jetpack Site Uptime Monitor by WordPress.com)"
74.7.244.56 - - [27/Apr/2026:15:30:04 +0000] "GET /robots.txt HTTP/1.1" 200 144 "-" "Mozilla/5.0 (Macintosh; Intel Mac OS X 10_15_7) AppleWebKit/537.36 (KHTML, like Gecko) Chrome/131.0.0.0 Safari/537.36; compatible; OAI-SearchBot/1.3; robots.txt; +https://openai.com/searchbot"
184.94.212.206 - - [27/Apr/2026:15:32:25 +0000] "POST /wp-cron.php?doing_wp_cron=1777303945.6105151176452636718750 HTTP/1.1" 200 - "-" "WordPress/6.9.4; https://tophobbydrone.com"
192.0.84.117 - - [27/Apr/2026:15:32:24 +0000] "HEAD / HTTP/1.1" 200 - "-" "jetmon/1.0 (Jetpack Site Uptime Monitor by WordPress.com)"
103.255.134.61 - - [27/Apr/2026:15:35:14 +0000] "GET /wp-login.php HTTP/1.1" 200 4390 "-" "Mozilla/5.0 (Windows NT 6.1; WOW64; Trident/7.0; ASJB; ASJB; MAAU; rv:11.0) like Gecko"
103.255.134.61 - - [27/Apr/2026:15:35:16 +0000] "POST /wp-login.php HTTP/1.1" 200 4390 "https://tophobbydrone.com/wp-login.php" "Mozilla/5.0 (Windows NT 6.1; WOW64; Trident/7.0; ASJB; ASJB; MAAU; rv:11.0) like Gecko"
184.94.212.206 - - [27/Apr/2026:15:37:25 +0000] "POST /wp-cron.php?doing_wp_cron=1777304245.0877881050109863281250 HTTP/1.1" 200 - "-" "WordPress/6.9.4; https://tophobbydrone.com"
192.0.84.117 - - [27/Apr/2026:15:37:23 +0000] "HEAD / HTTP/1.1" 200 - "-" "jetmon/1.0 (Jetpack Site Uptime Monitor by WordPress.com)"
57.141.18.18 - - [27/Apr/2026:15:39:04 +0000] "GET /fun_hobby_advice_for_young_and_old_alike-jpg-2/ HTTP/1.1" 301 - "-" "meta-externalagent/1.1 (+https://developers.facebook.com/docs/sharing/webmasters/crawler)"
17.241.219.137 - - [27/Apr/2026:15:39:33 +0000] "GET /tag/handwriting-skills/?amp HTTP/1.1" 200 9878 "-" "Mozilla/5.0 (Macintosh; Intel Mac OS X 10_15_7) AppleWebKit/605.1.15 (KHTML, like Gecko) Version/17.4 Safari/605.1.15 (Applebot/0.1; +http://www.apple.com/go/applebot)"
17.22.245.81 - - [27/Apr/2026:15:41:38 +0000] "GET /wp-content/uploads/2022/05/dont_know_what_kind_of_hobby_to_take_up_read_these_tips.jpg HTTP/1.1" 200 43238 "-" "Mozilla/5.0 (Macintosh; Intel Mac OS X 10_15_7) AppleWebKit/605.1.15 (KHTML, like Gecko) Version/17.4 Safari/605.1.15 (Applebot/0.1; +http://www.apple.com/go/applebot)"
184.94.212.206 - - [27/Apr/2026:15:41:55 +0000] "POST /wp-cron.php?doing_wp_cron=1777304515.5338308811187744140625 HTTP/1.1" 200 - "-" "WordPress/6.9.4; https://tophobbydrone.com"
52.167.144.222 - - [27/Apr/2026:15:41:54 +0000] "GET /sitemap.xml HTTP/1.1" 200 306 "-" "Mozilla/5.0 AppleWebKit/537.36 (KHTML, like Gecko; compatible; bingbot/2.0; +http://www.bing.com/bingbot.htm) Chrome/116.0.1938.76 Safari/537.36"
192.0.84.117 - - [27/Apr/2026:15:42:24 +0000] "HEAD / HTTP/1.1" 200 - "-" "jetmon/1.0 (Jetpack Site Uptime Monitor by WordPress.com)"
17.241.227.72 - - [27/Apr/2026:15:44:26 +0000] "GET /wp-content/themes/essence-pro/lib/gutenberg/front-end.css?ver=1.1.0 HTTP/1.1" 200 1712 "https://tophobbydrone.com/tag/handwriting-skills/?amp" "Mozilla/5.0 (Macintosh; Intel Mac OS X 10_15_7) AppleWebKit/605.1.15 (KHTML, like Gecko) Version/17.4 Safari/605.1.15 (Applebot/0.1; +http://www.apple.com/go/applebot)"
17.241.219.90 - - [27/Apr/2026:15:44:27 +0000] "GET /wp-content/themes/essence-pro/style.css?ver=1.1.0 HTTP/1.1" 200 10682 "https://tophobbydrone.com/tag/handwriting-skills/?amp" "Mozilla/5.0 (Macintosh; Intel Mac OS X 10_15_7) AppleWebKit/605.1.15 (KHTML, like Gecko) Version/17.4 Safari/605.1.15 (Applebot/0.1; +http://www.apple.com/go/applebot)"
17.241.227.109 - - [27/Apr/2026:15:44:29 +0000] "GET /wp-content/themes/genesis/lib/js/menu/superfish.args.min.js?ver=3.6.2 HTTP/1.1" 200 124 "https://tophobbydrone.com/tag/handwriting-skills/?amp" "Mozilla/5.0 (Macintosh; Intel Mac OS X 10_15_7) AppleWebKit/605.1.15 (KHTML, like Gecko) Version/17.4 Safari/605.1.15 (Applebot/0.1; +http://www.apple.com/go/applebot)"
17.241.219.16 - - [27/Apr/2026:15:44:30 +0000] "GET /wp-content/themes/genesis/lib/js/skip-links.min.js?ver=3.6.2 HTTP/1.1" 200 238 "https://tophobbydrone.com/tag/handwriting-skills/?amp" "Mozilla/5.0 (Macintosh; Intel Mac OS X 10_15_7) AppleWebKit/605.1.15 (KHTML, like Gecko) Version/17.4 Safari/605.1.15 (Applebot/0.1; +http://www.apple.com/go/applebot)"
17.241.219.75 - - [27/Apr/2026:15:44:32 +0000] "GET /wp-content/plugins/simple-social-icons/css/style.css?ver=4.0.0 HTTP/1.1" 200 461 "https://tophobbydrone.com/tag/handwriting-skills/?amp" "Mozilla/5.0 (Macintosh; Intel Mac OS X 10_15_7) AppleWebKit/605.1.15 (KHTML, like Gecko) Version/17.4 Safari/605.1.15 (Applebot/0.1; +http://www.apple.com/go/applebot)"
17.241.75.179 - - [27/Apr/2026:15:44:33 +0000] "GET /wp-content/themes/genesis/lib/js/menu/superfish.min.js?ver=1.7.10 HTTP/1.1" 200 1894 "https://tophobbydrone.com/tag/handwriting-skills/?amp" "Mozilla/5.0 (Macintosh; Intel Mac OS X 10_15_7) AppleWebKit/605.1.15 (KHTML, like Gecko) Version/17.4 Safari/605.1.15 (Applebot/0.1; +http://www.apple.com/go/applebot)"
17.241.227.170 - - [27/Apr/2026:15:44:34 +0000] "GET /wp-content/themes/essence-pro/js/jquery.matchHeight.min.js?ver=1.1.0 HTTP/1.1" 200 1553 "https://tophobbydrone.com/tag/handwriting-skills/?amp" "Mozilla/5.0 (Macintosh; Intel Mac OS X 10_15_7) AppleWebKit/605.1.15 (KHTML, like Gecko) Version/17.4 Safari/605.1.15 (Applebot/0.1; +http://www.apple.com/go/applebot)"
17.241.227.77 - - [27/Apr/2026:15:44:35 +0000] "GET /wp-content/themes/essence-pro/js/global.js?ver=1.1.0 HTTP/1.1" 200 534 "https://tophobbydrone.com/tag/handwriting-skills/?amp" "Mozilla/5.0 (Macintosh; Intel Mac OS X 10_15_7) AppleWebKit/605.1.15 (KHTML, like Gecko) Version/17.4 Safari/605.1.15 (Applebot/0.1; +http://www.apple.com/go/applebot)"
17.241.75.136 - - [27/Apr/2026:15:44:36 +0000] "GET /wp-content/themes/essence-pro/js/responsive-menus.min.js?ver=1.1.0 HTTP/1.1" 200 1420 "https://tophobbydrone.com/tag/handwriting-skills/?amp" "Mozilla/5.0 (Macintosh; Intel Mac OS X 10_15_7) AppleWebKit/605.1.15 (KHTML, like Gecko) Version/17.4 Safari/605.1.15 (Applebot/0.1; +http://www.apple.com/go/applebot)"
17.241.227.162 - - [27/Apr/2026:15:44:37 +0000] "GET /wp-content/plugins/google-site-kit/dist/assets/js/googlesitekit-consent-mode-bc2e26cfa69fcd4a8261.js HTTP/1.1" 200 25395 "https://tophobbydrone.com/tag/handwriting-skills/?amp" "Mozilla/5.0 (Macintosh; Intel Mac OS X 10_15_7) AppleWebKit/605.1.15 (KHTML, like Gecko) Version/17.4 Safari/605.1.15 (Applebot/0.1; +http://www.apple.com/go/applebot)"
17.241.227.48 - - [27/Apr/2026:15:44:38 +0000] "GET /wp-content/plugins/wp-consent-api/assets/js/wp-consent-api.min.js?ver=2.0.1 HTTP/1.1" 200 822 "https://tophobbydrone.com/tag/handwriting-skills/?amp" "Mozilla/5.0 (Macintosh; Intel Mac OS X 10_15_7) AppleWebKit/605.1.15 (KHTML, like Gecko) Version/17.4 Safari/605.1.15 (Applebot/0.1; +http://www.apple.com/go/applebot)"
17.241.75.114 - - [27/Apr/2026:15:44:39 +0000] "GET /wp-includes/js/wp-emoji-release.min.js?ver=6.9.4 HTTP/1.1" 200 5375 "https://tophobbydrone.com/tag/handwriting-skills/?amp" "Mozilla/5.0 (Macintosh; Intel Mac OS X 10_15_7) AppleWebKit/605.1.15 (KHTML, like Gecko) Version/17.4 Safari/605.1.15 (Applebot/0.1; +http://www.apple.com/go/applebot)"
14.183.115.199 - - [27/Apr/2026:15:44:55 +0000] "GET /copyright-dcma-notice/?share=x HTTP/1.1" 302 - "-" "Mozilla/5.0 (Macintosh; Intel Mac OS X 11_3_0) AppleWebKit/537.36 (KHTML, like Gecko) Brave Chrome/89.0.4389.114 Safari/537.36"
50.87.140.189 - - [27/Apr/2026:15:45:17 +0000] "GET /wp-login.php HTTP/1.1" 200 4389 "-" "Mozilla/5.0 (Windows NT 6.3; WOW64; Trident/7.0; TNJB; rv:11.0) like Gecko"
50.87.140.189 - - [27/Apr/2026:15:45:19 +0000] "POST /wp-login.php HTTP/1.1" 200 4389 "https://tophobbydrone.com/wp-login.php" "Mozilla/5.0 (Windows NT 6.3; WOW64; Trident/7.0; TNJB; rv:11.0) like Gecko"
184.94.212.206 - - [27/Apr/2026:15:47:28 +0000] "POST /wp-cron.php?doing_wp_cron=1777304848.8155629634857177734375 HTTP/1.1" 200 - "-" "WordPress/6.9.4; https://tophobbydrone.com"
192.0.84.117 - - [27/Apr/2026:15:47:27 +0000] "HEAD / HTTP/1.1" 200 - "-" "jetmon/1.0 (Jetpack Site Uptime Monitor by WordPress.com)"
3.229.95.193 - - [27/Apr/2026:15:47:42 +0000] "GET /wp-json/oembed/1.0/embed?format=xml&url=https://tophobbydrone.com/tips-for-making-the-most-of-your-hobby-time-3/ HTTP/1.1" 200 1493 "-" "Mozilla/5.0 AppleWebKit/537.36 (KHTML, like Gecko; compatible; Amazonbot/0.1; +https://developer.amazon.com/support/amazonbot) Chrome/119.0.6045.214 Safari/537.36"
57.141.18.21 - - [27/Apr/2026:15:49:29 +0000] "GET /locating_information_about_hobbies_has_brought_you_to_the_right_place-jpg-2/ HTTP/1.1" 301 - "-" "meta-externalagent/1.1 (+https://developers.facebook.com/docs/sharing/webmasters/crawler)"
116.203.148.109 - - [27/Apr/2026:15:50:32 +0000] "GET /wp-login.php HTTP/1.1" 200 4389 "-" "Mozilla/5.0 (Macintosh; Intel Mac OS X 10_11_6) AppleWebKit/537.36 (KHTML, like Gecko) Chrome/66.0.3359.181 Safari/537.36"
116.203.148.109 - - [27/Apr/2026:15:50:34 +0000] "POST /wp-login.php HTTP/1.1" 200 4389 "https://tophobbydrone.com/wp-login.php" "Mozilla/5.0 (Macintosh; Intel Mac OS X 10_11_6) AppleWebKit/537.36 (KHTML, like Gecko) Chrome/66.0.3359.181 Safari/537.36"
184.94.212.206 - - [27/Apr/2026:15:52:28 +0000] "POST /wp-cron.php?doing_wp_cron=1777305146.6177399158477783203125 HTTP/1.1" 200 - "-" "WordPress/6.9.4; https://tophobbydrone.com"
192.0.84.117 - - [27/Apr/2026:15:52:25 +0000] "HEAD / HTTP/1.1" 200 - "-" "jetmon/1.0 (Jetpack Site Uptime Monitor by WordPress.com)"
66.249.66.70 - - [27/Apr/2026:15:53:00 +0000] "GET /robots.txt HTTP/1.1" 200 144 "-" "Mozilla/5.0 (compatible; Googlebot/2.1; +http://www.google.com/bot.html)"
66.249.66.69 - - [27/Apr/2026:15:53:10 +0000] "GET /ads.txt HTTP/1.1" 200 58 "-" "Mozilla/5.0 (compatible; Googlebot/2.1; +http://www.google.com/bot.html)"
184.94.212.206 - - [27/Apr/2026:15:54:26 +0000] "POST /wp-cron.php?doing_wp_cron=1777305266.2443060874938964843750 HTTP/1.1" 200 - "-" "WordPress/6.9.4; https://tophobbydrone.com"
185.104.253.145 - - [27/Apr/2026:15:54:24 +0000] "GET /diy-drone-kit-options-can-save-you-money/?amp HTTP/1.1" 200 12969 "-" "Mozilla/5.0 (Macintosh; Intel Mac OS X 10_14_5) AppleWebKit/537.36 (KHTML, like Gecko) Chrome/97.0.4692.99 Safari/537.36"
184.94.212.206 - - [27/Apr/2026:15:57:28 +0000] "POST /wp-cron.php?doing_wp_cron=1777305448.9685440063476562500000 HTTP/1.1" 200 - "-" "WordPress/6.9.4; https://tophobbydrone.com"
192.0.84.117 - - [27/Apr/2026:15:57:27 +0000] "HEAD / HTTP/1.1" 200 - "-" "jetmon/1.0 (Jetpack Site Uptime Monitor by WordPress.com)"
192.0.84.117 - - [27/Apr/2026:16:02:23 +0000] "HEAD / HTTP/1.1" 200 - "-" "jetmon/1.0 (Jetpack Site Uptime Monitor by WordPress.com)"
38.171.116.207 - - [27/Apr/2026:16:05:14 +0000] "GET /fly-like-a-pro-the-top-10-most-popular-hobby-drones-of-the-year-revealed/holy-stone-hs100d/ HTTP/1.1" 301 - "-" "Mozilla/5.0 (Windows NT 10.0; Win64; x64) AppleWebKit/537.36 (KHTML, like Gecko) Chrome/90.0.4430.85 Safari/537.36"
38.171.116.207 - - [27/Apr/2026:16:05:16 +0000] "GET /wp-content/uploads/2023/02/Holy-Stone-HS100D-e1677094465793.jpg HTTP/1.1" 200 23763 "-" "Mozilla/5.0 (Windows NT 10.0; Win64; x64) AppleWebKit/537.36 (KHTML, like Gecko) Chrome/90.0.4430.85 Safari/537.36"
184.94.212.206 - - [27/Apr/2026:16:07:26 +0000] "POST /wp-cron.php?doing_wp_cron=1777306046.0025479793548583984375 HTTP/1.1" 200 - "-" "WordPress/6.9.4; https://tophobbydrone.com"
192.0.84.117 - - [27/Apr/2026:16:07:23 +0000] "HEAD / HTTP/1.1" 200 - "-" "jetmon/1.0 (Jetpack Site Uptime Monitor by WordPress.com)"
93.93.202.44 - - [27/Apr/2026:16:08:21 +0000] "GET /wp-login.php HTTP/1.1" 200 4387 "-" "Mozilla/5.0 (Windows NT 6.1; WOW64; Trident/7.0; EIE11;ENGBWOL; rv:11.0) like Gecko"
93.93.202.44 - - [27/Apr/2026:16:08:24 +0000] "POST /wp-login.php HTTP/1.1" 200 4387 "https://tophobbydrone.com/wp-login.php" "Mozilla/5.0 (Windows NT 6.1; WOW64; Trident/7.0; EIE11;ENGBWOL; rv:11.0) like Gecko"
184.94.212.206 - - [27/Apr/2026:16:12:26 +0000] "POST /wp-cron.php?doing_wp_cron=1777306346.0453660488128662109375 HTTP/1.1" 200 - "-" "WordPress/6.9.4; https://tophobbydrone.com"
192.0.84.117 - - [27/Apr/2026:16:12:24 +0000] "HEAD / HTTP/1.1" 200 - "-" "jetmon/1.0 (Jetpack Site Uptime Monitor by WordPress.com)"
161.8.175.84 - - [27/Apr/2026:16:13:18 +0000] "GET /category/best-hobby-drones/ HTTP/1.1" 200 27627 "-" "Mozilla/5.0 (Windows NT 5.1; csb-PL; rv:1.9.1.20) Gecko/9429-01-30 13:04:54.414764 Firefox/7.0"
20.89.19.162 - - [27/Apr/2026:16:13:39 +0000] "GET /inputs.php HTTP/1.1" 404 9322 "-" "Mozilla/5.0 (Windows NT 10.0; Win64; x64) AppleWebKit/537.36 (KHTML, like Gecko) Chrome/120.0.0.0 Safari/537.36"
20.89.19.162 - - [27/Apr/2026:16:13:40 +0000] "GET /ioxi-o.php HTTP/1.1" 404 9323 "-" "Mozilla/5.0 (Windows NT 10.0; Win64; x64) AppleWebKit/537.36 (KHTML, like Gecko) Chrome/120.0.0.0 Safari/537.36"
20.89.19.162 - - [27/Apr/2026:16:13:41 +0000] "GET /function/function.php HTTP/1.1" 404 9323 "-" "Mozilla/5.0 (Windows NT 10.0; Win64; x64) AppleWebKit/537.36 (KHTML, like Gecko) Chrome/120.0.0.0 Safari/537.36"
20.89.19.162 - - [27/Apr/2026:16:13:42 +0000] "GET /rip.php HTTP/1.1" 404 9320 "-" "Mozilla/5.0 (Windows NT 10.0; Win64; x64) AppleWebKit/537.36 (KHTML, like Gecko) Chrome/120.0.0.0 Safari/537.36"
20.89.19.162 - - [27/Apr/2026:16:13:43 +0000] "GET /admin.php HTTP/1.1" 404 9321 "-" "Mozilla/5.0 (Windows NT 10.0; Win64; x64) AppleWebKit/537.36 (KHTML, like Gecko) Chrome/120.0.0.0 Safari/537.36"
20.89.19.162 - - [27/Apr/2026:16:13:44 +0000] "GET /wp-content/uploads/index.php HTTP/1.1" 301 - "-" "Mozilla/5.0 (Windows NT 10.0; Win64; x64) AppleWebKit/537.36 (KHTML, like Gecko) Chrome/120.0.0.0 Safari/537.36"
20.89.19.162 - - [27/Apr/2026:16:13:45 +0000] "GET /cache.php HTTP/1.1" 404 9322 "-" "Mozilla/5.0 (Windows NT 10.0; Win64; x64) AppleWebKit/537.36 (KHTML, like Gecko) Chrome/120.0.0.0 Safari/537.36"
20.89.19.162 - - [27/Apr/2026:16:13:46 +0000] "GET /themes.php HTTP/1.1" 404 9321 "-" "Mozilla/5.0 (Windows NT 10.0; Win64; x64) AppleWebKit/537.36 (KHTML, like Gecko) Chrome/120.0.0.0 Safari/537.36"
20.89.19.162 - - [27/Apr/2026:16:13:47 +0000] "GET /an.php HTTP/1.1" 404 9320 "-" "Mozilla/5.0 (Windows NT 10.0; Win64; x64) AppleWebKit/537.36 (KHTML, like Gecko) Chrome/120.0.0.0 Safari/537.36"
20.89.19.162 - - [27/Apr/2026:16:13:48 +0000] "GET /index/function.php HTTP/1.1" 404 9325 "-" "Mozilla/5.0 (Windows NT 10.0; Win64; x64) AppleWebKit/537.36 (KHTML, like Gecko) Chrome/120.0.0.0 Safari/537.36"
20.89.19.162 - - [27/Apr/2026:16:13:49 +0000] "GET /randkeyword.PhP7 HTTP/1.1" 404 9333 "-" "Mozilla/5.0 (Windows NT 10.0; Win64; x64) AppleWebKit/537.36 (KHTML, like Gecko) Chrome/120.0.0.0 Safari/537.36"
20.89.19.162 - - [27/Apr/2026:16:13:50 +0000] "GET /ws.php HTTP/1.1" 404 9320 "-" "Mozilla/5.0 (Windows NT 10.0; Win64; x64) AppleWebKit/537.36 (KHTML, like Gecko) Chrome/120.0.0.0 Safari/537.36"
20.89.19.162 - - [27/Apr/2026:16:13:51 +0000] "GET /404.php HTTP/1.1" 404 9321 "-" "Mozilla/5.0 (Windows NT 10.0; Win64; x64) AppleWebKit/537.36 (KHTML, like Gecko) Chrome/120.0.0.0 Safari/537.36"
20.89.19.162 - - [27/Apr/2026:16:13:52 +0000] "GET /wp-admin/user.php HTTP/1.1" 404 9325 "-" "Mozilla/5.0 (Windows NT 10.0; Win64; x64) AppleWebKit/537.36 (KHTML, like Gecko) Chrome/120.0.0.0 Safari/537.36"
20.89.19.162 - - [27/Apr/2026:16:13:53 +0000] "GET /wp-conf.php HTTP/1.1" 404 9322 "-" "Mozilla/5.0 (Windows NT 10.0; Win64; x64) AppleWebKit/537.36 (KHTML, like Gecko) Chrome/120.0.0.0 Safari/537.36"
20.89.19.162 - - [27/Apr/2026:16:13:54 +0000] "GET /wp-content/themes/hideo/network.php HTTP/1.1" 404 9396 "-" "Mozilla/5.0 (Windows NT 10.0; Win64; x64) AppleWebKit/537.36 (KHTML, like Gecko) Chrome/120.0.0.0 Safari/537.36"
20.89.19.162 - - [27/Apr/2026:16:13:54 +0000] "GET /wp-login.php HTTP/1.1" 200 2567 "-" "Mozilla/5.0 (Windows NT 10.0; Win64; x64) AppleWebKit/537.36 (KHTML, like Gecko) Chrome/120.0.0.0 Safari/537.36"
20.89.19.162 - - [27/Apr/2026:16:13:56 +0000] "GET /abc.php HTTP/1.1" 404 9321 "-" "Mozilla/5.0 (Windows NT 10.0; Win64; x64) AppleWebKit/537.36 (KHTML, like Gecko) Chrome/120.0.0.0 Safari/537.36"
20.89.19.162 - - [27/Apr/2026:16:13:57 +0000] "GET /abcd.php HTTP/1.1" 404 9322 "-" "Mozilla/5.0 (Windows NT 10.0; Win64; x64) AppleWebKit/537.36 (KHTML, like Gecko) Chrome/120.0.0.0 Safari/537.36"
20.89.19.162 - - [27/Apr/2026:16:13:57 +0000] "GET /as.php HTTP/1.1" 404 9320 "-" "Mozilla/5.0 (Windows NT 10.0; Win64; x64) AppleWebKit/537.36 (KHTML, like Gecko) Chrome/120.0.0.0 Safari/537.36"
20.89.19.162 - - [27/Apr/2026:16:13:58 +0000] "GET /wp-trackback.php HTTP/1.1" 404 130 "-" "Mozilla/5.0 (Windows NT 10.0; Win64; x64) AppleWebKit/537.36 (KHTML, like Gecko) Chrome/120.0.0.0 Safari/537.36"
20.89.19.162 - - [27/Apr/2026:16:13:59 +0000] "GET /about.php HTTP/1.1" 404 9321 "-" "Mozilla/5.0 (Windows NT 10.0; Win64; x64) AppleWebKit/537.36 (KHTML, like Gecko) Chrome/120.0.0.0 Safari/537.36"
20.89.19.162 - - [27/Apr/2026:16:14:00 +0000] "GET /file.php HTTP/1.1" 404 9321 "-" "Mozilla/5.0 (Windows NT 10.0; Win64; x64) AppleWebKit/537.36 (KHTML, like Gecko) Chrome/120.0.0.0 Safari/537.36"
20.89.19.162 - - [27/Apr/2026:16:14:01 +0000] "GET /adminfuns.php HTTP/1.1" 404 9324 "-" "Mozilla/5.0 (Windows NT 10.0; Win64; x64) AppleWebKit/537.36 (KHTML, like Gecko) Chrome/120.0.0.0 Safari/537.36"
20.212.0.99 - - [27/Apr/2026:16:14:02 +0000] "GET /ioxi-o.php HTTP/1.1" 404 9320 "-" "Mozilla/5.0 (Windows NT 10.0; Win64; x64) AppleWebKit/537.36 (KHTML, like Gecko) Chrome/120.0.0.0 Safari/537.36"
20.89.19.162 - - [27/Apr/2026:16:14:02 +0000] "GET /wp-good.php HTTP/1.1" 404 9323 "-" "Mozilla/5.0 (Windows NT 10.0; Win64; x64) AppleWebKit/537.36 (KHTML, like Gecko) Chrome/120.0.0.0 Safari/537.36"
20.212.0.99 - - [27/Apr/2026:16:14:03 +0000] "GET /rip.php HTTP/1.1" 404 9317 "-" "Mozilla/5.0 (Windows NT 10.0; Win64; x64) AppleWebKit/537.36 (KHTML, like Gecko) Chrome/120.0.0.0 Safari/537.36"
20.89.19.162 - - [27/Apr/2026:16:14:04 +0000] "GET /xmlrpc.php HTTP/1.1" 404 9320 "-" "Mozilla/5.0 (Windows NT 10.0; Win64; x64) AppleWebKit/537.36 (KHTML, like Gecko) Chrome/120.0.0.0 Safari/537.36"
20.212.0.99 - - [27/Apr/2026:16:14:05 +0000] "GET /admin.php HTTP/1.1" 404 9318 "-" "Mozilla/5.0 (Windows NT 10.0; Win64; x64) AppleWebKit/537.36 (KHTML, like Gecko) Chrome/120.0.0.0 Safari/537.36"
20.89.19.162 - - [27/Apr/2026:16:14:05 +0000] "GET /goods.php HTTP/1.1" 404 9322 "-" "Mozilla/5.0 (Windows NT 10.0; Win64; x64) AppleWebKit/537.36 (KHTML, like Gecko) Chrome/120.0.0.0 Safari/537.36"
20.212.0.99 - - [27/Apr/2026:16:14:06 +0000] "GET /wp-content/uploads/index.php HTTP/1.1" 301 - "-" "Mozilla/5.0 (Windows NT 10.0; Win64; x64) AppleWebKit/537.36 (KHTML, like Gecko) Chrome/120.0.0.0 Safari/537.36"
20.89.19.162 - - [27/Apr/2026:16:14:07 +0000] "GET /class-t.api.php HTTP/1.1" 404 9326 "-" "Mozilla/5.0 (Windows NT 10.0; Win64; x64) AppleWebKit/537.36 (KHTML, like Gecko) Chrome/120.0.0.0 Safari/537.36"
20.212.0.99 - - [27/Apr/2026:16:14:07 +0000] "GET /cache.php HTTP/1.1" 404 9319 "-" "Mozilla/5.0 (Windows NT 10.0; Win64; x64) AppleWebKit/537.36 (KHTML, like Gecko) Chrome/120.0.0.0 Safari/537.36"
20.89.19.162 - - [27/Apr/2026:16:14:08 +0000] "GET /sf.php HTTP/1.1" 404 9320 "-" "Mozilla/5.0 (Windows NT 10.0; Win64; x64) AppleWebKit/537.36 (KHTML, like Gecko) Chrome/120.0.0.0 Safari/537.36"
20.212.0.99 - - [27/Apr/2026:16:14:08 +0000] "GET /themes.php HTTP/1.1" 404 9319 "-" "Mozilla/5.0 (Windows NT 10.0; Win64; x64) AppleWebKit/537.36 (KHTML, like Gecko) Chrome/120.0.0.0 Safari/537.36"
20.89.19.162 - - [27/Apr/2026:16:14:09 +0000] "GET /kbfr.php HTTP/1.1" 404 9324 "-" "Mozilla/5.0 (Windows NT 10.0; Win64; x64) AppleWebKit/537.36 (KHTML, like Gecko) Chrome/120.0.0.0 Safari/537.36"
20.212.0.99 - - [27/Apr/2026:16:14:09 +0000] "GET /an.php HTTP/1.1" 404 9317 "-" "Mozilla/5.0 (Windows NT 10.0; Win64; x64) AppleWebKit/537.36 (KHTML, like Gecko) Chrome/120.0.0.0 Safari/537.36"
20.89.19.162 - - [27/Apr/2026:16:14:09 +0000] "GET /autoload_classmap.php HTTP/1.1" 404 9329 "-" "Mozilla/5.0 (Windows NT 10.0; Win64; x64) AppleWebKit/537.36 (KHTML, like Gecko) Chrome/120.0.0.0 Safari/537.36"
20.212.0.99 - - [27/Apr/2026:16:14:11 +0000] "GET /randkeyword.PhP7 HTTP/1.1" 404 9331 "-" "Mozilla/5.0 (Windows NT 10.0; Win64; x64) AppleWebKit/537.36 (KHTML, like Gecko) Chrome/120.0.0.0 Safari/537.36"
20.89.19.162 - - [27/Apr/2026:16:14:11 +0000] "GET /chosen.php?p= HTTP/1.1" 301 - "-" "Mozilla/5.0 (Windows NT 10.0; Win64; x64) AppleWebKit/537.36 (KHTML, like Gecko) Chrome/120.0.0.0 Safari/537.36"
20.212.0.99 - - [27/Apr/2026:16:14:12 +0000] "GET /ws.php HTTP/1.1" 404 9317 "-" "Mozilla/5.0 (Windows NT 10.0; Win64; x64) AppleWebKit/537.36 (KHTML, like Gecko) Chrome/120.0.0.0 Safari/537.36"
20.89.19.162 - - [27/Apr/2026:16:14:12 +0000] "GET /classwithtostring.php HTTP/1.1" 404 9325 "-" "Mozilla/5.0 (Windows NT 10.0; Win64; x64) AppleWebKit/537.36 (KHTML, like Gecko) Chrome/120.0.0.0 Safari/537.36"
20.212.0.99 - - [27/Apr/2026:16:14:13 +0000] "GET /404.php HTTP/1.1" 404 9317 "-" "Mozilla/5.0 (Windows NT 10.0; Win64; x64) AppleWebKit/537.36 (KHTML, like Gecko) Chrome/120.0.0.0 Safari/537.36"
20.89.19.162 - - [27/Apr/2026:16:14:13 +0000] "GET /defaults.php HTTP/1.1" 404 9324 "-" "Mozilla/5.0 (Windows NT 10.0; Win64; x64) AppleWebKit/537.36 (KHTML, like Gecko) Chrome/120.0.0.0 Safari/537.36"
20.212.0.99 - - [27/Apr/2026:16:14:14 +0000] "GET /wp-admin/user.php HTTP/1.1" 404 9322 "-" "Mozilla/5.0 (Windows NT 10.0; Win64; x64) AppleWebKit/537.36 (KHTML, like Gecko) Chrome/120.0.0.0 Safari/537.36"
20.89.19.162 - - [27/Apr/2026:16:14:14 +0000] "GET /.well-known/ HTTP/1.1" 404 9329 "-" "Mozilla/5.0 (Windows NT 10.0; Win64; x64) AppleWebKit/537.36 (KHTML, like Gecko) Chrome/120.0.0.0 Safari/537.36"
20.212.0.99 - - [27/Apr/2026:16:14:15 +0000] "GET /wp-conf.php HTTP/1.1" 404 9319 "-" "Mozilla/5.0 (Windows NT 10.0; Win64; x64) AppleWebKit/537.36 (KHTML, like Gecko) Chrome/120.0.0.0 Safari/537.36"
20.89.19.162 - - [27/Apr/2026:16:14:15 +0000] "GET /info.php HTTP/1.1" 404 9321 "-" "Mozilla/5.0 (Windows NT 10.0; Win64; x64) AppleWebKit/537.36 (KHTML, like Gecko) Chrome/120.0.0.0 Safari/537.36"
20.212.0.99 - - [27/Apr/2026:16:14:16 +0000] "GET /wp-content/themes/hideo/network.php HTTP/1.1" 404 9393 "-" "Mozilla/5.0 (Windows NT 10.0; Win64; x64) AppleWebKit/537.36 (KHTML, like Gecko) Chrome/120.0.0.0 Safari/537.36"
20.89.19.162 - - [27/Apr/2026:16:14:17 +0000] "GET /cgi-bin/ HTTP/1.1" 404 9323 "-" "Mozilla/5.0 (Windows NT 10.0; Win64; x64) AppleWebKit/537.36 (KHTML, like Gecko) Chrome/120.0.0.0 Safari/537.36"
20.212.0.99 - - [27/Apr/2026:16:14:17 +0000] "GET /wp-login.php HTTP/1.1" 200 2564 "-" "Mozilla/5.0 (Windows NT 10.0; Win64; x64) AppleWebKit/537.36 (KHTML, like Gecko) Chrome/120.0.0.0 Safari/537.36"
20.89.19.162 - - [27/Apr/2026:16:14:18 +0000] "GET /wp-includes/Requests/src/Response/about.php HTTP/1.1" 404 9398 "-" "Mozilla/5.0 (Windows NT 10.0; Win64; x64) AppleWebKit/537.36 (KHTML, like Gecko) Chrome/120.0.0.0 Safari/537.36"
20.212.0.99 - - [27/Apr/2026:16:14:18 +0000] "GET /abc.php HTTP/1.1" 404 9318 "-" "Mozilla/5.0 (Windows NT 10.0; Win64; x64) AppleWebKit/537.36 (KHTML, like Gecko) Chrome/120.0.0.0 Safari/537.36"
20.89.19.162 - - [27/Apr/2026:16:14:19 +0000] "GET /wp-includes/html-api/ HTTP/1.1" 404 9326 "-" "Mozilla/5.0 (Windows NT 10.0; Win64; x64) AppleWebKit/537.36 (KHTML, like Gecko) Chrome/120.0.0.0 Safari/537.36"
20.212.0.99 - - [27/Apr/2026:16:14:19 +0000] "GET /abcd.php HTTP/1.1" 404 9318 "-" "Mozilla/5.0 (Windows NT 10.0; Win64; x64) AppleWebKit/537.36 (KHTML, like Gecko) Chrome/120.0.0.0 Safari/537.36"
20.89.19.162 - - [27/Apr/2026:16:14:20 +0000] "GET /wp-content/admin.php HTTP/1.1" 404 9323 "-" "Mozilla/5.0 (Windows NT 10.0; Win64; x64) AppleWebKit/537.36 (KHTML, like Gecko) Chrome/120.0.0.0 Safari/537.36"
20.212.0.99 - - [27/Apr/2026:16:14:20 +0000] "GET /as.php HTTP/1.1" 404 9317 "-" "Mozilla/5.0 (Windows NT 10.0; Win64; x64) AppleWebKit/537.36 (KHTML, like Gecko) Chrome/120.0.0.0 Safari/537.36"
20.89.19.162 - - [27/Apr/2026:16:14:21 +0000] "GET /wp-admin/css/colors/ectoplasm/ HTTP/1.1" 404 9395 "-" "Mozilla/5.0 (Windows NT 10.0; Win64; x64) AppleWebKit/537.36 (KHTML, like Gecko) Chrome/120.0.0.0 Safari/537.36"
20.212.0.99 - - [27/Apr/2026:16:14:21 +0000] "GET /wp-trackback.php HTTP/1.1" 404 130 "-" "Mozilla/5.0 (Windows NT 10.0; Win64; x64) AppleWebKit/537.36 (KHTML, like Gecko) Chrome/120.0.0.0 Safari/537.36"
20.89.19.162 - - [27/Apr/2026:16:14:22 +0000] "GET /wp-content/uploads/ HTTP/1.1" 404 9319 "-" "Mozilla/5.0 (Windows NT 10.0; Win64; x64) AppleWebKit/537.36 (KHTML, like Gecko) Chrome/120.0.0.0 Safari/537.36"
20.212.0.99 - - [27/Apr/2026:16:14:22 +0000] "GET /about.php HTTP/1.1" 404 9318 "-" "Mozilla/5.0 (Windows NT 10.0; Win64; x64) AppleWebKit/537.36 (KHTML, like Gecko) Chrome/120.0.0.0 Safari/537.36"
20.89.19.162 - - [27/Apr/2026:16:14:23 +0000] "GET /wp-content/themes/admin.php HTTP/1.1" 404 9386 "-" "Mozilla/5.0 (Windows NT 10.0; Win64; x64) AppleWebKit/537.36 (KHTML, like Gecko) Chrome/120.0.0.0 Safari/537.36"
20.212.0.99 - - [27/Apr/2026:16:14:23 +0000] "GET /file.php HTTP/1.1" 404 9318 "-" "Mozilla/5.0 (Windows NT 10.0; Win64; x64) AppleWebKit/537.36 (KHTML, like Gecko) Chrome/120.0.0.0 Safari/537.36"
20.89.19.162 - - [27/Apr/2026:16:14:24 +0000] "GET /wp-content/themes/index.php HTTP/1.1" 301 - "-" "Mozilla/5.0 (Windows NT 10.0; Win64; x64) AppleWebKit/537.36 (KHTML, like Gecko) Chrome/120.0.0.0 Safari/537.36"
20.212.0.99 - - [27/Apr/2026:16:14:24 +0000] "GET /adminfuns.php HTTP/1.1" 404 9321 "-" "Mozilla/5.0 (Windows NT 10.0; Win64; x64) AppleWebKit/537.36 (KHTML, like Gecko) Chrome/120.0.0.0 Safari/537.36"
20.89.19.162 - - [27/Apr/2026:16:14:25 +0000] "GET /wp-content/plugins/index.php HTTP/1.1" 301 - "-" "Mozilla/5.0 (Windows NT 10.0; Win64; x64) AppleWebKit/537.36 (KHTML, like Gecko) Chrome/120.0.0.0 Safari/537.36"
20.212.0.99 - - [27/Apr/2026:16:14:25 +0000] "GET /wp-good.php HTTP/1.1" 404 9320 "-" "Mozilla/5.0 (Windows NT 10.0; Win64; x64) AppleWebKit/537.36 (KHTML, like Gecko) Chrome/120.0.0.0 Safari/537.36"
20.89.19.162 - - [27/Apr/2026:16:14:26 +0000] "GET /wp-includes/PHPMailer/ HTTP/1.1" 404 9329 "-" "Mozilla/5.0 (Windows NT 10.0; Win64; x64) AppleWebKit/537.36 (KHTML, like Gecko) Chrome/120.0.0.0 Safari/537.36"
20.89.19.162 - - [27/Apr/2026:16:14:27 +0000] "GET /wp-includes/images/ HTTP/1.1" 404 9323 "-" "Mozilla/5.0 (Windows NT 10.0; Win64; x64) AppleWebKit/537.36 (KHTML, like Gecko) Chrome/120.0.0.0 Safari/537.36"
20.212.0.99 - - [27/Apr/2026:16:14:27 +0000] "GET /xmlrpc.php HTTP/1.1" 404 9318 "-" "Mozilla/5.0 (Windows NT 10.0; Win64; x64) AppleWebKit/537.36 (KHTML, like Gecko) Chrome/120.0.0.0 Safari/537.36"
20.89.19.162 - - [27/Apr/2026:16:14:28 +0000] "GET /wp-content/plugins/WordPressCore/ HTTP/1.1" 404 9393 "-" "Mozilla/5.0 (Windows NT 10.0; Win64; x64) AppleWebKit/537.36 (KHTML, like Gecko) Chrome/120.0.0.0 Safari/537.36"
20.212.0.99 - - [27/Apr/2026:16:14:28 +0000] "GET /goods.php HTTP/1.1" 404 9319 "-" "Mozilla/5.0 (Windows NT 10.0; Win64; x64) AppleWebKit/537.36 (KHTML, like Gecko) Chrome/120.0.0.0 Safari/537.36"
20.212.0.99 - - [27/Apr/2026:16:14:29 +0000] "GET /class-t.api.php HTTP/1.1" 404 9323 "-" "Mozilla/5.0 (Windows NT 10.0; Win64; x64) AppleWebKit/537.36 (KHTML, like Gecko) Chrome/120.0.0.0 Safari/537.36"
20.212.0.99 - - [27/Apr/2026:16:14:30 +0000] "GET /sf.php HTTP/1.1" 404 9317 "-" "Mozilla/5.0 (Windows NT 10.0; Win64; x64) AppleWebKit/537.36 (KHTML, like Gecko) Chrome/120.0.0.0 Safari/537.36"
20.212.0.99 - - [27/Apr/2026:16:14:31 +0000] "GET /kbfr.php HTTP/1.1" 404 9321 "-" "Mozilla/5.0 (Windows NT 10.0; Win64; x64) AppleWebKit/537.36 (KHTML, like Gecko) Chrome/120.0.0.0 Safari/537.36"
20.212.0.99 - - [27/Apr/2026:16:14:32 +0000] "GET /autoload_classmap.php HTTP/1.1" 404 9326 "-" "Mozilla/5.0 (Windows NT 10.0; Win64; x64) AppleWebKit/537.36 (KHTML, like Gecko) Chrome/120.0.0.0 Safari/537.36"
20.212.0.99 - - [27/Apr/2026:16:14:33 +0000] "GET /chosen.php?p= HTTP/1.1" 301 - "-" "Mozilla/5.0 (Windows NT 10.0; Win64; x64) AppleWebKit/537.36 (KHTML, like Gecko) Chrome/120.0.0.0 Safari/537.36"
20.212.0.99 - - [27/Apr/2026:16:14:34 +0000] "GET /classwithtostring.php HTTP/1.1" 404 9323 "-" "Mozilla/5.0 (Windows NT 10.0; Win64; x64) AppleWebKit/537.36 (KHTML, like Gecko) Chrome/120.0.0.0 Safari/537.36"
20.212.0.99 - - [27/Apr/2026:16:14:35 +0000] "GET /defaults.php HTTP/1.1" 404 9322 "-" "Mozilla/5.0 (Windows NT 10.0; Win64; x64) AppleWebKit/537.36 (KHTML, like Gecko) Chrome/120.0.0.0 Safari/537.36"
20.212.0.99 - - [27/Apr/2026:16:14:36 +0000] "GET /.well-known/ HTTP/1.1" 404 9326 "-" "Mozilla/5.0 (Windows NT 10.0; Win64; x64) AppleWebKit/537.36 (KHTML, like Gecko) Chrome/120.0.0.0 Safari/537.36"
20.212.0.99 - - [27/Apr/2026:16:14:37 +0000] "GET /info.php HTTP/1.1" 404 9319 "-" "Mozilla/5.0 (Windows NT 10.0; Win64; x64) AppleWebKit/537.36 (KHTML, like Gecko) Chrome/120.0.0.0 Safari/537.36"
20.212.0.99 - - [27/Apr/2026:16:14:38 +0000] "GET /cgi-bin/ HTTP/1.1" 404 9321 "-" "Mozilla/5.0 (Windows NT 10.0; Win64; x64) AppleWebKit/537.36 (KHTML, like Gecko) Chrome/120.0.0.0 Safari/537.36"
20.212.0.99 - - [27/Apr/2026:16:14:39 +0000] "GET /wp-includes/Requests/src/Response/about.php HTTP/1.1" 404 9395 "-" "Mozilla/5.0 (Windows NT 10.0; Win64; x64) AppleWebKit/537.36 (KHTML, like Gecko) Chrome/120.0.0.0 Safari/537.36"
20.212.0.99 - - [27/Apr/2026:16:14:40 +0000] "GET /wp-includes/html-api/ HTTP/1.1" 404 9323 "-" "Mozilla/5.0 (Windows NT 10.0; Win64; x64) AppleWebKit/537.36 (KHTML, like Gecko) Chrome/120.0.0.0 Safari/537.36"
20.212.0.99 - - [27/Apr/2026:16:14:41 +0000] "GET /wp-content/admin.php HTTP/1.1" 404 9320 "-" "Mozilla/5.0 (Windows NT 10.0; Win64; x64) AppleWebKit/537.36 (KHTML, like Gecko) Chrome/120.0.0.0 Safari/537.36"
20.212.0.99 - - [27/Apr/2026:16:14:42 +0000] "GET /wp-admin/css/colors/ectoplasm/ HTTP/1.1" 404 9392 "-" "Mozilla/5.0 (Windows NT 10.0; Win64; x64) AppleWebKit/537.36 (KHTML, like Gecko) Chrome/120.0.0.0 Safari/537.36"
20.212.0.99 - - [27/Apr/2026:16:14:43 +0000] "GET /wp-content/uploads/ HTTP/1.1" 404 9317 "-" "Mozilla/5.0 (Windows NT 10.0; Win64; x64) AppleWebKit/537.36 (KHTML, like Gecko) Chrome/120.0.0.0 Safari/537.36"
20.212.0.99 - - [27/Apr/2026:16:14:44 +0000] "GET /wp-content/themes/admin.php HTTP/1.1" 404 9383 "-" "Mozilla/5.0 (Windows NT 10.0; Win64; x64) AppleWebKit/537.36 (KHTML, like Gecko) Chrome/120.0.0.0 Safari/537.36"
20.212.0.99 - - [27/Apr/2026:16:14:45 +0000] "GET /wp-content/themes/index.php HTTP/1.1" 301 - "-" "Mozilla/5.0 (Windows NT 10.0; Win64; x64) AppleWebKit/537.36 (KHTML, like Gecko) Chrome/120.0.0.0 Safari/537.36"
20.212.0.99 - - [27/Apr/2026:16:14:46 +0000] "GET /wp-content/plugins/index.php HTTP/1.1" 301 - "-" "Mozilla/5.0 (Windows NT 10.0; Win64; x64) AppleWebKit/537.36 (KHTML, like Gecko) Chrome/120.0.0.0 Safari/537.36"
20.212.0.99 - - [27/Apr/2026:16:14:47 +0000] "GET /wp-includes/PHPMailer/ HTTP/1.1" 404 9326 "-" "Mozilla/5.0 (Windows NT 10.0; Win64; x64) AppleWebKit/537.36 (KHTML, like Gecko) Chrome/120.0.0.0 Safari/537.36"
20.212.0.99 - - [27/Apr/2026:16:14:48 +0000] "GET /wp-includes/images/ HTTP/1.1" 404 9320 "-" "Mozilla/5.0 (Windows NT 10.0; Win64; x64) AppleWebKit/537.36 (KHTML, like Gecko) Chrome/120.0.0.0 Safari/537.36"
20.212.0.99 - - [27/Apr/2026:16:14:49 +0000] "GET /wp-content/plugins/WordPressCore/ HTTP/1.1" 404 9390 "-" "Mozilla/5.0 (Windows NT 10.0; Win64; x64) AppleWebKit/537.36 (KHTML, like Gecko) Chrome/120.0.0.0 Safari/537.36"
184.94.212.206 - - [27/Apr/2026:16:17:24 +0000] "POST /wp-cron.php?doing_wp_cron=1777306644.5471858978271484375000 HTTP/1.1" 200 - "-" "WordPress/6.9.4; https://tophobbydrone.com"
192.0.84.117 - - [27/Apr/2026:16:17:22 +0000] "HEAD / HTTP/1.1" 200 - "-" "jetmon/1.0 (Jetpack Site Uptime Monitor by WordPress.com)"
144.76.32.238 - - [27/Apr/2026:16:22:14 +0000] "GET /robots.txt HTTP/1.1" 200 144 "-" "Mozilla/5.0 (compatible; SERankingBacklinksBot/1.0; +https://seranking.com/backlinks-crawler)"
144.76.32.238 - - [27/Apr/2026:16:22:15 +0000] "GET /robots.txt HTTP/1.1" 200 144 "-" "Mozilla/5.0 (compatible; SERankingBacklinksBot/1.0; +https://seranking.com/backlinks-crawler)"
144.76.32.238 - - [27/Apr/2026:16:22:16 +0000] "GET /robots.txt HTTP/1.1" 200 144 "-" "Mozilla/5.0 (compatible; SERankingBacklinksBot/1.0; +https://seranking.com/backlinks-crawler)"
144.76.32.238 - - [27/Apr/2026:16:22:17 +0000] "GET /robots.txt HTTP/1.1" 200 144 "-" "Mozilla/5.0 (compatible; SERankingBacklinksBot/1.0; +https://seranking.com/backlinks-crawler)"
144.76.32.238 - - [27/Apr/2026:16:22:18 +0000] "GET /robots.txt HTTP/1.1" 200 144 "-" "Mozilla/5.0 (compatible; SERankingBacklinksBot/1.0; +https://seranking.com/backlinks-crawler)"
144.76.32.238 - - [27/Apr/2026:16:22:19 +0000] "GET /know-all-you-can-about-hobbies-now-3/ HTTP/1.1" 404 9333 "-" "Mozilla/5.0 (compatible; SERankingBacklinksBot/1.0; +https://seranking.com/backlinks-crawler)"
192.0.84.117 - - [27/Apr/2026:16:22:23 +0000] "HEAD / HTTP/1.1" 200 - "-" "jetmon/1.0 (Jetpack Site Uptime Monitor by WordPress.com)"
66.249.66.74 - - [27/Apr/2026:16:23:59 +0000] "GET /ads.txt HTTP/1.1" 200 58 "-" "Mozilla/5.0 (compatible; Googlebot/2.1; +http://www.google.com/bot.html)"
156.244.46.207 - - [27/Apr/2026:16:33:49 +0000] "GET /wp-login.php HTTP/1.1" 200 4389 "-" "Mozilla/5.0 (X11; Linux x86_64) AppleWebKit/537.36 (KHTML, like Gecko) Chrome/65.0.3325.162 Safari/537.36"
179.127.10.197 - - [27/Apr/2026:16:35:41 +0000] "GET /wp-login.php HTTP/1.1" 200 4390 "-" "Mozilla/4.0 (compatible; MSIE 7.0; Windows NT 6.1; Win64; x64; Trident/7.0; .NET CLR 2.0.50727; SLCC2; .NET CLR 3.5.30729; .NET CLR 3.0.30729; Media Center PC 6.0; .NET4.0C; .NET4.0E; InfoPath.3)"
179.127.10.197 - - [27/Apr/2026:16:35:43 +0000] "POST /wp-login.php HTTP/1.1" 200 4390 "https://tophobbydrone.com/wp-login.php" "Mozilla/4.0 (compatible; MSIE 7.0; Windows NT 6.1; Win64; x64; Trident/7.0; .NET CLR 2.0.50727; SLCC2; .NET CLR 3.5.30729; .NET CLR 3.0.30729; Media Center PC 6.0; .NET4.0C; .NET4.0E; InfoPath.3)"
45.159.228.113 - - [27/Apr/2026:16:39:34 +0000] "GET /wp-login.php HTTP/1.1" 200 4390 "-" "Mozilla/5.0 (Windows NT 6.1; WOW64) AppleWebKit/537.36 (KHTML, like Gecko) Chrome/66.0.3359.181 Safari/537.36"
45.159.228.113 - - [27/Apr/2026:16:39:36 +0000] "POST /wp-login.php HTTP/1.1" 200 4390 "https://tophobbydrone.com/wp-login.php" "Mozilla/5.0 (Windows NT 6.1; WOW64) AppleWebKit/537.36 (KHTML, like Gecko) Chrome/66.0.3359.181 Safari/537.36"
184.94.212.206 - - [27/Apr/2026:16:40:27 +0000] "POST /wp-cron.php?doing_wp_cron=1777308027.7683920860290527343750 HTTP/1.1" 200 - "-" "WordPress/6.9.4; https://tophobbydrone.com"
50.6.195.29 - - [27/Apr/2026:16:40:25 +0000] "GET /wp-login.php HTTP/1.1" 200 2778 "-" "Mozilla/5.0 (Windows NT 6.3; WOW64; Trident/7.0; TAJB; rv:11.0) like Gecko"
50.6.195.29 - - [27/Apr/2026:16:40:27 +0000] "POST /wp-login.php HTTP/1.1" 401 1441 "https://tophobbydrone.com/wp-login.php" "Mozilla/5.0 (Windows NT 6.3; WOW64; Trident/7.0; TAJB; rv:11.0) like Gecko"
17.246.19.118 - - [27/Apr/2026:16:41:51 +0000] "GET /author/h0tn1ch3s/page/3/?amp HTTP/1.1" 200 14166 "-" "Mozilla/5.0 (Macintosh; Intel Mac OS X 10_15_7) AppleWebKit/605.1.15 (KHTML, like Gecko) Version/17.4 Safari/605.1.15 (Applebot/0.1; +http://www.apple.com/go/applebot)"
192.0.84.117 - - [27/Apr/2026:16:42:24 +0000] "HEAD / HTTP/1.1" 200 - "-" "jetmon/1.0 (Jetpack Site Uptime Monitor by WordPress.com)"
17.246.23.5 - - [27/Apr/2026:16:46:11 +0000] "GET /wp-content/plugins/simple-social-icons/css/style.css?ver=4.0.0 HTTP/1.1" 200 461 "https://tophobbydrone.com/author/h0tn1ch3s/page/3/?amp" "Mozilla/5.0 (Macintosh; Intel Mac OS X 10_15_7) AppleWebKit/605.1.15 (KHTML, like Gecko) Version/17.4 Safari/605.1.15 (Applebot/0.1; +http://www.apple.com/go/applebot)"
17.246.19.97 - - [27/Apr/2026:16:46:12 +0000] "GET /wp-content/themes/genesis/lib/js/skip-links.min.js?ver=3.6.2 HTTP/1.1" 200 238 "https://tophobbydrone.com/author/h0tn1ch3s/page/3/?amp" "Mozilla/5.0 (Macintosh; Intel Mac OS X 10_15_7) AppleWebKit/605.1.15 (KHTML, like Gecko) Version/17.4 Safari/605.1.15 (Applebot/0.1; +http://www.apple.com/go/applebot)"
17.246.23.86 - - [27/Apr/2026:16:46:14 +0000] "GET /wp-content/themes/essence-pro/style.css?ver=1.1.0 HTTP/1.1" 200 10682 "https://tophobbydrone.com/author/h0tn1ch3s/page/3/?amp" "Mozilla/5.0 (Macintosh; Intel Mac OS X 10_15_7) AppleWebKit/605.1.15 (KHTML, like Gecko) Version/17.4 Safari/605.1.15 (Applebot/0.1; +http://www.apple.com/go/applebot)"
17.246.23.128 - - [27/Apr/2026:16:46:15 +0000] "GET /wp-content/themes/genesis/lib/js/menu/superfish.min.js?ver=1.7.10 HTTP/1.1" 200 1894 "https://tophobbydrone.com/author/h0tn1ch3s/page/3/?amp" "Mozilla/5.0 (Macintosh; Intel Mac OS X 10_15_7) AppleWebKit/605.1.15 (KHTML, like Gecko) Version/17.4 Safari/605.1.15 (Applebot/0.1; +http://www.apple.com/go/applebot)"
17.246.23.247 - - [27/Apr/2026:16:46:17 +0000] "GET /wp-content/themes/essence-pro/lib/gutenberg/front-end.css?ver=1.1.0 HTTP/1.1" 200 1712 "https://tophobbydrone.com/author/h0tn1ch3s/page/3/?amp" "Mozilla/5.0 (Macintosh; Intel Mac OS X 10_15_7) AppleWebKit/605.1.15 (KHTML, like Gecko) Version/17.4 Safari/605.1.15 (Applebot/0.1; +http://www.apple.com/go/applebot)"
17.246.15.35 - - [27/Apr/2026:16:46:19 +0000] "GET /wp-content/themes/genesis/lib/js/menu/superfish.args.min.js?ver=3.6.2 HTTP/1.1" 200 124 "https://tophobbydrone.com/author/h0tn1ch3s/page/3/?amp" "Mozilla/5.0 (Macintosh; Intel Mac OS X 10_15_7) AppleWebKit/605.1.15 (KHTML, like Gecko) Version/17.4 Safari/605.1.15 (Applebot/0.1; +http://www.apple.com/go/applebot)"
17.246.23.207 - - [27/Apr/2026:16:46:20 +0000] "GET /wp-content/themes/essence-pro/js/jquery.matchHeight.min.js?ver=1.1.0 HTTP/1.1" 200 1553 "https://tophobbydrone.com/author/h0tn1ch3s/page/3/?amp" "Mozilla/5.0 (Macintosh; Intel Mac OS X 10_15_7) AppleWebKit/605.1.15 (KHTML, like Gecko) Version/17.4 Safari/605.1.15 (Applebot/0.1; +http://www.apple.com/go/applebot)"
17.246.15.166 - - [27/Apr/2026:16:46:21 +0000] "GET /wp-content/themes/essence-pro/js/global.js?ver=1.1.0 HTTP/1.1" 200 534 "https://tophobbydrone.com/author/h0tn1ch3s/page/3/?amp" "Mozilla/5.0 (Macintosh; Intel Mac OS X 10_15_7) AppleWebKit/605.1.15 (KHTML, like Gecko) Version/17.4 Safari/605.1.15 (Applebot/0.1; +http://www.apple.com/go/applebot)"
17.246.19.78 - - [27/Apr/2026:16:46:22 +0000] "GET /wp-content/themes/essence-pro/js/responsive-menus.min.js?ver=1.1.0 HTTP/1.1" 200 1420 "https://tophobbydrone.com/author/h0tn1ch3s/page/3/?amp" "Mozilla/5.0 (Macintosh; Intel Mac OS X 10_15_7) AppleWebKit/605.1.15 (KHTML, like Gecko) Version/17.4 Safari/605.1.15 (Applebot/0.1; +http://www.apple.com/go/applebot)"
17.246.23.228 - - [27/Apr/2026:16:46:23 +0000] "GET /wp-content/plugins/google-site-kit/dist/assets/js/googlesitekit-consent-mode-bc2e26cfa69fcd4a8261.js HTTP/1.1" 200 25395 "https://tophobbydrone.com/author/h0tn1ch3s/page/3/?amp" "Mozilla/5.0 (Macintosh; Intel Mac OS X 10_15_7) AppleWebKit/605.1.15 (KHTML, like Gecko) Version/17.4 Safari/605.1.15 (Applebot/0.1; +http://www.apple.com/go/applebot)"
17.246.15.65 - - [27/Apr/2026:16:46:25 +0000] "GET /wp-content/plugins/wp-consent-api/assets/js/wp-consent-api.min.js?ver=2.0.1 HTTP/1.1" 200 822 "https://tophobbydrone.com/author/h0tn1ch3s/page/3/?amp" "Mozilla/5.0 (Macintosh; Intel Mac OS X 10_15_7) AppleWebKit/605.1.15 (KHTML, like Gecko) Version/17.4 Safari/605.1.15 (Applebot/0.1; +http://www.apple.com/go/applebot)"
17.246.23.202 - - [27/Apr/2026:16:46:26 +0000] "GET /wp-includes/js/wp-emoji-release.min.js?ver=6.9.4 HTTP/1.1" 200 5375 "https://tophobbydrone.com/author/h0tn1ch3s/page/3/?amp" "Mozilla/5.0 (Macintosh; Intel Mac OS X 10_15_7) AppleWebKit/605.1.15 (KHTML, like Gecko) Version/17.4 Safari/605.1.15 (Applebot/0.1; +http://www.apple.com/go/applebot)"
184.94.212.206 - - [27/Apr/2026:16:47:25 +0000] "POST /wp-cron.php?doing_wp_cron=1777308445.6809461116790771484375 HTTP/1.1" 200 - "-" "WordPress/6.9.4; https://tophobbydrone.com"
192.0.84.117 - - [27/Apr/2026:16:47:24 +0000] "HEAD / HTTP/1.1" 200 - "-" "jetmon/1.0 (Jetpack Site Uptime Monitor by WordPress.com)"
184.94.212.206 - - [27/Apr/2026:16:50:07 +0000] "POST /wp-cron.php?doing_wp_cron=1777308607.8761401176452636718750 HTTP/1.1" 200 - "-" "WordPress/6.9.4; https://tophobbydrone.com"
20.89.19.162 - - [27/Apr/2026:16:50:06 +0000] "GET /inputs.php HTTP/1.1" 404 9322 "-" "Mozilla/5.0 (Windows NT 10.0; Win64; x64) AppleWebKit/537.36 (KHTML, like Gecko) Chrome/120.0.0.0 Safari/537.36"
20.89.19.162 - - [27/Apr/2026:16:50:08 +0000] "GET /ioxi-o.php HTTP/1.1" 404 9323 "-" "Mozilla/5.0 (Windows NT 10.0; Win64; x64) AppleWebKit/537.36 (KHTML, like Gecko) Chrome/120.0.0.0 Safari/537.36"
20.89.19.162 - - [27/Apr/2026:16:50:09 +0000] "GET /function/function.php HTTP/1.1" 404 9323 "-" "Mozilla/5.0 (Windows NT 10.0; Win64; x64) AppleWebKit/537.36 (KHTML, like Gecko) Chrome/120.0.0.0 Safari/537.36"
20.89.19.162 - - [27/Apr/2026:16:50:10 +0000] "GET /rip.php HTTP/1.1" 404 9320 "-" "Mozilla/5.0 (Windows NT 10.0; Win64; x64) AppleWebKit/537.36 (KHTML, like Gecko) Chrome/120.0.0.0 Safari/537.36"
20.89.19.162 - - [27/Apr/2026:16:50:11 +0000] "GET /admin.php HTTP/1.1" 404 9321 "-" "Mozilla/5.0 (Windows NT 10.0; Win64; x64) AppleWebKit/537.36 (KHTML, like Gecko) Chrome/120.0.0.0 Safari/537.36"
20.89.19.162 - - [27/Apr/2026:16:50:12 +0000] "GET /wp-content/uploads/index.php HTTP/1.1" 301 - "-" "Mozilla/5.0 (Windows NT 10.0; Win64; x64) AppleWebKit/537.36 (KHTML, like Gecko) Chrome/120.0.0.0 Safari/537.36"
20.89.19.162 - - [27/Apr/2026:16:50:12 +0000] "GET /cache.php HTTP/1.1" 404 9322 "-" "Mozilla/5.0 (Windows NT 10.0; Win64; x64) AppleWebKit/537.36 (KHTML, like Gecko) Chrome/120.0.0.0 Safari/537.36"
20.89.19.162 - - [27/Apr/2026:16:50:13 +0000] "GET /themes.php HTTP/1.1" 404 9321 "-" "Mozilla/5.0 (Windows NT 10.0; Win64; x64) AppleWebKit/537.36 (KHTML, like Gecko) Chrome/120.0.0.0 Safari/537.36"
20.89.19.162 - - [27/Apr/2026:16:50:14 +0000] "GET /an.php HTTP/1.1" 404 9320 "-" "Mozilla/5.0 (Windows NT 10.0; Win64; x64) AppleWebKit/537.36 (KHTML, like Gecko) Chrome/120.0.0.0 Safari/537.36"
