MOON
Server: Apache
System: Linux server1.primemusicproductions.com 4.18.0-477.27.2.el8_8.x86_64 #1 SMP Fri Sep 29 08:21:01 EDT 2023 x86_64
User: primrwxj (1001)
PHP: 8.3.3
Disabled: NONE
Upload Files
File: //home/primrwxj/logs/tophobbydrone.primemusicproductions.com-ssl_log.bkup
184.94.212.206 - - [27/Apr/2026:12:07:28 +0000] "POST /wp-cron.php?doing_wp_cron=1777291648.9239189624786376953125 HTTP/1.1" 200 - "-" "WordPress/6.9.4; https://tophobbydrone.com"
192.0.84.117 - - [27/Apr/2026:12:07:26 +0000] "HEAD / HTTP/1.1" 200 - "-" "jetmon/1.0 (Jetpack Site Uptime Monitor by WordPress.com)"
104.247.73.26 - - [27/Apr/2026:12:09:04 +0000] "GET /wp-login.php HTTP/1.1" 200 4390 "-" "Mozilla/5.0 (Windows NT 6.3; WOW64; Trident/7.0; MAARJS; rv:11.0) like Gecko"
184.94.212.206 - - [27/Apr/2026:12:10:12 +0000] "POST /wp-cron.php?doing_wp_cron=1777291812.1668910980224609375000 HTTP/1.1" 200 - "-" "WordPress/6.9.4; https://tophobbydrone.com"
148.113.128.4 - - [27/Apr/2026:12:10:10 +0000] "GET /news-sitemap.xml HTTP/1.1" 200 311 "-" "Mozilla/5.0 (compatible; AhrefsBot/7.0; +http://ahrefs.com/robot/)"
45.159.221.172 - - [27/Apr/2026:12:11:57 +0000] "GET /wp-login.php HTTP/1.1" 200 4389 "-" "Mozilla/5.0 (Windows NT 6.3; WOW64; Trident/7.0; MALNJS; rv:11.0) like Gecko"
45.159.221.172 - - [27/Apr/2026:12:12:01 +0000] "POST /wp-login.php HTTP/1.1" 200 4389 "https://tophobbydrone.com/wp-login.php" "Mozilla/5.0 (Windows NT 6.3; WOW64; Trident/7.0; MALNJS; rv:11.0) like Gecko"
184.94.212.206 - - [27/Apr/2026:12:12:26 +0000] "POST /wp-cron.php?doing_wp_cron=1777291946.8256220817565917968750 HTTP/1.1" 200 - "-" "WordPress/6.9.4; https://tophobbydrone.com"
192.0.84.117 - - [27/Apr/2026:12:12:25 +0000] "HEAD / HTTP/1.1" 200 - "-" "jetmon/1.0 (Jetpack Site Uptime Monitor by WordPress.com)"
184.94.212.206 - - [27/Apr/2026:12:17:22 +0000] "POST /wp-cron.php?doing_wp_cron=1777292242.6539669036865234375000 HTTP/1.1" 200 - "-" "WordPress/6.9.4; https://tophobbydrone.com"
173.239.213.85 - - [27/Apr/2026:12:17:20 +0000] "POST /wp-login.php HTTP/1.1" 401 3451 "-" "Mozilla/5.0"
192.0.84.117 - - [27/Apr/2026:12:17:22 +0000] "HEAD / HTTP/1.1" 200 - "-" "jetmon/1.0 (Jetpack Site Uptime Monitor by WordPress.com)"
184.94.212.206 - - [27/Apr/2026:12:20:34 +0000] "POST /wp-cron.php?doing_wp_cron=1777292434.1611249446868896484375 HTTP/1.1" 200 - "-" "WordPress/6.9.4; https://tophobbydrone.com"
17.241.227.141 - - [27/Apr/2026:12:20:33 +0000] "GET /dont_know_what_kind_of_hobby_to_take_up_read_these_tips-jpg/ HTTP/1.1" 301 - "-" "Mozilla/5.0 (Macintosh; Intel Mac OS X 10_15_7) AppleWebKit/605.1.15 (KHTML, like Gecko) Version/17.4 Safari/605.1.15 (Applebot/0.1; +http://www.apple.com/go/applebot)"
17.241.227.141 - - [27/Apr/2026:12:20:34 +0000] "GET /wp-content/uploads/2020/05/dont_know_what_kind_of_hobby_to_take_up_read_these_tips.jpg HTTP/1.1" 200 143508 "-" "Mozilla/5.0 (Macintosh; Intel Mac OS X 10_15_7) AppleWebKit/605.1.15 (KHTML, like Gecko) Version/17.4 Safari/605.1.15 (Applebot/0.1; +http://www.apple.com/go/applebot)"
184.94.212.206 - - [27/Apr/2026:12:22:25 +0000] "POST /wp-cron.php?doing_wp_cron=1777292545.1082890033721923828125 HTTP/1.1" 200 - "-" "WordPress/6.9.4; https://tophobbydrone.com"
192.0.84.117 - - [27/Apr/2026:12:22:23 +0000] "HEAD / HTTP/1.1" 200 - "-" "jetmon/1.0 (Jetpack Site Uptime Monitor by WordPress.com)"
179.105.129.63 - - [27/Apr/2026:12:22:28 +0000] "GET /category/diy-kits/ HTTP/1.1" 200 13367 "-" "Mozilla/5.0 (compatible; MSIE 6.0; Windows NT 11.0; Trident/4.1)"
184.94.212.206 - - [27/Apr/2026:12:27:26 +0000] "POST /wp-cron.php?doing_wp_cron=1777292846.6597299575805664062500 HTTP/1.1" 200 - "-" "WordPress/6.9.4; https://tophobbydrone.com"
192.0.84.117 - - [27/Apr/2026:12:27:25 +0000] "HEAD / HTTP/1.1" 200 - "-" "jetmon/1.0 (Jetpack Site Uptime Monitor by WordPress.com)"
103.181.163.173 - - [27/Apr/2026:12:28:57 +0000] "GET /fly-like-a-pro-the-top-10-most-popular-hobby-drones-of-the-year-revealed/yuneec-typhoon-h-plus-2/ HTTP/1.1" 301 - "-" "Mozilla/5.0 (Windows NT 10.0; Win64; x64) AppleWebKit/537.36 (KHTML, like Gecko) Chrome/83.0.4103.61 Safari/537.36"
103.181.163.173 - - [27/Apr/2026:12:28:59 +0000] "GET /wp-content/uploads/2023/02/Yuneec-Typhoon-H-Plus--e1677095589388.jpg HTTP/1.1" 200 8986 "-" "Mozilla/5.0 (Windows NT 10.0; Win64; x64) AppleWebKit/537.36 (KHTML, like Gecko) Chrome/83.0.4103.61 Safari/537.36"
192.0.84.117 - - [27/Apr/2026:12:32:23 +0000] "HEAD / HTTP/1.1" 200 - "-" "jetmon/1.0 (Jetpack Site Uptime Monitor by WordPress.com)"
184.94.212.206 - - [27/Apr/2026:12:36:03 +0000] "POST /wp-cron.php?doing_wp_cron=1777293363.8513090610504150390625 HTTP/1.1" 200 - "-" "WordPress/6.9.4; https://tophobbydrone.com"
173.239.213.54 - - [27/Apr/2026:12:36:01 +0000] "POST /wp-login.php HTTP/1.1" 401 3451 "-" "Mozilla/5.0"
192.0.84.117 - - [27/Apr/2026:12:37:25 +0000] "HEAD / HTTP/1.1" 200 - "-" "jetmon/1.0 (Jetpack Site Uptime Monitor by WordPress.com)"
57.141.18.117 - - [27/Apr/2026:12:40:09 +0000] "GET /everything_you_need_to_know_to_get_started_in_hobbies-jpg/ HTTP/1.1" 301 - "-" "meta-externalagent/1.1 (+https://developers.facebook.com/docs/sharing/webmasters/crawler)"
184.94.212.206 - - [27/Apr/2026:12:42:25 +0000] "POST /wp-cron.php?doing_wp_cron=1777293745.6764650344848632812500 HTTP/1.1" 200 - "-" "WordPress/6.9.4; https://tophobbydrone.com"
192.0.84.117 - - [27/Apr/2026:12:42:24 +0000] "HEAD / HTTP/1.1" 200 - "-" "jetmon/1.0 (Jetpack Site Uptime Monitor by WordPress.com)"
184.94.212.206 - - [27/Apr/2026:12:46:04 +0000] "POST /wp-cron.php?doing_wp_cron=1777293964.3432340621948242187500 HTTP/1.1" 200 - "-" "WordPress/6.9.4; https://tophobbydrone.com"
181.94.224.97 - - [27/Apr/2026:12:46:02 +0000] "GET /when-you-want-to-learn-about-hobbies-read-this/ HTTP/1.1" 200 16055 "-" "Mozilla/5.0 (Macintosh; Intel Mac OS X 10_12_6) AppleWebKit/537.36 (KHTML, like Gecko) Brave Chrome/88.0.4324.152 Safari/537.36"
192.0.84.117 - - [27/Apr/2026:12:47:24 +0000] "HEAD / HTTP/1.1" 200 - "-" "jetmon/1.0 (Jetpack Site Uptime Monitor by WordPress.com)"
184.94.212.206 - - [27/Apr/2026:12:52:05 +0000] "POST /wp-cron.php?doing_wp_cron=1777294325.8157339096069335937500 HTTP/1.1" 200 - "-" "WordPress/6.9.4; https://tophobbydrone.com"
15.235.98.179 - - [27/Apr/2026:12:52:04 +0000] "GET /when-you-want-to-learn-about-hobbies-read-this/ HTTP/1.1" 200 16056 "-" "Mozilla/5.0 (compatible; AhrefsBot/7.0; +http://ahrefs.com/robot/)"
192.0.84.117 - - [27/Apr/2026:12:52:23 +0000] "HEAD / HTTP/1.1" 200 - "-" "jetmon/1.0 (Jetpack Site Uptime Monitor by WordPress.com)"
173.239.213.88 - - [27/Apr/2026:12:54:32 +0000] "POST /wp-login.php HTTP/1.1" 401 3451 "-" "Mozilla/5.0"
184.94.212.206 - - [27/Apr/2026:12:57:20 +0000] "POST /wp-cron.php?doing_wp_cron=1777294640.0678339004516601562500 HTTP/1.1" 200 - "-" "WordPress/6.9.4; https://tophobbydrone.com"
66.29.129.135 - - [27/Apr/2026:12:57:17 +0000] "GET /wp-login.php HTTP/1.1" 200 2778 "-" "Mozilla/5.0 (X11; Linux x86_64) AppleWebKit/537.36 (KHTML, like Gecko) Chrome/65.0.3325.181 Safari/537.36"
66.29.129.135 - - [27/Apr/2026:12:57:21 +0000] "POST /wp-login.php HTTP/1.1" 401 1440 "https://tophobbydrone.com/wp-login.php" "Mozilla/5.0 (X11; Linux x86_64) AppleWebKit/537.36 (KHTML, like Gecko) Chrome/65.0.3325.181 Safari/537.36"
192.0.84.117 - - [27/Apr/2026:12:57:23 +0000] "HEAD / HTTP/1.1" 200 - "-" "jetmon/1.0 (Jetpack Site Uptime Monitor by WordPress.com)"
114.119.133.134 - - [27/Apr/2026:12:58:04 +0000] "GET /great-hobby-advice-to-help-get-you-going/?share=x HTTP/1.1" 302 - "https://tophobbydrone.com/category/best-hobby-drones?amp" "Mozilla/5.0 (Linux; Android 7.0;) AppleWebKit/537.36 (HTML, like Gecko) Mobile Safari/537.36 (compatible; PetalBot;+https://webmaster.petalsearch.com/site/petalbot)"
103.30.72.102 - - [27/Apr/2026:12:59:51 +0000] "GET /wp-login.php HTTP/1.1" 200 4389 "-" "Mozilla/5.0 (Macintosh; Intel Mac OS X 10_13) AppleWebKit/604.1.38 (KHTML, like Gecko) Version/11.0 Safari/604.1.38"
103.30.72.102 - - [27/Apr/2026:12:59:53 +0000] "POST /wp-login.php HTTP/1.1" 200 4389 "https://tophobbydrone.com/wp-login.php" "Mozilla/5.0 (Macintosh; Intel Mac OS X 10_13) AppleWebKit/604.1.38 (KHTML, like Gecko) Version/11.0 Safari/604.1.38"
207.148.64.111 - - [27/Apr/2026:13:00:36 +0000] "GET /wp-login.php HTTP/1.1" 200 4389 "-" "Mozilla/5.0 (Windows NT 10.0) AppleWebKit/537.36 (KHTML, like Gecko) Chrome/65.0.3325.181 Safari/537.36"
207.148.64.111 - - [27/Apr/2026:13:00:37 +0000] "POST /wp-login.php HTTP/1.1" 200 4389 "https://tophobbydrone.com/wp-login.php" "Mozilla/5.0 (Windows NT 10.0) AppleWebKit/537.36 (KHTML, like Gecko) Chrome/65.0.3325.181 Safari/537.36"
114.119.133.134 - - [27/Apr/2026:13:00:43 +0000] "GET /fun-hobby-advice-for-young-and-old-alike-4/?share=twitter HTTP/1.1" 302 - "https://tophobbydrone.com/fun-hobby-advice-for-young-and-old-alike-4/?noamp=mobile" "Mozilla/5.0 (Linux; Android 7.0;) AppleWebKit/537.36 (HTML, like Gecko) Mobile Safari/537.36 (compatible; PetalBot;+https://webmaster.petalsearch.com/site/petalbot)"
156.244.46.207 - - [27/Apr/2026:13:01:18 +0000] "GET /wp-login.php HTTP/1.1" 200 4389 "-" "Mozilla/5.0 (Windows NT 6.1) AppleWebKit/537.36 (KHTML, like Gecko) Chrome/66.0.3359.117 Safari/537.36"
156.244.46.207 - - [27/Apr/2026:13:01:21 +0000] "POST /wp-login.php HTTP/1.1" 200 4389 "https://tophobbydrone.com/wp-login.php" "Mozilla/5.0 (Windows NT 6.1) AppleWebKit/537.36 (KHTML, like Gecko) Chrome/66.0.3359.117 Safari/537.36"
192.0.84.117 - - [27/Apr/2026:13:02:25 +0000] "HEAD / HTTP/1.1" 200 - "-" "jetmon/1.0 (Jetpack Site Uptime Monitor by WordPress.com)"
114.119.140.50 - - [27/Apr/2026:13:03:24 +0000] "GET /fly-like-a-pro-the-top-10-most-popular-hobby-drones-of-the-year-revealed/dji-mini-2-8 HTTP/1.1" 301 - "https://tophobbydrone.com/author/thesilentwhisperer" "Mozilla/5.0 (Linux; Android 7.0;) AppleWebKit/537.36 (HTML, like Gecko) Mobile Safari/537.36 (compatible; PetalBot;+https://webmaster.petalsearch.com/site/petalbot)"
114.119.140.50 - - [27/Apr/2026:13:03:26 +0000] "GET /wp-content/uploads/2023/02/DJI-Mini-2-3-e1677041282816.jpg HTTP/1.1" 200 13286 "https://tophobbydrone.com/author/thesilentwhisperer" "Mozilla/5.0 (Linux; Android 7.0;) AppleWebKit/537.36 (HTML, like Gecko) Mobile Safari/537.36 (compatible; PetalBot;+https://webmaster.petalsearch.com/site/petalbot)"
184.94.212.206 - - [27/Apr/2026:13:06:10 +0000] "POST /wp-cron.php?doing_wp_cron=1777295170.8429689407348632812500 HTTP/1.1" 200 - "-" "WordPress/6.9.4; https://tophobbydrone.com"
114.119.158.151 - - [27/Apr/2026:13:06:09 +0000] "GET /great-hobby-advice-to-help-get-you-going HTTP/1.1" 301 - "http://tophobbydrone.com/great-hobby-advice-to-help-get-you-going" "Mozilla/5.0 (Linux; Android 7.0;) AppleWebKit/537.36 (HTML, like Gecko) Mobile Safari/537.36 (compatible; PetalBot;+https://webmaster.petalsearch.com/site/petalbot)"
114.119.158.151 - - [27/Apr/2026:13:06:11 +0000] "GET /great-hobby-advice-to-help-get-you-going/ HTTP/1.1" 200 14423 "http://tophobbydrone.com/great-hobby-advice-to-help-get-you-going" "Mozilla/5.0 (Linux; Android 7.0;) AppleWebKit/537.36 (HTML, like Gecko) Mobile Safari/537.36 (compatible; PetalBot;+https://webmaster.petalsearch.com/site/petalbot)"
184.94.212.206 - - [27/Apr/2026:13:07:25 +0000] "POST /wp-cron.php?doing_wp_cron=1777295245.9571840763092041015625 HTTP/1.1" 200 - "-" "WordPress/6.9.4; https://tophobbydrone.com"
192.0.84.117 - - [27/Apr/2026:13:07:24 +0000] "HEAD / HTTP/1.1" 200 - "-" "jetmon/1.0 (Jetpack Site Uptime Monitor by WordPress.com)"
57.141.18.24 - - [27/Apr/2026:13:08:00 +0000] "GET /tips_and_tricks_about_hobbies_you_need-jpg-2/ HTTP/1.1" 301 - "-" "meta-externalagent/1.1 (+https://developers.facebook.com/docs/sharing/webmasters/crawler)"
114.119.155.153 - - [27/Apr/2026:13:08:59 +0000] "GET /fly-like-a-pro-the-top-10-most-popular-hobby-drones-of-the-year-revealed/parrot-anafi-usa-3 HTTP/1.1" 301 - "https://tophobbydrone.com/author/thesilentwhisperer" "Mozilla/5.0 (Linux; Android 7.0;) AppleWebKit/537.36 (HTML, like Gecko) Mobile Safari/537.36 (compatible; PetalBot;+https://webmaster.petalsearch.com/site/petalbot)"
114.119.155.153 - - [27/Apr/2026:13:09:01 +0000] "GET /wp-content/uploads/2023/02/Parrot-Anafi-USA-1-1-e1677096531516.jpg HTTP/1.1" 200 9842 "https://tophobbydrone.com/author/thesilentwhisperer" "Mozilla/5.0 (Linux; Android 7.0;) AppleWebKit/537.36 (HTML, like Gecko) Mobile Safari/537.36 (compatible; PetalBot;+https://webmaster.petalsearch.com/site/petalbot)"
179.127.10.197 - - [27/Apr/2026:13:09:12 +0000] "GET /wp-login.php HTTP/1.1" 200 4390 "-" "Mozilla/5.0 (Windows NT 6.1; rv:61.0) Gecko/20100101 Firefox/61.0"
179.127.10.197 - - [27/Apr/2026:13:09:14 +0000] "POST /wp-login.php HTTP/1.1" 200 4390 "https://tophobbydrone.com/wp-login.php" "Mozilla/5.0 (Windows NT 6.1; rv:61.0) Gecko/20100101 Firefox/61.0"
184.94.212.206 - - [27/Apr/2026:13:11:37 +0000] "POST /wp-cron.php?doing_wp_cron=1777295497.0404829978942871093750 HTTP/1.1" 200 - "-" "WordPress/6.9.4; https://tophobbydrone.com"
114.119.158.151 - - [27/Apr/2026:13:11:35 +0000] "GET /category/best-hobby-drones/page/2?amp HTTP/1.1" 301 - "https://tophobbydrone.com/category/best-hobby-drones/page/2?noamp=mobile" "Mozilla/5.0 (Linux; Android 7.0;) AppleWebKit/537.36 (HTML, like Gecko) Mobile Safari/537.36 (compatible; PetalBot;+https://webmaster.petalsearch.com/site/petalbot)"
114.119.158.151 - - [27/Apr/2026:13:11:37 +0000] "GET /category/best-hobby-drones/page/2/?amp HTTP/1.1" 200 21394 "https://tophobbydrone.com/category/best-hobby-drones/page/2?noamp=mobile" "Mozilla/5.0 (Linux; Android 7.0;) AppleWebKit/537.36 (HTML, like Gecko) Mobile Safari/537.36 (compatible; PetalBot;+https://webmaster.petalsearch.com/site/petalbot)"
15.235.96.211 - - [27/Apr/2026:13:12:07 +0000] "GET /author/h0tn1ch3s/ HTTP/1.1" 200 25067 "-" "Mozilla/5.0 (compatible; AhrefsBot/7.0; +http://ahrefs.com/robot/)"
192.0.84.117 - - [27/Apr/2026:13:12:27 +0000] "HEAD / HTTP/1.1" 200 - "-" "jetmon/1.0 (Jetpack Site Uptime Monitor by WordPress.com)"
173.239.213.51 - - [27/Apr/2026:13:13:12 +0000] "POST /wp-login.php HTTP/1.1" 401 3451 "-" "Mozilla/5.0"
179.127.10.197 - - [27/Apr/2026:13:13:19 +0000] "GET /wp-login.php HTTP/1.1" 200 4390 "-" "Mozilla/4.0 (compatible; MSIE 7.0; Windows NT 6.2; WOW64; Trident/7.0; .NET4.0C; .NET4.0E; .NET CLR 2.0.50727; .NET CLR 3.0.30729; .NET CLR 3.5.30729; Zoom 3.6.0)"
179.127.10.197 - - [27/Apr/2026:13:13:20 +0000] "POST /wp-login.php HTTP/1.1" 200 4390 "https://tophobbydrone.com/wp-login.php" "Mozilla/4.0 (compatible; MSIE 7.0; Windows NT 6.2; WOW64; Trident/7.0; .NET4.0C; .NET4.0E; .NET CLR 2.0.50727; .NET CLR 3.0.30729; .NET CLR 3.5.30729; Zoom 3.6.0)"
114.119.140.13 - - [27/Apr/2026:13:14:27 +0000] "GET /category/best-hobby-drones/page/2 HTTP/1.1" 301 - "https://tophobbydrone.com/category/best-hobby-drones/page/2" "Mozilla/5.0 (Linux; Android 7.0;) AppleWebKit/537.36 (HTML, like Gecko) Mobile Safari/537.36 (compatible; PetalBot;+https://webmaster.petalsearch.com/site/petalbot)"
114.119.140.13 - - [27/Apr/2026:13:14:29 +0000] "GET /category/best-hobby-drones/page/2/ HTTP/1.1" 200 21385 "https://tophobbydrone.com/category/best-hobby-drones/page/2" "Mozilla/5.0 (Linux; Android 7.0;) AppleWebKit/537.36 (HTML, like Gecko) Mobile Safari/537.36 (compatible; PetalBot;+https://webmaster.petalsearch.com/site/petalbot)"
184.94.212.206 - - [27/Apr/2026:13:15:45 +0000] "POST /wp-cron.php?doing_wp_cron=1777295745.3153929710388183593750 HTTP/1.1" 200 - "-" "WordPress/6.9.4; https://tophobbydrone.com"
47.128.58.251 - - [27/Apr/2026:13:15:43 +0000] "GET /about/?amp HTTP/1.1" 200 11662 "-" "Mozilla/5.0 (Linux; Android 5.0) AppleWebKit/537.36 (KHTML, like Gecko) Mobile Safari/537.36 (compatible; Bytespider; spider-feedback@bytedance.com)"
47.128.58.251 - - [27/Apr/2026:13:15:45 +0000] "GET /wp-content/themes/essence-pro/style.css?ver=1.1.0 HTTP/1.1" 200 10682 "https://tophobbydrone.com/about/?amp" "Mozilla/5.0 (Linux; Android 5.0) AppleWebKit/537.36 (KHTML, like Gecko) Mobile Safari/537.36 (compatible; Bytespider; spider-feedback@bytedance.com)"
47.128.58.251 - - [27/Apr/2026:13:15:46 +0000] "GET /wp-content/plugins/simple-social-icons/css/style.css?ver=4.0.0 HTTP/1.1" 200 461 "https://tophobbydrone.com/about/?amp" "Mozilla/5.0 (Linux; Android 5.0) AppleWebKit/537.36 (KHTML, like Gecko) Mobile Safari/537.36 (compatible; Bytespider; spider-feedback@bytedance.com)"
47.128.58.251 - - [27/Apr/2026:13:15:46 +0000] "GET /wp-content/themes/essence-pro/lib/gutenberg/front-end.css?ver=1.1.0 HTTP/1.1" 200 1712 "https://tophobbydrone.com/about/?amp" "Mozilla/5.0 (Linux; Android 5.0) AppleWebKit/537.36 (KHTML, like Gecko) Mobile Safari/537.36 (compatible; Bytespider; spider-feedback@bytedance.com)"
47.128.58.251 - - [27/Apr/2026:13:15:46 +0000] "GET /wp-content/plugins/simple-social-icons/symbol-defs.svg HTTP/1.1" 206 500 "https://tophobbydrone.com/about/?amp" "Mozilla/5.0 (Linux; Android 5.0) AppleWebKit/537.36 (KHTML, like Gecko) Mobile Safari/537.36 (compatible; Bytespider; spider-feedback@bytedance.com)"
47.128.58.251 - - [27/Apr/2026:13:15:46 +0000] "GET /wp-content/uploads/2020/02/drone.jpg HTTP/1.1" 206 500 "https://tophobbydrone.com/about/?amp" "Mozilla/5.0 (Linux; Android 5.0) AppleWebKit/537.36 (KHTML, like Gecko) Mobile Safari/537.36 (compatible; Bytespider; spider-feedback@bytedance.com)"
110.249.202.24 - - [27/Apr/2026:13:15:46 +0000] "GET /robots.txt HTTP/1.1" 200 144 "-" "Mozilla/5.0 (Linux; Android 5.0) AppleWebKit/537.36 (KHTML, like Gecko) Mobile Safari/537.36 (compatible; Bytespider; https://zhanzhang.toutiao.com/)"
47.128.58.251 - - [27/Apr/2026:13:15:47 +0000] "GET /wp-content/plugins/simple-social-icons/symbol-defs.svg HTTP/1.1" 200 17203 "https://tophobbydrone.com/about/?amp" "Mozilla/5.0 (Linux; Android 5.0) AppleWebKit/537.36 (KHTML, like Gecko) Mobile Safari/537.36 (compatible; Bytespider; spider-feedback@bytedance.com)"
47.128.58.251 - - [27/Apr/2026:13:15:47 +0000] "GET /wp-content/uploads/2020/02/drone.jpg HTTP/1.1" 304 - "https://tophobbydrone.com/about/?amp" "Mozilla/5.0 (Linux; Android 5.0) AppleWebKit/537.36 (KHTML, like Gecko) Mobile Safari/537.36 (compatible; Bytespider; spider-feedback@bytedance.com)"
47.128.58.251 - - [27/Apr/2026:13:15:47 +0000] "GET /wp-content/uploads/2020/02/drone.jpg HTTP/1.1" 206 95900 "https://tophobbydrone.com/about/?amp" "Mozilla/5.0 (Linux; Android 5.0) AppleWebKit/537.36 (KHTML, like Gecko) Mobile Safari/537.36 (compatible; Bytespider; spider-feedback@bytedance.com)"
111.225.149.25 - - [27/Apr/2026:13:16:09 +0000] "GET / HTTP/1.1" 200 11120 "-" "Mozilla/5.0 (Linux; Android 5.0) AppleWebKit/537.36 (KHTML, like Gecko) Mobile Safari/537.36 (compatible; Bytespider; https://zhanzhang.toutiao.com/)"
111.225.149.25 - - [27/Apr/2026:13:16:11 +0000] "GET /wp-content/themes/essence-pro/style-front.css?ver=1.1.0 HTTP/1.1" 200 1409 "https://tophobbydrone.com/" "Mozilla/5.0 (Linux; Android 5.0) AppleWebKit/537.36 (KHTML, like Gecko) Mobile Safari/537.36 (compatible; Bytespider; https://zhanzhang.toutiao.com/)"
111.225.149.25 - - [27/Apr/2026:13:16:11 +0000] "GET /wp-content/themes/genesis/lib/js/menu/superfish.min.js?ver=1.7.10 HTTP/1.1" 200 1894 "https://tophobbydrone.com/" "Mozilla/5.0 (Linux; Android 5.0) AppleWebKit/537.36 (KHTML, like Gecko) Mobile Safari/537.36 (compatible; Bytespider; https://zhanzhang.toutiao.com/)"
111.225.149.25 - - [27/Apr/2026:13:16:11 +0000] "GET /wp-content/themes/genesis/lib/js/menu/superfish.args.min.js?ver=3.6.2 HTTP/1.1" 200 124 "https://tophobbydrone.com/" "Mozilla/5.0 (Linux; Android 5.0) AppleWebKit/537.36 (KHTML, like Gecko) Mobile Safari/537.36 (compatible; Bytespider; https://zhanzhang.toutiao.com/)"
111.225.149.25 - - [27/Apr/2026:13:16:11 +0000] "GET /wp-content/themes/essence-pro/js/jquery.matchHeight.min.js?ver=1.1.0 HTTP/1.1" 200 1553 "https://tophobbydrone.com/" "Mozilla/5.0 (Linux; Android 5.0) AppleWebKit/537.36 (KHTML, like Gecko) Mobile Safari/537.36 (compatible; Bytespider; https://zhanzhang.toutiao.com/)"
111.225.149.44 - - [27/Apr/2026:13:16:12 +0000] "GET /wp-content/themes/essence-pro/js/global.js?ver=1.1.0 HTTP/1.1" 200 534 "https://tophobbydrone.com/" "Mozilla/5.0 (Linux; Android 5.0) AppleWebKit/537.36 (KHTML, like Gecko) Mobile Safari/537.36 (compatible; Bytespider; https://zhanzhang.toutiao.com/)"
111.225.149.114 - - [27/Apr/2026:13:16:12 +0000] "GET /wp-content/themes/genesis/lib/js/skip-links.min.js?ver=3.6.2 HTTP/1.1" 200 238 "https://tophobbydrone.com/" "Mozilla/5.0 (Linux; Android 5.0) AppleWebKit/537.36 (KHTML, like Gecko) Mobile Safari/537.36 (compatible; Bytespider; https://zhanzhang.toutiao.com/)"
111.225.149.44 - - [27/Apr/2026:13:16:12 +0000] "GET /wp-content/plugins/simple-social-icons/symbol-defs.svg HTTP/1.1" 206 500 "https://tophobbydrone.com/" "Mozilla/5.0 (Linux; Android 5.0) AppleWebKit/537.36 (KHTML, like Gecko) Mobile Safari/537.36 (compatible; Bytespider; https://zhanzhang.toutiao.com/)"
111.225.149.44 - - [27/Apr/2026:13:16:12 +0000] "GET /wp-content/plugins/simple-social-icons/symbol-defs.svg HTTP/1.1" 200 17203 "https://tophobbydrone.com/" "Mozilla/5.0 (Linux; Android 5.0) AppleWebKit/537.36 (KHTML, like Gecko) Mobile Safari/537.36 (compatible; Bytespider; https://zhanzhang.toutiao.com/)"
111.225.149.90 - - [27/Apr/2026:13:16:12 +0000] "GET /wp-content/plugins/google-site-kit/dist/assets/js/googlesitekit-consent-mode-bc2e26cfa69fcd4a8261.js HTTP/1.1" 200 25395 "https://tophobbydrone.com/" "Mozilla/5.0 (Linux; Android 5.0) AppleWebKit/537.36 (KHTML, like Gecko) Mobile Safari/537.36 (compatible; Bytespider; https://zhanzhang.toutiao.com/)"
111.225.149.7 - - [27/Apr/2026:13:16:13 +0000] "GET /wp-content/themes/essence-pro/js/responsive-menus.min.js?ver=1.1.0 HTTP/1.1" 200 1420 "https://tophobbydrone.com/" "Mozilla/5.0 (Linux; Android 5.0) AppleWebKit/537.36 (KHTML, like Gecko) Mobile Safari/537.36 (compatible; Bytespider; https://zhanzhang.toutiao.com/)"
111.225.149.25 - - [27/Apr/2026:13:16:13 +0000] "GET /wp-content/plugins/wp-consent-api/assets/js/wp-consent-api.min.js?ver=2.0.1 HTTP/1.1" 200 822 "https://tophobbydrone.com/" "Mozilla/5.0 (Linux; Android 5.0) AppleWebKit/537.36 (KHTML, like Gecko) Mobile Safari/537.36 (compatible; Bytespider; https://zhanzhang.toutiao.com/)"
114.119.133.134 - - [27/Apr/2026:13:17:11 +0000] "GET /fly-like-a-pro-the-top-10-most-popular-hobby-drones-of-the-year-revealed/?noamp=mobile HTTP/1.1" 200 18439 "https://tophobbydrone.com/fly-like-a-pro-the-top-10-most-popular-hobby-drones-of-the-year-revealed/?noamp=mobile" "Mozilla/5.0 (Linux; Android 7.0;) AppleWebKit/537.36 (HTML, like Gecko) Mobile Safari/537.36 (compatible; PetalBot;+https://webmaster.petalsearch.com/site/petalbot)"
192.0.84.117 - - [27/Apr/2026:13:17:24 +0000] "HEAD / HTTP/1.1" 200 - "-" "jetmon/1.0 (Jetpack Site Uptime Monitor by WordPress.com)"
195.178.110.105 - - [27/Apr/2026:13:17:43 +0000] "GET /.env.staging HTTP/1.1" 404 38709 "-" "Mozilla/5.0 (compatible; SecurityScanner/1.0)"
195.178.110.105 - - [27/Apr/2026:13:17:43 +0000] "GET /%70%68%70.%70%68%70 HTTP/1.1" 404 38698 "-" "Mozilla/5.0 (Windows NT 10.0; Win64; x64) AppleWebKit/537.36 (KHTML, like Gecko) Chrome/120.0.0.0 Safari/537.36"
195.178.110.105 - - [27/Apr/2026:13:17:43 +0000] "GET /debug.php HTTP/1.1" 404 38706 "-" "Mozilla/5.0 (X11; Linux x86_64) AppleWebKit/537.36 (KHTML, like Gecko) Chrome/120.0.0.0 Safari/537.36"
195.178.110.105 - - [27/Apr/2026:13:17:43 +0000] "GET /.%68%74%70%61%73%73%77%64 HTTP/1.1" 404 38698 "-" "Mozilla/5.0 (Macintosh; Intel Mac OS X 10_15_7) AppleWebKit/537.36 (KHTML, like Gecko) Chrome/120.0.0.0 Safari/537.36"
195.178.110.105 - - [27/Apr/2026:13:17:44 +0000] "GET /php-info.php HTTP/1.1" 404 38709 "-" "Mozilla/5.0 (Windows NT 10.0; Win64; x64; rv:121.0) Gecko/20100101 Firefox/121.0"
195.178.110.105 - - [27/Apr/2026:13:17:43 +0000] "GET /%74%65%73%74.%70%68%70 HTTP/1.1" 404 38698 "-" "Mozilla/5.0 (Windows NT 10.0; Win64; x64) AppleWebKit/537.36 (KHTML, like Gecko) Chrome/120.0.0.0 Safari/537.36"
195.178.110.105 - - [27/Apr/2026:13:17:44 +0000] "GET /.%65%6Ev.%6C%6F%63%61%6C HTTP/1.1" 404 38700 "-" "Mozilla/5.0 (Windows NT 10.0; Win64; x64) AppleWebKit/537.36 (KHTML, like Gecko) Chrome/120.0.0.0 Safari/537.36"
195.178.110.105 - - [27/Apr/2026:13:17:44 +0000] "GET /.%65%6Ev.%70%72%6F%64 HTTP/1.1" 404 38700 "-" "Mozilla/5.0 (Macintosh; Intel Mac OS X 10_15_7) AppleWebKit/537.36 (KHTML, like Gecko) Chrome/120.0.0.0 Safari/537.36"
195.178.110.105 - - [27/Apr/2026:13:17:44 +0000] "GET /.%65%6Ev.%70%72%6F%64%75%63%74%69%6F%6E HTTP/1.1" 404 38700 "-" "Mozilla/5.0 (X11; Linux x86_64) AppleWebKit/537.36 (KHTML, like Gecko) Chrome/120.0.0.0 Safari/537.36"
195.178.110.105 - - [27/Apr/2026:13:17:44 +0000] "GET /.composer/auth.json HTTP/1.1" 404 38716 "-" "Mozilla/5.0 (Windows NT 10.0; Win64; x64; rv:121.0) Gecko/20100101 Firefox/121.0"
114.119.158.151 - - [27/Apr/2026:13:19:54 +0000] "GET /capturing-amazing-aerial-photos-and-videos?share=facebook&amp HTTP/1.1" 302 - "https://tophobbydrone.com/category/drone-photography-and-videography?amp" "Mozilla/5.0 (Linux; Android 7.0;) AppleWebKit/537.36 (HTML, like Gecko) Mobile Safari/537.36 (compatible; PetalBot;+https://webmaster.petalsearch.com/site/petalbot)"
184.94.212.206 - - [27/Apr/2026:13:20:53 +0000] "POST /wp-cron.php?doing_wp_cron=1777296053.1883080005645751953125 HTTP/1.1" 200 - "-" "WordPress/6.9.4; https://tophobbydrone.com"
195.178.110.105 - - [27/Apr/2026:13:20:51 +0000] "GET /php.php HTTP/1.1" 404 38759 "-" "Mozilla/5.0 (compatible; SecurityScanner/1.0)"
195.178.110.105 - - [27/Apr/2026:13:20:51 +0000] "GET /phpinfo.php HTTP/1.1" 404 38763 "-" "Mozilla/5.0 (Windows NT 10.0; Win64; x64) AppleWebKit/537.36 (KHTML, like Gecko) Chrome/120.0.0.0 Safari/537.36"
195.178.110.105 - - [27/Apr/2026:13:20:51 +0000] "GET /.env.local HTTP/1.1" 404 38762 "-" "Mozilla/5.0 (Windows NT 10.0; Win64; x64) AppleWebKit/537.36 (KHTML, like Gecko) Chrome/120.0.0.0 Safari/537.36"
195.178.110.105 - - [27/Apr/2026:13:20:51 +0000] "GET /.docker/config.json HTTP/1.1" 404 38771 "-" "Mozilla/5.0 (Windows NT 10.0; Win64; x64) AppleWebKit/537.36 (KHTML, like Gecko) Chrome/120.0.0.0 Safari/537.36"
195.178.110.105 - - [27/Apr/2026:13:20:51 +0000] "GET /.env.prod HTTP/1.1" 404 38761 "-" "Mozilla/5.0 (compatible; SecurityScanner/1.0)"
195.178.110.105 - - [27/Apr/2026:13:20:51 +0000] "GET /test.php HTTP/1.1" 404 38760 "-" "Mozilla/5.0 (compatible; SecurityScanner/1.0)"
195.178.110.105 - - [27/Apr/2026:13:20:51 +0000] "GET /.env HTTP/1.1" 404 38756 "-" "Mozilla/5.0 (Windows NT 10.0; Win64; x64; rv:121.0) Gecko/20100101 Firefox/121.0"
195.178.110.105 - - [27/Apr/2026:13:20:51 +0000] "GET /.aws/config HTTP/1.1" 404 38763 "-" "Mozilla/5.0 (X11; Linux x86_64) AppleWebKit/537.36 (KHTML, like Gecko) Chrome/120.0.0.0 Safari/537.36"
195.178.110.105 - - [27/Apr/2026:13:20:51 +0000] "GET /.aws/credentials HTTP/1.1" 404 38768 "-" "Mozilla/5.0 (X11; Linux x86_64) AppleWebKit/537.36 (KHTML, like Gecko) Chrome/120.0.0.0 Safari/537.36"
195.178.110.105 - - [27/Apr/2026:13:20:51 +0000] "GET / HTTP/1.1" 200 47439 "-" "Mozilla/5.0 (X11; Linux x86_64) AppleWebKit/537.36 (KHTML, like Gecko) Chrome/120.0.0.0 Safari/537.36"
195.178.110.105 - - [27/Apr/2026:13:20:51 +0000] "GET /.env.production HTTP/1.1" 404 38767 "-" "Mozilla/5.0 (X11; Linux x86_64) AppleWebKit/537.36 (KHTML, like Gecko) Chrome/120.0.0.0 Safari/537.36"
195.178.110.105 - - [27/Apr/2026:13:20:51 +0000] "GET /.%61%77%73/%63%72%65%64%65%6E%74%69%61%6C%73 HTTP/1.1" 404 38754 "-" "Mozilla/5.0 (Macintosh; Intel Mac OS X 10_15_7) AppleWebKit/537.36 (KHTML, like Gecko) Chrome/120.0.0.0 Safari/537.36"
195.178.110.105 - - [27/Apr/2026:13:20:51 +0000] "GET /%70%68%70%69%6E%66%6F.%70%68%70 HTTP/1.1" 404 38753 "-" "Mozilla/5.0 (compatible; SecurityScanner/1.0)"
195.178.110.105 - - [27/Apr/2026:13:20:51 +0000] "GET /.%61%77%73/%63%6F%6E%66%69%67 HTTP/1.1" 404 38754 "-" "Mozilla/5.0 (X11; Linux x86_64) AppleWebKit/537.36 (KHTML, like Gecko) Chrome/120.0.0.0 Safari/537.36"
195.178.110.105 - - [27/Apr/2026:13:20:51 +0000] "GET /info.php HTTP/1.1" 404 38760 "-" "Mozilla/5.0 (Macintosh; Intel Mac OS X 10_15_7) AppleWebKit/537.36 (KHTML, like Gecko) Chrome/120.0.0.0 Safari/537.36"
216.73.216.183 - - [27/Apr/2026:13:21:18 +0000] "GET /robots.txt HTTP/1.1" 200 144 "-" "Mozilla/5.0 AppleWebKit/537.36 (KHTML, like Gecko; compatible; ClaudeBot/1.0; +claudebot@anthropic.com)"
216.73.216.183 - - [27/Apr/2026:13:21:19 +0000] "GET /capturing-amazing-aerial-photos-and-videos/ HTTP/1.1" 200 15136 "-" "Mozilla/5.0 AppleWebKit/537.36 (KHTML, like Gecko; compatible; ClaudeBot/1.0; +claudebot@anthropic.com)"
192.0.84.117 - - [27/Apr/2026:13:22:24 +0000] "HEAD / HTTP/1.1" 200 - "-" "jetmon/1.0 (Jetpack Site Uptime Monitor by WordPress.com)"
114.119.146.109 - - [27/Apr/2026:13:22:34 +0000] "GET /fly-like-a-pro-the-top-10-most-popular-hobby-drones-of-the-year-revealed/?share=twitter HTTP/1.1" 302 - "https://tophobbydrone.com/fly-like-a-pro-the-top-10-most-popular-hobby-drones-of-the-year-revealed/" "Mozilla/5.0 (Linux; Android 7.0;) AppleWebKit/537.36 (HTML, like Gecko) Mobile Safari/537.36 (compatible; PetalBot;+https://webmaster.petalsearch.com/site/petalbot)"
216.73.216.183 - - [27/Apr/2026:13:24:32 +0000] "GET /ftc-statement/ HTTP/1.1" 200 11493 "-" "Mozilla/5.0 AppleWebKit/537.36 (KHTML, like Gecko; compatible; ClaudeBot/1.0; +claudebot@anthropic.com)"
184.94.212.206 - - [27/Apr/2026:13:25:18 +0000] "POST /wp-cron.php?doing_wp_cron=1777296318.5355811119079589843750 HTTP/1.1" 200 - "-" "WordPress/6.9.4; https://tophobbydrone.com"
114.119.146.109 - - [27/Apr/2026:13:25:17 +0000] "GET /when-you-want-to-learn-about-hobbies-read-this/?noamp=mobile HTTP/1.1" 200 16056 "https://tophobbydrone.com/when-you-want-to-learn-about-hobbies-read-this/?noamp=mobile" "Mozilla/5.0 (Linux; Android 7.0;) AppleWebKit/537.36 (HTML, like Gecko) Mobile Safari/537.36 (compatible; PetalBot;+https://webmaster.petalsearch.com/site/petalbot)"
192.0.84.117 - - [27/Apr/2026:13:27:23 +0000] "HEAD / HTTP/1.1" 200 - "-" "jetmon/1.0 (Jetpack Site Uptime Monitor by WordPress.com)"
114.119.146.219 - - [27/Apr/2026:13:27:57 +0000] "GET /hobbies-are-what-make-people-who-they-are HTTP/1.1" 301 - "-" "Mozilla/5.0 (Linux; Android 7.0;) AppleWebKit/537.36 (HTML, like Gecko) Mobile Safari/537.36 (compatible; PetalBot;+https://webmaster.petalsearch.com/site/petalbot)"
114.119.146.219 - - [27/Apr/2026:13:27:58 +0000] "GET /hobbies-are-what-make-people-who-they-are-2/ HTTP/1.1" 200 14304 "https://tophobbydrone.com/hobbies-are-what-make-people-who-they-are" "Mozilla/5.0 (Linux; Android 7.0;) AppleWebKit/537.36 (HTML, like Gecko) Mobile Safari/537.36 (compatible; PetalBot;+https://webmaster.petalsearch.com/site/petalbot)"
65.254.225.223 - - [27/Apr/2026:13:29:35 +0000] "GET /wp-login.php HTTP/1.1" 200 4391 "-" "Mozilla/5.0 (Macintosh; Intel Mac OS X 10_13_2) AppleWebKit/537.36 (KHTML, like Gecko) Chrome/65.0.3325.181 Safari/537.36"
65.254.225.223 - - [27/Apr/2026:13:29:36 +0000] "POST /wp-login.php HTTP/1.1" 200 4391 "https://tophobbydrone.com/wp-login.php" "Mozilla/5.0 (Macintosh; Intel Mac OS X 10_13_2) AppleWebKit/537.36 (KHTML, like Gecko) Chrome/65.0.3325.181 Safari/537.36"
184.94.212.206 - - [27/Apr/2026:13:30:44 +0000] "POST /wp-cron.php?doing_wp_cron=1777296644.1839909553527832031250 HTTP/1.1" 200 - "-" "WordPress/6.9.4; https://tophobbydrone.com"
114.119.140.13 - - [27/Apr/2026:13:30:42 +0000] "GET /copyright-dcma-notice?noamp=mobile HTTP/1.1" 301 - "https://tophobbydrone.com/copyright-dcma-notice?amp" "Mozilla/5.0 (Linux; Android 7.0;) AppleWebKit/537.36 (HTML, like Gecko) Mobile Safari/537.36 (compatible; PetalBot;+https://webmaster.petalsearch.com/site/petalbot)"
114.119.140.13 - - [27/Apr/2026:13:30:44 +0000] "GET /copyright-dcma-notice/?noamp=mobile HTTP/1.1" 200 13819 "https://tophobbydrone.com/copyright-dcma-notice?amp" "Mozilla/5.0 (Linux; Android 7.0;) AppleWebKit/537.36 (HTML, like Gecko) Mobile Safari/537.36 (compatible; PetalBot;+https://webmaster.petalsearch.com/site/petalbot)"
173.239.213.75 - - [27/Apr/2026:13:31:44 +0000] "POST /wp-login.php HTTP/1.1" 401 3452 "-" "Mozilla/5.0"
192.0.84.117 - - [27/Apr/2026:13:32:22 +0000] "HEAD / HTTP/1.1" 200 - "-" "jetmon/1.0 (Jetpack Site Uptime Monitor by WordPress.com)"
114.119.140.13 - - [27/Apr/2026:13:33:22 +0000] "GET /category/drone-photography-and-videography?noamp=mobile HTTP/1.1" 301 - "https://tophobbydrone.com/category/drone-photography-and-videography?noamp=mobile" "Mozilla/5.0 (Linux; Android 7.0;) AppleWebKit/537.36 (HTML, like Gecko) Mobile Safari/537.36 (compatible; PetalBot;+https://webmaster.petalsearch.com/site/petalbot)"
114.119.140.13 - - [27/Apr/2026:13:33:23 +0000] "GET /category/drone-photography-and-videography/?noamp=mobile HTTP/1.1" 200 13572 "https://tophobbydrone.com/category/drone-photography-and-videography?noamp=mobile" "Mozilla/5.0 (Linux; Android 7.0;) AppleWebKit/537.36 (HTML, like Gecko) Mobile Safari/537.36 (compatible; PetalBot;+https://webmaster.petalsearch.com/site/petalbot)"
184.94.212.206 - - [27/Apr/2026:13:36:06 +0000] "POST /wp-cron.php?doing_wp_cron=1777296966.7439999580383300781250 HTTP/1.1" 200 - "-" "WordPress/6.9.4; https://tophobbydrone.com"
114.119.155.153 - - [27/Apr/2026:13:36:05 +0000] "GET /tips-for-choosing-hobby-drones/?noamp=mobile HTTP/1.1" 200 13360 "https://tophobbydrone.com/tips-for-choosing-hobby-drones/?noamp=mobile" "Mozilla/5.0 (Linux; Android 7.0;) AppleWebKit/537.36 (HTML, like Gecko) Mobile Safari/537.36 (compatible; PetalBot;+https://webmaster.petalsearch.com/site/petalbot)"
192.0.84.117 - - [27/Apr/2026:13:37:23 +0000] "HEAD / HTTP/1.1" 200 - "-" "jetmon/1.0 (Jetpack Site Uptime Monitor by WordPress.com)"
114.119.133.134 - - [27/Apr/2026:13:38:49 +0000] "GET /hobbies-are-what-make-people-who-they-are-2?share=facebook&amp HTTP/1.1" 302 - "https://tophobbydrone.com/hobbies-are-what-make-people-who-they-are-2?amp" "Mozilla/5.0 (Linux; Android 7.0;) AppleWebKit/537.36 (HTML, like Gecko) Mobile Safari/537.36 (compatible; PetalBot;+https://webmaster.petalsearch.com/site/petalbot)"
188.161.50.167 - - [27/Apr/2026:13:39:57 +0000] "GET /author/h0tn1ch3s/ HTTP/1.1" 200 25068 "-" "Mozilla/5.0 (Windows NT 10.0; Win64; x64) AppleWebKit/537.36 (KHTML, like Gecko) Brave Chrome/79.0.3945.88 Safari/537.36"
184.94.212.206 - - [27/Apr/2026:13:41:42 +0000] "POST /wp-cron.php?doing_wp_cron=1777297302.0685400962829589843750 HTTP/1.1" 200 - "-" "WordPress/6.9.4; https://tophobbydrone.com"
114.119.145.7 - - [27/Apr/2026:13:41:40 +0000] "GET /fly-like-a-pro-the-top-10-most-popular-hobby-drones-of-the-year-revealed/yuneec-typhoon-h-plus?amp HTTP/1.1" 301 - "https://tophobbydrone.com/author/thesilentwhisperer?amp" "Mozilla/5.0 (Linux; Android 7.0;) AppleWebKit/537.36 (HTML, like Gecko) Mobile Safari/537.36 (compatible; PetalBot;+https://webmaster.petalsearch.com/site/petalbot)"
114.119.145.7 - - [27/Apr/2026:13:41:42 +0000] "GET /wp-content/uploads/2023/02/Yuneec-Typhoon-H-Plus-e1677095575294.jpg HTTP/1.1" 200 12125 "https://tophobbydrone.com/author/thesilentwhisperer?amp" "Mozilla/5.0 (Linux; Android 7.0;) AppleWebKit/537.36 (HTML, like Gecko) Mobile Safari/537.36 (compatible; PetalBot;+https://webmaster.petalsearch.com/site/petalbot)"
192.0.84.117 - - [27/Apr/2026:13:42:22 +0000] "HEAD / HTTP/1.1" 200 - "-" "jetmon/1.0 (Jetpack Site Uptime Monitor by WordPress.com)"
114.119.158.151 - - [27/Apr/2026:13:44:50 +0000] "GET /fly-like-a-pro-the-top-10-most-popular-hobby-drones-of-the-year-revealed/?share=facebook&amp HTTP/1.1" 302 - "https://tophobbydrone.com/author/thesilentwhisperer/?amp" "Mozilla/5.0 (Linux; Android 7.0;) AppleWebKit/537.36 (HTML, like Gecko) Mobile Safari/537.36 (compatible; PetalBot;+https://webmaster.petalsearch.com/site/petalbot)"
184.94.212.206 - - [27/Apr/2026:13:47:19 +0000] "POST /wp-cron.php?doing_wp_cron=1777297639.4513421058654785156250 HTTP/1.1" 200 - "-" "WordPress/6.9.4; https://tophobbydrone.com"
114.119.133.134 - - [27/Apr/2026:13:47:17 +0000] "GET /which-hobby-is-the-right-one-for-you/?share=twitter&noamp=mobile HTTP/1.1" 302 - "https://tophobbydrone.com/which-hobby-is-the-right-one-for-you/?share=twitter&amp" "Mozilla/5.0 (Linux; Android 7.0;) AppleWebKit/537.36 (HTML, like Gecko) Mobile Safari/537.36 (compatible; PetalBot;+https://webmaster.petalsearch.com/site/petalbot)"
192.0.84.117 - - [27/Apr/2026:13:47:23 +0000] "HEAD / HTTP/1.1" 200 - "-" "jetmon/1.0 (Jetpack Site Uptime Monitor by WordPress.com)"
114.119.146.109 - - [27/Apr/2026:13:49:48 +0000] "GET /finding-the-easiest-drone-to-fly/?share=twitter&noamp=mobile HTTP/1.1" 302 - "https://tophobbydrone.com/finding-the-easiest-drone-to-fly/?share=twitter&amp" "Mozilla/5.0 (Linux; Android 7.0;) AppleWebKit/537.36 (HTML, like Gecko) Mobile Safari/537.36 (compatible; PetalBot;+https://webmaster.petalsearch.com/site/petalbot)"
182.138.158.28 - - [27/Apr/2026:13:49:51 +0000] "GET /user/umi.min.js HTTP/1.1" 301 - "https://duckduckgo.com/" "Mozilla/5.0 (Macintosh; Intel Mac OS X 10_15_7) AppleWebKit/537.36 (KHTML, like Gecko) Chrome/121.0.0.0 Safari/537.36"
123.139.42.23 - - [27/Apr/2026:13:49:52 +0000] "GET /user/umi.min.js HTTP/1.1" 404 9324 "-" "Mozilla/5.0 (Windows NT 10.0; Win64; x64; rv:122.0) Gecko/20100101 Firefox/122.0"
184.94.212.206 - - [27/Apr/2026:13:50:17 +0000] "POST /wp-cron.php?doing_wp_cron=1777297817.2896459102630615234375 HTTP/1.1" 200 - "-" "WordPress/6.9.4; https://tophobbydrone.com"
173.239.213.43 - - [27/Apr/2026:13:50:15 +0000] "POST /wp-login.php HTTP/1.1" 401 3451 "-" "Mozilla/5.0"
192.0.84.117 - - [27/Apr/2026:13:52:22 +0000] "HEAD / HTTP/1.1" 200 - "-" "jetmon/1.0 (Jetpack Site Uptime Monitor by WordPress.com)"
184.94.212.206 - - [27/Apr/2026:13:55:17 +0000] "POST /wp-cron.php?doing_wp_cron=1777298117.1916460990905761718750 HTTP/1.1" 200 - "-" "WordPress/6.9.4; https://tophobbydrone.com"
114.119.146.219 - - [27/Apr/2026:13:55:15 +0000] "GET /terms-of-use/?share=twitter&amp HTTP/1.1" 302 - "https://tophobbydrone.com/terms-of-use/?share=twitter" "Mozilla/5.0 (Linux; Android 7.0;) AppleWebKit/537.36 (HTML, like Gecko) Mobile Safari/537.36 (compatible; PetalBot;+https://webmaster.petalsearch.com/site/petalbot)"
192.0.84.117 - - [27/Apr/2026:13:57:22 +0000] "HEAD / HTTP/1.1" 200 - "-" "jetmon/1.0 (Jetpack Site Uptime Monitor by WordPress.com)"
114.119.155.153 - - [27/Apr/2026:13:58:07 +0000] "GET /diy-drone-kit-options-can-save-you-money?noamp=mobile HTTP/1.1" 301 - "https://tophobbydrone.com/diy-drone-kit-options-can-save-you-money?amp" "Mozilla/5.0 (Linux; Android 7.0;) AppleWebKit/537.36 (HTML, like Gecko) Mobile Safari/537.36 (compatible; PetalBot;+https://webmaster.petalsearch.com/site/petalbot)"
114.119.155.153 - - [27/Apr/2026:13:58:08 +0000] "GET /diy-drone-kit-options-can-save-you-money/?noamp=mobile HTTP/1.1" 200 12969 "https://tophobbydrone.com/diy-drone-kit-options-can-save-you-money?amp" "Mozilla/5.0 (Linux; Android 7.0;) AppleWebKit/537.36 (HTML, like Gecko) Mobile Safari/537.36 (compatible; PetalBot;+https://webmaster.petalsearch.com/site/petalbot)"
184.94.212.206 - - [27/Apr/2026:14:01:21 +0000] "POST /wp-cron.php?doing_wp_cron=1777298481.1623699665069580078125 HTTP/1.1" 200 - "-" "WordPress/6.9.4; https://tophobbydrone.com"
114.119.158.151 - - [27/Apr/2026:14:01:19 +0000] "GET /adsense-disclaimer/?share=x HTTP/1.1" 302 - "https://tophobbydrone.com/adsense-disclaimer?amp" "Mozilla/5.0 (Linux; Android 7.0;) AppleWebKit/537.36 (HTML, like Gecko) Mobile Safari/537.36 (compatible; PetalBot;+https://webmaster.petalsearch.com/site/petalbot)"
192.0.84.117 - - [27/Apr/2026:14:02:26 +0000] "HEAD / HTTP/1.1" 200 - "-" "jetmon/1.0 (Jetpack Site Uptime Monitor by WordPress.com)"
98.130.43.189 - - [27/Apr/2026:14:02:31 +0000] "GET /wp-login.php HTTP/1.1" 200 4389 "-" "Mozilla/4.0 (compatible; MSIE 7.0; Windows NT 6.1; WOW64; Trident/7.0; SLCC2; .NET CLR 2.0.50727; .NET CLR 3.5.30729; .NET CLR 3.0.30729; Media Center PC 6.0; InfoPath.3; .NET4.0C; .NET4.0E)"
98.130.43.189 - - [27/Apr/2026:14:02:33 +0000] "POST /wp-login.php HTTP/1.1" 200 4389 "https://tophobbydrone.com/wp-login.php" "Mozilla/4.0 (compatible; MSIE 7.0; Windows NT 6.1; WOW64; Trident/7.0; SLCC2; .NET CLR 2.0.50727; .NET CLR 3.5.30729; .NET CLR 3.0.30729; Media Center PC 6.0; InfoPath.3; .NET4.0C; .NET4.0E)"
114.119.146.109 - - [27/Apr/2026:14:04:01 +0000] "GET /adsense-disclaimer/?share=twitter HTTP/1.1" 302 - "https://tophobbydrone.com/adsense-disclaimer/?noamp=mobile" "Mozilla/5.0 (Linux; Android 7.0;) AppleWebKit/537.36 (HTML, like Gecko) Mobile Safari/537.36 (compatible; PetalBot;+https://webmaster.petalsearch.com/site/petalbot)"
184.94.212.206 - - [27/Apr/2026:14:06:28 +0000] "POST /wp-cron.php?doing_wp_cron=1777298788.8744399547576904296875 HTTP/1.1" 200 - "-" "WordPress/6.9.4; https://tophobbydrone.com"
114.119.155.153 - - [27/Apr/2026:14:06:27 +0000] "GET /when-you-want-to-learn-about-hobbies-read-this/?share=x HTTP/1.1" 302 - "https://tophobbydrone.com/when-you-want-to-learn-about-hobbies-read-this/?amp" "Mozilla/5.0 (Linux; Android 7.0;) AppleWebKit/537.36 (HTML, like Gecko) Mobile Safari/537.36 (compatible; PetalBot;+https://webmaster.petalsearch.com/site/petalbot)"
184.94.212.206 - - [27/Apr/2026:14:07:26 +0000] "POST /wp-cron.php?doing_wp_cron=1777298846.1083459854125976562500 HTTP/1.1" 200 - "-" "WordPress/6.9.4; https://tophobbydrone.com"
192.0.84.117 - - [27/Apr/2026:14:07:24 +0000] "HEAD / HTTP/1.1" 200 - "-" "jetmon/1.0 (Jetpack Site Uptime Monitor by WordPress.com)"
114.119.140.13 - - [27/Apr/2026:14:09:01 +0000] "GET /news-sitemap.xml HTTP/1.1" 200 312 "-" "Mozilla/5.0 (Linux; Android 7.0;) AppleWebKit/537.36 (HTML, like Gecko) Mobile Safari/537.36 (compatible; PetalBot;+https://webmaster.petalsearch.com/site/petalbot)"
173.239.213.70 - - [27/Apr/2026:14:09:07 +0000] "POST /wp-login.php HTTP/1.1" 401 3452 "-" "Mozilla/5.0"
184.94.212.206 - - [27/Apr/2026:14:11:44 +0000] "POST /wp-cron.php?doing_wp_cron=1777299104.2156178951263427734375 HTTP/1.1" 200 - "-" "WordPress/6.9.4; https://tophobbydrone.com"
114.119.158.151 - - [27/Apr/2026:14:11:42 +0000] "GET /capturing-amazing-aerial-photos-and-videos?share=x&amp HTTP/1.1" 302 - "https://tophobbydrone.com/category/drone-photography-and-videography?amp" "Mozilla/5.0 (Linux; Android 7.0;) AppleWebKit/537.36 (HTML, like Gecko) Mobile Safari/537.36 (compatible; PetalBot;+https://webmaster.petalsearch.com/site/petalbot)"
192.0.84.117 - - [27/Apr/2026:14:12:25 +0000] "HEAD / HTTP/1.1" 200 - "-" "jetmon/1.0 (Jetpack Site Uptime Monitor by WordPress.com)"
51.161.37.107 - - [27/Apr/2026:14:12:58 +0000] "GET /news-sitemap.xml HTTP/1.1" 200 312 "-" "Mozilla/5.0 (compatible; AhrefsBot/7.0; +http://ahrefs.com/robot/)"
144.76.32.238 - - [27/Apr/2026:14:13:06 +0000] "GET /robots.txt HTTP/1.1" 200 144 "-" "Mozilla/5.0 (compatible; SERankingBacklinksBot/1.0; +https://seranking.com/backlinks-crawler)"
144.76.32.238 - - [27/Apr/2026:14:13:08 +0000] "GET /know-all-you-can-about-hobbies-now-2/?amp HTTP/1.1" 404 9337 "-" "Mozilla/5.0 (compatible; SERankingBacklinksBot/1.0; +https://seranking.com/backlinks-crawler)"
142.93.103.145 - - [27/Apr/2026:14:16:50 +0000] "GET /wp-login.php HTTP/1.1" 200 4389 "-" "Mozilla/5.0 (Windows NT 10.0; WOW64; Trident/7.0; ASTE; rv:11.0) like Gecko"
142.93.103.145 - - [27/Apr/2026:14:16:52 +0000] "POST /wp-login.php HTTP/1.1" 200 4389 "https://tophobbydrone.com/wp-login.php" "Mozilla/5.0 (Windows NT 10.0; WOW64; Trident/7.0; ASTE; rv:11.0) like Gecko"
192.0.84.117 - - [27/Apr/2026:14:17:23 +0000] "HEAD / HTTP/1.1" 200 - "-" "jetmon/1.0 (Jetpack Site Uptime Monitor by WordPress.com)"
168.119.6.138 - - [27/Apr/2026:14:17:29 +0000] "GET /wp-login.php HTTP/1.1" 200 4389 "-" "Mozilla/4.0 (compatible; MSIE 7.0; Windows NT 6.2; WOW64; Trident/7.0; .NET4.0C; .NET4.0E; .NET CLR 2.0.50727; .NET CLR 3.0.30729; .NET CLR 3.5.30729)"
168.119.6.138 - - [27/Apr/2026:14:17:30 +0000] "POST /wp-login.php HTTP/1.1" 200 4389 "https://tophobbydrone.com/wp-login.php" "Mozilla/4.0 (compatible; MSIE 7.0; Windows NT 6.2; WOW64; Trident/7.0; .NET4.0C; .NET4.0E; .NET CLR 2.0.50727; .NET CLR 3.0.30729; .NET CLR 3.5.30729)"
17.246.19.124 - - [27/Apr/2026:14:21:02 +0000] "GET /wp-content/uploads/2023/02/Parrot-Anafi-USA-1-1-e1677096531516.jpg HTTP/1.1" 200 9842 "-" "Mozilla/5.0 (Macintosh; Intel Mac OS X 10_15_7) AppleWebKit/605.1.15 (KHTML, like Gecko) Version/17.4 Safari/605.1.15 (Applebot/0.1; +http://www.apple.com/go/applebot)"
172.98.32.29 - - [27/Apr/2026:14:23:06 +0000] "GET /wp-login.php HTTP/1.1" 500 1004 "-" "Mozilla/5.0"
188.40.30.21 - - [27/Apr/2026:14:24:14 +0000] "GET /wp-login.php HTTP/1.1" 200 2778 "-" "Mozilla/5.0 (X11; Linux x86_64) AppleWebKit/537.36 (KHTML, like Gecko) Chrome/66.0.3359.181 Safari/537.36"
188.40.30.21 - - [27/Apr/2026:14:24:17 +0000] "POST /wp-login.php HTTP/1.1" 401 1440 "https://tophobbydrone.com/wp-login.php" "Mozilla/5.0 (X11; Linux x86_64) AppleWebKit/537.36 (KHTML, like Gecko) Chrome/66.0.3359.181 Safari/537.36"
192.0.84.117 - - [27/Apr/2026:14:27:23 +0000] "HEAD / HTTP/1.1" 200 - "-" "jetmon/1.0 (Jetpack Site Uptime Monitor by WordPress.com)"
184.94.212.206 - - [27/Apr/2026:14:32:24 +0000] "POST /wp-cron.php?doing_wp_cron=1777300344.7127599716186523437500 HTTP/1.1" 200 - "-" "WordPress/6.9.4; https://tophobbydrone.com"
192.0.84.117 - - [27/Apr/2026:14:32:23 +0000] "HEAD / HTTP/1.1" 200 - "-" "jetmon/1.0 (Jetpack Site Uptime Monitor by WordPress.com)"
216.73.216.183 - - [27/Apr/2026:14:32:34 +0000] "GET /robots.txt HTTP/1.1" 200 144 "-" "Mozilla/5.0 AppleWebKit/537.36 (KHTML, like Gecko; compatible; ClaudeBot/1.0; +claudebot@anthropic.com)"
216.73.216.183 - - [27/Apr/2026:14:32:35 +0000] "GET /sitemap.xml HTTP/1.1" 200 306 "-" "Mozilla/5.0 AppleWebKit/537.36 (KHTML, like Gecko; compatible; ClaudeBot/1.0; +claudebot@anthropic.com)"
141.8.199.32 - - [27/Apr/2026:14:34:01 +0000] "GET / HTTP/1.1" 200 11120 "-" "Mozilla/5.0 (Windows NT 10.0; Win64; x64) AppleWebKit/537.37 (KHTML, like Gecko) Chrome/118.0.0.0 Safari/537.36"
184.94.212.206 - - [27/Apr/2026:14:37:26 +0000] "POST /wp-cron.php?doing_wp_cron=1777300646.7612540721893310546875 HTTP/1.1" 200 - "-" "WordPress/6.9.4; https://tophobbydrone.com"
192.0.84.117 - - [27/Apr/2026:14:37:25 +0000] "HEAD / HTTP/1.1" 200 - "-" "jetmon/1.0 (Jetpack Site Uptime Monitor by WordPress.com)"
103.255.190.237 - - [27/Apr/2026:14:38:53 +0000] "GET /wp-login.php HTTP/1.1" 200 2777 "-" "Mozilla/5.0 (Windows NT 6.1) AppleWebKit/537.36 (KHTML, like Gecko) Chrome/65.0.3325.181 Safari/537.36 OPR/52.0.2871.64"
103.255.190.237 - - [27/Apr/2026:14:39:04 +0000] "POST /wp-login.php HTTP/1.1" 401 1441 "https://tophobbydrone.com/wp-login.php" "Mozilla/5.0 (Windows NT 6.1) AppleWebKit/537.36 (KHTML, like Gecko) Chrome/65.0.3325.181 Safari/537.36 OPR/52.0.2871.64"
184.94.212.206 - - [27/Apr/2026:14:41:19 +0000] "POST /wp-cron.php?doing_wp_cron=1777300879.3749520778656005859375 HTTP/1.1" 200 - "-" "WordPress/6.9.4; https://tophobbydrone.com"
54.39.89.90 - - [27/Apr/2026:14:41:17 +0000] "GET /category/diy-kits/ HTTP/1.1" 200 13367 "-" "Mozilla/5.0 (compatible; AhrefsBot/7.0; +http://ahrefs.com/robot/)"
121.29.51.28 - - [27/Apr/2026:14:42:18 +0000] "GET / HTTP/1.1" 200 11120 "-" "Mozilla/5.0 (Macintosh; Intel Mac OS X 10_11) AppleWebKit/601.1.27 (KHTML, like Gecko) Chrome/47.0.2526.106 Safari/601.1.27"
192.0.84.117 - - [27/Apr/2026:14:42:22 +0000] "HEAD / HTTP/1.1" 200 - "-" "jetmon/1.0 (Jetpack Site Uptime Monitor by WordPress.com)"
17.241.219.110 - - [27/Apr/2026:14:42:43 +0000] "GET /robots.txt HTTP/1.1" 200 144 "-" "Mozilla/5.0 (Macintosh; Intel Mac OS X 10_15_7) AppleWebKit/605.1.15 (KHTML, like Gecko) Version/17.4 Safari/605.1.15 (Applebot/0.1; +http://www.apple.com/go/applebot)"
17.241.219.110 - - [27/Apr/2026:14:42:44 +0000] "GET /wp-content/uploads/2023/02/Syma-X5UW-D--e1677093367489.jpg HTTP/1.1" 200 11321 "-" "Mozilla/5.0 (Macintosh; Intel Mac OS X 10_15_7) AppleWebKit/605.1.15 (KHTML, like Gecko) Version/17.4 Safari/605.1.15 (Applebot/0.1; +http://www.apple.com/go/applebot)"
200.150.254.171 - - [27/Apr/2026:14:43:09 +0000] "GET /when-you-want-to-learn-about-hobbies-read-this/ HTTP/1.1" 200 16055 "-" "Mozilla/5.0 (Linux; Android 4.4.2) AppleWebKit/532.2 (KHTML, like Gecko) Chrome/56.0.811.0 Safari/532.2"
139.59.242.14 - - [27/Apr/2026:14:45:41 +0000] "GET /wp-login.php HTTP/1.1" 200 4389 "-" "Mozilla/5.0 (Macintosh; Intel Mac OS X 10_13_3) AppleWebKit/537.36 (KHTML, like Gecko) Chrome/67.0.3396.87 Safari/537.36"
17.241.227.184 - - [27/Apr/2026:14:45:51 +0000] "GET /wp-content/uploads/2020/04/have_questions_about_hobbies_this_article_has_answers.jpg HTTP/1.1" 200 97339 "-" "Mozilla/5.0 (Macintosh; Intel Mac OS X 10_15_7) AppleWebKit/605.1.15 (KHTML, like Gecko) Version/17.4 Safari/605.1.15 (Applebot/0.1; +http://www.apple.com/go/applebot)"
17.241.75.95 - - [27/Apr/2026:14:46:14 +0000] "GET /wp-content/uploads/2020/04/need_to_find_out_about_hobbies_read_this.jpg HTTP/1.1" 200 50229 "-" "Mozilla/5.0 (Macintosh; Intel Mac OS X 10_15_7) AppleWebKit/605.1.15 (KHTML, like Gecko) Version/17.4 Safari/605.1.15 (Applebot/0.1; +http://www.apple.com/go/applebot)"
192.0.84.117 - - [27/Apr/2026:14:47:22 +0000] "HEAD / HTTP/1.1" 200 - "-" "jetmon/1.0 (Jetpack Site Uptime Monitor by WordPress.com)"
121.29.51.28 - - [27/Apr/2026:14:47:23 +0000] "GET / HTTP/1.1" 200 11120 "-" "Dalvik/2.1.0 (Linux; U; Android 9.0; ZTE BA520 Build/MRA58K)"
17.246.23.232 - - [27/Apr/2026:14:50:03 +0000] "GET /wp-content/uploads/2020/04/what_to_consider_when_starting_a_new_hobby.jpg HTTP/1.1" 200 18845 "-" "Mozilla/5.0 (Macintosh; Intel Mac OS X 10_15_7) AppleWebKit/605.1.15 (KHTML, like Gecko) Version/17.4 Safari/605.1.15 (Applebot/0.1; +http://www.apple.com/go/applebot)"
184.94.212.206 - - [27/Apr/2026:14:52:05 +0000] "POST /wp-cron.php?doing_wp_cron=1777301525.2287108898162841796875 HTTP/1.1" 200 - "-" "WordPress/6.9.4; https://tophobbydrone.com"
183.134.40.82 - - [27/Apr/2026:14:52:03 +0000] "GET / HTTP/1.1" 200 11119 "-" "Dalvik/2.1.0 (Linux; U; Android 9.0; ZTE BA520 Build/MRA58K)"
