184.94.212.206 - - [27/Apr/2026:23:41:20 +0000] "POST /wp-cron.php?doing_wp_cron=1777333280.2361800670623779296875 HTTP/1.1" 200 - "-" "WordPress/6.9.4; https://tophobbydrone.com"
84.54.78.206 - - [27/Apr/2026:23:41:18 +0000] "GET /fly-like-a-pro-the-top-10-most-popular-hobby-drones-of-the-year-revealed/yuneec-typhoon-h-plus-2/ HTTP/1.1" 301 - "-" "Mozilla/5.0 (Macintosh; Intel Mac OS X 10_11_6) AppleWebKit/537.36 (KHTML, like Gecko) Brave Chrome/80.0.3987.116 Safari/537.36"
84.54.78.206 - - [27/Apr/2026:23:41:20 +0000] "GET /wp-content/uploads/2023/02/Yuneec-Typhoon-H-Plus--e1677095589388.jpg HTTP/1.1" 200 8986 "-" "Mozilla/5.0 (Macintosh; Intel Mac OS X 10_11_6) AppleWebKit/537.36 (KHTML, like Gecko) Brave Chrome/80.0.3987.116 Safari/537.36"
66.249.92.201 - - [27/Apr/2026:23:41:46 +0000] "GET /feed/ HTTP/1.1" 200 22659 "-" "FeedFetcher-Google; (+http://www.google.com/feedfetcher.html)"
203.89.108.87 - - [27/Apr/2026:23:42:11 +0000] "GET /wp-json/wp/v2/posts/408 HTTP/1.1" 200 8694 "-" "Mozilla/5.0 (Macintosh; Intel Mac OS X 10_15_7) AppleWebKit/537.36 (KHTML, like Gecko) Chrome/98.0.4758.109 Safari/537.36"
192.0.84.117 - - [27/Apr/2026:23:42:26 +0000] "HEAD / HTTP/1.1" 200 - "-" "jetmon/1.0 (Jetpack Site Uptime Monitor by WordPress.com)"
148.113.6.127 - - [27/Apr/2026:23:47:17 +0000] "GET /wp-login.php HTTP/1.1" 200 4388 "-" "Mozilla/5.0 (Windows NT 6.1; Win64; x64; Trident/7.0; managedpc; rv:11.0) like Gecko"
148.113.6.127 - - [27/Apr/2026:23:47:19 +0000] "POST /wp-login.php HTTP/1.1" 200 4388 "https://tophobbydrone.com/wp-login.php" "Mozilla/5.0 (Windows NT 6.1; Win64; x64; Trident/7.0; managedpc; rv:11.0) like Gecko"
184.94.212.206 - - [27/Apr/2026:23:47:23 +0000] "POST /wp-cron.php?doing_wp_cron=1777333643.9153370857238769531250 HTTP/1.1" 200 - "-" "WordPress/6.9.4; https://tophobbydrone.com"
192.0.84.117 - - [27/Apr/2026:23:47:23 +0000] "HEAD / HTTP/1.1" 200 - "-" "jetmon/1.0 (Jetpack Site Uptime Monitor by WordPress.com)"
17.246.19.174 - - [27/Apr/2026:23:50:08 +0000] "GET /everything_you_should_know_about_your_hobby-jpg/ HTTP/1.1" 301 - "-" "Mozilla/5.0 (Macintosh; Intel Mac OS X 10_15_7) AppleWebKit/605.1.15 (KHTML, like Gecko) Version/17.4 Safari/605.1.15 (Applebot/0.1; +http://www.apple.com/go/applebot)"
17.246.19.174 - - [27/Apr/2026:23:50:09 +0000] "GET /wp-content/uploads/2020/06/everything_you_should_know_about_your_hobby.jpg HTTP/1.1" 200 85285 "-" "Mozilla/5.0 (Macintosh; Intel Mac OS X 10_15_7) AppleWebKit/605.1.15 (KHTML, like Gecko) Version/17.4 Safari/605.1.15 (Applebot/0.1; +http://www.apple.com/go/applebot)"
103.124.95.161 - - [27/Apr/2026:23:50:09 +0000] "GET /wp-login.php HTTP/1.1" 200 4390 "-" "Mozilla/5.0 (Windows NT 6.3; WOW64; Trident/7.0; Touch; MASEJS; rv:11.0) like Gecko"
103.124.95.161 - - [27/Apr/2026:23:50:11 +0000] "POST /wp-login.php HTTP/1.1" 200 4390 "https://tophobbydrone.com/wp-login.php" "Mozilla/5.0 (Windows NT 6.3; WOW64; Trident/7.0; Touch; MASEJS; rv:11.0) like Gecko"
184.94.212.206 - - [27/Apr/2026:23:52:24 +0000] "POST /wp-cron.php?doing_wp_cron=1777333944.0365118980407714843750 HTTP/1.1" 200 - "-" "WordPress/6.9.4; https://tophobbydrone.com"
192.0.84.117 - - [27/Apr/2026:23:52:22 +0000] "HEAD / HTTP/1.1" 200 - "-" "jetmon/1.0 (Jetpack Site Uptime Monitor by WordPress.com)"
184.94.212.206 - - [27/Apr/2026:23:56:21 +0000] "POST /wp-cron.php?doing_wp_cron=1777334181.7978959083557128906250 HTTP/1.1" 200 - "-" "WordPress/6.9.4; https://tophobbydrone.com"
162.241.61.40 - - [27/Apr/2026:23:56:19 +0000] "GET /wp-login.php HTTP/1.1" 200 2780 "-" "Mozilla/5.0 (Windows NT 6.3; WOW64; Trident/7.0; MAPBJS; rv:11.0) like Gecko"
162.241.61.40 - - [27/Apr/2026:23:56:22 +0000] "POST /wp-login.php HTTP/1.1" 401 1440 "https://tophobbydrone.com/wp-login.php" "Mozilla/5.0 (Windows NT 6.3; WOW64; Trident/7.0; MAPBJS; rv:11.0) like Gecko"
41.196.200.193 - - [27/Apr/2026:23:56:28 +0000] "GET /wp-login.php HTTP/1.1" 200 4389 "-" "Mozilla/5.0 (Macintosh; Intel Mac OS X 10_10_5) AppleWebKit/537.36 (KHTML, like Gecko) Chrome/66.0.3359.139 Safari/537.36"
41.196.200.193 - - [27/Apr/2026:23:56:29 +0000] "POST /wp-login.php HTTP/1.1" 200 4389 "https://tophobbydrone.com/wp-login.php" "Mozilla/5.0 (Macintosh; Intel Mac OS X 10_10_5) AppleWebKit/537.36 (KHTML, like Gecko) Chrome/66.0.3359.139 Safari/537.36"
192.0.84.117 - - [27/Apr/2026:23:57:23 +0000] "HEAD / HTTP/1.1" 200 - "-" "jetmon/1.0 (Jetpack Site Uptime Monitor by WordPress.com)"
184.94.212.206 - - [27/Apr/2026:23:58:54 +0000] "POST /wp-cron.php?doing_wp_cron=1777334334.6990969181060791015625 HTTP/1.1" 200 - "-" "WordPress/6.9.4; https://tophobbydrone.com"
17.246.19.151 - - [27/Apr/2026:23:58:53 +0000] "GET /fly-like-a-pro-the-top-10-most-popular-hobby-drones-of-the-year-revealed/dji-mavic-air-2-4/?amp HTTP/1.1" 301 - "-" "Mozilla/5.0 (Macintosh; Intel Mac OS X 10_15_7) AppleWebKit/605.1.15 (KHTML, like Gecko) Version/17.4 Safari/605.1.15 (Applebot/0.1; +http://www.apple.com/go/applebot)"
17.246.19.151 - - [27/Apr/2026:23:58:54 +0000] "GET /wp-content/uploads/2023/02/DJI-Mavic-Air-2-1-2-scaled-e1676997473670.jpg HTTP/1.1" 200 26590 "-" "Mozilla/5.0 (Macintosh; Intel Mac OS X 10_15_7) AppleWebKit/605.1.15 (KHTML, like Gecko) Version/17.4 Safari/605.1.15 (Applebot/0.1; +http://www.apple.com/go/applebot)"
184.94.212.206 - - [28/Apr/2026:00:02:23 +0000] "POST /wp-cron.php?doing_wp_cron=1777334543.3784239292144775390625 HTTP/1.1" 200 - "-" "WordPress/6.9.4; https://tophobbydrone.com"
192.0.84.117 - - [28/Apr/2026:00:02:21 +0000] "HEAD / HTTP/1.1" 200 - "-" "jetmon/1.0 (Jetpack Site Uptime Monitor by WordPress.com)"
167.172.79.172 - - [28/Apr/2026:00:06:12 +0000] "GET /wp-login.php HTTP/1.1" 200 4388 "-" "Mozilla/5.0 (Windows NT 6.3; WOW64; Trident/7.0; Touch; MASAJS; rv:11.0) like Gecko"
167.172.79.172 - - [28/Apr/2026:00:06:13 +0000] "POST /wp-login.php HTTP/1.1" 200 4388 "https://tophobbydrone.com/wp-login.php" "Mozilla/5.0 (Windows NT 6.3; WOW64; Trident/7.0; Touch; MASAJS; rv:11.0) like Gecko"
184.94.212.206 - - [28/Apr/2026:00:07:26 +0000] "POST /wp-cron.php?doing_wp_cron=1777334846.6797530651092529296875 HTTP/1.1" 200 - "-" "WordPress/6.9.4; https://tophobbydrone.com"
192.0.84.117 - - [28/Apr/2026:00:07:25 +0000] "HEAD / HTTP/1.1" 200 - "-" "jetmon/1.0 (Jetpack Site Uptime Monitor by WordPress.com)"
184.94.212.206 - - [28/Apr/2026:00:09:36 +0000] "POST /wp-cron.php?doing_wp_cron=1777334976.6551270484924316406250 HTTP/1.1" 200 - "-" "WordPress/6.9.4; https://tophobbydrone.com"
114.119.133.134 - - [28/Apr/2026:00:09:35 +0000] "GET /great-hobby-advice-to-help-get-you-going?share=facebook HTTP/1.1" 302 - "http://tophobbydrone.com/great-hobby-advice-to-help-get-you-going" "Mozilla/5.0 (Linux; Android 7.0;) AppleWebKit/537.36 (HTML, like Gecko) Mobile Safari/537.36 (compatible; PetalBot;+https://webmaster.petalsearch.com/site/petalbot)"
85.131.197.38 - - [28/Apr/2026:00:11:11 +0000] "GET /wp-login.php HTTP/1.1" 200 4389 "-" "Mozilla/5.0 (Windows NT 6.3; WOW64; Trident/7.0; MATMJS; rv:11.0) like Gecko"
85.131.197.38 - - [28/Apr/2026:00:11:13 +0000] "POST /wp-login.php HTTP/1.1" 200 4389 "https://tophobbydrone.com/wp-login.php" "Mozilla/5.0 (Windows NT 6.3; WOW64; Trident/7.0; MATMJS; rv:11.0) like Gecko"
184.94.212.206 - - [28/Apr/2026:00:11:25 +0000] "POST /wp-cron.php?doing_wp_cron=1777335085.1766459941864013671875 HTTP/1.1" 200 - "-" "WordPress/6.9.4; https://tophobbydrone.com"
17.246.19.116 - - [28/Apr/2026:00:11:24 +0000] "GET /tag/perfect-hobby/feed/ HTTP/1.1" 200 587 "-" "Mozilla/5.0 (Macintosh; Intel Mac OS X 10_15_7) AppleWebKit/605.1.15 (KHTML, like Gecko) Version/17.4 Safari/605.1.15 (Applebot/0.1; +http://www.apple.com/go/applebot)"
114.119.158.151 - - [28/Apr/2026:00:12:19 +0000] "GET /finding-a-build-your-own-drone-kit/ HTTP/1.1" 200 13059 "https://tophobbydrone.com/category/diy-kits?noamp=mobile" "Mozilla/5.0 (Linux; Android 7.0;) AppleWebKit/537.36 (HTML, like Gecko) Mobile Safari/537.36 (compatible; PetalBot;+https://webmaster.petalsearch.com/site/petalbot)"
192.0.84.117 - - [28/Apr/2026:00:12:22 +0000] "HEAD / HTTP/1.1" 200 - "-" "jetmon/1.0 (Jetpack Site Uptime Monitor by WordPress.com)"
114.119.140.13 - - [28/Apr/2026:00:14:49 +0000] "GET /category/drone-photography-and-videography/ HTTP/1.1" 200 13572 "https://tophobbydrone.com/about" "Mozilla/5.0 (Linux; Android 7.0;) AppleWebKit/537.36 (HTML, like Gecko) Mobile Safari/537.36 (compatible; PetalBot;+https://webmaster.petalsearch.com/site/petalbot)"
184.94.212.206 - - [28/Apr/2026:00:17:24 +0000] "POST /wp-cron.php?doing_wp_cron=1777335444.7964930534362792968750 HTTP/1.1" 200 - "-" "WordPress/6.9.4; https://tophobbydrone.com"
114.119.158.151 - - [28/Apr/2026:00:17:23 +0000] "GET /category/best-hobby-drones HTTP/1.1" 301 - "http://tophobbydrone.com/finding-a-build-your-own-drone-kit" "Mozilla/5.0 (Linux; Android 7.0;) AppleWebKit/537.36 (HTML, like Gecko) Mobile Safari/537.36 (compatible; PetalBot;+https://webmaster.petalsearch.com/site/petalbot)"
114.119.158.151 - - [28/Apr/2026:00:17:25 +0000] "GET /category/best-hobby-drones/ HTTP/1.1" 200 27627 "http://tophobbydrone.com/finding-a-build-your-own-drone-kit" "Mozilla/5.0 (Linux; Android 7.0;) AppleWebKit/537.36 (HTML, like Gecko) Mobile Safari/537.36 (compatible; PetalBot;+https://webmaster.petalsearch.com/site/petalbot)"
192.0.84.117 - - [28/Apr/2026:00:17:27 +0000] "HEAD / HTTP/1.1" 200 - "-" "jetmon/1.0 (Jetpack Site Uptime Monitor by WordPress.com)"
144.76.32.238 - - [28/Apr/2026:00:19:05 +0000] "GET /know-all-you-can-about-hobbies-now-3/ HTTP/1.1" 404 9334 "-" "Mozilla/5.0 (compatible; SERankingBacklinksBot/1.0; +https://seranking.com/backlinks-crawler)"
184.94.212.206 - - [28/Apr/2026:00:20:32 +0000] "POST /wp-cron.php?doing_wp_cron=1777335632.8548719882965087890625 HTTP/1.1" 200 - "-" "WordPress/6.9.4; https://tophobbydrone.com"
114.119.155.153 - - [28/Apr/2026:00:20:31 +0000] "GET /adsense-disclaimer?share=x HTTP/1.1" 302 - "https://tophobbydrone.com/adsense-disclaimer?noamp=mobile" "Mozilla/5.0 (Linux; Android 7.0;) AppleWebKit/537.36 (HTML, like Gecko) Mobile Safari/537.36 (compatible; PetalBot;+https://webmaster.petalsearch.com/site/petalbot)"
192.0.84.117 - - [28/Apr/2026:00:22:25 +0000] "HEAD / HTTP/1.1" 200 - "-" "jetmon/1.0 (Jetpack Site Uptime Monitor by WordPress.com)"
52.167.144.203 - - [28/Apr/2026:00:24:36 +0000] "GET /sitemap.xml HTTP/1.1" 200 306 "-" "Mozilla/5.0 AppleWebKit/537.36 (KHTML, like Gecko; compatible; bingbot/2.0; +http://www.bing.com/bingbot.htm) Chrome/116.0.1938.76 Safari/537.36"
74.91.224.220 - - [28/Apr/2026:00:25:51 +0000] "GET /wp-login.php HTTP/1.1" 200 4388 "-" "Mozilla/5.0 (Windows NT 10.0; WOW64; Trident/7.0; MAARJS; rv:11.0) like Gecko"
74.91.224.220 - - [28/Apr/2026:00:25:53 +0000] "POST /wp-login.php HTTP/1.1" 200 4388 "https://tophobbydrone.com/wp-login.php" "Mozilla/5.0 (Windows NT 10.0; WOW64; Trident/7.0; MAARJS; rv:11.0) like Gecko"
207.46.13.125 - - [28/Apr/2026:00:26:16 +0000] "GET / HTTP/1.1" 200 11120 "-" "Mozilla/5.0 AppleWebKit/537.36 (KHTML, like Gecko; compatible; bingbot/2.0; +http://www.bing.com/bingbot.htm) Chrome/116.0.1938.76 Safari/537.36"
190.143.254.239 - - [28/Apr/2026:00:27:00 +0000] "GET /finding-a-build-your-own-drone-kit/?amp HTTP/1.1" 200 13033 "-" "Mozilla/5.0 (Windows NT 10.0; Win64; x64) AppleWebKit/537.36 (KHTML, like Gecko) Chrome/102.0.5005.49 Safari/537.36"
192.0.84.117 - - [28/Apr/2026:00:27:26 +0000] "HEAD / HTTP/1.1" 200 - "-" "jetmon/1.0 (Jetpack Site Uptime Monitor by WordPress.com)"
64.89.160.114 - - [28/Apr/2026:00:31:36 +0000] "GET /wp-login.php?al=true HTTP/1.1" 200 4393 "-" "Mozilla/5.0"
184.94.212.206 - - [28/Apr/2026:00:32:24 +0000] "POST /wp-cron.php?doing_wp_cron=1777336343.8367750644683837890625 HTTP/1.1" 200 - "-" "WordPress/6.9.4; https://tophobbydrone.com"
192.0.84.117 - - [28/Apr/2026:00:32:22 +0000] "HEAD / HTTP/1.1" 200 - "-" "jetmon/1.0 (Jetpack Site Uptime Monitor by WordPress.com)"
20.91.220.89 - - [28/Apr/2026:00:32:26 +0000] "GET /inputs.php HTTP/1.1" 404 9322 "-" "Mozilla/5.0 (Windows NT 10.0; Win64; x64) AppleWebKit/537.36 (KHTML, like Gecko) Chrome/120.0.0.0 Safari/537.36"
20.91.220.89 - - [28/Apr/2026:00:32:28 +0000] "GET /ioxi-o.php HTTP/1.1" 404 9323 "-" "Mozilla/5.0 (Windows NT 10.0; Win64; x64) AppleWebKit/537.36 (KHTML, like Gecko) Chrome/120.0.0.0 Safari/537.36"
20.91.220.89 - - [28/Apr/2026:00:32:29 +0000] "GET /function/function.php HTTP/1.1" 404 9323 "-" "Mozilla/5.0 (Windows NT 10.0; Win64; x64) AppleWebKit/537.36 (KHTML, like Gecko) Chrome/120.0.0.0 Safari/537.36"
20.91.220.89 - - [28/Apr/2026:00:32:30 +0000] "GET /rip.php HTTP/1.1" 404 9320 "-" "Mozilla/5.0 (Windows NT 10.0; Win64; x64) AppleWebKit/537.36 (KHTML, like Gecko) Chrome/120.0.0.0 Safari/537.36"
20.91.220.89 - - [28/Apr/2026:00:32:31 +0000] "GET /admin.php HTTP/1.1" 404 9320 "-" "Mozilla/5.0 (Windows NT 10.0; Win64; x64) AppleWebKit/537.36 (KHTML, like Gecko) Chrome/120.0.0.0 Safari/537.36"
20.91.220.89 - - [28/Apr/2026:00:32:32 +0000] "GET /wp-content/uploads/index.php HTTP/1.1" 301 - "-" "Mozilla/5.0 (Windows NT 10.0; Win64; x64) AppleWebKit/537.36 (KHTML, like Gecko) Chrome/120.0.0.0 Safari/537.36"
20.91.220.89 - - [28/Apr/2026:00:32:33 +0000] "GET /cache.php HTTP/1.1" 404 9322 "-" "Mozilla/5.0 (Windows NT 10.0; Win64; x64) AppleWebKit/537.36 (KHTML, like Gecko) Chrome/120.0.0.0 Safari/537.36"
20.91.220.89 - - [28/Apr/2026:00:32:34 +0000] "GET /themes.php HTTP/1.1" 404 9321 "-" "Mozilla/5.0 (Windows NT 10.0; Win64; x64) AppleWebKit/537.36 (KHTML, like Gecko) Chrome/120.0.0.0 Safari/537.36"
20.91.220.89 - - [28/Apr/2026:00:32:35 +0000] "GET /an.php HTTP/1.1" 404 9320 "-" "Mozilla/5.0 (Windows NT 10.0; Win64; x64) AppleWebKit/537.36 (KHTML, like Gecko) Chrome/120.0.0.0 Safari/537.36"
20.91.220.89 - - [28/Apr/2026:00:32:36 +0000] "GET /index/function.php HTTP/1.1" 404 9326 "-" "Mozilla/5.0 (Windows NT 10.0; Win64; x64) AppleWebKit/537.36 (KHTML, like Gecko) Chrome/120.0.0.0 Safari/537.36"
20.91.220.89 - - [28/Apr/2026:00:32:37 +0000] "GET /randkeyword.PhP7 HTTP/1.1" 404 9333 "-" "Mozilla/5.0 (Windows NT 10.0; Win64; x64) AppleWebKit/537.36 (KHTML, like Gecko) Chrome/120.0.0.0 Safari/537.36"
20.91.220.89 - - [28/Apr/2026:00:32:39 +0000] "GET /ws.php HTTP/1.1" 404 9320 "-" "Mozilla/5.0 (Windows NT 10.0; Win64; x64) AppleWebKit/537.36 (KHTML, like Gecko) Chrome/120.0.0.0 Safari/537.36"
20.91.220.89 - - [28/Apr/2026:00:32:39 +0000] "GET /404.php HTTP/1.1" 404 9321 "-" "Mozilla/5.0 (Windows NT 10.0; Win64; x64) AppleWebKit/537.36 (KHTML, like Gecko) Chrome/120.0.0.0 Safari/537.36"
20.91.220.89 - - [28/Apr/2026:00:32:41 +0000] "GET /wp-admin/user.php HTTP/1.1" 404 9325 "-" "Mozilla/5.0 (Windows NT 10.0; Win64; x64) AppleWebKit/537.36 (KHTML, like Gecko) Chrome/120.0.0.0 Safari/537.36"
20.91.220.89 - - [28/Apr/2026:00:32:42 +0000] "GET /wp-conf.php HTTP/1.1" 404 9321 "-" "Mozilla/5.0 (Windows NT 10.0; Win64; x64) AppleWebKit/537.36 (KHTML, like Gecko) Chrome/120.0.0.0 Safari/537.36"
66.102.6.197 - - [28/Apr/2026:00:32:43 +0000] "GET /favicon.ico HTTP/1.1" 302 - "-" "Mozilla/5.0 (Windows NT 5.1; rv:11.0) Gecko Firefox/11.0 (via ggpht.com GoogleImageProxy)"
20.91.220.89 - - [28/Apr/2026:00:32:43 +0000] "GET /wp-content/themes/hideo/network.php HTTP/1.1" 404 9396 "-" "Mozilla/5.0 (Windows NT 10.0; Win64; x64) AppleWebKit/537.36 (KHTML, like Gecko) Chrome/120.0.0.0 Safari/537.36"
66.102.6.197 - - [28/Apr/2026:00:32:43 +0000] "GET /favicon.ico HTTP/1.1" 302 - "-" "Mozilla/5.0 (Windows NT 5.1; rv:11.0) Gecko Firefox/11.0 (via ggpht.com GoogleImageProxy)"
20.91.220.89 - - [28/Apr/2026:00:32:44 +0000] "GET /wp-login.php HTTP/1.1" 200 2566 "-" "Mozilla/5.0 (Windows NT 10.0; Win64; x64) AppleWebKit/537.36 (KHTML, like Gecko) Chrome/120.0.0.0 Safari/537.36"
20.91.220.89 - - [28/Apr/2026:00:32:45 +0000] "GET /abc.php HTTP/1.1" 404 9321 "-" "Mozilla/5.0 (Windows NT 10.0; Win64; x64) AppleWebKit/537.36 (KHTML, like Gecko) Chrome/120.0.0.0 Safari/537.36"
20.91.220.89 - - [28/Apr/2026:00:32:46 +0000] "GET /abcd.php HTTP/1.1" 404 9322 "-" "Mozilla/5.0 (Windows NT 10.0; Win64; x64) AppleWebKit/537.36 (KHTML, like Gecko) Chrome/120.0.0.0 Safari/537.36"
20.91.220.89 - - [28/Apr/2026:00:32:47 +0000] "GET /as.php HTTP/1.1" 404 9320 "-" "Mozilla/5.0 (Windows NT 10.0; Win64; x64) AppleWebKit/537.36 (KHTML, like Gecko) Chrome/120.0.0.0 Safari/537.36"
20.91.220.89 - - [28/Apr/2026:00:32:48 +0000] "GET /wp-trackback.php HTTP/1.1" 404 130 "-" "Mozilla/5.0 (Windows NT 10.0; Win64; x64) AppleWebKit/537.36 (KHTML, like Gecko) Chrome/120.0.0.0 Safari/537.36"
20.91.220.89 - - [28/Apr/2026:00:32:49 +0000] "GET /about.php HTTP/1.1" 404 9321 "-" "Mozilla/5.0 (Windows NT 10.0; Win64; x64) AppleWebKit/537.36 (KHTML, like Gecko) Chrome/120.0.0.0 Safari/537.36"
20.91.220.89 - - [28/Apr/2026:00:32:50 +0000] "GET /file.php HTTP/1.1" 404 9321 "-" "Mozilla/5.0 (Windows NT 10.0; Win64; x64) AppleWebKit/537.36 (KHTML, like Gecko) Chrome/120.0.0.0 Safari/537.36"
20.91.220.89 - - [28/Apr/2026:00:32:51 +0000] "GET /adminfuns.php HTTP/1.1" 404 9324 "-" "Mozilla/5.0 (Windows NT 10.0; Win64; x64) AppleWebKit/537.36 (KHTML, like Gecko) Chrome/120.0.0.0 Safari/537.36"
20.91.220.89 - - [28/Apr/2026:00:32:52 +0000] "GET /wp-good.php HTTP/1.1" 404 9323 "-" "Mozilla/5.0 (Windows NT 10.0; Win64; x64) AppleWebKit/537.36 (KHTML, like Gecko) Chrome/120.0.0.0 Safari/537.36"
20.91.220.89 - - [28/Apr/2026:00:32:53 +0000] "GET /xmlrpc.php HTTP/1.1" 404 9321 "-" "Mozilla/5.0 (Windows NT 10.0; Win64; x64) AppleWebKit/537.36 (KHTML, like Gecko) Chrome/120.0.0.0 Safari/537.36"
20.91.220.89 - - [28/Apr/2026:00:32:54 +0000] "GET /goods.php HTTP/1.1" 404 9322 "-" "Mozilla/5.0 (Windows NT 10.0; Win64; x64) AppleWebKit/537.36 (KHTML, like Gecko) Chrome/120.0.0.0 Safari/537.36"
20.91.220.89 - - [28/Apr/2026:00:32:55 +0000] "GET /class-t.api.php HTTP/1.1" 404 9326 "-" "Mozilla/5.0 (Windows NT 10.0; Win64; x64) AppleWebKit/537.36 (KHTML, like Gecko) Chrome/120.0.0.0 Safari/537.36"
20.91.220.89 - - [28/Apr/2026:00:32:56 +0000] "GET /sf.php HTTP/1.1" 404 9320 "-" "Mozilla/5.0 (Windows NT 10.0; Win64; x64) AppleWebKit/537.36 (KHTML, like Gecko) Chrome/120.0.0.0 Safari/537.36"
20.91.220.89 - - [28/Apr/2026:00:32:56 +0000] "GET /kbfr.php HTTP/1.1" 404 9324 "-" "Mozilla/5.0 (Windows NT 10.0; Win64; x64) AppleWebKit/537.36 (KHTML, like Gecko) Chrome/120.0.0.0 Safari/537.36"
20.91.220.89 - - [28/Apr/2026:00:32:58 +0000] "GET /autoload_classmap.php HTTP/1.1" 404 9329 "-" "Mozilla/5.0 (Windows NT 10.0; Win64; x64) AppleWebKit/537.36 (KHTML, like Gecko) Chrome/120.0.0.0 Safari/537.36"
20.91.220.89 - - [28/Apr/2026:00:32:59 +0000] "GET /chosen.php?p= HTTP/1.1" 301 - "-" "Mozilla/5.0 (Windows NT 10.0; Win64; x64) AppleWebKit/537.36 (KHTML, like Gecko) Chrome/120.0.0.0 Safari/537.36"
20.91.220.89 - - [28/Apr/2026:00:32:59 +0000] "GET /classwithtostring.php HTTP/1.1" 404 9325 "-" "Mozilla/5.0 (Windows NT 10.0; Win64; x64) AppleWebKit/537.36 (KHTML, like Gecko) Chrome/120.0.0.0 Safari/537.36"
20.91.220.89 - - [28/Apr/2026:00:33:01 +0000] "GET /defaults.php HTTP/1.1" 404 9325 "-" "Mozilla/5.0 (Windows NT 10.0; Win64; x64) AppleWebKit/537.36 (KHTML, like Gecko) Chrome/120.0.0.0 Safari/537.36"
20.91.220.89 - - [28/Apr/2026:00:33:02 +0000] "GET /.well-known/ HTTP/1.1" 404 9329 "-" "Mozilla/5.0 (Windows NT 10.0; Win64; x64) AppleWebKit/537.36 (KHTML, like Gecko) Chrome/120.0.0.0 Safari/537.36"
20.91.220.89 - - [28/Apr/2026:00:33:03 +0000] "GET /info.php HTTP/1.1" 404 9322 "-" "Mozilla/5.0 (Windows NT 10.0; Win64; x64) AppleWebKit/537.36 (KHTML, like Gecko) Chrome/120.0.0.0 Safari/537.36"
20.91.220.89 - - [28/Apr/2026:00:33:04 +0000] "GET /cgi-bin/ HTTP/1.1" 404 9323 "-" "Mozilla/5.0 (Windows NT 10.0; Win64; x64) AppleWebKit/537.36 (KHTML, like Gecko) Chrome/120.0.0.0 Safari/537.36"
20.91.220.89 - - [28/Apr/2026:00:33:05 +0000] "GET /wp-includes/Requests/src/Response/about.php HTTP/1.1" 404 9398 "-" "Mozilla/5.0 (Windows NT 10.0; Win64; x64) AppleWebKit/537.36 (KHTML, like Gecko) Chrome/120.0.0.0 Safari/537.36"
20.91.220.89 - - [28/Apr/2026:00:33:06 +0000] "GET /wp-includes/html-api/ HTTP/1.1" 404 9326 "-" "Mozilla/5.0 (Windows NT 10.0; Win64; x64) AppleWebKit/537.36 (KHTML, like Gecko) Chrome/120.0.0.0 Safari/537.36"
20.91.220.89 - - [28/Apr/2026:00:33:07 +0000] "GET /wp-content/admin.php HTTP/1.1" 404 9323 "-" "Mozilla/5.0 (Windows NT 10.0; Win64; x64) AppleWebKit/537.36 (KHTML, like Gecko) Chrome/120.0.0.0 Safari/537.36"
20.91.220.89 - - [28/Apr/2026:00:33:08 +0000] "GET /wp-admin/css/colors/ectoplasm/ HTTP/1.1" 404 9396 "-" "Mozilla/5.0 (Windows NT 10.0; Win64; x64) AppleWebKit/537.36 (KHTML, like Gecko) Chrome/120.0.0.0 Safari/537.36"
20.91.220.89 - - [28/Apr/2026:00:33:09 +0000] "GET /wp-content/uploads/ HTTP/1.1" 404 9319 "-" "Mozilla/5.0 (Windows NT 10.0; Win64; x64) AppleWebKit/537.36 (KHTML, like Gecko) Chrome/120.0.0.0 Safari/537.36"
20.91.220.89 - - [28/Apr/2026:00:33:10 +0000] "GET /wp-content/themes/admin.php HTTP/1.1" 404 9387 "-" "Mozilla/5.0 (Windows NT 10.0; Win64; x64) AppleWebKit/537.36 (KHTML, like Gecko) Chrome/120.0.0.0 Safari/537.36"
20.91.220.89 - - [28/Apr/2026:00:33:11 +0000] "GET /wp-content/themes/index.php HTTP/1.1" 301 - "-" "Mozilla/5.0 (Windows NT 10.0; Win64; x64) AppleWebKit/537.36 (KHTML, like Gecko) Chrome/120.0.0.0 Safari/537.36"
20.91.220.89 - - [28/Apr/2026:00:33:12 +0000] "GET /wp-content/plugins/index.php HTTP/1.1" 301 - "-" "Mozilla/5.0 (Windows NT 10.0; Win64; x64) AppleWebKit/537.36 (KHTML, like Gecko) Chrome/120.0.0.0 Safari/537.36"
20.91.220.89 - - [28/Apr/2026:00:33:13 +0000] "GET /wp-includes/PHPMailer/ HTTP/1.1" 404 9329 "-" "Mozilla/5.0 (Windows NT 10.0; Win64; x64) AppleWebKit/537.36 (KHTML, like Gecko) Chrome/120.0.0.0 Safari/537.36"
20.91.220.89 - - [28/Apr/2026:00:33:14 +0000] "GET /wp-includes/images/ HTTP/1.1" 404 9323 "-" "Mozilla/5.0 (Windows NT 10.0; Win64; x64) AppleWebKit/537.36 (KHTML, like Gecko) Chrome/120.0.0.0 Safari/537.36"
20.91.220.89 - - [28/Apr/2026:00:33:15 +0000] "GET /wp-content/plugins/WordPressCore/ HTTP/1.1" 404 9393 "-" "Mozilla/5.0 (Windows NT 10.0; Win64; x64) AppleWebKit/537.36 (KHTML, like Gecko) Chrome/120.0.0.0 Safari/537.36"
57.141.18.117 - - [28/Apr/2026:00:33:57 +0000] "GET /sitemap.xml HTTP/1.1" 200 525 "-" "meta-externalagent/1.1 (+https://developers.facebook.com/docs/sharing/webmasters/crawler)"
184.94.212.206 - - [28/Apr/2026:00:37:27 +0000] "POST /wp-cron.php?doing_wp_cron=1777336647.0577690601348876953125 HTTP/1.1" 200 - "-" "WordPress/6.9.4; https://tophobbydrone.com"
192.0.84.117 - - [28/Apr/2026:00:37:25 +0000] "HEAD / HTTP/1.1" 200 - "-" "jetmon/1.0 (Jetpack Site Uptime Monitor by WordPress.com)"
184.94.212.206 - - [28/Apr/2026:00:41:41 +0000] "POST /wp-cron.php?doing_wp_cron=1777336901.1004390716552734375000 HTTP/1.1" 200 - "-" "WordPress/6.9.4; https://tophobbydrone.com"
176.129.165.29 - - [28/Apr/2026:00:41:39 +0000] "GET /capturing-amazing-aerial-photos-and-videos/ HTTP/1.1" 200 15135 "-" "Mozilla/5.0 (Macintosh; Intel Mac OS X 10_11_6; rv:1.9.2.20) Gecko/3580-08-04 06:50:04.427338 Firefox/3.6.12"
192.0.84.117 - - [28/Apr/2026:00:42:23 +0000] "HEAD / HTTP/1.1" 200 - "-" "jetmon/1.0 (Jetpack Site Uptime Monitor by WordPress.com)"
40.77.167.150 - - [28/Apr/2026:00:46:28 +0000] "GET /news-sitemap.xml HTTP/1.1" 200 312 "-" "Mozilla/5.0 AppleWebKit/537.36 (KHTML, like Gecko; compatible; bingbot/2.0; +http://www.bing.com/bingbot.htm) Chrome/116.0.1938.76 Safari/537.36"
192.0.84.117 - - [28/Apr/2026:00:47:23 +0000] "HEAD / HTTP/1.1" 200 - "-" "jetmon/1.0 (Jetpack Site Uptime Monitor by WordPress.com)"
40.77.177.100 - - [28/Apr/2026:00:47:41 +0000] "GET / HTTP/1.1" 200 11120 "-" "Mozilla/5.0 AppleWebKit/537.36 (KHTML, like Gecko; compatible; bingbot/2.0; +http://www.bing.com/bingbot.htm) Chrome/136.0.0.0 Safari/537.36"
184.94.212.206 - - [28/Apr/2026:00:50:27 +0000] "POST /wp-cron.php?doing_wp_cron=1777337427.8061640262603759765625 HTTP/1.1" 200 - "-" "WordPress/6.9.4; https://tophobbydrone.com"
8.152.161.32 - - [28/Apr/2026:00:50:25 +0000] "GET /wp-login.php HTTP/1.1" 200 2779 "-" "Mozilla/5.0 (Windows NT 5.1; Win64; x64) AppleWebKit/537.36 (KHTML, like Gecko) Chrome/66.0.3359.117 Safari/537.36"
8.152.161.32 - - [28/Apr/2026:00:50:32 +0000] "POST /wp-login.php HTTP/1.1" 401 1440 "https://tophobbydrone.com/wp-login.php" "Mozilla/5.0 (Windows NT 5.1; Win64; x64) AppleWebKit/537.36 (KHTML, like Gecko) Chrome/66.0.3359.117 Safari/537.36"
192.0.84.117 - - [28/Apr/2026:00:52:22 +0000] "HEAD / HTTP/1.1" 200 - "-" "jetmon/1.0 (Jetpack Site Uptime Monitor by WordPress.com)"
65.55.210.147 - - [28/Apr/2026:00:52:49 +0000] "GET / HTTP/1.1" 200 47422 "-" "Mozilla/5.0 AppleWebKit/537.36 (KHTML, like Gecko; compatible; bingbot/2.0; +http://www.bing.com/bingbot.htm) Chrome/136.0.0.0 Safari/537.36"
184.94.212.206 - - [28/Apr/2026:00:57:24 +0000] "POST /wp-cron.php?doing_wp_cron=1777337844.0487771034240722656250 HTTP/1.1" 200 - "-" "WordPress/6.9.4; https://tophobbydrone.com"
192.0.84.117 - - [28/Apr/2026:00:57:22 +0000] "HEAD / HTTP/1.1" 200 - "-" "jetmon/1.0 (Jetpack Site Uptime Monitor by WordPress.com)"
184.94.212.206 - - [28/Apr/2026:01:01:43 +0000] "POST /wp-cron.php?doing_wp_cron=1777338103.4054749011993408203125 HTTP/1.1" 200 - "-" "WordPress/6.9.4; https://tophobbydrone.com"
185.191.171.11 - - [28/Apr/2026:01:01:35 +0000] "GET /robots.txt HTTP/1.1" 200 144 "-" "Mozilla/5.0 (compatible; SemrushBot/7~bl; +http://www.semrush.com/bot.html)"
185.191.171.8 - - [28/Apr/2026:01:01:44 +0000] "GET /when-you-want-to-learn-about-hobbies-read-this/?amp HTTP/1.1" 200 16073 "-" "Mozilla/5.0 (compatible; SemrushBot/7~bl; +http://www.semrush.com/bot.html)"
18.60.137.201 - - [28/Apr/2026:01:01:48 +0000] "GET /wp-login.php HTTP/1.1" 200 4389 "-" "Mozilla/5.0 (Windows NT 6.3; Win64; x64; rv:60.0) Gecko/20100101 Firefox/60.0"
18.60.137.201 - - [28/Apr/2026:01:01:50 +0000] "POST /wp-login.php HTTP/1.1" 200 4389 "https://tophobbydrone.com/wp-login.php" "Mozilla/5.0 (Windows NT 6.3; Win64; x64; rv:60.0) Gecko/20100101 Firefox/60.0"
192.0.84.117 - - [28/Apr/2026:01:02:22 +0000] "HEAD / HTTP/1.1" 200 - "-" "jetmon/1.0 (Jetpack Site Uptime Monitor by WordPress.com)"
35.226.7.126 - - [28/Apr/2026:01:05:54 +0000] "GET /wp-login.php HTTP/1.1" 200 4389 "-" "Mozilla/4.0 (compatible; MSIE 8.0; Windows NT 6.2; WOW64; Trident/7.0; .NET4.0C; .NET4.0E; .NET CLR 2.0.50727; .NET CLR 3.0.30729; .NET CLR 3.5.30729)"
35.226.7.126 - - [28/Apr/2026:01:05:56 +0000] "POST /wp-login.php HTTP/1.1" 200 4389 "https://tophobbydrone.com/wp-login.php" "Mozilla/4.0 (compatible; MSIE 8.0; Windows NT 6.2; WOW64; Trident/7.0; .NET4.0C; .NET4.0E; .NET CLR 2.0.50727; .NET CLR 3.0.30729; .NET CLR 3.5.30729)"
223.184.208.94 - - [28/Apr/2026:01:06:32 +0000] "GET /tag/digital-camera/ HTTP/1.1" 200 13512 "-" "Mozilla/5.0 (Windows NT 10.0; Win64; x64) AppleWebKit/537.36 (KHTML, like Gecko) Chrome/133.0.6943.98 Safari/537.36"
184.94.212.206 - - [28/Apr/2026:01:07:28 +0000] "POST /wp-cron.php?doing_wp_cron=1777338448.5712959766387939453125 HTTP/1.1" 200 - "-" "WordPress/6.9.4; https://tophobbydrone.com"
192.0.84.117 - - [28/Apr/2026:01:07:26 +0000] "HEAD / HTTP/1.1" 200 - "-" "jetmon/1.0 (Jetpack Site Uptime Monitor by WordPress.com)"
109.193.160.119 - - [28/Apr/2026:01:09:38 +0000] "GET /wp-json/ HTTP/1.1" 200 35390 "-" "Opera/8.58.(Windows NT 6.0; mai-IN) Presto/2.9.165 Version/10.00"
184.94.212.206 - - [28/Apr/2026:01:12:26 +0000] "POST /wp-cron.php?doing_wp_cron=1777338746.3989119529724121093750 HTTP/1.1" 200 - "-" "WordPress/6.9.4; https://tophobbydrone.com"
192.0.84.117 - - [28/Apr/2026:01:12:24 +0000] "HEAD / HTTP/1.1" 200 - "-" "jetmon/1.0 (Jetpack Site Uptime Monitor by WordPress.com)"
142.44.228.250 - - [28/Apr/2026:01:13:19 +0000] "GET /tag/hobby/feed/ HTTP/1.1" 200 2548 "-" "Mozilla/5.0 (compatible; AhrefsBot/7.0; +http://ahrefs.com/robot/)"
65.254.225.230 - - [28/Apr/2026:01:14:03 +0000] "GET /wp-login.php HTTP/1.1" 200 2778 "-" "Mozilla/5.0 (Windows NT 6.1; WOW64) AppleWebKit/537.36 (KHTML, like Gecko) Chrome/65.0.3325.181 Safari/537.36"
65.254.225.230 - - [28/Apr/2026:01:14:04 +0000] "POST /wp-login.php HTTP/1.1" 401 1442 "https://tophobbydrone.com/wp-login.php" "Mozilla/5.0 (Windows NT 6.1; WOW64) AppleWebKit/537.36 (KHTML, like Gecko) Chrome/65.0.3325.181 Safari/537.36"
20.89.19.162 - - [28/Apr/2026:01:14:23 +0000] "GET /.tmb/cloud.php HTTP/1.1" 404 9327 "-" "Mozilla/5.0 (Windows NT 10.0; Win64; x64) AppleWebKit/537.36 (KHTML, like Gecko) Chrome/120.0.0.0 Safari/537.36"
20.89.19.162 - - [28/Apr/2026:01:14:24 +0000] "GET /.well-known/ HTTP/1.1" 404 9329 "-" "Mozilla/5.0 (Windows NT 10.0; Win64; x64) AppleWebKit/537.36 (KHTML, like Gecko) Chrome/120.0.0.0 Safari/537.36"
20.89.19.162 - - [28/Apr/2026:01:14:25 +0000] "GET /.well-known/acme-challenge/index.php HTTP/1.1" 301 - "-" "Mozilla/5.0 (Windows NT 10.0; Win64; x64) AppleWebKit/537.36 (KHTML, like Gecko) Chrome/120.0.0.0 Safari/537.36"
20.89.19.162 - - [28/Apr/2026:01:14:26 +0000] "GET /.well-known/autoload_classmap.php HTTP/1.1" 404 9340 "-" "Mozilla/5.0 (Windows NT 10.0; Win64; x64) AppleWebKit/537.36 (KHTML, like Gecko) Chrome/120.0.0.0 Safari/537.36"
20.89.19.162 - - [28/Apr/2026:01:14:27 +0000] "GET /.well-known/pki-validation/ HTTP/1.1" 404 9338 "-" "Mozilla/5.0 (Windows NT 10.0; Win64; x64) AppleWebKit/537.36 (KHTML, like Gecko) Chrome/120.0.0.0 Safari/537.36"
20.89.19.162 - - [28/Apr/2026:01:14:28 +0000] "GET /.well-known/pki-validation/about.php HTTP/1.1" 404 9405 "-" "Mozilla/5.0 (Windows NT 10.0; Win64; x64) AppleWebKit/537.36 (KHTML, like Gecko) Chrome/120.0.0.0 Safari/537.36"
20.89.19.162 - - [28/Apr/2026:01:14:29 +0000] "GET //wp-2019.php HTTP/1.1" 301 - "-" "Mozilla/5.0 (Windows NT 10.0; Win64; x64) AppleWebKit/537.36 (KHTML, like Gecko) Chrome/120.0.0.0 Safari/537.36"
20.89.19.162 - - [28/Apr/2026:01:14:30 +0000] "GET //wp-content/themes/about.php HTTP/1.1" 301 - "-" "Mozilla/5.0 (Windows NT 10.0; Win64; x64) AppleWebKit/537.36 (KHTML, like Gecko) Chrome/120.0.0.0 Safari/537.36"
20.89.19.162 - - [28/Apr/2026:01:14:31 +0000] "GET /0.php HTTP/1.1" 404 9319 "-" "Mozilla/5.0 (Windows NT 10.0; Win64; x64) AppleWebKit/537.36 (KHTML, like Gecko) Chrome/120.0.0.0 Safari/537.36"
20.89.19.162 - - [28/Apr/2026:01:14:31 +0000] "GET /1.php HTTP/1.1" 404 9319 "-" "Mozilla/5.0 (Windows NT 10.0; Win64; x64) AppleWebKit/537.36 (KHTML, like Gecko) Chrome/120.0.0.0 Safari/537.36"
20.89.19.162 - - [28/Apr/2026:01:14:32 +0000] "GET /12.php HTTP/1.1" 404 9320 "-" "Mozilla/5.0 (Windows NT 10.0; Win64; x64) AppleWebKit/537.36 (KHTML, like Gecko) Chrome/120.0.0.0 Safari/537.36"
20.89.19.162 - - [28/Apr/2026:01:14:33 +0000] "GET /120f9.php HTTP/1.1" 404 9323 "-" "Mozilla/5.0 (Windows NT 10.0; Win64; x64) AppleWebKit/537.36 (KHTML, like Gecko) Chrome/120.0.0.0 Safari/537.36"
20.89.19.162 - - [28/Apr/2026:01:14:34 +0000] "GET /22.php HTTP/1.1" 404 9320 "-" "Mozilla/5.0 (Windows NT 10.0; Win64; x64) AppleWebKit/537.36 (KHTML, like Gecko) Chrome/120.0.0.0 Safari/537.36"
20.89.19.162 - - [28/Apr/2026:01:14:35 +0000] "GET /403.php HTTP/1.1" 404 9321 "-" "Mozilla/5.0 (Windows NT 10.0; Win64; x64) AppleWebKit/537.36 (KHTML, like Gecko) Chrome/120.0.0.0 Safari/537.36"
20.89.19.162 - - [28/Apr/2026:01:14:36 +0000] "GET /504.php HTTP/1.1" 404 9321 "-" "Mozilla/5.0 (Windows NT 10.0; Win64; x64) AppleWebKit/537.36 (KHTML, like Gecko) Chrome/120.0.0.0 Safari/537.36"
20.89.19.162 - - [28/Apr/2026:01:14:37 +0000] "GET /GOD.php HTTP/1.1" 404 9322 "-" "Mozilla/5.0 (Windows NT 10.0; Win64; x64) AppleWebKit/537.36 (KHTML, like Gecko) Chrome/120.0.0.0 Safari/537.36"
20.89.19.162 - - [28/Apr/2026:01:14:38 +0000] "GET /NewFile.php HTTP/1.1" 404 9325 "-" "Mozilla/5.0 (Windows NT 10.0; Win64; x64) AppleWebKit/537.36 (KHTML, like Gecko) Chrome/120.0.0.0 Safari/537.36"
20.89.19.162 - - [28/Apr/2026:01:14:39 +0000] "GET /aaa.php HTTP/1.1" 404 9320 "-" "Mozilla/5.0 (Windows NT 10.0; Win64; x64) AppleWebKit/537.36 (KHTML, like Gecko) Chrome/120.0.0.0 Safari/537.36"
20.89.19.162 - - [28/Apr/2026:01:14:40 +0000] "GET /ab.php HTTP/1.1" 404 9320 "-" "Mozilla/5.0 (Windows NT 10.0; Win64; x64) AppleWebKit/537.36 (KHTML, like Gecko) Chrome/120.0.0.0 Safari/537.36"
20.89.19.162 - - [28/Apr/2026:01:14:41 +0000] "GET /about/function.php HTTP/1.1" 404 9324 "-" "Mozilla/5.0 (Windows NT 10.0; Win64; x64) AppleWebKit/537.36 (KHTML, like Gecko) Chrome/120.0.0.0 Safari/537.36"
20.89.19.162 - - [28/Apr/2026:01:14:42 +0000] "GET /admin/function.php HTTP/1.1" 404 9324 "-" "Mozilla/5.0 (Windows NT 10.0; Win64; x64) AppleWebKit/537.36 (KHTML, like Gecko) Chrome/120.0.0.0 Safari/537.36"
20.89.19.162 - - [28/Apr/2026:01:14:42 +0000] "GET /admin/index_upload.php HTTP/1.1" 404 9328 "-" "Mozilla/5.0 (Windows NT 10.0; Win64; x64) AppleWebKit/537.36 (KHTML, like Gecko) Chrome/120.0.0.0 Safari/537.36"
20.89.19.162 - - [28/Apr/2026:01:14:43 +0000] "GET /al.php HTTP/1.1" 404 9321 "-" "Mozilla/5.0 (Windows NT 10.0; Win64; x64) AppleWebKit/537.36 (KHTML, like Gecko) Chrome/120.0.0.0 Safari/537.36"
20.89.19.162 - - [28/Apr/2026:01:14:44 +0000] "GET /alfa-rex.php HTTP/1.1" 404 9325 "-" "Mozilla/5.0 (Windows NT 10.0; Win64; x64) AppleWebKit/537.36 (KHTML, like Gecko) Chrome/120.0.0.0 Safari/537.36"
20.89.19.162 - - [28/Apr/2026:01:14:45 +0000] "GET /alfanew.PHP7 HTTP/1.1" 404 9328 "-" "Mozilla/5.0 (Windows NT 10.0; Win64; x64) AppleWebKit/537.36 (KHTML, like Gecko) Chrome/120.0.0.0 Safari/537.36"
20.89.19.162 - - [28/Apr/2026:01:14:46 +0000] "GET /alfanew.php HTTP/1.1" 404 9324 "-" "Mozilla/5.0 (Windows NT 10.0; Win64; x64) AppleWebKit/537.36 (KHTML, like Gecko) Chrome/120.0.0.0 Safari/537.36"
20.89.19.162 - - [28/Apr/2026:01:14:47 +0000] "GET /auth.php HTTP/1.1" 404 9322 "-" "Mozilla/5.0 (Windows NT 10.0; Win64; x64) AppleWebKit/537.36 (KHTML, like Gecko) Chrome/120.0.0.0 Safari/537.36"
20.89.19.162 - - [28/Apr/2026:01:14:48 +0000] "GET /b.php HTTP/1.1" 404 9320 "-" "Mozilla/5.0 (Windows NT 10.0; Win64; x64) AppleWebKit/537.36 (KHTML, like Gecko) Chrome/120.0.0.0 Safari/537.36"
20.89.19.162 - - [28/Apr/2026:01:14:49 +0000] "GET /b0.php HTTP/1.1" 404 9320 "-" "Mozilla/5.0 (Windows NT 10.0; Win64; x64) AppleWebKit/537.36 (KHTML, like Gecko) Chrome/120.0.0.0 Safari/537.36"
20.89.19.162 - - [28/Apr/2026:01:14:49 +0000] "GET /back.php HTTP/1.1" 404 9321 "-" "Mozilla/5.0 (Windows NT 10.0; Win64; x64) AppleWebKit/537.36 (KHTML, like Gecko) Chrome/120.0.0.0 Safari/537.36"
20.89.19.162 - - [28/Apr/2026:01:14:50 +0000] "GET /bala.php HTTP/1.1" 404 9321 "-" "Mozilla/5.0 (Windows NT 10.0; Win64; x64) AppleWebKit/537.36 (KHTML, like Gecko) Chrome/120.0.0.0 Safari/537.36"
20.89.19.162 - - [28/Apr/2026:01:14:51 +0000] "GET /baxa1.php HTTP/1.1" 404 9323 "-" "Mozilla/5.0 (Windows NT 10.0; Win64; x64) AppleWebKit/537.36 (KHTML, like Gecko) Chrome/120.0.0.0 Safari/537.36"
20.89.19.162 - - [28/Apr/2026:01:14:52 +0000] "GET /buy.php HTTP/1.1" 404 9321 "-" "Mozilla/5.0 (Windows NT 10.0; Win64; x64) AppleWebKit/537.36 (KHTML, like Gecko) Chrome/120.0.0.0 Safari/537.36"
20.89.19.162 - - [28/Apr/2026:01:14:53 +0000] "GET /byp.php HTTP/1.1" 404 9321 "-" "Mozilla/5.0 (Windows NT 10.0; Win64; x64) AppleWebKit/537.36 (KHTML, like Gecko) Chrome/120.0.0.0 Safari/537.36"
20.89.19.162 - - [28/Apr/2026:01:14:54 +0000] "GET /c.php HTTP/1.1" 404 9320 "-" "Mozilla/5.0 (Windows NT 10.0; Win64; x64) AppleWebKit/537.36 (KHTML, like Gecko) Chrome/120.0.0.0 Safari/537.36"
20.89.19.162 - - [28/Apr/2026:01:14:55 +0000] "GET /c99.php? HTTP/1.1" 404 9323 "-" "Mozilla/5.0 (Windows NT 10.0; Win64; x64) AppleWebKit/537.36 (KHTML, like Gecko) Chrome/120.0.0.0 Safari/537.36"
20.89.19.162 - - [28/Apr/2026:01:14:56 +0000] "GET /chosen.php HTTP/1.1" 404 9323 "-" "Mozilla/5.0 (Windows NT 10.0; Win64; x64) AppleWebKit/537.36 (KHTML, like Gecko) Chrome/120.0.0.0 Safari/537.36"
20.89.19.162 - - [28/Apr/2026:01:14:57 +0000] "GET /class-wp-lock.php HTTP/1.1" 404 9328 "-" "Mozilla/5.0 (Windows NT 10.0; Win64; x64) AppleWebKit/537.36 (KHTML, like Gecko) Chrome/120.0.0.0 Safari/537.36"
20.89.19.162 - - [28/Apr/2026:01:14:57 +0000] "GET /cong.php HTTP/1.1" 404 9322 "-" "Mozilla/5.0 (Windows NT 10.0; Win64; x64) AppleWebKit/537.36 (KHTML, like Gecko) Chrome/120.0.0.0 Safari/537.36"
20.89.19.162 - - [28/Apr/2026:01:14:59 +0000] "GET /content.php HTTP/1.1" 404 9321 "-" "Mozilla/5.0 (Windows NT 10.0; Win64; x64) AppleWebKit/537.36 (KHTML, like Gecko) Chrome/120.0.0.0 Safari/537.36"
20.89.19.162 - - [28/Apr/2026:01:14:59 +0000] "GET /control.php HTTP/1.1" 404 9323 "-" "Mozilla/5.0 (Windows NT 10.0; Win64; x64) AppleWebKit/537.36 (KHTML, like Gecko) Chrome/120.0.0.0 Safari/537.36"
20.89.19.162 - - [28/Apr/2026:01:15:00 +0000] "GET /cookie.php HTTP/1.1" 404 9321 "-" "Mozilla/5.0 (Windows NT 10.0; Win64; x64) AppleWebKit/537.36 (KHTML, like Gecko) Chrome/120.0.0.0 Safari/537.36"
20.89.19.162 - - [28/Apr/2026:01:15:02 +0000] "GET /credits.php HTTP/1.1" 404 9324 "-" "Mozilla/5.0 (Windows NT 10.0; Win64; x64) AppleWebKit/537.36 (KHTML, like Gecko) Chrome/120.0.0.0 Safari/537.36"
20.89.19.162 - - [28/Apr/2026:01:15:03 +0000] "GET /cron.php HTTP/1.1" 404 9322 "-" "Mozilla/5.0 (Windows NT 10.0; Win64; x64) AppleWebKit/537.36 (KHTML, like Gecko) Chrome/120.0.0.0 Safari/537.36"
20.89.19.162 - - [28/Apr/2026:01:15:04 +0000] "GET /css.php HTTP/1.1" 404 9321 "-" "Mozilla/5.0 (Windows NT 10.0; Win64; x64) AppleWebKit/537.36 (KHTML, like Gecko) Chrome/120.0.0.0 Safari/537.36"
20.89.19.162 - - [28/Apr/2026:01:15:05 +0000] "GET /css/autoload_classmap.php HTTP/1.1" 404 9332 "-" "Mozilla/5.0 (Windows NT 10.0; Win64; x64) AppleWebKit/537.36 (KHTML, like Gecko) Chrome/120.0.0.0 Safari/537.36"
20.89.19.162 - - [28/Apr/2026:01:15:06 +0000] "GET /data.php HTTP/1.1" 404 9321 "-" "Mozilla/5.0 (Windows NT 10.0; Win64; x64) AppleWebKit/537.36 (KHTML, like Gecko) Chrome/120.0.0.0 Safari/537.36"
20.89.19.162 - - [28/Apr/2026:01:15:07 +0000] "GET /disagreed.php HTTP/1.1" 404 9325 "-" "Mozilla/5.0 (Windows NT 10.0; Win64; x64) AppleWebKit/537.36 (KHTML, like Gecko) Chrome/120.0.0.0 Safari/537.36"
20.89.19.162 - - [28/Apr/2026:01:15:08 +0000] "GET /doc.php HTTP/1.1" 404 9321 "-" "Mozilla/5.0 (Windows NT 10.0; Win64; x64) AppleWebKit/537.36 (KHTML, like Gecko) Chrome/120.0.0.0 Safari/537.36"
20.89.19.162 - - [28/Apr/2026:01:15:09 +0000] "GET /dropdown.php HTTP/1.1" 404 9323 "-" "Mozilla/5.0 (Windows NT 10.0; Win64; x64) AppleWebKit/537.36 (KHTML, like Gecko) Chrome/120.0.0.0 Safari/537.36"
20.89.19.162 - - [28/Apr/2026:01:15:10 +0000] "GET /ds.php HTTP/1.1" 404 9320 "-" "Mozilla/5.0 (Windows NT 10.0; Win64; x64) AppleWebKit/537.36 (KHTML, like Gecko) Chrome/120.0.0.0 Safari/537.36"
20.89.19.162 - - [28/Apr/2026:01:15:11 +0000] "GET /ee.php HTTP/1.1" 404 9320 "-" "Mozilla/5.0 (Windows NT 10.0; Win64; x64) AppleWebKit/537.36 (KHTML, like Gecko) Chrome/120.0.0.0 Safari/537.36"
20.89.19.162 - - [28/Apr/2026:01:15:12 +0000] "GET /en.php HTTP/1.1" 404 9320 "-" "Mozilla/5.0 (Windows NT 10.0; Win64; x64) AppleWebKit/537.36 (KHTML, like Gecko) Chrome/120.0.0.0 Safari/537.36"
20.89.19.162 - - [28/Apr/2026:01:15:13 +0000] "GET /error.php HTTP/1.1" 404 9321 "-" "Mozilla/5.0 (Windows NT 10.0; Win64; x64) AppleWebKit/537.36 (KHTML, like Gecko) Chrome/120.0.0.0 Safari/537.36"
20.89.19.162 - - [28/Apr/2026:01:15:14 +0000] "GET /f35.php HTTP/1.1" 404 9320 "-" "Mozilla/5.0 (Windows NT 10.0; Win64; x64) AppleWebKit/537.36 (KHTML, like Gecko) Chrome/120.0.0.0 Safari/537.36"
184.94.212.206 - - [28/Apr/2026:01:15:16 +0000] "POST /wp-cron.php?doing_wp_cron=1777338916.1452820301055908203125 HTTP/1.1" 200 - "-" "WordPress/6.9.4; https://tophobbydrone.com"
20.89.19.162 - - [28/Apr/2026:01:15:15 +0000] "GET /favicon.php HTTP/1.1" 404 9324 "-" "Mozilla/5.0 (Windows NT 10.0; Win64; x64) AppleWebKit/537.36 (KHTML, like Gecko) Chrome/120.0.0.0 Safari/537.36"
20.89.19.162 - - [28/Apr/2026:01:15:16 +0000] "GET /feeds.php HTTP/1.1" 404 9322 "-" "Mozilla/5.0 (Windows NT 10.0; Win64; x64) AppleWebKit/537.36 (KHTML, like Gecko) Chrome/120.0.0.0 Safari/537.36"
20.89.19.162 - - [28/Apr/2026:01:15:17 +0000] "GET /files.php HTTP/1.1" 404 9322 "-" "Mozilla/5.0 (Windows NT 10.0; Win64; x64) AppleWebKit/537.36 (KHTML, like Gecko) Chrome/120.0.0.0 Safari/537.36"
20.89.19.162 - - [28/Apr/2026:01:15:18 +0000] "GET /files/autoload_classmap.php HTTP/1.1" 404 9334 "-" "Mozilla/5.0 (Windows NT 10.0; Win64; x64) AppleWebKit/537.36 (KHTML, like Gecko) Chrome/120.0.0.0 Safari/537.36"
20.89.19.162 - - [28/Apr/2026:01:15:19 +0000] "GET /flower.php HTTP/1.1" 404 9325 "-" "Mozilla/5.0 (Windows NT 10.0; Win64; x64) AppleWebKit/537.36 (KHTML, like Gecko) Chrome/120.0.0.0 Safari/537.36"
20.89.19.162 - - [28/Apr/2026:01:15:20 +0000] "GET /function.php HTTP/1.1" 404 9321 "-" "Mozilla/5.0 (Windows NT 10.0; Win64; x64) AppleWebKit/537.36 (KHTML, like Gecko) Chrome/120.0.0.0 Safari/537.36"
20.89.19.162 - - [28/Apr/2026:01:15:21 +0000] "GET /functions.php HTTP/1.1" 404 9322 "-" "Mozilla/5.0 (Windows NT 10.0; Win64; x64) AppleWebKit/537.36 (KHTML, like Gecko) Chrome/120.0.0.0 Safari/537.36"
20.89.19.162 - - [28/Apr/2026:01:15:21 +0000] "GET /gecko-new.php HTTP/1.1" 404 9328 "-" "Mozilla/5.0 (Windows NT 10.0; Win64; x64) AppleWebKit/537.36 (KHTML, like Gecko) Chrome/120.0.0.0 Safari/537.36"
20.89.19.162 - - [28/Apr/2026:01:15:22 +0000] "GET /ggfi.php HTTP/1.1" 404 9322 "-" "Mozilla/5.0 (Windows NT 10.0; Win64; x64) AppleWebKit/537.36 (KHTML, like Gecko) Chrome/120.0.0.0 Safari/537.36"
20.89.19.162 - - [28/Apr/2026:01:15:23 +0000] "GET /gzak2w.php HTTP/1.1" 404 9326 "-" "Mozilla/5.0 (Windows NT 10.0; Win64; x64) AppleWebKit/537.36 (KHTML, like Gecko) Chrome/120.0.0.0 Safari/537.36"
20.89.19.162 - - [28/Apr/2026:01:15:24 +0000] "GET /hehe.php HTTP/1.1" 404 9322 "-" "Mozilla/5.0 (Windows NT 10.0; Win64; x64) AppleWebKit/537.36 (KHTML, like Gecko) Chrome/120.0.0.0 Safari/537.36"
20.89.19.162 - - [28/Apr/2026:01:15:25 +0000] "GET /hehehehe.php HTTP/1.1" 404 9322 "-" "Mozilla/5.0 (Windows NT 10.0; Win64; x64) AppleWebKit/537.36 (KHTML, like Gecko) Chrome/120.0.0.0 Safari/537.36"
20.89.19.162 - - [28/Apr/2026:01:15:26 +0000] "GET /help.php HTTP/1.1" 404 9321 "-" "Mozilla/5.0 (Windows NT 10.0; Win64; x64) AppleWebKit/537.36 (KHTML, like Gecko) Chrome/120.0.0.0 Safari/537.36"
20.89.19.162 - - [28/Apr/2026:01:15:27 +0000] "GET /images/wp-login.php HTTP/1.1" 404 9322 "-" "Mozilla/5.0 (Windows NT 10.0; Win64; x64) AppleWebKit/537.36 (KHTML, like Gecko) Chrome/120.0.0.0 Safari/537.36"
20.89.19.162 - - [28/Apr/2026:01:15:28 +0000] "GET /index.php HTTP/1.1" 301 - "-" "Mozilla/5.0 (Windows NT 10.0; Win64; x64) AppleWebKit/537.36 (KHTML, like Gecko) Chrome/120.0.0.0 Safari/537.36"
20.89.19.162 - - [28/Apr/2026:01:15:29 +0000] "GET /index/function.php HTTP/1.1" 404 9326 "-" "Mozilla/5.0 (Windows NT 10.0; Win64; x64) AppleWebKit/537.36 (KHTML, like Gecko) Chrome/120.0.0.0 Safari/537.36"
20.89.19.162 - - [28/Apr/2026:01:15:30 +0000] "GET /install.php HTTP/1.1" 404 9322 "-" "Mozilla/5.0 (Windows NT 10.0; Win64; x64) AppleWebKit/537.36 (KHTML, like Gecko) Chrome/120.0.0.0 Safari/537.36"
184.94.212.206 - - [28/Apr/2026:01:15:31 +0000] "POST /wp-cron.php?doing_wp_cron=1777338931.7568030357360839843750 HTTP/1.1" 200 - "-" "WordPress/6.9.4; https://tophobbydrone.com"
20.89.19.162 - - [28/Apr/2026:01:15:30 +0000] "GET /jp.php HTTP/1.1" 404 9321 "-" "Mozilla/5.0 (Windows NT 10.0; Win64; x64) AppleWebKit/537.36 (KHTML, like Gecko) Chrome/120.0.0.0 Safari/537.36"
20.89.19.162 - - [28/Apr/2026:01:15:31 +0000] "GET /mah/function.php HTTP/1.1" 404 9325 "-" "Mozilla/5.0 (Windows NT 10.0; Win64; x64) AppleWebKit/537.36 (KHTML, like Gecko) Chrome/120.0.0.0 Safari/537.36"
20.89.19.162 - - [28/Apr/2026:01:15:32 +0000] "GET /meta.php HTTP/1.1" 404 9321 "-" "Mozilla/5.0 (Windows NT 10.0; Win64; x64) AppleWebKit/537.36 (KHTML, like Gecko) Chrome/120.0.0.0 Safari/537.36"
20.89.19.162 - - [28/Apr/2026:01:15:34 +0000] "GET /moon.php HTTP/1.1" 404 9322 "-" "Mozilla/5.0 (Windows NT 10.0; Win64; x64) AppleWebKit/537.36 (KHTML, like Gecko) Chrome/120.0.0.0 Safari/537.36"
20.89.19.162 - - [28/Apr/2026:01:15:35 +0000] "GET /new.php HTTP/1.1" 404 9321 "-" "Mozilla/5.0 (Windows NT 10.0; Win64; x64) AppleWebKit/537.36 (KHTML, like Gecko) Chrome/120.0.0.0 Safari/537.36"
20.89.19.162 - - [28/Apr/2026:01:15:35 +0000] "GET /ova.php HTTP/1.1" 404 9321 "-" "Mozilla/5.0 (Windows NT 10.0; Win64; x64) AppleWebKit/537.36 (KHTML, like Gecko) Chrome/120.0.0.0 Safari/537.36"
20.89.19.162 - - [28/Apr/2026:01:15:36 +0000] "GET /print/bkindex.php HTTP/1.1" 404 9330 "-" "Mozilla/5.0 (Windows NT 10.0; Win64; x64) AppleWebKit/537.36 (KHTML, like Gecko) Chrome/120.0.0.0 Safari/537.36"
20.89.19.162 - - [28/Apr/2026:01:15:37 +0000] "GET /radio.php HTTP/1.1" 404 9322 "-" "Mozilla/5.0 (Windows NT 10.0; Win64; x64) AppleWebKit/537.36 (KHTML, like Gecko) Chrome/120.0.0.0 Safari/537.36"
20.89.19.162 - - [28/Apr/2026:01:15:38 +0000] "GET /randkeyword.php HTTP/1.1" 404 9330 "-" "Mozilla/5.0 (Windows NT 10.0; Win64; x64) AppleWebKit/537.36 (KHTML, like Gecko) Chrome/120.0.0.0 Safari/537.36"
20.89.19.162 - - [28/Apr/2026:01:15:39 +0000] "GET /room.php HTTP/1.1" 404 9322 "-" "Mozilla/5.0 (Windows NT 10.0; Win64; x64) AppleWebKit/537.36 (KHTML, like Gecko) Chrome/120.0.0.0 Safari/537.36"
20.89.19.162 - - [28/Apr/2026:01:15:40 +0000] "GET /sad/about.php HTTP/1.1" 404 9324 "-" "Mozilla/5.0 (Windows NT 10.0; Win64; x64) AppleWebKit/537.36 (KHTML, like Gecko) Chrome/120.0.0.0 Safari/537.36"
20.89.19.162 - - [28/Apr/2026:01:15:41 +0000] "GET /sim.php/wp-includes/certificates/plugins.php HTTP/1.1" 404 9397 "-" "Mozilla/5.0 (Windows NT 10.0; Win64; x64) AppleWebKit/537.36 (KHTML, like Gecko) Chrome/120.0.0.0 Safari/537.36"
20.89.19.162 - - [28/Apr/2026:01:15:42 +0000] "GET /simple.php HTTP/1.1" 404 9321 "-" "Mozilla/5.0 (Windows NT 10.0; Win64; x64) AppleWebKit/537.36 (KHTML, like Gecko) Chrome/120.0.0.0 Safari/537.36"
20.89.19.162 - - [28/Apr/2026:01:15:43 +0000] "GET /templates/beez3/1.php HTTP/1.1" 404 9394 "-" "Mozilla/5.0 (Windows NT 10.0; Win64; x64) AppleWebKit/537.36 (KHTML, like Gecko) Chrome/120.0.0.0 Safari/537.36"
20.89.19.162 - - [28/Apr/2026:01:15:43 +0000] "GET /templates/beez3/index.php HTTP/1.1" 301 - "-" "Mozilla/5.0 (Windows NT 10.0; Win64; x64) AppleWebKit/537.36 (KHTML, like Gecko) Chrome/120.0.0.0 Safari/537.36"
5.161.84.165 - - [28/Apr/2026:01:16:51 +0000] "GET /wp-login.php HTTP/1.1" 200 4388 "-" "Mozilla/5.0 (Windows NT 10.0) AppleWebKit/537.36 (KHTML, like Gecko) Chrome/65.0.3325.181 Safari/537.36"
5.161.84.165 - - [28/Apr/2026:01:16:52 +0000] "POST /wp-login.php HTTP/1.1" 200 4388 "https://tophobbydrone.com/wp-login.php" "Mozilla/5.0 (Windows NT 10.0) AppleWebKit/537.36 (KHTML, like Gecko) Chrome/65.0.3325.181 Safari/537.36"
192.0.84.117 - - [28/Apr/2026:01:17:25 +0000] "HEAD / HTTP/1.1" 200 - "-" "jetmon/1.0 (Jetpack Site Uptime Monitor by WordPress.com)"
85.131.197.38 - - [28/Apr/2026:01:19:56 +0000] "GET /wp-login.php HTTP/1.1" 200 4389 "-" "Mozilla/5.0 (Macintosh; Intel Mac OS X 10_11_6) AppleWebKit/603.3.8 (KHTML, like Gecko) Version/10.1.2 Safari/603.3.8"
85.131.197.38 - - [28/Apr/2026:01:19:58 +0000] "POST /wp-login.php HTTP/1.1" 200 4389 "https://tophobbydrone.com/wp-login.php" "Mozilla/5.0 (Macintosh; Intel Mac OS X 10_11_6) AppleWebKit/603.3.8 (KHTML, like Gecko) Version/10.1.2 Safari/603.3.8"
192.0.84.117 - - [28/Apr/2026:01:22:24 +0000] "HEAD / HTTP/1.1" 200 - "-" "jetmon/1.0 (Jetpack Site Uptime Monitor by WordPress.com)"
45.148.10.120 - - [28/Apr/2026:01:24:42 +0000] "GET /.env.docker HTTP/1.1" 404 9326 "-" "Lynx/2.8.7dev.4 libwww-FM/2.14 SSL-MM/1.4.1 OpenSSL/0.9.8d"
45.148.10.120 - - [28/Apr/2026:01:24:42 +0000] "GET /.aws/credentials HTTP/1.1" 404 9329 "-" "Mozilla/5.0 (iPhone; CPU iPhone OS 10_3_3 like Mac OS X) AppleWebKit/603.3.8 (KHTML, like Gecko) Version/9.0 Mobile/13B143 Safari/601.1"
45.148.10.120 - - [28/Apr/2026:01:24:42 +0000] "GET /.env HTTP/1.1" 404 9321 "-" "Mozilla/5.0 (Linux; Android 8.0.0; SM-G930V) AppleWebKit/537.36 (KHTML, like Gecko) Chrome/76.0.3809.89 Mobile Safari/537.36"
184.94.212.206 - - [28/Apr/2026:01:27:24 +0000] "POST /wp-cron.php?doing_wp_cron=1777339644.3611109256744384765625 HTTP/1.1" 200 - "-" "WordPress/6.9.4; https://tophobbydrone.com"
192.0.84.117 - - [28/Apr/2026:01:27:22 +0000] "HEAD / HTTP/1.1" 200 - "-" "jetmon/1.0 (Jetpack Site Uptime Monitor by WordPress.com)"
184.94.212.206 - - [28/Apr/2026:01:30:26 +0000] "POST /wp-cron.php?doing_wp_cron=1777339826.9324769973754882812500 HTTP/1.1" 200 - "-" "WordPress/6.9.4; https://tophobbydrone.com"
108.167.188.130 - - [28/Apr/2026:01:30:25 +0000] "GET /wp-login.php HTTP/1.1" 200 2776 "-" "Mozilla/5.0 (Macintosh; Intel Mac OS X 10.12; rv:60.0) Gecko/20100101 Firefox/60.0"
108.167.188.130 - - [28/Apr/2026:01:30:27 +0000] "POST /wp-login.php HTTP/1.1" 401 1441 "https://tophobbydrone.com/wp-login.php" "Mozilla/5.0 (Macintosh; Intel Mac OS X 10.12; rv:60.0) Gecko/20100101 Firefox/60.0"
57.141.18.95 - - [28/Apr/2026:01:30:59 +0000] "GET /dont_know_what_kind_of_hobby_to_take_up_read_these_tips-jpg-3/ HTTP/1.1" 301 - "-" "meta-externalagent/1.1 (+https://developers.facebook.com/docs/sharing/webmasters/crawler)"
192.0.84.117 - - [28/Apr/2026:01:32:23 +0000] "HEAD / HTTP/1.1" 200 - "-" "jetmon/1.0 (Jetpack Site Uptime Monitor by WordPress.com)"
103.255.134.61 - - [28/Apr/2026:01:33:40 +0000] "GET /wp-login.php HTTP/1.1" 200 4390 "-" "Mozilla/5.0 (Windows NT 6.1) AppleWebKit/537.36 (KHTML, like Gecko) Chrome/66.0.3359.170 Safari/537.36"
103.255.134.61 - - [28/Apr/2026:01:33:42 +0000] "POST /wp-login.php HTTP/1.1" 200 4390 "https://tophobbydrone.com/wp-login.php" "Mozilla/5.0 (Windows NT 6.1) AppleWebKit/537.36 (KHTML, like Gecko) Chrome/66.0.3359.170 Safari/537.36"
184.94.212.206 - - [28/Apr/2026:01:35:23 +0000] "POST /wp-cron.php?doing_wp_cron=1777340123.8741428852081298828125 HTTP/1.1" 200 - "-" "WordPress/6.9.4; https://tophobbydrone.com"
40.77.167.76 - - [28/Apr/2026:01:35:22 +0000] "GET /sitemap.xml HTTP/1.1" 200 306 "-" "Mozilla/5.0 AppleWebKit/537.36 (KHTML, like Gecko; compatible; bingbot/2.0; +http://www.bing.com/bingbot.htm) Chrome/116.0.1938.76 Safari/537.36"
