150.95.105.14 - - [28/Apr/2026:10:07:44 +0000] "GET /wp-login.php HTTP/1.1" 200 2215 "-" "Mozilla/5.0 (Windows NT 6.2; ARM; Trident/7.0; Touch; rv:11.0; WPDesktop; NOKIA; Lumia 630) like Gecko"
184.94.212.206 - - [28/Apr/2026:10:07:48 +0000] "POST /wp-cron.php?doing_wp_cron=1777370868.8531420230865478515625 HTTP/1.1" 200 - "-" "WordPress/6.9.4; https://thepassiveincomeideas.com"
150.95.105.14 - - [28/Apr/2026:10:07:48 +0000] "POST /wp-login.php HTTP/1.1" 200 3284 "https://thepassiveincomeideas.com/wp-login.php" "Mozilla/5.0 (Windows NT 6.2; ARM; Trident/7.0; Touch; rv:11.0; WPDesktop; NOKIA; Lumia 630) like Gecko"
184.94.212.206 - - [28/Apr/2026:10:16:56 +0000] "POST /wp-cron.php?doing_wp_cron=1777371416.2613039016723632812500 HTTP/1.1" 200 - "-" "WordPress/6.9.4; https://thepassiveincomeideas.com"
85.131.213.133 - - [28/Apr/2026:10:16:54 +0000] "GET /wp-login.php HTTP/1.1" 200 2215 "-" "Mozilla/5.0 (Macintosh; Intel Mac OS X 10_12_6) AppleWebKit/604.1.38 (KHTML, like Gecko) Version/11.0 Safari/604.1.38"
85.131.213.133 - - [28/Apr/2026:10:16:56 +0000] "POST /wp-login.php HTTP/1.1" 200 3290 "https://thepassiveincomeideas.com/wp-login.php" "Mozilla/5.0 (Macintosh; Intel Mac OS X 10_12_6) AppleWebKit/604.1.38 (KHTML, like Gecko) Version/11.0 Safari/604.1.38"
184.94.212.206 - - [28/Apr/2026:10:21:56 +0000] "POST /wp-cron.php?doing_wp_cron=1777371716.7211780548095703125000 HTTP/1.1" 200 - "-" "WordPress/6.9.4; https://thepassiveincomeideas.com"
65.108.245.16 - - [28/Apr/2026:10:21:55 +0000] "GET /wp-login.php HTTP/1.1" 200 2215 "-" "Mozilla/5.0 (Windows NT 6.2; Win64; x64) AppleWebKit/537.36 (KHTML, like Gecko) Chrome/66.0.3359.181 Safari/537.36"
65.108.245.16 - - [28/Apr/2026:10:21:57 +0000] "POST /wp-login.php HTTP/1.1" 200 3290 "https://thepassiveincomeideas.com.primemusicproductions.com/wp-login.php" "Mozilla/5.0 (Windows NT 6.2; Win64; x64) AppleWebKit/537.36 (KHTML, like Gecko) Chrome/66.0.3359.181 Safari/537.36"
184.94.212.206 - - [28/Apr/2026:10:24:30 +0000] "POST /wp-cron.php?doing_wp_cron=1777371870.0242180824279785156250 HTTP/1.1" 200 - "-" "WordPress/6.9.4; https://thepassiveincomeideas.com"
198.98.59.125 - - [28/Apr/2026:10:24:28 +0000] "GET /wp-login.php HTTP/1.1" 200 6496 "-" "Mozilla/5.0 (Windows NT 10.0; Win64; x64; rv:122.0) Gecko/20100101 Firefox/122.0"
198.98.59.125 - - [28/Apr/2026:10:24:30 +0000] "POST /wp-login.php HTTP/1.1" 200 11382 "-" "Mozilla/5.0 (Windows NT 10.0; Win64; x64; rv:122.0) Gecko/20100101 Firefox/122.0"
184.94.212.206 - - [28/Apr/2026:10:31:16 +0000] "POST /wp-cron.php?doing_wp_cron=1777372276.0728399753570556640625 HTTP/1.1" 200 - "-" "WordPress/6.9.4; https://thepassiveincomeideas.com"
123.30.109.8 - - [28/Apr/2026:10:31:14 +0000] "GET /wp-login.php HTTP/1.1" 200 2215 "-" "Mozilla/5.0 (Macintosh; Intel Mac OS X 10_13_1) AppleWebKit/604.3.1 (KHTML, like Gecko) Version/11.0.1 Safari/604.3.1"
123.30.109.8 - - [28/Apr/2026:10:31:16 +0000] "POST /wp-login.php HTTP/1.1" 200 3284 "https://thepassiveincomeideas.com.primemusicproductions.com/wp-login.php" "Mozilla/5.0 (Macintosh; Intel Mac OS X 10_13_1) AppleWebKit/604.3.1 (KHTML, like Gecko) Version/11.0.1 Safari/604.3.1"
173.231.200.221 - - [28/Apr/2026:10:31:31 +0000] "GET /wp-login.php HTTP/1.1" 200 2215 "-" "Mozilla/5.0 (Windows NT 10.0) AppleWebKit/537.36 (KHTML, like Gecko) Chrome/67.0.3396.79 Safari/537.36"
184.94.212.206 - - [28/Apr/2026:10:31:32 +0000] "POST /wp-cron.php?doing_wp_cron=1777372292.7912540435791015625000 HTTP/1.1" 200 - "-" "WordPress/6.9.4; https://thepassiveincomeideas.com"
173.231.200.221 - - [28/Apr/2026:10:31:31 +0000] "POST /wp-login.php HTTP/1.1" 200 3290 "https://thepassiveincomeideas.com/wp-login.php" "Mozilla/5.0 (Windows NT 10.0) AppleWebKit/537.36 (KHTML, like Gecko) Chrome/67.0.3396.79 Safari/537.36"
184.94.212.206 - - [28/Apr/2026:10:35:34 +0000] "POST /wp-cron.php?doing_wp_cron=1777372534.3386619091033935546875 HTTP/1.1" 200 - "-" "WordPress/6.9.4; https://thepassiveincomeideas.com"
50.6.7.129 - - [28/Apr/2026:10:35:33 +0000] "GET /wp-login.php HTTP/1.1" 200 2215 "-" "Mozilla/5.0 (Windows NT 10.0; Win64; x64; WebView/3.0) AppleWebKit/537.36 (KHTML, like Gecko) Chrome/58.0.3029.110 Safari/537.36 Edge/16.16299"
50.6.7.129 - - [28/Apr/2026:10:35:34 +0000] "POST /wp-login.php HTTP/1.1" 200 3284 "https://thepassiveincomeideas.com.primemusicproductions.com/wp-login.php" "Mozilla/5.0 (Windows NT 10.0; Win64; x64; WebView/3.0) AppleWebKit/537.36 (KHTML, like Gecko) Chrome/58.0.3029.110 Safari/537.36 Edge/16.16299"
184.94.212.206 - - [28/Apr/2026:10:36:43 +0000] "POST /wp-cron.php?doing_wp_cron=1777372603.3744719028472900390625 HTTP/1.1" 200 - "-" "WordPress/6.9.4; https://thepassiveincomeideas.com"
66.116.235.214 - - [28/Apr/2026:10:36:41 +0000] "GET /wp-login.php HTTP/1.1" 200 2215 "-" "Mozilla/5.0 (Windows NT 6.1; WOW64; Trident/7.0; NP06; rv:11.0) like Gecko"
66.116.235.214 - - [28/Apr/2026:10:36:43 +0000] "POST /wp-login.php HTTP/1.1" 200 3290 "https://thepassiveincomeideas.com/wp-login.php" "Mozilla/5.0 (Windows NT 6.1; WOW64; Trident/7.0; NP06; rv:11.0) like Gecko"
184.94.212.206 - - [28/Apr/2026:10:37:36 +0000] "POST /wp-cron.php?doing_wp_cron=1777372656.4878458976745605468750 HTTP/1.1" 200 - "-" "WordPress/6.9.4; https://thepassiveincomeideas.com"
144.16.144.93 - - [28/Apr/2026:10:37:35 +0000] "GET /wp-login.php HTTP/1.1" 200 2215 "-" "Mozilla/4.0 (compatible; MSIE 7.0; Windows NT 6.1; Trident/7.0; SLCC2; .NET CLR 2.0.50727; .NET CLR 3.5.30729; .NET CLR 3.0.30729; Media Center PC 6.0; Tablet PC 2.0; .NET4.0C; .NET4.0E; EIE10;ENUSWOL)"
144.16.144.93 - - [28/Apr/2026:10:37:37 +0000] "POST /wp-login.php HTTP/1.1" 200 3284 "https://thepassiveincomeideas.com/wp-login.php" "Mozilla/4.0 (compatible; MSIE 7.0; Windows NT 6.1; Trident/7.0; SLCC2; .NET CLR 2.0.50727; .NET CLR 3.5.30729; .NET CLR 3.0.30729; Media Center PC 6.0; Tablet PC 2.0; .NET4.0C; .NET4.0E; EIE10;ENUSWOL)"
184.94.212.206 - - [28/Apr/2026:10:59:48 +0000] "POST /wp-cron.php?doing_wp_cron=1777373988.3057110309600830078125 HTTP/1.1" 200 - "-" "WordPress/6.9.4; https://thepassiveincomeideas.com"
45.55.138.32 - - [28/Apr/2026:10:59:47 +0000] "GET /wp-login.php HTTP/1.1" 200 2215 "-" "Mozilla/5.0 (Windows NT 6.3) AppleWebKit/537.36 (KHTML, like Gecko) Chrome/65.0.3325.181 Safari/537.36"
45.55.138.32 - - [28/Apr/2026:10:59:49 +0000] "POST /wp-login.php HTTP/1.1" 200 3290 "https://thepassiveincomeideas.com/wp-login.php" "Mozilla/5.0 (Windows NT 6.3) AppleWebKit/537.36 (KHTML, like Gecko) Chrome/65.0.3325.181 Safari/537.36"
184.94.212.206 - - [28/Apr/2026:11:12:47 +0000] "POST /wp-cron.php?doing_wp_cron=1777374767.8648970127105712890625 HTTP/1.1" 200 - "-" "WordPress/6.9.4; https://thepassiveincomeideas.com"
15.235.164.131 - - [28/Apr/2026:11:12:46 +0000] "GET /wp-login.php HTTP/1.1" 200 2215 "-" "Mozilla/5.0 (X11; CrOS x86_64 10452.99.0) AppleWebKit/537.36 (KHTML, like Gecko) Chrome/66.0.3359.203 Safari/537.36"
15.235.164.131 - - [28/Apr/2026:11:12:49 +0000] "POST /wp-login.php HTTP/1.1" 200 3284 "https://thepassiveincomeideas.com/wp-login.php" "Mozilla/5.0 (X11; CrOS x86_64 10452.99.0) AppleWebKit/537.36 (KHTML, like Gecko) Chrome/66.0.3359.203 Safari/537.36"
184.94.212.206 - - [28/Apr/2026:11:17:32 +0000] "POST /wp-cron.php?doing_wp_cron=1777375052.5399909019470214843750 HTTP/1.1" 200 - "-" "WordPress/6.9.4; https://thepassiveincomeideas.com"
51.161.218.213 - - [28/Apr/2026:11:17:31 +0000] "GET /wp-login.php HTTP/1.1" 200 2215 "-" "Mozilla/5.0 (Windows NT 6.1; WOW64; Trident/7.0; MDDCJS; rv:11.0) like Gecko"
51.161.218.213 - - [28/Apr/2026:11:17:33 +0000] "POST /wp-login.php HTTP/1.1" 200 3284 "https://thepassiveincomeideas.com/wp-login.php" "Mozilla/5.0 (Windows NT 6.1; WOW64; Trident/7.0; MDDCJS; rv:11.0) like Gecko"
184.94.212.206 - - [28/Apr/2026:11:19:07 +0000] "POST /wp-cron.php?doing_wp_cron=1777375147.9689769744873046875000 HTTP/1.1" 200 - "-" "WordPress/6.9.4; https://thepassiveincomeideas.com"
209.141.45.41 - - [28/Apr/2026:11:19:06 +0000] "GET /wp-login.php HTTP/1.1" 200 6496 "-" "Mozilla/5.0 (Windows NT 10.0; Win64; x64) AppleWebKit/537.36 (KHTML, like Gecko) Chrome/118.0.0.0 Safari/537.36 Edg/118.0.2088.46"
184.94.212.206 - - [28/Apr/2026:11:20:39 +0000] "POST /wp-cron.php?doing_wp_cron=1777375239.6542110443115234375000 HTTP/1.1" 200 - "-" "WordPress/6.9.4; https://thepassiveincomeideas.com"
209.141.45.41 - - [28/Apr/2026:11:20:37 +0000] "POST /wp-login.php HTTP/1.1" 200 11369 "-" "Mozilla/5.0 (Windows NT 10.0; Win64; x64) AppleWebKit/537.36 (KHTML, like Gecko) Chrome/118.0.0.0 Safari/537.36 Edg/118.0.2088.46"
184.94.212.206 - - [28/Apr/2026:11:23:58 +0000] "POST /wp-cron.php?doing_wp_cron=1777375438.4848630428314208984375 HTTP/1.1" 200 - "-" "WordPress/6.9.4; https://thepassiveincomeideas.com"
64.89.160.114 - - [28/Apr/2026:11:23:57 +0000] "GET /wp-login.php?al=true HTTP/1.1" 200 2215 "-" "Mozilla/5.0"
4.193.121.6 - - [28/Apr/2026:11:24:44 +0000] "GET /100.php HTTP/1.1" 404 - "-" "Mozilla/5.0 (Windows NT 10.0; Win64; x64) AppleWebKit/537.36 (KHTML, like Gecko) Chrome/120.0.0.0 Safari/537.36"
4.193.121.6 - - [28/Apr/2026:11:24:44 +0000] "GET /elp.php HTTP/1.1" 404 - "-" "Mozilla/5.0 (Windows NT 10.0; Win64; x64) AppleWebKit/537.36 (KHTML, like Gecko) Chrome/120.0.0.0 Safari/537.36"
4.193.121.6 - - [28/Apr/2026:11:24:44 +0000] "GET /ftde.php HTTP/1.1" 404 - "-" "Mozilla/5.0 (Windows NT 10.0; Win64; x64) AppleWebKit/537.36 (KHTML, like Gecko) Chrome/120.0.0.0 Safari/537.36"
4.193.121.6 - - [28/Apr/2026:11:24:44 +0000] "GET /test1.php HTTP/1.1" 404 - "-" "Mozilla/5.0 (Windows NT 10.0; Win64; x64) AppleWebKit/537.36 (KHTML, like Gecko) Chrome/120.0.0.0 Safari/537.36"
4.193.121.6 - - [28/Apr/2026:11:24:44 +0000] "GET /wp-temp.php HTTP/1.1" 404 - "-" "Mozilla/5.0 (Windows NT 10.0; Win64; x64) AppleWebKit/537.36 (KHTML, like Gecko) Chrome/120.0.0.0 Safari/537.36"
4.193.121.6 - - [28/Apr/2026:11:24:44 +0000] "GET /admin/function.php HTTP/1.1" 404 - "-" "Mozilla/5.0 (Windows NT 10.0; Win64; x64) AppleWebKit/537.36 (KHTML, like Gecko) Chrome/120.0.0.0 Safari/537.36"
4.193.121.6 - - [28/Apr/2026:11:24:45 +0000] "GET /atomlib.php HTTP/1.1" 404 - "-" "Mozilla/5.0 (Windows NT 10.0; Win64; x64) AppleWebKit/537.36 (KHTML, like Gecko) Chrome/120.0.0.0 Safari/537.36"
4.193.121.6 - - [28/Apr/2026:11:24:45 +0000] "GET /fm.php HTTP/1.1" 404 - "-" "Mozilla/5.0 (Windows NT 10.0; Win64; x64) AppleWebKit/537.36 (KHTML, like Gecko) Chrome/120.0.0.0 Safari/537.36"
4.193.121.6 - - [28/Apr/2026:11:24:45 +0000] "GET /themes.php HTTP/1.1" 404 - "-" "Mozilla/5.0 (Windows NT 10.0; Win64; x64) AppleWebKit/537.36 (KHTML, like Gecko) Chrome/120.0.0.0 Safari/537.36"
4.193.121.6 - - [28/Apr/2026:11:24:45 +0000] "GET /wp-blog.php HTTP/1.1" 404 - "-" "Mozilla/5.0 (Windows NT 10.0; Win64; x64) AppleWebKit/537.36 (KHTML, like Gecko) Chrome/120.0.0.0 Safari/537.36"
4.193.121.6 - - [28/Apr/2026:11:24:45 +0000] "GET /wp-the.php HTTP/1.1" 404 - "-" "Mozilla/5.0 (Windows NT 10.0; Win64; x64) AppleWebKit/537.36 (KHTML, like Gecko) Chrome/120.0.0.0 Safari/537.36"
4.193.121.6 - - [28/Apr/2026:11:24:46 +0000] "GET /CDX2.php HTTP/1.1" 404 - "-" "Mozilla/5.0 (Windows NT 10.0; Win64; x64) AppleWebKit/537.36 (KHTML, like Gecko) Chrome/120.0.0.0 Safari/537.36"
4.193.121.6 - - [28/Apr/2026:11:24:46 +0000] "GET /profile.php HTTP/1.1" 404 - "-" "Mozilla/5.0 (Windows NT 10.0; Win64; x64) AppleWebKit/537.36 (KHTML, like Gecko) Chrome/120.0.0.0 Safari/537.36"
4.193.121.6 - - [28/Apr/2026:11:24:46 +0000] "GET /wp-content/themes/admin.php HTTP/1.1" 404 - "-" "Mozilla/5.0 (Windows NT 10.0; Win64; x64) AppleWebKit/537.36 (KHTML, like Gecko) Chrome/120.0.0.0 Safari/537.36"
4.193.121.6 - - [28/Apr/2026:11:24:46 +0000] "GET /ws80.php HTTP/1.1" 404 - "-" "Mozilla/5.0 (Windows NT 10.0; Win64; x64) AppleWebKit/537.36 (KHTML, like Gecko) Chrome/120.0.0.0 Safari/537.36"
4.193.121.6 - - [28/Apr/2026:11:24:46 +0000] "GET /403.php HTTP/1.1" 404 - "-" "Mozilla/5.0 (Windows NT 10.0; Win64; x64) AppleWebKit/537.36 (KHTML, like Gecko) Chrome/120.0.0.0 Safari/537.36"
4.193.121.6 - - [28/Apr/2026:11:24:46 +0000] "GET /a4.php HTTP/1.1" 404 - "-" "Mozilla/5.0 (Windows NT 10.0; Win64; x64) AppleWebKit/537.36 (KHTML, like Gecko) Chrome/120.0.0.0 Safari/537.36"
4.193.121.6 - - [28/Apr/2026:11:24:47 +0000] "GET /app.php HTTP/1.1" 404 - "-" "Mozilla/5.0 (Windows NT 10.0; Win64; x64) AppleWebKit/537.36 (KHTML, like Gecko) Chrome/120.0.0.0 Safari/537.36"
4.193.121.6 - - [28/Apr/2026:11:24:47 +0000] "GET /buy.php HTTP/1.1" 404 - "-" "Mozilla/5.0 (Windows NT 10.0; Win64; x64) AppleWebKit/537.36 (KHTML, like Gecko) Chrome/120.0.0.0 Safari/537.36"
4.193.121.6 - - [28/Apr/2026:11:24:47 +0000] "GET /core.php HTTP/1.1" 404 - "-" "Mozilla/5.0 (Windows NT 10.0; Win64; x64) AppleWebKit/537.36 (KHTML, like Gecko) Chrome/120.0.0.0 Safari/537.36"
4.193.121.6 - - [28/Apr/2026:11:24:47 +0000] "GET /lock360.php HTTP/1.1" 404 - "-" "Mozilla/5.0 (Windows NT 10.0; Win64; x64) AppleWebKit/537.36 (KHTML, like Gecko) Chrome/120.0.0.0 Safari/537.36"
4.193.121.6 - - [28/Apr/2026:11:24:47 +0000] "GET /wp-block.php HTTP/1.1" 404 - "-" "Mozilla/5.0 (Windows NT 10.0; Win64; x64) AppleWebKit/537.36 (KHTML, like Gecko) Chrome/120.0.0.0 Safari/537.36"
4.193.121.6 - - [28/Apr/2026:11:24:48 +0000] "GET /wp-content/admin.php HTTP/1.1" 404 - "-" "Mozilla/5.0 (Windows NT 10.0; Win64; x64) AppleWebKit/537.36 (KHTML, like Gecko) Chrome/120.0.0.0 Safari/537.36"
4.193.121.6 - - [28/Apr/2026:11:24:48 +0000] "GET /wp-includes/assets/index.php HTTP/1.1" 404 - "-" "Mozilla/5.0 (Windows NT 10.0; Win64; x64) AppleWebKit/537.36 (KHTML, like Gecko) Chrome/120.0.0.0 Safari/537.36"
4.193.121.6 - - [28/Apr/2026:11:24:48 +0000] "GET /wp-includes/images/wp-login.php HTTP/1.1" 404 - "-" "Mozilla/5.0 (Windows NT 10.0; Win64; x64) AppleWebKit/537.36 (KHTML, like Gecko) Chrome/120.0.0.0 Safari/537.36"
4.193.121.6 - - [28/Apr/2026:11:24:48 +0000] "GET /z.php HTTP/1.1" 404 - "-" "Mozilla/5.0 (Windows NT 10.0; Win64; x64) AppleWebKit/537.36 (KHTML, like Gecko) Chrome/120.0.0.0 Safari/537.36"
4.193.121.6 - - [28/Apr/2026:11:24:48 +0000] "GET /bless.php HTTP/1.1" 404 - "-" "Mozilla/5.0 (Windows NT 10.0; Win64; x64) AppleWebKit/537.36 (KHTML, like Gecko) Chrome/120.0.0.0 Safari/537.36"
4.193.121.6 - - [28/Apr/2026:11:24:48 +0000] "GET /hplfuns.php HTTP/1.1" 404 - "-" "Mozilla/5.0 (Windows NT 10.0; Win64; x64) AppleWebKit/537.36 (KHTML, like Gecko) Chrome/120.0.0.0 Safari/537.36"
4.193.121.6 - - [28/Apr/2026:11:24:49 +0000] "GET /lock.php HTTP/1.1" 404 - "-" "Mozilla/5.0 (Windows NT 10.0; Win64; x64) AppleWebKit/537.36 (KHTML, like Gecko) Chrome/120.0.0.0 Safari/537.36"
4.193.121.6 - - [28/Apr/2026:11:24:49 +0000] "GET /radio.php HTTP/1.1" 404 - "-" "Mozilla/5.0 (Windows NT 10.0; Win64; x64) AppleWebKit/537.36 (KHTML, like Gecko) Chrome/120.0.0.0 Safari/537.36"
4.193.121.6 - - [28/Apr/2026:11:24:49 +0000] "GET /wp-content/themes/about.php HTTP/1.1" 404 - "-" "Mozilla/5.0 (Windows NT 10.0; Win64; x64) AppleWebKit/537.36 (KHTML, like Gecko) Chrome/120.0.0.0 Safari/537.36"
4.193.121.6 - - [28/Apr/2026:11:24:49 +0000] "GET /wp-content/upgrade/index.php HTTP/1.1" 404 - "-" "Mozilla/5.0 (Windows NT 10.0; Win64; x64) AppleWebKit/537.36 (KHTML, like Gecko) Chrome/120.0.0.0 Safari/537.36"
4.193.121.6 - - [28/Apr/2026:11:24:49 +0000] "GET /wp-includes/fonts/index.php HTTP/1.1" 404 - "-" "Mozilla/5.0 (Windows NT 10.0; Win64; x64) AppleWebKit/537.36 (KHTML, like Gecko) Chrome/120.0.0.0 Safari/537.36"
4.193.121.6 - - [28/Apr/2026:11:24:50 +0000] "GET /ws.php HTTP/1.1" 404 - "-" "Mozilla/5.0 (Windows NT 10.0; Win64; x64) AppleWebKit/537.36 (KHTML, like Gecko) Chrome/120.0.0.0 Safari/537.36"
4.193.121.6 - - [28/Apr/2026:11:24:50 +0000] "GET /ws49.php HTTP/1.1" 404 - "-" "Mozilla/5.0 (Windows NT 10.0; Win64; x64) AppleWebKit/537.36 (KHTML, like Gecko) Chrome/120.0.0.0 Safari/537.36"
4.193.121.6 - - [28/Apr/2026:11:24:50 +0000] "GET /xmlrpc.php HTTP/1.1" 404 - "-" "Mozilla/5.0 (Windows NT 10.0; Win64; x64) AppleWebKit/537.36 (KHTML, like Gecko) Chrome/120.0.0.0 Safari/537.36"
4.193.121.6 - - [28/Apr/2026:11:24:50 +0000] "GET /xozx.php HTTP/1.1" 404 - "-" "Mozilla/5.0 (Windows NT 10.0; Win64; x64) AppleWebKit/537.36 (KHTML, like Gecko) Chrome/120.0.0.0 Safari/537.36"
4.193.121.6 - - [28/Apr/2026:11:24:50 +0000] "GET /xwx1.php HTTP/1.1" 404 - "-" "Mozilla/5.0 (Windows NT 10.0; Win64; x64) AppleWebKit/537.36 (KHTML, like Gecko) Chrome/120.0.0.0 Safari/537.36"
4.193.121.6 - - [28/Apr/2026:11:24:51 +0000] "GET /Cap.php HTTP/1.1" 404 - "-" "Mozilla/5.0 (Windows NT 10.0; Win64; x64) AppleWebKit/537.36 (KHTML, like Gecko) Chrome/120.0.0.0 Safari/537.36"
4.193.121.6 - - [28/Apr/2026:11:24:51 +0000] "GET /ahax.php HTTP/1.1" 404 - "-" "Mozilla/5.0 (Windows NT 10.0; Win64; x64) AppleWebKit/537.36 (KHTML, like Gecko) Chrome/120.0.0.0 Safari/537.36"
4.193.121.6 - - [28/Apr/2026:11:24:51 +0000] "GET /byrgo.php HTTP/1.1" 404 - "-" "Mozilla/5.0 (Windows NT 10.0; Win64; x64) AppleWebKit/537.36 (KHTML, like Gecko) Chrome/120.0.0.0 Safari/537.36"
4.193.121.6 - - [28/Apr/2026:11:24:51 +0000] "GET /css/index.php HTTP/1.1" 404 - "-" "Mozilla/5.0 (Windows NT 10.0; Win64; x64) AppleWebKit/537.36 (KHTML, like Gecko) Chrome/120.0.0.0 Safari/537.36"
4.193.121.6 - - [28/Apr/2026:11:24:51 +0000] "GET /jp.php HTTP/1.1" 404 - "-" "Mozilla/5.0 (Windows NT 10.0; Win64; x64) AppleWebKit/537.36 (KHTML, like Gecko) Chrome/120.0.0.0 Safari/537.36"
4.193.121.6 - - [28/Apr/2026:11:24:51 +0000] "GET /num.php HTTP/1.1" 404 - "-" "Mozilla/5.0 (Windows NT 10.0; Win64; x64) AppleWebKit/537.36 (KHTML, like Gecko) Chrome/120.0.0.0 Safari/537.36"
4.193.121.6 - - [28/Apr/2026:11:24:52 +0000] "GET /wp-content/themes/index.php HTTP/1.1" 200 - "-" "Mozilla/5.0 (Windows NT 10.0; Win64; x64) AppleWebKit/537.36 (KHTML, like Gecko) Chrome/120.0.0.0 Safari/537.36"
4.193.121.6 - - [28/Apr/2026:11:24:52 +0000] "GET /12.php HTTP/1.1" 404 - "-" "Mozilla/5.0 (Windows NT 10.0; Win64; x64) AppleWebKit/537.36 (KHTML, like Gecko) Chrome/120.0.0.0 Safari/537.36"
4.193.121.6 - - [28/Apr/2026:11:24:53 +0000] "GET /Ov-Simple1.php HTTP/1.1" 404 - "-" "Mozilla/5.0 (Windows NT 10.0; Win64; x64) AppleWebKit/537.36 (KHTML, like Gecko) Chrome/120.0.0.0 Safari/537.36"
4.193.121.6 - - [28/Apr/2026:11:24:53 +0000] "GET /an.php HTTP/1.1" 404 - "-" "Mozilla/5.0 (Windows NT 10.0; Win64; x64) AppleWebKit/537.36 (KHTML, like Gecko) Chrome/120.0.0.0 Safari/537.36"
4.193.121.6 - - [28/Apr/2026:11:24:53 +0000] "GET /archive.php HTTP/1.1" 404 - "-" "Mozilla/5.0 (Windows NT 10.0; Win64; x64) AppleWebKit/537.36 (KHTML, like Gecko) Chrome/120.0.0.0 Safari/537.36"
4.193.121.6 - - [28/Apr/2026:11:24:53 +0000] "GET /as.php HTTP/1.1" 404 - "-" "Mozilla/5.0 (Windows NT 10.0; Win64; x64) AppleWebKit/537.36 (KHTML, like Gecko) Chrome/120.0.0.0 Safari/537.36"
4.193.121.6 - - [28/Apr/2026:11:24:53 +0000] "GET /db.php HTTP/1.1" 404 - "-" "Mozilla/5.0 (Windows NT 10.0; Win64; x64) AppleWebKit/537.36 (KHTML, like Gecko) Chrome/120.0.0.0 Safari/537.36"
4.193.121.6 - - [28/Apr/2026:11:24:53 +0000] "GET /error.php HTTP/1.1" 404 - "-" "Mozilla/5.0 (Windows NT 10.0; Win64; x64) AppleWebKit/537.36 (KHTML, like Gecko) Chrome/120.0.0.0 Safari/537.36"
4.193.121.6 - - [28/Apr/2026:11:24:54 +0000] "GET /ortasekerli1.php HTTP/1.1" 404 - "-" "Mozilla/5.0 (Windows NT 10.0; Win64; x64) AppleWebKit/537.36 (KHTML, like Gecko) Chrome/120.0.0.0 Safari/537.36"
184.94.212.206 - - [28/Apr/2026:11:24:55 +0000] "POST /wp-cron.php?doing_wp_cron=1777375495.2093219757080078125000 HTTP/1.1" 200 - "-" "WordPress/6.9.4; https://thepassiveincomeideas.com"
184.94.212.206 - - [28/Apr/2026:11:24:55 +0000] "POST /wp-cron.php?doing_wp_cron=1777375495.2862970829010009765625 HTTP/1.1" 200 - "-" "WordPress/6.9.4; https://thepassiveincomeideas.com"
4.193.121.6 - - [28/Apr/2026:11:24:54 +0000] "GET /wp-blog-header.php HTTP/1.1" 200 - "-" "Mozilla/5.0 (Windows NT 10.0; Win64; x64) AppleWebKit/537.36 (KHTML, like Gecko) Chrome/120.0.0.0 Safari/537.36"
4.193.121.6 - - [28/Apr/2026:11:24:55 +0000] "GET /wp-content/plugins/hellopress/wp_filemanager.php HTTP/1.1" 404 - "-" "Mozilla/5.0 (Windows NT 10.0; Win64; x64) AppleWebKit/537.36 (KHTML, like Gecko) Chrome/120.0.0.0 Safari/537.36"
4.193.121.6 - - [28/Apr/2026:11:24:55 +0000] "GET /wp-includes/class-wp-http-client.php HTTP/1.1" 404 - "-" "Mozilla/5.0 (Windows NT 10.0; Win64; x64) AppleWebKit/537.36 (KHTML, like Gecko) Chrome/120.0.0.0 Safari/537.36"
4.193.121.6 - - [28/Apr/2026:11:24:55 +0000] "GET /wp-includes/configuration.php HTTP/1.1" 404 - "-" "Mozilla/5.0 (Windows NT 10.0; Win64; x64) AppleWebKit/537.36 (KHTML, like Gecko) Chrome/120.0.0.0 Safari/537.36"
4.193.121.6 - - [28/Apr/2026:11:24:56 +0000] "GET /0x.php HTTP/1.1" 404 - "-" "Mozilla/5.0 (Windows NT 10.0; Win64; x64) AppleWebKit/537.36 (KHTML, like Gecko) Chrome/120.0.0.0 Safari/537.36"
4.193.121.6 - - [28/Apr/2026:11:24:56 +0000] "GET /aaa.php HTTP/1.1" 404 - "-" "Mozilla/5.0 (Windows NT 10.0; Win64; x64) AppleWebKit/537.36 (KHTML, like Gecko) Chrome/120.0.0.0 Safari/537.36"
4.193.121.6 - - [28/Apr/2026:11:24:56 +0000] "GET /byp.php HTTP/1.1" 404 - "-" "Mozilla/5.0 (Windows NT 10.0; Win64; x64) AppleWebKit/537.36 (KHTML, like Gecko) Chrome/120.0.0.0 Safari/537.36"
4.193.121.6 - - [28/Apr/2026:11:24:56 +0000] "GET /dropdown.php HTTP/1.1" 404 - "-" "Mozilla/5.0 (Windows NT 10.0; Win64; x64) AppleWebKit/537.36 (KHTML, like Gecko) Chrome/120.0.0.0 Safari/537.36"
4.193.121.6 - - [28/Apr/2026:11:24:56 +0000] "GET /mini.php HTTP/1.1" 404 - "-" "Mozilla/5.0 (Windows NT 10.0; Win64; x64) AppleWebKit/537.36 (KHTML, like Gecko) Chrome/120.0.0.0 Safari/537.36"
4.193.121.6 - - [28/Apr/2026:11:24:57 +0000] "GET /new.php HTTP/1.1" 404 - "-" "Mozilla/5.0 (Windows NT 10.0; Win64; x64) AppleWebKit/537.36 (KHTML, like Gecko) Chrome/120.0.0.0 Safari/537.36"
4.193.121.6 - - [28/Apr/2026:11:24:57 +0000] "GET /option.php HTTP/1.1" 404 - "-" "Mozilla/5.0 (Windows NT 10.0; Win64; x64) AppleWebKit/537.36 (KHTML, like Gecko) Chrome/120.0.0.0 Safari/537.36"
4.193.121.6 - - [28/Apr/2026:11:24:57 +0000] "GET /s.php HTTP/1.1" 404 - "-" "Mozilla/5.0 (Windows NT 10.0; Win64; x64) AppleWebKit/537.36 (KHTML, like Gecko) Chrome/120.0.0.0 Safari/537.36"
4.193.121.6 - - [28/Apr/2026:11:24:57 +0000] "GET /size.php HTTP/1.1" 404 - "-" "Mozilla/5.0 (Windows NT 10.0; Win64; x64) AppleWebKit/537.36 (KHTML, like Gecko) Chrome/120.0.0.0 Safari/537.36"
4.193.121.6 - - [28/Apr/2026:11:24:57 +0000] "GET /system_log.php HTTP/1.1" 404 - "-" "Mozilla/5.0 (Windows NT 10.0; Win64; x64) AppleWebKit/537.36 (KHTML, like Gecko) Chrome/120.0.0.0 Safari/537.36"
4.193.121.6 - - [28/Apr/2026:11:24:58 +0000] "GET /tool.php HTTP/1.1" 404 - "-" "Mozilla/5.0 (Windows NT 10.0; Win64; x64) AppleWebKit/537.36 (KHTML, like Gecko) Chrome/120.0.0.0 Safari/537.36"
4.193.121.6 - - [28/Apr/2026:11:24:58 +0000] "GET /wp-admin.php HTTP/1.1" 404 - "-" "Mozilla/5.0 (Windows NT 10.0; Win64; x64) AppleWebKit/537.36 (KHTML, like Gecko) Chrome/120.0.0.0 Safari/537.36"
4.193.121.6 - - [28/Apr/2026:11:24:58 +0000] "GET /wp-includes/Text/Diff/Engine/about.php HTTP/1.1" 404 - "-" "Mozilla/5.0 (Windows NT 10.0; Win64; x64) AppleWebKit/537.36 (KHTML, like Gecko) Chrome/120.0.0.0 Safari/537.36"
4.193.121.6 - - [28/Apr/2026:11:24:58 +0000] "GET /about/function.php HTTP/1.1" 404 - "-" "Mozilla/5.0 (Windows NT 10.0; Win64; x64) AppleWebKit/537.36 (KHTML, like Gecko) Chrome/120.0.0.0 Safari/537.36"
4.193.121.6 - - [28/Apr/2026:11:24:58 +0000] "GET /albin.php HTTP/1.1" 404 - "-" "Mozilla/5.0 (Windows NT 10.0; Win64; x64) AppleWebKit/537.36 (KHTML, like Gecko) Chrome/120.0.0.0 Safari/537.36"
4.193.121.6 - - [28/Apr/2026:11:24:58 +0000] "GET /alfa.php HTTP/1.1" 404 - "-" "Mozilla/5.0 (Windows NT 10.0; Win64; x64) AppleWebKit/537.36 (KHTML, like Gecko) Chrome/120.0.0.0 Safari/537.36"
4.193.121.6 - - [28/Apr/2026:11:24:59 +0000] "GET /autoload_classmap.php HTTP/1.1" 404 - "-" "Mozilla/5.0 (Windows NT 10.0; Win64; x64) AppleWebKit/537.36 (KHTML, like Gecko) Chrome/120.0.0.0 Safari/537.36"
4.193.121.6 - - [28/Apr/2026:11:24:59 +0000] "GET /av.php HTTP/1.1" 404 - "-" "Mozilla/5.0 (Windows NT 10.0; Win64; x64) AppleWebKit/537.36 (KHTML, like Gecko) Chrome/120.0.0.0 Safari/537.36"
4.193.121.6 - - [28/Apr/2026:11:24:59 +0000] "GET /dragonshell.php HTTP/1.1" 404 - "-" "Mozilla/5.0 (Windows NT 10.0; Win64; x64) AppleWebKit/537.36 (KHTML, like Gecko) Chrome/120.0.0.0 Safari/537.36"
4.193.121.6 - - [28/Apr/2026:11:24:59 +0000] "GET /f35.php HTTP/1.1" 404 - "-" "Mozilla/5.0 (Windows NT 10.0; Win64; x64) AppleWebKit/537.36 (KHTML, like Gecko) Chrome/120.0.0.0 Safari/537.36"
4.193.121.6 - - [28/Apr/2026:11:24:59 +0000] "GET /gg.php HTTP/1.1" 404 - "-" "Mozilla/5.0 (Windows NT 10.0; Win64; x64) AppleWebKit/537.36 (KHTML, like Gecko) Chrome/120.0.0.0 Safari/537.36"
4.193.121.6 - - [28/Apr/2026:11:25:00 +0000] "GET /gifclass.php HTTP/1.1" 404 - "-" "Mozilla/5.0 (Windows NT 10.0; Win64; x64) AppleWebKit/537.36 (KHTML, like Gecko) Chrome/120.0.0.0 Safari/537.36"
4.193.121.6 - - [28/Apr/2026:11:25:00 +0000] "GET /sql.php HTTP/1.1" 404 - "-" "Mozilla/5.0 (Windows NT 10.0; Win64; x64) AppleWebKit/537.36 (KHTML, like Gecko) Chrome/120.0.0.0 Safari/537.36"
4.193.121.6 - - [28/Apr/2026:11:25:00 +0000] "GET /up.php HTTP/1.1" 404 - "-" "Mozilla/5.0 (Windows NT 10.0; Win64; x64) AppleWebKit/537.36 (KHTML, like Gecko) Chrome/120.0.0.0 Safari/537.36"
4.193.121.6 - - [28/Apr/2026:11:25:00 +0000] "GET /wp-admin/css/colors/blue/index.php HTTP/1.1" 404 - "-" "Mozilla/5.0 (Windows NT 10.0; Win64; x64) AppleWebKit/537.36 (KHTML, like Gecko) Chrome/120.0.0.0 Safari/537.36"
4.193.121.6 - - [28/Apr/2026:11:25:00 +0000] "GET /wp-admin/js/index.php HTTP/1.1" 404 - "-" "Mozilla/5.0 (Windows NT 10.0; Win64; x64) AppleWebKit/537.36 (KHTML, like Gecko) Chrome/120.0.0.0 Safari/537.36"
4.193.121.6 - - [28/Apr/2026:11:25:01 +0000] "GET /wp-p2r3q9c8k4.php HTTP/1.1" 404 - "-" "Mozilla/5.0 (Windows NT 10.0; Win64; x64) AppleWebKit/537.36 (KHTML, like Gecko) Chrome/120.0.0.0 Safari/537.36"