184.94.212.206 - - [28/Apr/2026:03:25:17 +0000] "POST /wp-cron.php?doing_wp_cron=1777346717.7575840950012207031250 HTTP/1.1" 200 - "-" "WordPress/6.9.4; https://thepassiveincomeideas.com"
208.109.188.137 - - [28/Apr/2026:03:25:16 +0000] "GET /wp-login.php HTTP/1.1" 200 2215 "-" "Mozilla/5.0 (Windows NT 10.0; WOW64) AppleWebKit/537.36 (KHTML, like Gecko) Chrome/65.0.3325.181 Safari/537.36 OPR/52.0.2871.40"
208.109.188.137 - - [28/Apr/2026:03:25:18 +0000] "POST /wp-login.php HTTP/1.1" 200 3284 "https://thepassiveincomeideas.com.primemusicproductions.com/wp-login.php" "Mozilla/5.0 (Windows NT 10.0; WOW64) AppleWebKit/537.36 (KHTML, like Gecko) Chrome/65.0.3325.181 Safari/537.36 OPR/52.0.2871.40"
184.94.212.206 - - [28/Apr/2026:03:26:22 +0000] "POST /wp-cron.php?doing_wp_cron=1777346782.7093889713287353515625 HTTP/1.1" 200 - "-" "WordPress/6.9.4; https://thepassiveincomeideas.com"
208.109.188.137 - - [28/Apr/2026:03:26:21 +0000] "GET /wp-login.php HTTP/1.1" 200 2215 "-" "Mozilla/4.0 (compatible; MSIE 7.0; Windows NT 6.3; WOW64; Trident/7.0; .NET4.0E; .NET4.0C; InfoPath.3)"
208.109.188.137 - - [28/Apr/2026:03:26:22 +0000] "POST /wp-login.php HTTP/1.1" 200 3290 "https://thepassiveincomeideas.com.primemusicproductions.com/wp-login.php" "Mozilla/4.0 (compatible; MSIE 7.0; Windows NT 6.3; WOW64; Trident/7.0; .NET4.0E; .NET4.0C; InfoPath.3)"
184.94.212.206 - - [28/Apr/2026:03:33:49 +0000] "POST /wp-cron.php?doing_wp_cron=1777347229.3531939983367919921875 HTTP/1.1" 200 - "-" "WordPress/6.9.4; https://thepassiveincomeideas.com"
65.254.225.225 - - [28/Apr/2026:03:33:47 +0000] "GET /wp-login.php HTTP/1.1" 200 2215 "-" "Mozilla/5.0 (Windows NT 6.3; Win64; x64) AppleWebKit/537.36 (KHTML, like Gecko) Chrome/65.0.3325.162 Safari/537.36"
65.254.225.225 - - [28/Apr/2026:03:33:49 +0000] "POST /wp-login.php HTTP/1.1" 200 3290 "https://thepassiveincomeideas.com/wp-login.php" "Mozilla/5.0 (Windows NT 6.3; Win64; x64) AppleWebKit/537.36 (KHTML, like Gecko) Chrome/65.0.3325.162 Safari/537.36"
184.94.212.206 - - [28/Apr/2026:03:34:18 +0000] "POST /wp-cron.php?doing_wp_cron=1777347258.5622589588165283203125 HTTP/1.1" 200 - "-" "WordPress/6.9.4; https://thepassiveincomeideas.com"
155.212.135.191 - - [28/Apr/2026:03:34:17 +0000] "GET /wp-login.php HTTP/1.1" 200 2215 "-" "Mozilla/5.0 (X11; Linux x86_64) AppleWebKit/537.36 (KHTML, like Gecko) Chrome/67.0.3396.79 Safari/537.36"
155.212.135.191 - - [28/Apr/2026:03:34:18 +0000] "POST /wp-login.php HTTP/1.1" 200 3284 "https://thepassiveincomeideas.com.primemusicproductions.com/wp-login.php" "Mozilla/5.0 (X11; Linux x86_64) AppleWebKit/537.36 (KHTML, like Gecko) Chrome/67.0.3396.79 Safari/537.36"
184.94.212.206 - - [28/Apr/2026:03:42:22 +0000] "POST /wp-cron.php?doing_wp_cron=1777347742.0041229724884033203125 HTTP/1.1" 200 - "-" "WordPress/6.9.4; https://thepassiveincomeideas.com"
104.244.79.40 - - [28/Apr/2026:03:42:20 +0000] "GET /wp-login.php HTTP/1.1" 200 2215 "-" "Mozilla/4.0 (compatible; MSIE 7.0; Windows NT 6.3; Win64; x64; Trident/7.0; .NET4.0E; .NET4.0C)"
104.244.79.40 - - [28/Apr/2026:03:42:22 +0000] "POST /wp-login.php HTTP/1.1" 200 3290 "https://thepassiveincomeideas.com/wp-login.php" "Mozilla/4.0 (compatible; MSIE 7.0; Windows NT 6.3; Win64; x64; Trident/7.0; .NET4.0E; .NET4.0C)"
184.94.212.206 - - [28/Apr/2026:03:43:40 +0000] "POST /wp-cron.php?doing_wp_cron=1777347819.9854640960693359375000 HTTP/1.1" 200 - "-" "WordPress/6.9.4; https://thepassiveincomeideas.com"
34.101.189.231 - - [28/Apr/2026:03:43:38 +0000] "GET /wp-login.php HTTP/1.1" 200 2215 "-" "Mozilla/5.0 (Windows NT 10.0; WOW64; Trident/7.0; MDDCJS; rv:11.0) like Gecko"
34.101.189.231 - - [28/Apr/2026:03:43:40 +0000] "POST /wp-login.php HTTP/1.1" 200 3284 "https://thepassiveincomeideas.com.primemusicproductions.com/wp-login.php" "Mozilla/5.0 (Windows NT 10.0; WOW64; Trident/7.0; MDDCJS; rv:11.0) like Gecko"
184.94.212.206 - - [28/Apr/2026:03:46:56 +0000] "POST /wp-cron.php?doing_wp_cron=1777348016.2186210155487060546875 HTTP/1.1" 200 - "-" "WordPress/6.9.4; https://thepassiveincomeideas.com"
65.254.225.217 - - [28/Apr/2026:03:46:54 +0000] "GET /wp-login.php HTTP/1.1" 200 2215 "-" "Mozilla/4.0 (compatible; MSIE 7.0; Windows NT 6.1; WOW64; Trident/7.0; SLCC2; .NET CLR 2.0.50727; .NET4.0C; .NET4.0E; FBViewer-6.0.4.0; .NET CLR 3.5.30729; .NET CLR 3.0.30729)"
65.254.225.217 - - [28/Apr/2026:03:46:56 +0000] "POST /wp-login.php HTTP/1.1" 200 3284 "https://thepassiveincomeideas.com/wp-login.php" "Mozilla/4.0 (compatible; MSIE 7.0; Windows NT 6.1; WOW64; Trident/7.0; SLCC2; .NET CLR 2.0.50727; .NET4.0C; .NET4.0E; FBViewer-6.0.4.0; .NET CLR 3.5.30729; .NET CLR 3.0.30729)"
184.94.212.206 - - [28/Apr/2026:03:52:54 +0000] "POST /wp-cron.php?doing_wp_cron=1777348374.7572560310363769531250 HTTP/1.1" 200 - "-" "WordPress/6.9.4; https://thepassiveincomeideas.com"
116.203.148.109 - - [28/Apr/2026:03:52:53 +0000] "GET /wp-login.php HTTP/1.1" 200 2215 "-" "Mozilla/4.0 (compatible; MSIE 7.0; Windows NT 6.1; Trident/7.0; SLCC2; .NET CLR 2.0.50727; .NET CLR 3.5.30729; .NET CLR 3.0.30729; Media Center PC 6.0; .NET4.0C; .NET4.0E; Tablet PC 2.0)"
116.203.148.109 - - [28/Apr/2026:03:52:55 +0000] "POST /wp-login.php HTTP/1.1" 200 3284 "https://thepassiveincomeideas.com.primemusicproductions.com/wp-login.php" "Mozilla/4.0 (compatible; MSIE 7.0; Windows NT 6.1; Trident/7.0; SLCC2; .NET CLR 2.0.50727; .NET CLR 3.5.30729; .NET CLR 3.0.30729; Media Center PC 6.0; .NET4.0C; .NET4.0E; Tablet PC 2.0)"
184.94.212.206 - - [28/Apr/2026:03:56:10 +0000] "POST /wp-cron.php?doing_wp_cron=1777348570.4594318866729736328125 HTTP/1.1" 200 - "-" "WordPress/6.9.4; https://thepassiveincomeideas.com"
1.53.5.5 - - [28/Apr/2026:03:56:09 +0000] "GET /wp-login.php HTTP/1.1" 200 2215 "-" "Mozilla/5.0 (Windows NT 6.2; ARM; Trident/7.0; Touch; rv:11.0; WPDesktop; NOKIA; Lumia 1520) like Gecko"
1.53.5.5 - - [28/Apr/2026:03:56:11 +0000] "POST /wp-login.php HTTP/1.1" 200 3290 "https://thepassiveincomeideas.com.primemusicproductions.com/wp-login.php" "Mozilla/5.0 (Windows NT 6.2; ARM; Trident/7.0; Touch; rv:11.0; WPDesktop; NOKIA; Lumia 1520) like Gecko"
172.71.144.90 - - [28/Apr/2026:04:00:08 +0000] "GET /.git/config HTTP/1.1" 404 - "-" "Mozilla/5.0 (X11; Linux x86_64; rv:127.0) Gecko/20100101 Firefox/127.0"
184.94.212.206 - - [28/Apr/2026:04:07:02 +0000] "POST /wp-cron.php?doing_wp_cron=1777349222.3348889350891113281250 HTTP/1.1" 200 - "-" "WordPress/6.9.4; https://thepassiveincomeideas.com"
69.49.112.66 - - [28/Apr/2026:04:07:00 +0000] "GET /wp-login.php HTTP/1.1" 200 2215 "-" "Mozilla/5.0 (Windows NT 6.1; Win64; x64) AppleWebKit/537.36 (KHTML, like Gecko) Chrome/65.0.3325.181 Safari/537.36 OPR/52.0.2871.40"
69.49.112.66 - - [28/Apr/2026:04:07:02 +0000] "POST /wp-login.php HTTP/1.1" 200 3284 "https://thepassiveincomeideas.com.primemusicproductions.com/wp-login.php" "Mozilla/5.0 (Windows NT 6.1; Win64; x64) AppleWebKit/537.36 (KHTML, like Gecko) Chrome/65.0.3325.181 Safari/537.36 OPR/52.0.2871.40"
184.94.212.206 - - [28/Apr/2026:04:10:24 +0000] "POST /wp-cron.php?doing_wp_cron=1777349424.5529999732971191406250 HTTP/1.1" 200 - "-" "WordPress/6.9.4; https://thepassiveincomeideas.com"
50.6.195.29 - - [28/Apr/2026:04:10:23 +0000] "GET /wp-login.php HTTP/1.1" 200 2215 "-" "Mozilla/5.0 (Macintosh; Intel Mac OS X 10_10_5) AppleWebKit/602.2.14 (KHTML, like Gecko) Version/10.0.1 Safari/602.2.14"
50.6.195.29 - - [28/Apr/2026:04:10:24 +0000] "POST /wp-login.php HTTP/1.1" 200 3290 "https://thepassiveincomeideas.com.primemusicproductions.com/wp-login.php" "Mozilla/5.0 (Macintosh; Intel Mac OS X 10_10_5) AppleWebKit/602.2.14 (KHTML, like Gecko) Version/10.0.1 Safari/602.2.14"
184.94.212.206 - - [28/Apr/2026:04:12:16 +0000] "POST /wp-cron.php?doing_wp_cron=1777349536.5185930728912353515625 HTTP/1.1" 200 - "-" "WordPress/6.9.4; https://thepassiveincomeideas.com"
184.94.212.206 - - [28/Apr/2026:04:12:16 +0000] "POST /wp-cron.php?doing_wp_cron=1777349536.9577779769897460937500 HTTP/1.1" 200 - "-" "WordPress/6.9.4; https://thepassiveincomeideas.com"
40.160.252.51 - - [28/Apr/2026:04:12:15 +0000] "GET / HTTP/1.1" 200 21089 "-" "Mozilla/5.0 (Windows NT 10.0; Win64; x64) AppleWebKit/537.36 (KHTML, like Gecko) Chrome/131.0.0.0 Safari/537.36"
184.94.212.206 - - [28/Apr/2026:04:17:23 +0000] "POST /wp-cron.php?doing_wp_cron=1777349843.9474909305572509765625 HTTP/1.1" 200 - "-" "WordPress/6.9.4; https://thepassiveincomeideas.com"
47.163.39.246 - - [28/Apr/2026:04:17:22 +0000] "GET /wp-login.php HTTP/1.1" 200 2215 "-" "Mozilla/5.0 (Windows NT 6.3; Win64; x64) AppleWebKit/537.36 (KHTML, like Gecko) Chrome/67.0.3396.62 Safari/537.36"
47.163.39.246 - - [28/Apr/2026:04:17:25 +0000] "POST /wp-login.php HTTP/1.1" 200 3284 "https://thepassiveincomeideas.com.primemusicproductions.com/wp-login.php" "Mozilla/5.0 (Windows NT 6.3; Win64; x64) AppleWebKit/537.36 (KHTML, like Gecko) Chrome/67.0.3396.62 Safari/537.36"
184.94.212.206 - - [28/Apr/2026:04:24:29 +0000] "POST /wp-cron.php?doing_wp_cron=1777350269.5325279235839843750000 HTTP/1.1" 200 - "-" "WordPress/6.9.4; https://thepassiveincomeideas.com"
103.124.95.161 - - [28/Apr/2026:04:24:28 +0000] "GET /wp-login.php HTTP/1.1" 200 2215 "-" "Mozilla/5.0 (Windows NT 6.2; ARM; Trident/7.0; Touch; rv:11.0; WPDesktop; NOKIA; Lumia 635) like Gecko"
103.124.95.161 - - [28/Apr/2026:04:24:30 +0000] "POST /wp-login.php HTTP/1.1" 200 3284 "https://thepassiveincomeideas.com/wp-login.php" "Mozilla/5.0 (Windows NT 6.2; ARM; Trident/7.0; Touch; rv:11.0; WPDesktop; NOKIA; Lumia 635) like Gecko"
184.94.212.206 - - [28/Apr/2026:04:29:52 +0000] "POST /wp-cron.php?doing_wp_cron=1777350592.7760601043701171875000 HTTP/1.1" 200 - "-" "WordPress/6.9.4; https://thepassiveincomeideas.com"
103.28.36.205 - - [28/Apr/2026:04:29:51 +0000] "GET /wp-login.php HTTP/1.1" 200 2215 "-" "Mozilla/5.0 (Windows NT 10.0) AppleWebKit/537.36 (KHTML, like Gecko) Chrome/67.0.3396.87 Safari/537.36"
103.28.36.205 - - [28/Apr/2026:04:29:55 +0000] "POST /wp-login.php HTTP/1.1" 200 3284 "https://thepassiveincomeideas.com/wp-login.php" "Mozilla/5.0 (Windows NT 10.0) AppleWebKit/537.36 (KHTML, like Gecko) Chrome/67.0.3396.87 Safari/537.36"
184.94.212.206 - - [28/Apr/2026:04:33:06 +0000] "POST /wp-cron.php?doing_wp_cron=1777350786.4044620990753173828125 HTTP/1.1" 200 - "-" "WordPress/6.9.4; https://thepassiveincomeideas.com"
172.237.147.67 - - [28/Apr/2026:04:33:05 +0000] "HEAD / HTTP/1.1" 200 - "-" "Mozilla/5.0 (compatible; SSL-Checker/1.0)"
184.94.212.206 - - [28/Apr/2026:04:39:33 +0000] "POST /wp-cron.php?doing_wp_cron=1777351173.1421511173248291015625 HTTP/1.1" 200 - "-" "WordPress/6.9.4; https://thepassiveincomeideas.com"
192.185.176.151 - - [28/Apr/2026:04:39:32 +0000] "GET /wp-login.php HTTP/1.1" 200 2215 "-" "Mozilla/4.0 (compatible; MSIE 7.0; Windows NT 6.1; Win64; x64; Trident/7.0; .NET CLR 2.0.50727; SLCC2; .NET4.0C; .NET4.0E; .NET CLR 3.5.30729; .NET CLR 3.0.30729)"
192.185.176.151 - - [28/Apr/2026:04:39:33 +0000] "POST /wp-login.php HTTP/1.1" 200 3284 "https://thepassiveincomeideas.com/wp-login.php" "Mozilla/4.0 (compatible; MSIE 7.0; Windows NT 6.1; Win64; x64; Trident/7.0; .NET CLR 2.0.50727; SLCC2; .NET4.0C; .NET4.0E; .NET CLR 3.5.30729; .NET CLR 3.0.30729)"
130.12.180.144 - - [28/Apr/2026:04:46:44 +0000] "GET /.env HTTP/1.1" 404 - "-" "Mozilla/5.0 (Windows NT 10.0; Win64; x64) AppleWebKit/537.36"
184.94.212.206 - - [28/Apr/2026:04:47:14 +0000] "POST /wp-cron.php?doing_wp_cron=1777351634.1428298950195312500000 HTTP/1.1" 200 - "-" "WordPress/6.9.4; https://thepassiveincomeideas.com"
92.53.96.141 - - [28/Apr/2026:04:47:12 +0000] "GET /wp-login.php HTTP/1.1" 200 2215 "-" "Mozilla/5.0 (compatible; MSIE 10.0; Windows NT 6.2; WOW64; Trident/7.0)"
92.53.96.141 - - [28/Apr/2026:04:47:14 +0000] "POST /wp-login.php HTTP/1.1" 200 3284 "https://thepassiveincomeideas.com.primemusicproductions.com/wp-login.php" "Mozilla/5.0 (compatible; MSIE 10.0; Windows NT 6.2; WOW64; Trident/7.0)"
184.94.212.206 - - [28/Apr/2026:04:48:59 +0000] "POST /wp-cron.php?doing_wp_cron=1777351739.9606959819793701171875 HTTP/1.1" 200 - "-" "WordPress/6.9.4; https://thepassiveincomeideas.com"
85.131.197.38 - - [28/Apr/2026:04:48:58 +0000] "GET /wp-login.php HTTP/1.1" 200 2215 "-" "Mozilla/5.0 (Macintosh; Intel Mac OS X 10.10; rv:60.0) Gecko/20100101 Firefox/60.0"
85.131.197.38 - - [28/Apr/2026:04:49:00 +0000] "POST /wp-login.php HTTP/1.1" 200 3290 "https://thepassiveincomeideas.com.primemusicproductions.com/wp-login.php" "Mozilla/5.0 (Macintosh; Intel Mac OS X 10.10; rv:60.0) Gecko/20100101 Firefox/60.0"
184.94.212.206 - - [28/Apr/2026:04:49:28 +0000] "POST /wp-cron.php?doing_wp_cron=1777351768.6866939067840576171875 HTTP/1.1" 200 - "-" "WordPress/6.9.4; https://thepassiveincomeideas.com"
184.94.212.206 - - [28/Apr/2026:04:49:32 +0000] "POST /wp-cron.php?doing_wp_cron=1777351772.0384690761566162109375 HTTP/1.1" 200 - "-" "WordPress/6.9.4; https://thepassiveincomeideas.com"
184.94.212.206 - - [28/Apr/2026:04:49:42 +0000] "GET /wp-admin/admin-ajax.php HTTP/1.1" 400 21 "-" "WordPress/6.9.4; https://thepassiveincomeideas.com"
184.94.212.206 - - [28/Apr/2026:04:50:40 +0000] "POST /wp-cron.php?doing_wp_cron=1777351840.5293829441070556640625 HTTP/1.1" 200 - "-" "WordPress/6.9.4; https://thepassiveincomeideas.com"
184.94.212.206 - - [28/Apr/2026:04:59:31 +0000] "POST /wp-cron.php?doing_wp_cron=1777352371.7796111106872558593750 HTTP/1.1" 200 - "-" "WordPress/6.9.4; https://thepassiveincomeideas.com"
209.141.37.194 - - [28/Apr/2026:04:59:30 +0000] "GET /wp-login.php HTTP/1.1" 200 6496 "-" "Mozilla/5.0 (X11; Ubuntu; Linux i686; rv:31.0) Gecko/20100101 Firefox/31.0"
209.141.37.194 - - [28/Apr/2026:04:59:31 +0000] "POST /wp-login.php HTTP/1.1" 200 11369 "-" "Mozilla/5.0 (X11; Ubuntu; Linux i686; rv:31.0) Gecko/20100101 Firefox/31.0"
65.254.225.227 - - [28/Apr/2026:04:59:42 +0000] "GET /wp-login.php HTTP/1.1" 200 2215 "-" "Mozilla/5.0 (Windows NT 6.1; WOW64; Trident/7.0; Ypkch32; rv:11.0) like Gecko"
65.254.225.227 - - [28/Apr/2026:04:59:43 +0000] "POST /wp-login.php HTTP/1.1" 200 3290 "https://thepassiveincomeideas.com.primemusicproductions.com/wp-login.php" "Mozilla/5.0 (Windows NT 6.1; WOW64; Trident/7.0; Ypkch32; rv:11.0) like Gecko"
184.94.212.206 - - [28/Apr/2026:05:00:36 +0000] "POST /wp-cron.php?doing_wp_cron=1777352436.5384919643402099609375 HTTP/1.1" 200 - "-" "WordPress/6.9.4; https://thepassiveincomeideas.com"
103.208.218.164 - - [28/Apr/2026:05:00:35 +0000] "GET /wp-login.php HTTP/1.1" 200 2215 "-" "Mozilla/5.0 (Windows NT 10.0; WOW64) AppleWebKit/537.36 (KHTML, like Gecko) Chrome/65.0.3325.181 Safari/537.36 OPR/52.0.2871.40"
103.208.218.164 - - [28/Apr/2026:05:00:37 +0000] "POST /wp-login.php HTTP/1.1" 200 3284 "https://thepassiveincomeideas.com/wp-login.php" "Mozilla/5.0 (Windows NT 10.0; WOW64) AppleWebKit/537.36 (KHTML, like Gecko) Chrome/65.0.3325.181 Safari/537.36 OPR/52.0.2871.40"
184.94.212.206 - - [28/Apr/2026:05:01:06 +0000] "POST /wp-cron.php?doing_wp_cron=1777352466.1479489803314208984375 HTTP/1.1" 200 - "-" "WordPress/6.9.4; https://thepassiveincomeideas.com"
205.185.115.18 - - [28/Apr/2026:05:01:05 +0000] "GET /wp-login.php HTTP/1.1" 200 6496 "-" "Mozilla/5.0 (Windows NT 6.1; WOW64; rv:29.0) Gecko/20100101 Firefox/29.0"
205.185.115.18 - - [28/Apr/2026:05:01:06 +0000] "POST /wp-login.php HTTP/1.1" 200 11382 "-" "Mozilla/5.0 (Windows NT 6.1; WOW64; rv:29.0) Gecko/20100101 Firefox/29.0"
130.12.180.144 - - [28/Apr/2026:05:01:17 +0000] "GET /.env HTTP/1.1" 404 - "-" "Mozilla/5.0 (Windows NT 10.0; Win64; x64) AppleWebKit/537.36"
184.94.212.206 - - [28/Apr/2026:05:05:12 +0000] "POST /wp-cron.php?doing_wp_cron=1777352712.6580998897552490234375 HTTP/1.1" 200 - "-" "WordPress/6.9.4; https://thepassiveincomeideas.com"
65.108.140.104 - - [28/Apr/2026:05:05:08 +0000] "GET /wp-login.php HTTP/1.1" 200 2215 "-" "Mozilla/5.0 (Windows NT 6.3; Win64; x64; Trident/7.0; MAGWJS; rv:11.0) like Gecko"
123.30.233.13 - - [28/Apr/2026:05:05:13 +0000] "GET /wp-login.php HTTP/1.1" 200 2215 "-" "Mozilla/5.0 (Windows NT 10.0; WOW64; Trident/7.0; MDDSJS; rv:11.0) like Gecko"
65.108.140.104 - - [28/Apr/2026:05:05:13 +0000] "POST /wp-login.php HTTP/1.1" 200 3290 "https://thepassiveincomeideas.com.primemusicproductions.com/wp-login.php" "Mozilla/5.0 (Windows NT 6.3; Win64; x64; Trident/7.0; MAGWJS; rv:11.0) like Gecko"
184.94.212.206 - - [28/Apr/2026:05:05:17 +0000] "POST /wp-cron.php?doing_wp_cron=1777352717.6306650638580322265625 HTTP/1.1" 200 - "-" "WordPress/6.9.4; https://thepassiveincomeideas.com"
123.30.233.13 - - [28/Apr/2026:05:05:16 +0000] "POST /wp-login.php HTTP/1.1" 200 3284 "https://thepassiveincomeideas.com/wp-login.php" "Mozilla/5.0 (Windows NT 10.0; WOW64; Trident/7.0; MDDSJS; rv:11.0) like Gecko"
184.94.212.206 - - [28/Apr/2026:05:15:34 +0000] "POST /wp-cron.php?doing_wp_cron=1777353334.4595680236816406250000 HTTP/1.1" 200 - "-" "WordPress/6.9.4; https://thepassiveincomeideas.com"
92.53.96.141 - - [28/Apr/2026:05:15:32 +0000] "GET /wp-login.php HTTP/1.1" 200 2215 "-" "Mozilla/5.0 (Macintosh; Intel Mac OS X 10_10_5) AppleWebKit/603.3.8 (KHTML, like Gecko) Version/10.1.2 Safari/603.3.8"
92.53.96.141 - - [28/Apr/2026:05:15:34 +0000] "POST /wp-login.php HTTP/1.1" 200 3290 "https://thepassiveincomeideas.com.primemusicproductions.com/wp-login.php" "Mozilla/5.0 (Macintosh; Intel Mac OS X 10_10_5) AppleWebKit/603.3.8 (KHTML, like Gecko) Version/10.1.2 Safari/603.3.8"
184.94.212.206 - - [28/Apr/2026:05:17:51 +0000] "POST /wp-cron.php?doing_wp_cron=1777353471.7829790115356445312500 HTTP/1.1" 200 - "-" "WordPress/6.9.4; https://thepassiveincomeideas.com"
62.210.185.4 - - [28/Apr/2026:05:17:50 +0000] "GET /wp-login.php HTTP/1.1" 200 2215 "-" "Mozilla/5.0 (Windows NT 6.0; Win64; x64) AppleWebKit/537.36 (KHTML, like Gecko) Chrome/65.0.3325.181 Safari/537.36 OPR/52.0.2871.99"
62.210.185.4 - - [28/Apr/2026:05:17:52 +0000] "POST /wp-login.php HTTP/1.1" 200 3284 "https://thepassiveincomeideas.com/wp-login.php" "Mozilla/5.0 (Windows NT 6.0; Win64; x64) AppleWebKit/537.36 (KHTML, like Gecko) Chrome/65.0.3325.181 Safari/537.36 OPR/52.0.2871.99"
184.94.212.206 - - [28/Apr/2026:05:25:59 +0000] "POST /wp-cron.php?doing_wp_cron=1777353959.2422499656677246093750 HTTP/1.1" 200 - "-" "WordPress/6.9.4; https://thepassiveincomeideas.com"
5.189.128.80 - - [28/Apr/2026:05:25:57 +0000] "GET /wp-login.php HTTP/1.1" 200 2215 "-" "Mozilla/5.0 (Windows NT 6.1; rv:61.0) Gecko/20100101 Firefox/61.0"
5.189.128.80 - - [28/Apr/2026:05:25:59 +0000] "POST /wp-login.php HTTP/1.1" 200 3290 "https://thepassiveincomeideas.com.primemusicproductions.com/wp-login.php" "Mozilla/5.0 (Windows NT 6.1; rv:61.0) Gecko/20100101 Firefox/61.0"
184.94.212.206 - - [28/Apr/2026:05:28:06 +0000] "POST /wp-cron.php?doing_wp_cron=1777354086.8321039676666259765625 HTTP/1.1" 200 - "-" "WordPress/6.9.4; https://thepassiveincomeideas.com"
24.199.108.111 - - [28/Apr/2026:05:28:05 +0000] "GET /wp-login.php HTTP/1.1" 200 2215 "-" "Mozilla/5.0 (Windows NT 6.1; WOW64) AppleWebKit/537.36 (KHTML, like Gecko) Chrome/67.0.3396.87 Safari/537.36"
24.199.108.111 - - [28/Apr/2026:05:28:07 +0000] "POST /wp-login.php HTTP/1.1" 200 3290 "https://thepassiveincomeideas.com/wp-login.php" "Mozilla/5.0 (Windows NT 6.1; WOW64) AppleWebKit/537.36 (KHTML, like Gecko) Chrome/67.0.3396.87 Safari/537.36"
184.94.212.206 - - [28/Apr/2026:05:32:33 +0000] "POST /wp-cron.php?doing_wp_cron=1777354353.7844209671020507812500 HTTP/1.1" 200 - "-" "WordPress/6.9.4; https://thepassiveincomeideas.com"
139.59.242.14 - - [28/Apr/2026:05:32:32 +0000] "GET /wp-login.php HTTP/1.1" 200 2215 "-" "Mozilla/5.0 (Macintosh; Intel Mac OS X 10_13_2) AppleWebKit/604.4.7 (KHTML, like Gecko) Version/11.0.2 Safari/604.4.7"
139.59.242.14 - - [28/Apr/2026:05:32:34 +0000] "POST /wp-login.php HTTP/1.1" 200 3290 "https://thepassiveincomeideas.com/wp-login.php" "Mozilla/5.0 (Macintosh; Intel Mac OS X 10_13_2) AppleWebKit/604.4.7 (KHTML, like Gecko) Version/11.0.2 Safari/604.4.7"
184.94.212.206 - - [28/Apr/2026:05:38:13 +0000] "POST /wp-cron.php?doing_wp_cron=1777354693.6804509162902832031250 HTTP/1.1" 200 - "-" "WordPress/6.9.4; https://thepassiveincomeideas.com"
103.165.187.135 - - [28/Apr/2026:05:38:12 +0000] "POST /wp-login.php HTTP/1.1" 200 3276 "-" "Mozilla/5.0 (Windows NT 10.0; Win64; rv:143.0) Gecko/20100101 Firefox/143.0"
103.165.187.135 - - [28/Apr/2026:05:38:12 +0000] "POST /wp-login.php HTTP/1.1" 200 3276 "-" "Mozilla/5.0 (Windows NT 10.0; Win64; x64) AppleWebKit/537.36 Chrome/129.0.0.0 Safari/537.36"
184.94.212.206 - - [28/Apr/2026:05:38:46 +0000] "POST /wp-cron.php?doing_wp_cron=1777354726.1796500682830810546875 HTTP/1.1" 200 - "-" "WordPress/6.9.4; https://thepassiveincomeideas.com"
1.53.5.5 - - [28/Apr/2026:05:38:45 +0000] "GET /wp-login.php HTTP/1.1" 200 2215 "-" "Mozilla/5.0 (Windows NT 6.3; Win64; x64; rv:61.0) Gecko/20100101 Firefox/61.0"
184.94.212.206 - - [28/Apr/2026:05:47:18 +0000] "POST /wp-cron.php?doing_wp_cron=1777355238.0452599525451660156250 HTTP/1.1" 200 - "-" "WordPress/6.9.4; https://thepassiveincomeideas.com"
172.233.229.217 - - [28/Apr/2026:05:47:16 +0000] "GET /wp-login.php HTTP/1.1" 200 2215 "-" "Mozilla/4.0 (compatible; MSIE 7.0; Windows NT 6.1; WOW64; Trident/7.0; SLCC2; .NET CLR 2.0.50727; .NET CLR 3.5.30729; .NET CLR 3.0.30729; Media Center PC 6.0; InfoPath.3; .NET4.0C; .NET4.0E)"
172.233.229.217 - - [28/Apr/2026:05:47:19 +0000] "POST /wp-login.php HTTP/1.1" 200 3284 "https://thepassiveincomeideas.com.primemusicproductions.com/wp-login.php" "Mozilla/4.0 (compatible; MSIE 7.0; Windows NT 6.1; WOW64; Trident/7.0; SLCC2; .NET CLR 2.0.50727; .NET CLR 3.5.30729; .NET CLR 3.0.30729; Media Center PC 6.0; InfoPath.3; .NET4.0C; .NET4.0E)"
184.94.212.206 - - [28/Apr/2026:05:50:13 +0000] "POST /wp-cron.php?doing_wp_cron=1777355413.5474710464477539062500 HTTP/1.1" 200 - "-" "WordPress/6.9.4; https://thepassiveincomeideas.com"
162.241.2.220 - - [28/Apr/2026:05:50:12 +0000] "GET /wp-login.php HTTP/1.1" 200 2215 "-" "Mozilla/5.0 (Windows NT 6.1; WOW64) AppleWebKit/537.36 (KHTML, like Gecko) Chrome/67.0.3396.62 Safari/537.36"
162.241.2.220 - - [28/Apr/2026:05:50:13 +0000] "POST /wp-login.php HTTP/1.1" 200 3284 "https://thepassiveincomeideas.com/wp-login.php" "Mozilla/5.0 (Windows NT 6.1; WOW64) AppleWebKit/537.36 (KHTML, like Gecko) Chrome/67.0.3396.62 Safari/537.36"
184.94.212.206 - - [28/Apr/2026:05:51:05 +0000] "POST /wp-cron.php?doing_wp_cron=1777355465.0695838928222656250000 HTTP/1.1" 200 - "-" "WordPress/6.9.4; https://thepassiveincomeideas.com"
116.203.148.109 - - [28/Apr/2026:05:51:03 +0000] "GET /wp-login.php HTTP/1.1" 200 2215 "-" "Mozilla/5.0 (Macintosh; Intel Mac OS X 10_11_6) AppleWebKit/603.3.8 (KHTML, like Gecko) Version/10.1.2 Safari/603.3.8"
116.203.148.109 - - [28/Apr/2026:05:51:05 +0000] "POST /wp-login.php HTTP/1.1" 200 3290 "https://thepassiveincomeideas.com/wp-login.php" "Mozilla/5.0 (Macintosh; Intel Mac OS X 10_11_6) AppleWebKit/603.3.8 (KHTML, like Gecko) Version/10.1.2 Safari/603.3.8"
184.94.212.206 - - [28/Apr/2026:05:51:24 +0000] "POST /wp-cron.php?doing_wp_cron=1777355484.8157720565795898437500 HTTP/1.1" 200 - "-" "WordPress/6.9.4; https://thepassiveincomeideas.com"
154.0.171.161 - - [28/Apr/2026:05:51:24 +0000] "GET /wp-login.php HTTP/1.1" 200 2215 "-" "Mozilla/4.0 (compatible; MSIE 7.0; Windows NT 6.3; ARM; Trident/7.0; Touch; .NET4.0E; .NET4.0C; Tablet PC 2.0)"
154.0.171.161 - - [28/Apr/2026:05:51:25 +0000] "POST /wp-login.php HTTP/1.1" 200 3284 "https://thepassiveincomeideas.com.primemusicproductions.com/wp-login.php" "Mozilla/4.0 (compatible; MSIE 7.0; Windows NT 6.3; ARM; Trident/7.0; Touch; .NET4.0E; .NET4.0C; Tablet PC 2.0)"
184.94.212.206 - - [28/Apr/2026:05:59:39 +0000] "POST /wp-cron.php?doing_wp_cron=1777355979.4148879051208496093750 HTTP/1.1" 200 - "-" "WordPress/6.9.4; https://thepassiveincomeideas.com"
69.163.248.16 - - [28/Apr/2026:05:59:38 +0000] "GET /wp-login.php HTTP/1.1" 200 2215 "-" "Mozilla/5.0 (Windows NT 6.1; WOW64; Trident/7.0; ASJB; ASJB; MAAU; rv:11.0) like Gecko"
69.163.248.16 - - [28/Apr/2026:05:59:41 +0000] "POST /wp-login.php HTTP/1.1" 200 3284 "https://thepassiveincomeideas.com/wp-login.php" "Mozilla/5.0 (Windows NT 6.1; WOW64; Trident/7.0; ASJB; ASJB; MAAU; rv:11.0) like Gecko"
184.94.212.206 - - [28/Apr/2026:06:05:51 +0000] "POST /wp-cron.php?doing_wp_cron=1777356351.1912229061126708984375 HTTP/1.1" 200 - "-" "WordPress/6.9.4; https://thepassiveincomeideas.com"
85.235.74.161 - - [28/Apr/2026:06:05:49 +0000] "GET /wp-login.php HTTP/1.1" 200 2215 "-" "Mozilla/5.0 (Windows NT 6.3; Win64; x64) AppleWebKit/537.36 (KHTML, like Gecko) Chrome/67.0.3396.87 Safari/537.36"
85.235.74.161 - - [28/Apr/2026:06:05:51 +0000] "POST /wp-login.php HTTP/1.1" 200 3290 "https://thepassiveincomeideas.com/wp-login.php" "Mozilla/5.0 (Windows NT 6.3; Win64; x64) AppleWebKit/537.36 (KHTML, like Gecko) Chrome/67.0.3396.87 Safari/537.36"
45.117.169.86 - - [28/Apr/2026:06:29:46 +0000] "GET /wp-login.php HTTP/1.1" 200 2215 "-" "Mozilla/5.0 (compatible; MSIE 9.0; Windows NT 6.1; Trident/7.0)"
45.117.169.86 - - [28/Apr/2026:06:29:52 +0000] "POST /wp-login.php HTTP/1.1" 200 3290 "https://thepassiveincomeideas.com/wp-login.php" "Mozilla/5.0 (compatible; MSIE 9.0; Windows NT 6.1; Trident/7.0)"
184.94.212.206 - - [28/Apr/2026:06:30:40 +0000] "POST /wp-cron.php?doing_wp_cron=1777357840.6661109924316406250000 HTTP/1.1" 200 - "-" "WordPress/6.9.4; https://thepassiveincomeideas.com"
5.189.128.80 - - [28/Apr/2026:06:30:39 +0000] "GET /wp-login.php HTTP/1.1" 200 2215 "-" "Mozilla/5.0 (Windows NT 6.3; WOW64; Trident/7.0; rv:11.0; i-Macros-Web-Automation) like Gecko"
5.189.128.80 - - [28/Apr/2026:06:30:40 +0000] "POST /wp-login.php HTTP/1.1" 200 3290 "https://thepassiveincomeideas.com.primemusicproductions.com/wp-login.php" "Mozilla/5.0 (Windows NT 6.3; WOW64; Trident/7.0; rv:11.0; i-Macros-Web-Automation) like Gecko"
184.94.212.206 - - [28/Apr/2026:06:34:39 +0000] "POST /wp-cron.php?doing_wp_cron=1777358079.8117070198059082031250 HTTP/1.1" 200 - "-" "WordPress/6.9.4; https://thepassiveincomeideas.com"
167.172.79.172 - - [28/Apr/2026:06:34:38 +0000] "GET /wp-login.php HTTP/1.1" 200 2215 "-" "Mozilla/4.0 (compatible; MSIE 7.0; Windows NT 6.2; Win64; x64; Trident/7.0; .NET4.0C; .NET4.0E; .NET CLR 2.0.50727; .NET CLR 3.0.30729; .NET CLR 3.5.30729)"
167.172.79.172 - - [28/Apr/2026:06:34:40 +0000] "POST /wp-login.php HTTP/1.1" 200 3284 "https://thepassiveincomeideas.com.primemusicproductions.com/wp-login.php" "Mozilla/4.0 (compatible; MSIE 7.0; Windows NT 6.2; Win64; x64; Trident/7.0; .NET4.0C; .NET4.0E; .NET CLR 2.0.50727; .NET CLR 3.0.30729; .NET CLR 3.5.30729)"
184.94.212.206 - - [28/Apr/2026:06:38:04 +0000] "POST /wp-cron.php?doing_wp_cron=1777358284.0278840065002441406250 HTTP/1.1" 200 - "-" "WordPress/6.9.4; https://thepassiveincomeideas.com"
162.241.61.195 - - [28/Apr/2026:06:38:02 +0000] "GET /wp-login.php HTTP/1.1" 200 2215 "-" "Mozilla/5.0 (Macintosh; Intel Mac OS X 10_12_3) AppleWebKit/602.4.8 (KHTML, like Gecko) Version/10.0.3 Safari/602.4.8"
162.241.61.195 - - [28/Apr/2026:06:38:04 +0000] "POST /wp-login.php HTTP/1.1" 200 3284 "https://thepassiveincomeideas.com/wp-login.php" "Mozilla/5.0 (Macintosh; Intel Mac OS X 10_12_3) AppleWebKit/602.4.8 (KHTML, like Gecko) Version/10.0.3 Safari/602.4.8"
184.94.212.206 - - [28/Apr/2026:06:39:56 +0000] "POST /wp-cron.php?doing_wp_cron=1777358396.5609819889068603515625 HTTP/1.1" 200 - "-" "WordPress/6.9.4; https://thepassiveincomeideas.com"
113.166.92.134 - - [28/Apr/2026:06:39:55 +0000] "GET /wp-login.php HTTP/1.1" 200 2215 "-" "Mozilla/4.0 (compatible; MSIE 7.0; Windows NT 6.1; WOW64; Trident/7.0; SLCC2; .NET CLR 2.0.50727; .NET CLR 3.5.30729; .NET CLR 3.0.30729; .NET4.0C; .NET4.0E; InfoPath.3)"
113.166.92.134 - - [28/Apr/2026:06:39:58 +0000] "POST /wp-login.php HTTP/1.1" 200 3290 "https://thepassiveincomeideas.com.primemusicproductions.com/wp-login.php" "Mozilla/4.0 (compatible; MSIE 7.0; Windows NT 6.1; WOW64; Trident/7.0; SLCC2; .NET CLR 2.0.50727; .NET CLR 3.5.30729; .NET CLR 3.0.30729; .NET4.0C; .NET4.0E; InfoPath.3)"
184.94.212.206 - - [28/Apr/2026:06:42:10 +0000] "POST /wp-cron.php?doing_wp_cron=1777358530.5535769462585449218750 HTTP/1.1" 200 - "-" "WordPress/6.9.4; https://thepassiveincomeideas.com"
77.68.103.59 - - [28/Apr/2026:06:42:09 +0000] "GET /wp-login.php HTTP/1.1" 200 2215 "-" "Mozilla/5.0 (Macintosh; Intel Mac OS X 10_12_6) AppleWebKit/537.36 (KHTML, like Gecko) Chrome/66.0.3359.117 Safari/537.36"
77.68.103.59 - - [28/Apr/2026:06:42:10 +0000] "POST /wp-login.php HTTP/1.1" 200 3284 "https://thepassiveincomeideas.com/wp-login.php" "Mozilla/5.0 (Macintosh; Intel Mac OS X 10_12_6) AppleWebKit/537.36 (KHTML, like Gecko) Chrome/66.0.3359.117 Safari/537.36"
184.94.212.206 - - [28/Apr/2026:06:49:31 +0000] "POST /wp-cron.php?doing_wp_cron=1777358971.7310030460357666015625 HTTP/1.1" 200 - "-" "WordPress/6.9.4; https://thepassiveincomeideas.com"
123.30.184.84 - - [28/Apr/2026:06:49:30 +0000] "GET /wp-login.php HTTP/1.1" 200 2215 "-" "Mozilla/4.0 (compatible; MSIE 7.0; Windows NT 6.2; WOW64; Trident/7.0; .NET4.0C; .NET4.0E; .NET CLR 2.0.50727; .NET CLR 3.0.30729; .NET CLR 3.5.30729; Tablet PC 2.0; InfoPath.3)"
123.30.184.84 - - [28/Apr/2026:06:49:32 +0000] "POST /wp-login.php HTTP/1.1" 200 3290 "https://thepassiveincomeideas.com/wp-login.php" "Mozilla/4.0 (compatible; MSIE 7.0; Windows NT 6.2; WOW64; Trident/7.0; .NET4.0C; .NET4.0E; .NET CLR 2.0.50727; .NET CLR 3.0.30729; .NET CLR 3.5.30729; Tablet PC 2.0; InfoPath.3)"
184.94.212.206 - - [28/Apr/2026:06:59:50 +0000] "POST /wp-cron.php?doing_wp_cron=1777359590.1072540283203125000000 HTTP/1.1" 200 - "-" "WordPress/6.9.4; https://thepassiveincomeideas.com"
192.185.4.148 - - [28/Apr/2026:06:59:48 +0000] "GET /wp-login.php HTTP/1.1" 200 2215 "-" "Mozilla/4.0 (compatible; MSIE 7.0; Windows NT 6.1; Trident/7.0; SLCC2; .NET CLR 2.0.50727; .NET CLR 3.5.30729; .NET CLR 3.0.30729; .NET4.0C; .NET4.0E)"
192.185.4.148 - - [28/Apr/2026:06:59:50 +0000] "POST /wp-login.php HTTP/1.1" 200 3290 "https://thepassiveincomeideas.com.primemusicproductions.com/wp-login.php" "Mozilla/4.0 (compatible; MSIE 7.0; Windows NT 6.1; Trident/7.0; SLCC2; .NET CLR 2.0.50727; .NET CLR 3.5.30729; .NET CLR 3.0.30729; .NET4.0C; .NET4.0E)"
184.94.212.206 - - [28/Apr/2026:07:18:45 +0000] "POST /wp-cron.php?doing_wp_cron=1777360725.4626090526580810546875 HTTP/1.1" 200 - "-" "WordPress/6.9.4; https://thepassiveincomeideas.com"
38.7.152.34 - - [28/Apr/2026:07:18:43 +0000] "GET /wp-login.php HTTP/1.1" 200 2215 "-" "Mozilla/5.0 (Windows NT 6.2; ARM; Trident/7.0; Touch; rv:11.0; WPDesktop; NOKIA; Lumia 520) like Gecko"
38.7.152.34 - - [28/Apr/2026:07:18:45 +0000] "POST /wp-login.php HTTP/1.1" 200 3284 "https://thepassiveincomeideas.com/wp-login.php" "Mozilla/5.0 (Windows NT 6.2; ARM; Trident/7.0; Touch; rv:11.0; WPDesktop; NOKIA; Lumia 520) like Gecko"
184.94.212.206 - - [28/Apr/2026:07:29:15 +0000] "POST /wp-cron.php?doing_wp_cron=1777361354.9604001045227050781250 HTTP/1.1" 200 - "-" "WordPress/6.9.4; https://thepassiveincomeideas.com"
208.97.187.39 - - [28/Apr/2026:07:29:10 +0000] "GET /wp-login.php HTTP/1.1" 200 2215 "-" "Mozilla/5.0 (compatible; MSIE 9.0; Windows NT 6.1; WOW64; Trident/7.0)"
208.97.187.39 - - [28/Apr/2026:07:29:16 +0000] "POST /wp-login.php HTTP/1.1" 200 3284 "https://thepassiveincomeideas.com/wp-login.php" "Mozilla/5.0 (compatible; MSIE 9.0; Windows NT 6.1; WOW64; Trident/7.0)"
184.94.212.206 - - [28/Apr/2026:07:30:22 +0000] "POST /wp-cron.php?doing_wp_cron=1777361422.6601779460906982421875 HTTP/1.1" 200 - "-" "WordPress/6.9.4; https://thepassiveincomeideas.com"
92.53.96.141 - - [28/Apr/2026:07:30:21 +0000] "GET /wp-login.php HTTP/1.1" 200 2215 "-" "Mozilla/5.0 (Macintosh; Intel Mac OS X 10_12_6) AppleWebKit/603.3.8 (KHTML, like Gecko) Version/10.1.2 Safari/603.3.8"
92.53.96.141 - - [28/Apr/2026:07:30:22 +0000] "POST /wp-login.php HTTP/1.1" 200 3331 "https://thepassiveincomeideas.com/wp-login.php" "Mozilla/5.0 (Macintosh; Intel Mac OS X 10_12_6) AppleWebKit/603.3.8 (KHTML, like Gecko) Version/10.1.2 Safari/603.3.8"
184.94.212.206 - - [28/Apr/2026:07:36:49 +0000] "POST /wp-cron.php?doing_wp_cron=1777361809.2771210670471191406250 HTTP/1.1" 200 - "-" "WordPress/6.9.4; https://thepassiveincomeideas.com"
134.209.100.212 - - [28/Apr/2026:07:36:47 +0000] "GET /wp-login.php HTTP/1.1" 200 2215 "-" "Mozilla/5.0 (Windows NT 6.1; WOW64; Trident/7.0; MAFSJS; rv:11.0) like Gecko"
134.209.100.212 - - [28/Apr/2026:07:36:49 +0000] "POST /wp-login.php HTTP/1.1" 200 3284 "https://thepassiveincomeideas.com.primemusicproductions.com/wp-login.php" "Mozilla/5.0 (Windows NT 6.1; WOW64; Trident/7.0; MAFSJS; rv:11.0) like Gecko"
184.94.212.206 - - [28/Apr/2026:07:42:13 +0000] "POST /wp-cron.php?doing_wp_cron=1777362133.3389821052551269531250 HTTP/1.1" 200 - "-" "WordPress/6.9.4; https://thepassiveincomeideas.com"
69.49.112.62 - - [28/Apr/2026:07:42:12 +0000] "GET /wp-login.php HTTP/1.1" 200 2215 "-" "Mozilla/5.0 (Windows NT 6.1; WOW64; Trident/7.0; TNJB; rv:11.0) like Gecko"
69.49.112.62 - - [28/Apr/2026:07:42:13 +0000] "POST /wp-login.php HTTP/1.1" 200 3290 "https://thepassiveincomeideas.com/wp-login.php" "Mozilla/5.0 (Windows NT 6.1; WOW64; Trident/7.0; TNJB; rv:11.0) like Gecko"
184.94.212.206 - - [28/Apr/2026:08:02:38 +0000] "POST /wp-cron.php?doing_wp_cron=1777363358.2898728847503662109375 HTTP/1.1" 200 - "-" "WordPress/6.9.4; https://thepassiveincomeideas.com"
50.87.231.172 - - [28/Apr/2026:08:02:36 +0000] "GET /wp-login.php HTTP/1.1" 200 2215 "-" "Mozilla/5.0 (Windows NT 10.0; Win64; x64) AppleWebKit/537.36 (KHTML, like Gecko) Chrome/65.0.3325.181 Safari/537.36 OPR/52.0.2871.40"
50.87.231.172 - - [28/Apr/2026:08:02:38 +0000] "POST /wp-login.php HTTP/1.1" 200 3290 "https://thepassiveincomeideas.com.primemusicproductions.com/wp-login.php" "Mozilla/5.0 (Windows NT 10.0; Win64; x64) AppleWebKit/537.36 (KHTML, like Gecko) Chrome/65.0.3325.181 Safari/537.36 OPR/52.0.2871.40"
51.161.117.166 - - [28/Apr/2026:08:15:10 +0000] "GET /blog-verify HTTP/1.1" 404 - "-" "Mozilla/5.0 (X11; Linux x86_64) AppleWebKit/537.36 (KHTML, like Gecko) Chrome/147.0.0.0 Safari/537.36"
184.94.212.206 - - [28/Apr/2026:08:20:46 +0000] "POST /wp-cron.php?doing_wp_cron=1777364446.2156810760498046875000 HTTP/1.1" 200 - "-" "WordPress/6.9.4; https://thepassiveincomeideas.com"
162.254.36.150 - - [28/Apr/2026:08:20:44 +0000] "GET /wp-login.php HTTP/1.1" 200 2215 "-" "Mozilla/4.0 (compatible; MSIE 7.0; Windows NT 6.1; WOW64; Trident/7.0; SLCC2; .NET CLR 2.0.50727; .NET CLR 3.5.30729; .NET CLR 3.0.30729; Media Center PC 6.0; .NET4.0C; .NET4.0E; MS-RTC LM 8; InfoPath.3)"
162.254.36.150 - - [28/Apr/2026:08:20:46 +0000] "POST /wp-login.php HTTP/1.1" 200 3290 "https://thepassiveincomeideas.com/wp-login.php" "Mozilla/4.0 (compatible; MSIE 7.0; Windows NT 6.1; WOW64; Trident/7.0; SLCC2; .NET CLR 2.0.50727; .NET CLR 3.5.30729; .NET CLR 3.0.30729; Media Center PC 6.0; .NET4.0C; .NET4.0E; MS-RTC LM 8; InfoPath.3)"
184.94.212.206 - - [28/Apr/2026:08:24:11 +0000] "POST /wp-cron.php?doing_wp_cron=1777364651.6997179985046386718750 HTTP/1.1" 200 - "-" "WordPress/6.9.4; https://thepassiveincomeideas.com"
184.94.212.206 - - [28/Apr/2026:08:24:12 +0000] "POST /wp-cron.php?doing_wp_cron=1777364652.0846600532531738281250 HTTP/1.1" 200 - "-" "WordPress/6.9.4; https://thepassiveincomeideas.com"
113.173.84.6 - - [28/Apr/2026:08:24:10 +0000] "GET /index.php/sample-page/ HTTP/1.1" 200 21132 "-" "Mozilla/5.0 (Windows NT 6.1; Win64; x64) AppleWebKit/537.36 (KHTML, like Gecko) Chrome/64.0.3282.24 Safari/537.36"
184.94.212.206 - - [28/Apr/2026:08:25:39 +0000] "POST /wp-cron.php?doing_wp_cron=1777364739.0166881084442138671875 HTTP/1.1" 200 - "-" "WordPress/6.9.4; https://thepassiveincomeideas.com"
14.227.249.67 - - [28/Apr/2026:08:25:37 +0000] "GET /index.php/category/uncategorized/ HTTP/1.1" 200 20856 "-" "Mozilla/5.0 (Macintosh; Intel Mac OS X 11_2_0) AppleWebKit/537.36 (KHTML, like Gecko) Chrome/88.0.4324.96 Safari/537.36"
197.54.52.100 - - [28/Apr/2026:08:25:46 +0000] "GET /index.php/2025/04/09/hello-world/ HTTP/1.1" 404 19581 "-" "Mozilla/5.0 (Macintosh; Intel Mac OS X 10_15_7) AppleWebKit/537.36 (KHTML, like Gecko) Chrome/100.0.4896.79 Safari/537.36"
203.210.184.214 - - [28/Apr/2026:08:27:22 +0000] "GET /author/theincomehive/ HTTP/1.1" 404 - "-" "Mozilla/5.0 (Windows NT 6.3; Win64; x64) AppleWebKit/537.36 (KHTML, like Gecko) Chrome/100.0.3478.83 Safari/537.36"
184.94.212.206 - - [28/Apr/2026:08:27:48 +0000] "POST /wp-cron.php?doing_wp_cron=1777364868.0525000095367431640625 HTTP/1.1" 200 - "-" "WordPress/6.9.4; https://thepassiveincomeideas.com"
169.224.10.246 - - [28/Apr/2026:08:27:47 +0000] "GET /index.php/privacy-policy/ HTTP/1.1" 200 21782 "-" "Mozilla/5.0 (Macintosh; Intel Mac OS X 10_14_6) AppleWebKit/537.36 (KHTML, like Gecko) Chrome/88.0.4324.96 Safari/537.36"
184.94.212.206 - - [28/Apr/2026:08:44:31 +0000] "POST /wp-cron.php?doing_wp_cron=1777365871.7476179599761962890625 HTTP/1.1" 200 - "-" "WordPress/6.9.4; https://thepassiveincomeideas.com"
139.59.3.17 - - [28/Apr/2026:08:44:30 +0000] "GET /wp-login.php HTTP/1.1" 200 2215 "-" "Mozilla/5.0 (Macintosh; Intel Mac OS X 10_9_5) AppleWebKit/537.36 (KHTML, like Gecko) Chrome/66.0.3359.181 Safari/537.36"
139.59.3.17 - - [28/Apr/2026:08:44:32 +0000] "POST /wp-login.php HTTP/1.1" 200 3284 "https://thepassiveincomeideas.com/wp-login.php" "Mozilla/5.0 (Macintosh; Intel Mac OS X 10_9_5) AppleWebKit/537.36 (KHTML, like Gecko) Chrome/66.0.3359.181 Safari/537.36"
184.94.212.206 - - [28/Apr/2026:08:53:09 +0000] "POST /wp-cron.php?doing_wp_cron=1777366389.3185460567474365234375 HTTP/1.1" 200 - "-" "WordPress/6.9.4; https://thepassiveincomeideas.com"
192.254.250.166 - - [28/Apr/2026:08:53:07 +0000] "GET /wp-login.php HTTP/1.1" 200 2215 "-" "Mozilla/5.0 (Windows NT 6.3; WOW64; Trident/7.0; MASEJS; rv:11.0) like Gecko"
192.254.250.166 - - [28/Apr/2026:08:53:09 +0000] "POST /wp-login.php HTTP/1.1" 200 3290 "https://thepassiveincomeideas.com.primemusicproductions.com/wp-login.php" "Mozilla/5.0 (Windows NT 6.3; WOW64; Trident/7.0; MASEJS; rv:11.0) like Gecko"
184.94.212.206 - - [28/Apr/2026:09:05:46 +0000] "POST /wp-cron.php?doing_wp_cron=1777367146.2850799560546875000000 HTTP/1.1" 200 - "-" "WordPress/6.9.4; https://thepassiveincomeideas.com"
65.254.225.226 - - [28/Apr/2026:09:05:44 +0000] "GET /wp-login.php HTTP/1.1" 200 2215 "-" "Mozilla/5.0 (Windows NT 6.1; WOW64; Trident/7.0; NP08; rv:11.0) like Gecko"
65.254.225.226 - - [28/Apr/2026:09:05:46 +0000] "POST /wp-login.php HTTP/1.1" 200 3290 "https://thepassiveincomeideas.com/wp-login.php" "Mozilla/5.0 (Windows NT 6.1; WOW64; Trident/7.0; NP08; rv:11.0) like Gecko"
184.94.212.206 - - [28/Apr/2026:09:10:22 +0000] "POST /wp-cron.php?doing_wp_cron=1777367422.8383960723876953125000 HTTP/1.1" 200 - "-" "WordPress/6.9.4; https://thepassiveincomeideas.com"
45.117.169.86 - - [28/Apr/2026:09:10:21 +0000] "GET /wp-login.php HTTP/1.1" 200 2215 "-" "Mozilla/4.0 (compatible; MSIE 7.0; Windows NT 6.2; WOW64; Trident/7.0; .NET4.0C; .NET4.0E; wbx 1.0.0)"
45.117.169.86 - - [28/Apr/2026:09:10:23 +0000] "POST /wp-login.php HTTP/1.1" 200 3290 "https://thepassiveincomeideas.com/wp-login.php" "Mozilla/4.0 (compatible; MSIE 7.0; Windows NT 6.2; WOW64; Trident/7.0; .NET4.0C; .NET4.0E; wbx 1.0.0)"
184.94.212.206 - - [28/Apr/2026:09:15:25 +0000] "POST /wp-cron.php?doing_wp_cron=1777367725.0308101177215576171875 HTTP/1.1" 200 - "-" "WordPress/6.9.4; https://thepassiveincomeideas.com"
167.172.79.172 - - [28/Apr/2026:09:15:23 +0000] "GET /wp-login.php HTTP/1.1" 200 2215 "-" "Mozilla/4.0 (compatible; MSIE 7.0; Windows NT 6.1; WOW64; Trident/7.0; SLCC2; .NET CLR 2.0.50727; .NET CLR 3.5.30729; .NET CLR 3.0.30729; .NET CLR 1.1.4322; .NET4.0C; .NET4.0E)"
167.172.79.172 - - [28/Apr/2026:09:15:25 +0000] "POST /wp-login.php HTTP/1.1" 200 3331 "https://thepassiveincomeideas.com/wp-login.php" "Mozilla/4.0 (compatible; MSIE 7.0; Windows NT 6.1; WOW64; Trident/7.0; SLCC2; .NET CLR 2.0.50727; .NET CLR 3.5.30729; .NET CLR 3.0.30729; .NET CLR 1.1.4322; .NET4.0C; .NET4.0E)"
184.94.212.206 - - [28/Apr/2026:09:17:37 +0000] "POST /wp-cron.php?doing_wp_cron=1777367857.4354159832000732421875 HTTP/1.1" 200 - "-" "WordPress/6.9.4; https://thepassiveincomeideas.com"
31.57.225.217 - - [28/Apr/2026:09:17:36 +0000] "GET /wp-login.php HTTP/1.1" 200 2215 "-" "Mozilla/5.0 (compatible; MSIE 9.0; Windows NT 6.1; WOW64; Trident/7.0)"
31.57.225.217 - - [28/Apr/2026:09:17:38 +0000] "POST /wp-login.php HTTP/1.1" 200 3284 "https://thepassiveincomeideas.com.primemusicproductions.com/wp-login.php" "Mozilla/5.0 (compatible; MSIE 9.0; Windows NT 6.1; WOW64; Trident/7.0)"
184.94.212.206 - - [28/Apr/2026:09:20:21 +0000] "POST /wp-cron.php?doing_wp_cron=1777368021.8537149429321289062500 HTTP/1.1" 200 - "-" "WordPress/6.9.4; https://thepassiveincomeideas.com"
46.235.42.125 - - [28/Apr/2026:09:20:20 +0000] "GET /wp-login.php HTTP/1.1" 200 2215 "-" "Mozilla/5.0 (Windows NT 6.1; Win64; x64; rv:60.0) Gecko/20100101 Firefox/60.0"
46.235.42.125 - - [28/Apr/2026:09:20:22 +0000] "POST /wp-login.php HTTP/1.1" 200 3290 "https://thepassiveincomeideas.com/wp-login.php" "Mozilla/5.0 (Windows NT 6.1; Win64; x64; rv:60.0) Gecko/20100101 Firefox/60.0"
184.94.212.206 - - [28/Apr/2026:09:23:04 +0000] "POST /wp-cron.php?doing_wp_cron=1777368184.5842409133911132812500 HTTP/1.1" 200 - "-" "WordPress/6.9.4; https://thepassiveincomeideas.com"
78.159.131.56 - - [28/Apr/2026:09:22:51 +0000] "GET / HTTP/1.1" 200 115737 "-" "Mozilla/5.0 (Windows NT 10.0; Win64; x64) AppleWebKit/537.36 (KHTML, like Gecko) Chrome/131.0.0.0 Safari/537.36"
184.94.212.206 - - [28/Apr/2026:09:24:46 +0000] "POST /wp-cron.php?doing_wp_cron=1777368286.2051260471343994140625 HTTP/1.1" 200 - "-" "WordPress/6.9.4; https://thepassiveincomeideas.com"
160.250.130.228 - - [28/Apr/2026:09:24:44 +0000] "GET /wp-login.php HTTP/1.1" 200 2215 "-" "Mozilla/5.0 (Windows NT 6.3; Win64; x64; Trident/7.0; Touch; MATBJS; rv:11.0) like Gecko"
160.250.130.228 - - [28/Apr/2026:09:24:46 +0000] "POST /wp-login.php HTTP/1.1" 200 3290 "https://thepassiveincomeideas.com/wp-login.php" "Mozilla/5.0 (Windows NT 6.3; Win64; x64; Trident/7.0; Touch; MATBJS; rv:11.0) like Gecko"
184.94.212.206 - - [28/Apr/2026:09:25:33 +0000] "POST /wp-cron.php?doing_wp_cron=1777368333.9449501037597656250000 HTTP/1.1" 200 - "-" "WordPress/6.9.4; https://thepassiveincomeideas.com"
103.165.187.135 - - [28/Apr/2026:09:25:33 +0000] "POST /wp-login.php HTTP/1.1" 200 3276 "-" "Mozilla/5.0 (Windows NT 10.0; Win64; x64) AppleWebKit/537.36 Chrome/129.0.0.0 Safari/537.36"
103.165.187.135 - - [28/Apr/2026:09:25:33 +0000] "POST /wp-login.php HTTP/1.1" 200 3317 "-" "Mozilla/5.0 (Windows NT 10.0; Win64; x64) AppleWebKit/537.36 Chrome/129.0.0.0 Safari/537.36"
184.94.212.206 - - [28/Apr/2026:09:29:30 +0000] "POST /wp-cron.php?doing_wp_cron=1777368570.9594709873199462890625 HTTP/1.1" 200 - "-" "WordPress/6.9.4; https://thepassiveincomeideas.com"
208.97.187.39 - - [28/Apr/2026:09:29:29 +0000] "GET /wp-login.php HTTP/1.1" 200 2215 "-" "Mozilla/5.0 (compatible; MSIE 9.0; Windows NT 10.0; WOW64; Trident/7.0)"
208.97.187.39 - - [28/Apr/2026:09:29:31 +0000] "POST /wp-login.php HTTP/1.1" 200 3284 "https://thepassiveincomeideas.com/wp-login.php" "Mozilla/5.0 (compatible; MSIE 9.0; Windows NT 10.0; WOW64; Trident/7.0)"
192.185.176.134 - - [28/Apr/2026:09:29:40 +0000] "GET /wp-login.php HTTP/1.1" 200 2215 "-" "Mozilla/5.0 (Macintosh; Intel Mac OS X 10_13) AppleWebKit/604.1.38 (KHTML, like Gecko) Version/11.0 Safari/604.1.38"
192.185.176.134 - - [28/Apr/2026:09:29:41 +0000] "POST /wp-login.php HTTP/1.1" 200 3290 "https://thepassiveincomeideas.com/wp-login.php" "Mozilla/5.0 (Macintosh; Intel Mac OS X 10_13) AppleWebKit/604.1.38 (KHTML, like Gecko) Version/11.0 Safari/604.1.38"
184.94.212.206 - - [28/Apr/2026:09:32:10 +0000] "POST /wp-cron.php?doing_wp_cron=1777368730.9404499530792236328125 HTTP/1.1" 200 - "-" "WordPress/6.9.4; https://thepassiveincomeideas.com"
69.49.112.62 - - [28/Apr/2026:09:32:09 +0000] "GET /wp-login.php HTTP/1.1" 200 2215 "-" "Mozilla/5.0 (Windows NT 6.3; WOW64; Trident/7.0; LCJB; rv:11.0) like Gecko"
69.49.112.62 - - [28/Apr/2026:09:32:11 +0000] "POST /wp-login.php HTTP/1.1" 200 3284 "https://thepassiveincomeideas.com.primemusicproductions.com/wp-login.php" "Mozilla/5.0 (Windows NT 6.3; WOW64; Trident/7.0; LCJB; rv:11.0) like Gecko"
184.94.212.206 - - [28/Apr/2026:09:34:11 +0000] "POST /wp-cron.php?doing_wp_cron=1777368851.5363249778747558593750 HTTP/1.1" 200 - "-" "WordPress/6.9.4; https://thepassiveincomeideas.com"
46.8.187.186 - - [28/Apr/2026:09:34:10 +0000] "GET /wp-login.php HTTP/1.1" 200 2215 "-" "Mozilla/4.0 (compatible; MSIE 8.0; Windows NT 6.1; WOW64; Trident/7.0; SLCC2; .NET CLR 2.0.50727; .NET CLR 3.5.30729; .NET CLR 3.0.30729; Media Center PC 6.0; .NET4.0C; .NET4.0E)"
46.8.187.186 - - [28/Apr/2026:09:34:11 +0000] "POST /wp-login.php HTTP/1.1" 200 3284 "https://thepassiveincomeideas.com/wp-login.php" "Mozilla/4.0 (compatible; MSIE 8.0; Windows NT 6.1; WOW64; Trident/7.0; SLCC2; .NET CLR 2.0.50727; .NET CLR 3.5.30729; .NET CLR 3.0.30729; Media Center PC 6.0; .NET4.0C; .NET4.0E)"
184.94.212.206 - - [28/Apr/2026:09:38:08 +0000] "POST /wp-cron.php?doing_wp_cron=1777369088.6971509456634521484375 HTTP/1.1" 200 - "-" "WordPress/6.9.4; https://thepassiveincomeideas.com"
147.135.36.77 - - [28/Apr/2026:09:38:07 +0000] "GET /wp-login.php HTTP/1.1" 200 2215 "-" "Mozilla/4.0 (compatible; MSIE 7.0; Windows NT 6.1; Trident/7.0; SLCC2; .NET CLR 2.0.50727; .NET CLR 3.5.30729; .NET CLR 3.0.30729; Media Center PC 6.0; .NET4.0C; .NET4.0E)"
147.135.36.77 - - [28/Apr/2026:09:38:08 +0000] "POST /wp-login.php HTTP/1.1" 200 3284 "https://thepassiveincomeideas.com/wp-login.php" "Mozilla/4.0 (compatible; MSIE 7.0; Windows NT 6.1; Trident/7.0; SLCC2; .NET CLR 2.0.50727; .NET CLR 3.5.30729; .NET CLR 3.0.30729; Media Center PC 6.0; .NET4.0C; .NET4.0E)"
184.94.212.206 - - [28/Apr/2026:09:48:55 +0000] "POST /wp-cron.php?doing_wp_cron=1777369735.3741829395294189453125 HTTP/1.1" 200 - "-" "WordPress/6.9.4; https://thepassiveincomeideas.com"
139.59.3.17 - - [28/Apr/2026:09:48:54 +0000] "GET /wp-login.php HTTP/1.1" 200 2215 "-" "Mozilla/5.0 (Macintosh; Intel Mac OS X 10_11_6) AppleWebKit/537.36 (KHTML, like Gecko) Chrome/65.0.3325.162 Safari/537.36"
139.59.3.17 - - [28/Apr/2026:09:48:55 +0000] "POST /wp-login.php HTTP/1.1" 200 3290 "https://thepassiveincomeideas.com/wp-login.php" "Mozilla/5.0 (Macintosh; Intel Mac OS X 10_11_6) AppleWebKit/537.36 (KHTML, like Gecko) Chrome/65.0.3325.162 Safari/537.36"
184.94.212.206 - - [28/Apr/2026:09:57:15 +0000] "POST /wp-cron.php?doing_wp_cron=1777370235.4581890106201171875000 HTTP/1.1" 200 - "-" "WordPress/6.9.4; https://thepassiveincomeideas.com"
134.209.100.212 - - [28/Apr/2026:09:57:14 +0000] "GET /wp-login.php HTTP/1.1" 200 2215 "-" "Mozilla/5.0 (Windows NT 6.1; WOW64; Trident/7.0; TNJB; rv:11.0) like Gecko"
134.209.100.212 - - [28/Apr/2026:09:57:15 +0000] "POST /wp-login.php HTTP/1.1" 200 3284 "https://thepassiveincomeideas.com.primemusicproductions.com/wp-login.php" "Mozilla/5.0 (Windows NT 6.1; WOW64; Trident/7.0; TNJB; rv:11.0) like Gecko"
184.94.212.206 - - [28/Apr/2026:09:57:50 +0000] "POST /wp-cron.php?doing_wp_cron=1777370270.9021360874176025390625 HTTP/1.1" 200 - "-" "WordPress/6.9.4; https://thepassiveincomeideas.com"
76.64.212.254 - - [28/Apr/2026:09:57:50 +0000] "GET /wp-login.php HTTP/1.1" 200 2215 "-" "Mozilla/5.0 (Windows NT 6.3; Win64; x64) AppleWebKit/537.36 (KHTML, like Gecko) Chrome/67.0.3396.62 Safari/537.36"
76.64.212.254 - - [28/Apr/2026:09:57:51 +0000] "POST /wp-login.php HTTP/1.1" 200 3290 "https://thepassiveincomeideas.com.primemusicproductions.com/wp-login.php" "Mozilla/5.0 (Windows NT 6.3; Win64; x64) AppleWebKit/537.36 (KHTML, like Gecko) Chrome/67.0.3396.62 Safari/537.36"
184.94.212.206 - - [28/Apr/2026:09:58:25 +0000] "POST /wp-cron.php?doing_wp_cron=1777370305.4149570465087890625000 HTTP/1.1" 200 - "-" "WordPress/6.9.4; https://thepassiveincomeideas.com"
108.167.161.11 - - [28/Apr/2026:09:58:24 +0000] "GET /wp-login.php HTTP/1.1" 200 2215 "-" "Mozilla/5.0 (Windows NT 10.0; Win64; x64) AppleWebKit/537.36 (KHTML, like Gecko) Chrome/63.0.3239.132 Safari/537.36 OPR/50.0.2762.67"
108.167.161.11 - - [28/Apr/2026:09:58:25 +0000] "POST /wp-login.php HTTP/1.1" 200 3284 "https://thepassiveincomeideas.com/wp-login.php" "Mozilla/5.0 (Windows NT 10.0; Win64; x64) AppleWebKit/537.36 (KHTML, like Gecko) Chrome/63.0.3239.132 Safari/537.36 OPR/50.0.2762.67"
184.94.212.206 - - [28/Apr/2026:09:59:23 +0000] "POST /wp-cron.php?doing_wp_cron=1777370363.4096450805664062500000 HTTP/1.1" 200 - "-" "WordPress/6.9.4; https://thepassiveincomeideas.com"
168.119.5.185 - - [28/Apr/2026:09:59:22 +0000] "GET /wp-login.php HTTP/1.1" 200 2215 "-" "Mozilla/5.0 (X11; Datanyze; Linux x86_64) AppleWebKit/537.36 (KHTML, like Gecko) Chrome/65.0.3325.181 Safari/537.36"
168.119.5.185 - - [28/Apr/2026:09:59:23 +0000] "POST /wp-login.php HTTP/1.1" 200 3290 "https://thepassiveincomeideas.com/wp-login.php" "Mozilla/5.0 (X11; Datanyze; Linux x86_64) AppleWebKit/537.36 (KHTML, like Gecko) Chrome/65.0.3325.181 Safari/537.36"
184.94.212.206 - - [28/Apr/2026:10:04:27 +0000] "POST /wp-cron.php?doing_wp_cron=1777370667.3093669414520263671875 HTTP/1.1" 200 - "-" "WordPress/6.9.4; https://thepassiveincomeideas.com"
162.240.175.101 - - [28/Apr/2026:10:04:26 +0000] "GET /wp-login.php HTTP/1.1" 200 2215 "-" "Mozilla/5.0 (Macintosh; Intel Mac OS X 10_11_6) AppleWebKit/603.3.8 (KHTML, like Gecko) Version/10.1.2 Safari/603.3.8"
162.240.175.101 - - [28/Apr/2026:10:04:27 +0000] "POST /wp-login.php HTTP/1.1" 200 3290 "https://thepassiveincomeideas.com/wp-login.php" "Mozilla/5.0 (Macintosh; Intel Mac OS X 10_11_6) AppleWebKit/603.3.8 (KHTML, like Gecko) Version/10.1.2 Safari/603.3.8"
184.94.212.206 - - [28/Apr/2026:10:07:46 +0000] "POST /wp-cron.php?doing_wp_cron=1777370866.0633020401000976562500 HTTP/1.1" 200 - "-" "WordPress/6.9.4; https://thepassiveincomeideas.com"
