MOON
Server: Apache
System: Linux server1.primemusicproductions.com 4.18.0-477.27.2.el8_8.x86_64 #1 SMP Fri Sep 29 08:21:01 EDT 2023 x86_64
User: primrwxj (1001)
PHP: 8.3.3
Disabled: NONE
Upload Files
File: //home/primrwxj/logs/the-muscle-building.primemusicproductions.com-ssl_log.bkup
17.246.23.217 - - [27/Apr/2026:12:04:49 +0000] "GET /wp-content/plugins/woocommerce/assets/css/woocommerce.css?ver=10.7.0 HTTP/1.1" 200 11124 "https://the-muscle-building.info/" "Mozilla/5.0 (Macintosh; Intel Mac OS X 10_15_7) AppleWebKit/605.1.15 (KHTML, like Gecko) Version/17.4 Safari/605.1.15 (Applebot/0.1; +http://www.apple.com/go/applebot)"
17.246.23.24 - - [27/Apr/2026:12:04:50 +0000] "GET /wp-content/themes/neve/style-main-new.min.css?ver=4.2.3 HTTP/1.1" 200 8593 "https://the-muscle-building.info/" "Mozilla/5.0 (Macintosh; Intel Mac OS X 10_15_7) AppleWebKit/605.1.15 (KHTML, like Gecko) Version/17.4 Safari/605.1.15 (Applebot/0.1; +http://www.apple.com/go/applebot)"
17.246.19.147 - - [27/Apr/2026:12:04:52 +0000] "GET /wp-includes/js/jquery/jquery.min.js?ver=3.7.1 HTTP/1.1" 200 30368 "https://the-muscle-building.info/" "Mozilla/5.0 (Macintosh; Intel Mac OS X 10_15_7) AppleWebKit/605.1.15 (KHTML, like Gecko) Version/17.4 Safari/605.1.15 (Applebot/0.1; +http://www.apple.com/go/applebot)"
17.246.15.14 - - [27/Apr/2026:12:04:53 +0000] "GET /wp-content/themes/neve/assets/css/woocommerce.min.css?ver=4.2.3 HTTP/1.1" 200 6216 "https://the-muscle-building.info/" "Mozilla/5.0 (Macintosh; Intel Mac OS X 10_15_7) AppleWebKit/605.1.15 (KHTML, like Gecko) Version/17.4 Safari/605.1.15 (Applebot/0.1; +http://www.apple.com/go/applebot)"
17.246.15.248 - - [27/Apr/2026:12:04:55 +0000] "GET /wp-content/plugins/woocommerce/assets/css/woocommerce-layout.css?ver=10.7.0 HTTP/1.1" 200 3415 "https://the-muscle-building.info/" "Mozilla/5.0 (Macintosh; Intel Mac OS X 10_15_7) AppleWebKit/605.1.15 (KHTML, like Gecko) Version/17.4 Safari/605.1.15 (Applebot/0.1; +http://www.apple.com/go/applebot)"
17.246.15.204 - - [27/Apr/2026:12:04:56 +0000] "GET /wp-includes/css/dist/block-library/style.min.css?ver=6.9.4 HTTP/1.1" 200 15916 "https://the-muscle-building.info/" "Mozilla/5.0 (Macintosh; Intel Mac OS X 10_15_7) AppleWebKit/605.1.15 (KHTML, like Gecko) Version/17.4 Safari/605.1.15 (Applebot/0.1; +http://www.apple.com/go/applebot)"
17.246.19.115 - - [27/Apr/2026:12:04:57 +0000] "GET /wp-includes/js/jquery/jquery-migrate.min.js?ver=3.4.1 HTTP/1.1" 200 4872 "https://the-muscle-building.info/" "Mozilla/5.0 (Macintosh; Intel Mac OS X 10_15_7) AppleWebKit/605.1.15 (KHTML, like Gecko) Version/17.4 Safari/605.1.15 (Applebot/0.1; +http://www.apple.com/go/applebot)"
17.246.15.54 - - [27/Apr/2026:12:04:58 +0000] "GET /wp-content/plugins/woocommerce/assets/js/jquery-blockui/jquery.blockUI.min.js?ver=2.7.0-wc.10.7.0 HTTP/1.1" 200 3537 "https://the-muscle-building.info/" "Mozilla/5.0 (Macintosh; Intel Mac OS X 10_15_7) AppleWebKit/605.1.15 (KHTML, like Gecko) Version/17.4 Safari/605.1.15 (Applebot/0.1; +http://www.apple.com/go/applebot)"
17.246.23.58 - - [27/Apr/2026:12:04:59 +0000] "GET /wp-content/plugins/woocommerce/assets/js/frontend/add-to-cart.min.js?ver=10.7.0 HTTP/1.1" 200 1439 "https://the-muscle-building.info/" "Mozilla/5.0 (Macintosh; Intel Mac OS X 10_15_7) AppleWebKit/605.1.15 (KHTML, like Gecko) Version/17.4 Safari/605.1.15 (Applebot/0.1; +http://www.apple.com/go/applebot)"
17.246.19.225 - - [27/Apr/2026:12:05:00 +0000] "GET /wp-content/plugins/woocommerce/assets/js/js-cookie/js.cookie.min.js?ver=2.1.4-wc.10.7.0 HTTP/1.1" 200 833 "https://the-muscle-building.info/" "Mozilla/5.0 (Macintosh; Intel Mac OS X 10_15_7) AppleWebKit/605.1.15 (KHTML, like Gecko) Version/17.4 Safari/605.1.15 (Applebot/0.1; +http://www.apple.com/go/applebot)"
17.246.15.55 - - [27/Apr/2026:12:05:01 +0000] "GET /wp-content/plugins/woocommerce/assets/js/frontend/woocommerce.min.js?ver=10.7.0 HTTP/1.1" 200 1532 "https://the-muscle-building.info/" "Mozilla/5.0 (Macintosh; Intel Mac OS X 10_15_7) AppleWebKit/605.1.15 (KHTML, like Gecko) Version/17.4 Safari/605.1.15 (Applebot/0.1; +http://www.apple.com/go/applebot)"
17.246.15.144 - - [27/Apr/2026:12:05:02 +0000] "GET /wp-content/plugins/woocommerce/assets/client/blocks/wc-blocks.css?ver=wc-10.7.0 HTTP/1.1" 200 2618 "https://the-muscle-building.info/" "Mozilla/5.0 (Macintosh; Intel Mac OS X 10_15_7) AppleWebKit/605.1.15 (KHTML, like Gecko) Version/17.4 Safari/605.1.15 (Applebot/0.1; +http://www.apple.com/go/applebot)"
17.246.15.92 - - [27/Apr/2026:12:05:03 +0000] "GET /wp-content/plugins/woocommerce/assets/js/sourcebuster/sourcebuster.min.js?ver=10.7.0 HTTP/1.1" 200 4807 "https://the-muscle-building.info/" "Mozilla/5.0 (Macintosh; Intel Mac OS X 10_15_7) AppleWebKit/605.1.15 (KHTML, like Gecko) Version/17.4 Safari/605.1.15 (Applebot/0.1; +http://www.apple.com/go/applebot)"
17.246.19.79 - - [27/Apr/2026:12:05:04 +0000] "GET /wp-content/plugins/woocommerce/assets/js/frontend/order-attribution.min.js?ver=10.7.0 HTTP/1.1" 200 1150 "https://the-muscle-building.info/" "Mozilla/5.0 (Macintosh; Intel Mac OS X 10_15_7) AppleWebKit/605.1.15 (KHTML, like Gecko) Version/17.4 Safari/605.1.15 (Applebot/0.1; +http://www.apple.com/go/applebot)"
17.246.23.73 - - [27/Apr/2026:12:05:05 +0000] "GET /wp-content/themes/neve/assets/js/build/modern/frontend.js?ver=4.2.3 HTTP/1.1" 200 2775 "https://the-muscle-building.info/" "Mozilla/5.0 (Macintosh; Intel Mac OS X 10_15_7) AppleWebKit/605.1.15 (KHTML, like Gecko) Version/17.4 Safari/605.1.15 (Applebot/0.1; +http://www.apple.com/go/applebot)"
17.246.19.113 - - [27/Apr/2026:12:05:06 +0000] "GET /wp-content/themes/neve/assets/js/build/modern/scroll-to-top.js?ver=4.2.3 HTTP/1.1" 200 596 "https://the-muscle-building.info/" "Mozilla/5.0 (Macintosh; Intel Mac OS X 10_15_7) AppleWebKit/605.1.15 (KHTML, like Gecko) Version/17.4 Safari/605.1.15 (Applebot/0.1; +http://www.apple.com/go/applebot)"
17.246.23.192 - - [27/Apr/2026:12:05:07 +0000] "GET /wp-includes/js/wp-emoji-release.min.js?ver=6.9.4 HTTP/1.1" 200 5375 "https://the-muscle-building.info/" "Mozilla/5.0 (Macintosh; Intel Mac OS X 10_15_7) AppleWebKit/605.1.15 (KHTML, like Gecko) Version/17.4 Safari/605.1.15 (Applebot/0.1; +http://www.apple.com/go/applebot)"
17.246.19.47 - - [27/Apr/2026:12:05:08 +0000] "GET /wp-content/plugins/woocommerce/assets/css/woocommerce-smallscreen.css?ver=10.7.0 HTTP/1.1" 200 1279 "https://the-muscle-building.info/" "Mozilla/5.0 (Macintosh; Intel Mac OS X 10_15_7) AppleWebKit/605.1.15 (KHTML, like Gecko) Version/17.4 Safari/605.1.15 (Applebot/0.1; +http://www.apple.com/go/applebot)"
184.94.212.206 - - [27/Apr/2026:12:05:14 +0000] "POST /wp-cron.php?doing_wp_cron=1777291514.4864430427551269531250 HTTP/1.1" 200 - "-" "WordPress/6.9.4; https://the-muscle-building.info"
45.129.231.10 - - [27/Apr/2026:12:05:12 +0000] "GET /wp-content/plugins/wp-file-upload/wfu_file_downloader.php?file=0dT2KxwPjCWtH4nc&ticket=YtHx8gIhxT0KLIVK&handler=dboption&session_legacy=1&dboption_base=cookies&dboption_useold=0&wfu_cookie=wp_wpfileupload_jK5WYTtAPKRLFsXrln0g7UfBLoeWd7wf HTTP/1.1" 404 11897 "-" "Mozilla/5.0 (X11; Linux i686; rv:1.9.6.20) Gecko/ Firefox/3.6.8"
184.94.212.206 - - [27/Apr/2026:12:08:02 +0000] "POST /wp-cron.php?doing_wp_cron=1777291682.6167900562286376953125 HTTP/1.1" 200 - "-" "WordPress/6.9.4; https://the-muscle-building.info"
159.89.94.245 - - [27/Apr/2026:12:08:01 +0000] "GET /wp-login.php HTTP/1.1" 200 1918 "-" "Mozilla/5.0 (Windows NT 6.1; WOW64; Trident/7.0; QwestIE8x64; rv:11.0) like Gecko"
159.89.94.245 - - [27/Apr/2026:12:08:02 +0000] "POST /wp-login.php HTTP/1.1" 200 2018 "https://the-muscle-building.info/wp-login.php" "Mozilla/5.0 (Windows NT 6.1; WOW64; Trident/7.0; QwestIE8x64; rv:11.0) like Gecko"
184.94.212.206 - - [27/Apr/2026:12:13:50 +0000] "POST /wp-cron.php?doing_wp_cron=1777292030.2572538852691650390625 HTTP/1.1" 200 - "-" "WordPress/6.9.4; https://the-muscle-building.info"
45.129.231.10 - - [27/Apr/2026:12:13:48 +0000] "POST /wp-json/hc/v1/themehunk-import HTTP/1.1" 404 117 "-" "Mozilla/5.0 (X11; Linux i686; rv:1.9.7.20) Gecko/ Firefox/3.6.10"
178.156.249.178 - - [27/Apr/2026:12:13:56 +0000] "HEAD / HTTP/1.1" 200 - "-" "Mozilla/5.0 (Macintosh; Intel Mac OS X 10_15_7) AppleWebKit/605.1.15 (KHTML, like Gecko) Version/18.0 Safari/605.1.15"
178.156.249.178 - - [27/Apr/2026:12:14:04 +0000] "GET / HTTP/1.1" 206 14619 "-" "Mozilla/5.0 (Macintosh; Intel Mac OS X 10_15_7) AppleWebKit/605.1.15 (KHTML, like Gecko) Version/18.0 Safari/605.1.15"
184.94.212.206 - - [27/Apr/2026:12:15:13 +0000] "POST /wp-cron.php?doing_wp_cron=1777292113.4350121021270751953125 HTTP/1.1" 200 - "-" "WordPress/6.9.4; https://the-muscle-building.info"
103.142.255.218 - - [27/Apr/2026:12:15:11 +0000] "GET /wp-login.php HTTP/1.1" 200 1918 "-" "Mozilla/5.0 (Windows NT 10.0; Win64; x64) AppleWebKit/537.36 (KHTML, like Gecko) Chrome/67.0.3396.62 Safari/537.36"
103.142.255.218 - - [27/Apr/2026:12:15:16 +0000] "POST /wp-login.php HTTP/1.1" 200 2018 "https://the-muscle-building.primemusicproductions.com/wp-login.php" "Mozilla/5.0 (Windows NT 10.0; Win64; x64) AppleWebKit/537.36 (KHTML, like Gecko) Chrome/67.0.3396.62 Safari/537.36"
184.94.212.206 - - [27/Apr/2026:12:19:41 +0000] "POST /wp-cron.php?doing_wp_cron=1777292381.5659680366516113281250 HTTP/1.1" 200 - "-" "WordPress/6.9.4; https://the-muscle-building.info"
208.109.191.182 - - [27/Apr/2026:12:19:40 +0000] "GET /wp-login.php HTTP/1.1" 200 1918 "-" "Mozilla/5.0 (Windows NT 6.3; Win64; x64; rv:60.0) Gecko/20100101 Firefox/60.0"
184.94.212.206 - - [27/Apr/2026:12:27:41 +0000] "POST /wp-cron.php?doing_wp_cron=1777292861.2739300727844238281250 HTTP/1.1" 200 - "-" "WordPress/6.9.4; https://the-muscle-building.info"
170.106.113.159 - - [27/Apr/2026:12:27:39 +0000] "GET / HTTP/1.1" 200 14619 "http://www.the-muscle-building.info" "Mozilla/5.0 (iPhone; CPU iPhone OS 13_2_3 like Mac OS X) AppleWebKit/605.1.15 (KHTML, like Gecko) Version/13.0.3 Mobile/15E148 Safari/604.1"
184.94.212.206 - - [27/Apr/2026:12:29:08 +0000] "POST /wp-cron.php?doing_wp_cron=1777292948.3419919013977050781250 HTTP/1.1" 200 - "-" "WordPress/6.9.4; https://the-muscle-building.info"
75.217.172.40 - - [27/Apr/2026:12:29:06 +0000] "GET /product/fitness-trainer-product-2/ HTTP/1.1" 200 16364 "-" "Mozilla/5.0 (Macintosh; Intel Mac OS X 10_15_7) AppleWebKit/537.36 (KHTML, like Gecko) Chrome/133.0.0.0 Safari/537.36"
184.94.212.206 - - [27/Apr/2026:12:41:35 +0000] "POST /wp-cron.php?doing_wp_cron=1777293695.4460659027099609375000 HTTP/1.1" 200 - "-" "WordPress/6.9.4; https://the-muscle-building.info"
45.129.231.10 - - [27/Apr/2026:12:41:31 +0000] "GET /wp-content/plugins/stacks-mobile-app-builder/readme.txt HTTP/1.1" 404 11897 "-" "Mozilla/5.0 (Windows NT 10.0; Win64; x64; rv:140.0) Gecko/20100101 Firefox/140.5"
184.94.212.206 - - [27/Apr/2026:12:42:00 +0000] "POST /wp-cron.php?doing_wp_cron=1777293720.5123870372772216796875 HTTP/1.1" 200 - "-" "WordPress/6.9.4; https://the-muscle-building.info"
45.129.231.10 - - [27/Apr/2026:12:41:59 +0000] "GET /?mobile_co=1&uid=1 HTTP/1.1" 200 14619 "-" "Mozilla/5.0 (ZZ; Linux i686) AppleWebKit/537.36 (KHTML, like Gecko) Chrome/137.0.0.0 Safari/537.36"
57.141.18.87 - - [27/Apr/2026:12:42:12 +0000] "GET /9cafb-fitness-trainer-blog/ HTTP/1.1" 200 67889 "-" "meta-externalagent/1.1 (+https://developers.facebook.com/docs/sharing/webmasters/crawler)"
45.129.231.10 - - [27/Apr/2026:12:42:23 +0000] "POST /wp-admin/index.php HTTP/1.1" 302 - "-" "Mozilla/5.0 (X11; Linux i686; rv:1.9.7.20) Gecko/ Firefox/3.6.11"
45.129.231.10 - - [27/Apr/2026:12:42:24 +0000] "GET /wp-login.php?redirect_to=https%3A%2F%2Fthe-muscle-building.info%2Fwp-admin%2Findex.php&reauth=1 HTTP/1.1" 200 1922 "https://the-muscle-building.info/wp-admin/index.php" "Mozilla/5.0 (X11; Linux i686; rv:1.9.7.20) Gecko/ Firefox/3.6.11"
184.94.212.206 - - [27/Apr/2026:12:45:34 +0000] "POST /wp-cron.php?doing_wp_cron=1777293934.4097120761871337890625 HTTP/1.1" 200 - "-" "WordPress/6.9.4; https://the-muscle-building.info"
216.73.216.119 - - [27/Apr/2026:12:45:32 +0000] "GET /robots.txt HTTP/1.1" 200 179 "-" "Mozilla/5.0 AppleWebKit/537.36 (KHTML, like Gecko; compatible; ClaudeBot/1.0; +claudebot@anthropic.com)"
216.73.216.119 - - [27/Apr/2026:12:45:34 +0000] "GET /comments/feed/ HTTP/1.1" 200 801 "-" "Mozilla/5.0 AppleWebKit/537.36 (KHTML, like Gecko; compatible; ClaudeBot/1.0; +claudebot@anthropic.com)"
184.94.212.206 - - [27/Apr/2026:12:45:41 +0000] "POST /wp-cron.php?doing_wp_cron=1777293941.2506580352783203125000 HTTP/1.1" 200 - "-" "WordPress/6.9.4; https://the-muscle-building.info"
216.73.216.119 - - [27/Apr/2026:12:45:40 +0000] "GET /9cafb-fitness-trainer-blog/ HTTP/1.1" 200 13980 "-" "Mozilla/5.0 AppleWebKit/537.36 (KHTML, like Gecko; compatible; ClaudeBot/1.0; +claudebot@anthropic.com)"
184.94.212.206 - - [27/Apr/2026:12:47:09 +0000] "POST /wp-cron.php?doing_wp_cron=1777294029.1258940696716308593750 HTTP/1.1" 200 - "-" "WordPress/6.9.4; https://the-muscle-building.info"
216.73.216.119 - - [27/Apr/2026:12:47:07 +0000] "GET /feed/ HTTP/1.1" 200 2038 "-" "Mozilla/5.0 AppleWebKit/537.36 (KHTML, like Gecko; compatible; ClaudeBot/1.0; +claudebot@anthropic.com)"
184.94.212.206 - - [27/Apr/2026:12:56:39 +0000] "POST /wp-cron.php?doing_wp_cron=1777294599.3057188987731933593750 HTTP/1.1" 200 - "-" "WordPress/6.9.4; https://the-muscle-building.info"
202.92.6.73 - - [27/Apr/2026:12:56:37 +0000] "GET /wp-login.php HTTP/1.1" 200 1918 "-" "Mozilla/5.0 (Windows NT 6.2; ARM; Trident/7.0; Touch; rv:11.0; WPDesktop; NOKIA; Lumia 520) like Gecko"
202.92.6.73 - - [27/Apr/2026:12:56:39 +0000] "POST /wp-login.php HTTP/1.1" 200 2018 "https://the-muscle-building.primemusicproductions.com/wp-login.php" "Mozilla/5.0 (Windows NT 6.2; ARM; Trident/7.0; Touch; rv:11.0; WPDesktop; NOKIA; Lumia 520) like Gecko"
184.94.212.206 - - [27/Apr/2026:12:57:18 +0000] "POST /wp-cron.php?doing_wp_cron=1777294638.2787179946899414062500 HTTP/1.1" 200 - "-" "WordPress/6.9.4; https://the-muscle-building.info"
69.163.248.16 - - [27/Apr/2026:12:57:16 +0000] "GET /wp-login.php HTTP/1.1" 200 1918 "-" "Mozilla/5.0 (X11; CrOS x86_64 10323.67.0) AppleWebKit/537.36 (KHTML, like Gecko) Chrome/65.0.3325.209 Safari/537.36"
69.163.248.16 - - [27/Apr/2026:12:57:18 +0000] "POST /wp-login.php HTTP/1.1" 200 2018 "https://the-muscle-building.info/wp-login.php" "Mozilla/5.0 (X11; CrOS x86_64 10323.67.0) AppleWebKit/537.36 (KHTML, like Gecko) Chrome/65.0.3325.209 Safari/537.36"
184.94.212.206 - - [27/Apr/2026:12:57:46 +0000] "POST /wp-cron.php?doing_wp_cron=1777294666.2815909385681152343750 HTTP/1.1" 200 - "-" "WordPress/6.9.4; https://the-muscle-building.info"
172.105.190.145 - - [27/Apr/2026:12:57:45 +0000] "GET /wp-login.php HTTP/1.1" 200 1918 "-" "Mozilla/5.0 (Windows NT 6.1; WOW64; Trident/7.0; EIE10;ENCAMSN; rv:11.0) like Gecko"
172.105.190.145 - - [27/Apr/2026:12:57:46 +0000] "POST /wp-login.php HTTP/1.1" 200 2018 "https://the-muscle-building.primemusicproductions.com/wp-login.php" "Mozilla/5.0 (Windows NT 6.1; WOW64; Trident/7.0; EIE10;ENCAMSN; rv:11.0) like Gecko"
184.94.212.206 - - [27/Apr/2026:12:58:48 +0000] "POST /wp-cron.php?doing_wp_cron=1777294728.3617401123046875000000 HTTP/1.1" 200 - "-" "WordPress/6.9.4; https://the-muscle-building.info"
204.76.203.25 - - [27/Apr/2026:12:58:46 +0000] "GET / HTTP/1.1" 301 - "-" "Mozilla/5.0 (Windows NT 10.0; Win64; x64) AppleWebKit/537.36 (KHTML, like Gecko) Chrome/147.0.0.0 Safari/537.36"
204.76.203.25 - - [27/Apr/2026:12:58:50 +0000] "GET / HTTP/1.1" 200 75708 "-" "Mozilla/5.0 (Windows NT 10.0; Win64; x64) AppleWebKit/537.36 (KHTML, like Gecko) Chrome/147.0.0.0 Safari/537.36"
204.76.203.27 - - [27/Apr/2026:12:58:57 +0000] "GET / HTTP/1.1" 200 75708 "-" "Mozilla/5.0 (Windows NT 10.0; Win64; x64) AppleWebKit/537.36 (KHTML, like Gecko) Chrome/147.0.0.0 Safari/537.36"
101.100.234.23 - - [27/Apr/2026:12:58:58 +0000] "GET /wp-login.php HTTP/1.1" 200 1918 "-" "Mozilla/5.0 (Windows NT 6.1; Trident/7.0; MAMD; rv:11.0) like Gecko"
101.100.234.23 - - [27/Apr/2026:12:58:59 +0000] "POST /wp-login.php HTTP/1.1" 200 2018 "https://the-muscle-building.info/wp-login.php" "Mozilla/5.0 (Windows NT 6.1; Trident/7.0; MAMD; rv:11.0) like Gecko"
184.94.212.206 - - [27/Apr/2026:13:00:56 +0000] "POST /wp-cron.php?doing_wp_cron=1777294856.3188109397888183593750 HTTP/1.1" 200 - "-" "WordPress/6.9.4; https://the-muscle-building.info"
50.87.140.189 - - [27/Apr/2026:13:00:54 +0000] "GET /wp-login.php HTTP/1.1" 200 1918 "-" "Mozilla/4.0 (compatible; MSIE 7.0; Windows NT 6.3; WOW64; Trident/7.0; .NET4.0E; .NET4.0C; InfoPath.3)"
50.87.140.189 - - [27/Apr/2026:13:00:56 +0000] "POST /wp-login.php HTTP/1.1" 200 2018 "https://the-muscle-building.info/wp-login.php" "Mozilla/4.0 (compatible; MSIE 7.0; Windows NT 6.3; WOW64; Trident/7.0; .NET4.0E; .NET4.0C; InfoPath.3)"
85.208.96.207 - - [27/Apr/2026:13:01:35 +0000] "GET /robots.txt HTTP/1.1" 200 179 "-" "Mozilla/5.0 (compatible; SemrushBot/7~bl; +http://www.semrush.com/bot.html)"
85.208.96.209 - - [27/Apr/2026:13:01:37 +0000] "GET /2020/04/08/5-reasons-why-you-should-not-over-train/ HTTP/1.1" 200 14533 "-" "Mozilla/5.0 (compatible; SemrushBot/7~bl; +http://www.semrush.com/bot.html)"
184.94.212.206 - - [27/Apr/2026:13:01:54 +0000] "POST /wp-cron.php?doing_wp_cron=1777294914.0336580276489257812500 HTTP/1.1" 200 - "-" "WordPress/6.9.4; https://the-muscle-building.info"
45.129.231.10 - - [27/Apr/2026:13:01:52 +0000] "POST /wp-admin/admin-ajax.php?+config-create+/&/<?=base64_decode($_GET[0])?>+/tmp/3Cq0fItMaosOI2qugcvInGYZkwn.php HTTP/1.1" 400 21 "-" "Mozilla/5.0 (ZZ; Linux x86_64) AppleWebKit/537.36 (KHTML, like Gecko) Chrome/131.0.0.0 Safari/537.36"
45.129.231.10 - - [27/Apr/2026:13:02:16 +0000] "POST /wp-admin/admin-ajax.php?0=M0NxMGZPTXFZNWl4Z2dqeTRQNkNhcWhGUkl3 HTTP/1.1" 400 21 "-" "Mozilla/5.0 (X11; Linux x86_64; rv:1.9.6.20) Gecko/ Firefox/3.6.2"
184.94.212.206 - - [27/Apr/2026:13:04:25 +0000] "POST /wp-cron.php?doing_wp_cron=1777295065.0868699550628662109375 HTTP/1.1" 200 - "-" "WordPress/6.9.4; https://the-muscle-building.info"
178.156.226.52 - - [27/Apr/2026:13:04:23 +0000] "HEAD / HTTP/1.1" 200 - "-" "Mozilla/5.0 (Macintosh; Intel Mac OS X 10_15_7) AppleWebKit/605.1.15 (KHTML, like Gecko) Version/18.0 Safari/605.1.15"
178.156.226.52 - - [27/Apr/2026:13:04:31 +0000] "GET / HTTP/1.1" 206 14619 "-" "Mozilla/5.0 (Macintosh; Intel Mac OS X 10_15_7) AppleWebKit/605.1.15 (KHTML, like Gecko) Version/18.0 Safari/605.1.15"
184.94.212.206 - - [27/Apr/2026:13:10:14 +0000] "POST /wp-cron.php?doing_wp_cron=1777295414.7372820377349853515625 HTTP/1.1" 200 - "-" "WordPress/6.9.4; https://the-muscle-building.info"
20.207.194.44 - - [27/Apr/2026:13:10:12 +0000] "GET /wp-content/plugins/admin.php HTTP/1.1" 404 11897 "-" "Mozilla/5.0 (Windows NT 10.0; Win64; x64) AppleWebKit/537.36 (KHTML, like Gecko) Chrome/120.0.0.0 Safari/537.36"
20.207.194.44 - - [27/Apr/2026:13:10:15 +0000] "GET /admin.php HTTP/1.1" 404 11897 "-" "Mozilla/5.0 (Windows NT 10.0; Win64; x64) AppleWebKit/537.36 (KHTML, like Gecko) Chrome/120.0.0.0 Safari/537.36"
20.207.194.44 - - [27/Apr/2026:13:10:16 +0000] "GET /wk/index.php HTTP/1.1" 301 - "-" "Mozilla/5.0 (Windows NT 10.0; Win64; x64) AppleWebKit/537.36 (KHTML, like Gecko) Chrome/120.0.0.0 Safari/537.36"
20.207.194.44 - - [27/Apr/2026:13:10:17 +0000] "GET /supyffqkrnyxagxcjucnCdefault.php HTTP/1.1" 404 11897 "-" "Mozilla/5.0 (Windows NT 10.0; Win64; x64) AppleWebKit/537.36 (KHTML, like Gecko) Chrome/120.0.0.0 Safari/537.36"
20.207.194.44 - - [27/Apr/2026:13:10:19 +0000] "GET /elp.php HTTP/1.1" 404 11897 "-" "Mozilla/5.0 (Windows NT 10.0; Win64; x64) AppleWebKit/537.36 (KHTML, like Gecko) Chrome/120.0.0.0 Safari/537.36"
20.207.194.44 - - [27/Apr/2026:13:10:20 +0000] "GET /adminfuns.php HTTP/1.1" 404 11897 "-" "Mozilla/5.0 (Windows NT 10.0; Win64; x64) AppleWebKit/537.36 (KHTML, like Gecko) Chrome/120.0.0.0 Safari/537.36"
20.207.194.44 - - [27/Apr/2026:13:10:21 +0000] "GET /.tmb/cloud.php HTTP/1.1" 404 11897 "-" "Mozilla/5.0 (Windows NT 10.0; Win64; x64) AppleWebKit/537.36 (KHTML, like Gecko) Chrome/120.0.0.0 Safari/537.36"
20.207.194.44 - - [27/Apr/2026:13:10:23 +0000] "GET /php8.php HTTP/1.1" 404 11897 "-" "Mozilla/5.0 (Windows NT 10.0; Win64; x64) AppleWebKit/537.36 (KHTML, like Gecko) Chrome/120.0.0.0 Safari/537.36"
20.207.194.44 - - [27/Apr/2026:13:10:24 +0000] "GET /.well-known HTTP/1.1" 301 253 "-" "Mozilla/5.0 (Windows NT 10.0; Win64; x64) AppleWebKit/537.36 (KHTML, like Gecko) Chrome/120.0.0.0 Safari/537.36"
20.207.194.44 - - [27/Apr/2026:13:10:24 +0000] "GET /inputs.php HTTP/1.1" 404 11897 "-" "Mozilla/5.0 (Windows NT 10.0; Win64; x64) AppleWebKit/537.36 (KHTML, like Gecko) Chrome/120.0.0.0 Safari/537.36"
20.207.194.44 - - [27/Apr/2026:13:10:26 +0000] "GET /goods.php HTTP/1.1" 404 11897 "-" "Mozilla/5.0 (Windows NT 10.0; Win64; x64) AppleWebKit/537.36 (KHTML, like Gecko) Chrome/120.0.0.0 Safari/537.36"
20.207.194.44 - - [27/Apr/2026:13:10:27 +0000] "GET /classwithtostring.php HTTP/1.1" 404 11897 "-" "Mozilla/5.0 (Windows NT 10.0; Win64; x64) AppleWebKit/537.36 (KHTML, like Gecko) Chrome/120.0.0.0 Safari/537.36"
20.207.194.44 - - [27/Apr/2026:13:10:28 +0000] "GET /simple.php HTTP/1.1" 404 11897 "-" "Mozilla/5.0 (Windows NT 10.0; Win64; x64) AppleWebKit/537.36 (KHTML, like Gecko) Chrome/120.0.0.0 Safari/537.36"
20.207.194.44 - - [27/Apr/2026:13:10:29 +0000] "GET /wp-mail.php HTTP/1.1" 403 1060 "-" "Mozilla/5.0 (Windows NT 10.0; Win64; x64) AppleWebKit/537.36 (KHTML, like Gecko) Chrome/120.0.0.0 Safari/537.36"
20.207.194.44 - - [27/Apr/2026:13:10:30 +0000] "GET /about.php HTTP/1.1" 404 11897 "-" "Mozilla/5.0 (Windows NT 10.0; Win64; x64) AppleWebKit/537.36 (KHTML, like Gecko) Chrome/120.0.0.0 Safari/537.36"
20.207.194.44 - - [27/Apr/2026:13:10:32 +0000] "GET /1.php HTTP/1.1" 404 11897 "-" "Mozilla/5.0 (Windows NT 10.0; Win64; x64) AppleWebKit/537.36 (KHTML, like Gecko) Chrome/120.0.0.0 Safari/537.36"
20.207.194.44 - - [27/Apr/2026:13:10:33 +0000] "GET /file.php HTTP/1.1" 404 11897 "-" "Mozilla/5.0 (Windows NT 10.0; Win64; x64) AppleWebKit/537.36 (KHTML, like Gecko) Chrome/120.0.0.0 Safari/537.36"
20.207.194.44 - - [27/Apr/2026:13:10:35 +0000] "GET /404.php HTTP/1.1" 404 11897 "-" "Mozilla/5.0 (Windows NT 10.0; Win64; x64) AppleWebKit/537.36 (KHTML, like Gecko) Chrome/120.0.0.0 Safari/537.36"
20.207.194.44 - - [27/Apr/2026:13:10:36 +0000] "GET /wp-login.php HTTP/1.1" 200 1918 "-" "Mozilla/5.0 (Windows NT 10.0; Win64; x64) AppleWebKit/537.36 (KHTML, like Gecko) Chrome/120.0.0.0 Safari/537.36"
20.207.194.44 - - [27/Apr/2026:13:10:37 +0000] "GET /index.php/feed/atom HTTP/1.1" 301 - "-" "Mozilla/5.0 (Windows NT 10.0; Win64; x64) AppleWebKit/537.36 (KHTML, like Gecko) Chrome/120.0.0.0 Safari/537.36"
20.207.194.44 - - [27/Apr/2026:13:10:38 +0000] "GET /php.php HTTP/1.1" 404 11897 "-" "Mozilla/5.0 (Windows NT 10.0; Win64; x64) AppleWebKit/537.36 (KHTML, like Gecko) Chrome/120.0.0.0 Safari/537.36"
184.94.212.206 - - [27/Apr/2026:13:10:41 +0000] "POST /wp-cron.php?doing_wp_cron=1777295441.3587009906768798828125 HTTP/1.1" 200 - "-" "WordPress/6.9.4; https://the-muscle-building.info"
20.207.194.44 - - [27/Apr/2026:13:10:40 +0000] "GET /wp-includes/Text/Diff/Engine.php HTTP/1.1" 404 11897 "-" "Mozilla/5.0 (Windows NT 10.0; Win64; x64) AppleWebKit/537.36 (KHTML, like Gecko) Chrome/120.0.0.0 Safari/537.36"
20.207.194.44 - - [27/Apr/2026:13:10:41 +0000] "GET /wp-content/admin.php HTTP/1.1" 404 11897 "-" "Mozilla/5.0 (Windows NT 10.0; Win64; x64) AppleWebKit/537.36 (KHTML, like Gecko) Chrome/120.0.0.0 Safari/537.36"
20.207.194.44 - - [27/Apr/2026:13:10:42 +0000] "GET /wp-content/themes/admin.php HTTP/1.1" 404 11897 "-" "Mozilla/5.0 (Windows NT 10.0; Win64; x64) AppleWebKit/537.36 (KHTML, like Gecko) Chrome/120.0.0.0 Safari/537.36"
20.207.194.44 - - [27/Apr/2026:13:10:44 +0000] "GET /7.php HTTP/1.1" 404 11897 "-" "Mozilla/5.0 (Windows NT 10.0; Win64; x64) AppleWebKit/537.36 (KHTML, like Gecko) Chrome/120.0.0.0 Safari/537.36"
20.207.194.44 - - [27/Apr/2026:13:10:45 +0000] "GET /wp-content/index.php HTTP/1.1" 200 - "-" "Mozilla/5.0 (Windows NT 10.0; Win64; x64) AppleWebKit/537.36 (KHTML, like Gecko) Chrome/120.0.0.0 Safari/537.36"
20.207.194.44 - - [27/Apr/2026:13:10:45 +0000] "GET /.well-known/acme-challenge/index.php HTTP/1.1" 301 - "-" "Mozilla/5.0 (Windows NT 10.0; Win64; x64) AppleWebKit/537.36 (KHTML, like Gecko) Chrome/120.0.0.0 Safari/537.36"
20.207.194.44 - - [27/Apr/2026:13:10:46 +0000] "GET /atomlib.php HTTP/1.1" 404 11897 "-" "Mozilla/5.0 (Windows NT 10.0; Win64; x64) AppleWebKit/537.36 (KHTML, like Gecko) Chrome/120.0.0.0 Safari/537.36"
20.207.194.44 - - [27/Apr/2026:13:10:48 +0000] "GET /chosen.php HTTP/1.1" 404 11897 "-" "Mozilla/5.0 (Windows NT 10.0; Win64; x64) AppleWebKit/537.36 (KHTML, like Gecko) Chrome/120.0.0.0 Safari/537.36"
20.207.194.44 - - [27/Apr/2026:13:10:49 +0000] "GET /css.php HTTP/1.1" 404 11897 "-" "Mozilla/5.0 (Windows NT 10.0; Win64; x64) AppleWebKit/537.36 (KHTML, like Gecko) Chrome/120.0.0.0 Safari/537.36"
20.207.194.44 - - [27/Apr/2026:13:10:50 +0000] "GET /files.php HTTP/1.1" 404 11897 "-" "Mozilla/5.0 (Windows NT 10.0; Win64; x64) AppleWebKit/537.36 (KHTML, like Gecko) Chrome/120.0.0.0 Safari/537.36"
20.207.194.44 - - [27/Apr/2026:13:10:52 +0000] "GET /index/function.php HTTP/1.1" 404 11897 "-" "Mozilla/5.0 (Windows NT 10.0; Win64; x64) AppleWebKit/537.36 (KHTML, like Gecko) Chrome/120.0.0.0 Safari/537.36"
20.207.194.44 - - [27/Apr/2026:13:10:54 +0000] "GET /buy.php HTTP/1.1" 404 11897 "-" "Mozilla/5.0 (Windows NT 10.0; Win64; x64) AppleWebKit/537.36 (KHTML, like Gecko) Chrome/120.0.0.0 Safari/537.36"
20.207.194.44 - - [27/Apr/2026:13:10:55 +0000] "GET /info.php HTTP/1.1" 404 11897 "-" "Mozilla/5.0 (Windows NT 10.0; Win64; x64) AppleWebKit/537.36 (KHTML, like Gecko) Chrome/120.0.0.0 Safari/537.36"
20.207.194.44 - - [27/Apr/2026:13:10:56 +0000] "GET /wp.php HTTP/1.1" 404 11897 "-" "Mozilla/5.0 (Windows NT 10.0; Win64; x64) AppleWebKit/537.36 (KHTML, like Gecko) Chrome/120.0.0.0 Safari/537.36"
20.207.194.44 - - [27/Apr/2026:13:10:57 +0000] "GET /wp-content/uploads/index.php HTTP/1.1" 301 - "-" "Mozilla/5.0 (Windows NT 10.0; Win64; x64) AppleWebKit/537.36 (KHTML, like Gecko) Chrome/120.0.0.0 Safari/537.36"
20.207.194.44 - - [27/Apr/2026:13:10:58 +0000] "GET /wp-config-sample.php HTTP/1.1" 404 11897 "-" "Mozilla/5.0 (Windows NT 10.0; Win64; x64) AppleWebKit/537.36 (KHTML, like Gecko) Chrome/120.0.0.0 Safari/537.36"
20.207.194.44 - - [27/Apr/2026:13:11:00 +0000] "GET /wp-content/themes/x/bypass.php HTTP/1.1" 404 11897 "-" "Mozilla/5.0 (Windows NT 10.0; Win64; x64) AppleWebKit/537.36 (KHTML, like Gecko) Chrome/120.0.0.0 Safari/537.36"
20.207.194.44 - - [27/Apr/2026:13:11:01 +0000] "GET /666.php HTTP/1.1" 404 11897 "-" "Mozilla/5.0 (Windows NT 10.0; Win64; x64) AppleWebKit/537.36 (KHTML, like Gecko) Chrome/120.0.0.0 Safari/537.36"
20.207.194.44 - - [27/Apr/2026:13:11:02 +0000] "GET /bgymj.php HTTP/1.1" 404 11897 "-" "Mozilla/5.0 (Windows NT 10.0; Win64; x64) AppleWebKit/537.36 (KHTML, like Gecko) Chrome/120.0.0.0 Safari/537.36"
20.207.194.44 - - [27/Apr/2026:13:11:04 +0000] "GET /control.php HTTP/1.1" 404 11897 "-" "Mozilla/5.0 (Windows NT 10.0; Win64; x64) AppleWebKit/537.36 (KHTML, like Gecko) Chrome/120.0.0.0 Safari/537.36"
20.207.194.44 - - [27/Apr/2026:13:11:05 +0000] "GET /randkeyword.PhP7 HTTP/1.1" 404 11897 "-" "Mozilla/5.0 (Windows NT 10.0; Win64; x64) AppleWebKit/537.36 (KHTML, like Gecko) Chrome/120.0.0.0 Safari/537.36"
20.207.194.44 - - [27/Apr/2026:13:11:06 +0000] "GET /wp-content/plugins/core-plugin/include.php HTTP/1.1" 404 11897 "-" "Mozilla/5.0 (Windows NT 10.0; Win64; x64) AppleWebKit/537.36 (KHTML, like Gecko) Chrome/120.0.0.0 Safari/537.36"
20.207.194.44 - - [27/Apr/2026:13:11:07 +0000] "GET /wp-includes/assets/ty.php HTTP/1.1" 404 11897 "-" "Mozilla/5.0 (Windows NT 10.0; Win64; x64) AppleWebKit/537.36 (KHTML, like Gecko) Chrome/120.0.0.0 Safari/537.36"
20.207.194.44 - - [27/Apr/2026:13:11:09 +0000] "GET /file61.php HTTP/1.1" 404 11897 "-" "Mozilla/5.0 (Windows NT 10.0; Win64; x64) AppleWebKit/537.36 (KHTML, like Gecko) Chrome/120.0.0.0 Safari/537.36"
20.207.194.44 - - [27/Apr/2026:13:11:10 +0000] "GET /p.php HTTP/1.1" 404 11897 "-" "Mozilla/5.0 (Windows NT 10.0; Win64; x64) AppleWebKit/537.36 (KHTML, like Gecko) Chrome/120.0.0.0 Safari/537.36"
20.207.194.44 - - [27/Apr/2026:13:11:11 +0000] "GET /ms-edit.php HTTP/1.1" 404 11897 "-" "Mozilla/5.0 (Windows NT 10.0; Win64; x64) AppleWebKit/537.36 (KHTML, like Gecko) Chrome/120.0.0.0 Safari/537.36"
20.207.194.44 - - [27/Apr/2026:13:11:13 +0000] "GET /alfanew.PHP7 HTTP/1.1" 404 11897 "-" "Mozilla/5.0 (Windows NT 10.0; Win64; x64) AppleWebKit/537.36 (KHTML, like Gecko) Chrome/120.0.0.0 Safari/537.36"
20.207.194.44 - - [27/Apr/2026:13:11:14 +0000] "GET /cgi-bin HTTP/1.1" 301 249 "-" "Mozilla/5.0 (Windows NT 10.0; Win64; x64) AppleWebKit/537.36 (KHTML, like Gecko) Chrome/120.0.0.0 Safari/537.36"
20.207.194.44 - - [27/Apr/2026:13:11:14 +0000] "GET /dx.php HTTP/1.1" 404 11897 "-" "Mozilla/5.0 (Windows NT 10.0; Win64; x64) AppleWebKit/537.36 (KHTML, like Gecko) Chrome/120.0.0.0 Safari/537.36"
20.207.194.44 - - [27/Apr/2026:13:11:15 +0000] "GET /wp-admin/maint/index.php HTTP/1.1" 301 - "-" "Mozilla/5.0 (Windows NT 10.0; Win64; x64) AppleWebKit/537.36 (KHTML, like Gecko) Chrome/120.0.0.0 Safari/537.36"
20.207.194.44 - - [27/Apr/2026:13:11:16 +0000] "GET /.well-known/pki-validation HTTP/1.1" 301 268 "-" "Mozilla/5.0 (Windows NT 10.0; Win64; x64) AppleWebKit/537.36 (KHTML, like Gecko) Chrome/120.0.0.0 Safari/537.36"
20.207.194.44 - - [27/Apr/2026:13:11:17 +0000] "GET /doc.php HTTP/1.1" 404 11897 "-" "Mozilla/5.0 (Windows NT 10.0; Win64; x64) AppleWebKit/537.36 (KHTML, like Gecko) Chrome/120.0.0.0 Safari/537.36"
20.207.194.44 - - [27/Apr/2026:13:11:18 +0000] "GET /tool.php HTTP/1.1" 404 11897 "-" "Mozilla/5.0 (Windows NT 10.0; Win64; x64) AppleWebKit/537.36 (KHTML, like Gecko) Chrome/120.0.0.0 Safari/537.36"
20.207.194.44 - - [27/Apr/2026:13:11:19 +0000] "GET /xx.php HTTP/1.1" 404 11897 "-" "Mozilla/5.0 (Windows NT 10.0; Win64; x64) AppleWebKit/537.36 (KHTML, like Gecko) Chrome/120.0.0.0 Safari/537.36"
20.207.194.44 - - [27/Apr/2026:13:11:21 +0000] "GET /xxx.php HTTP/1.1" 404 11897 "-" "Mozilla/5.0 (Windows NT 10.0; Win64; x64) AppleWebKit/537.36 (KHTML, like Gecko) Chrome/120.0.0.0 Safari/537.36"
20.207.194.44 - - [27/Apr/2026:13:11:22 +0000] "GET /100.php HTTP/1.1" 404 11897 "-" "Mozilla/5.0 (Windows NT 10.0; Win64; x64) AppleWebKit/537.36 (KHTML, like Gecko) Chrome/120.0.0.0 Safari/537.36"
20.207.194.44 - - [27/Apr/2026:13:11:23 +0000] "GET /wp-admin/network/about.php HTTP/1.1" 302 - "-" "Mozilla/5.0 (Windows NT 10.0; Win64; x64) AppleWebKit/537.36 (KHTML, like Gecko) Chrome/120.0.0.0 Safari/537.36"
20.207.194.44 - - [27/Apr/2026:13:11:25 +0000] "GET /wp-blog.php HTTP/1.1" 404 11897 "-" "Mozilla/5.0 (Windows NT 10.0; Win64; x64) AppleWebKit/537.36 (KHTML, like Gecko) Chrome/120.0.0.0 Safari/537.36"
20.207.194.44 - - [27/Apr/2026:13:11:26 +0000] "GET /wp-content/themes/index.php HTTP/1.1" 200 - "-" "Mozilla/5.0 (Windows NT 10.0; Win64; x64) AppleWebKit/537.36 (KHTML, like Gecko) Chrome/120.0.0.0 Safari/537.36"
20.207.194.44 - - [27/Apr/2026:13:11:26 +0000] "GET /wp-includes/images HTTP/1.1" 301 260 "-" "Mozilla/5.0 (Windows NT 10.0; Win64; x64) AppleWebKit/537.36 (KHTML, like Gecko) Chrome/120.0.0.0 Safari/537.36"
20.207.194.44 - - [27/Apr/2026:13:11:26 +0000] "GET /data.php HTTP/1.1" 404 11897 "-" "Mozilla/5.0 (Windows NT 10.0; Win64; x64) AppleWebKit/537.36 (KHTML, like Gecko) Chrome/120.0.0.0 Safari/537.36"
20.207.194.44 - - [27/Apr/2026:13:11:28 +0000] "GET /ioxi-o.php HTTP/1.1" 404 11897 "-" "Mozilla/5.0 (Windows NT 10.0; Win64; x64) AppleWebKit/537.36 (KHTML, like Gecko) Chrome/120.0.0.0 Safari/537.36"
20.207.194.44 - - [27/Apr/2026:13:11:29 +0000] "GET /as.php HTTP/1.1" 404 11897 "-" "Mozilla/5.0 (Windows NT 10.0; Win64; x64) AppleWebKit/537.36 (KHTML, like Gecko) Chrome/120.0.0.0 Safari/537.36"
20.207.194.44 - - [27/Apr/2026:13:11:30 +0000] "GET /term.php HTTP/1.1" 404 11897 "-" "Mozilla/5.0 (Windows NT 10.0; Win64; x64) AppleWebKit/537.36 (KHTML, like Gecko) Chrome/120.0.0.0 Safari/537.36"
20.207.194.44 - - [27/Apr/2026:13:11:32 +0000] "GET /vx.php HTTP/1.1" 404 11897 "-" "Mozilla/5.0 (Windows NT 10.0; Win64; x64) AppleWebKit/537.36 (KHTML, like Gecko) Chrome/120.0.0.0 Safari/537.36"
20.207.194.44 - - [27/Apr/2026:13:11:33 +0000] "GET /wp-includes/PHPMailer HTTP/1.1" 301 263 "-" "Mozilla/5.0 (Windows NT 10.0; Win64; x64) AppleWebKit/537.36 (KHTML, like Gecko) Chrome/120.0.0.0 Safari/537.36"
20.207.194.44 - - [27/Apr/2026:13:11:33 +0000] "GET /a7.php HTTP/1.1" 404 11897 "-" "Mozilla/5.0 (Windows NT 10.0; Win64; x64) AppleWebKit/537.36 (KHTML, like Gecko) Chrome/120.0.0.0 Safari/537.36"
20.207.194.44 - - [27/Apr/2026:13:11:35 +0000] "GET /wp-admin/css/colors/ectoplasm HTTP/1.1" 301 271 "-" "Mozilla/5.0 (Windows NT 10.0; Win64; x64) AppleWebKit/537.36 (KHTML, like Gecko) Chrome/120.0.0.0 Safari/537.36"
20.207.194.44 - - [27/Apr/2026:13:11:35 +0000] "GET /wp-content/themes/seotheme/mar.php HTTP/1.1" 404 11897 "-" "Mozilla/5.0 (Windows NT 10.0; Win64; x64) AppleWebKit/537.36 (KHTML, like Gecko) Chrome/120.0.0.0 Safari/537.36"
20.207.194.44 - - [27/Apr/2026:13:11:36 +0000] "GET /222.php HTTP/1.1" 404 11897 "-" "Mozilla/5.0 (Windows NT 10.0; Win64; x64) AppleWebKit/537.36 (KHTML, like Gecko) Chrome/120.0.0.0 Safari/537.36"
20.207.194.44 - - [27/Apr/2026:13:11:37 +0000] "GET /7logs.php HTTP/1.1" 404 11897 "-" "Mozilla/5.0 (Windows NT 10.0; Win64; x64) AppleWebKit/537.36 (KHTML, like Gecko) Chrome/120.0.0.0 Safari/537.36"
20.207.194.44 - - [27/Apr/2026:13:11:39 +0000] "GET /a.php HTTP/1.1" 404 11897 "-" "Mozilla/5.0 (Windows NT 10.0; Win64; x64) AppleWebKit/537.36 (KHTML, like Gecko) Chrome/120.0.0.0 Safari/537.36"
184.94.212.206 - - [27/Apr/2026:13:11:41 +0000] "POST /wp-cron.php?doing_wp_cron=1777295501.6287240982055664062500 HTTP/1.1" 200 - "-" "WordPress/6.9.4; https://the-muscle-building.info"
20.207.194.44 - - [27/Apr/2026:13:11:40 +0000] "GET /abc.php HTTP/1.1" 404 11897 "-" "Mozilla/5.0 (Windows NT 10.0; Win64; x64) AppleWebKit/537.36 (KHTML, like Gecko) Chrome/120.0.0.0 Safari/537.36"
20.207.194.44 - - [27/Apr/2026:13:11:41 +0000] "GET /fone1.php HTTP/1.1" 404 11897 "-" "Mozilla/5.0 (Windows NT 10.0; Win64; x64) AppleWebKit/537.36 (KHTML, like Gecko) Chrome/120.0.0.0 Safari/537.36"
20.207.194.44 - - [27/Apr/2026:13:11:43 +0000] "GET /lib.php HTTP/1.1" 404 11897 "-" "Mozilla/5.0 (Windows NT 10.0; Win64; x64) AppleWebKit/537.36 (KHTML, like Gecko) Chrome/120.0.0.0 Safari/537.36"
20.207.194.44 - - [27/Apr/2026:13:11:44 +0000] "GET /sadcut1.php HTTP/1.1" 404 11897 "-" "Mozilla/5.0 (Windows NT 10.0; Win64; x64) AppleWebKit/537.36 (KHTML, like Gecko) Chrome/120.0.0.0 Safari/537.36"
20.207.194.44 - - [27/Apr/2026:13:11:45 +0000] "GET /wp-includes/interactivity-api/index.php HTTP/1.1" 301 - "-" "Mozilla/5.0 (Windows NT 10.0; Win64; x64) AppleWebKit/537.36 (KHTML, like Gecko) Chrome/120.0.0.0 Safari/537.36"
20.207.194.44 - - [27/Apr/2026:13:11:46 +0000] "GET /xmlrpc.php HTTP/1.1" 404 11897 "-" "Mozilla/5.0 (Windows NT 10.0; Win64; x64) AppleWebKit/537.36 (KHTML, like Gecko) Chrome/120.0.0.0 Safari/537.36"
20.207.194.44 - - [27/Apr/2026:13:11:48 +0000] "GET /aa.php HTTP/1.1" 404 11897 "-" "Mozilla/5.0 (Windows NT 10.0; Win64; x64) AppleWebKit/537.36 (KHTML, like Gecko) Chrome/120.0.0.0 Safari/537.36"
20.207.194.44 - - [27/Apr/2026:13:11:49 +0000] "GET /admin.php/wp-includes/certificates/about.php HTTP/1.1" 404 11897 "-" "Mozilla/5.0 (Windows NT 10.0; Win64; x64) AppleWebKit/537.36 (KHTML, like Gecko) Chrome/120.0.0.0 Safari/537.36"
20.207.194.44 - - [27/Apr/2026:13:11:50 +0000] "GET /amax.php HTTP/1.1" 404 11897 "-" "Mozilla/5.0 (Windows NT 10.0; Win64; x64) AppleWebKit/537.36 (KHTML, like Gecko) Chrome/120.0.0.0 Safari/537.36"
20.207.194.44 - - [27/Apr/2026:13:11:52 +0000] "GET /av.php HTTP/1.1" 404 11897 "-" "Mozilla/5.0 (Windows NT 10.0; Win64; x64) AppleWebKit/537.36 (KHTML, like Gecko) Chrome/120.0.0.0 Safari/537.36"
20.207.194.44 - - [27/Apr/2026:13:11:53 +0000] "GET /function/function.php HTTP/1.1" 404 11897 "-" "Mozilla/5.0 (Windows NT 10.0; Win64; x64) AppleWebKit/537.36 (KHTML, like Gecko) Chrome/120.0.0.0 Safari/537.36"
20.207.194.44 - - [27/Apr/2026:13:11:54 +0000] "GET /modules/mod_footer/tmpl/index.php HTTP/1.1" 301 - "-" "Mozilla/5.0 (Windows NT 10.0; Win64; x64) AppleWebKit/537.36 (KHTML, like Gecko) Chrome/120.0.0.0 Safari/537.36"
20.207.194.44 - - [27/Apr/2026:13:11:55 +0000] "GET /wp-admin/js/index.php HTTP/1.1" 301 - "-" "Mozilla/5.0 (Windows NT 10.0; Win64; x64) AppleWebKit/537.36 (KHTML, like Gecko) Chrome/120.0.0.0 Safari/537.36"
20.207.194.44 - - [27/Apr/2026:13:11:56 +0000] "GET /wp-content/plugins/WordPressCore/include.php HTTP/1.1" 404 11897 "-" "Mozilla/5.0 (Windows NT 10.0; Win64; x64) AppleWebKit/537.36 (KHTML, like Gecko) Chrome/120.0.0.0 Safari/537.36"
20.207.194.44 - - [27/Apr/2026:13:11:58 +0000] "GET /wp-content/plugins/index.php HTTP/1.1" 200 - "-" "Mozilla/5.0 (Windows NT 10.0; Win64; x64) AppleWebKit/537.36 (KHTML, like Gecko) Chrome/120.0.0.0 Safari/537.36"
20.207.194.44 - - [27/Apr/2026:13:11:58 +0000] "GET /wp-content/upgrade/index.php HTTP/1.1" 301 - "-" "Mozilla/5.0 (Windows NT 10.0; Win64; x64) AppleWebKit/537.36 (KHTML, like Gecko) Chrome/120.0.0.0 Safari/537.36"
20.207.194.44 - - [27/Apr/2026:13:11:59 +0000] "GET /ahax.php HTTP/1.1" 404 11897 "-" "Mozilla/5.0 (Windows NT 10.0; Win64; x64) AppleWebKit/537.36 (KHTML, like Gecko) Chrome/120.0.0.0 Safari/537.36"
20.207.194.44 - - [27/Apr/2026:13:12:00 +0000] "GET /alfa.php HTTP/1.1" 404 11897 "-" "Mozilla/5.0 (Windows NT 10.0; Win64; x64) AppleWebKit/537.36 (KHTML, like Gecko) Chrome/120.0.0.0 Safari/537.36"
20.207.194.44 - - [27/Apr/2026:13:12:02 +0000] "GET /bolt.php HTTP/1.1" 404 11897 "-" "Mozilla/5.0 (Windows NT 10.0; Win64; x64) AppleWebKit/537.36 (KHTML, like Gecko) Chrome/120.0.0.0 Safari/537.36"
20.207.194.44 - - [27/Apr/2026:13:12:03 +0000] "GET /wp-content/themes/about.php HTTP/1.1" 404 11897 "-" "Mozilla/5.0 (Windows NT 10.0; Win64; x64) AppleWebKit/537.36 (KHTML, like Gecko) Chrome/120.0.0.0 Safari/537.36"
20.207.194.44 - - [27/Apr/2026:13:12:04 +0000] "GET /wp-includes/Text/index.php HTTP/1.1" 301 - "-" "Mozilla/5.0 (Windows NT 10.0; Win64; x64) AppleWebKit/537.36 (KHTML, like Gecko) Chrome/120.0.0.0 Safari/537.36"
20.207.194.44 - - [27/Apr/2026:13:12:06 +0000] "GET /wp-signin.php HTTP/1.1" 404 11897 "-" "Mozilla/5.0 (Windows NT 10.0; Win64; x64) AppleWebKit/537.36 (KHTML, like Gecko) Chrome/120.0.0.0 Safari/537.36"
20.207.194.44 - - [27/Apr/2026:13:12:07 +0000] "GET /x.php HTTP/1.1" 404 11897 "-" "Mozilla/5.0 (Windows NT 10.0; Win64; x64) AppleWebKit/537.36 (KHTML, like Gecko) Chrome/120.0.0.0 Safari/537.36"
20.207.194.44 - - [27/Apr/2026:13:12:08 +0000] "GET /about/function.php HTTP/1.1" 404 11897 "-" "Mozilla/5.0 (Windows NT 10.0; Win64; x64) AppleWebKit/537.36 (KHTML, like Gecko) Chrome/120.0.0.0 Safari/537.36"
20.207.194.44 - - [27/Apr/2026:13:12:09 +0000] "GET /bless.php HTTP/1.1" 404 11897 "-" "Mozilla/5.0 (Windows NT 10.0; Win64; x64) AppleWebKit/537.36 (KHTML, like Gecko) Chrome/120.0.0.0 Safari/537.36"
20.207.194.44 - - [27/Apr/2026:13:12:11 +0000] "GET /content.php HTTP/1.1" 404 11897 "-" "Mozilla/5.0 (Windows NT 10.0; Win64; x64) AppleWebKit/537.36 (KHTML, like Gecko) Chrome/120.0.0.0 Safari/537.36"
20.207.194.44 - - [27/Apr/2026:13:12:12 +0000] "GET /radio.php HTTP/1.1" 404 11897 "-" "Mozilla/5.0 (Windows NT 10.0; Win64; x64) AppleWebKit/537.36 (KHTML, like Gecko) Chrome/120.0.0.0 Safari/537.36"
20.207.194.44 - - [27/Apr/2026:13:12:13 +0000] "GET /wp-content/about.php HTTP/1.1" 404 11897 "-" "Mozilla/5.0 (Windows NT 10.0; Win64; x64) AppleWebKit/537.36 (KHTML, like Gecko) Chrome/120.0.0.0 Safari/537.36"
20.207.194.44 - - [27/Apr/2026:13:12:15 +0000] "GET /wp-content/uploads/admin.php HTTP/1.1" 404 11897 "-" "Mozilla/5.0 (Windows NT 10.0; Win64; x64) AppleWebKit/537.36 (KHTML, like Gecko) Chrome/120.0.0.0 Safari/537.36"
20.207.194.44 - - [27/Apr/2026:13:12:16 +0000] "GET /wp-includes/pomo HTTP/1.1" 301 258 "-" "Mozilla/5.0 (Windows NT 10.0; Win64; x64) AppleWebKit/537.36 (KHTML, like Gecko) Chrome/120.0.0.0 Safari/537.36"
20.207.194.44 - - [27/Apr/2026:13:12:17 +0000] "GET /.dj/index.php HTTP/1.1" 301 - "-" "Mozilla/5.0 (Windows NT 10.0; Win64; x64) AppleWebKit/537.36 (KHTML, like Gecko) Chrome/120.0.0.0 Safari/537.36"
104.244.79.40 - - [27/Apr/2026:13:12:18 +0000] "GET /wp-login.php HTTP/1.1" 200 1918 "-" "Mozilla/5.0 (Windows NT 6.2; ARM; Trident/7.0; Touch; rv:11.0; WPDesktop; NOKIA; Lumia 635) like Gecko"
20.207.194.44 - - [27/Apr/2026:13:12:18 +0000] "GET /aaa.php HTTP/1.1" 404 11897 "-" "Mozilla/5.0 (Windows NT 10.0; Win64; x64) AppleWebKit/537.36 (KHTML, like Gecko) Chrome/120.0.0.0 Safari/537.36"
104.244.79.40 - - [27/Apr/2026:13:12:19 +0000] "POST /wp-login.php HTTP/1.1" 200 2018 "https://the-muscle-building.info/wp-login.php" "Mozilla/5.0 (Windows NT 6.2; ARM; Trident/7.0; Touch; rv:11.0; WPDesktop; NOKIA; Lumia 635) like Gecko"
20.207.194.44 - - [27/Apr/2026:13:12:19 +0000] "GET /abcd.php HTTP/1.1" 404 11897 "-" "Mozilla/5.0 (Windows NT 10.0; Win64; x64) AppleWebKit/537.36 (KHTML, like Gecko) Chrome/120.0.0.0 Safari/537.36"
20.207.194.44 - - [27/Apr/2026:13:12:20 +0000] "GET /admin/function.php HTTP/1.1" 404 11897 "-" "Mozilla/5.0 (Windows NT 10.0; Win64; x64) AppleWebKit/537.36 (KHTML, like Gecko) Chrome/120.0.0.0 Safari/537.36"
184.94.212.206 - - [27/Apr/2026:13:14:04 +0000] "POST /wp-cron.php?doing_wp_cron=1777295644.6522850990295410156250 HTTP/1.1" 200 - "-" "WordPress/6.9.4; https://the-muscle-building.info"
155.212.135.191 - - [27/Apr/2026:13:14:02 +0000] "GET /wp-login.php HTTP/1.1" 200 1918 "-" "Mozilla/5.0 (Windows NT 10.0) AppleWebKit/537.36 (KHTML, like Gecko) Chrome/66.0.3359.181 Safari/537.36"
155.212.135.191 - - [27/Apr/2026:13:14:04 +0000] "POST /wp-login.php HTTP/1.1" 200 2018 "https://the-muscle-building.info/wp-login.php" "Mozilla/5.0 (Windows NT 10.0) AppleWebKit/537.36 (KHTML, like Gecko) Chrome/66.0.3359.181 Safari/537.36"
184.94.212.206 - - [27/Apr/2026:13:16:41 +0000] "POST /wp-cron.php?doing_wp_cron=1777295801.1231949329376220703125 HTTP/1.1" 200 - "-" "WordPress/6.9.4; https://the-muscle-building.info"
155.212.135.191 - - [27/Apr/2026:13:16:39 +0000] "GET /wp-login.php HTTP/1.1" 200 1918 "-" "Mozilla/5.0 (X11; Linux x86_64; rv:60.0) Gecko/20100101 Firefox/60.0"
155.212.135.191 - - [27/Apr/2026:13:16:41 +0000] "POST /wp-login.php HTTP/1.1" 200 2018 "https://the-muscle-building.info/wp-login.php" "Mozilla/5.0 (X11; Linux x86_64; rv:60.0) Gecko/20100101 Firefox/60.0"
184.94.212.206 - - [27/Apr/2026:13:18:47 +0000] "POST /wp-cron.php?doing_wp_cron=1777295927.3226931095123291015625 HTTP/1.1" 200 - "-" "WordPress/6.9.4; https://the-muscle-building.info"
92.53.96.141 - - [27/Apr/2026:13:18:45 +0000] "GET /wp-login.php HTTP/1.1" 200 1918 "-" "Mozilla/5.0 (Windows NT 10.0; WOW64; Trident/7.0; Touch; TBTE; rv:11.0) like Gecko"
92.53.96.141 - - [27/Apr/2026:13:18:47 +0000] "POST /wp-login.php HTTP/1.1" 200 2018 "https://the-muscle-building.primemusicproductions.com/wp-login.php" "Mozilla/5.0 (Windows NT 10.0; WOW64; Trident/7.0; Touch; TBTE; rv:11.0) like Gecko"
70.36.101.111 - - [27/Apr/2026:13:18:51 +0000] "GET /wp-login.php HTTP/1.1" 200 1918 "-" "Mozilla/5.0 (Windows NT 10.0; Trident/7.0; rv:11.0) like Gecko"
70.36.101.111 - - [27/Apr/2026:13:18:52 +0000] "POST /wp-login.php HTTP/1.1" 200 2018 "https://the-muscle-building.info/wp-login.php" "Mozilla/5.0 (Windows NT 10.0; Trident/7.0; rv:11.0) like Gecko"
184.94.212.206 - - [27/Apr/2026:13:21:47 +0000] "POST /wp-cron.php?doing_wp_cron=1777296107.3180789947509765625000 HTTP/1.1" 200 - "-" "WordPress/6.9.4; https://the-muscle-building.info"
103.142.255.219 - - [27/Apr/2026:13:21:45 +0000] "GET /wp-login.php HTTP/1.1" 200 1918 "-" "Mozilla/4.0 (compatible; MSIE 7.0; Windows NT 6.1; WOW64; Trident/7.0; SLCC2; .NET CLR 2.0.50727; .NET CLR 3.5.30729; .NET CLR 3.0.30729; .NET4.0C; .NET4.0E; Media Center PC 6.0)"
103.142.255.219 - - [27/Apr/2026:13:21:47 +0000] "POST /wp-login.php HTTP/1.1" 200 2018 "https://the-muscle-building.info/wp-login.php" "Mozilla/4.0 (compatible; MSIE 7.0; Windows NT 6.1; WOW64; Trident/7.0; SLCC2; .NET CLR 2.0.50727; .NET CLR 3.5.30729; .NET CLR 3.0.30729; .NET4.0C; .NET4.0E; Media Center PC 6.0)"
184.94.212.206 - - [27/Apr/2026:13:26:02 +0000] "POST /wp-cron.php?doing_wp_cron=1777296362.8497259616851806640625 HTTP/1.1" 200 - "-" "WordPress/6.9.4; https://the-muscle-building.info"
52.54.95.127 - - [27/Apr/2026:13:26:00 +0000] "GET /product/fitness-trainer-product-1/ HTTP/1.1" 200 16357 "-" "Mozilla/5.0 AppleWebKit/537.36 (KHTML, like Gecko; compatible; Amazonbot/0.1; +https://developer.amazon.com/support/amazonbot) Chrome/119.0.6045.214 Safari/537.36"
184.94.212.206 - - [27/Apr/2026:13:29:02 +0000] "POST /wp-cron.php?doing_wp_cron=1777296542.8950130939483642578125 HTTP/1.1" 200 - "-" "WordPress/6.9.4; https://the-muscle-building.info"
123.30.233.12 - - [27/Apr/2026:13:29:01 +0000] "GET /wp-login.php HTTP/1.1" 200 1918 "-" "Mozilla/5.0 (Windows NT 6.3; Win64; x64; Trident/7.0; MAARJS; rv:11.0) like Gecko"
123.30.233.12 - - [27/Apr/2026:13:29:03 +0000] "POST /wp-login.php HTTP/1.1" 200 2018 "https://the-muscle-building.info/wp-login.php" "Mozilla/5.0 (Windows NT 6.3; Win64; x64; Trident/7.0; MAARJS; rv:11.0) like Gecko"
184.94.212.206 - - [27/Apr/2026:13:30:23 +0000] "POST /wp-cron.php?doing_wp_cron=1777296623.0110840797424316406250 HTTP/1.1" 200 - "-" "WordPress/6.9.4; https://the-muscle-building.info"
45.129.231.10 - - [27/Apr/2026:13:30:21 +0000] "POST /wp-admin/admin-ajax.php HTTP/1.1" 400 21 "-" "Mozilla/5.0 (Windows NT 10.0; Win64; x64; rv:140.0) Gecko/20100101 Firefox/140.0 Thunderbird/140.0"
184.94.212.206 - - [27/Apr/2026:13:31:42 +0000] "POST /wp-cron.php?doing_wp_cron=1777296702.4257059097290039062500 HTTP/1.1" 200 - "-" "WordPress/6.9.4; https://the-muscle-building.info"
104.248.54.112 - - [27/Apr/2026:13:31:40 +0000] "GET /wp-login.php HTTP/1.1" 200 1918 "-" "Mozilla/5.0 (Windows NT 6.3; WOW64; Trident/7.0; Touch; MASEJS; rv:11.0) like Gecko"
104.248.54.112 - - [27/Apr/2026:13:31:42 +0000] "POST /wp-login.php HTTP/1.1" 200 2018 "https://the-muscle-building.info/wp-login.php" "Mozilla/5.0 (Windows NT 6.3; WOW64; Trident/7.0; Touch; MASEJS; rv:11.0) like Gecko"
184.94.212.206 - - [27/Apr/2026:13:33:48 +0000] "POST /wp-cron.php?doing_wp_cron=1777296828.9643919467926025390625 HTTP/1.1" 200 - "-" "WordPress/6.9.4; https://the-muscle-building.info"
203.83.40.45 - - [27/Apr/2026:13:33:47 +0000] "GET /9cafb-fitness-trainer-checkout/ HTTP/1.1" 302 - "-" "Mozilla/5.0 (Macintosh; Intel Mac OS X 10_15_7) AppleWebKit/537.36 (KHTML, like Gecko) Chrome/124.0.0.0 Safari/537.36"
203.83.40.45 - - [27/Apr/2026:13:33:49 +0000] "GET /9cafb-fitness-trainer-cart/ HTTP/1.1" 200 35688 "-" "Mozilla/5.0 (Macintosh; Intel Mac OS X 10_15_7) AppleWebKit/537.36 (KHTML, like Gecko) Chrome/124.0.0.0 Safari/537.36"
139.180.131.18 - - [27/Apr/2026:13:34:12 +0000] "GET /wp-login.php HTTP/1.1" 200 1918 "-" "Mozilla/5.0 (Macintosh; Intel Mac OS X 10_12) AppleWebKit/602.1.40 (KHTML, like Gecko) Version/10.0 Safari/602.1.40"
139.180.131.18 - - [27/Apr/2026:13:34:13 +0000] "POST /wp-login.php HTTP/1.1" 200 2018 "https://the-muscle-building.primemusicproductions.com/wp-login.php" "Mozilla/5.0 (Macintosh; Intel Mac OS X 10_12) AppleWebKit/602.1.40 (KHTML, like Gecko) Version/10.0 Safari/602.1.40"
3.110.254.12 - - [27/Apr/2026:13:43:02 +0000] "GET /wp-login.php HTTP/1.1" 200 1918 "-" "Mozilla/5.0 (X11; Linux x86_64) AppleWebKit/537.36 (KHTML, like Gecko) Chrome/67.0.3396.87 Safari/537.36"
3.110.254.12 - - [27/Apr/2026:13:43:03 +0000] "POST /wp-login.php HTTP/1.1" 200 2018 "https://the-muscle-building.primemusicproductions.com/wp-login.php" "Mozilla/5.0 (X11; Linux x86_64) AppleWebKit/537.36 (KHTML, like Gecko) Chrome/67.0.3396.87 Safari/537.36"
103.162.63.226 - - [27/Apr/2026:13:43:10 +0000] "POST /wp-comments-post.php HTTP/1.1" 302 - "-" "Mozilla/5.0 (Windows NT 10.0; Win64; x64) AppleWebKit/537.36 (KHTML, like Gecko) Chrome/120.0.0.0 Safari/537.36"
103.162.63.226 - - [27/Apr/2026:13:43:13 +0000] "POST /wp-comments-post.php HTTP/1.1" 429 1107 "-" "Mozilla/5.0 (Windows NT 10.0; Win64; x64) AppleWebKit/537.36 (KHTML, like Gecko) Chrome/120.0.0.0 Safari/537.36"
216.73.216.119 - - [27/Apr/2026:13:43:13 +0000] "GET /wp-sitemap.xml HTTP/1.1" 200 246 "-" "Mozilla/5.0 AppleWebKit/537.36 (KHTML, like Gecko; compatible; ClaudeBot/1.0; +claudebot@anthropic.com)"
184.94.212.206 - - [27/Apr/2026:13:45:31 +0000] "POST /wp-cron.php?doing_wp_cron=1777297531.4919691085815429687500 HTTP/1.1" 200 - "-" "WordPress/6.9.4; https://the-muscle-building.info"
104.198.68.113 - - [27/Apr/2026:13:45:29 +0000] "GET / HTTP/1.1" 200 14619 "-" "Go-http-client/1.1"
184.94.212.206 - - [27/Apr/2026:13:49:03 +0000] "POST /wp-cron.php?doing_wp_cron=1777297743.0777471065521240234375 HTTP/1.1" 200 - "-" "WordPress/6.9.4; https://the-muscle-building.info"
202.76.168.247 - - [27/Apr/2026:13:49:01 +0000] "GET /9cafb-fitness-trainer-shop/ HTTP/1.1" 200 12847 "-" "Mozilla/5.0 (Macintosh; Intel Mac OS X 12.6; rv:131.0) Gecko/20100101 Firefox/131.0"
184.94.212.206 - - [27/Apr/2026:13:54:41 +0000] "POST /wp-cron.php?doing_wp_cron=1777298081.9478080272674560546875 HTTP/1.1" 200 - "-" "WordPress/6.9.4; https://the-muscle-building.info"
178.156.226.52 - - [27/Apr/2026:13:54:40 +0000] "HEAD / HTTP/1.1" 200 - "-" "Mozilla/5.0 (Macintosh; Intel Mac OS X 10_15_7) AppleWebKit/605.1.15 (KHTML, like Gecko) Version/18.0 Safari/605.1.15"
178.156.226.52 - - [27/Apr/2026:13:54:47 +0000] "GET / HTTP/1.1" 206 14619 "-" "Mozilla/5.0 (Macintosh; Intel Mac OS X 10_15_7) AppleWebKit/605.1.15 (KHTML, like Gecko) Version/18.0 Safari/605.1.15"
