184.94.212.206 - - [27/Apr/2026:16:10:23 +0000] "POST /wp-cron.php?doing_wp_cron=1777306222.9965860843658447265625 HTTP/1.1" 200 - "-" "WordPress/6.9.4; https://the-muscle-building.info"
45.129.231.10 - - [27/Apr/2026:16:10:21 +0000] "POST /wp-admin/admin-ajax.php?+config-create+/&/<?=base64_decode($_GET[0])?>+/tmp/3Cq0fItMaosOI2qugcvInGYZkwn.php HTTP/1.1" 400 21 "-" "Mozilla/5.0 (Macintosh, Intel Mac OS X 10_15_7) AppleWebKit/605.1.15 (KHTML, like Gecko) Version/17.6 Safari/605.1.15"
184.94.212.206 - - [27/Apr/2026:16:10:45 +0000] "POST /wp-cron.php?doing_wp_cron=1777306245.0246100425720214843750 HTTP/1.1" 200 - "-" "WordPress/6.9.4; https://the-muscle-building.info"
45.129.231.10 - - [27/Apr/2026:16:10:44 +0000] "POST /wp-admin/admin-ajax.php?0=M0NxMGZPTXFZNWl4Z2dqeTRQNkNhcWhGUkl3 HTTP/1.1" 400 21 "-" "Mozilla/5.0 (Knoppix; Linux x86_64) AppleWebKit/537.36 (KHTML, like Gecko) Chrome/133.0.0.0 Safari/537.36"
45.129.231.10 - - [27/Apr/2026:16:11:07 +0000] "POST / HTTP/1.1" 200 14619 "-" "Mozilla/5.0 (Windows NT 10.0; Win64; x64; rv:87.0) Gecko/20100101 Firefox/87.0"
45.129.231.10 - - [27/Apr/2026:16:11:30 +0000] "POST /wp-admin/index.php HTTP/1.1" 302 - "-" "Mozilla/5.0 (X11; Linux i686; rv:1.9.7.20) Gecko/ Firefox/3.6.13"
45.129.231.10 - - [27/Apr/2026:16:11:31 +0000] "GET /wp-login.php?redirect_to=https%3A%2F%2Fthe-muscle-building.info%2Fwp-admin%2Findex.php&reauth=1 HTTP/1.1" 200 1922 "https://the-muscle-building.info/wp-admin/index.php" "Mozilla/5.0 (X11; Linux i686; rv:1.9.7.20) Gecko/ Firefox/3.6.13"
184.94.212.206 - - [27/Apr/2026:16:14:45 +0000] "POST /wp-cron.php?doing_wp_cron=1777306485.5158820152282714843750 HTTP/1.1" 200 - "-" "WordPress/6.9.4; https://the-muscle-building.info"
3.110.254.12 - - [27/Apr/2026:16:14:44 +0000] "GET /wp-login.php HTTP/1.1" 200 1918 "-" "Mozilla/5.0 (Windows NT 6.1; WOW64; Trident/7.0; NP06; rv:11.0) like Gecko"
184.94.212.206 - - [27/Apr/2026:16:18:22 +0000] "POST /wp-cron.php?doing_wp_cron=1777306702.7662420272827148437500 HTTP/1.1" 200 - "-" "WordPress/6.9.4; https://the-muscle-building.info"
202.36.122.193 - - [27/Apr/2026:16:18:21 +0000] "GET /9cafb-fitness-trainer-checkout/ HTTP/1.1" 302 - "-" "Mozilla/5.0 (Windows NT 10.0; Win64; x64) AppleWebKit/537.36 (KHTML, like Gecko) Chrome/110.0.0.0 Safari/537.36"
202.36.122.193 - - [27/Apr/2026:16:18:23 +0000] "GET /9cafb-fitness-trainer-cart/ HTTP/1.1" 200 35688 "-" "Mozilla/5.0 (Windows NT 10.0; Win64; x64) AppleWebKit/537.36 (KHTML, like Gecko) Chrome/110.0.0.0 Safari/537.36"
45.129.231.10 - - [27/Apr/2026:16:30:37 +0000] "POST /reset-password/?user_id=1&hash_check=%25C0 HTTP/1.1" 404 11897 "-" "Mozilla/5.0 (Fedora; Linux x86_64) AppleWebKit/537.36 (KHTML, like Gecko) Chrome/141.0.0.0 Safari/537.36"
184.94.212.206 - - [27/Apr/2026:16:30:43 +0000] "POST /wp-cron.php?doing_wp_cron=1777307443.6752181053161621093750 HTTP/1.1" 200 - "-" "WordPress/6.9.4; https://the-muscle-building.info"
45.129.231.10 - - [27/Apr/2026:16:30:37 +0000] "POST /account/?user_id=1&hash_check=%25C0 HTTP/1.1" 404 11897 "-" "Mozilla/5.0 (Macintosh; Intel Mac OS X 10.14; rv:109.0) Gecko/20100101 Firefox/115.0"
45.129.231.10 - - [27/Apr/2026:16:30:37 +0000] "POST /my-account/?user_id=1&hash_check=%25C0 HTTP/1.1" 404 11897 "-" "Mozilla/5.0 (Windows NT 10.0; Win64; x64) AppleWebKit/537.36 (KHTML, like Gecko) Chrome/52.0.2743.116 Safari/537.36 Edge/15.15063"
45.129.231.10 - - [27/Apr/2026:16:30:37 +0000] "POST /auth/?user_id=1&hash_check=%25C0 HTTP/1.1" 404 11897 "-" "Mozilla/5.0 (X11; Linux i686; rv:1.9.6.20) Gecko/ Firefox/10.0"
45.129.231.10 - - [27/Apr/2026:16:30:37 +0000] "POST /user/signin/?user_id=1&hash_check=%25C0 HTTP/1.1" 404 11897 "-" "Mozilla/5.0 (Windows NT 10.0; Win64; x64; rv:138.0) Gecko/20100101 Firefox/138.0"
45.129.231.10 - - [27/Apr/2026:16:30:37 +0000] "POST /register/?user_id=1&hash_check=%25C0 HTTP/1.1" 404 11897 "-" "Mozilla/5.0 (Macintosh; Intel Mac OS X 10.15; rv:102.0) Gecko/20100101 Firefox/102.0"
45.129.231.10 - - [27/Apr/2026:16:30:37 +0000] "POST /forgot-password/?user_id=1&hash_check=%25C0 HTTP/1.1" 404 11897 "-" "Mozilla/5.0 (Fedora; Linux x86_64) AppleWebKit/537.36 (KHTML, like Gecko) Chrome/133.0.0.0 Safari/537.36"
45.129.231.10 - - [27/Apr/2026:16:30:37 +0000] "POST /user/login/?user_id=1&hash_check=%25C0 HTTP/1.1" 404 11897 "-" "Mozilla/5.0 (Windows NT 10.0; Win64; x64; rv:107.0) Gecko/20100101 Firefox/107.0"
45.129.231.10 - - [27/Apr/2026:16:30:37 +0000] "POST /sign-in/?user_id=1&hash_check=%25C0 HTTP/1.1" 404 11897 "-" "Mozilla/5.0 (watchTowr; Windows NT 10.0; Win64; x64; rv:84.0) Gecko/20100101 Firefox/84.0"
45.129.231.10 - - [27/Apr/2026:16:30:37 +0000] "GET /designs/?orderby=(SELECT+42+FROM+(SELECT(SLEEP(7)))test) HTTP/1.1" 404 11897 "-" "Mozilla/5.0 (Macintosh; Intel Mac OS X 10_15_6) AppleWebKit/605.1.15 (KHTML, like Gecko) Version/14.0 Safari/605.1.15"
45.129.231.10 - - [27/Apr/2026:16:30:37 +0000] "POST /loginregister/?user_id=1&hash_check=%25C0 HTTP/1.1" 404 11897 "-" "Mozilla/5.0 (Windows NT 6.2; rv:140.0.) Gecko/20100101 Firefox/140.0."
45.129.231.10 - - [27/Apr/2026:16:30:37 +0000] "POST /login-register/?user_id=1&hash_check=%25C0 HTTP/1.1" 404 11897 "-" "Mozilla/5.0 (ZZ; Linux x86_64) AppleWebKit/537.36 (KHTML, like Gecko) Chrome/135.0.0.0 Safari/537.36"
45.129.231.10 - - [27/Apr/2026:16:30:37 +0000] "POST /login/?user_id=1&hash_check=%25C0 HTTP/1.1" 404 11897 "-" "Mozilla/5.0 (X11; Linux x86_64) AppleWebKit/537.36 (KHTML, like Gecko) Chrome/133.0.0.0 Safari/537.36"
45.129.231.10 - - [27/Apr/2026:16:30:37 +0000] "POST /signin/?user_id=1&hash_check=%25C0 HTTP/1.1" 404 11897 "-" "Mozilla/5.0 (Macintosh; Intel Mac OS X 10_15_7) AppleWebKit/605.1.15 (KHTML, like Gecko) Version/17.8.1 Safari/605.1.15"
50.6.195.29 - - [27/Apr/2026:16:31:06 +0000] "GET /wp-login.php HTTP/1.1" 200 1918 "-" "Mozilla/5.0 (Windows NT 6.3; WOW64; Trident/7.0; MAPBJS; rv:11.0) like Gecko"
50.6.195.29 - - [27/Apr/2026:16:31:08 +0000] "POST /wp-login.php HTTP/1.1" 200 2018 "https://the-muscle-building.primemusicproductions.com/wp-login.php" "Mozilla/5.0 (Windows NT 6.3; WOW64; Trident/7.0; MAPBJS; rv:11.0) like Gecko"
184.94.212.206 - - [27/Apr/2026:16:31:44 +0000] "POST /wp-cron.php?doing_wp_cron=1777307504.6054880619049072265625 HTTP/1.1" 200 - "-" "WordPress/6.9.4; https://the-muscle-building.info"
76.74.150.109 - - [27/Apr/2026:16:31:43 +0000] "GET /wp-login.php HTTP/1.1" 200 1918 "-" "Mozilla/5.0 (Windows NT 10.0; Win64; x64) AppleWebKit/537.36 (KHTML, like Gecko) Chrome/63.0.3239.132 Safari/537.36 OPR/50.0.2762.58"
76.74.150.109 - - [27/Apr/2026:16:31:44 +0000] "POST /wp-login.php HTTP/1.1" 200 2018 "https://the-muscle-building.info/wp-login.php" "Mozilla/5.0 (Windows NT 10.0; Win64; x64) AppleWebKit/537.36 (KHTML, like Gecko) Chrome/63.0.3239.132 Safari/537.36 OPR/50.0.2762.58"
184.94.212.206 - - [27/Apr/2026:16:35:48 +0000] "POST /wp-cron.php?doing_wp_cron=1777307748.4933700561523437500000 HTTP/1.1" 200 - "-" "WordPress/6.9.4; https://the-muscle-building.info"
85.203.23.82 - - [27/Apr/2026:16:35:46 +0000] "GET / HTTP/1.1" 200 75708 "-" "Go-http-client/1.1"
85.203.23.54 - - [27/Apr/2026:16:36:17 +0000] "GET /wp-admin/ HTTP/1.1" 302 - "http://the-muscle-building.info/admin/" "Go-http-client/1.1"
85.203.23.54 - - [27/Apr/2026:16:36:18 +0000] "GET /wp-login.php?redirect_to=https%3A%2F%2Fthe-muscle-building.info%2Fwp-admin%2F&reauth=1 HTTP/1.1" 200 1918 "https://the-muscle-building.info/wp-admin/" "Go-http-client/1.1"
65.254.225.237 - - [27/Apr/2026:16:36:24 +0000] "GET /wp-login.php HTTP/1.1" 200 1918 "-" "Mozilla/4.0 (compatible; MSIE 7.0; Windows NT 6.2; WOW64; Trident/7.0; .NET4.0E; .NET4.0C)"
50.6.195.29 - - [27/Apr/2026:16:36:25 +0000] "GET /wp-login.php HTTP/1.1" 200 1918 "-" "Mozilla/5.0 (Windows NT 10.0; Win64; x64) AppleWebKit/537.36 (KHTML, like Gecko) Chrome/65.0.3325.181 Safari/537.36"
65.254.225.237 - - [27/Apr/2026:16:36:25 +0000] "POST /wp-login.php HTTP/1.1" 200 2018 "https://the-muscle-building.primemusicproductions.com/wp-login.php" "Mozilla/4.0 (compatible; MSIE 7.0; Windows NT 6.2; WOW64; Trident/7.0; .NET4.0E; .NET4.0C)"
50.6.195.29 - - [27/Apr/2026:16:36:26 +0000] "POST /wp-login.php HTTP/1.1" 200 2018 "https://the-muscle-building.primemusicproductions.com/wp-login.php" "Mozilla/5.0 (Windows NT 10.0; Win64; x64) AppleWebKit/537.36 (KHTML, like Gecko) Chrome/65.0.3325.181 Safari/537.36"
85.203.23.98 - - [27/Apr/2026:16:36:35 +0000] "GET /wp-admin/ HTTP/1.1" 302 - "http://the-muscle-building.info/wp-admin/" "Go-http-client/1.1"
85.203.23.98 - - [27/Apr/2026:16:36:36 +0000] "GET /wp-login.php?redirect_to=https%3A%2F%2Fthe-muscle-building.info%2Fwp-admin%2F&reauth=1 HTTP/1.1" 200 1918 "https://the-muscle-building.info/wp-admin/" "Go-http-client/1.1"
85.203.23.92 - - [27/Apr/2026:16:38:30 +0000] "GET /wp-admin/network/ HTTP/1.1" 302 - "http://the-muscle-building.info/wp-admin/network/" "Go-http-client/1.1"
85.203.23.92 - - [27/Apr/2026:16:38:31 +0000] "GET /wp-login.php?redirect_to=https%3A%2F%2Fthe-muscle-building.info%2Fwp-admin%2Fnetwork%2F&reauth=1 HTTP/1.1" 200 1924 "https://the-muscle-building.info/wp-admin/network/" "Go-http-client/1.1"
178.156.229.216 - - [27/Apr/2026:16:39:18 +0000] "HEAD / HTTP/1.1" 200 - "-" "Mozilla/5.0 (Macintosh; Intel Mac OS X 10_15_7) AppleWebKit/605.1.15 (KHTML, like Gecko) Version/18.0 Safari/605.1.15"
178.156.229.216 - - [27/Apr/2026:16:39:27 +0000] "GET / HTTP/1.1" 206 14619 "-" "Mozilla/5.0 (Macintosh; Intel Mac OS X 10_15_7) AppleWebKit/605.1.15 (KHTML, like Gecko) Version/18.0 Safari/605.1.15"
57.141.18.69 - - [27/Apr/2026:16:39:42 +0000] "GET /wp-sitemap-posts-product-1.xml HTTP/1.1" 200 599 "-" "meta-externalagent/1.1 (+https://developers.facebook.com/docs/sharing/webmasters/crawler)"
85.203.23.102 - - [27/Apr/2026:16:40:13 +0000] "GET /wp-admin/about.php HTTP/1.1" 302 - "http://the-muscle-building.info/wp-admin/about.php" "Go-http-client/1.1"
85.203.23.102 - - [27/Apr/2026:16:40:14 +0000] "GET /wp-login.php?redirect_to=https%3A%2F%2Fthe-muscle-building.info%2Fwp-admin%2Fabout.php&reauth=1 HTTP/1.1" 200 1924 "https://the-muscle-building.info/wp-admin/about.php" "Go-http-client/1.1"
208.109.188.137 - - [27/Apr/2026:16:41:43 +0000] "GET /wp-login.php HTTP/1.1" 200 1918 "-" "Mozilla/4.0 (compatible; MSIE 7.0; Windows NT 6.1; WOW64; Trident/7.0; SLCC2; .NET CLR 2.0.50727; .NET CLR 3.5.30729; .NET CLR 3.0.30729; .NET4.0C; .NET4.0E; Media Center PC 6.0)"
208.109.188.137 - - [27/Apr/2026:16:41:44 +0000] "POST /wp-login.php HTTP/1.1" 200 2018 "https://the-muscle-building.primemusicproductions.com/wp-login.php" "Mozilla/4.0 (compatible; MSIE 7.0; Windows NT 6.1; WOW64; Trident/7.0; SLCC2; .NET CLR 2.0.50727; .NET CLR 3.5.30729; .NET CLR 3.0.30729; .NET4.0C; .NET4.0E; Media Center PC 6.0)"
85.203.23.92 - - [27/Apr/2026:16:42:30 +0000] "GET /wp-login.php HTTP/1.1" 200 1918 "http://the-muscle-building.info/login.php" "Go-http-client/1.1"
52.167.144.192 - - [27/Apr/2026:16:44:55 +0000] "GET /wp-sitemap-users-1.xml HTTP/1.1" 200 196 "-" "Mozilla/5.0 AppleWebKit/537.36 (KHTML, like Gecko; compatible; bingbot/2.0; +http://www.bing.com/bingbot.htm) Chrome/116.0.1938.76 Safari/537.36"
85.203.23.75 - - [27/Apr/2026:16:46:12 +0000] "GET /wp-admin/admin.php HTTP/1.1" 302 - "http://the-muscle-building.info/wp-admin/admin.php" "Go-http-client/1.1"
85.203.23.75 - - [27/Apr/2026:16:46:13 +0000] "GET /wp-login.php?redirect_to=https%3A%2F%2Fthe-muscle-building.info%2Fwp-admin%2Fadmin.php&reauth=1 HTTP/1.1" 200 1921 "https://the-muscle-building.info/wp-admin/admin.php" "Go-http-client/1.1"
45.129.231.10 - - [27/Apr/2026:16:48:38 +0000] "GET /account/signup/ HTTP/1.1" 404 11897 "-" "Mozilla/5.0 (Windows NT 10.0; Win64; x64) AppleWebKit/537.36 (KHTML, like Gecko) Chrome/94.0.4606.81 Safari/537.36"
184.94.212.206 - - [27/Apr/2026:16:49:20 +0000] "POST /wp-cron.php?doing_wp_cron=1777308560.4016180038452148437500 HTTP/1.1" 200 - "-" "WordPress/6.9.4; https://the-muscle-building.info"
45.129.231.10 - - [27/Apr/2026:16:49:19 +0000] "GET /account/ HTTP/1.1" 404 11897 "-" "Mozilla/5.0 (Windows NT 10.0; Win64; x64) AppleWebKit/537.36 (KHTML, like Gecko) Chrome/88.0.4324.182 Safari/537.36"
184.94.212.206 - - [27/Apr/2026:16:49:41 +0000] "POST /wp-cron.php?doing_wp_cron=1777308581.1217019557952880859375 HTTP/1.1" 200 - "-" "WordPress/6.9.4; https://the-muscle-building.info"
45.129.231.10 - - [27/Apr/2026:16:49:40 +0000] "POST /wp-json/masteriyo/v1/users/me/?_locale=user HTTP/1.1" 404 117 "-" "Mozilla/5.0 (Macintosh; Intel Mac OS X 10_13_1) AppleWebKit/604.3.5 (KHTML, like Gecko) Version/11.0.1 Safari/604.3.5"
123.24.212.154 - - [27/Apr/2026:16:49:48 +0000] "GET /product/fitness-trainer-product-2/ HTTP/1.1" 200 16364 "-" "Mozilla/5.0 (Windows NT 10.0; Win64; x64) AppleWebKit/537.36 (KHTML, like Gecko) Chrome/90.0.4430.85 Safari/537.36"
204.168.135.178 - - [27/Apr/2026:16:51:24 +0000] "GET /wp-login.php HTTP/1.1" 200 1918 "-" "Mozilla/4.0 (compatible; MSIE 7.0; Windows NT 6.1; Win64; x64; Trident/7.0; .NET CLR 2.0.50727; SLCC2; .NET CLR 3.5.30729; .NET CLR 3.0.30729; Media Center PC 6.0; .NET4.0C; .NET4.0E; InfoPath.3)"
204.168.135.178 - - [27/Apr/2026:16:51:25 +0000] "POST /wp-login.php HTTP/1.1" 200 2018 "https://the-muscle-building.info/wp-login.php" "Mozilla/4.0 (compatible; MSIE 7.0; Windows NT 6.1; Win64; x64; Trident/7.0; .NET CLR 2.0.50727; SLCC2; .NET CLR 3.5.30729; .NET CLR 3.0.30729; Media Center PC 6.0; .NET4.0C; .NET4.0E; InfoPath.3)"
14.248.62.172 - - [27/Apr/2026:16:52:46 +0000] "GET /9cafb-about/ HTTP/1.1" 200 14087 "-" "Mozilla/5.0 (Macintosh; Intel Mac OS X 10_15_6) AppleWebKit/537.36 (KHTML, like Gecko) Chrome/87.0.4280.88 Safari/537.36"
167.71.226.156 - - [27/Apr/2026:16:53:01 +0000] "GET /wp-login.php HTTP/1.1" 200 1918 "-" "Mozilla/5.0 (Windows NT 6.1) AppleWebKit/537.36 (KHTML, like Gecko) Chrome/65.0.3325.181 Safari/537.36"
167.71.226.156 - - [27/Apr/2026:16:53:03 +0000] "POST /wp-login.php HTTP/1.1" 200 2018 "https://the-muscle-building.info/wp-login.php" "Mozilla/5.0 (Windows NT 6.1) AppleWebKit/537.36 (KHTML, like Gecko) Chrome/65.0.3325.181 Safari/537.36"
45.129.231.10 - - [27/Apr/2026:16:54:37 +0000] "POST /wp-admin/admin-ajax.php HTTP/1.1" 400 21 "-" "Mozilla/5.0 (Macintosh; Intel Mac OS X 10_14_6) AppleWebKit/605.1.15 (KHTML, like Gecko) Version/13.0.3 Safari/605.1.15"
184.94.212.206 - - [27/Apr/2026:16:54:57 +0000] "POST /wp-cron.php?doing_wp_cron=1777308896.9936859607696533203125 HTTP/1.1" 200 - "-" "WordPress/6.9.4; https://the-muscle-building.info"
45.129.231.10 - - [27/Apr/2026:16:54:55 +0000] "GET /register/ HTTP/1.1" 404 11897 "-" "Mozilla/5.0 (X11; Linux i686; rv:1.9.6.20) Gecko/ Firefox/11.0"
104.22.66.169 - - [27/Apr/2026:16:55:50 +0000] "GET /wp-content/plugins/woocommerce/assets/css/select2.css?ver=10.5.0 HTTP/1.1" 200 1910 "-" "Mozilla/5.0 (Windows NT 10.0; Win64; x64) AppleWebKit/537.36 (KHTML, like Gecko) Chrome/123.0.0.0 Safari/537.36"
40.77.167.57 - - [27/Apr/2026:16:56:56 +0000] "GET /wp-sitemap-taxonomies-category-1.xml HTTP/1.1" 200 197 "-" "Mozilla/5.0 AppleWebKit/537.36 (KHTML, like Gecko; compatible; bingbot/2.0; +http://www.bing.com/bingbot.htm) Chrome/116.0.1938.76 Safari/537.36"
184.94.212.206 - - [27/Apr/2026:16:58:08 +0000] "POST /wp-cron.php?doing_wp_cron=1777309088.9559650421142578125000 HTTP/1.1" 200 - "-" "WordPress/6.9.4; https://the-muscle-building.info"
103.158.119.23 - - [27/Apr/2026:16:58:07 +0000] "GET /wp-json/oembed/1.0/embed?url=https%3A%2F%2Fthe-muscle-building.info%2F9cafb-fitness-trainer-blog%2F HTTP/1.1" 200 1093 "-" "Mozilla/5.0 (Macintosh; Intel Mac OS X 10_11_2) AppleWebKit/537.36 (KHTML, like Gecko) Chrome/67.0.3396.8 Safari/537.36"
14.183.180.89 - - [27/Apr/2026:16:58:09 +0000] "GET /9cafb-contact/ HTTP/1.1" 200 15465 "-" "Mozilla/5.0 (Macintosh; Intel Mac OS X 11_0_1) AppleWebKit/537.36 (KHTML, like Gecko) Brave Chrome/88.0.4324.192 Safari/537.36"
184.94.212.206 - - [27/Apr/2026:17:04:25 +0000] "POST /wp-cron.php?doing_wp_cron=1777309465.9151790142059326171875 HTTP/1.1" 200 - "-" "WordPress/6.9.4; https://the-muscle-building.info"
178.33.251.48 - - [27/Apr/2026:17:04:24 +0000] "GET /wp-login.php HTTP/1.1" 200 1918 "-" "Mozilla/5.0 (Windows NT 10.0; WOW64) AppleWebKit/537.36 (KHTML, like Gecko) Chrome/67.0.3396.62 Safari/537.36"
178.33.251.48 - - [27/Apr/2026:17:04:26 +0000] "POST /wp-login.php HTTP/1.1" 200 2018 "https://the-muscle-building.primemusicproductions.com/wp-login.php" "Mozilla/5.0 (Windows NT 10.0; WOW64) AppleWebKit/537.36 (KHTML, like Gecko) Chrome/67.0.3396.62 Safari/537.36"
50.87.140.189 - - [27/Apr/2026:17:04:36 +0000] "GET /wp-login.php HTTP/1.1" 200 1918 "-" "Mozilla/5.0 (Windows NT 6.3; WOW64; Trident/7.0; MASPJS; rv:11.0) like Gecko"
50.87.140.189 - - [27/Apr/2026:17:04:37 +0000] "POST /wp-login.php HTTP/1.1" 200 2018 "https://the-muscle-building.info/wp-login.php" "Mozilla/5.0 (Windows NT 6.3; WOW64; Trident/7.0; MASPJS; rv:11.0) like Gecko"
184.94.212.206 - - [27/Apr/2026:17:05:44 +0000] "POST /wp-cron.php?doing_wp_cron=1777309544.6152501106262207031250 HTTP/1.1" 200 - "-" "WordPress/6.9.4; https://the-muscle-building.info"
45.129.231.10 - - [27/Apr/2026:17:05:42 +0000] "POST /wp-json/eventin/v2/speakers/import?_locale=user HTTP/1.1" 404 117 "-" "Mozilla/5.0 (X11; Ubuntu; Linux x86_64; rv:131.0) Gecko/20100101 Firefox/131.0"
184.94.212.206 - - [27/Apr/2026:17:09:25 +0000] "POST /wp-cron.php?doing_wp_cron=1777309765.1234281063079833984375 HTTP/1.1" 200 - "-" "WordPress/6.9.4; https://the-muscle-building.info"
137.255.12.19 - - [27/Apr/2026:17:09:23 +0000] "GET /wp-login.php HTTP/1.1" 200 1918 "-" "Mozilla/5.0 (Windows NT 10.0; Win64; x64) AppleWebKit/537.36 (KHTML, like Gecko) Chrome/66.0.3359.170 Safari/537.36"
137.255.12.19 - - [27/Apr/2026:17:09:25 +0000] "POST /wp-login.php HTTP/1.1" 200 2018 "https://the-muscle-building.primemusicproductions.com/wp-login.php" "Mozilla/5.0 (Windows NT 10.0; Win64; x64) AppleWebKit/537.36 (KHTML, like Gecko) Chrome/66.0.3359.170 Safari/537.36"
184.94.212.206 - - [27/Apr/2026:17:14:04 +0000] "POST /wp-cron.php?doing_wp_cron=1777310044.5252408981323242187500 HTTP/1.1" 200 - "-" "WordPress/6.9.4; https://the-muscle-building.info"
31.57.225.217 - - [27/Apr/2026:17:14:02 +0000] "GET /wp-login.php HTTP/1.1" 200 1918 "-" "Mozilla/5.0 (Windows NT 6.0; Win64; x64) AppleWebKit/537.36 (KHTML, like Gecko) Chrome/65.0.3325.181 Safari/537.36 OPR/52.0.2871.99"
31.57.225.217 - - [27/Apr/2026:17:14:04 +0000] "POST /wp-login.php HTTP/1.1" 200 2018 "https://the-muscle-building.primemusicproductions.com/wp-login.php" "Mozilla/5.0 (Windows NT 6.0; Win64; x64) AppleWebKit/537.36 (KHTML, like Gecko) Chrome/65.0.3325.181 Safari/537.36 OPR/52.0.2871.99"
184.94.212.206 - - [27/Apr/2026:17:18:42 +0000] "POST /wp-cron.php?doing_wp_cron=1777310322.0303978919982910156250 HTTP/1.1" 200 - "-" "WordPress/6.9.4; https://the-muscle-building.info"
45.129.231.10 - - [27/Apr/2026:17:18:40 +0000] "GET /wp-content/plugins/stacks-mobile-app-builder/readme.txt HTTP/1.1" 404 11897 "-" "Mozilla/5.0 (Windows NT 6.3; Win64; x64; rv:109.0) Gecko/20100101 Firefox/114.0"
45.129.231.10 - - [27/Apr/2026:17:18:49 +0000] "GET /?mobile_co=1&uid=1 HTTP/1.1" 200 14619 "-" "Mozilla/5.0 (ZZ; Linux x86_64) AppleWebKit/537.36 (KHTML, like Gecko) Chrome/132.0.0.0 Safari/537.36"
45.129.231.10 - - [27/Apr/2026:17:18:59 +0000] "POST /wp-admin/index.php HTTP/1.1" 302 - "-" "Mozilla/5.0 (ZZ; Linux x86_64) AppleWebKit/537.36 (KHTML, like Gecko) Chrome/128.0.0.0 Safari/537.36"
45.129.231.10 - - [27/Apr/2026:17:19:01 +0000] "GET /wp-login.php?redirect_to=https%3A%2F%2Fthe-muscle-building.info%2Fwp-admin%2Findex.php&reauth=1 HTTP/1.1" 200 1922 "https://the-muscle-building.info/wp-admin/index.php" "Mozilla/5.0 (ZZ; Linux x86_64) AppleWebKit/537.36 (KHTML, like Gecko) Chrome/128.0.0.0 Safari/537.36"
184.94.212.206 - - [27/Apr/2026:17:23:52 +0000] "POST /wp-cron.php?doing_wp_cron=1777310632.6952838897705078125000 HTTP/1.1" 200 - "-" "WordPress/6.9.4; https://the-muscle-building.info"
65.2.7.160 - - [27/Apr/2026:17:23:51 +0000] "GET /wp-login.php HTTP/1.1" 200 1918 "-" "Mozilla/5.0 (Windows NT 6.3; Win64; x64) AppleWebKit/537.36 (KHTML, like Gecko) Chrome/66.0.3359.139 Safari/537.36"
65.2.7.160 - - [27/Apr/2026:17:23:53 +0000] "POST /wp-login.php HTTP/1.1" 200 2018 "https://the-muscle-building.primemusicproductions.com/wp-login.php" "Mozilla/5.0 (Windows NT 6.3; Win64; x64) AppleWebKit/537.36 (KHTML, like Gecko) Chrome/66.0.3359.139 Safari/537.36"
116.203.148.109 - - [27/Apr/2026:17:24:06 +0000] "GET /wp-login.php HTTP/1.1" 200 1918 "-" "Mozilla/5.0 (Macintosh; Intel Mac OS X 10_12_4) AppleWebKit/603.1.30 (KHTML, like Gecko) Version/10.1 Safari/603.1.30"
116.203.148.109 - - [27/Apr/2026:17:24:07 +0000] "POST /wp-login.php HTTP/1.1" 200 2018 "https://the-muscle-building.info/wp-login.php" "Mozilla/5.0 (Macintosh; Intel Mac OS X 10_12_4) AppleWebKit/603.1.30 (KHTML, like Gecko) Version/10.1 Safari/603.1.30"
184.94.212.206 - - [27/Apr/2026:17:29:17 +0000] "POST /wp-cron.php?doing_wp_cron=1777310957.6522409915924072265625 HTTP/1.1" 200 - "-" "WordPress/6.9.4; https://the-muscle-building.info"
202.158.244.153 - - [27/Apr/2026:17:29:15 +0000] "GET /wp-login.php HTTP/1.1" 200 1918 "-" "Mozilla/5.0 (Windows NT 6.1; Win64; x64) AppleWebKit/537.36 (KHTML, like Gecko) Chrome/66.0.3359.117 Safari/537.36"
202.158.244.153 - - [27/Apr/2026:17:29:18 +0000] "POST /wp-login.php HTTP/1.1" 200 2018 "https://the-muscle-building.primemusicproductions.com/wp-login.php" "Mozilla/5.0 (Windows NT 6.1; Win64; x64) AppleWebKit/537.36 (KHTML, like Gecko) Chrome/66.0.3359.117 Safari/537.36"
34.101.189.231 - - [27/Apr/2026:17:29:22 +0000] "GET /wp-login.php HTTP/1.1" 200 1918 "-" "Mozilla/5.0 (Windows NT 6.1; Win64; x64) AppleWebKit/537.36 (KHTML, like Gecko) Chrome/65.0.3325.181 Safari/537.36 OPR/52.0.2871.40"
34.101.189.231 - - [27/Apr/2026:17:29:23 +0000] "POST /wp-login.php HTTP/1.1" 200 2018 "https://the-muscle-building.info/wp-login.php" "Mozilla/5.0 (Windows NT 6.1; Win64; x64) AppleWebKit/537.36 (KHTML, like Gecko) Chrome/65.0.3325.181 Safari/537.36 OPR/52.0.2871.40"
184.94.212.206 - - [27/Apr/2026:17:37:11 +0000] "POST /wp-cron.php?doing_wp_cron=1777311431.3750309944152832031250 HTTP/1.1" 200 - "-" "WordPress/6.9.4; https://the-muscle-building.info"
34.101.189.231 - - [27/Apr/2026:17:37:09 +0000] "GET /wp-login.php HTTP/1.1" 200 1918 "-" "Mozilla/5.0 (Windows NT 6.1; Win64; x64) AppleWebKit/537.36 (KHTML, like Gecko) Chrome/65.0.3325.181 Safari/537.36"
34.101.189.231 - - [27/Apr/2026:17:37:11 +0000] "POST /wp-login.php HTTP/1.1" 200 2018 "https://the-muscle-building.info/wp-login.php" "Mozilla/5.0 (Windows NT 6.1; Win64; x64) AppleWebKit/537.36 (KHTML, like Gecko) Chrome/65.0.3325.181 Safari/537.36"
45.129.231.10 - - [27/Apr/2026:17:37:22 +0000] "GET /designs/?orderby=(SELECT+42+FROM+(SELECT(SLEEP(7)))test) HTTP/1.1" 404 11897 "-" "Mozilla/5.0 (ZZ; Linux x86_64) AppleWebKit/537.36 (KHTML, like Gecko) Chrome/131.0.0.0 Safari/537.36"
171.111.192.222 - - [27/Apr/2026:17:37:32 +0000] "GET /wp-login.php HTTP/1.1" 200 1918 "-" "Mozilla/5.0 (X11; Linux x86_64; rv:60.0) Gecko/20100101 Firefox/60.0"
171.111.192.222 - - [27/Apr/2026:17:37:38 +0000] "POST /wp-login.php HTTP/1.1" 200 2018 "https://the-muscle-building.info/wp-login.php" "Mozilla/5.0 (X11; Linux x86_64; rv:60.0) Gecko/20100101 Firefox/60.0"
184.94.212.206 - - [27/Apr/2026:17:42:51 +0000] "POST /wp-cron.php?doing_wp_cron=1777311771.7299220561981201171875 HTTP/1.1" 200 - "-" "WordPress/6.9.4; https://the-muscle-building.info"
165.22.116.110 - - [27/Apr/2026:17:42:50 +0000] "GET /wp-login.php HTTP/1.1" 200 1918 "-" "Mozilla/4.0 (compatible; MSIE 7.0; Windows NT 6.1; WOW64; Trident/7.0; SLCC2; .NET CLR 2.0.50727; .NET CLR 3.5.30729; .NET CLR 3.0.30729; .NET4.0C; .NET4.0E; Media Center PC 6.0)"
165.22.116.110 - - [27/Apr/2026:17:42:52 +0000] "POST /wp-login.php HTTP/1.1" 200 2018 "https://the-muscle-building.info/wp-login.php" "Mozilla/4.0 (compatible; MSIE 7.0; Windows NT 6.1; WOW64; Trident/7.0; SLCC2; .NET CLR 2.0.50727; .NET CLR 3.5.30729; .NET CLR 3.0.30729; .NET4.0C; .NET4.0E; Media Center PC 6.0)"
45.129.231.10 - - [27/Apr/2026:17:43:11 +0000] "POST /wp-content/plugins/simple-file-list/ee-upload-engine.php HTTP/1.1" 404 11897 "-" "Mozilla/5.0 (Macintosh; Intel Mac OS X 10_15_6) AppleWebKit/605.1.15 (KHTML, like Gecko) Version/15.3 Mobile/15E148 Safari/604.1"
45.129.231.10 - - [27/Apr/2026:17:43:19 +0000] "POST /wp-content/plugins/simple-file-list/ee-file-engine.php HTTP/1.1" 404 11897 "-" "Mozilla/5.0 (X11; Linux x86_64) AppleWebKit/537.36 (KHTML, like Gecko) Chrome/131.0.0.0 Safari/537.36"
45.129.231.10 - - [27/Apr/2026:17:43:27 +0000] "GET /wp-content/uploads/simple-file-list/fhahaif.php HTTP/1.1" 404 11897 "-" "Mozilla/5.0 (Macintosh; Intel Mac OS X 10_10) AppleWebKit/537.36 (KHTML, like Gecko) Version/8.0 Safari/537.36"
184.94.212.206 - - [27/Apr/2026:17:44:22 +0000] "POST /wp-cron.php?doing_wp_cron=1777311862.6202399730682373046875 HTTP/1.1" 200 - "-" "WordPress/6.9.4; https://the-muscle-building.info"
45.129.231.10 - - [27/Apr/2026:17:44:21 +0000] "GET /wp-admin/admin-ajax.php?action=service_finder_switch_back HTTP/1.1" 400 21 "-" "Mozilla/5.0 (Windows NT 6.1; Win64; x64) AppleWebKit/537.36 (KHTML, like Gecko) Chrome/83.0.4103.61 Safari/537.36"
184.94.212.206 - - [27/Apr/2026:17:53:17 +0000] "POST /wp-cron.php?doing_wp_cron=1777312397.9578449726104736328125 HTTP/1.1" 200 - "-" "WordPress/6.9.4; https://the-muscle-building.info"
13.210.97.104 - - [27/Apr/2026:17:53:16 +0000] "GET /wp-login.php HTTP/1.1" 200 1918 "-" "Mozilla/5.0 (Macintosh; Intel Mac OS X 10_13) AppleWebKit/604.1.38 (KHTML, like Gecko) Version/11.0 Safari/604.1.38"
13.210.97.104 - - [27/Apr/2026:17:53:18 +0000] "POST /wp-login.php HTTP/1.1" 200 2018 "https://the-muscle-building.info/wp-login.php" "Mozilla/5.0 (Macintosh; Intel Mac OS X 10_13) AppleWebKit/604.1.38 (KHTML, like Gecko) Version/11.0 Safari/604.1.38"
184.94.212.206 - - [27/Apr/2026:17:53:55 +0000] "POST /wp-cron.php?doing_wp_cron=1777312435.3608169555664062500000 HTTP/1.1" 200 - "-" "WordPress/6.9.4; https://the-muscle-building.info"
3.123.87.197 - - [27/Apr/2026:17:53:54 +0000] "GET /wp-login.php HTTP/1.1" 200 1918 "-" "Mozilla/4.0 (compatible; MSIE 7.0; Windows NT 6.2; WOW64; Trident/7.0; .NET4.0C; .NET4.0E; InfoPath.3)"
3.123.87.197 - - [27/Apr/2026:17:53:55 +0000] "POST /wp-login.php HTTP/1.1" 200 2018 "https://the-muscle-building.primemusicproductions.com/wp-login.php" "Mozilla/4.0 (compatible; MSIE 7.0; Windows NT 6.2; WOW64; Trident/7.0; .NET4.0C; .NET4.0E; InfoPath.3)"
184.94.212.206 - - [27/Apr/2026:17:58:11 +0000] "POST /wp-cron.php?doing_wp_cron=1777312691.1890699863433837890625 HTTP/1.1" 200 - "-" "WordPress/6.9.4; https://the-muscle-building.info"
178.156.249.178 - - [27/Apr/2026:17:58:08 +0000] "HEAD / HTTP/1.1" 200 - "-" "Mozilla/5.0 (Macintosh; Intel Mac OS X 10_15_7) AppleWebKit/605.1.15 (KHTML, like Gecko) Version/18.0 Safari/605.1.15"
178.156.249.178 - - [27/Apr/2026:17:58:18 +0000] "GET / HTTP/1.1" 206 14619 "-" "Mozilla/5.0 (Macintosh; Intel Mac OS X 10_15_7) AppleWebKit/605.1.15 (KHTML, like Gecko) Version/18.0 Safari/605.1.15"
184.94.212.206 - - [27/Apr/2026:18:03:18 +0000] "POST /wp-cron.php?doing_wp_cron=1777312997.8286108970642089843750 HTTP/1.1" 200 - "-" "WordPress/6.9.4; https://the-muscle-building.info"
45.129.231.10 - - [27/Apr/2026:18:03:15 +0000] "GET /wp-login.php HTTP/1.1" 200 1918 "-" "Mozilla/5.0 (Windows NT 10.0; Win64; x64; rv:94.0) Gecko/20100101 Firefox/94.0"
92.53.96.141 - - [27/Apr/2026:18:03:21 +0000] "GET /wp-login.php HTTP/1.1" 200 1918 "-" "Mozilla/5.0 (X11; Linux x86_64; rv:60.0) Gecko/20100101 Firefox/60.0"
92.53.96.141 - - [27/Apr/2026:18:03:23 +0000] "POST /wp-login.php HTTP/1.1" 200 2018 "https://the-muscle-building.primemusicproductions.com/wp-login.php" "Mozilla/5.0 (X11; Linux x86_64; rv:60.0) Gecko/20100101 Firefox/60.0"
45.129.231.10 - - [27/Apr/2026:18:03:24 +0000] "GET /wp-json/wp/v2/users/ HTTP/1.1" 200 625 "-" "Mozilla/5.0 (CentOS; Linux x86_64) AppleWebKit/537.36 (KHTML, like Gecko) Chrome/132.0.0.0 Safari/537.36"
45.129.231.10 - - [27/Apr/2026:18:03:32 +0000] "GET /?rest_route=/wp/v2/users HTTP/1.1" 200 387 "-" "Mozilla/5.0 (Windows NT 10.0; Win64; x64; rv:59.0) Gecko/20100101 Firefox/59.0"
184.94.212.206 - - [27/Apr/2026:18:03:41 +0000] "POST /wp-cron.php?doing_wp_cron=1777313021.0575709342956542968750 HTTP/1.1" 200 - "-" "WordPress/6.9.4; https://the-muscle-building.info"
45.129.231.10 - - [27/Apr/2026:18:03:40 +0000] "GET /feed/ HTTP/1.1" 200 2038 "-" "Mozilla/5.0 (Macintosh; Intel Mac OS X 10_15_7) AppleWebKit/537.36 (KHTML, like Gecko) Chrome/138.0.0.0 Safari/537.36"
45.129.231.10 - - [27/Apr/2026:18:03:48 +0000] "GET /author-sitemap.xml HTTP/1.1" 404 11897 "-" "Mozilla/5.0 (Windows; U; Windows NT 6.1; en-US; rv:1.9.1.5) Gecko/20091102 Firefox/3.5.5 (.NET CLR 3.5.30729)"
184.94.212.206 - - [27/Apr/2026:18:08:23 +0000] "POST /wp-cron.php?doing_wp_cron=1777313303.7807109355926513671875 HTTP/1.1" 200 - "-" "WordPress/6.9.4; https://the-muscle-building.info"
45.129.231.10 - - [27/Apr/2026:18:08:22 +0000] "GET / HTTP/1.1" 200 14619 "-" "Mozilla/5.0 (Macintosh, Intel Mac OS X 10_15_7) AppleWebKit/605.1.15 (KHTML, like Gecko) Version/16.6 Safari/605.1.15"
45.129.231.10 - - [27/Apr/2026:18:08:23 +0000] "POST / HTTP/1.1" 200 14619 "-" "Mozilla/5.0 (Macintosh; Intel Mac OS X 10_15_7) AppleWebKit/605.1.15 (KHTML, like Gecko) Version/16.3 Mobile/15E148 Safari/604.1"
45.129.231.10 - - [27/Apr/2026:18:08:29 +0000] "GET /?__kubio-site-edit-iframe-preview=1&__kubio-site-edit-iframe-classic-template=../../../../../../../../etc/passwd HTTP/1.1" 301 - "-" "Mozilla/5.0 (Macintosh; Intel Mac OS X 10_15_7) AppleWebKit/537.36 (KHTML, like Gecko) Chrome/114.0.0.0 Safari/537.36"
45.129.231.10 - - [27/Apr/2026:18:08:29 +0000] "POST /wp-admin/index.php HTTP/1.1" 302 - "-" "Mozilla/5.0 (X11; Linux x86_64; rv:1.9.5.20) Gecko/ Firefox/3.6.12"
45.129.231.10 - - [27/Apr/2026:18:08:31 +0000] "GET /wp-login.php?redirect_to=https%3A%2F%2Fthe-muscle-building.info%2Fwp-admin%2Findex.php&reauth=1 HTTP/1.1" 200 1922 "https://the-muscle-building.info/wp-admin/index.php" "Mozilla/5.0 (X11; Linux x86_64; rv:1.9.5.20) Gecko/ Firefox/3.6.12"
178.33.251.48 - - [27/Apr/2026:18:08:39 +0000] "GET /wp-login.php HTTP/1.1" 200 1918 "-" "Mozilla/4.0 (compatible; MSIE 7.0; Windows NT 6.1; WOW64; Trident/7.0; SLCC2; .NET CLR 2.0.50727; .NET CLR 3.5.30729; .NET CLR 3.0.30729; .NET4.0C; .NET4.0E; Media Center PC 6.0)"
184.94.212.206 - - [27/Apr/2026:18:08:41 +0000] "POST /wp-cron.php?doing_wp_cron=1777313321.3249719142913818359375 HTTP/1.1" 200 - "-" "WordPress/6.9.4; https://the-muscle-building.info"
178.33.251.48 - - [27/Apr/2026:18:08:40 +0000] "POST /wp-login.php HTTP/1.1" 200 2018 "https://the-muscle-building.primemusicproductions.com/wp-login.php" "Mozilla/4.0 (compatible; MSIE 7.0; Windows NT 6.1; WOW64; Trident/7.0; SLCC2; .NET CLR 2.0.50727; .NET CLR 3.5.30729; .NET CLR 3.0.30729; .NET4.0C; .NET4.0E; Media Center PC 6.0)"
184.94.212.206 - - [27/Apr/2026:18:12:22 +0000] "POST /wp-cron.php?doing_wp_cron=1777313542.7255148887634277343750 HTTP/1.1" 200 - "-" "WordPress/6.9.4; https://the-muscle-building.info"
45.129.231.10 - - [27/Apr/2026:18:12:20 +0000] "GET /register/ HTTP/1.1" 404 11897 "-" "Mozilla/5.0 (X11; Linux x86_64) AppleWebKit/537.36 (KHTML, like Gecko) Chrome/130.0.0.0 Safari/537.36"
208.109.188.137 - - [27/Apr/2026:18:12:22 +0000] "GET /wp-login.php HTTP/1.1" 200 1918 "-" "Mozilla/5.0 (Windows NT 6.2; ARM; Trident/7.0; Touch; rv:11.0; WPDesktop; NOKIA; Lumia 1320) like Gecko"
208.109.188.137 - - [27/Apr/2026:18:12:23 +0000] "POST /wp-login.php HTTP/1.1" 200 2018 "https://the-muscle-building.info/wp-login.php" "Mozilla/5.0 (Windows NT 6.2; ARM; Trident/7.0; Touch; rv:11.0; WPDesktop; NOKIA; Lumia 1320) like Gecko"
184.94.212.206 - - [27/Apr/2026:18:15:59 +0000] "POST /wp-cron.php?doing_wp_cron=1777313759.6542561054229736328125 HTTP/1.1" 200 - "-" "WordPress/6.9.4; https://the-muscle-building.info"
207.46.13.86 - - [27/Apr/2026:18:15:57 +0000] "GET /wp-sitemap-taxonomies-product_cat-1.xml HTTP/1.1" 200 200 "-" "Mozilla/5.0 AppleWebKit/537.36 (KHTML, like Gecko; compatible; bingbot/2.0; +http://www.bing.com/bingbot.htm) Chrome/116.0.1938.76 Safari/537.36"
128.241.254.194 - - [27/Apr/2026:18:16:07 +0000] "POST /wp-json/am-member/license HTTP/1.1" 404 117 "-" "Mozilla/5.0 (Windows NT 10.0; Win64; x64) AppleWebKit/537.36 (KHTML, like Gecko) Firefox/58.0.1"
184.94.212.206 - - [27/Apr/2026:18:18:34 +0000] "POST /wp-cron.php?doing_wp_cron=1777313914.7253069877624511718750 HTTP/1.1" 200 - "-" "WordPress/6.9.4; https://the-muscle-building.info"
208.109.188.137 - - [27/Apr/2026:18:18:33 +0000] "GET /wp-login.php HTTP/1.1" 200 1918 "-" "Mozilla/5.0 (Windows NT 10.0; WOW64; Trident/7.0; TBTE; rv:11.0) like Gecko"
208.109.188.137 - - [27/Apr/2026:18:18:34 +0000] "POST /wp-login.php HTTP/1.1" 200 2018 "https://the-muscle-building.primemusicproductions.com/wp-login.php" "Mozilla/5.0 (Windows NT 10.0; WOW64; Trident/7.0; TBTE; rv:11.0) like Gecko"
184.94.212.206 - - [27/Apr/2026:18:21:34 +0000] "POST /wp-cron.php?doing_wp_cron=1777314094.1389560699462890625000 HTTP/1.1" 200 - "-" "WordPress/6.9.4; https://the-muscle-building.info"
18.60.137.201 - - [27/Apr/2026:18:21:32 +0000] "GET /wp-login.php HTTP/1.1" 200 1918 "-" "Mozilla/5.0 (Windows NT 5.1; Win64; x64) AppleWebKit/537.36 (KHTML, like Gecko) Chrome/52.0.2743.116 Safari/537.36 Edge/15.15063"
18.60.137.201 - - [27/Apr/2026:18:21:34 +0000] "POST /wp-login.php HTTP/1.1" 200 2018 "https://the-muscle-building.info/wp-login.php" "Mozilla/5.0 (Windows NT 5.1; Win64; x64) AppleWebKit/537.36 (KHTML, like Gecko) Chrome/52.0.2743.116 Safari/537.36 Edge/15.15063"
184.94.212.206 - - [27/Apr/2026:18:22:36 +0000] "POST /wp-cron.php?doing_wp_cron=1777314156.4263041019439697265625 HTTP/1.1" 200 - "-" "WordPress/6.9.4; https://the-muscle-building.info"
148.113.6.127 - - [27/Apr/2026:18:22:34 +0000] "GET /wp-login.php HTTP/1.1" 200 1918 "-" "Mozilla/5.0 (Macintosh; Intel Mac OS X 10_12_4) AppleWebKit/603.1.30 (KHTML, like Gecko) Version/10.1 Safari/603.1.30"
148.113.6.127 - - [27/Apr/2026:18:22:37 +0000] "POST /wp-login.php HTTP/1.1" 200 2018 "https://the-muscle-building.info/wp-login.php" "Mozilla/5.0 (Macintosh; Intel Mac OS X 10_12_4) AppleWebKit/603.1.30 (KHTML, like Gecko) Version/10.1 Safari/603.1.30"
20.89.243.55 - - [27/Apr/2026:18:22:39 +0000] "GET /inputs.php HTTP/1.1" 404 11902 "-" "Mozilla/5.0 (Windows NT 10.0; Win64; x64) AppleWebKit/537.36 (KHTML, like Gecko) Chrome/120.0.0.0 Safari/537.36"
184.94.212.206 - - [27/Apr/2026:18:22:41 +0000] "POST /wp-cron.php?doing_wp_cron=1777314161.7031309604644775390625 HTTP/1.1" 200 - "-" "WordPress/6.9.4; https://the-muscle-building.info"
20.89.243.55 - - [27/Apr/2026:18:22:40 +0000] "GET /ioxi-o.php HTTP/1.1" 404 11902 "-" "Mozilla/5.0 (Windows NT 10.0; Win64; x64) AppleWebKit/537.36 (KHTML, like Gecko) Chrome/120.0.0.0 Safari/537.36"
20.89.243.55 - - [27/Apr/2026:18:22:41 +0000] "GET /function/function.php HTTP/1.1" 404 11902 "-" "Mozilla/5.0 (Windows NT 10.0; Win64; x64) AppleWebKit/537.36 (KHTML, like Gecko) Chrome/120.0.0.0 Safari/537.36"
20.89.243.55 - - [27/Apr/2026:18:22:43 +0000] "GET /rip.php HTTP/1.1" 404 11902 "-" "Mozilla/5.0 (Windows NT 10.0; Win64; x64) AppleWebKit/537.36 (KHTML, like Gecko) Chrome/120.0.0.0 Safari/537.36"
20.89.243.55 - - [27/Apr/2026:18:22:44 +0000] "GET /admin.php HTTP/1.1" 404 11902 "-" "Mozilla/5.0 (Windows NT 10.0; Win64; x64) AppleWebKit/537.36 (KHTML, like Gecko) Chrome/120.0.0.0 Safari/537.36"
20.89.243.55 - - [27/Apr/2026:18:22:45 +0000] "GET /wp-content/uploads/index.php HTTP/1.1" 301 - "-" "Mozilla/5.0 (Windows NT 10.0; Win64; x64) AppleWebKit/537.36 (KHTML, like Gecko) Chrome/120.0.0.0 Safari/537.36"
20.89.243.55 - - [27/Apr/2026:18:22:46 +0000] "GET /cache.php HTTP/1.1" 404 11902 "-" "Mozilla/5.0 (Windows NT 10.0; Win64; x64) AppleWebKit/537.36 (KHTML, like Gecko) Chrome/120.0.0.0 Safari/537.36"
20.89.243.55 - - [27/Apr/2026:18:22:47 +0000] "GET /themes.php HTTP/1.1" 404 11902 "-" "Mozilla/5.0 (Windows NT 10.0; Win64; x64) AppleWebKit/537.36 (KHTML, like Gecko) Chrome/120.0.0.0 Safari/537.36"
20.89.243.55 - - [27/Apr/2026:18:22:49 +0000] "GET /an.php HTTP/1.1" 404 11902 "-" "Mozilla/5.0 (Windows NT 10.0; Win64; x64) AppleWebKit/537.36 (KHTML, like Gecko) Chrome/120.0.0.0 Safari/537.36"
20.89.243.55 - - [27/Apr/2026:18:22:50 +0000] "GET /index/function.php HTTP/1.1" 404 11902 "-" "Mozilla/5.0 (Windows NT 10.0; Win64; x64) AppleWebKit/537.36 (KHTML, like Gecko) Chrome/120.0.0.0 Safari/537.36"
20.89.243.55 - - [27/Apr/2026:18:22:51 +0000] "GET /randkeyword.PhP7 HTTP/1.1" 404 11902 "-" "Mozilla/5.0 (Windows NT 10.0; Win64; x64) AppleWebKit/537.36 (KHTML, like Gecko) Chrome/120.0.0.0 Safari/537.36"
20.89.243.55 - - [27/Apr/2026:18:22:52 +0000] "GET /ws.php HTTP/1.1" 404 11902 "-" "Mozilla/5.0 (Windows NT 10.0; Win64; x64) AppleWebKit/537.36 (KHTML, like Gecko) Chrome/120.0.0.0 Safari/537.36"
20.89.243.55 - - [27/Apr/2026:18:22:53 +0000] "GET /404.php HTTP/1.1" 404 11902 "-" "Mozilla/5.0 (Windows NT 10.0; Win64; x64) AppleWebKit/537.36 (KHTML, like Gecko) Chrome/120.0.0.0 Safari/537.36"
20.89.243.55 - - [27/Apr/2026:18:22:55 +0000] "GET /wp-admin/user.php HTTP/1.1" 404 11902 "-" "Mozilla/5.0 (Windows NT 10.0; Win64; x64) AppleWebKit/537.36 (KHTML, like Gecko) Chrome/120.0.0.0 Safari/537.36"
20.89.243.55 - - [27/Apr/2026:18:22:56 +0000] "GET /wp-conf.php HTTP/1.1" 404 11902 "-" "Mozilla/5.0 (Windows NT 10.0; Win64; x64) AppleWebKit/537.36 (KHTML, like Gecko) Chrome/120.0.0.0 Safari/537.36"
20.89.243.55 - - [27/Apr/2026:18:22:57 +0000] "GET /wp-content/themes/hideo/network.php HTTP/1.1" 404 11902 "-" "Mozilla/5.0 (Windows NT 10.0; Win64; x64) AppleWebKit/537.36 (KHTML, like Gecko) Chrome/120.0.0.0 Safari/537.36"
20.89.243.55 - - [27/Apr/2026:18:22:58 +0000] "GET /wp-login.php HTTP/1.1" 200 1918 "-" "Mozilla/5.0 (Windows NT 10.0; Win64; x64) AppleWebKit/537.36 (KHTML, like Gecko) Chrome/120.0.0.0 Safari/537.36"
20.89.243.55 - - [27/Apr/2026:18:22:59 +0000] "GET /abc.php HTTP/1.1" 404 11902 "-" "Mozilla/5.0 (Windows NT 10.0; Win64; x64) AppleWebKit/537.36 (KHTML, like Gecko) Chrome/120.0.0.0 Safari/537.36"
20.89.243.55 - - [27/Apr/2026:18:23:00 +0000] "GET /abcd.php HTTP/1.1" 404 11902 "-" "Mozilla/5.0 (Windows NT 10.0; Win64; x64) AppleWebKit/537.36 (KHTML, like Gecko) Chrome/120.0.0.0 Safari/537.36"
20.89.243.55 - - [27/Apr/2026:18:23:02 +0000] "GET /as.php HTTP/1.1" 404 11902 "-" "Mozilla/5.0 (Windows NT 10.0; Win64; x64) AppleWebKit/537.36 (KHTML, like Gecko) Chrome/120.0.0.0 Safari/537.36"
20.89.243.55 - - [27/Apr/2026:18:23:03 +0000] "GET /wp-trackback.php HTTP/1.1" 404 130 "-" "Mozilla/5.0 (Windows NT 10.0; Win64; x64) AppleWebKit/537.36 (KHTML, like Gecko) Chrome/120.0.0.0 Safari/537.36"
20.89.243.55 - - [27/Apr/2026:18:23:04 +0000] "GET /about.php HTTP/1.1" 404 11902 "-" "Mozilla/5.0 (Windows NT 10.0; Win64; x64) AppleWebKit/537.36 (KHTML, like Gecko) Chrome/120.0.0.0 Safari/537.36"
20.89.243.55 - - [27/Apr/2026:18:23:06 +0000] "GET /file.php HTTP/1.1" 404 11902 "-" "Mozilla/5.0 (Windows NT 10.0; Win64; x64) AppleWebKit/537.36 (KHTML, like Gecko) Chrome/120.0.0.0 Safari/537.36"
20.89.243.55 - - [27/Apr/2026:18:23:07 +0000] "GET /adminfuns.php HTTP/1.1" 404 11902 "-" "Mozilla/5.0 (Windows NT 10.0; Win64; x64) AppleWebKit/537.36 (KHTML, like Gecko) Chrome/120.0.0.0 Safari/537.36"
20.89.243.55 - - [27/Apr/2026:18:23:09 +0000] "GET /wp-good.php HTTP/1.1" 404 11902 "-" "Mozilla/5.0 (Windows NT 10.0; Win64; x64) AppleWebKit/537.36 (KHTML, like Gecko) Chrome/120.0.0.0 Safari/537.36"
20.89.243.55 - - [27/Apr/2026:18:23:10 +0000] "GET /xmlrpc.php HTTP/1.1" 404 11902 "-" "Mozilla/5.0 (Windows NT 10.0; Win64; x64) AppleWebKit/537.36 (KHTML, like Gecko) Chrome/120.0.0.0 Safari/537.36"
20.89.243.55 - - [27/Apr/2026:18:23:11 +0000] "GET /goods.php HTTP/1.1" 404 11902 "-" "Mozilla/5.0 (Windows NT 10.0; Win64; x64) AppleWebKit/537.36 (KHTML, like Gecko) Chrome/120.0.0.0 Safari/537.36"
20.89.243.55 - - [27/Apr/2026:18:23:12 +0000] "GET /class-t.api.php HTTP/1.1" 404 11902 "-" "Mozilla/5.0 (Windows NT 10.0; Win64; x64) AppleWebKit/537.36 (KHTML, like Gecko) Chrome/120.0.0.0 Safari/537.36"
20.89.243.55 - - [27/Apr/2026:18:23:13 +0000] "GET /sf.php HTTP/1.1" 404 11902 "-" "Mozilla/5.0 (Windows NT 10.0; Win64; x64) AppleWebKit/537.36 (KHTML, like Gecko) Chrome/120.0.0.0 Safari/537.36"
20.89.243.55 - - [27/Apr/2026:18:23:15 +0000] "GET /kbfr.php HTTP/1.1" 404 11902 "-" "Mozilla/5.0 (Windows NT 10.0; Win64; x64) AppleWebKit/537.36 (KHTML, like Gecko) Chrome/120.0.0.0 Safari/537.36"
20.89.243.55 - - [27/Apr/2026:18:23:16 +0000] "GET /autoload_classmap.php HTTP/1.1" 404 11902 "-" "Mozilla/5.0 (Windows NT 10.0; Win64; x64) AppleWebKit/537.36 (KHTML, like Gecko) Chrome/120.0.0.0 Safari/537.36"
20.89.243.55 - - [27/Apr/2026:18:23:17 +0000] "GET /chosen.php?p= HTTP/1.1" 301 - "-" "Mozilla/5.0 (Windows NT 10.0; Win64; x64) AppleWebKit/537.36 (KHTML, like Gecko) Chrome/120.0.0.0 Safari/537.36"
20.89.243.55 - - [27/Apr/2026:18:23:18 +0000] "GET /classwithtostring.php HTTP/1.1" 404 11902 "-" "Mozilla/5.0 (Windows NT 10.0; Win64; x64) AppleWebKit/537.36 (KHTML, like Gecko) Chrome/120.0.0.0 Safari/537.36"
20.89.243.55 - - [27/Apr/2026:18:23:19 +0000] "GET /defaults.php HTTP/1.1" 404 11902 "-" "Mozilla/5.0 (Windows NT 10.0; Win64; x64) AppleWebKit/537.36 (KHTML, like Gecko) Chrome/120.0.0.0 Safari/537.36"
20.89.243.55 - - [27/Apr/2026:18:23:20 +0000] "GET /.well-known/ HTTP/1.1" 404 11902 "-" "Mozilla/5.0 (Windows NT 10.0; Win64; x64) AppleWebKit/537.36 (KHTML, like Gecko) Chrome/120.0.0.0 Safari/537.36"
20.89.243.55 - - [27/Apr/2026:18:23:22 +0000] "GET /info.php HTTP/1.1" 404 11902 "-" "Mozilla/5.0 (Windows NT 10.0; Win64; x64) AppleWebKit/537.36 (KHTML, like Gecko) Chrome/120.0.0.0 Safari/537.36"
20.89.243.55 - - [27/Apr/2026:18:23:23 +0000] "GET /cgi-bin/ HTTP/1.1" 404 11902 "-" "Mozilla/5.0 (Windows NT 10.0; Win64; x64) AppleWebKit/537.36 (KHTML, like Gecko) Chrome/120.0.0.0 Safari/537.36"
20.89.243.55 - - [27/Apr/2026:18:23:24 +0000] "GET /wp-includes/Requests/src/Response/about.php HTTP/1.1" 404 11902 "-" "Mozilla/5.0 (Windows NT 10.0; Win64; x64) AppleWebKit/537.36 (KHTML, like Gecko) Chrome/120.0.0.0 Safari/537.36"
20.89.243.55 - - [27/Apr/2026:18:23:26 +0000] "GET /wp-includes/html-api/ HTTP/1.1" 404 11902 "-" "Mozilla/5.0 (Windows NT 10.0; Win64; x64) AppleWebKit/537.36 (KHTML, like Gecko) Chrome/120.0.0.0 Safari/537.36"
52.141.35.48 - - [27/Apr/2026:18:23:27 +0000] "GET /1.php HTTP/1.1" 404 11897 "-" "Mozilla/5.0 (Windows NT 10.0; Win64; x64) AppleWebKit/537.36 (KHTML, like Gecko) Chrome/120.0.0.0 Safari/537.36"
20.89.243.55 - - [27/Apr/2026:18:23:27 +0000] "GET /wp-content/admin.php HTTP/1.1" 404 11902 "-" "Mozilla/5.0 (Windows NT 10.0; Win64; x64) AppleWebKit/537.36 (KHTML, like Gecko) Chrome/120.0.0.0 Safari/537.36"
20.89.243.55 - - [27/Apr/2026:18:23:29 +0000] "GET /wp-admin/css/colors/ectoplasm/ HTTP/1.1" 404 11902 "-" "Mozilla/5.0 (Windows NT 10.0; Win64; x64) AppleWebKit/537.36 (KHTML, like Gecko) Chrome/120.0.0.0 Safari/537.36"
52.141.35.48 - - [27/Apr/2026:18:23:29 +0000] "GET /wp-content/uploads/2024/ HTTP/1.1" 404 11897 "-" "Mozilla/5.0 (Windows NT 10.0; Win64; x64) AppleWebKit/537.36 (KHTML, like Gecko) Chrome/120.0.0.0 Safari/537.36"
20.89.243.55 - - [27/Apr/2026:18:23:30 +0000] "GET /wp-content/uploads/ HTTP/1.1" 404 11902 "-" "Mozilla/5.0 (Windows NT 10.0; Win64; x64) AppleWebKit/537.36 (KHTML, like Gecko) Chrome/120.0.0.0 Safari/537.36"
52.141.35.48 - - [27/Apr/2026:18:23:30 +0000] "GET /wp-content/uploads/wp-login.php HTTP/1.1" 404 11897 "-" "Mozilla/5.0 (Windows NT 10.0; Win64; x64) AppleWebKit/537.36 (KHTML, like Gecko) Chrome/120.0.0.0 Safari/537.36"
20.89.243.55 - - [27/Apr/2026:18:23:31 +0000] "GET /wp-content/themes/admin.php HTTP/1.1" 404 11902 "-" "Mozilla/5.0 (Windows NT 10.0; Win64; x64) AppleWebKit/537.36 (KHTML, like Gecko) Chrome/120.0.0.0 Safari/537.36"
52.141.35.48 - - [27/Apr/2026:18:23:31 +0000] "GET /wp-corn-sample.php HTTP/1.1" 404 11897 "-" "Mozilla/5.0 (Windows NT 10.0; Win64; x64) AppleWebKit/537.36 (KHTML, like Gecko) Chrome/120.0.0.0 Safari/537.36"
20.89.243.55 - - [27/Apr/2026:18:23:33 +0000] "GET /wp-content/themes/index.php HTTP/1.1" 200 - "-" "Mozilla/5.0 (Windows NT 10.0; Win64; x64) AppleWebKit/537.36 (KHTML, like Gecko) Chrome/120.0.0.0 Safari/537.36"
20.89.243.55 - - [27/Apr/2026:18:23:33 +0000] "GET /wp-content/plugins/index.php HTTP/1.1" 200 - "-" "Mozilla/5.0 (Windows NT 10.0; Win64; x64) AppleWebKit/537.36 (KHTML, like Gecko) Chrome/120.0.0.0 Safari/537.36"
52.141.35.48 - - [27/Apr/2026:18:23:33 +0000] "GET /wp-content/uploads/ HTTP/1.1" 404 11897 "-" "Mozilla/5.0 (Windows NT 10.0; Win64; x64) AppleWebKit/537.36 (KHTML, like Gecko) Chrome/120.0.0.0 Safari/537.36"
20.89.243.55 - - [27/Apr/2026:18:23:33 +0000] "GET /wp-includes/PHPMailer/ HTTP/1.1" 404 11902 "-" "Mozilla/5.0 (Windows NT 10.0; Win64; x64) AppleWebKit/537.36 (KHTML, like Gecko) Chrome/120.0.0.0 Safari/537.36"
52.141.35.48 - - [27/Apr/2026:18:23:34 +0000] "GET /wp-admin/js/index.php HTTP/1.1" 301 - "-" "Mozilla/5.0 (Windows NT 10.0; Win64; x64) AppleWebKit/537.36 (KHTML, like Gecko) Chrome/120.0.0.0 Safari/537.36"
20.89.243.55 - - [27/Apr/2026:18:23:35 +0000] "GET /wp-includes/images/ HTTP/1.1" 404 11902 "-" "Mozilla/5.0 (Windows NT 10.0; Win64; x64) AppleWebKit/537.36 (KHTML, like Gecko) Chrome/120.0.0.0 Safari/537.36"
52.141.35.48 - - [27/Apr/2026:18:23:35 +0000] "GET /wp-admin/css/index.php HTTP/1.1" 301 - "-" "Mozilla/5.0 (Windows NT 10.0; Win64; x64) AppleWebKit/537.36 (KHTML, like Gecko) Chrome/120.0.0.0 Safari/537.36"
20.89.243.55 - - [27/Apr/2026:18:23:37 +0000] "GET /wp-content/plugins/WordPressCore/ HTTP/1.1" 404 11902 "-" "Mozilla/5.0 (Windows NT 10.0; Win64; x64) AppleWebKit/537.36 (KHTML, like Gecko) Chrome/120.0.0.0 Safari/537.36"
52.141.35.48 - - [27/Apr/2026:18:23:37 +0000] "GET /server.php HTTP/1.1" 404 11897 "-" "Mozilla/5.0 (Windows NT 10.0; Win64; x64) AppleWebKit/537.36 (KHTML, like Gecko) Chrome/120.0.0.0 Safari/537.36"
52.141.35.48 - - [27/Apr/2026:18:23:38 +0000] "GET /wp-includes/Requests/library/ HTTP/1.1" 404 11897 "-" "Mozilla/5.0 (Windows NT 10.0; Win64; x64) AppleWebKit/537.36 (KHTML, like Gecko) Chrome/120.0.0.0 Safari/537.36"
184.94.212.206 - - [27/Apr/2026:18:23:42 +0000] "POST /wp-cron.php?doing_wp_cron=1777314222.0608448982238769531250 HTTP/1.1" 200 - "-" "WordPress/6.9.4; https://the-muscle-building.info"
52.141.35.48 - - [27/Apr/2026:18:23:40 +0000] "GET /wp-admin/js/ HTTP/1.1" 404 11897 "-" "Mozilla/5.0 (Windows NT 10.0; Win64; x64) AppleWebKit/537.36 (KHTML, like Gecko) Chrome/120.0.0.0 Safari/537.36"
52.141.35.48 - - [27/Apr/2026:18:23:42 +0000] "GET /wso.php HTTP/1.1" 404 11897 "-" "Mozilla/5.0 (Windows NT 10.0; Win64; x64) AppleWebKit/537.36 (KHTML, like Gecko) Chrome/120.0.0.0 Safari/537.36"
52.141.35.48 - - [27/Apr/2026:18:23:43 +0000] "GET /wp-includes/images/crystal/ HTTP/1.1" 404 11897 "-" "Mozilla/5.0 (Windows NT 10.0; Win64; x64) AppleWebKit/537.36 (KHTML, like Gecko) Chrome/120.0.0.0 Safari/537.36"
52.141.35.48 - - [27/Apr/2026:18:23:44 +0000] "GET /wp-file.php HTTP/1.1" 404 11897 "-" "Mozilla/5.0 (Windows NT 10.0; Win64; x64) AppleWebKit/537.36 (KHTML, like Gecko) Chrome/120.0.0.0 Safari/537.36"
52.141.35.48 - - [27/Apr/2026:18:23:45 +0000] "GET /adminfuns.php HTTP/1.1" 404 11897 "-" "Mozilla/5.0 (Windows NT 10.0; Win64; x64) AppleWebKit/537.36 (KHTML, like Gecko) Chrome/120.0.0.0 Safari/537.36"
52.141.35.48 - - [27/Apr/2026:18:23:46 +0000] "GET /wk/index.php HTTP/1.1" 301 - "-" "Mozilla/5.0 (Windows NT 10.0; Win64; x64) AppleWebKit/537.36 (KHTML, like Gecko) Chrome/120.0.0.0 Safari/537.36"
52.141.35.48 - - [27/Apr/2026:18:23:47 +0000] "GET /wp-admin.php HTTP/1.1" 404 11897 "-" "Mozilla/5.0 (Windows NT 10.0; Win64; x64) AppleWebKit/537.36 (KHTML, like Gecko) Chrome/120.0.0.0 Safari/537.36"
52.141.35.48 - - [27/Apr/2026:18:23:49 +0000] "GET /wp-content/themes/admin.php HTTP/1.1" 404 11897 "-" "Mozilla/5.0 (Windows NT 10.0; Win64; x64) AppleWebKit/537.36 (KHTML, like Gecko) Chrome/120.0.0.0 Safari/537.36"
52.141.35.48 - - [27/Apr/2026:18:23:50 +0000] "GET /wp-includes/block-bindings/ HTTP/1.1" 404 11897 "-" "Mozilla/5.0 (Windows NT 10.0; Win64; x64) AppleWebKit/537.36 (KHTML, like Gecko) Chrome/120.0.0.0 Safari/537.36"
52.141.35.48 - - [27/Apr/2026:18:23:51 +0000] "GET /xmrlpc.php HTTP/1.1" 404 11897 "-" "Mozilla/5.0 (Windows NT 10.0; Win64; x64) AppleWebKit/537.36 (KHTML, like Gecko) Chrome/120.0.0.0 Safari/537.36"
52.141.35.48 - - [27/Apr/2026:18:23:52 +0000] "GET /wp-includes/SimplePie/about.php HTTP/1.1" 404 11897 "-" "Mozilla/5.0 (Windows NT 10.0; Win64; x64) AppleWebKit/537.36 (KHTML, like Gecko) Chrome/120.0.0.0 Safari/537.36"
52.141.35.48 - - [27/Apr/2026:18:23:53 +0000] "GET /wp-admin/file.php HTTP/1.1" 404 11897 "-" "Mozilla/5.0 (Windows NT 10.0; Win64; x64) AppleWebKit/537.36 (KHTML, like Gecko) Chrome/120.0.0.0 Safari/537.36"
52.141.35.48 - - [27/Apr/2026:18:23:55 +0000] "GET /wp-includes/rest-api/fields/ HTTP/1.1" 404 11897 "-" "Mozilla/5.0 (Windows NT 10.0; Win64; x64) AppleWebKit/537.36 (KHTML, like Gecko) Chrome/120.0.0.0 Safari/537.36"
52.141.35.48 - - [27/Apr/2026:18:23:56 +0000] "GET /atomlib.php HTTP/1.1" 404 11897 "-" "Mozilla/5.0 (Windows NT 10.0; Win64; x64) AppleWebKit/537.36 (KHTML, like Gecko) Chrome/120.0.0.0 Safari/537.36"
52.141.35.48 - - [27/Apr/2026:18:23:57 +0000] "GET /css/index.php HTTP/1.1" 301 - "-" "Mozilla/5.0 (Windows NT 10.0; Win64; x64) AppleWebKit/537.36 (KHTML, like Gecko) Chrome/120.0.0.0 Safari/537.36"
52.141.35.48 - - [27/Apr/2026:18:23:58 +0000] "GET /wp-content/et-cache/ HTTP/1.1" 404 11897 "-" "Mozilla/5.0 (Windows NT 10.0; Win64; x64) AppleWebKit/537.36 (KHTML, like Gecko) Chrome/120.0.0.0 Safari/537.36"
