184.94.212.206 - - [27/Apr/2026:21:00:59 +0000] "POST /wp-cron.php?doing_wp_cron=1777323659.0070419311523437500000 HTTP/1.1" 200 - "-" "WordPress/6.9.4; https://the-muscle-building.info"
135.236.141.8 - - [27/Apr/2026:21:00:57 +0000] "GET /wp-login.php HTTP/1.1" 200 1918 "-" "Mozilla/5.0 (compatible; MSIE 10.0; Windows NT 10.0; WOW64; Trident/7.0)"
135.236.141.8 - - [27/Apr/2026:21:00:59 +0000] "POST /wp-login.php HTTP/1.1" 200 2018 "https://the-muscle-building.primemusicproductions.com/wp-login.php" "Mozilla/5.0 (compatible; MSIE 10.0; Windows NT 10.0; WOW64; Trident/7.0)"
184.94.212.206 - - [27/Apr/2026:21:02:36 +0000] "POST /wp-cron.php?doing_wp_cron=1777323756.7884650230407714843750 HTTP/1.1" 200 - "-" "WordPress/6.9.4; https://the-muscle-building.info"
103.28.36.220 - - [27/Apr/2026:21:02:35 +0000] "GET /wp-login.php HTTP/1.1" 200 1918 "-" "Mozilla/4.0 (compatible; MSIE 7.0; Windows NT 6.2; Trident/7.0; .NET4.0C; .NET4.0E)"
103.28.36.220 - - [27/Apr/2026:21:02:37 +0000] "POST /wp-login.php HTTP/1.1" 200 2018 "https://the-muscle-building.info/wp-login.php" "Mozilla/4.0 (compatible; MSIE 7.0; Windows NT 6.2; Trident/7.0; .NET4.0C; .NET4.0E)"
184.94.212.206 - - [27/Apr/2026:21:12:54 +0000] "POST /wp-cron.php?doing_wp_cron=1777324374.0582649707794189453125 HTTP/1.1" 200 - "-" "WordPress/6.9.4; https://the-muscle-building.info"
45.129.231.10 - - [27/Apr/2026:21:12:52 +0000] "GET / HTTP/1.1" 200 14619 "-" "Mozilla/5.0 (Windows NT 10.0; Win64; x64; rv:103.0) Gecko/20100101 Firefox/103.0"
184.94.212.206 - - [27/Apr/2026:21:14:06 +0000] "POST /wp-cron.php?doing_wp_cron=1777324446.8994529247283935546875 HTTP/1.1" 200 - "-" "WordPress/6.9.4; https://the-muscle-building.info"
45.129.231.10 - - [27/Apr/2026:21:14:04 +0000] "GET /wp-content/plugins/wp-autosuggest/autosuggest.php?wpas_action=query&wpas_keys=1%27%29%2F%2A%2A%2FAND%2F%2A%2A%2F%28SELECT%2F%2A%2A%2F5202%2F%2A%2A%2FFROM%2F%2A%2A%2F%28SELECT%28SLEEP%286%29%29%29yRVR%29%2F%2A%2A%2FAND%2F%2A%2A%2F%28%27dwQZ%27%2F%2A%2A%2FLIKE%2F%2A%2A%2F%27dwQZ HTTP/1.1" 404 11897 "-" "Mozilla/5.0 (Debian; Linux i686) AppleWebKit/537.36 (KHTML, like Gecko) Chrome/137.0.0.0 Safari/537.36"
184.94.212.206 - - [27/Apr/2026:21:15:04 +0000] "POST /wp-cron.php?doing_wp_cron=1777324504.7912399768829345703125 HTTP/1.1" 200 - "-" "WordPress/6.9.4; https://the-muscle-building.info"
178.236.185.165 - - [27/Apr/2026:21:15:03 +0000] "GET /wp-login.php HTTP/1.1" 200 1918 "-" "Mozilla/5.0 (Windows NT 6.3; WOW64; Trident/7.0; Touch; rv:11.0) like Gecko"
178.236.185.165 - - [27/Apr/2026:21:15:05 +0000] "POST /wp-login.php HTTP/1.1" 200 2018 "https://the-muscle-building.primemusicproductions.com/wp-login.php" "Mozilla/5.0 (Windows NT 6.3; WOW64; Trident/7.0; Touch; rv:11.0) like Gecko"
184.94.212.206 - - [27/Apr/2026:21:16:23 +0000] "POST /wp-cron.php?doing_wp_cron=1777324583.2738440036773681640625 HTTP/1.1" 200 - "-" "WordPress/6.9.4; https://the-muscle-building.info"
45.117.169.86 - - [27/Apr/2026:21:16:21 +0000] "GET /wp-login.php HTTP/1.1" 200 1918 "-" "Mozilla/5.0 (Windows NT 6.3; Win64; x64; Trident/7.0; MALNJS; rv:11.0) like Gecko"
45.117.169.86 - - [27/Apr/2026:21:16:24 +0000] "POST /wp-login.php HTTP/1.1" 200 2018 "https://the-muscle-building.info/wp-login.php" "Mozilla/5.0 (Windows NT 6.3; Win64; x64; Trident/7.0; MALNJS; rv:11.0) like Gecko"
184.94.212.206 - - [27/Apr/2026:21:17:50 +0000] "POST /wp-cron.php?doing_wp_cron=1777324670.1518239974975585937500 HTTP/1.1" 200 - "-" "WordPress/6.9.4; https://the-muscle-building.info"
146.174.186.236 - - [27/Apr/2026:21:17:48 +0000] "GET /wp-sitemap-posts-post-1.xml HTTP/1.1" 200 303 "-" "Mozilla/5.0 (Macintosh; Intel Mac OS X 13_5_1) AppleWebKit/537.36 (KHTML, like Gecko) Chrome/125.0.6422.60 Safari/537.36"
184.94.212.206 - - [27/Apr/2026:21:22:13 +0000] "POST /wp-cron.php?doing_wp_cron=1777324933.9363849163055419921875 HTTP/1.1" 200 - "-" "WordPress/6.9.4; https://the-muscle-building.info"
45.129.231.10 - - [27/Apr/2026:21:22:12 +0000] "POST /wp-admin/admin-ajax.php HTTP/1.1" 400 21 "-" "Mozilla/5.0 (Macintosh; Intel Mac OS X 10_15_7) AppleWebKit/605.1.15 (KHTML, like Gecko) Version/17.1 Safari/605.1.15"
45.129.231.10 - - [27/Apr/2026:21:22:16 +0000] "POST /wp-admin/admin-ajax.php?+config-create+/&/<?=base64_decode($_GET[0])?>+/tmp/3Cq0fWHij3oHblhP6UNl2ehmaKZ.php HTTP/1.1" 400 21 "-" "Mozilla/5.0 (Macintosh; Intel Mac OS X 15_0_0) AppleWebKit/605.1.15 (KHTML, like Gecko) Version/19.0 Safari/605.1.15"
45.129.231.10 - - [27/Apr/2026:21:22:22 +0000] "POST /wp-admin/admin-ajax.php?0=M0NxMGZRekt3aGc2RWRYZ1o2ZVFOdGNUSzBQ HTTP/1.1" 400 21 "-" "Mozilla/5.0 (Macintosh; Intel Mac OS X 10_15_7) AppleWebKit/537.36 (KHTML, like Gecko) Chrome/126.0.0.0 Safari/537.36"
184.94.212.206 - - [27/Apr/2026:21:23:12 +0000] "POST /wp-cron.php?doing_wp_cron=1777324992.3157858848571777343750 HTTP/1.1" 200 - "-" "WordPress/6.9.4; https://the-muscle-building.info"
45.129.231.10 - - [27/Apr/2026:21:23:10 +0000] "GET /wp-content/plugins/google-mp3-audio-player/direct_download.php?file=../../wp-config.php HTTP/1.1" 404 11897 "-" "Mozilla/5.0 (Macintosh; Intel Mac OS X 10_13_5) AppleWebKit/605.1.15 (KHTML, like Gecko) Version/11.1.1 Safari/605.1.15"
184.94.212.206 - - [27/Apr/2026:21:24:54 +0000] "POST /wp-cron.php?doing_wp_cron=1777325094.3758969306945800781250 HTTP/1.1" 200 - "-" "WordPress/6.9.4; https://the-muscle-building.info"
45.129.231.10 - - [27/Apr/2026:21:24:52 +0000] "POST /wp-content/plugins/ait-csv-import-export/admin/upload-handler.php HTTP/1.1" 404 11897 "-" "Mozilla/5.0 (Macintosh; Intel Mac OS X 10_15_7) AppleWebKit/537.36 (KHTML, like Gecko) Chrome/120.0.0.0 Safari/537.36"
45.129.231.10 - - [27/Apr/2026:21:24:58 +0000] "GET /wp-content/uploads/3Cq0fSK2y45nEsmIB1KEgU5G3Lj.php HTTP/1.1" 404 11897 "-" "Mozilla/5.0 (Windows NT 6.3; Win64; x64; rv:109.0) Gecko/20100101 Firefox/112.0"
184.94.212.206 - - [27/Apr/2026:21:25:52 +0000] "POST /wp-cron.php?doing_wp_cron=1777325152.4723269939422607421875 HTTP/1.1" 200 - "-" "WordPress/6.9.4; https://the-muscle-building.info"
178.156.226.52 - - [27/Apr/2026:21:25:51 +0000] "HEAD / HTTP/1.1" 200 - "-" "Mozilla/5.0 (Macintosh; Intel Mac OS X 10_15_7) AppleWebKit/605.1.15 (KHTML, like Gecko) Version/18.0 Safari/605.1.15"
178.156.226.52 - - [27/Apr/2026:21:26:01 +0000] "GET / HTTP/1.1" 206 14619 "-" "Mozilla/5.0 (Macintosh; Intel Mac OS X 10_15_7) AppleWebKit/605.1.15 (KHTML, like Gecko) Version/18.0 Safari/605.1.15"
184.94.212.206 - - [27/Apr/2026:21:31:12 +0000] "POST /wp-cron.php?doing_wp_cron=1777325472.0064799785614013671875 HTTP/1.1" 200 - "-" "WordPress/6.9.4; https://the-muscle-building.info"
57.141.18.83 - - [27/Apr/2026:21:31:09 +0000] "GET /wp-sitemap-posts-post-1.xml HTTP/1.1" 200 633 "-" "meta-externalagent/1.1 (+https://developers.facebook.com/docs/sharing/webmasters/crawler)"
184.94.212.206 - - [27/Apr/2026:21:36:41 +0000] "POST /wp-cron.php?doing_wp_cron=1777325801.3254060745239257812500 HTTP/1.1" 200 - "-" "WordPress/6.9.4; https://the-muscle-building.info"
216.73.216.119 - - [27/Apr/2026:21:36:39 +0000] "GET /robots.txt HTTP/1.1" 200 179 "-" "Mozilla/5.0 AppleWebKit/537.36 (KHTML, like Gecko; compatible; ClaudeBot/1.0; +claudebot@anthropic.com)"
216.73.216.119 - - [27/Apr/2026:21:36:41 +0000] "GET /wp-sitemap.xml HTTP/1.1" 200 246 "-" "Mozilla/5.0 AppleWebKit/537.36 (KHTML, like Gecko; compatible; ClaudeBot/1.0; +claudebot@anthropic.com)"
51.68.111.243 - - [27/Apr/2026:21:37:23 +0000] "GET /robots.txt HTTP/1.1" 200 179 "-" "Mozilla/5.0 (compatible; MJ12bot/v2.0.5; http://mj12bot.com/)"
51.68.111.243 - - [27/Apr/2026:21:37:24 +0000] "GET / HTTP/1.1" 403 14619 "-" "Mozilla/5.0 (compatible; MJ12bot/v2.0.5; http://mj12bot.com/)"
184.94.212.206 - - [27/Apr/2026:21:42:49 +0000] "POST /wp-cron.php?doing_wp_cron=1777326169.3945500850677490234375 HTTP/1.1" 200 - "-" "WordPress/6.9.4; https://the-muscle-building.info"
103.216.117.42 - - [27/Apr/2026:21:42:47 +0000] "GET /wp-login.php HTTP/1.1" 200 1918 "-" "Mozilla/4.0 (compatible; MSIE 7.0; Windows NT 6.2; WOW64; Trident/7.0; .NET4.0C; .NET4.0E; .NET CLR 2.0.50727; .NET CLR 3.0.30729; .NET CLR 3.5.30729; InfoPath.2)"
103.216.117.42 - - [27/Apr/2026:21:42:49 +0000] "POST /wp-login.php HTTP/1.1" 200 2018 "https://the-muscle-building.primemusicproductions.com/wp-login.php" "Mozilla/4.0 (compatible; MSIE 7.0; Windows NT 6.2; WOW64; Trident/7.0; .NET4.0C; .NET4.0E; .NET CLR 2.0.50727; .NET CLR 3.0.30729; .NET CLR 3.5.30729; InfoPath.2)"
184.94.212.206 - - [27/Apr/2026:21:44:33 +0000] "POST /wp-cron.php?doing_wp_cron=1777326273.5144538879394531250000 HTTP/1.1" 200 - "-" "WordPress/6.9.4; https://the-muscle-building.info"
47.163.39.246 - - [27/Apr/2026:21:44:32 +0000] "GET /wp-login.php HTTP/1.1" 200 1918 "-" "Mozilla/5.0 (Windows NT 10.0; WOW64) AppleWebKit/537.36 (KHTML, like Gecko) Chrome/67.0.3396.62 Safari/537.36"
47.163.39.246 - - [27/Apr/2026:21:44:33 +0000] "POST /wp-login.php HTTP/1.1" 200 2018 "https://the-muscle-building.primemusicproductions.com/wp-login.php" "Mozilla/5.0 (Windows NT 10.0; WOW64) AppleWebKit/537.36 (KHTML, like Gecko) Chrome/67.0.3396.62 Safari/537.36"
184.94.212.206 - - [27/Apr/2026:21:46:16 +0000] "POST /wp-cron.php?doing_wp_cron=1777326376.1747899055480957031250 HTTP/1.1" 200 - "-" "WordPress/6.9.4; https://the-muscle-building.info"
114.119.148.14 - - [27/Apr/2026:21:46:13 +0000] "GET /author/calisthenics HTTP/1.1" 301 - "https://the-muscle-building.info/2020/04/08/5-reasons-why-you-should-not-over-train" "Mozilla/5.0 (Linux; Android 7.0;) AppleWebKit/537.36 (HTML, like Gecko) Mobile Safari/537.36 (compatible; PetalBot;+https://webmaster.petalsearch.com/site/petalbot)"
114.119.148.14 - - [27/Apr/2026:21:46:16 +0000] "GET /author/calisthenics/ HTTP/1.1" 200 12995 "https://the-muscle-building.info/2020/04/08/5-reasons-why-you-should-not-over-train" "Mozilla/5.0 (Linux; Android 7.0;) AppleWebKit/537.36 (HTML, like Gecko) Mobile Safari/537.36 (compatible; PetalBot;+https://webmaster.petalsearch.com/site/petalbot)"
184.94.212.206 - - [27/Apr/2026:21:46:30 +0000] "POST /wp-cron.php?doing_wp_cron=1777326390.6887528896331787109375 HTTP/1.1" 200 - "-" "WordPress/6.9.4; https://the-muscle-building.info"
159.100.13.237 - - [27/Apr/2026:21:46:29 +0000] "GET /wp-login.php HTTP/1.1" 200 1918 "-" "Mozilla/4.0 (compatible; MSIE 7.0; Windows NT 6.2; WOW64; Trident/7.0; .NET4.0C; .NET4.0E; .NET CLR 2.0.50727; .NET CLR 3.0.30729; .NET CLR 3.5.30729; Tablet PC 2.0)"
159.100.13.237 - - [27/Apr/2026:21:46:30 +0000] "POST /wp-login.php HTTP/1.1" 200 2018 "https://the-muscle-building.info/wp-login.php" "Mozilla/4.0 (compatible; MSIE 7.0; Windows NT 6.2; WOW64; Trident/7.0; .NET4.0C; .NET4.0E; .NET CLR 2.0.50727; .NET CLR 3.0.30729; .NET CLR 3.5.30729; Tablet PC 2.0)"
184.94.212.206 - - [27/Apr/2026:21:48:57 +0000] "POST /wp-cron.php?doing_wp_cron=1777326537.1332869529724121093750 HTTP/1.1" 200 - "-" "WordPress/6.9.4; https://the-muscle-building.info"
45.129.231.10 - - [27/Apr/2026:21:48:55 +0000] "GET /wp-admin/admin-post.php?swp_debug=load_options&swp_url=<pre>system('cat HTTP/1.1" 200 - "-" "Mozilla/5.0 (X11; Linux x86_64; rv:91.0) Gecko/20100101 Firefox/91.0"
45.129.231.10 - - [27/Apr/2026:21:49:02 +0000] "GET / HTTP/1.1" 200 14619 "-" "Mozilla/5.0 (Windows NT 10.0; Win64; x64; rv:101.0) Gecko/20100101 Firefox/101.0"
184.94.212.206 - - [27/Apr/2026:21:50:04 +0000] "POST /wp-cron.php?doing_wp_cron=1777326604.6420030593872070312500 HTTP/1.1" 200 - "-" "WordPress/6.9.4; https://the-muscle-building.info"
45.129.231.10 - - [27/Apr/2026:21:50:02 +0000] "GET /wp-content/plugins/smart-manager-for-wp-e-commerce/readme.txt HTTP/1.1" 404 11897 "-" "Mozilla/5.0 (Windows NT 10.0; Win64; x64; rv:90.0) Gecko/20100101 Firefox/90.0"
45.129.231.10 - - [27/Apr/2026:21:50:06 +0000] "POST /wp-content/plugins/smart-manager-for-wp-e-commerce/sm/woo-json.php HTTP/1.1" 404 11897 "-" "Mozilla/5.0 (Knoppix; Linux x86_64) AppleWebKit/537.36 (KHTML, like Gecko) Chrome/129.0.0.0 Safari/537.36"
3.110.254.12 - - [27/Apr/2026:21:50:39 +0000] "GET /wp-login.php HTTP/1.1" 200 1918 "-" "Mozilla/4.0 (compatible; MSIE 7.0; Windows NT 6.1; WOW64; Trident/7.0; SLCC2; .NET CLR 2.0.50727; .NET CLR 3.5.30729; .NET CLR 3.0.30729; Media Center PC 6.0; .NET4.0C; .NET4.0E; ms-office)"
184.94.212.206 - - [27/Apr/2026:21:50:41 +0000] "POST /wp-cron.php?doing_wp_cron=1777326641.7780239582061767578125 HTTP/1.1" 200 - "-" "WordPress/6.9.4; https://the-muscle-building.info"
3.110.254.12 - - [27/Apr/2026:21:50:40 +0000] "POST /wp-login.php HTTP/1.1" 200 2018 "https://the-muscle-building.info/wp-login.php" "Mozilla/4.0 (compatible; MSIE 7.0; Windows NT 6.1; WOW64; Trident/7.0; SLCC2; .NET CLR 2.0.50727; .NET CLR 3.5.30729; .NET CLR 3.0.30729; Media Center PC 6.0; .NET4.0C; .NET4.0E; ms-office)"
184.94.212.206 - - [27/Apr/2026:21:51:51 +0000] "POST /wp-cron.php?doing_wp_cron=1777326711.2705121040344238281250 HTTP/1.1" 200 - "-" "WordPress/6.9.4; https://the-muscle-building.info"
54.158.7.215 - - [27/Apr/2026:21:51:49 +0000] "GET /robots.txt HTTP/1.1" 200 179 "-" "Mozilla/5.0 (Macintosh; Intel Mac OS X 10_10_1) AppleWebKit/600.2.5 (KHTML, like Gecko) Version/8.0.2 Safari/600.2.5 (Gort)"
184.94.212.206 - - [27/Apr/2026:21:56:12 +0000] "POST /wp-cron.php?doing_wp_cron=1777326972.2955539226531982421875 HTTP/1.1" 200 - "-" "WordPress/6.9.4; https://the-muscle-building.info"
20.255.80.192 - - [27/Apr/2026:21:56:10 +0000] "GET /inputs.php HTTP/1.1" 404 11897 "-" "Mozilla/5.0 (Windows NT 10.0; Win64; x64) AppleWebKit/537.36 (KHTML, like Gecko) Chrome/120.0.0.0 Safari/537.36"
20.255.80.192 - - [27/Apr/2026:21:56:12 +0000] "GET /ioxi-o.php HTTP/1.1" 404 11897 "-" "Mozilla/5.0 (Windows NT 10.0; Win64; x64) AppleWebKit/537.36 (KHTML, like Gecko) Chrome/120.0.0.0 Safari/537.36"
20.255.80.192 - - [27/Apr/2026:21:56:13 +0000] "GET /function/function.php HTTP/1.1" 404 11897 "-" "Mozilla/5.0 (Windows NT 10.0; Win64; x64) AppleWebKit/537.36 (KHTML, like Gecko) Chrome/120.0.0.0 Safari/537.36"
20.255.80.192 - - [27/Apr/2026:21:56:14 +0000] "GET /rip.php HTTP/1.1" 404 11897 "-" "Mozilla/5.0 (Windows NT 10.0; Win64; x64) AppleWebKit/537.36 (KHTML, like Gecko) Chrome/120.0.0.0 Safari/537.36"
20.255.80.192 - - [27/Apr/2026:21:56:16 +0000] "GET /admin.php HTTP/1.1" 404 11897 "-" "Mozilla/5.0 (Windows NT 10.0; Win64; x64) AppleWebKit/537.36 (KHTML, like Gecko) Chrome/120.0.0.0 Safari/537.36"
20.255.80.192 - - [27/Apr/2026:21:56:17 +0000] "GET /wp-content/uploads/index.php HTTP/1.1" 301 - "-" "Mozilla/5.0 (Windows NT 10.0; Win64; x64) AppleWebKit/537.36 (KHTML, like Gecko) Chrome/120.0.0.0 Safari/537.36"
20.255.80.192 - - [27/Apr/2026:21:56:18 +0000] "GET /cache.php HTTP/1.1" 404 11897 "-" "Mozilla/5.0 (Windows NT 10.0; Win64; x64) AppleWebKit/537.36 (KHTML, like Gecko) Chrome/120.0.0.0 Safari/537.36"
20.255.80.192 - - [27/Apr/2026:21:56:19 +0000] "GET /themes.php HTTP/1.1" 404 11897 "-" "Mozilla/5.0 (Windows NT 10.0; Win64; x64) AppleWebKit/537.36 (KHTML, like Gecko) Chrome/120.0.0.0 Safari/537.36"
20.255.80.192 - - [27/Apr/2026:21:56:20 +0000] "GET /an.php HTTP/1.1" 404 11897 "-" "Mozilla/5.0 (Windows NT 10.0; Win64; x64) AppleWebKit/537.36 (KHTML, like Gecko) Chrome/120.0.0.0 Safari/537.36"
20.255.80.192 - - [27/Apr/2026:21:56:22 +0000] "GET /index/function.php HTTP/1.1" 404 11897 "-" "Mozilla/5.0 (Windows NT 10.0; Win64; x64) AppleWebKit/537.36 (KHTML, like Gecko) Chrome/120.0.0.0 Safari/537.36"
20.255.80.192 - - [27/Apr/2026:21:56:24 +0000] "GET /randkeyword.PhP7 HTTP/1.1" 404 11897 "-" "Mozilla/5.0 (Windows NT 10.0; Win64; x64) AppleWebKit/537.36 (KHTML, like Gecko) Chrome/120.0.0.0 Safari/537.36"
20.255.80.192 - - [27/Apr/2026:21:56:25 +0000] "GET /ws.php HTTP/1.1" 404 11897 "-" "Mozilla/5.0 (Windows NT 10.0; Win64; x64) AppleWebKit/537.36 (KHTML, like Gecko) Chrome/120.0.0.0 Safari/537.36"
20.255.80.192 - - [27/Apr/2026:21:56:26 +0000] "GET /404.php HTTP/1.1" 404 11897 "-" "Mozilla/5.0 (Windows NT 10.0; Win64; x64) AppleWebKit/537.36 (KHTML, like Gecko) Chrome/120.0.0.0 Safari/537.36"
20.255.80.192 - - [27/Apr/2026:21:56:27 +0000] "GET /wp-admin/user.php HTTP/1.1" 404 11897 "-" "Mozilla/5.0 (Windows NT 10.0; Win64; x64) AppleWebKit/537.36 (KHTML, like Gecko) Chrome/120.0.0.0 Safari/537.36"
20.255.80.192 - - [27/Apr/2026:21:56:28 +0000] "GET /wp-conf.php HTTP/1.1" 404 11897 "-" "Mozilla/5.0 (Windows NT 10.0; Win64; x64) AppleWebKit/537.36 (KHTML, like Gecko) Chrome/120.0.0.0 Safari/537.36"
20.255.80.192 - - [27/Apr/2026:21:56:29 +0000] "GET /wp-content/themes/hideo/network.php HTTP/1.1" 404 11897 "-" "Mozilla/5.0 (Windows NT 10.0; Win64; x64) AppleWebKit/537.36 (KHTML, like Gecko) Chrome/120.0.0.0 Safari/537.36"
20.255.80.192 - - [27/Apr/2026:21:56:30 +0000] "GET /wp-login.php HTTP/1.1" 200 1918 "-" "Mozilla/5.0 (Windows NT 10.0; Win64; x64) AppleWebKit/537.36 (KHTML, like Gecko) Chrome/120.0.0.0 Safari/537.36"
20.255.80.192 - - [27/Apr/2026:21:56:31 +0000] "GET /abc.php HTTP/1.1" 404 11897 "-" "Mozilla/5.0 (Windows NT 10.0; Win64; x64) AppleWebKit/537.36 (KHTML, like Gecko) Chrome/120.0.0.0 Safari/537.36"
20.255.80.192 - - [27/Apr/2026:21:56:33 +0000] "GET /abcd.php HTTP/1.1" 404 11897 "-" "Mozilla/5.0 (Windows NT 10.0; Win64; x64) AppleWebKit/537.36 (KHTML, like Gecko) Chrome/120.0.0.0 Safari/537.36"
20.255.80.192 - - [27/Apr/2026:21:56:34 +0000] "GET /as.php HTTP/1.1" 404 11897 "-" "Mozilla/5.0 (Windows NT 10.0; Win64; x64) AppleWebKit/537.36 (KHTML, like Gecko) Chrome/120.0.0.0 Safari/537.36"
20.255.80.192 - - [27/Apr/2026:21:56:35 +0000] "GET /wp-trackback.php HTTP/1.1" 404 130 "-" "Mozilla/5.0 (Windows NT 10.0; Win64; x64) AppleWebKit/537.36 (KHTML, like Gecko) Chrome/120.0.0.0 Safari/537.36"
20.255.80.192 - - [27/Apr/2026:21:56:36 +0000] "GET /about.php HTTP/1.1" 404 11897 "-" "Mozilla/5.0 (Windows NT 10.0; Win64; x64) AppleWebKit/537.36 (KHTML, like Gecko) Chrome/120.0.0.0 Safari/537.36"
20.255.80.192 - - [27/Apr/2026:21:56:37 +0000] "GET /file.php HTTP/1.1" 404 11897 "-" "Mozilla/5.0 (Windows NT 10.0; Win64; x64) AppleWebKit/537.36 (KHTML, like Gecko) Chrome/120.0.0.0 Safari/537.36"
20.255.80.192 - - [27/Apr/2026:21:56:38 +0000] "GET /adminfuns.php HTTP/1.1" 404 11897 "-" "Mozilla/5.0 (Windows NT 10.0; Win64; x64) AppleWebKit/537.36 (KHTML, like Gecko) Chrome/120.0.0.0 Safari/537.36"
20.255.80.192 - - [27/Apr/2026:21:56:39 +0000] "GET /wp-good.php HTTP/1.1" 404 11897 "-" "Mozilla/5.0 (Windows NT 10.0; Win64; x64) AppleWebKit/537.36 (KHTML, like Gecko) Chrome/120.0.0.0 Safari/537.36"
184.94.212.206 - - [27/Apr/2026:21:56:42 +0000] "POST /wp-cron.php?doing_wp_cron=1777327002.1257009506225585937500 HTTP/1.1" 200 - "-" "WordPress/6.9.4; https://the-muscle-building.info"
20.255.80.192 - - [27/Apr/2026:21:56:41 +0000] "GET /xmlrpc.php HTTP/1.1" 404 11897 "-" "Mozilla/5.0 (Windows NT 10.0; Win64; x64) AppleWebKit/537.36 (KHTML, like Gecko) Chrome/120.0.0.0 Safari/537.36"
20.255.80.192 - - [27/Apr/2026:21:56:42 +0000] "GET /goods.php HTTP/1.1" 404 11897 "-" "Mozilla/5.0 (Windows NT 10.0; Win64; x64) AppleWebKit/537.36 (KHTML, like Gecko) Chrome/120.0.0.0 Safari/537.36"
20.255.80.192 - - [27/Apr/2026:21:56:43 +0000] "GET /class-t.api.php HTTP/1.1" 404 11897 "-" "Mozilla/5.0 (Windows NT 10.0; Win64; x64) AppleWebKit/537.36 (KHTML, like Gecko) Chrome/120.0.0.0 Safari/537.36"
20.255.80.192 - - [27/Apr/2026:21:56:44 +0000] "GET /sf.php HTTP/1.1" 404 11897 "-" "Mozilla/5.0 (Windows NT 10.0; Win64; x64) AppleWebKit/537.36 (KHTML, like Gecko) Chrome/120.0.0.0 Safari/537.36"
20.255.80.192 - - [27/Apr/2026:21:56:45 +0000] "GET /kbfr.php HTTP/1.1" 404 11897 "-" "Mozilla/5.0 (Windows NT 10.0; Win64; x64) AppleWebKit/537.36 (KHTML, like Gecko) Chrome/120.0.0.0 Safari/537.36"
20.255.80.192 - - [27/Apr/2026:21:56:47 +0000] "GET /autoload_classmap.php HTTP/1.1" 404 11897 "-" "Mozilla/5.0 (Windows NT 10.0; Win64; x64) AppleWebKit/537.36 (KHTML, like Gecko) Chrome/120.0.0.0 Safari/537.36"
20.255.80.192 - - [27/Apr/2026:21:56:48 +0000] "GET /chosen.php?p= HTTP/1.1" 301 - "-" "Mozilla/5.0 (Windows NT 10.0; Win64; x64) AppleWebKit/537.36 (KHTML, like Gecko) Chrome/120.0.0.0 Safari/537.36"
20.255.80.192 - - [27/Apr/2026:21:56:49 +0000] "GET /classwithtostring.php HTTP/1.1" 404 11897 "-" "Mozilla/5.0 (Windows NT 10.0; Win64; x64) AppleWebKit/537.36 (KHTML, like Gecko) Chrome/120.0.0.0 Safari/537.36"
20.255.80.192 - - [27/Apr/2026:21:56:50 +0000] "GET /defaults.php HTTP/1.1" 404 11897 "-" "Mozilla/5.0 (Windows NT 10.0; Win64; x64) AppleWebKit/537.36 (KHTML, like Gecko) Chrome/120.0.0.0 Safari/537.36"
20.255.80.192 - - [27/Apr/2026:21:56:51 +0000] "GET /.well-known/ HTTP/1.1" 404 11897 "-" "Mozilla/5.0 (Windows NT 10.0; Win64; x64) AppleWebKit/537.36 (KHTML, like Gecko) Chrome/120.0.0.0 Safari/537.36"
20.255.80.192 - - [27/Apr/2026:21:56:52 +0000] "GET /info.php HTTP/1.1" 404 11897 "-" "Mozilla/5.0 (Windows NT 10.0; Win64; x64) AppleWebKit/537.36 (KHTML, like Gecko) Chrome/120.0.0.0 Safari/537.36"
20.255.80.192 - - [27/Apr/2026:21:56:53 +0000] "GET /cgi-bin/ HTTP/1.1" 404 11897 "-" "Mozilla/5.0 (Windows NT 10.0; Win64; x64) AppleWebKit/537.36 (KHTML, like Gecko) Chrome/120.0.0.0 Safari/537.36"
20.255.80.192 - - [27/Apr/2026:21:56:55 +0000] "GET /wp-includes/Requests/src/Response/about.php HTTP/1.1" 404 11897 "-" "Mozilla/5.0 (Windows NT 10.0; Win64; x64) AppleWebKit/537.36 (KHTML, like Gecko) Chrome/120.0.0.0 Safari/537.36"
20.255.80.192 - - [27/Apr/2026:21:56:56 +0000] "GET /wp-includes/html-api/ HTTP/1.1" 404 11897 "-" "Mozilla/5.0 (Windows NT 10.0; Win64; x64) AppleWebKit/537.36 (KHTML, like Gecko) Chrome/120.0.0.0 Safari/537.36"
20.255.80.192 - - [27/Apr/2026:21:56:57 +0000] "GET /wp-content/admin.php HTTP/1.1" 404 11897 "-" "Mozilla/5.0 (Windows NT 10.0; Win64; x64) AppleWebKit/537.36 (KHTML, like Gecko) Chrome/120.0.0.0 Safari/537.36"
20.255.80.192 - - [27/Apr/2026:21:56:58 +0000] "GET /wp-admin/css/colors/ectoplasm/ HTTP/1.1" 404 11897 "-" "Mozilla/5.0 (Windows NT 10.0; Win64; x64) AppleWebKit/537.36 (KHTML, like Gecko) Chrome/120.0.0.0 Safari/537.36"
20.255.80.192 - - [27/Apr/2026:21:56:59 +0000] "GET /wp-content/uploads/ HTTP/1.1" 404 11897 "-" "Mozilla/5.0 (Windows NT 10.0; Win64; x64) AppleWebKit/537.36 (KHTML, like Gecko) Chrome/120.0.0.0 Safari/537.36"
20.255.80.192 - - [27/Apr/2026:21:57:00 +0000] "GET /wp-content/themes/admin.php HTTP/1.1" 404 11897 "-" "Mozilla/5.0 (Windows NT 10.0; Win64; x64) AppleWebKit/537.36 (KHTML, like Gecko) Chrome/120.0.0.0 Safari/537.36"
20.255.80.192 - - [27/Apr/2026:21:57:02 +0000] "GET /wp-content/themes/index.php HTTP/1.1" 200 - "-" "Mozilla/5.0 (Windows NT 10.0; Win64; x64) AppleWebKit/537.36 (KHTML, like Gecko) Chrome/120.0.0.0 Safari/537.36"
20.255.80.192 - - [27/Apr/2026:21:57:02 +0000] "GET /wp-content/plugins/index.php HTTP/1.1" 200 - "-" "Mozilla/5.0 (Windows NT 10.0; Win64; x64) AppleWebKit/537.36 (KHTML, like Gecko) Chrome/120.0.0.0 Safari/537.36"
20.255.80.192 - - [27/Apr/2026:21:57:02 +0000] "GET /wp-includes/PHPMailer/ HTTP/1.1" 404 11897 "-" "Mozilla/5.0 (Windows NT 10.0; Win64; x64) AppleWebKit/537.36 (KHTML, like Gecko) Chrome/120.0.0.0 Safari/537.36"
20.255.80.192 - - [27/Apr/2026:21:57:03 +0000] "GET /wp-includes/images/ HTTP/1.1" 404 11897 "-" "Mozilla/5.0 (Windows NT 10.0; Win64; x64) AppleWebKit/537.36 (KHTML, like Gecko) Chrome/120.0.0.0 Safari/537.36"
20.255.80.192 - - [27/Apr/2026:21:57:04 +0000] "GET /wp-content/plugins/WordPressCore/ HTTP/1.1" 404 11897 "-" "Mozilla/5.0 (Windows NT 10.0; Win64; x64) AppleWebKit/537.36 (KHTML, like Gecko) Chrome/120.0.0.0 Safari/537.36"
116.68.160.158 - - [27/Apr/2026:22:00:12 +0000] "POST /wp-comments-post.php HTTP/1.1" 302 - "-" "Mozilla/5.0 (Windows NT 10.0; Win64; x64) AppleWebKit/537.36 (KHTML, like Gecko) Chrome/120.0.0.0 Safari/537.36"
116.68.160.158 - - [27/Apr/2026:22:00:15 +0000] "POST /wp-comments-post.php HTTP/1.1" 429 1107 "-" "Mozilla/5.0 (Windows NT 10.0; Win64; x64) AppleWebKit/537.36 (KHTML, like Gecko) Chrome/120.0.0.0 Safari/537.36"
116.68.160.158 - - [27/Apr/2026:22:00:17 +0000] "POST /wp-comments-post.php HTTP/1.1" 429 1107 "-" "Mozilla/5.0 (Windows NT 10.0; Win64; x64) AppleWebKit/537.36 (KHTML, like Gecko) Chrome/120.0.0.0 Safari/537.36"
184.94.212.206 - - [27/Apr/2026:22:00:41 +0000] "POST /wp-cron.php?doing_wp_cron=1777327241.4824490547180175781250 HTTP/1.1" 200 - "-" "WordPress/6.9.4; https://the-muscle-building.info"
45.129.231.10 - - [27/Apr/2026:22:00:40 +0000] "GET / HTTP/1.1" 200 14619 "-" "Mozilla/5.0 (Windows NT 10.0; Win64; x64; rv:109.0) Gecko/20100101 Firefox/119.0"
184.94.212.206 - - [27/Apr/2026:22:06:27 +0000] "POST /wp-cron.php?doing_wp_cron=1777327587.0348689556121826171875 HTTP/1.1" 200 - "-" "WordPress/6.9.4; https://the-muscle-building.info"
109.199.96.209 - - [27/Apr/2026:22:06:25 +0000] "GET /wp-login.php HTTP/1.1" 200 1918 "-" "Mozilla/5.0 (Macintosh; Intel Mac OS X 10_13_4) AppleWebKit/537.36 (KHTML, like Gecko) Chrome/67.0.3396.62 Safari/537.36"
109.199.96.209 - - [27/Apr/2026:22:06:27 +0000] "POST /wp-login.php HTTP/1.1" 200 2018 "https://the-muscle-building.primemusicproductions.com/wp-login.php" "Mozilla/5.0 (Macintosh; Intel Mac OS X 10_13_4) AppleWebKit/537.36 (KHTML, like Gecko) Chrome/67.0.3396.62 Safari/537.36"
184.94.212.206 - - [27/Apr/2026:22:10:24 +0000] "POST /wp-cron.php?doing_wp_cron=1777327824.0053899288177490234375 HTTP/1.1" 200 - "-" "WordPress/6.9.4; https://the-muscle-building.info"
34.101.189.231 - - [27/Apr/2026:22:10:22 +0000] "GET /wp-login.php HTTP/1.1" 200 1918 "-" "Mozilla/4.0 (compatible; MSIE 7.0; Windows NT 6.2; Win64; x64; Trident/7.0; .NET4.0C; .NET4.0E; .NET CLR 2.0.50727; .NET CLR 3.0.30729; .NET CLR 3.5.30729; InfoPath.3)"
34.101.189.231 - - [27/Apr/2026:22:10:24 +0000] "POST /wp-login.php HTTP/1.1" 200 2018 "https://the-muscle-building.info/wp-login.php" "Mozilla/4.0 (compatible; MSIE 7.0; Windows NT 6.2; Win64; x64; Trident/7.0; .NET4.0C; .NET4.0E; .NET CLR 2.0.50727; .NET CLR 3.0.30729; .NET CLR 3.5.30729; InfoPath.3)"
184.94.212.206 - - [27/Apr/2026:22:14:02 +0000] "POST /wp-cron.php?doing_wp_cron=1777328042.2424530982971191406250 HTTP/1.1" 200 - "-" "WordPress/6.9.4; https://the-muscle-building.info"
204.76.203.27 - - [27/Apr/2026:22:14:00 +0000] "GET / HTTP/1.1" 301 - "-" "Mozilla/5.0 (Windows NT 10.0; Win64; x64) AppleWebKit/537.36 (KHTML, like Gecko) Chrome/147.0.0.0 Safari/537.36"
204.76.203.25 - - [27/Apr/2026:22:14:04 +0000] "GET / HTTP/1.1" 200 75708 "-" "Mozilla/5.0 (Windows NT 10.0; Win64; x64) AppleWebKit/537.36 (KHTML, like Gecko) Chrome/147.0.0.0 Safari/537.36"
88.151.32.195 - - [27/Apr/2026:22:14:12 +0000] "GET / HTTP/1.1" 200 12365 "-" "Mozilla/5.0 (X11; Linux x86_64) AppleWebKit/537.36 (KHTML, like Gecko) Chrome/136.0.0.0 Safari/537.36"
184.94.212.206 - - [27/Apr/2026:22:16:39 +0000] "POST /wp-cron.php?doing_wp_cron=1777328199.2544848918914794921875 HTTP/1.1" 200 - "-" "WordPress/6.9.4; https://the-muscle-building.info"
46.8.187.186 - - [27/Apr/2026:22:16:37 +0000] "GET /wp-login.php HTTP/1.1" 200 1918 "-" "Mozilla/5.0 (Windows NT 6.3; WOW64; Trident/7.0; Touch; MASMJS; rv:11.0) like Gecko"
46.8.187.186 - - [27/Apr/2026:22:16:39 +0000] "POST /wp-login.php HTTP/1.1" 200 2018 "https://the-muscle-building.info/wp-login.php" "Mozilla/5.0 (Windows NT 6.3; WOW64; Trident/7.0; Touch; MASMJS; rv:11.0) like Gecko"
184.94.212.206 - - [27/Apr/2026:22:19:08 +0000] "POST /wp-cron.php?doing_wp_cron=1777328348.6626310348510742187500 HTTP/1.1" 200 - "-" "WordPress/6.9.4; https://the-muscle-building.info"
91.227.37.60 - - [27/Apr/2026:22:19:07 +0000] "GET /wp-login.php HTTP/1.1" 200 1918 "-" "Mozilla/5.0 (Windows NT 6.3; WOW64; Trident/7.0; Touch; MATBJS; rv:11.0) like Gecko"
91.227.37.60 - - [27/Apr/2026:22:19:09 +0000] "POST /wp-login.php HTTP/1.1" 200 2018 "https://the-muscle-building.primemusicproductions.com/wp-login.php" "Mozilla/5.0 (Windows NT 6.3; WOW64; Trident/7.0; Touch; MATBJS; rv:11.0) like Gecko"
43.153.54.138 - - [27/Apr/2026:22:19:25 +0000] "GET / HTTP/1.1" 200 14619 "http://the-muscle-building.info" "Mozilla/5.0 (iPhone; CPU iPhone OS 13_2_3 like Mac OS X) AppleWebKit/605.1.15 (KHTML, like Gecko) Version/13.0.3 Mobile/15E148 Safari/604.1"
45.129.231.10 - - [27/Apr/2026:22:19:27 +0000] "GET /wp-admin/admin-post.php?swp_debug=load_options&swp_url=<pre>system('cat HTTP/1.1" 200 - "-" "Mozilla/5.0 (ZZ; Linux i686) AppleWebKit/537.36 (KHTML, like Gecko) Chrome/131.0.0.0 Safari/537.36"
184.94.212.206 - - [27/Apr/2026:22:20:22 +0000] "POST /wp-cron.php?doing_wp_cron=1777328422.5970799922943115234375 HTTP/1.1" 200 - "-" "WordPress/6.9.4; https://the-muscle-building.info"
45.129.231.10 - - [27/Apr/2026:22:20:20 +0000] "GET / HTTP/1.1" 200 14619 "-" "Mozilla/5.0 (Fedora; Linux x86_64) AppleWebKit/537.36 (KHTML, like Gecko) Chrome/137.0.0.0 Safari/537.36"
184.94.212.206 - - [27/Apr/2026:22:22:19 +0000] "POST /wp-cron.php?doing_wp_cron=1777328539.3362100124359130859375 HTTP/1.1" 200 - "-" "WordPress/6.9.4; https://the-muscle-building.info"
45.129.231.10 - - [27/Apr/2026:22:22:17 +0000] "GET /wp-content/plugins/admin-word-count-column/download-csv.php?path=../../../../../../../../../../../../etc/passwd\\0 HTTP/1.1" 404 11897 "-" "Mozilla/5.0 (X11; Linux x86_64; rv:12.0) Gecko/20100101 Firefox/12.0"
184.94.212.206 - - [27/Apr/2026:22:24:48 +0000] "POST /wp-cron.php?doing_wp_cron=1777328688.6014180183410644531250 HTTP/1.1" 200 - "-" "WordPress/6.9.4; https://the-muscle-building.info"
178.236.185.165 - - [27/Apr/2026:22:24:47 +0000] "GET /wp-login.php HTTP/1.1" 200 1918 "-" "Mozilla/5.0 (Macintosh; Intel Mac OS X 10_10_5) AppleWebKit/537.36 (KHTML, like Gecko) Chrome/65.0.3325.181 Safari/537.36"
178.236.185.165 - - [27/Apr/2026:22:24:49 +0000] "POST /wp-login.php HTTP/1.1" 200 2018 "https://the-muscle-building.primemusicproductions.com/wp-login.php" "Mozilla/5.0 (Macintosh; Intel Mac OS X 10_10_5) AppleWebKit/537.36 (KHTML, like Gecko) Chrome/65.0.3325.181 Safari/537.36"
172.68.151.76 - - [27/Apr/2026:22:25:48 +0000] "GET /wp-content/themes/neve/style-main-new.min.css?ver=4.2.2 HTTP/1.1" 200 8593 "-" "Mozilla/5.0 (Windows NT 10.0; Win64; x64) AppleWebKit/537.36 (KHTML, like Gecko) Chrome/123.0.0.0 Safari/537.36"
184.94.212.206 - - [27/Apr/2026:22:34:12 +0000] "POST /wp-cron.php?doing_wp_cron=1777329252.0466260910034179687500 HTTP/1.1" 200 - "-" "WordPress/6.9.4; https://the-muscle-building.info"
57.141.18.119 - - [27/Apr/2026:22:34:10 +0000] "GET /9cafb-fitness-trainer-shop/ HTTP/1.1" 200 63005 "-" "meta-externalagent/1.1 (+https://developers.facebook.com/docs/sharing/webmasters/crawler)"
184.94.212.206 - - [27/Apr/2026:22:35:39 +0000] "POST /wp-cron.php?doing_wp_cron=1777329339.2829079627990722656250 HTTP/1.1" 200 - "-" "WordPress/6.9.4; https://the-muscle-building.info"
178.156.249.178 - - [27/Apr/2026:22:35:37 +0000] "HEAD / HTTP/1.1" 200 - "-" "Mozilla/5.0 (Macintosh; Intel Mac OS X 10_15_7) AppleWebKit/605.1.15 (KHTML, like Gecko) Version/18.0 Safari/605.1.15"
184.94.212.206 - - [27/Apr/2026:22:35:46 +0000] "POST /wp-cron.php?doing_wp_cron=1777329346.2652070522308349609375 HTTP/1.1" 200 - "-" "WordPress/6.9.4; https://the-muscle-building.info"
178.156.249.178 - - [27/Apr/2026:22:35:45 +0000] "GET / HTTP/1.1" 206 14619 "-" "Mozilla/5.0 (Macintosh; Intel Mac OS X 10_15_7) AppleWebKit/605.1.15 (KHTML, like Gecko) Version/18.0 Safari/605.1.15"
45.129.231.10 - - [27/Apr/2026:22:35:57 +0000] "GET /wp-content/themes/Newspaper/style.css HTTP/1.1" 404 11897 "-" "Mozilla/5.0 (X11; Linux x86_64; rv:1.9.6.20) Gecko/ Firefox/4.0"
184.94.212.206 - - [27/Apr/2026:22:39:20 +0000] "POST /wp-cron.php?doing_wp_cron=1777329560.4437630176544189453125 HTTP/1.1" 200 - "-" "WordPress/6.9.4; https://the-muscle-building.info"
74.91.224.220 - - [27/Apr/2026:22:39:18 +0000] "GET /wp-login.php HTTP/1.1" 200 1918 "-" "Mozilla/5.0 (Windows NT 6.0; WOW64; Trident/7.0; rv:11.0) like Gecko"
74.91.224.220 - - [27/Apr/2026:22:39:20 +0000] "POST /wp-login.php HTTP/1.1" 200 2018 "https://the-muscle-building.primemusicproductions.com/wp-login.php" "Mozilla/5.0 (Windows NT 6.0; WOW64; Trident/7.0; rv:11.0) like Gecko"
184.94.212.206 - - [27/Apr/2026:22:39:42 +0000] "POST /wp-cron.php?doing_wp_cron=1777329582.2884159088134765625000 HTTP/1.1" 200 - "-" "WordPress/6.9.4; https://the-muscle-building.info"
45.129.231.10 - - [27/Apr/2026:22:39:41 +0000] "GET /wp-content/plugins/smart-manager-for-wp-e-commerce/readme.txt HTTP/1.1" 404 11897 "-" "Mozilla/5.0 (X11; Linux i686; rv:1.9.5.20) Gecko/ Firefox/3.6.17"
45.129.231.10 - - [27/Apr/2026:22:39:45 +0000] "POST /wp-content/plugins/smart-manager-for-wp-e-commerce/sm/woo-json.php HTTP/1.1" 404 11897 "-" "Mozilla/5.0 (Macintosh; Intel Mac OS X 10_15) AppleWebKit/605.1.15 (KHTML, like Gecko) Version/13.0.1 Safari/605.1.15"
45.129.231.10 - - [27/Apr/2026:22:40:22 +0000] "POST /wp-admin/admin-ajax.php HTTP/1.1" 400 21 "-" "Mozilla/5.0 (Windows NT 10.0; Win64; x64; rv:142.0) Gecko/20100101 Firefox/142.0"
45.129.231.10 - - [27/Apr/2026:22:40:24 +0000] "POST /wp-admin/admin-ajax.php?+config-create+/&/<?=base64_decode($_GET[0])?>+/tmp/3Cq0fWHij3oHblhP6UNl2ehmaKZ.php HTTP/1.1" 400 21 "-" "Mozilla/5.0 (Windows NT 10.0; rv:128.0) Gecko/20100101 Firefox/128.0"
45.129.231.10 - - [27/Apr/2026:22:40:27 +0000] "POST /wp-admin/admin-ajax.php?0=M0NxMGZRekt3aGc2RWRYZ1o2ZVFOdGNUSzBQ HTTP/1.1" 400 21 "-" "Mozilla/5.0 (CentOS; Linux x86_64) AppleWebKit/537.36 (KHTML, like Gecko) Chrome/134.0.0.0 Safari/537.36"
184.94.212.206 - - [27/Apr/2026:22:47:15 +0000] "POST /wp-cron.php?doing_wp_cron=1777330035.9123179912567138671875 HTTP/1.1" 200 - "-" "WordPress/6.9.4; https://the-muscle-building.info"
45.129.231.10 - - [27/Apr/2026:22:47:14 +0000] "GET /wp-admin/admin-ajax.php?action=aam-media-load&aam-media=/wp-config.php HTTP/1.1" 400 21 "-" "Mozilla/5.0 (Macintosh; Intel Mac OS X 10_15_7) AppleWebKit/605.1.15 (KHTML, like Gecko) Version/17.4.1 Safari/605.1.15"
184.94.212.206 - - [27/Apr/2026:22:47:47 +0000] "POST /wp-cron.php?doing_wp_cron=1777330067.3436830043792724609375 HTTP/1.1" 200 - "-" "WordPress/6.9.4; https://the-muscle-building.info"
134.209.100.212 - - [27/Apr/2026:22:47:46 +0000] "GET /wp-login.php HTTP/1.1" 200 1918 "-" "Mozilla/4.0 (compatible; MSIE 7.0; Windows NT 6.1; WOW64; Trident/7.0; SLCC2; .NET CLR 2.0.50727; .NET CLR 3.5.30729; .NET CLR 3.0.30729; Media Center PC 6.0; .NET4.0C; .NET4.0E; InfoPath.3; McAfee; RaidCall)"
134.209.100.212 - - [27/Apr/2026:22:47:47 +0000] "POST /wp-login.php HTTP/1.1" 200 2018 "https://the-muscle-building.primemusicproductions.com/wp-login.php" "Mozilla/4.0 (compatible; MSIE 7.0; Windows NT 6.1; WOW64; Trident/7.0; SLCC2; .NET CLR 2.0.50727; .NET CLR 3.5.30729; .NET CLR 3.0.30729; Media Center PC 6.0; .NET4.0C; .NET4.0E; InfoPath.3; McAfee; RaidCall)"
184.94.212.206 - - [27/Apr/2026:22:50:26 +0000] "POST /wp-cron.php?doing_wp_cron=1777330226.0797441005706787109375 HTTP/1.1" 200 - "-" "WordPress/6.9.4; https://the-muscle-building.info"
45.129.231.10 - - [27/Apr/2026:22:50:24 +0000] "GET /wp-content/plugins/admin-word-count-column/download-csv.php?path=../../../../../../../../../../../../etc/passwd\\0 HTTP/1.1" 404 11897 "-" "Mozilla/5.0 (Windows NT 10.0; Win64; x64; rv:73.0) Gecko/20100101 Firefox/73.0"
184.94.212.206 - - [27/Apr/2026:22:51:56 +0000] "POST /wp-cron.php?doing_wp_cron=1777330316.6688289642333984375000 HTTP/1.1" 200 - "-" "WordPress/6.9.4; https://the-muscle-building.info"
103.90.232.170 - - [27/Apr/2026:22:51:54 +0000] "GET /wp-login.php HTTP/1.1" 200 1918 "-" "Mozilla/4.0 (compatible; MSIE 7.0; Windows NT 6.2; WOW64; Trident/7.0; .NET4.0E; .NET4.0C; .NET CLR 3.5.30729; .NET CLR 2.0.50727; .NET CLR 3.0.30729; InfoPath.3)"
103.90.232.170 - - [27/Apr/2026:22:52:01 +0000] "POST /wp-login.php HTTP/1.1" 200 2018 "https://the-muscle-building.primemusicproductions.com/wp-login.php" "Mozilla/4.0 (compatible; MSIE 7.0; Windows NT 6.2; WOW64; Trident/7.0; .NET4.0E; .NET4.0C; .NET CLR 3.5.30729; .NET CLR 2.0.50727; .NET CLR 3.0.30729; InfoPath.3)"
184.94.212.206 - - [27/Apr/2026:22:53:09 +0000] "POST /wp-cron.php?doing_wp_cron=1777330389.5616970062255859375000 HTTP/1.1" 200 - "-" "WordPress/6.9.4; https://the-muscle-building.info"
98.130.43.189 - - [27/Apr/2026:22:53:08 +0000] "GET /wp-login.php HTTP/1.1" 200 1918 "-" "Mozilla/5.0 (Windows NT 10.0; Win64; x64) AppleWebKit/537.36 (KHTML, like Gecko) Chrome/64.0.3282.168 Safari/537.36 OPR/51.0.2830.40"
98.130.43.189 - - [27/Apr/2026:22:53:10 +0000] "POST /wp-login.php HTTP/1.1" 200 2018 "https://the-muscle-building.info/wp-login.php" "Mozilla/5.0 (Windows NT 10.0; Win64; x64) AppleWebKit/537.36 (KHTML, like Gecko) Chrome/64.0.3282.168 Safari/537.36 OPR/51.0.2830.40"
184.94.212.206 - - [27/Apr/2026:22:55:33 +0000] "POST /wp-cron.php?doing_wp_cron=1777330533.4248850345611572265625 HTTP/1.1" 200 - "-" "WordPress/6.9.4; https://the-muscle-building.info"
91.92.241.237 - - [27/Apr/2026:22:55:31 +0000] "GET /wp-content/plugins/woo-product-filter/js/price-thousands-sep.js HTTP/1.1" 404 11897 "-" "Mozilla/5.0 (X11; Ubuntu; Linux x86_64; rv:150.0) Gecko/20100101 Firefox/150.0"
184.94.212.206 - - [27/Apr/2026:22:56:33 +0000] "POST /wp-cron.php?doing_wp_cron=1777330593.4176130294799804687500 HTTP/1.1" 200 - "-" "WordPress/6.9.4; https://the-muscle-building.info"
114.119.146.220 - - [27/Apr/2026:22:56:32 +0000] "GET /wp-login.php HTTP/1.1" 200 1918 "https://the-muscle-building.info/wp-login.php?action=lostpassword" "Mozilla/5.0 (Linux; Android 7.0;) AppleWebKit/537.36 (HTML, like Gecko) Mobile Safari/537.36 (compatible; PetalBot;+https://webmaster.petalsearch.com/site/petalbot)"
184.94.212.206 - - [27/Apr/2026:22:58:01 +0000] "POST /wp-cron.php?doing_wp_cron=1777330681.9604051113128662109375 HTTP/1.1" 200 - "-" "WordPress/6.9.4; https://the-muscle-building.info"
114.119.148.14 - - [27/Apr/2026:22:58:00 +0000] "GET /wp-content/uploads/2020/03/build_muscle_and_shed_fat_with_these_tips_from_the_pros-326x245.jpg HTTP/1.1" 404 11897 "-" "Mozilla/5.0 (Linux; Android 7.0;) AppleWebKit/537.36 (HTML, like Gecko) Mobile Safari/537.36 (compatible; PetalBot;+https://webmaster.petalsearch.com/site/petalbot)"
184.94.212.206 - - [27/Apr/2026:23:01:32 +0000] "POST /wp-cron.php?doing_wp_cron=1777330892.4805040359497070312500 HTTP/1.1" 200 - "-" "WordPress/6.9.4; https://the-muscle-building.info"
103.98.77.10 - - [27/Apr/2026:23:01:31 +0000] "GET /wp-login.php HTTP/1.1" 200 1918 "-" "Mozilla/5.0 (Macintosh; Intel Mac OS X 10_12_6) AppleWebKit/537.36 (KHTML, like Gecko) Chrome/67.0.3396.79 Safari/537.36"
103.98.77.10 - - [27/Apr/2026:23:01:33 +0000] "POST /wp-login.php HTTP/1.1" 200 2018 "https://the-muscle-building.info/wp-login.php" "Mozilla/5.0 (Macintosh; Intel Mac OS X 10_12_6) AppleWebKit/537.36 (KHTML, like Gecko) Chrome/67.0.3396.79 Safari/537.36"
184.94.212.206 - - [27/Apr/2026:23:04:24 +0000] "POST /wp-cron.php?doing_wp_cron=1777331064.0217928886413574218750 HTTP/1.1" 200 - "-" "WordPress/6.9.4; https://the-muscle-building.info"
45.129.231.10 - - [27/Apr/2026:23:04:22 +0000] "GET /wp-content/themes/Newspaper/style.css HTTP/1.1" 404 11897 "-" "Mozilla/5.0 (Windows NT 10.0; Win64; x64; rv:106.0) Gecko/20100101 Firefox/106.0"
184.94.212.206 - - [27/Apr/2026:23:04:46 +0000] "POST /wp-cron.php?doing_wp_cron=1777331086.9527308940887451171875 HTTP/1.1" 200 - "-" "WordPress/6.9.4; https://the-muscle-building.info"
76.64.212.254 - - [27/Apr/2026:23:04:45 +0000] "GET /wp-login.php HTTP/1.1" 200 1918 "-" "Mozilla/4.0 (compatible; MSIE 7.0; Windows NT 6.1; Trident/7.0; SLCC2; .NET CLR 2.0.50727; .NET CLR 3.5.30729; .NET CLR 3.0.30729; .NET4.0C; .NET4.0E; Tablet PC 2.0; Creative AutoUpdate v1.40.01)"
76.64.212.254 - - [27/Apr/2026:23:04:47 +0000] "POST /wp-login.php HTTP/1.1" 200 2018 "https://the-muscle-building.info/wp-login.php" "Mozilla/4.0 (compatible; MSIE 7.0; Windows NT 6.1; Trident/7.0; SLCC2; .NET CLR 2.0.50727; .NET CLR 3.5.30729; .NET CLR 3.0.30729; .NET4.0C; .NET4.0E; Tablet PC 2.0; Creative AutoUpdate v1.40.01)"
184.94.212.206 - - [27/Apr/2026:23:09:59 +0000] "POST /wp-cron.php?doing_wp_cron=1777331399.7494239807128906250000 HTTP/1.1" 200 - "-" "WordPress/6.9.4; https://the-muscle-building.info"
208.109.188.137 - - [27/Apr/2026:23:09:58 +0000] "GET /wp-login.php HTTP/1.1" 200 1918 "-" "Mozilla/5.0 (Windows NT 10.0; Trident/7.0; Touch; rv:11.0) like Gecko"
208.109.188.137 - - [27/Apr/2026:23:09:59 +0000] "POST /wp-login.php HTTP/1.1" 200 2018 "https://the-muscle-building.info/wp-login.php" "Mozilla/5.0 (Windows NT 10.0; Trident/7.0; Touch; rv:11.0) like Gecko"
184.94.212.206 - - [27/Apr/2026:23:11:04 +0000] "POST /wp-cron.php?doing_wp_cron=1777331464.7884130477905273437500 HTTP/1.1" 200 - "-" "WordPress/6.9.4; https://the-muscle-building.info"
45.129.231.10 - - [27/Apr/2026:23:11:03 +0000] "GET /?cffaction=get_data_from_database&query=SELECT%20*%20from%20wp_users HTTP/1.1" 301 - "-" "Mozilla/5.0 (Macintosh; Intel Mac OS X 10_11_6) AppleWebKit/601.7.7 (KHTML, like Gecko) Version/9.1.2 Safari/601.7.7"
216.73.216.119 - - [27/Apr/2026:23:11:37 +0000] "GET /robots.txt HTTP/1.1" 200 179 "-" "Mozilla/5.0 AppleWebKit/537.36 (KHTML, like Gecko; compatible; ClaudeBot/1.0; +claudebot@anthropic.com)"
216.73.216.119 - - [27/Apr/2026:23:11:38 +0000] "GET /wp-sitemap.xml HTTP/1.1" 200 246 "-" "Mozilla/5.0 AppleWebKit/537.36 (KHTML, like Gecko; compatible; ClaudeBot/1.0; +claudebot@anthropic.com)"
184.94.212.206 - - [27/Apr/2026:23:12:16 +0000] "POST /wp-cron.php?doing_wp_cron=1777331536.1993830204010009765625 HTTP/1.1" 200 - "-" "WordPress/6.9.4; https://the-muscle-building.info"
162.223.226.165 - - [27/Apr/2026:23:12:14 +0000] "GET /wp-login.php HTTP/1.1" 200 1918 "-" "Mozilla/5.0 (Macintosh; Intel Mac OS X 10_13_4) AppleWebKit/605.1.15 (KHTML, like Gecko) Version/11.1 Safari/605.1.15"
162.223.226.165 - - [27/Apr/2026:23:12:18 +0000] "POST /wp-login.php HTTP/1.1" 200 2018 "https://the-muscle-building.info/wp-login.php" "Mozilla/5.0 (Macintosh; Intel Mac OS X 10_13_4) AppleWebKit/605.1.15 (KHTML, like Gecko) Version/11.1 Safari/605.1.15"
45.129.231.10 - - [27/Apr/2026:23:12:23 +0000] "GET /wp-admin/admin-ajax.php?action=aam-media-load&aam-media=/wp-config.php HTTP/1.1" 400 21 "-" "Mozilla/5.0 (X11; Linux i686; rv:1.9.5.20) Gecko/ Firefox/3.6.20"
184.94.212.206 - - [27/Apr/2026:23:12:49 +0000] "POST /wp-cron.php?doing_wp_cron=1777331569.6270709037780761718750 HTTP/1.1" 200 - "-" "WordPress/6.9.4; https://the-muscle-building.info"
45.129.231.10 - - [27/Apr/2026:23:12:48 +0000] "GET /wp-content/plugins/the-plus-addons-for-elementor-page-builder/readme.txt HTTP/1.1" 404 11897 "-" "Mozilla/5.0 (X11; Linux i686) AppleWebKit/537.36 (KHTML, like Gecko) Chrome/134.0.0.0 Safari/537.36"
137.74.133.23 - - [27/Apr/2026:23:13:04 +0000] "GET /wp-login.php HTTP/1.1" 200 1918 "-" "Mozilla/5.0 (Windows NT 6.3; WOW64; Trident/7.0; MAPBJS; rv:11.0) like Gecko"
137.74.133.23 - - [27/Apr/2026:23:13:05 +0000] "POST /wp-login.php HTTP/1.1" 200 2018 "https://the-muscle-building.info/wp-login.php" "Mozilla/5.0 (Windows NT 6.3; WOW64; Trident/7.0; MAPBJS; rv:11.0) like Gecko"
184.94.212.206 - - [27/Apr/2026:23:15:30 +0000] "POST /wp-cron.php?doing_wp_cron=1777331730.6404960155487060546875 HTTP/1.1" 200 - "-" "WordPress/6.9.4; https://the-muscle-building.info"
116.203.148.109 - - [27/Apr/2026:23:15:29 +0000] "GET /wp-login.php HTTP/1.1" 200 1918 "-" "Mozilla/5.0 (SAP NetWeaverBusinessClient; Windows NT 6.2; WOW64; Trident/7.0; rv:11.0) like Gecko"
116.203.148.109 - - [27/Apr/2026:23:15:30 +0000] "POST /wp-login.php HTTP/1.1" 200 2018 "https://the-muscle-building.primemusicproductions.com/wp-login.php" "Mozilla/5.0 (SAP NetWeaverBusinessClient; Windows NT 6.2; WOW64; Trident/7.0; rv:11.0) like Gecko"
184.94.212.206 - - [27/Apr/2026:23:29:30 +0000] "POST /wp-cron.php?doing_wp_cron=1777332570.6987669467926025390625 HTTP/1.1" 200 - "-" "WordPress/6.9.4; https://the-muscle-building.info"
65.254.225.224 - - [27/Apr/2026:23:29:27 +0000] "GET /wp-login.php HTTP/1.1" 200 1918 "-" "Mozilla/5.0 (Windows NT 6.1; WOW64; Trident/7.0; NISSC; rv:11.0) like Gecko"
65.254.225.224 - - [27/Apr/2026:23:29:30 +0000] "POST /wp-login.php HTTP/1.1" 200 2018 "https://the-muscle-building.info/wp-login.php" "Mozilla/5.0 (Windows NT 6.1; WOW64; Trident/7.0; NISSC; rv:11.0) like Gecko"
184.94.212.206 - - [27/Apr/2026:23:29:47 +0000] "POST /wp-cron.php?doing_wp_cron=1777332587.5454959869384765625000 HTTP/1.1" 200 - "-" "WordPress/6.9.4; https://the-muscle-building.info"
103.211.200.45 - - [27/Apr/2026:23:29:46 +0000] "GET /wp-login.php HTTP/1.1" 200 1918 "-" "Mozilla/5.0 (Windows NT 6.1; WOW64; Trident/7.0; rv:11.0) like Gecko,gzip(gfe)"
103.211.200.45 - - [27/Apr/2026:23:29:48 +0000] "POST /wp-login.php HTTP/1.1" 200 2018 "https://the-muscle-building.primemusicproductions.com/wp-login.php" "Mozilla/5.0 (Windows NT 6.1; WOW64; Trident/7.0; rv:11.0) like Gecko,gzip(gfe)"
184.94.212.206 - - [27/Apr/2026:23:33:11 +0000] "POST /wp-cron.php?doing_wp_cron=1777332791.5015571117401123046875 HTTP/1.1" 200 - "-" "WordPress/6.9.4; https://the-muscle-building.info"
18.207.79.144 - - [27/Apr/2026:23:33:09 +0000] "GET /9cafb-about/ HTTP/1.1" 200 14087 "-" "Mozilla/5.0 AppleWebKit/537.36 (KHTML, like Gecko; compatible; Amazonbot/0.1; +https://developer.amazon.com/support/amazonbot) Chrome/119.0.6045.214 Safari/537.36"
184.94.212.206 - - [27/Apr/2026:23:35:45 +0000] "POST /wp-cron.php?doing_wp_cron=1777332945.6720008850097656250000 HTTP/1.1" 200 - "-" "WordPress/6.9.4; https://the-muscle-building.info"
195.250.26.105 - - [27/Apr/2026:23:35:44 +0000] "GET /wp-login.php HTTP/1.1" 200 1918 "-" "Mozilla/5.0 (Windows NT 6.3; WOW64; Trident/7.0; TAJB; rv:11.0) like Gecko"
195.250.26.105 - - [27/Apr/2026:23:35:45 +0000] "POST /wp-login.php HTTP/1.1" 200 2018 "https://the-muscle-building.info/wp-login.php" "Mozilla/5.0 (Windows NT 6.3; WOW64; Trident/7.0; TAJB; rv:11.0) like Gecko"
184.94.212.206 - - [27/Apr/2026:23:38:48 +0000] "POST /wp-cron.php?doing_wp_cron=1777333128.7436819076538085937500 HTTP/1.1" 200 - "-" "WordPress/6.9.4; https://the-muscle-building.info"
45.129.231.10 - - [27/Apr/2026:23:38:47 +0000] "GET /?cffaction=get_data_from_database&query=SELECT%20*%20from%20wp_users HTTP/1.1" 301 - "-" "Mozilla/5.0 (X11; Linux x86_64; rv:1.9.7.20) Gecko/ Firefox/3.6.8"
45.129.231.10 - - [27/Apr/2026:23:38:47 +0000] "GET /wp-content/plugins/the-plus-addons-for-elementor-page-builder/readme.txt HTTP/1.1" 404 11897 "-" "Mozilla/5.0 (CentOS; Linux i686) AppleWebKit/537.36 (KHTML, like Gecko) Chrome/137.0.0.0 Safari/537.36"
45.129.231.10 - - [27/Apr/2026:23:39:25 +0000] "GET /wp-content/plugins/cab-fare-calculator/tblight.php?controller=../../../../../../../../../../../etc/passwd%00&action=1&ajax=1 HTTP/1.1" 404 11897 "-" "Mozilla/5.0 (X11; Linux x86_64) AppleWebKit/537.36 (KHTML, like Gecko) Chrome/134.0.0.0 Safari/537.36"
45.129.231.10 - - [27/Apr/2026:23:39:25 +0000] "GET /wp-admin/admin-ajax.php?action=memberhero_send_form&_memberhero_hook=phpinfo HTTP/1.1" 400 21 "-" "Mozilla/5.0 (X11; Ubuntu; Linux x86_64; rv:109.0) Gecko/20100101 Firefox/114.0"
206.189.39.144 - - [27/Apr/2026:23:39:35 +0000] "GET /wp-login.php HTTP/1.1" 200 1918 "-" "Mozilla/5.0 (Macintosh; Intel Mac OS X 10_10_5) AppleWebKit/602.4.8 (KHTML, like Gecko) Version/10.0.3 Safari/602.4.8"
206.189.39.144 - - [27/Apr/2026:23:39:36 +0000] "POST /wp-login.php HTTP/1.1" 200 2018 "https://the-muscle-building.info/wp-login.php" "Mozilla/5.0 (Macintosh; Intel Mac OS X 10_10_5) AppleWebKit/602.4.8 (KHTML, like Gecko) Version/10.0.3 Safari/602.4.8"
184.94.212.206 - - [27/Apr/2026:23:39:58 +0000] "POST /wp-cron.php?doing_wp_cron=1777333198.4900009632110595703125 HTTP/1.1" 200 - "-" "WordPress/6.9.4; https://the-muscle-building.info"
76.64.212.254 - - [27/Apr/2026:23:39:57 +0000] "GET /wp-login.php HTTP/1.1" 200 1918 "-" "Mozilla/5.0 (Windows NT 6.1; WOW64; Trident/7.0; EIE10;ENGBMSN; rv:11.0) like Gecko"
76.64.212.254 - - [27/Apr/2026:23:39:58 +0000] "POST /wp-login.php HTTP/1.1" 200 2018 "https://the-muscle-building.primemusicproductions.com/wp-login.php" "Mozilla/5.0 (Windows NT 6.1; WOW64; Trident/7.0; EIE10;ENGBMSN; rv:11.0) like Gecko"
184.94.212.206 - - [27/Apr/2026:23:41:40 +0000] "POST /wp-cron.php?doing_wp_cron=1777333300.9776198863983154296875 HTTP/1.1" 200 - "-" "WordPress/6.9.4; https://the-muscle-building.info"
128.241.254.194 - - [27/Apr/2026:23:41:38 +0000] "GET /?rest_route=/wp/v2/pages&per_page=100 HTTP/1.1" 200 13122 "-" "Mozilla/5.0 (Kubuntu; Linux i686) AppleWebKit/537.36 (KHTML, like Gecko) Chrome/141.0.0.0 Safari/537.36"
123.30.233.13 - - [27/Apr/2026:23:41:52 +0000] "GET /wp-login.php HTTP/1.1" 200 1918 "-" "Mozilla/4.0 (compatible; MSIE 7.0; Windows NT 6.1; WOW64; Trident/7.0; SLCC2; .NET CLR 2.0.50727; .NET4.0C; .NET4.0E)"
123.30.233.13 - - [27/Apr/2026:23:41:53 +0000] "POST /wp-login.php HTTP/1.1" 200 2018 "https://the-muscle-building.primemusicproductions.com/wp-login.php" "Mozilla/4.0 (compatible; MSIE 7.0; Windows NT 6.1; WOW64; Trident/7.0; SLCC2; .NET CLR 2.0.50727; .NET4.0C; .NET4.0E)"
184.94.212.206 - - [27/Apr/2026:23:44:50 +0000] "POST /wp-cron.php?doing_wp_cron=1777333490.3600540161132812500000 HTTP/1.1" 200 - "-" "WordPress/6.9.4; https://the-muscle-building.info"
178.156.229.216 - - [27/Apr/2026:23:44:48 +0000] "HEAD / HTTP/1.1" 200 - "-" "Mozilla/5.0 (Macintosh; Intel Mac OS X 10_15_7) AppleWebKit/605.1.15 (KHTML, like Gecko) Version/18.0 Safari/605.1.15"
178.156.229.216 - - [27/Apr/2026:23:45:03 +0000] "GET / HTTP/1.1" 206 14619 "-" "Mozilla/5.0 (Macintosh; Intel Mac OS X 10_15_7) AppleWebKit/605.1.15 (KHTML, like Gecko) Version/18.0 Safari/605.1.15"
65.254.225.224 - - [27/Apr/2026:23:45:04 +0000] "GET /wp-login.php HTTP/1.1" 200 1918 "-" "Mozilla/5.0 (Macintosh; Intel Mac OS X 10_13_4) AppleWebKit/537.36 (KHTML, like Gecko) Chrome/67.0.3396.79 Safari/537.36"
65.254.225.224 - - [27/Apr/2026:23:45:05 +0000] "POST /wp-login.php HTTP/1.1" 200 2018 "https://the-muscle-building.primemusicproductions.com/wp-login.php" "Mozilla/5.0 (Macintosh; Intel Mac OS X 10_13_4) AppleWebKit/537.36 (KHTML, like Gecko) Chrome/67.0.3396.79 Safari/537.36"
