52.141.35.48 - - [27/Apr/2026:18:23:59 +0000] "GET /about.php HTTP/1.1" 404 11897 "-" "Mozilla/5.0 (Windows NT 10.0; Win64; x64) AppleWebKit/537.36 (KHTML, like Gecko) Chrome/120.0.0.0 Safari/537.36"
52.141.35.48 - - [27/Apr/2026:18:24:01 +0000] "GET /wp-content/uploads/admin.php HTTP/1.1" 404 11897 "-" "Mozilla/5.0 (Windows NT 10.0; Win64; x64) AppleWebKit/537.36 (KHTML, like Gecko) Chrome/120.0.0.0 Safari/537.36"
52.141.35.48 - - [27/Apr/2026:18:24:02 +0000] "GET /wp-content/index.php HTTP/1.1" 200 - "-" "Mozilla/5.0 (Windows NT 10.0; Win64; x64) AppleWebKit/537.36 (KHTML, like Gecko) Chrome/120.0.0.0 Safari/537.36"
52.141.35.48 - - [27/Apr/2026:18:24:02 +0000] "GET /wp-includes/js/index.php HTTP/1.1" 301 - "-" "Mozilla/5.0 (Windows NT 10.0; Win64; x64) AppleWebKit/537.36 (KHTML, like Gecko) Chrome/120.0.0.0 Safari/537.36"
52.141.35.48 - - [27/Apr/2026:18:24:03 +0000] "GET /wp-includes/rest-api/ HTTP/1.1" 404 11897 "-" "Mozilla/5.0 (Windows NT 10.0; Win64; x64) AppleWebKit/537.36 (KHTML, like Gecko) Chrome/120.0.0.0 Safari/537.36"
52.141.35.48 - - [27/Apr/2026:18:24:05 +0000] "GET /admin.php HTTP/1.1" 404 11897 "-" "Mozilla/5.0 (Windows NT 10.0; Win64; x64) AppleWebKit/537.36 (KHTML, like Gecko) Chrome/120.0.0.0 Safari/537.36"
52.141.35.48 - - [27/Apr/2026:18:24:06 +0000] "GET /wp-includes/blocks/block/ HTTP/1.1" 404 11897 "-" "Mozilla/5.0 (Windows NT 10.0; Win64; x64) AppleWebKit/537.36 (KHTML, like Gecko) Chrome/120.0.0.0 Safari/537.36"
52.141.35.48 - - [27/Apr/2026:18:24:07 +0000] "GET /as.php HTTP/1.1" 404 11897 "-" "Mozilla/5.0 (Windows NT 10.0; Win64; x64) AppleWebKit/537.36 (KHTML, like Gecko) Chrome/120.0.0.0 Safari/537.36"
52.141.35.48 - - [27/Apr/2026:18:24:08 +0000] "GET /wp-includes/PHPMailer/index.php HTTP/1.1" 301 - "-" "Mozilla/5.0 (Windows NT 10.0; Win64; x64) AppleWebKit/537.36 (KHTML, like Gecko) Chrome/120.0.0.0 Safari/537.36"
52.141.35.48 - - [27/Apr/2026:18:24:09 +0000] "GET /buy.php HTTP/1.1" 404 11897 "-" "Mozilla/5.0 (Windows NT 10.0; Win64; x64) AppleWebKit/537.36 (KHTML, like Gecko) Chrome/120.0.0.0 Safari/537.36"
52.141.35.48 - - [27/Apr/2026:18:24:11 +0000] "GET /wp.php HTTP/1.1" 404 11897 "-" "Mozilla/5.0 (Windows NT 10.0; Win64; x64) AppleWebKit/537.36 (KHTML, like Gecko) Chrome/120.0.0.0 Safari/537.36"
52.141.35.48 - - [27/Apr/2026:18:24:12 +0000] "GET /wp-admin/images/index.php HTTP/1.1" 301 - "-" "Mozilla/5.0 (Windows NT 10.0; Win64; x64) AppleWebKit/537.36 (KHTML, like Gecko) Chrome/120.0.0.0 Safari/537.36"
52.141.35.48 - - [27/Apr/2026:18:24:13 +0000] "GET /about.PHP HTTP/1.1" 404 11897 "-" "Mozilla/5.0 (Windows NT 10.0; Win64; x64) AppleWebKit/537.36 (KHTML, like Gecko) Chrome/120.0.0.0 Safari/537.36"
52.141.35.48 - - [27/Apr/2026:18:24:14 +0000] "GET /ioxi-o.php HTTP/1.1" 404 11897 "-" "Mozilla/5.0 (Windows NT 10.0; Win64; x64) AppleWebKit/537.36 (KHTML, like Gecko) Chrome/120.0.0.0 Safari/537.36"
52.141.35.48 - - [27/Apr/2026:18:24:15 +0000] "GET /wp-content/uploads/index.php HTTP/1.1" 301 - "-" "Mozilla/5.0 (Windows NT 10.0; Win64; x64) AppleWebKit/537.36 (KHTML, like Gecko) Chrome/120.0.0.0 Safari/537.36"
52.141.35.48 - - [27/Apr/2026:18:24:16 +0000] "GET /wp-content/edit.php HTTP/1.1" 404 11897 "-" "Mozilla/5.0 (Windows NT 10.0; Win64; x64) AppleWebKit/537.36 (KHTML, like Gecko) Chrome/120.0.0.0 Safari/537.36"
52.141.35.48 - - [27/Apr/2026:18:24:18 +0000] "GET /sf.php HTTP/1.1" 404 11897 "-" "Mozilla/5.0 (Windows NT 10.0; Win64; x64) AppleWebKit/537.36 (KHTML, like Gecko) Chrome/120.0.0.0 Safari/537.36"
52.141.35.48 - - [27/Apr/2026:18:24:19 +0000] "GET /wp-includes/index.php HTTP/1.1" 301 - "-" "Mozilla/5.0 (Windows NT 10.0; Win64; x64) AppleWebKit/537.36 (KHTML, like Gecko) Chrome/120.0.0.0 Safari/537.36"
52.141.35.48 - - [27/Apr/2026:18:24:20 +0000] "GET /file.php HTTP/1.1" 404 11897 "-" "Mozilla/5.0 (Windows NT 10.0; Win64; x64) AppleWebKit/537.36 (KHTML, like Gecko) Chrome/120.0.0.0 Safari/537.36"
52.141.35.48 - - [27/Apr/2026:18:24:22 +0000] "GET /wp-admin/css/colors/modern/ HTTP/1.1" 404 11897 "-" "Mozilla/5.0 (Windows NT 10.0; Win64; x64) AppleWebKit/537.36 (KHTML, like Gecko) Chrome/120.0.0.0 Safari/537.36"
52.141.35.48 - - [27/Apr/2026:18:24:23 +0000] "GET /cgi-bin/ HTTP/1.1" 404 11897 "-" "Mozilla/5.0 (Windows NT 10.0; Win64; x64) AppleWebKit/537.36 (KHTML, like Gecko) Chrome/120.0.0.0 Safari/537.36"
52.141.35.48 - - [27/Apr/2026:18:24:24 +0000] "GET /test1.php HTTP/1.1" 404 11897 "-" "Mozilla/5.0 (Windows NT 10.0; Win64; x64) AppleWebKit/537.36 (KHTML, like Gecko) Chrome/120.0.0.0 Safari/537.36"
52.141.35.48 - - [27/Apr/2026:18:24:26 +0000] "GET /wp-cron.php HTTP/1.1" 200 - "-" "Mozilla/5.0 (Windows NT 10.0; Win64; x64) AppleWebKit/537.36 (KHTML, like Gecko) Chrome/120.0.0.0 Safari/537.36"
52.141.35.48 - - [27/Apr/2026:18:24:26 +0000] "GET /wp-includes/block-supports/ HTTP/1.1" 404 11897 "-" "Mozilla/5.0 (Windows NT 10.0; Win64; x64) AppleWebKit/537.36 (KHTML, like Gecko) Chrome/120.0.0.0 Safari/537.36"
52.141.35.48 - - [27/Apr/2026:18:24:27 +0000] "GET /404.php HTTP/1.1" 404 11897 "-" "Mozilla/5.0 (Windows NT 10.0; Win64; x64) AppleWebKit/537.36 (KHTML, like Gecko) Chrome/120.0.0.0 Safari/537.36"
52.141.35.48 - - [27/Apr/2026:18:24:29 +0000] "GET /wp-content/1.php HTTP/1.1" 404 11897 "-" "Mozilla/5.0 (Windows NT 10.0; Win64; x64) AppleWebKit/537.36 (KHTML, like Gecko) Chrome/120.0.0.0 Safari/537.36"
52.141.35.48 - - [27/Apr/2026:18:24:30 +0000] "GET /images/index.php HTTP/1.1" 301 - "-" "Mozilla/5.0 (Windows NT 10.0; Win64; x64) AppleWebKit/537.36 (KHTML, like Gecko) Chrome/120.0.0.0 Safari/537.36"
184.94.212.206 - - [27/Apr/2026:18:28:38 +0000] "POST /wp-cron.php?doing_wp_cron=1777314518.0369598865509033203125 HTTP/1.1" 200 - "-" "WordPress/6.9.4; https://the-muscle-building.info"
45.129.231.10 - - [27/Apr/2026:18:28:36 +0000] "GET /wp-admin/admin-ajax.php?action=service_finder_switch_back HTTP/1.1" 400 21 "-" "Mozilla/5.0 (Kubuntu; Linux i686) AppleWebKit/537.36 (KHTML, like Gecko) Chrome/132.0.0.0 Safari/537.36"
184.94.212.206 - - [27/Apr/2026:18:28:41 +0000] "POST /wp-cron.php?doing_wp_cron=1777314521.0221168994903564453125 HTTP/1.1" 200 - "-" "WordPress/6.9.4; https://the-muscle-building.info"
45.129.231.10 - - [27/Apr/2026:18:28:40 +0000] "POST /wp-admin/admin-ajax.php HTTP/1.1" 400 21 "-" "Mozilla/5.0 (Windows NT 10.0; Win64; x64; rv:97.0) Gecko/20100101 Firefox/97.0"
60.188.57.0 - - [27/Apr/2026:18:33:59 +0000] "GET / HTTP/1.1" 200 14619 "http://www.the-muscle-building.info" "Mozilla/5.0 (iPhone; CPU iPhone OS 13_2_3 like Mac OS X) AppleWebKit/605.1.15 (KHTML, like Gecko) Version/13.0.3 Mobile/15E148 Safari/604.1"
184.94.212.206 - - [27/Apr/2026:18:34:49 +0000] "POST /wp-cron.php?doing_wp_cron=1777314889.5342960357666015625000 HTTP/1.1" 200 - "-" "WordPress/6.9.4; https://the-muscle-building.info"
167.172.79.172 - - [27/Apr/2026:18:34:48 +0000] "GET /wp-login.php HTTP/1.1" 200 1918 "-" "Mozilla/4.0 (compatible; MSIE 7.0; Windows NT 6.1; WOW64; Trident/7.0; SLCC2; .NET CLR 2.0.50727; .NET CLR 3.5.30729; .NET CLR 3.0.30729; Media Center PC 6.0; .NET4.0C; .NET4.0E; .NET CLR 1.1.4322)"
167.172.79.172 - - [27/Apr/2026:18:34:49 +0000] "POST /wp-login.php HTTP/1.1" 200 2018 "https://the-muscle-building.primemusicproductions.com/wp-login.php" "Mozilla/4.0 (compatible; MSIE 7.0; Windows NT 6.1; WOW64; Trident/7.0; SLCC2; .NET CLR 2.0.50727; .NET CLR 3.5.30729; .NET CLR 3.0.30729; Media Center PC 6.0; .NET4.0C; .NET4.0E; .NET CLR 1.1.4322)"
184.94.212.206 - - [27/Apr/2026:18:38:08 +0000] "POST /wp-cron.php?doing_wp_cron=1777315088.3792200088500976562500 HTTP/1.1" 200 - "-" "WordPress/6.9.4; https://the-muscle-building.info"
195.149.226.101 - - [27/Apr/2026:18:38:07 +0000] "GET /wp-login.php HTTP/1.1" 200 1918 "-" "Mozilla/5.0 (Macintosh; Intel Mac OS X 10_13) AppleWebKit/603.1.13 (KHTML, like Gecko) Version/10.1 Safari/603.1.13"
195.149.226.101 - - [27/Apr/2026:18:38:09 +0000] "POST /wp-login.php HTTP/1.1" 200 2018 "https://the-muscle-building.info/wp-login.php" "Mozilla/5.0 (Macintosh; Intel Mac OS X 10_13) AppleWebKit/603.1.13 (KHTML, like Gecko) Version/10.1 Safari/603.1.13"
184.94.212.206 - - [27/Apr/2026:18:39:41 +0000] "POST /wp-cron.php?doing_wp_cron=1777315181.2459440231323242187500 HTTP/1.1" 200 - "-" "WordPress/6.9.4; https://the-muscle-building.info"
159.223.34.107 - - [27/Apr/2026:18:39:39 +0000] "GET /wp-login.php HTTP/1.1" 200 1918 "-" "Mozilla/5.0 (X11; Linux x86_64) AppleWebKit/537.36 (KHTML, like Gecko) Chrome/66.0.3359.170 Safari/537.36"
159.223.34.107 - - [27/Apr/2026:18:39:41 +0000] "POST /wp-login.php HTTP/1.1" 200 2018 "https://the-muscle-building.primemusicproductions.com/wp-login.php" "Mozilla/5.0 (X11; Linux x86_64) AppleWebKit/537.36 (KHTML, like Gecko) Chrome/66.0.3359.170 Safari/537.36"
184.94.212.206 - - [27/Apr/2026:18:47:01 +0000] "POST /wp-cron.php?doing_wp_cron=1777315621.9506111145019531250000 HTTP/1.1" 200 - "-" "WordPress/6.9.4; https://the-muscle-building.info"
142.93.103.145 - - [27/Apr/2026:18:47:00 +0000] "GET /wp-login.php HTTP/1.1" 200 1918 "-" "Mozilla/5.0 (Windows NT 6.0; WOW64; Trident/7.0; rv:11.0) like Gecko"
142.93.103.145 - - [27/Apr/2026:18:47:02 +0000] "POST /wp-login.php HTTP/1.1" 200 2018 "https://the-muscle-building.info/wp-login.php" "Mozilla/5.0 (Windows NT 6.0; WOW64; Trident/7.0; rv:11.0) like Gecko"
184.94.212.206 - - [27/Apr/2026:18:48:08 +0000] "POST /wp-cron.php?doing_wp_cron=1777315688.8169190883636474609375 HTTP/1.1" 200 - "-" "WordPress/6.9.4; https://the-muscle-building.info"
45.117.169.86 - - [27/Apr/2026:18:48:07 +0000] "GET /wp-login.php HTTP/1.1" 200 1918 "-" "Mozilla/5.0 (Macintosh; Intel Mac OS X 10_12_4) AppleWebKit/603.1.30 (KHTML, like Gecko) Version/10.1 Safari/603.1.30"
45.117.169.86 - - [27/Apr/2026:18:48:10 +0000] "POST /wp-login.php HTTP/1.1" 200 2018 "https://the-muscle-building.primemusicproductions.com/wp-login.php" "Mozilla/5.0 (Macintosh; Intel Mac OS X 10_12_4) AppleWebKit/603.1.30 (KHTML, like Gecko) Version/10.1 Safari/603.1.30"
184.94.212.206 - - [27/Apr/2026:18:49:59 +0000] "POST /wp-cron.php?doing_wp_cron=1777315799.2268919944763183593750 HTTP/1.1" 200 - "-" "WordPress/6.9.4; https://the-muscle-building.info"
178.156.249.178 - - [27/Apr/2026:18:49:57 +0000] "HEAD / HTTP/1.1" 200 - "-" "Mozilla/5.0 (Macintosh; Intel Mac OS X 10_15_7) AppleWebKit/605.1.15 (KHTML, like Gecko) Version/18.0 Safari/605.1.15"
178.156.249.178 - - [27/Apr/2026:18:50:05 +0000] "GET / HTTP/1.1" 206 14619 "-" "Mozilla/5.0 (Macintosh; Intel Mac OS X 10_15_7) AppleWebKit/605.1.15 (KHTML, like Gecko) Version/18.0 Safari/605.1.15"
43.130.91.95 - - [27/Apr/2026:18:51:34 +0000] "GET / HTTP/1.1" 200 14619 "http://www.the-muscle-building.info" "Mozilla/5.0 (iPhone; CPU iPhone OS 13_2_3 like Mac OS X) AppleWebKit/605.1.15 (KHTML, like Gecko) Version/13.0.3 Mobile/15E148 Safari/604.1"
184.94.212.206 - - [27/Apr/2026:18:51:43 +0000] "POST /wp-cron.php?doing_wp_cron=1777315903.7405679225921630859375 HTTP/1.1" 200 - "-" "WordPress/6.9.4; https://the-muscle-building.info"
173.236.218.3 - - [27/Apr/2026:18:51:42 +0000] "GET /wp-login.php HTTP/1.1" 200 1918 "-" "Mozilla/5.0 (Macintosh; Intel Mac OS X 10_12_6) AppleWebKit/604.3.5 (KHTML, like Gecko) Version/11.0.1 Safari/604.3.5"
5.161.84.165 - - [27/Apr/2026:18:51:43 +0000] "GET /wp-login.php HTTP/1.1" 200 1918 "-" "Mozilla/5.0 (MSIE 8.0; Windows NT 6.0; Trident/7.0; rv:11.0) like Gecko"
173.236.218.3 - - [27/Apr/2026:18:51:44 +0000] "POST /wp-login.php HTTP/1.1" 200 2018 "https://the-muscle-building.info/wp-login.php" "Mozilla/5.0 (Macintosh; Intel Mac OS X 10_12_6) AppleWebKit/604.3.5 (KHTML, like Gecko) Version/11.0.1 Safari/604.3.5"
5.161.84.165 - - [27/Apr/2026:18:51:44 +0000] "POST /wp-login.php HTTP/1.1" 200 2018 "https://the-muscle-building.info/wp-login.php" "Mozilla/5.0 (MSIE 8.0; Windows NT 6.0; Trident/7.0; rv:11.0) like Gecko"
184.94.212.206 - - [27/Apr/2026:18:55:50 +0000] "POST /wp-cron.php?doing_wp_cron=1777316150.8534250259399414062500 HTTP/1.1" 200 - "-" "WordPress/6.9.4; https://the-muscle-building.info"
57.141.18.68 - - [27/Apr/2026:18:55:49 +0000] "GET /product-category/services/ HTTP/1.1" 200 63019 "-" "meta-externalagent/1.1 (+https://developers.facebook.com/docs/sharing/webmasters/crawler)"
184.94.212.206 - - [27/Apr/2026:19:00:37 +0000] "POST /wp-cron.php?doing_wp_cron=1777316437.6268260478973388671875 HTTP/1.1" 200 - "-" "WordPress/6.9.4; https://the-muscle-building.info"
66.249.66.73 - - [27/Apr/2026:19:00:36 +0000] "GET /robots.txt HTTP/1.1" 200 179 "-" "Mozilla/5.0 (compatible; Googlebot/2.1; +http://www.google.com/bot.html)"
66.249.66.71 - - [27/Apr/2026:19:00:37 +0000] "GET /index.php/2020/02/17/quick-and-easy-tips-for-building-muscle-fast/ HTTP/1.1" 301 - "-" "Mozilla/5.0 (Linux; Android 6.0.1; Nexus 5X Build/MMB29P) AppleWebKit/537.36 (KHTML, like Gecko) Chrome/147.0.7727.116 Mobile Safari/537.36 (compatible; Googlebot/2.1; +http://www.google.com/bot.html)"
66.249.66.73 - - [27/Apr/2026:19:00:38 +0000] "GET /2020/02/17/quick-and-easy-tips-for-building-muscle-fast/ HTTP/1.1" 404 11897 "-" "Mozilla/5.0 (Linux; Android 6.0.1; Nexus 5X Build/MMB29P) AppleWebKit/537.36 (KHTML, like Gecko) Chrome/147.0.7727.116 Mobile Safari/537.36 (compatible; Googlebot/2.1; +http://www.google.com/bot.html)"
184.94.212.206 - - [27/Apr/2026:19:03:11 +0000] "POST /wp-cron.php?doing_wp_cron=1777316591.3323619365692138671875 HTTP/1.1" 200 - "-" "WordPress/6.9.4; https://the-muscle-building.info"
45.129.231.10 - - [27/Apr/2026:19:03:09 +0000] "GET / HTTP/1.1" 200 14619 "-" "Mozilla/5.0 (Knoppix; Linux i686) AppleWebKit/537.36 (KHTML, like Gecko) Chrome/128.0.0.0 Safari/537.36"
184.94.212.206 - - [27/Apr/2026:19:05:26 +0000] "POST /wp-cron.php?doing_wp_cron=1777316726.4975590705871582031250 HTTP/1.1" 200 - "-" "WordPress/6.9.4; https://the-muscle-building.info"
45.129.231.10 - - [27/Apr/2026:19:05:24 +0000] "POST /wp-admin/admin-ajax.php HTTP/1.1" 400 21 "-" "Mozilla/5.0 (Macintosh; Intel Mac OS X 10_15_7) AppleWebKit/605.1.15 (KHTML, like Gecko) Version/14.1.1 Safari/605.1.15"
184.94.212.206 - - [27/Apr/2026:19:06:23 +0000] "POST /wp-cron.php?doing_wp_cron=1777316783.3579990863800048828125 HTTP/1.1" 200 - "-" "WordPress/6.9.4; https://the-muscle-building.info"
47.251.53.97 - - [27/Apr/2026:19:06:21 +0000] "GET /wp-login.php HTTP/1.1" 200 1918 "-" "Mozilla/5.0 (Windows NT 10.0; Win64; x64) AppleWebKit/537.36 (KHTML, like Gecko) Chrome/65.0.3325.146 Safari/537.36"
47.251.53.97 - - [27/Apr/2026:19:06:23 +0000] "POST /wp-login.php HTTP/1.1" 200 2018 "https://the-muscle-building.info/wp-login.php" "Mozilla/5.0 (Windows NT 10.0; Win64; x64) AppleWebKit/537.36 (KHTML, like Gecko) Chrome/65.0.3325.146 Safari/537.36"
195.66.214.37 - - [27/Apr/2026:19:10:32 +0000] "GET /wp-login.php HTTP/1.1" 200 1918 "-" "Mozilla/5.0 (X11; Linux x86_64) AppleWebKit/537.36 (KHTML, like Gecko) Chrome/67.0.3396.87 Safari/537.36"
195.66.214.37 - - [27/Apr/2026:19:10:33 +0000] "POST /wp-login.php HTTP/1.1" 200 2018 "https://the-muscle-building.info/wp-login.php" "Mozilla/5.0 (X11; Linux x86_64) AppleWebKit/537.36 (KHTML, like Gecko) Chrome/67.0.3396.87 Safari/537.36"
184.94.212.206 - - [27/Apr/2026:19:12:31 +0000] "POST /wp-cron.php?doing_wp_cron=1777317151.4590859413146972656250 HTTP/1.1" 200 - "-" "WordPress/6.9.4; https://the-muscle-building.info"
137.74.194.43 - - [27/Apr/2026:19:12:30 +0000] "GET /wp-login.php HTTP/1.1" 200 1918 "-" "Mozilla/5.0 (Macintosh; Intel Mac OS X 10_11_6) AppleWebKit/605.1.15 (KHTML, like Gecko) Version/11.1.1 Safari/605.1.15"
137.74.194.43 - - [27/Apr/2026:19:12:31 +0000] "POST /wp-login.php HTTP/1.1" 200 2018 "https://the-muscle-building.primemusicproductions.com/wp-login.php" "Mozilla/5.0 (Macintosh; Intel Mac OS X 10_11_6) AppleWebKit/605.1.15 (KHTML, like Gecko) Version/11.1.1 Safari/605.1.15"
162.158.88.98 - - [27/Apr/2026:19:14:15 +0000] "GET /wp-content/plugins/woocommerce/assets/css/woocommerce-layout.css?ver=10.5.0 HTTP/1.1" 200 3415 "-" "Mozilla/5.0 (Windows NT 10.0; Win64; x64) AppleWebKit/537.36 (KHTML, like Gecko) Chrome/123.0.0.0 Safari/537.36"
184.94.212.206 - - [27/Apr/2026:19:16:29 +0000] "POST /wp-cron.php?doing_wp_cron=1777317389.1024570465087890625000 HTTP/1.1" 200 - "-" "WordPress/6.9.4; https://the-muscle-building.info"
51.222.116.95 - - [27/Apr/2026:19:16:26 +0000] "GET /wp-login.php HTTP/1.1" 200 1918 "-" "Mozilla/5.0 (Windows NT 10.0) AppleWebKit/537.36 (KHTML, like Gecko) Chrome/58.0.3029.110 Safari/537.36 Edge/16.16299"
51.222.116.95 - - [27/Apr/2026:19:16:29 +0000] "POST /wp-login.php HTTP/1.1" 200 2018 "https://the-muscle-building.info/wp-login.php" "Mozilla/5.0 (Windows NT 10.0) AppleWebKit/537.36 (KHTML, like Gecko) Chrome/58.0.3029.110 Safari/537.36 Edge/16.16299"
34.153.19.243 - - [27/Apr/2026:19:16:43 +0000] "HEAD / HTTP/1.1" 200 - "http://the-muscle-building.info/" "Mozilla/5.0 (Macintosh; Intel Mac OS X 15_0) AppleWebKit/537.36 (KHTML, like Gecko) Chrome/125.0.6422.141 Safari/537.36"
141.98.11.117 - - [27/Apr/2026:19:17:37 +0000] "GET /wp-login.php HTTP/1.1" 200 1918 "-" "Mozilla/5.0 (MSIE 8.0; Windows NT 6.0; Trident/7.0; rv:11.0) like Gecko"
141.98.11.117 - - [27/Apr/2026:19:17:38 +0000] "POST /wp-login.php HTTP/1.1" 200 2018 "https://the-muscle-building.primemusicproductions.com/wp-login.php" "Mozilla/5.0 (MSIE 8.0; Windows NT 6.0; Trident/7.0; rv:11.0) like Gecko"
184.94.212.206 - - [27/Apr/2026:19:18:32 +0000] "POST /wp-cron.php?doing_wp_cron=1777317512.2447760105133056640625 HTTP/1.1" 200 - "-" "WordPress/6.9.4; https://the-muscle-building.info"
178.33.251.48 - - [27/Apr/2026:19:18:30 +0000] "GET /wp-login.php HTTP/1.1" 200 1918 "-" "Mozilla/5.0 (compatible; MSIE 10.0; Windows NT 6.1; WOW64; Trident/7.0)"
178.33.251.48 - - [27/Apr/2026:19:18:32 +0000] "POST /wp-login.php HTTP/1.1" 200 2018 "https://the-muscle-building.primemusicproductions.com/wp-login.php" "Mozilla/5.0 (compatible; MSIE 10.0; Windows NT 6.1; WOW64; Trident/7.0)"
184.94.212.206 - - [27/Apr/2026:19:23:03 +0000] "POST /wp-cron.php?doing_wp_cron=1777317783.5626358985900878906250 HTTP/1.1" 200 - "-" "WordPress/6.9.4; https://the-muscle-building.info"
45.129.231.10 - - [27/Apr/2026:19:23:01 +0000] "POST /wp-admin/admin-ajax.php HTTP/1.1" 400 21 "-" "Mozilla/5.0 (SS; Linux i686) AppleWebKit/537.36 (KHTML, like Gecko) Chrome/132.0.0.0 Safari/537.36"
184.94.212.206 - - [27/Apr/2026:19:25:23 +0000] "POST /wp-cron.php?doing_wp_cron=1777317923.2691879272460937500000 HTTP/1.1" 200 - "-" "WordPress/6.9.4; https://the-muscle-building.info"
113.162.181.81 - - [27/Apr/2026:19:25:21 +0000] "GET /index.php/author/the-muscle-building/ HTTP/1.1" 301 - "-" "Mozilla/5.0 (Windows NT 10.0; Win64; x64) AppleWebKit/537.36 (KHTML, like Gecko) Chrome/124.0.6367.155 Safari/537.36"
113.162.181.81 - - [27/Apr/2026:19:25:23 +0000] "GET /author/the-muscle-building/ HTTP/1.1" 404 11897 "-" "Mozilla/5.0 (Windows NT 10.0; Win64; x64) AppleWebKit/537.36 (KHTML, like Gecko) Chrome/124.0.6367.155 Safari/537.36"
184.94.212.206 - - [27/Apr/2026:19:26:13 +0000] "POST /wp-cron.php?doing_wp_cron=1777317973.5827279090881347656250 HTTP/1.1" 200 - "-" "WordPress/6.9.4; https://the-muscle-building.info"
45.129.231.10 - - [27/Apr/2026:19:26:11 +0000] "POST /wp-content/plugins/simple-file-list/ee-upload-engine.php HTTP/1.1" 404 11897 "-" "Mozilla/5.0 (Macintosh; U; Intel Mac OS X 10_6_7; en-us) AppleWebKit/534.16+ (KHTML, like Gecko) Version/5.0.3 Safari/533.19.4"
45.129.231.10 - - [27/Apr/2026:19:26:18 +0000] "POST /wp-content/plugins/simple-file-list/ee-file-engine.php HTTP/1.1" 404 11897 "-" "Mozilla/5.0 (Fedora; Linux i686) AppleWebKit/537.36 (KHTML, like Gecko) Chrome/131.0.0.0 Safari/537.36"
45.129.231.10 - - [27/Apr/2026:19:26:22 +0000] "GET /wp-content/uploads/simple-file-list/fhahaif.php HTTP/1.1" 404 11897 "-" "Mozilla/5.0 (Windows NT 10.0; Win64; x64) AppleWebKit/537.36 (KHTML, like Gecko) Chrome/136.0.0.0 Whale/4.32.315.22 Safari/537.36"
184.94.212.206 - - [27/Apr/2026:19:28:21 +0000] "POST /wp-cron.php?doing_wp_cron=1777318101.5384969711303710937500 HTTP/1.1" 200 - "-" "WordPress/6.9.4; https://the-muscle-building.info"
34.101.189.231 - - [27/Apr/2026:19:28:20 +0000] "GET /wp-login.php HTTP/1.1" 200 1918 "-" "Mozilla/5.0 (X11; CrOS x86_64 10452.96.0) AppleWebKit/537.36 (KHTML, like Gecko) Chrome/66.0.3359.181 Safari/537.36"
34.101.189.231 - - [27/Apr/2026:19:28:22 +0000] "POST /wp-login.php HTTP/1.1" 200 2018 "https://the-muscle-building.primemusicproductions.com/wp-login.php" "Mozilla/5.0 (X11; CrOS x86_64 10452.96.0) AppleWebKit/537.36 (KHTML, like Gecko) Chrome/66.0.3359.181 Safari/537.36"
184.94.212.206 - - [27/Apr/2026:19:28:55 +0000] "POST /wp-cron.php?doing_wp_cron=1777318135.8579010963439941406250 HTTP/1.1" 200 - "-" "WordPress/6.9.4; https://the-muscle-building.info"
45.129.231.10 - - [27/Apr/2026:19:28:54 +0000] "GET /community/recent/?wpfob=(SELECT/**/1/**/FROM/**/(SELECT/**/SLEEP(8))a) HTTP/1.1" 404 11897 "-" "Mozilla/5.0 (ZZ; Linux x86_64) AppleWebKit/537.36 (KHTML, like Gecko) Chrome/132.0.0.0 Safari/537.36"
57.141.18.41 - - [27/Apr/2026:19:29:07 +0000] "GET /product/fitness-trainer-product-2/ HTTP/1.1" 200 76867 "-" "meta-externalagent/1.1 (+https://developers.facebook.com/docs/sharing/webmasters/crawler)"
184.94.212.206 - - [27/Apr/2026:19:33:00 +0000] "POST /wp-cron.php?doing_wp_cron=1777318380.6220309734344482421875 HTTP/1.1" 200 - "-" "WordPress/6.9.4; https://the-muscle-building.info"
57.141.18.82 - - [27/Apr/2026:19:32:59 +0000] "GET /wp-sitemap-users-1.xml HTTP/1.1" 200 275 "-" "meta-externalagent/1.1 (+https://developers.facebook.com/docs/sharing/webmasters/crawler)"
184.94.212.206 - - [27/Apr/2026:19:40:55 +0000] "POST /wp-cron.php?doing_wp_cron=1777318855.9654650688171386718750 HTTP/1.1" 200 - "-" "WordPress/6.9.4; https://the-muscle-building.info"
103.74.54.128 - - [27/Apr/2026:19:40:54 +0000] "GET /wp-login.php HTTP/1.1" 200 1918 "-" "Mozilla/5.0 (Windows NT 6.1; WOW64; Trident/7.0; rv:11.0)"
103.74.54.128 - - [27/Apr/2026:19:40:56 +0000] "POST /wp-login.php HTTP/1.1" 200 2018 "https://the-muscle-building.info/wp-login.php" "Mozilla/5.0 (Windows NT 6.1; WOW64; Trident/7.0; rv:11.0)"
184.94.212.206 - - [27/Apr/2026:19:41:50 +0000] "POST /wp-cron.php?doing_wp_cron=1777318910.0391108989715576171875 HTTP/1.1" 200 - "-" "WordPress/6.9.4; https://the-muscle-building.info"
178.156.226.52 - - [27/Apr/2026:19:41:48 +0000] "HEAD / HTTP/1.1" 200 - "-" "Mozilla/5.0 (Macintosh; Intel Mac OS X 10_15_7) AppleWebKit/605.1.15 (KHTML, like Gecko) Version/18.0 Safari/605.1.15"
45.129.231.10 - - [27/Apr/2026:19:41:51 +0000] "GET / HTTP/1.1" 200 14619 "-" "Mozilla/5.0 (ZZ; Linux x86_64) AppleWebKit/537.36 (KHTML, like Gecko) Chrome/130.0.0.0 Safari/537.36"
178.156.226.52 - - [27/Apr/2026:19:42:00 +0000] "GET / HTTP/1.1" 206 14619 "-" "Mozilla/5.0 (Macintosh; Intel Mac OS X 10_15_7) AppleWebKit/605.1.15 (KHTML, like Gecko) Version/18.0 Safari/605.1.15"
184.94.212.206 - - [27/Apr/2026:19:46:52 +0000] "POST /wp-cron.php?doing_wp_cron=1777319212.5678150653839111328125 HTTP/1.1" 200 - "-" "WordPress/6.9.4; https://the-muscle-building.info"
45.129.231.10 - - [27/Apr/2026:19:46:51 +0000] "POST /wp-admin/admin-ajax.php HTTP/1.1" 400 21 "-" "Mozilla/5.0 (Macintosh; Intel Mac OS X 14.5) AppleWebKit/618.3.5 (KHTML, like Gecko) Version/17.4 Safari/618.3.5"
184.94.212.206 - - [27/Apr/2026:19:52:38 +0000] "POST /wp-cron.php?doing_wp_cron=1777319558.8248710632324218750000 HTTP/1.1" 200 - "-" "WordPress/6.9.4; https://the-muscle-building.info"
155.133.138.66 - - [27/Apr/2026:19:52:37 +0000] "GET /wp-login.php HTTP/1.1" 200 1918 "-" "Mozilla/4.0 (compatible; MSIE 7.0; Windows NT 6.1; Win64; x64; Trident/7.0; .NET CLR 2.0.50727; SLCC2; .NET4.0C; .NET4.0E; .NET CLR 3.5.30729; .NET CLR 3.0.30729)"
155.133.138.66 - - [27/Apr/2026:19:52:39 +0000] "POST /wp-login.php HTTP/1.1" 200 2018 "https://the-muscle-building.primemusicproductions.com/wp-login.php" "Mozilla/4.0 (compatible; MSIE 7.0; Windows NT 6.1; Win64; x64; Trident/7.0; .NET CLR 2.0.50727; SLCC2; .NET4.0C; .NET4.0E; .NET CLR 3.5.30729; .NET CLR 3.0.30729)"
184.94.212.206 - - [27/Apr/2026:19:57:42 +0000] "POST /wp-cron.php?doing_wp_cron=1777319862.1626300811767578125000 HTTP/1.1" 200 - "-" "WordPress/6.9.4; https://the-muscle-building.info"
45.129.231.10 - - [27/Apr/2026:19:57:39 +0000] "POST /wp-admin/admin-ajax.php?image_id=123 HTTP/1.1" 400 21 "-" "Mozilla/5.0 (X11; Ubuntu; Linux x86_64; rv:140.0) Gecko/20100101 Firefox/140.0"
184.94.212.206 - - [27/Apr/2026:19:57:41 +0000] "POST /wp-admin/admin-ajax.php?action=as_async_request_queue_runner&nonce=22665ebef4 HTTP/1.1" 200 - "-" "WordPress/6.9.4; https://the-muscle-building.info"
184.94.212.206 - - [27/Apr/2026:19:59:53 +0000] "POST /wp-cron.php?doing_wp_cron=1777319993.0623240470886230468750 HTTP/1.1" 200 - "-" "WordPress/6.9.4; https://the-muscle-building.info"
45.129.231.10 - - [27/Apr/2026:19:59:51 +0000] "GET /community/recent/?wpfob=(SELECT/**/1/**/FROM/**/(SELECT/**/SLEEP(8))a) HTTP/1.1" 404 11897 "-" "Mozilla/5.0 (Macintosh; U; Intel Mac OS X 10_5_3; en-ca) AppleWebKit/525.18 (KHTML, like Gecko) Version/3.1.1 Safari/525.20"
184.94.212.206 - - [27/Apr/2026:20:02:40 +0000] "POST /wp-cron.php?doing_wp_cron=1777320160.1407771110534667968750 HTTP/1.1" 200 - "-" "WordPress/6.9.4; https://the-muscle-building.info"
103.28.36.199 - - [27/Apr/2026:20:02:38 +0000] "GET /wp-login.php HTTP/1.1" 200 1918 "-" "Mozilla/5.0 (Windows NT 6.3; WOW64; Trident/7.0; TAJB; rv:11.0) like Gecko"
103.28.36.199 - - [27/Apr/2026:20:02:40 +0000] "POST /wp-login.php HTTP/1.1" 200 2018 "https://the-muscle-building.info/wp-login.php" "Mozilla/5.0 (Windows NT 6.3; WOW64; Trident/7.0; TAJB; rv:11.0) like Gecko"
184.94.212.206 - - [27/Apr/2026:20:07:24 +0000] "POST /wp-cron.php?doing_wp_cron=1777320444.1476340293884277343750 HTTP/1.1" 200 - "-" "WordPress/6.9.4; https://the-muscle-building.info"
5.161.84.165 - - [27/Apr/2026:20:07:22 +0000] "GET /wp-login.php HTTP/1.1" 200 1918 "-" "Mozilla/5.0 (Windows NT 6.3; WOW64; Trident/7.0; Touch; MALCJS; rv:11.0) like Gecko"
5.161.84.165 - - [27/Apr/2026:20:07:24 +0000] "POST /wp-login.php HTTP/1.1" 200 2018 "https://the-muscle-building.primemusicproductions.com/wp-login.php" "Mozilla/5.0 (Windows NT 6.3; WOW64; Trident/7.0; Touch; MALCJS; rv:11.0) like Gecko"
184.94.212.206 - - [27/Apr/2026:20:08:13 +0000] "POST /wp-cron.php?doing_wp_cron=1777320493.9056138992309570312500 HTTP/1.1" 200 - "-" "WordPress/6.9.4; https://the-muscle-building.info"
45.55.138.32 - - [27/Apr/2026:20:08:12 +0000] "GET /wp-login.php HTTP/1.1" 200 1918 "-" "Mozilla/4.0 (compatible; MSIE 7.0; Windows NT 6.1; WOW64; Trident/7.0; SLCC2; .NET CLR 2.0.50727; .NET4.0C; .NET4.0E; FBViewer-6.0.4.0; .NET CLR 3.5.30729; .NET CLR 3.0.30729)"
45.55.138.32 - - [27/Apr/2026:20:08:14 +0000] "POST /wp-login.php HTTP/1.1" 200 2018 "https://the-muscle-building.primemusicproductions.com/wp-login.php" "Mozilla/4.0 (compatible; MSIE 7.0; Windows NT 6.1; WOW64; Trident/7.0; SLCC2; .NET CLR 2.0.50727; .NET4.0C; .NET4.0E; FBViewer-6.0.4.0; .NET CLR 3.5.30729; .NET CLR 3.0.30729)"
184.94.212.206 - - [27/Apr/2026:20:11:16 +0000] "POST /wp-cron.php?doing_wp_cron=1777320676.2978339195251464843750 HTTP/1.1" 200 - "-" "WordPress/6.9.4; https://the-muscle-building.info"
104.244.79.40 - - [27/Apr/2026:20:11:14 +0000] "GET /wp-login.php HTTP/1.1" 200 1918 "-" "Mozilla/5.0 (Windows NT 10.0; Trident/7.0; rv:11.0) like Gecko"
104.244.79.40 - - [27/Apr/2026:20:11:17 +0000] "POST /wp-login.php HTTP/1.1" 200 2018 "https://the-muscle-building.info/wp-login.php" "Mozilla/5.0 (Windows NT 10.0; Trident/7.0; rv:11.0) like Gecko"
184.94.212.206 - - [27/Apr/2026:20:17:37 +0000] "POST /wp-cron.php?doing_wp_cron=1777321057.0115849971771240234375 HTTP/1.1" 200 - "-" "WordPress/6.9.4; https://the-muscle-building.info"
194.163.172.43 - - [27/Apr/2026:20:17:35 +0000] "GET /wp-login.php HTTP/1.1" 200 1918 "-" "Mozilla/5.0 (Windows NT 6.1; Win64; x64) AppleWebKit/537.36 (KHTML, like Gecko) Chrome/65.0.3325.181 Safari/537.36 OPR/52.0.2871.40"
184.94.212.206 - - [27/Apr/2026:20:19:49 +0000] "POST /wp-cron.php?doing_wp_cron=1777321189.2191329002380371093750 HTTP/1.1" 200 - "-" "WordPress/6.9.4; https://the-muscle-building.info"
45.129.231.10 - - [27/Apr/2026:20:19:47 +0000] "POST /wp-admin/admin-ajax.php?image_id=123 HTTP/1.1" 400 21 "-" "Mozilla/5.0 (Windows NT 10.0; rv:139.0) Gecko/20100101 Firefox/139.0"
184.94.212.206 - - [27/Apr/2026:20:21:17 +0000] "POST /wp-cron.php?doing_wp_cron=1777321277.1593089103698730468750 HTTP/1.1" 200 - "-" "WordPress/6.9.4; https://the-muscle-building.info"
104.131.50.136 - - [27/Apr/2026:20:21:15 +0000] "GET /wp-login.php HTTP/1.1" 200 1918 "-" "Mozilla/5.0 (X11; Datanyze; Linux x86_64) AppleWebKit/537.36 (KHTML, like Gecko) Chrome/65.0.3325.181 Safari/537.36"
104.131.50.136 - - [27/Apr/2026:20:21:17 +0000] "POST /wp-login.php HTTP/1.1" 200 2018 "https://the-muscle-building.info/wp-login.php" "Mozilla/5.0 (X11; Datanyze; Linux x86_64) AppleWebKit/537.36 (KHTML, like Gecko) Chrome/65.0.3325.181 Safari/537.36"
184.94.212.206 - - [27/Apr/2026:20:26:27 +0000] "POST /wp-cron.php?doing_wp_cron=1777321587.6686990261077880859375 HTTP/1.1" 200 - "-" "WordPress/6.9.4; https://the-muscle-building.info"
45.129.231.10 - - [27/Apr/2026:20:26:25 +0000] "POST /wp-content/plugins/ait-csv-import-export/admin/upload-handler.php HTTP/1.1" 404 11897 "-" "Mozilla/5.0 (Macintosh; Intel Mac OS X 10_15_7) AppleWebKit/537.36 (KHTML, like Gecko) Chrome/131.0.0.0 Safari/537.36"
45.129.231.10 - - [27/Apr/2026:20:26:31 +0000] "GET /wp-content/uploads/3Cq0fSK2y45nEsmIB1KEgU5G3Lj.php HTTP/1.1" 404 11897 "-" "Mozilla/5.0 (Windows NT 10.0; Win64; x64) AppleWebKit/537.36 (KHTML, like Gecko) Chrome/91.0.4472.124 Safari/537.36"
172.68.164.169 - - [27/Apr/2026:20:28:26 +0000] "GET /wp-content/plugins/woocommerce/assets/client/blocks/wc-blocks.css?ver=wc-10.5.0 HTTP/1.1" 200 2618 "-" "Mozilla/5.0 (Windows NT 10.0; Win64; x64) AppleWebKit/537.36 (KHTML, like Gecko) Chrome/123.0.0.0 Safari/537.36"
184.94.212.206 - - [27/Apr/2026:20:28:28 +0000] "POST /wp-cron.php?doing_wp_cron=1777321708.5331199169158935546875 HTTP/1.1" 200 - "-" "WordPress/6.9.4; https://the-muscle-building.info"
128.241.254.194 - - [27/Apr/2026:20:28:27 +0000] "GET /?author=1 HTTP/1.1" 301 - "-" "-"
128.241.254.194 - - [27/Apr/2026:20:28:32 +0000] "GET / HTTP/1.1" 200 14619 "-" "Mozilla/5.0 (Windows NT 10.0; Win64; x64; rv:139.0) Gecko/20100101 Firefox/139.0"
128.241.254.194 - - [27/Apr/2026:20:28:32 +0000] "POST /wp-admin/admin.php HTTP/1.1" 302 - "-" "Mozilla/5.0 (Macintosh; Intel Mac OS X 10_15_7) AppleWebKit/605.1.15 (KHTML, like Gecko) Version/16.5.2 Safari/605.1.15"
128.241.254.194 - - [27/Apr/2026:20:28:32 +0000] "POST /wp-admin/admin-ajax.php HTTP/1.1" 400 21 "https://the-muscle-building.info" "Mozilla/5.0 (Macintosh; Intel Mac OS X 10_15_7) AppleWebKit/605.1.15 (KHTML, like Gecko) Version/17.0.1 Safari/605.1.15"
128.241.254.194 - - [27/Apr/2026:20:28:32 +0000] "GET /?p=1 HTTP/1.1" 404 11897 "-" "Mozilla/5.0 (Macintosh; Intel Mac OS X 13_6) AppleWebKit/605.1.15 (KHTML, like Gecko) Version/16.6 Safari/605.1.15"
128.241.254.194 - - [27/Apr/2026:20:28:32 +0000] "GET / HTTP/1.1" 200 14619 "-" "Mozilla/5.0 (Windows NT 10.0; Win64; x64) AppleWebKit/537.36 (KHTML, like Gecko) Chrome/99.0.4844.51 Safari/537.36"
128.241.254.194 - - [27/Apr/2026:20:28:33 +0000] "GET / HTTP/1.1" 200 14619 "-" "Mozilla/5.0 (Windows NT 6.2; rv:140.0.) Gecko/20100101 Firefox/140.0."
128.241.254.194 - - [27/Apr/2026:20:28:34 +0000] "POST /%7B%7Bpath%7D%7D/?key=%3Ca%3E HTTP/1.1" 404 11897 "-" "Mozilla/5.0 (Macintosh; Intel Mac OS X 10_15) AppleWebKit/605.1.15 (KHTML, like Gecko) Version/18.5 Safari/605.1.15 AlohaBrowser/7.6.0"
184.94.212.206 - - [27/Apr/2026:20:30:48 +0000] "POST /wp-cron.php?doing_wp_cron=1777321848.8650460243225097656250 HTTP/1.1" 200 - "-" "WordPress/6.9.4; https://the-muscle-building.info"
45.129.231.10 - - [27/Apr/2026:20:30:47 +0000] "GET /?season=1&league_id=1season=1&league_id=1'+AND+(SELECT+1909+FROM+(SELECT(SLEEP(6)))ZiBf)--+qODp&match_day=1&match_day=1&team_id=1&team_id=1 HTTP/1.1" 301 - "-" "Mozilla/5.0 (Macintosh; Intel Mac OS X 10_14_6) AppleWebKit/605.1.15 (KHTML, like Gecko) Version/13.0.3 Safari/605.1.15"
184.94.212.206 - - [27/Apr/2026:20:34:01 +0000] "POST /wp-cron.php?doing_wp_cron=1777322041.5653939247131347656250 HTTP/1.1" 200 - "-" "WordPress/6.9.4; https://the-muscle-building.info"
128.241.254.194 - - [27/Apr/2026:20:33:59 +0000] "POST /wp-admin/admin-ajax.php HTTP/1.1" 400 21 "-" "Mozilla/5.0 (ZZ; Linux i686) AppleWebKit/537.36 (KHTML, like Gecko) Chrome/139.0.0.0 Safari/537.36"
128.241.254.194 - - [27/Apr/2026:20:34:02 +0000] "GET /?rest_route=/pmpro/v1/checkout_level&level_id=3&discount_code=%27%20%20union%20select%20sleep(6)%20--%20g HTTP/1.1" 404 117 "-" "Mozilla/5.0 (ZZ; Linux x86_64) AppleWebKit/537.36 (KHTML, like Gecko) Chrome/138.0.0.0 Safari/537.36"
172.71.124.90 - - [27/Apr/2026:20:34:05 +0000] "GET /wp-content/plugins/woocommerce/assets/css/photoswipe/default-skin/default-skin.min.css?ver=10.5.0 HTTP/1.1" 200 1952 "-" "Mozilla/5.0 (Windows NT 10.0; Win64; x64) AppleWebKit/537.36 (KHTML, like Gecko) Chrome/123.0.0.0 Safari/537.36"
128.241.254.194 - - [27/Apr/2026:20:34:05 +0000] "POST /?rest_route=/olistener/new HTTP/1.1" 404 117 "-" "Mozilla/5.0 (Macintosh; Intel Mac OS X 10_15_7) AppleWebKit/605.1.15 (KHTML, like Gecko) Version/17.10 Safari/605.1.1"
128.241.254.194 - - [27/Apr/2026:20:34:05 +0000] "GET /wp-content/plugins/arprice-responsive-pricing-table/js/arprice.js HTTP/1.1" 404 11897 "-" "Mozilla/5.0 (Macintosh; Intel Mac OS X 11_6_6; de) AppleWebKit/605.1.15 (KHTML, like Gecko) Version/17.4.2 Safari/605.1.15"
128.241.254.194 - - [27/Apr/2026:20:34:08 +0000] "GET /wp-content/plugins/paid-memberships-pro/js/pmpro-checkout.js HTTP/1.1" 404 11897 "-" "Mozilla/5.0 (Fedora; Linux x86_64) AppleWebKit/537.36 (KHTML, like Gecko) Chrome/135.0.0.0 Safari/537.36"
128.241.254.194 - - [27/Apr/2026:20:34:10 +0000] "POST /wp-admin/admin-ajax.php?action=wc_help_scout_upload_attachments HTTP/1.1" 400 21 "-" "Mozilla/5.0 (X11; Linux x86_64) AppleWebKit/537.36 (KHTML, like Gecko) Chrome/113.0.0.0 Safari/537.36"
128.241.254.194 - - [27/Apr/2026:20:34:10 +0000] "POST /wp-admin/admin-ajax.php HTTP/1.1" 400 21 "-" "Mozilla/5.0 (Ubuntu; Linux i686) AppleWebKit/537.36 (KHTML, like Gecko) Chrome/142.0.0.0 Safari/537.36"
128.241.254.194 - - [27/Apr/2026:20:34:10 +0000] "GET /wp-content/plugins/woc-order-alert/assets/admin/js/scripts.js HTTP/1.1" 404 11897 "-" "Mozilla/5.0 (Macintosh; Intel Mac OS X 10_15_7) AppleWebKit/605.1.15 (KHTML, like Gecko) Version/17.2.1 Safari/605.1.1"
128.241.254.194 - - [27/Apr/2026:20:34:10 +0000] "POST /wp-admin/admin-ajax.php?action=uploadFontIcon HTTP/1.1" 400 21 "-" "Mozilla/5.0 (Windows NT 10.0; Win64; x64; rv:104.0) Gecko/20100101 Firefox/104.0"
128.241.254.194 - - [27/Apr/2026:20:34:11 +0000] "POST /wp-admin/admin-ajax.php HTTP/1.1" 400 21 "-" "Mozilla/5.0 (Fedora; Linux x86_64) AppleWebKit/537.36 (KHTML, like Gecko) Chrome/133.0.0.0 Safari/537.36"
128.241.254.194 - - [27/Apr/2026:20:34:11 +0000] "POST /wp-admin/admin-ajax.php HTTP/1.1" 400 21 "-" "Mozilla/5.0 (Macintosh; Intel Mac OS X 10.15; rv:136.0) Gecko/20100101 Firefox/136.0"
128.241.254.194 - - [27/Apr/2026:20:34:11 +0000] "POST /wp-admin/admin-ajax.php HTTP/1.1" 400 21 "-" "Mozilla/5.0 (X11; Linux i686; rv:1.9.5.20) Gecko/ Firefox/3.6.20"
128.241.254.194 - - [27/Apr/2026:20:34:12 +0000] "POST /wp-comments-post.php HTTP/1.1" 200 - "-" "Mozilla/5.0 (Debian; Linux x86_64) AppleWebKit/537.36 (KHTML, like Gecko) Chrome/135.0.0.0 Safari/537.36"
128.241.254.194 - - [27/Apr/2026:20:34:12 +0000] "POST /wp-admin/admin-ajax.php HTTP/1.1" 400 21 "-" "Mozilla/5.0 (Debian; Linux x86_64) AppleWebKit/537.36 (KHTML, like Gecko) Chrome/140.0.0.0 Safari/537.36"
128.241.254.194 - - [27/Apr/2026:20:34:12 +0000] "POST /wp-content/plugins/wp-automatic/process_form.php HTTP/1.1" 404 11897 "-" "Mozilla/5.0 (Fedora; Linux i686) AppleWebKit/537.36 (KHTML, like Gecko) Chrome/130.0.0.0 Safari/537.36"
128.241.254.194 - - [27/Apr/2026:20:34:12 +0000] "POST / HTTP/1.1" 200 14619 "-" "Mozilla/5.0 (X11; Linux x86_64) AppleWebKit/537.36 (KHTML, like Gecko) Chrome/115.0.0.0 Safari/537.36"
128.241.254.194 - - [27/Apr/2026:20:34:15 +0000] "GET /wp-content/uploads/hstmp/ZIu1m9.php HTTP/1.1" 404 11897 "-" "Mozilla/5.0 (Macintosh; Intel Mac OS X 10.15; rv:126.0) Gecko/20100101 Firefox/126.0"
128.241.254.194 - - [27/Apr/2026:20:34:15 +0000] "GET /wp-content/uploads/workreap-temp/3CsfuS2tAl6TbHC4tfcfFuyCyQH.php HTTP/1.1" 404 11897 "-" "Mozilla/5.0 (Macintosh; Intel Mac OS X 10_15_7) AppleWebKit/605.1.15 (KHTML, like Gecko) Version/16.2 Mobile/15E148 Safari/604.1"
128.241.254.194 - - [27/Apr/2026:20:34:16 +0000] "GET /wp-content/plugins/documentor-lite/core/js/documentor.js HTTP/1.1" 404 11897 "-" "Mozilla/5.0 (X11; Linux i686; rv:1.9.7.20) Gecko/ Firefox/14.0"
128.241.254.194 - - [27/Apr/2026:20:34:16 +0000] "GET /wp-content/uploads/kaswara/fonts_icon/dahlgq/dg.php HTTP/1.1" 404 11897 "-" "Mozilla/5.0 (X11; Linux x86_64; rv:138.0) Gecko/20100101 Firefox/138.0"
128.241.254.194 - - [27/Apr/2026:20:34:16 +0000] "GET /wp-content/uploads/pp-files/tidjj.php HTTP/1.1" 404 11897 "-" "Mozilla/5.0 (Windows NT 10.0; WOW64; rv:70.0) Gecko/20100101 Firefox/70.0"
128.241.254.194 - - [27/Apr/2026:20:34:17 +0000] "GET /wp-admin/index.php HTTP/1.1" 302 - "-" "Mozilla/5.0 (Windows NT 10.0; rv:128.0) Gecko/20100101 Firefox/128.0"
128.241.254.194 - - [27/Apr/2026:20:34:17 +0000] "GET /?gf_page=upload HTTP/1.1" 200 14619 "-" "Mozilla/5.0 (Windows NT 10.0; Win64; x64) AppleWebKit/537.36 (KHTML, like Gecko) Chrome/66.0.3359.139 Safari/537.36"
128.241.254.194 - - [27/Apr/2026:20:34:17 +0000] "GET /wp-content/plugins/imagements/images/3csfurmirl62zm5hpadu518ybnr.php HTTP/1.1" 404 11897 "-" "Mozilla/5.0 (Macintosh; U; PPC Mac OS X; de-de) AppleWebKit/125.5.6 (KHTML, like Gecko) Safari/125.12"
128.241.254.194 - - [27/Apr/2026:20:34:17 +0000] "GET / HTTP/1.1" 200 14619 "-" "Mozilla/5.0 (Windows NT 10.0; Win64; x64; rv:109.0) Gecko/20100101 Firefox/117.0"
128.241.254.194 - - [27/Apr/2026:20:34:17 +0000] "GET /wp-content/uploads/wp_dndcf7_uploads/wpcf7-files/3CsfuSsHEyl7AvGiHsaPKMFa4iD.txt HTTP/1.1" 404 11897 "-" "Mozilla/5.0 (Macintosh; Intel Mac OS X 10_15_7) AppleWebKit/605.1.15 (KHTML, like Gecko) Version/18.3.1 Safari/605.1.15"
128.241.254.194 - - [27/Apr/2026:20:34:17 +0000] "GET /wp-content/plugins/infographic-and-list-builder-ilist/assets/js/ilist_custom_admin.js HTTP/1.1" 404 11897 "-" "Mozilla/5.0 (Windows; U; Windows NT 6.1; ja-JP) AppleWebKit/533.20.25 (KHTML, like Gecko) Version/5.0.3 Safari/533.19.4"
128.241.254.194 - - [27/Apr/2026:20:34:23 +0000] "POST /?gf_page=upload HTTP/1.1" 404 11897 "-" "Mozilla/5.0 (ZZ; Linux x86_64) AppleWebKit/537.36 (KHTML, like Gecko) Chrome/138.0.0.0 Safari/537.36"
128.241.254.194 - - [27/Apr/2026:20:34:25 +0000] "GET /?pum_action=tools_page_tab_system_info HTTP/1.1" 200 14619 "-" "Mozilla/5.0 (Ubuntu; Linux x86_64) AppleWebKit/537.36 (KHTML, like Gecko) Chrome/132.0.0.0 Safari/537.36"
128.241.254.194 - - [27/Apr/2026:20:34:31 +0000] "POST / HTTP/1.1" 200 14619 "-" "Mozilla/5.0 (Macintosh; U; Intel Mac OS X 10_5_3; nl-nl) AppleWebKit/527+ (KHTML, like Gecko) Version/3.1.1 Safari/525.20"
184.94.212.206 - - [27/Apr/2026:20:34:41 +0000] "POST /wp-cron.php?doing_wp_cron=1777322081.7969989776611328125000 HTTP/1.1" 200 - "-" "WordPress/6.9.4; https://the-muscle-building.info"
128.241.254.194 - - [27/Apr/2026:20:34:40 +0000] "POST /wp-admin/admin-ajax.php HTTP/1.1" 400 21 "-" "Mozilla/5.0 (Knoppix; Linux x86_64) AppleWebKit/537.36 (KHTML, like Gecko) Chrome/132.0.0.0 Safari/537.36"
128.241.254.194 - - [27/Apr/2026:20:34:46 +0000] "GET /wp-content/plugins/showbizpro/temp/update_extract/iDzYO.php HTTP/1.1" 404 11897 "-" "Mozilla/5.0 (Windows NT 10.0; Win64; x64; rv:77.0) Gecko/20100101 Firefox/77.0"
128.241.254.194 - - [27/Apr/2026:20:35:21 +0000] "POST /wp-admin/options-general.php?page=smartcode HTTP/1.1" 302 - "-" "Mozilla/5.0 (ZZ; Linux x86_64) AppleWebKit/537.36 (KHTML, like Gecko) Chrome/136.0.0.0 Safari/537.36"
128.241.254.194 - - [27/Apr/2026:20:35:27 +0000] "GET / HTTP/1.1" 200 14619 "-" "Mozilla/5.0 (Macintosh; U; Intel Mac OS X 10_6_6; it-it) AppleWebKit/533.20.25 (KHTML, like Gecko) Version/5.0.4 Safari/533.20.27"
51.68.111.243 - - [27/Apr/2026:20:36:03 +0000] "GET /robots.txt HTTP/1.1" 200 179 "-" "Mozilla/5.0 (compatible; MJ12bot/v2.0.5; http://mj12bot.com/)"
51.68.111.243 - - [27/Apr/2026:20:36:07 +0000] "GET / HTTP/1.1" 403 14619 "-" "Mozilla/5.0 (compatible; MJ12bot/v2.0.5; http://mj12bot.com/)"
184.94.212.206 - - [27/Apr/2026:20:37:17 +0000] "POST /wp-cron.php?doing_wp_cron=1777322237.2733500003814697265625 HTTP/1.1" 200 - "-" "WordPress/6.9.4; https://the-muscle-building.info"
128.241.254.194 - - [27/Apr/2026:20:37:15 +0000] "GET /?author=1 HTTP/1.1" 301 - "-" "Mozilla/5.0 (Macintosh; Intel Mac OS X 13_0) AppleWebKit/605.1.15 (KHTML, like Gecko) Version/16.1 Safari/605.1.15"
128.241.254.194 - - [27/Apr/2026:20:37:17 +0000] "GET /author/calisthenics/ HTTP/1.1" 200 12995 "https://the-muscle-building.info/?author=1" "Mozilla/5.0 (Macintosh; Intel Mac OS X 13_0) AppleWebKit/605.1.15 (KHTML, like Gecko) Version/16.1 Safari/605.1.15"
128.241.254.194 - - [27/Apr/2026:20:37:22 +0000] "POST / HTTP/1.1" 200 14619 "-" "Mozilla/5.0 (Windows NT 10.0; Win64; x64) AppleWebKit/537.36 (KHTML, like Gecko) Chrome/52.0.2743.116 Safari/537.36 Edge/15.15063"
178.156.226.52 - - [27/Apr/2026:20:37:33 +0000] "HEAD / HTTP/1.1" 200 - "-" "Mozilla/5.0 (Macintosh; Intel Mac OS X 10_15_7) AppleWebKit/605.1.15 (KHTML, like Gecko) Version/18.0 Safari/605.1.15"
184.94.212.206 - - [27/Apr/2026:20:37:42 +0000] "POST /wp-cron.php?doing_wp_cron=1777322262.9812729358673095703125 HTTP/1.1" 200 - "-" "WordPress/6.9.4; https://the-muscle-building.info"
178.156.226.52 - - [27/Apr/2026:20:37:41 +0000] "GET / HTTP/1.1" 206 14619 "-" "Mozilla/5.0 (Macintosh; Intel Mac OS X 10_15_7) AppleWebKit/605.1.15 (KHTML, like Gecko) Version/18.0 Safari/605.1.15"
184.94.212.206 - - [27/Apr/2026:20:43:05 +0000] "POST /wp-cron.php?doing_wp_cron=1777322584.9856660366058349609375 HTTP/1.1" 200 - "-" "WordPress/6.9.4; https://the-muscle-building.info"
50.6.229.148 - - [27/Apr/2026:20:43:03 +0000] "GET /wp-login.php HTTP/1.1" 200 1918 "-" "Mozilla/5.0 (Macintosh; Intel Mac OS X 10_13_3) AppleWebKit/537.36 (KHTML, like Gecko) Chrome/65.0.3325.181 Safari/537.36"
50.6.229.148 - - [27/Apr/2026:20:43:06 +0000] "POST /wp-login.php HTTP/1.1" 200 2018 "https://the-muscle-building.primemusicproductions.com/wp-login.php" "Mozilla/5.0 (Macintosh; Intel Mac OS X 10_13_3) AppleWebKit/537.36 (KHTML, like Gecko) Chrome/65.0.3325.181 Safari/537.36"
184.94.212.206 - - [27/Apr/2026:20:45:08 +0000] "POST /wp-cron.php?doing_wp_cron=1777322708.2461669445037841796875 HTTP/1.1" 200 - "-" "WordPress/6.9.4; https://the-muscle-building.info"
45.129.231.10 - - [27/Apr/2026:20:45:06 +0000] "GET /wp-content/plugins/wp-autosuggest/autosuggest.php?wpas_action=query&wpas_keys=1%27%29%2F%2A%2A%2FAND%2F%2A%2A%2F%28SELECT%2F%2A%2A%2F5202%2F%2A%2A%2FFROM%2F%2A%2A%2F%28SELECT%28SLEEP%286%29%29%29yRVR%29%2F%2A%2A%2FAND%2F%2A%2A%2F%28%27dwQZ%27%2F%2A%2A%2FLIKE%2F%2A%2A%2F%27dwQZ HTTP/1.1" 404 11897 "-" "Mozilla/5.0 (Windows NT 10.0; Win64; x64; rv:136.0) Gecko/20100101 Firefox/136.0"
184.94.212.206 - - [27/Apr/2026:20:45:49 +0000] "POST /wp-cron.php?doing_wp_cron=1777322749.7247030735015869140625 HTTP/1.1" 200 - "-" "WordPress/6.9.4; https://the-muscle-building.info"
103.69.196.177 - - [27/Apr/2026:20:45:48 +0000] "GET /wp-login.php HTTP/1.1" 200 1918 "-" "Mozilla/5.0 (Windows NT 6.1; Win64; x64) AppleWebKit/537.36 (KHTML, like Gecko) Chrome/67.0.3396.62 Safari/537.36"
103.69.196.177 - - [27/Apr/2026:20:45:50 +0000] "POST /wp-login.php HTTP/1.1" 200 2018 "https://the-muscle-building.info/wp-login.php" "Mozilla/5.0 (Windows NT 6.1; Win64; x64) AppleWebKit/537.36 (KHTML, like Gecko) Chrome/67.0.3396.62 Safari/537.36"
184.94.212.206 - - [27/Apr/2026:20:47:54 +0000] "POST /wp-cron.php?doing_wp_cron=1777322874.8244910240173339843750 HTTP/1.1" 200 - "-" "WordPress/6.9.4; https://the-muscle-building.info"
155.133.138.66 - - [27/Apr/2026:20:47:53 +0000] "GET /wp-login.php HTTP/1.1" 200 1918 "-" "Mozilla/5.0 (Macintosh; Intel Mac OS X 10_10_5) AppleWebKit/537.36 (KHTML, like Gecko) Chrome/65.0.3325.162 Safari/537.36"
155.133.138.66 - - [27/Apr/2026:20:47:55 +0000] "POST /wp-login.php HTTP/1.1" 200 2018 "https://the-muscle-building.primemusicproductions.com/wp-login.php" "Mozilla/5.0 (Macintosh; Intel Mac OS X 10_10_5) AppleWebKit/537.36 (KHTML, like Gecko) Chrome/65.0.3325.162 Safari/537.36"
108.162.226.116 - - [27/Apr/2026:20:50:22 +0000] "GET /wp-content/plugins/woocommerce/assets/css/woocommerce-smallscreen.css?ver=10.5.0 HTTP/1.1" 200 1279 "-" "Mozilla/5.0 (Windows NT 10.0; Win64; x64) AppleWebKit/537.36 (KHTML, like Gecko) Chrome/123.0.0.0 Safari/537.36"
184.94.212.206 - - [27/Apr/2026:20:52:16 +0000] "POST /wp-cron.php?doing_wp_cron=1777323136.9494929313659667968750 HTTP/1.1" 200 - "-" "WordPress/6.9.4; https://the-muscle-building.info"
128.241.254.194 - - [27/Apr/2026:20:52:14 +0000] "GET /wp-content/plugins/quiz-master-next/README.md HTTP/1.1" 404 11897 "-" "Mozilla/5.0 (ZZ; Linux x86_64) AppleWebKit/537.36 (KHTML, like Gecko) Chrome/140.0.0.0 Safari/537.36"
128.241.254.194 - - [27/Apr/2026:20:52:21 +0000] "GET /wp-content/plugins/quiz-master-next/tests/_support/AcceptanceTester.php HTTP/1.1" 404 11897 "-" "Mozilla/5.0 (Windows NT 10.0; rv:140.0) Gecko/20100101 Firefox/140.0"
128.241.254.194 - - [27/Apr/2026:20:52:29 +0000] "POST /wp-admin/admin-ajax.php HTTP/1.1" 400 21 "https://the-muscle-building.info" "Mozilla/5.0 (X11; Linux i686; rv:1.9.6.20) Gecko/ Firefox/12.0"
128.241.254.194 - - [27/Apr/2026:20:52:30 +0000] "POST /wp-admin/admin-ajax.php HTTP/1.1" 400 21 "-" "Mozilla/5.0 (Mac OS X 13_2) AppleWebKit/537.36 (KHTML, like Gecko) Edge/117.0 Safari/537.36"
128.241.254.194 - - [27/Apr/2026:20:52:30 +0000] "GET /wp-content/plugins/wpcargo/includes/3CsfuWp3ykJQhnIIIPGV2EgTmlJ.php HTTP/1.1" 404 11897 "-" "Mozilla/5.0 (Macintosh; Intel Mac OS X 10_14_6) AppleWebKit/605.1.15 (KHTML, like Gecko) Version/13.0.3 Safari/605.1.15"
128.241.254.194 - - [27/Apr/2026:20:52:35 +0000] "POST /wp-login.php HTTP/1.1" 200 2047 "https://the-muscle-building.info" "Mozilla/5.0 (Macintosh; Intel Mac OS X 10_15_7) AppleWebKit/605.1.15 (KHTML, like Gecko) Version/17.5 Safari/605.1.15 MarketGoo/2.1"
128.241.254.194 - - [27/Apr/2026:20:52:35 +0000] "POST /wp-admin/admin-ajax.php HTTP/1.1" 400 21 "-" "Mozilla/5.0 (X11; Linux x86_64) AppleWebKit/537.36 (KHTML, like Gecko) Chrome/127.0.0.0 Safari/537.36"
128.241.254.194 - - [27/Apr/2026:20:52:36 +0000] "GET /wp-content/plugins/wpcargo/includes/barcode.php?text=x1x1111x1xx1xx111xx11111xx1x111x1x1x1xxx11x1111xx1x11xxxx1xx1xxxxx1x1x1xx1x1x11xx1xxxx1x11xx111xxx1xx1xx1x1x1xxx11x1111xxx1xxx1xx1x111xxx1x1xx1xxx1x1x1xx1x1x11xxx11xx1x11xx111xx1xxx1xx11x1x11x11x1111x1x11111x1x1xxxx&sizefactor=.090909090909&size=1&filepath=3CsfuWp3ykJQhnIIIPGV2EgTmlJ.php HTTP/1.1" 404 11897 "-" "Mozilla/5.0 (Macintosh; Intel Mac OS X 108) AppleWebKit/536.15 (KHTML like Gecko) Version/6.0 Safari/536.16"
184.94.212.206 - - [27/Apr/2026:20:52:41 +0000] "POST /wp-cron.php?doing_wp_cron=1777323161.7543909549713134765625 HTTP/1.1" 200 - "-" "WordPress/6.9.4; https://the-muscle-building.info"
128.241.254.194 - - [27/Apr/2026:20:52:40 +0000] "GET /wp-admin/ HTTP/1.1" 302 - "-" "Mozilla/5.0 (ZZ; Linux i686) AppleWebKit/537.36 (KHTML, like Gecko) Chrome/142.0.0.0 Safari/537.36"
128.241.254.194 - - [27/Apr/2026:20:52:40 +0000] "GET /wp-content/plugins/stopbadbots/assets/js/stopbadbots.js HTTP/1.1" 404 11897 "-" "Mozilla/5.0 (Fedora; Linux i686) AppleWebKit/537.36 (KHTML, like Gecko) Chrome/140.0.0.0 Safari/537.36"
128.241.254.194 - - [27/Apr/2026:20:52:41 +0000] "POST /wp-content/plugins/wpcargo/includes/3CsfuWp3ykJQhnIIIPGV2EgTmlJ.php?1=var_dump HTTP/1.1" 404 11897 "-" "Mozilla/5.0 (Macintosh; Intel Mac OS X 10_15_7) AppleWebKit/605.1.15 (KHTML, like Gecko) Version/17.11 Mobile/15E148 Safari/604.1"
45.129.231.10 - - [27/Apr/2026:20:53:09 +0000] "GET /?season=1&league_id=1season=1&league_id=1'+AND+(SELECT+1909+FROM+(SELECT(SLEEP(6)))ZiBf)--+qODp&match_day=1&match_day=1&team_id=1&team_id=1 HTTP/1.1" 301 - "-" "Mozilla/5.0 (Macintosh; Intel Mac OS X 10_15_7) AppleWebKit/605.1.15 (KHTML, like Gecko) Version/18.0.1 Safari/605.1.15"
45.129.231.10 - - [27/Apr/2026:20:53:09 +0000] "GET /wp-content/plugins/google-mp3-audio-player/direct_download.php?file=../../wp-config.php HTTP/1.1" 404 11897 "-" "Mozilla/5.0 (Macintosh; Intel Mac OS X 10_15_7) AppleWebKit/605.1.15 Version/16.3 Safari/605.1.15"
184.94.212.206 - - [27/Apr/2026:20:55:20 +0000] "POST /wp-cron.php?doing_wp_cron=1777323320.5600450038909912109375 HTTP/1.1" 200 - "-" "WordPress/6.9.4; https://the-muscle-building.info"
44.199.221.255 - - [27/Apr/2026:20:55:19 +0000] "GET /wp-login.php HTTP/1.1" 200 1918 "-" "Mozilla/5.0 (Windows NT 6.1; WOW64; Trident/7.0; EIE10;ENUSMSN; rv:11.0) like Gecko"
44.199.221.255 - - [27/Apr/2026:20:55:20 +0000] "POST /wp-login.php HTTP/1.1" 200 2018 "https://the-muscle-building.info/wp-login.php" "Mozilla/5.0 (Windows NT 6.1; WOW64; Trident/7.0; EIE10;ENUSMSN; rv:11.0) like Gecko"
184.94.212.206 - - [27/Apr/2026:21:00:15 +0000] "POST /wp-cron.php?doing_wp_cron=1777323615.2342720031738281250000 HTTP/1.1" 200 - "-" "WordPress/6.9.4; https://the-muscle-building.info"
185.200.240.65 - - [27/Apr/2026:21:00:13 +0000] "GET /wp-login.php HTTP/1.1" 200 1918 "-" "Mozilla/5.0 (compatible; MSIE 9.0; Windows NT 6.1; WOW64; Trident/7.0)"
185.200.240.65 - - [27/Apr/2026:21:00:15 +0000] "POST /wp-login.php HTTP/1.1" 200 2018 "https://the-muscle-building.info/wp-login.php" "Mozilla/5.0 (compatible; MSIE 9.0; Windows NT 6.1; WOW64; Trident/7.0)"
