184.94.212.206 - - [27/Apr/2026:13:56:49 +0000] "POST /wp-cron.php?doing_wp_cron=1777298209.6898880004882812500000 HTTP/1.1" 200 - "-" "WordPress/6.9.4; https://the-muscle-building.info"
69.49.112.66 - - [27/Apr/2026:13:56:48 +0000] "GET /wp-login.php HTTP/1.1" 200 1918 "-" "Mozilla/5.0 (Macintosh; Intel Mac OS X 10_12_6) AppleWebKit/605.1.15 (KHTML, like Gecko) Version/11.1.1 Safari/605.1.15"
69.49.112.66 - - [27/Apr/2026:13:56:49 +0000] "POST /wp-login.php HTTP/1.1" 200 2018 "https://the-muscle-building.info/wp-login.php" "Mozilla/5.0 (Macintosh; Intel Mac OS X 10_12_6) AppleWebKit/605.1.15 (KHTML, like Gecko) Version/11.1.1 Safari/605.1.15"
45.129.231.10 - - [27/Apr/2026:13:57:31 +0000] "POST /wp-admin/admin-ajax.php HTTP/1.1" 400 21 "-" "Mozilla/5.0 (Macintosh; Intel Mac OS X 10_15_7) AppleWebKit/605.1.15 (KHTML, like Gecko) Version/18.1 Mobile/15E148 Safari/604.1"
184.94.212.206 - - [27/Apr/2026:13:58:35 +0000] "POST /wp-cron.php?doing_wp_cron=1777298315.2025959491729736328125 HTTP/1.1" 200 - "-" "WordPress/6.9.4; https://the-muscle-building.info"
45.129.231.10 - - [27/Apr/2026:13:58:33 +0000] "GET / HTTP/1.1" 200 14619 "-" "Mozilla/5.0 (Macintosh; Intel Mac OS X 10_15_6) AppleWebKit/605.1.15 (KHTML, like Gecko) Version/15.6.3 Safari/605.1.15"
184.94.212.206 - - [27/Apr/2026:14:01:03 +0000] "POST /wp-cron.php?doing_wp_cron=1777298463.2945199012756347656250 HTTP/1.1" 200 - "-" "WordPress/6.9.4; https://the-muscle-building.info"
98.130.43.189 - - [27/Apr/2026:14:01:01 +0000] "GET /wp-login.php HTTP/1.1" 200 1918 "-" "Mozilla/5.0 (Windows NT 6.1; WOW64; Trident/7.0; EIE11;ENGBWOL; rv:11.0) like Gecko"
98.130.43.189 - - [27/Apr/2026:14:01:03 +0000] "POST /wp-login.php HTTP/1.1" 200 2018 "https://the-muscle-building.info/wp-login.php" "Mozilla/5.0 (Windows NT 6.1; WOW64; Trident/7.0; EIE11;ENGBWOL; rv:11.0) like Gecko"
184.94.212.206 - - [27/Apr/2026:14:02:42 +0000] "POST /wp-cron.php?doing_wp_cron=1777298562.3841760158538818359375 HTTP/1.1" 200 - "-" "WordPress/6.9.4; https://the-muscle-building.info"
206.189.39.144 - - [27/Apr/2026:14:02:40 +0000] "GET /wp-login.php HTTP/1.1" 200 1918 "-" "Mozilla/5.0 (Macintosh; Intel Mac OS X 10_13_4) AppleWebKit/537.36 (KHTML, like Gecko) Chrome/65.0.3325.181 Safari/537.36"
206.189.39.144 - - [27/Apr/2026:14:02:42 +0000] "POST /wp-login.php HTTP/1.1" 200 2018 "https://the-muscle-building.info/wp-login.php" "Mozilla/5.0 (Macintosh; Intel Mac OS X 10_13_4) AppleWebKit/537.36 (KHTML, like Gecko) Chrome/65.0.3325.181 Safari/537.36"
184.94.212.206 - - [27/Apr/2026:14:06:14 +0000] "POST /wp-cron.php?doing_wp_cron=1777298774.5563700199127197265625 HTTP/1.1" 200 - "-" "WordPress/6.9.4; https://the-muscle-building.info"
18.102.44.19 - - [27/Apr/2026:14:06:13 +0000] "GET /wp-login.php HTTP/1.1" 200 1918 "-" "Mozilla/5.0 (Windows NT 6.1; WOW64) AppleWebKit/537.36 (KHTML, like Gecko) Chrome/66.0.3359.117 Safari/537.36"
18.102.44.19 - - [27/Apr/2026:14:06:14 +0000] "POST /wp-login.php HTTP/1.1" 200 2018 "https://the-muscle-building.info/wp-login.php" "Mozilla/5.0 (Windows NT 6.1; WOW64) AppleWebKit/537.36 (KHTML, like Gecko) Chrome/66.0.3359.117 Safari/537.36"
184.94.212.206 - - [27/Apr/2026:14:07:24 +0000] "POST /wp-cron.php?doing_wp_cron=1777298844.7370998859405517578125 HTTP/1.1" 200 - "-" "WordPress/6.9.4; https://the-muscle-building.info"
114.119.140.85 - - [27/Apr/2026:14:07:22 +0000] "GET /wp-content/uploads/2020/01/fast_and_powerful_tips_to_better_weight_training-326x245.jpg HTTP/1.1" 404 11897 "-" "Mozilla/5.0 (Linux; Android 7.0;) AppleWebKit/537.36 (HTML, like Gecko) Mobile Safari/537.36 (compatible; PetalBot;+https://webmaster.petalsearch.com/site/petalbot)"
184.94.212.206 - - [27/Apr/2026:14:08:44 +0000] "POST /wp-cron.php?doing_wp_cron=1777298924.0329151153564453125000 HTTP/1.1" 200 - "-" "WordPress/6.9.4; https://the-muscle-building.info"
45.55.138.32 - - [27/Apr/2026:14:08:40 +0000] "GET /wp-login.php HTTP/1.1" 200 1918 "-" "Mozilla/5.0 (Windows NT 10.0; WOW64; Trident/7.0; TBTE; rv:11.0) like Gecko"
45.55.138.32 - - [27/Apr/2026:14:08:46 +0000] "POST /wp-login.php HTTP/1.1" 200 2018 "https://the-muscle-building.primemusicproductions.com/wp-login.php" "Mozilla/5.0 (Windows NT 10.0; WOW64; Trident/7.0; TBTE; rv:11.0) like Gecko"
184.94.212.206 - - [27/Apr/2026:14:12:40 +0000] "POST /wp-cron.php?doing_wp_cron=1777299160.4975149631500244140625 HTTP/1.1" 200 - "-" "WordPress/6.9.4; https://the-muscle-building.info"
206.189.39.144 - - [27/Apr/2026:14:12:38 +0000] "GET /wp-login.php HTTP/1.1" 200 1918 "-" "Mozilla/5.0 (compatible; MSIE 9.0; Windows NT 10.0; WOW64; Trident/7.0)"
206.189.39.144 - - [27/Apr/2026:14:12:40 +0000] "POST /wp-login.php HTTP/1.1" 200 2018 "https://the-muscle-building.primemusicproductions.com/wp-login.php" "Mozilla/5.0 (compatible; MSIE 9.0; Windows NT 10.0; WOW64; Trident/7.0)"
184.94.212.206 - - [27/Apr/2026:14:18:04 +0000] "POST /wp-cron.php?doing_wp_cron=1777299484.3318059444427490234375 HTTP/1.1" 200 - "-" "WordPress/6.9.4; https://the-muscle-building.info"
216.73.216.119 - - [27/Apr/2026:14:18:02 +0000] "GET /robots.txt HTTP/1.1" 200 179 "-" "Mozilla/5.0 AppleWebKit/537.36 (KHTML, like Gecko; compatible; ClaudeBot/1.0; +claudebot@anthropic.com)"
216.73.216.119 - - [27/Apr/2026:14:18:04 +0000] "GET /?p=105 HTTP/1.1" 301 - "-" "Mozilla/5.0 AppleWebKit/537.36 (KHTML, like Gecko; compatible; ClaudeBot/1.0; +claudebot@anthropic.com)"
216.73.216.119 - - [27/Apr/2026:14:18:05 +0000] "GET /9cafb-fitness-trainer-blog/ HTTP/1.1" 200 13980 "https://the-muscle-building.info/?p=105" "Mozilla/5.0 AppleWebKit/537.36 (KHTML, like Gecko; compatible; ClaudeBot/1.0; +claudebot@anthropic.com)"
184.94.212.206 - - [27/Apr/2026:14:28:35 +0000] "POST /wp-cron.php?doing_wp_cron=1777300115.5739130973815917968750 HTTP/1.1" 200 - "-" "WordPress/6.9.4; https://the-muscle-building.info"
8.152.161.32 - - [27/Apr/2026:14:28:33 +0000] "GET /wp-login.php HTTP/1.1" 200 1918 "-" "Mozilla/5.0 (Windows NT 10.0; WOW64; Trident/7.0; LCJB; rv:11.0) like Gecko"
184.94.212.206 - - [27/Apr/2026:14:36:14 +0000] "POST /wp-cron.php?doing_wp_cron=1777300574.6650059223175048828125 HTTP/1.1" 200 - "-" "WordPress/6.9.4; https://the-muscle-building.info"
51.161.117.166 - - [27/Apr/2026:14:36:13 +0000] "GET /?wmo_hc=k7Hx9mQp2wRt HTTP/1.1" 200 75708 "-" "Mozilla/5.0 (Windows NT 10.0; Win64; x64) AppleWebKit/537.36 (KHTML, like Gecko) Chrome/146.0.0.0 Safari/537.36"
184.94.212.206 - - [27/Apr/2026:14:39:00 +0000] "POST /wp-cron.php?doing_wp_cron=1777300740.5213699340820312500000 HTTP/1.1" 200 - "-" "WordPress/6.9.4; https://the-muscle-building.info"
103.75.187.25 - - [27/Apr/2026:14:38:59 +0000] "GET /wp-login.php HTTP/1.1" 200 1918 "-" "Mozilla/5.0 (Macintosh; Intel Mac OS X 10_14) AppleWebKit/605.1.15 (KHTML, like Gecko) Version/12.0 Safari/605.1.15"
103.75.187.25 - - [27/Apr/2026:14:39:01 +0000] "POST /wp-login.php HTTP/1.1" 200 2018 "https://the-muscle-building.info/wp-login.php" "Mozilla/5.0 (Macintosh; Intel Mac OS X 10_14) AppleWebKit/605.1.15 (KHTML, like Gecko) Version/12.0 Safari/605.1.15"
172.105.190.145 - - [27/Apr/2026:14:39:18 +0000] "GET /wp-login.php HTTP/1.1" 200 1918 "-" "Mozilla/4.0 (compatible; MSIE 7.0; Windows NT 6.1; WOW64; Trident/7.0; SLCC2; .NET CLR 2.0.50727; .NET CLR 3.5.30729; .NET CLR 3.0.30729; .NET4.0C; .NET4.0E; Media Center PC 6.0)"
172.105.190.145 - - [27/Apr/2026:14:39:20 +0000] "POST /wp-login.php HTTP/1.1" 200 2018 "https://the-muscle-building.primemusicproductions.com/wp-login.php" "Mozilla/4.0 (compatible; MSIE 7.0; Windows NT 6.1; WOW64; Trident/7.0; SLCC2; .NET CLR 2.0.50727; .NET CLR 3.5.30729; .NET CLR 3.0.30729; .NET4.0C; .NET4.0E; Media Center PC 6.0)"
184.94.212.206 - - [27/Apr/2026:14:40:39 +0000] "POST /wp-cron.php?doing_wp_cron=1777300839.7626240253448486328125 HTTP/1.1" 200 - "-" "WordPress/6.9.4; https://the-muscle-building.info"
14.176.165.150 - - [27/Apr/2026:14:40:38 +0000] "GET /my-services/ HTTP/1.1" 404 11897 "-" "Mozilla/5.0 (Windows NT 10.0; Win64; x64) AppleWebKit/537.36 (KHTML, like Gecko) Chrome/107.0.0.0 Safari/537.36"
184.94.212.206 - - [27/Apr/2026:14:41:09 +0000] "POST /wp-cron.php?doing_wp_cron=1777300868.9852919578552246093750 HTTP/1.1" 200 - "-" "WordPress/6.9.4; https://the-muscle-building.info"
114.119.148.14 - - [27/Apr/2026:14:41:08 +0000] "GET /index.php?xml_sitemap=params%3Dpt-post-2020-03 HTTP/1.1" 301 - "-" "Mozilla/5.0 (Linux; Android 7.0;) AppleWebKit/537.36 (HTML, like Gecko) Mobile Safari/537.36 (compatible; PetalBot;+https://webmaster.petalsearch.com/site/petalbot)"
114.119.148.14 - - [27/Apr/2026:14:41:09 +0000] "GET /?xml_sitemap=params%3Dpt-post-2020-03 HTTP/1.1" 200 14619 "https://the-muscle-building.info/index.php?xml_sitemap=params%3Dpt-post-2020-03" "Mozilla/5.0 (Linux; Android 7.0;) AppleWebKit/537.36 (HTML, like Gecko) Mobile Safari/537.36 (compatible; PetalBot;+https://webmaster.petalsearch.com/site/petalbot)"
184.94.212.206 - - [27/Apr/2026:14:42:32 +0000] "POST /wp-cron.php?doing_wp_cron=1777300952.2600328922271728515625 HTTP/1.1" 200 - "-" "WordPress/6.9.4; https://the-muscle-building.info"
114.119.141.34 - - [27/Apr/2026:14:42:30 +0000] "GET /9cafb-fitness-trainer-my-account/lost-password HTTP/1.1" 301 - "-" "Mozilla/5.0 (Linux; Android 7.0;) AppleWebKit/537.36 (HTML, like Gecko) Mobile Safari/537.36 (compatible; PetalBot;+https://webmaster.petalsearch.com/site/petalbot)"
114.119.141.34 - - [27/Apr/2026:14:42:32 +0000] "GET /9cafb-fitness-trainer-my-account/lost-password/ HTTP/1.1" 200 13191 "https://the-muscle-building.info/9cafb-fitness-trainer-my-account/lost-password" "Mozilla/5.0 (Linux; Android 7.0;) AppleWebKit/537.36 (HTML, like Gecko) Mobile Safari/537.36 (compatible; PetalBot;+https://webmaster.petalsearch.com/site/petalbot)"
184.94.212.206 - - [27/Apr/2026:14:50:35 +0000] "POST /wp-cron.php?doing_wp_cron=1777301435.8814330101013183593750 HTTP/1.1" 200 - "-" "WordPress/6.9.4; https://the-muscle-building.info"
45.129.231.10 - - [27/Apr/2026:14:50:33 +0000] "POST /auth/?user_id=1&hash_check=%25C0 HTTP/1.1" 404 11897 "-" "Mozilla/5.0 (Windows NT 10.0; Win64; x64) AppleWebKit/537.36 (KHTML, like Gecko) Chrome/97.0.4692.71 Safari/537.36"
45.129.231.10 - - [27/Apr/2026:14:50:33 +0000] "POST /user/login/?user_id=1&hash_check=%25C0 HTTP/1.1" 404 11897 "-" "Mozilla/5.0 (Windows NT 6.1; Win64; x64; rv:109.0) Gecko/20100101 Firefox/113.0"
45.129.231.10 - - [27/Apr/2026:14:50:32 +0000] "POST /my-account/?user_id=1&hash_check=%25C0 HTTP/1.1" 404 11897 "-" "Mozilla/5.0 (Windows NT 10.0; Win64; x64) AppleWebKit/537.36 (KHTML, like Gecko) Chrome/58.0.3029.110 Safari/537.36 Edge/16.16299"
45.129.231.10 - - [27/Apr/2026:14:50:32 +0000] "POST /loginregister/?user_id=1&hash_check=%25C0 HTTP/1.1" 404 11897 "-" "Mozilla/5.0 (X11; Linux x86_64; rv:1.9.5.20) Gecko/ Firefox/3.6.5"
45.129.231.10 - - [27/Apr/2026:14:50:32 +0000] "POST /login/?user_id=1&hash_check=%25C0 HTTP/1.1" 404 11897 "-" "Mozilla/5.0 (Windows NT 10.0; Win64; x64) AppleWebKit/537.36 (KHTML, like Gecko) Chrome/67.0.3396.99 Safari/537.36"
45.129.231.10 - - [27/Apr/2026:14:50:33 +0000] "POST /account/?user_id=1&hash_check=%25C0 HTTP/1.1" 404 11897 "-" "Mozilla/5.0 (Ubuntu; Linux x86_64) AppleWebKit/537.36 (KHTML, like Gecko) Chrome/128.0.0.0 Safari/537.36"
45.129.231.10 - - [27/Apr/2026:14:50:33 +0000] "POST /forgot-password/?user_id=1&hash_check=%25C0 HTTP/1.1" 404 11897 "-" "Mozilla/5.0 (Macintosh; Intel Mac OS X 10_15_7) AppleWebKit/537.36 (KHTML, like Gecko) Chrome/120.0.0.0 Safari/537.36"
45.129.231.10 - - [27/Apr/2026:14:50:33 +0000] "POST /reset-password/?user_id=1&hash_check=%25C0 HTTP/1.1" 404 11897 "-" "Mozilla/5.0 (Macintosh; Intel Mac OS X 10_15_7) AppleWebKit/605.1.15 (KHTML, like Gecko) Version/17.5 Safari/605.1.15"
45.129.231.10 - - [27/Apr/2026:14:50:32 +0000] "POST /sign-in/?user_id=1&hash_check=%25C0 HTTP/1.1" 404 11897 "-" "Mozilla/5.0 (Windows NT 10.0; Win64; x64; rv:109.0) Gecko/20100101 Firefox/111.0"
45.129.231.10 - - [27/Apr/2026:14:50:33 +0000] "POST /user/signin/?user_id=1&hash_check=%25C0 HTTP/1.1" 404 11897 "-" "Mozilla/5.0 (Ubuntu; Linux x86_64) AppleWebKit/537.36 (KHTML, like Gecko) Chrome/135.0.0.0 Safari/537.36"
45.129.231.10 - - [27/Apr/2026:14:50:32 +0000] "POST /signin/?user_id=1&hash_check=%25C0 HTTP/1.1" 404 11897 "-" "Mozilla/5.0 (X11; Linux x86_64; rv:125.0) Gecko/20100101 Firefox/125.0"
45.129.231.10 - - [27/Apr/2026:14:50:33 +0000] "POST /register/?user_id=1&hash_check=%25C0 HTTP/1.1" 404 11897 "-" "Mozilla/5.0 (Fedora; Linux i686) AppleWebKit/537.36 (KHTML, like Gecko) Chrome/132.0.0.0 Safari/537.36"
184.94.212.206 - - [27/Apr/2026:14:50:38 +0000] "POST /wp-cron.php?doing_wp_cron=1777301438.4809360504150390625000 HTTP/1.1" 200 - "-" "WordPress/6.9.4; https://the-muscle-building.info"
45.129.231.10 - - [27/Apr/2026:14:50:33 +0000] "POST /login-register/?user_id=1&hash_check=%25C0 HTTP/1.1" 404 11897 "-" "Mozilla/5.0 (Macintosh; Intel Mac OS X 10_15_7) AppleWebKit/605.1.15 (KHTML, like Gecko) Version/14.0.3 Safari/605.1.15"
184.94.212.206 - - [27/Apr/2026:14:56:43 +0000] "POST /wp-cron.php?doing_wp_cron=1777301802.9999189376831054687500 HTTP/1.1" 200 - "-" "WordPress/6.9.4; https://the-muscle-building.info"
178.156.226.52 - - [27/Apr/2026:14:56:41 +0000] "HEAD / HTTP/1.1" 200 - "-" "Mozilla/5.0 (Macintosh; Intel Mac OS X 10_15_7) AppleWebKit/605.1.15 (KHTML, like Gecko) Version/18.0 Safari/605.1.15"
178.156.226.52 - - [27/Apr/2026:14:56:50 +0000] "GET / HTTP/1.1" 206 14619 "-" "Mozilla/5.0 (Macintosh; Intel Mac OS X 10_15_7) AppleWebKit/605.1.15 (KHTML, like Gecko) Version/18.0 Safari/605.1.15"
43.129.57.170 - - [27/Apr/2026:14:57:13 +0000] "GET /wp-login.php HTTP/1.1" 200 1918 "-" "Mozilla/4.0 (compatible; MSIE 7.0; Windows NT 6.2; WOW64; Trident/7.0; .NET4.0C; .NET4.0E; .NET CLR 2.0.50727; .NET CLR 3.0.30729; .NET CLR 3.5.30729; InfoPath.3)"
43.129.57.170 - - [27/Apr/2026:14:57:17 +0000] "POST /wp-login.php HTTP/1.1" 200 2018 "https://the-muscle-building.info/wp-login.php" "Mozilla/4.0 (compatible; MSIE 7.0; Windows NT 6.2; WOW64; Trident/7.0; .NET4.0C; .NET4.0E; .NET CLR 2.0.50727; .NET CLR 3.0.30729; .NET CLR 3.5.30729; InfoPath.3)"
151.245.90.81 - - [27/Apr/2026:14:57:33 +0000] "POST /wp-comments-post.php HTTP/1.1" 302 - "-" "Mozilla/5.0 (Windows NT 10.0; Win64; x64) AppleWebKit/537.36 (KHTML, like Gecko) Chrome/120.0.0.0 Safari/537.36"
184.94.212.206 - - [27/Apr/2026:14:57:46 +0000] "POST /wp-cron.php?doing_wp_cron=1777301866.6087050437927246093750 HTTP/1.1" 200 - "-" "WordPress/6.9.4; https://the-muscle-building.info"
151.245.90.81 - - [27/Apr/2026:14:57:45 +0000] "POST /wp-comments-post.php HTTP/1.1" 429 1107 "-" "Mozilla/5.0 (Windows NT 10.0; Win64; x64) AppleWebKit/537.36 (KHTML, like Gecko) Chrome/120.0.0.0 Safari/537.36"
64.89.163.73 - - [27/Apr/2026:14:59:07 +0000] "GET /.env HTTP/1.1" 404 11897 "-" "Mozilla/5.0 (X11; Linux x86_64) AppleWebKit/537.36 (KHTML, like Gecko) Chrome/81.0.4044.129 Safari/537.36"
64.89.163.73 - - [27/Apr/2026:14:59:14 +0000] "POST / HTTP/1.1" 200 14619 "-" "Mozilla/5.0 (X11; Linux x86_64) AppleWebKit/537.36 (KHTML, like Gecko) Chrome/81.0.4044.129 Safari/537.36"
184.94.212.206 - - [27/Apr/2026:15:05:20 +0000] "POST /wp-cron.php?doing_wp_cron=1777302320.5451939105987548828125 HTTP/1.1" 200 - "-" "WordPress/6.9.4; https://the-muscle-building.info"
4.193.118.98 - - [27/Apr/2026:15:05:18 +0000] "GET /themes/zMousse/otuz1.php HTTP/1.1" 404 11897 "-" "Mozilla/5.0 (Windows NT 10.0; Win64; x64) AppleWebKit/537.36 (KHTML, like Gecko) Chrome/120.0.0.0 Safari/537.36"
4.193.118.98 - - [27/Apr/2026:15:05:20 +0000] "GET /upload2/10-27-24_8:26_1.php HTTP/1.1" 404 11897 "-" "Mozilla/5.0 (Windows NT 10.0; Win64; x64) AppleWebKit/537.36 (KHTML, like Gecko) Chrome/120.0.0.0 Safari/537.36"
4.193.118.98 - - [27/Apr/2026:15:05:22 +0000] "GET /user.php HTTP/1.1" 404 11897 "-" "Mozilla/5.0 (Windows NT 10.0; Win64; x64) AppleWebKit/537.36 (KHTML, like Gecko) Chrome/120.0.0.0 Safari/537.36"
4.193.118.98 - - [27/Apr/2026:15:05:23 +0000] "GET /version.php HTTP/1.1" 404 11897 "-" "Mozilla/5.0 (Windows NT 10.0; Win64; x64) AppleWebKit/537.36 (KHTML, like Gecko) Chrome/120.0.0.0 Safari/537.36"
4.193.118.98 - - [27/Apr/2026:15:05:24 +0000] "GET /wander.php HTTP/1.1" 404 11897 "-" "Mozilla/5.0 (Windows NT 10.0; Win64; x64) AppleWebKit/537.36 (KHTML, like Gecko) Chrome/120.0.0.0 Safari/537.36"
4.193.118.98 - - [27/Apr/2026:15:05:26 +0000] "GET /webadmin.php HTTP/1.1" 404 11897 "-" "Mozilla/5.0 (Windows NT 10.0; Win64; x64) AppleWebKit/537.36 (KHTML, like Gecko) Chrome/120.0.0.0 Safari/537.36"
4.193.118.98 - - [27/Apr/2026:15:05:27 +0000] "GET /wp-2019.php HTTP/1.1" 404 11897 "-" "Mozilla/5.0 (Windows NT 10.0; Win64; x64) AppleWebKit/537.36 (KHTML, like Gecko) Chrome/120.0.0.0 Safari/537.36"
4.193.118.98 - - [27/Apr/2026:15:05:28 +0000] "GET /wp-add.php HTTP/1.1" 404 11897 "-" "Mozilla/5.0 (Windows NT 10.0; Win64; x64) AppleWebKit/537.36 (KHTML, like Gecko) Chrome/120.0.0.0 Safari/537.36"
4.193.118.98 - - [27/Apr/2026:15:05:29 +0000] "GET /wp-admin/autoload_classmap.php HTTP/1.1" 404 11897 "-" "Mozilla/5.0 (Windows NT 10.0; Win64; x64) AppleWebKit/537.36 (KHTML, like Gecko) Chrome/120.0.0.0 Safari/537.36"
4.193.118.98 - - [27/Apr/2026:15:05:31 +0000] "GET /wp-admin/classwithtostring.php HTTP/1.1" 404 11897 "-" "Mozilla/5.0 (Windows NT 10.0; Win64; x64) AppleWebKit/537.36 (KHTML, like Gecko) Chrome/120.0.0.0 Safari/537.36"
4.193.118.98 - - [27/Apr/2026:15:05:32 +0000] "GET /wp-admin/css/colors/index.php HTTP/1.1" 301 - "-" "Mozilla/5.0 (Windows NT 10.0; Win64; x64) AppleWebKit/537.36 (KHTML, like Gecko) Chrome/120.0.0.0 Safari/537.36"
4.193.118.98 - - [27/Apr/2026:15:05:33 +0000] "GET /wp-admin/css/index.php HTTP/1.1" 301 - "-" "Mozilla/5.0 (Windows NT 10.0; Win64; x64) AppleWebKit/537.36 (KHTML, like Gecko) Chrome/120.0.0.0 Safari/537.36"
4.193.118.98 - - [27/Apr/2026:15:05:34 +0000] "GET /wp-admin/css/wp-login.php HTTP/1.1" 404 11897 "-" "Mozilla/5.0 (Windows NT 10.0; Win64; x64) AppleWebKit/537.36 (KHTML, like Gecko) Chrome/120.0.0.0 Safari/537.36"
4.193.118.98 - - [27/Apr/2026:15:05:35 +0000] "GET /wp-admin/file.php HTTP/1.1" 404 11897 "-" "Mozilla/5.0 (Windows NT 10.0; Win64; x64) AppleWebKit/537.36 (KHTML, like Gecko) Chrome/120.0.0.0 Safari/537.36"
4.193.118.98 - - [27/Apr/2026:15:05:37 +0000] "GET /wp-admin/images/Mhbgf.php HTTP/1.1" 404 11897 "-" "Mozilla/5.0 (Windows NT 10.0; Win64; x64) AppleWebKit/537.36 (KHTML, like Gecko) Chrome/120.0.0.0 Safari/537.36"
4.193.118.98 - - [27/Apr/2026:15:05:38 +0000] "GET /wp-admin/images/about.php HTTP/1.1" 404 11897 "-" "Mozilla/5.0 (Windows NT 10.0; Win64; x64) AppleWebKit/537.36 (KHTML, like Gecko) Chrome/120.0.0.0 Safari/537.36"
4.193.118.98 - - [27/Apr/2026:15:05:39 +0000] "GET /wp-admin/images/autoload_classmap.php HTTP/1.1" 404 11897 "-" "Mozilla/5.0 (Windows NT 10.0; Win64; x64) AppleWebKit/537.36 (KHTML, like Gecko) Chrome/120.0.0.0 Safari/537.36"
184.94.212.206 - - [27/Apr/2026:15:05:41 +0000] "POST /wp-cron.php?doing_wp_cron=1777302341.7759499549865722656250 HTTP/1.1" 200 - "-" "WordPress/6.9.4; https://the-muscle-building.info"
4.193.118.98 - - [27/Apr/2026:15:05:40 +0000] "GET /wp-admin/images/index.php HTTP/1.1" 301 - "-" "Mozilla/5.0 (Windows NT 10.0; Win64; x64) AppleWebKit/537.36 (KHTML, like Gecko) Chrome/120.0.0.0 Safari/537.36"
4.193.118.98 - - [27/Apr/2026:15:05:42 +0000] "GET /wp-admin/images/install.php HTTP/1.1" 404 11897 "-" "Mozilla/5.0 (Windows NT 10.0; Win64; x64) AppleWebKit/537.36 (KHTML, like Gecko) Chrome/120.0.0.0 Safari/537.36"
4.193.118.98 - - [27/Apr/2026:15:05:43 +0000] "GET /wp-admin/includes/flower.php HTTP/1.1" 404 11897 "-" "Mozilla/5.0 (Windows NT 10.0; Win64; x64) AppleWebKit/537.36 (KHTML, like Gecko) Chrome/120.0.0.0 Safari/537.36"
4.193.118.98 - - [27/Apr/2026:15:05:44 +0000] "GET /wp-admin/js/about.php HTTP/1.1" 404 11897 "-" "Mozilla/5.0 (Windows NT 10.0; Win64; x64) AppleWebKit/537.36 (KHTML, like Gecko) Chrome/120.0.0.0 Safari/537.36"
4.193.118.98 - - [27/Apr/2026:15:05:45 +0000] "GET /wp-admin/js/autoload_classmap.php HTTP/1.1" 404 11897 "-" "Mozilla/5.0 (Windows NT 10.0; Win64; x64) AppleWebKit/537.36 (KHTML, like Gecko) Chrome/120.0.0.0 Safari/537.36"
4.193.118.98 - - [27/Apr/2026:15:05:47 +0000] "GET /wp-admin/js/flower.php HTTP/1.1" 404 11897 "-" "Mozilla/5.0 (Windows NT 10.0; Win64; x64) AppleWebKit/537.36 (KHTML, like Gecko) Chrome/120.0.0.0 Safari/537.36"
4.193.118.98 - - [27/Apr/2026:15:05:48 +0000] "GET /wp-admin/js/index.php HTTP/1.1" 301 - "-" "Mozilla/5.0 (Windows NT 10.0; Win64; x64) AppleWebKit/537.36 (KHTML, like Gecko) Chrome/120.0.0.0 Safari/537.36"
4.193.118.98 - - [27/Apr/2026:15:05:49 +0000] "GET /wp-admin/js/widgets/xleet.php HTTP/1.1" 404 11897 "-" "Mozilla/5.0 (Windows NT 10.0; Win64; x64) AppleWebKit/537.36 (KHTML, like Gecko) Chrome/120.0.0.0 Safari/537.36"
4.193.118.98 - - [27/Apr/2026:15:05:51 +0000] "GET /wp-admin/maint/flower.php HTTP/1.1" 404 11897 "-" "Mozilla/5.0 (Windows NT 10.0; Win64; x64) AppleWebKit/537.36 (KHTML, like Gecko) Chrome/120.0.0.0 Safari/537.36"
4.193.118.98 - - [27/Apr/2026:15:05:52 +0000] "GET /wp-admin/maint/wp-login.php HTTP/1.1" 404 11897 "-" "Mozilla/5.0 (Windows NT 10.0; Win64; x64) AppleWebKit/537.36 (KHTML, like Gecko) Chrome/120.0.0.0 Safari/537.36"
4.193.118.98 - - [27/Apr/2026:15:05:53 +0000] "GET /wp-admin/network/about.php HTTP/1.1" 302 - "-" "Mozilla/5.0 (Windows NT 10.0; Win64; x64) AppleWebKit/537.36 (KHTML, like Gecko) Chrome/120.0.0.0 Safari/537.36"
4.193.118.98 - - [27/Apr/2026:15:05:54 +0000] "GET /wp-admin/network/xleet.php HTTP/1.1" 404 11897 "-" "Mozilla/5.0 (Windows NT 10.0; Win64; x64) AppleWebKit/537.36 (KHTML, like Gecko) Chrome/120.0.0.0 Safari/537.36"
4.193.118.98 - - [27/Apr/2026:15:05:56 +0000] "GET /wp-admin/user/autoload_classmap.php HTTP/1.1" 404 11897 "-" "Mozilla/5.0 (Windows NT 10.0; Win64; x64) AppleWebKit/537.36 (KHTML, like Gecko) Chrome/120.0.0.0 Safari/537.36"
4.193.118.98 - - [27/Apr/2026:15:05:57 +0000] "GET /wp-config-sample.php HTTP/1.1" 404 11897 "-" "Mozilla/5.0 (Windows NT 10.0; Win64; x64) AppleWebKit/537.36 (KHTML, like Gecko) Chrome/120.0.0.0 Safari/537.36"
4.193.118.98 - - [27/Apr/2026:15:05:58 +0000] "GET /wp-configs.php HTTP/1.1" 404 11897 "-" "Mozilla/5.0 (Windows NT 10.0; Win64; x64) AppleWebKit/537.36 (KHTML, like Gecko) Chrome/120.0.0.0 Safari/537.36"
4.193.118.98 - - [27/Apr/2026:15:06:00 +0000] "GET /wp-conflg.php HTTP/1.1" 404 11897 "-" "Mozilla/5.0 (Windows NT 10.0; Win64; x64) AppleWebKit/537.36 (KHTML, like Gecko) Chrome/120.0.0.0 Safari/537.36"
4.193.118.98 - - [27/Apr/2026:15:06:01 +0000] "GET /wp-content/1.php HTTP/1.1" 404 11897 "-" "Mozilla/5.0 (Windows NT 10.0; Win64; x64) AppleWebKit/537.36 (KHTML, like Gecko) Chrome/120.0.0.0 Safari/537.36"
4.193.118.98 - - [27/Apr/2026:15:06:02 +0000] "GET /wp-content/about.php HTTP/1.1" 404 11897 "-" "Mozilla/5.0 (Windows NT 10.0; Win64; x64) AppleWebKit/537.36 (KHTML, like Gecko) Chrome/120.0.0.0 Safari/537.36"
4.193.118.98 - - [27/Apr/2026:15:06:04 +0000] "GET /wp-content/autoload_classmap.php HTTP/1.1" 404 11897 "-" "Mozilla/5.0 (Windows NT 10.0; Win64; x64) AppleWebKit/537.36 (KHTML, like Gecko) Chrome/120.0.0.0 Safari/537.36"
4.193.118.98 - - [27/Apr/2026:15:06:05 +0000] "GET /wp-content/berlin.php HTTP/1.1" 404 11897 "-" "Mozilla/5.0 (Windows NT 10.0; Win64; x64) AppleWebKit/537.36 (KHTML, like Gecko) Chrome/120.0.0.0 Safari/537.36"
4.193.118.98 - - [27/Apr/2026:15:06:07 +0000] "GET /wp-content/classwithtostring.php HTTP/1.1" 404 11897 "-" "Mozilla/5.0 (Windows NT 10.0; Win64; x64) AppleWebKit/537.36 (KHTML, like Gecko) Chrome/120.0.0.0 Safari/537.36"
4.193.118.98 - - [27/Apr/2026:15:06:08 +0000] "GET /wp-content/install.php HTTP/1.1" 404 11897 "-" "Mozilla/5.0 (Windows NT 10.0; Win64; x64) AppleWebKit/537.36 (KHTML, like Gecko) Chrome/120.0.0.0 Safari/537.36"
4.193.118.98 - - [27/Apr/2026:15:06:09 +0000] "GET /wp-content/json.php HTTP/1.1" 404 11897 "-" "Mozilla/5.0 (Windows NT 10.0; Win64; x64) AppleWebKit/537.36 (KHTML, like Gecko) Chrome/120.0.0.0 Safari/537.36"
4.193.118.98 - - [27/Apr/2026:15:06:10 +0000] "GET /wp-content/languages/index.php HTTP/1.1" 301 - "-" "Mozilla/5.0 (Windows NT 10.0; Win64; x64) AppleWebKit/537.36 (KHTML, like Gecko) Chrome/120.0.0.0 Safari/537.36"
4.193.118.98 - - [27/Apr/2026:15:06:11 +0000] "GET /wp-content/mah.php HTTP/1.1" 404 11897 "-" "Mozilla/5.0 (Windows NT 10.0; Win64; x64) AppleWebKit/537.36 (KHTML, like Gecko) Chrome/120.0.0.0 Safari/537.36"
4.193.118.98 - - [27/Apr/2026:15:06:13 +0000] "GET /wp-content/plugins/Core-Econ/1.php HTTP/1.1" 404 11897 "-" "Mozilla/5.0 (Windows NT 10.0; Win64; x64) AppleWebKit/537.36 (KHTML, like Gecko) Chrome/120.0.0.0 Safari/537.36"
4.193.118.98 - - [27/Apr/2026:15:06:14 +0000] "GET /wp-content/plugins/Duplicatepost/src/ui/sidwso.php HTTP/1.1" 404 11897 "-" "Mozilla/5.0 (Windows NT 10.0; Win64; x64) AppleWebKit/537.36 (KHTML, like Gecko) Chrome/120.0.0.0 Safari/537.36"
4.193.118.98 - - [27/Apr/2026:15:06:15 +0000] "GET /wp-content/plugins/TOPXOH/wDR.php HTTP/1.1" 404 11897 "-" "Mozilla/5.0 (Windows NT 10.0; Win64; x64) AppleWebKit/537.36 (KHTML, like Gecko) Chrome/120.0.0.0 Safari/537.36"
4.193.118.98 - - [27/Apr/2026:15:06:17 +0000] "GET /wp-content/plugins/WordPressCore/include.php HTTP/1.1" 404 11897 "-" "Mozilla/5.0 (Windows NT 10.0; Win64; x64) AppleWebKit/537.36 (KHTML, like Gecko) Chrome/120.0.0.0 Safari/537.36"
4.193.118.98 - - [27/Apr/2026:15:06:18 +0000] "GET /wp-content/plugins/about.php HTTP/1.1" 404 11897 "-" "Mozilla/5.0 (Windows NT 10.0; Win64; x64) AppleWebKit/537.36 (KHTML, like Gecko) Chrome/120.0.0.0 Safari/537.36"
4.193.118.98 - - [27/Apr/2026:15:06:19 +0000] "GET /wp-content/plugins/autoload_classmap.php HTTP/1.1" 404 11897 "-" "Mozilla/5.0 (Windows NT 10.0; Win64; x64) AppleWebKit/537.36 (KHTML, like Gecko) Chrome/120.0.0.0 Safari/537.36"
4.193.118.98 - - [27/Apr/2026:15:06:21 +0000] "GET /wp-content/plugins/core-plugin/include.php HTTP/1.1" 404 11897 "-" "Mozilla/5.0 (Windows NT 10.0; Win64; x64) AppleWebKit/537.36 (KHTML, like Gecko) Chrome/120.0.0.0 Safari/537.36"
4.193.118.98 - - [27/Apr/2026:15:06:22 +0000] "GET /wp-content/plugins/dummyyummy/wp-signup.php HTTP/1.1" 404 11897 "-" "Mozilla/5.0 (Windows NT 10.0; Win64; x64) AppleWebKit/537.36 (KHTML, like Gecko) Chrome/120.0.0.0 Safari/537.36"
4.193.118.98 - - [27/Apr/2026:15:06:23 +0000] "GET /wp-content/plugins/erinyani/baxa1.php HTTP/1.1" 404 11897 "-" "Mozilla/5.0 (Windows NT 10.0; Win64; x64) AppleWebKit/537.36 (KHTML, like Gecko) Chrome/120.0.0.0 Safari/537.36"
4.193.118.98 - - [27/Apr/2026:15:06:24 +0000] "GET /wp-content/plugins/linkpreview/index.php HTTP/1.1" 301 - "-" "Mozilla/5.0 (Windows NT 10.0; Win64; x64) AppleWebKit/537.36 (KHTML, like Gecko) Chrome/120.0.0.0 Safari/537.36"
4.193.118.98 - - [27/Apr/2026:15:06:26 +0000] "GET /wp-content/plugins/pwnd/1.php HTTP/1.1" 404 11897 "-" "Mozilla/5.0 (Windows NT 10.0; Win64; x64) AppleWebKit/537.36 (KHTML, like Gecko) Chrome/120.0.0.0 Safari/537.36"
4.193.118.98 - - [27/Apr/2026:15:06:27 +0000] "GET /wp-content/plugins/sid/sidwso.php HTTP/1.1" 404 11897 "-" "Mozilla/5.0 (Windows NT 10.0; Win64; x64) AppleWebKit/537.36 (KHTML, like Gecko) Chrome/120.0.0.0 Safari/537.36"
4.193.118.98 - - [27/Apr/2026:15:06:28 +0000] "GET /wp-content/plugins/sphinx/randkeyword.php HTTP/1.1" 404 11897 "-" "Mozilla/5.0 (Windows NT 10.0; Win64; x64) AppleWebKit/537.36 (KHTML, like Gecko) Chrome/120.0.0.0 Safari/537.36"
4.193.118.98 - - [27/Apr/2026:15:06:29 +0000] "GET /wp-content/plugins/ubh/1.php HTTP/1.1" 404 11897 "-" "Mozilla/5.0 (Windows NT 10.0; Win64; x64) AppleWebKit/537.36 (KHTML, like Gecko) Chrome/120.0.0.0 Safari/537.36"
4.193.118.98 - - [27/Apr/2026:15:06:31 +0000] "GET /wp-content/themes/autoload_classmap.php HTTP/1.1" 404 11897 "-" "Mozilla/5.0 (Windows NT 10.0; Win64; x64) AppleWebKit/537.36 (KHTML, like Gecko) Chrome/120.0.0.0 Safari/537.36"
4.193.118.98 - - [27/Apr/2026:15:06:32 +0000] "GET /wp-content/themes/digital-download/new.php HTTP/1.1" 404 11897 "-" "Mozilla/5.0 (Windows NT 10.0; Win64; x64) AppleWebKit/537.36 (KHTML, like Gecko) Chrome/120.0.0.0 Safari/537.36"
4.193.118.98 - - [27/Apr/2026:15:06:34 +0000] "GET /wp-content/themes/pridmag/1.php HTTP/1.1" 404 11897 "-" "Mozilla/5.0 (Windows NT 10.0; Win64; x64) AppleWebKit/537.36 (KHTML, like Gecko) Chrome/120.0.0.0 Safari/537.36"
4.193.118.98 - - [27/Apr/2026:15:06:35 +0000] "GET /wp-content/themes/seotheme/mar.php HTTP/1.1" 404 11897 "-" "Mozilla/5.0 (Windows NT 10.0; Win64; x64) AppleWebKit/537.36 (KHTML, like Gecko) Chrome/120.0.0.0 Safari/537.36"
4.193.118.98 - - [27/Apr/2026:15:06:36 +0000] "GET /wp-content/upgrade/about.php HTTP/1.1" 404 11897 "-" "Mozilla/5.0 (Windows NT 10.0; Win64; x64) AppleWebKit/537.36 (KHTML, like Gecko) Chrome/120.0.0.0 Safari/537.36"
4.193.118.98 - - [27/Apr/2026:15:06:38 +0000] "GET /wp-content/upgrade/autoload_classmap.php HTTP/1.1" 404 11897 "-" "Mozilla/5.0 (Windows NT 10.0; Win64; x64) AppleWebKit/537.36 (KHTML, like Gecko) Chrome/120.0.0.0 Safari/537.36"
4.193.118.98 - - [27/Apr/2026:15:06:39 +0000] "GET /wp-content/uploads/chosen.php HTTP/1.1" 404 11897 "-" "Mozilla/5.0 (Windows NT 10.0; Win64; x64) AppleWebKit/537.36 (KHTML, like Gecko) Chrome/120.0.0.0 Safari/537.36"
184.94.212.206 - - [27/Apr/2026:15:06:41 +0000] "POST /wp-cron.php?doing_wp_cron=1777302401.8017699718475341796875 HTTP/1.1" 200 - "-" "WordPress/6.9.4; https://the-muscle-building.info"
4.193.118.98 - - [27/Apr/2026:15:06:40 +0000] "GET /wp-content/x/index.php HTTP/1.1" 301 - "-" "Mozilla/5.0 (Windows NT 10.0; Win64; x64) AppleWebKit/537.36 (KHTML, like Gecko) Chrome/120.0.0.0 Safari/537.36"
4.193.118.98 - - [27/Apr/2026:15:06:42 +0000] "GET /wp-includes/ID3/autoload_classmap.php HTTP/1.1" 404 11897 "-" "Mozilla/5.0 (Windows NT 10.0; Win64; x64) AppleWebKit/537.36 (KHTML, like Gecko) Chrome/120.0.0.0 Safari/537.36"
4.193.118.98 - - [27/Apr/2026:15:06:43 +0000] "GET /wp-includes/ID3/berlin.php HTTP/1.1" 404 11897 "-" "Mozilla/5.0 (Windows NT 10.0; Win64; x64) AppleWebKit/537.36 (KHTML, like Gecko) Chrome/120.0.0.0 Safari/537.36"
4.193.118.98 - - [27/Apr/2026:15:06:44 +0000] "GET /wp-includes/ID3/index.php HTTP/1.1" 301 - "-" "Mozilla/5.0 (Windows NT 10.0; Win64; x64) AppleWebKit/537.36 (KHTML, like Gecko) Chrome/120.0.0.0 Safari/537.36"
4.193.118.98 - - [27/Apr/2026:15:06:46 +0000] "GET /wp-includes/IXR/autoload_classmap.php HTTP/1.1" 404 11897 "-" "Mozilla/5.0 (Windows NT 10.0; Win64; x64) AppleWebKit/537.36 (KHTML, like Gecko) Chrome/120.0.0.0 Safari/537.36"
4.193.118.98 - - [27/Apr/2026:15:06:47 +0000] "GET /wp-includes/PHPMailer/autoload_classmap.php HTTP/1.1" 404 11897 "-" "Mozilla/5.0 (Windows NT 10.0; Win64; x64) AppleWebKit/537.36 (KHTML, like Gecko) Chrome/120.0.0.0 Safari/537.36"
4.193.118.98 - - [27/Apr/2026:15:06:48 +0000] "GET /wp-includes/SimplePie/autoload_classmap.php HTTP/1.1" 404 11897 "-" "Mozilla/5.0 (Windows NT 10.0; Win64; x64) AppleWebKit/537.36 (KHTML, like Gecko) Chrome/120.0.0.0 Safari/537.36"
4.193.118.98 - - [27/Apr/2026:15:06:50 +0000] "GET /wp-includes/Text/autoload_classmap.php HTTP/1.1" 404 11897 "-" "Mozilla/5.0 (Windows NT 10.0; Win64; x64) AppleWebKit/537.36 (KHTML, like Gecko) Chrome/120.0.0.0 Safari/537.36"
4.193.118.98 - - [27/Apr/2026:15:06:51 +0000] "GET /wp-includes/Text/autoload_classmap.php HTTP/1.1" 404 11897 "-" "Mozilla/5.0 (Windows NT 10.0; Win64; x64) AppleWebKit/537.36 (KHTML, like Gecko) Chrome/120.0.0.0 Safari/537.36"
4.193.118.98 - - [27/Apr/2026:15:06:52 +0000] "GET /wp-includes/assets/autoload_classmap.php HTTP/1.1" 404 11897 "-" "Mozilla/5.0 (Windows NT 10.0; Win64; x64) AppleWebKit/537.36 (KHTML, like Gecko) Chrome/120.0.0.0 Safari/537.36"
4.193.118.98 - - [27/Apr/2026:15:06:54 +0000] "GET /wp-includes/assets/index.php HTTP/1.1" 301 - "-" "Mozilla/5.0 (Windows NT 10.0; Win64; x64) AppleWebKit/537.36 (KHTML, like Gecko) Chrome/120.0.0.0 Safari/537.36"
4.193.118.98 - - [27/Apr/2026:15:06:55 +0000] "GET /wp-includes/block-supports/autoload_classmap.php HTTP/1.1" 404 11897 "-" "Mozilla/5.0 (Windows NT 10.0; Win64; x64) AppleWebKit/537.36 (KHTML, like Gecko) Chrome/120.0.0.0 Safari/537.36"
4.193.118.98 - - [27/Apr/2026:15:06:56 +0000] "GET /wp-includes/block-supports/index.php HTTP/1.1" 301 - "-" "Mozilla/5.0 (Windows NT 10.0; Win64; x64) AppleWebKit/537.36 (KHTML, like Gecko) Chrome/120.0.0.0 Safari/537.36"
4.193.118.98 - - [27/Apr/2026:15:06:57 +0000] "GET /wp-includes/blocks/autoload_classmap.php HTTP/1.1" 404 11897 "-" "Mozilla/5.0 (Windows NT 10.0; Win64; x64) AppleWebKit/537.36 (KHTML, like Gecko) Chrome/120.0.0.0 Safari/537.36"
4.193.118.98 - - [27/Apr/2026:15:06:59 +0000] "GET /wp-includes/certificates/wp-login.php HTTP/1.1" 404 11897 "-" "Mozilla/5.0 (Windows NT 10.0; Win64; x64) AppleWebKit/537.36 (KHTML, like Gecko) Chrome/120.0.0.0 Safari/537.36"
4.193.118.98 - - [27/Apr/2026:15:07:00 +0000] "GET /wp-includes/css/thems.php HTTP/1.1" 404 11897 "-" "Mozilla/5.0 (Windows NT 10.0; Win64; x64) AppleWebKit/537.36 (KHTML, like Gecko) Chrome/120.0.0.0 Safari/537.36"
4.193.118.98 - - [27/Apr/2026:15:07:01 +0000] "GET /wp-includes/defaults.php HTTP/1.1" 404 11897 "-" "Mozilla/5.0 (Windows NT 10.0; Win64; x64) AppleWebKit/537.36 (KHTML, like Gecko) Chrome/120.0.0.0 Safari/537.36"
4.193.118.98 - - [27/Apr/2026:15:07:03 +0000] "GET /wp-includes/fonts/index.php HTTP/1.1" 301 - "-" "Mozilla/5.0 (Windows NT 10.0; Win64; x64) AppleWebKit/537.36 (KHTML, like Gecko) Chrome/120.0.0.0 Safari/537.36"
4.193.118.98 - - [27/Apr/2026:15:07:04 +0000] "GET /wp-includes/images/autoload_classmap.php HTTP/1.1" 404 11897 "-" "Mozilla/5.0 (Windows NT 10.0; Win64; x64) AppleWebKit/537.36 (KHTML, like Gecko) Chrome/120.0.0.0 Safari/537.36"
4.193.118.98 - - [27/Apr/2026:15:07:05 +0000] "GET /wp-includes/js/jcrop/Jcrop.php HTTP/1.1" 404 11897 "-" "Mozilla/5.0 (Windows NT 10.0; Win64; x64) AppleWebKit/537.36 (KHTML, like Gecko) Chrome/120.0.0.0 Safari/537.36"
4.193.118.98 - - [27/Apr/2026:15:07:07 +0000] "GET /wp-includes/rest-api/autoload_classmap.php HTTP/1.1" 404 11897 "-" "Mozilla/5.0 (Windows NT 10.0; Win64; x64) AppleWebKit/537.36 (KHTML, like Gecko) Chrome/120.0.0.0 Safari/537.36"
4.193.118.98 - - [27/Apr/2026:15:07:08 +0000] "GET /wp-includes/style-engine/autoload_classmap.php HTTP/1.1" 404 11897 "-" "Mozilla/5.0 (Windows NT 10.0; Win64; x64) AppleWebKit/537.36 (KHTML, like Gecko) Chrome/120.0.0.0 Safari/537.36"
4.193.118.98 - - [27/Apr/2026:15:07:09 +0000] "GET /wp-includes/widgets/include.php HTTP/1.1" 404 11897 "-" "Mozilla/5.0 (Windows NT 10.0; Win64; x64) AppleWebKit/537.36 (KHTML, like Gecko) Chrome/120.0.0.0 Safari/537.36"
4.193.118.98 - - [27/Apr/2026:15:07:10 +0000] "GET /wp-mail.php HTTP/1.1" 403 1060 "-" "Mozilla/5.0 (Windows NT 10.0; Win64; x64) AppleWebKit/537.36 (KHTML, like Gecko) Chrome/120.0.0.0 Safari/537.36"
4.193.118.98 - - [27/Apr/2026:15:07:11 +0000] "GET /wp.php HTTP/1.1" 404 11897 "-" "Mozilla/5.0 (Windows NT 10.0; Win64; x64) AppleWebKit/537.36 (KHTML, like Gecko) Chrome/120.0.0.0 Safari/537.36"
4.193.118.98 - - [27/Apr/2026:15:07:13 +0000] "GET /wp/xleet.php HTTP/1.1" 404 11897 "-" "Mozilla/5.0 (Windows NT 10.0; Win64; x64) AppleWebKit/537.36 (KHTML, like Gecko) Chrome/120.0.0.0 Safari/537.36"
4.193.118.98 - - [27/Apr/2026:15:07:14 +0000] "GET /wsa.php HTTP/1.1" 404 11897 "-" "Mozilla/5.0 (Windows NT 10.0; Win64; x64) AppleWebKit/537.36 (KHTML, like Gecko) Chrome/120.0.0.0 Safari/537.36"
4.193.118.98 - - [27/Apr/2026:15:07:15 +0000] "GET /x/index.php HTTP/1.1" 301 - "-" "Mozilla/5.0 (Windows NT 10.0; Win64; x64) AppleWebKit/537.36 (KHTML, like Gecko) Chrome/120.0.0.0 Safari/537.36"
4.193.118.98 - - [27/Apr/2026:15:07:16 +0000] "GET /xl2023.php.php HTTP/1.1" 404 11897 "-" "Mozilla/5.0 (Windows NT 10.0; Win64; x64) AppleWebKit/537.36 (KHTML, like Gecko) Chrome/120.0.0.0 Safari/537.36"
4.193.118.98 - - [27/Apr/2026:15:07:18 +0000] "GET /xleet.php HTTP/1.1" 404 11897 "-" "Mozilla/5.0 (Windows NT 10.0; Win64; x64) AppleWebKit/537.36 (KHTML, like Gecko) Chrome/120.0.0.0 Safari/537.36"
4.193.118.98 - - [27/Apr/2026:15:07:19 +0000] "GET /xxx.php HTTP/1.1" 404 11897 "-" "Mozilla/5.0 (Windows NT 10.0; Win64; x64) AppleWebKit/537.36 (KHTML, like Gecko) Chrome/120.0.0.0 Safari/537.36"
4.193.118.98 - - [27/Apr/2026:15:07:20 +0000] "GET /y.php HTTP/1.1" 404 11897 "-" "Mozilla/5.0 (Windows NT 10.0; Win64; x64) AppleWebKit/537.36 (KHTML, like Gecko) Chrome/120.0.0.0 Safari/537.36"
184.94.212.206 - - [27/Apr/2026:15:07:44 +0000] "POST /wp-cron.php?doing_wp_cron=1777302464.8889191150665283203125 HTTP/1.1" 200 - "-" "WordPress/6.9.4; https://the-muscle-building.info"
114.119.150.22 - - [27/Apr/2026:15:07:43 +0000] "GET /wp-content/uploads/2019/12/55e2dc404e56aa14f6da8c7dda793278143fdef85254764f732d7adc914d_640-326x245.jpg HTTP/1.1" 404 11897 "-" "Mozilla/5.0 (Linux; Android 7.0;) AppleWebKit/537.36 (HTML, like Gecko) Mobile Safari/537.36 (compatible; PetalBot;+https://webmaster.petalsearch.com/site/petalbot)"
184.94.212.206 - - [27/Apr/2026:15:08:42 +0000] "POST /wp-cron.php?doing_wp_cron=1777302522.5642750263214111328125 HTTP/1.1" 200 - "-" "WordPress/6.9.4; https://the-muscle-building.info"
45.129.231.10 - - [27/Apr/2026:15:08:40 +0000] "POST /wp-admin/admin-ajax.php HTTP/1.1" 400 21 "-" "Mozilla/5.0 (SS; Linux x86_64) AppleWebKit/537.36 (KHTML, like Gecko) Chrome/129.0.0.0 Safari/537.36"
114.119.133.220 - - [27/Apr/2026:15:09:16 +0000] "GET /about HTTP/1.1" 301 - "https://the-muscle-building.info/index.php?xml_sitemap=params%3Dpt-post-2019-12" "Mozilla/5.0 (Linux; Android 7.0;) AppleWebKit/537.36 (HTML, like Gecko) Mobile Safari/537.36 (compatible; PetalBot;+https://webmaster.petalsearch.com/site/petalbot)"
114.119.133.220 - - [27/Apr/2026:15:09:17 +0000] "GET /about/ HTTP/1.1" 200 12996 "https://the-muscle-building.info/index.php?xml_sitemap=params%3Dpt-post-2019-12" "Mozilla/5.0 (Linux; Android 7.0;) AppleWebKit/537.36 (HTML, like Gecko) Mobile Safari/537.36 (compatible; PetalBot;+https://webmaster.petalsearch.com/site/petalbot)"
184.94.212.206 - - [27/Apr/2026:15:10:22 +0000] "POST /wp-cron.php?doing_wp_cron=1777302622.1511909961700439453125 HTTP/1.1" 200 - "-" "WordPress/6.9.4; https://the-muscle-building.info"
104.247.73.26 - - [27/Apr/2026:15:10:20 +0000] "GET /wp-login.php HTTP/1.1" 200 1918 "-" "Mozilla/5.0 (Windows NT 10.0; Win64; x64) AppleWebKit/537.36 (KHTML, like Gecko) Chrome/65.0.3325.181 Safari/537.36 OPR/52.0.2871.99"
104.247.73.26 - - [27/Apr/2026:15:10:22 +0000] "POST /wp-login.php HTTP/1.1" 200 2018 "https://the-muscle-building.info/wp-login.php" "Mozilla/5.0 (Windows NT 10.0; Win64; x64) AppleWebKit/537.36 (KHTML, like Gecko) Chrome/65.0.3325.181 Safari/537.36 OPR/52.0.2871.99"
184.94.212.206 - - [27/Apr/2026:15:11:36 +0000] "POST /wp-cron.php?doing_wp_cron=1777302696.0195128917694091796875 HTTP/1.1" 200 - "-" "WordPress/6.9.4; https://the-muscle-building.info"
104.247.73.26 - - [27/Apr/2026:15:11:34 +0000] "GET /wp-login.php HTTP/1.1" 200 1918 "-" "Mozilla/5.0 (Windows NT 10.0; WOW64; Trident/7.0; FSJB; rv:11.0) like Gecko"
104.247.73.26 - - [27/Apr/2026:15:11:37 +0000] "POST /wp-login.php HTTP/1.1" 200 2018 "https://the-muscle-building.primemusicproductions.com/wp-login.php" "Mozilla/5.0 (Windows NT 10.0; WOW64; Trident/7.0; FSJB; rv:11.0) like Gecko"
184.94.212.206 - - [27/Apr/2026:15:16:18 +0000] "POST /wp-cron.php?doing_wp_cron=1777302978.3043398857116699218750 HTTP/1.1" 200 - "-" "WordPress/6.9.4; https://the-muscle-building.info"
160.250.130.228 - - [27/Apr/2026:15:16:16 +0000] "GET /wp-login.php HTTP/1.1" 200 1918 "-" "Mozilla/5.0 (Windows NT 6.3; Win64; x64) AppleWebKit/537.36 (KHTML, like Gecko) Chrome/52.0.2743.116 Safari/537.36 Edge/15.15063"
160.250.130.228 - - [27/Apr/2026:15:16:18 +0000] "POST /wp-login.php HTTP/1.1" 200 2018 "https://the-muscle-building.primemusicproductions.com/wp-login.php" "Mozilla/5.0 (Windows NT 6.3; Win64; x64) AppleWebKit/537.36 (KHTML, like Gecko) Chrome/52.0.2743.116 Safari/537.36 Edge/15.15063"
184.94.212.206 - - [27/Apr/2026:15:16:41 +0000] "POST /wp-cron.php?doing_wp_cron=1777303001.9800269603729248046875 HTTP/1.1" 200 - "-" "WordPress/6.9.4; https://the-muscle-building.info"
114.119.130.91 - - [27/Apr/2026:15:16:40 +0000] "GET /?C=M%3BO%3DA&amp=1 HTTP/1.1" 200 14619 "https://the-muscle-building.info?C=M%3BO%3DA" "Mozilla/5.0 (Linux; Android 7.0;) AppleWebKit/537.36 (HTML, like Gecko) Mobile Safari/537.36 (compatible; PetalBot;+https://webmaster.petalsearch.com/site/petalbot)"
184.94.212.206 - - [27/Apr/2026:15:18:08 +0000] "POST /wp-cron.php?doing_wp_cron=1777303088.9655220508575439453125 HTTP/1.1" 200 - "-" "WordPress/6.9.4; https://the-muscle-building.info"
114.119.141.34 - - [27/Apr/2026:15:18:06 +0000] "GET /?C=M%3BO%3DA&amp=1 HTTP/1.1" 200 14619 "https://the-muscle-building.info?C=M%3BO%3DA" "Mozilla/5.0 (Linux; Android 7.0;) AppleWebKit/537.36 (HTML, like Gecko) Mobile Safari/537.36 (compatible; PetalBot;+https://webmaster.petalsearch.com/site/petalbot)"
114.119.133.220 - - [27/Apr/2026:15:18:22 +0000] "GET /?C=D%3BO%3DA HTTP/1.1" 200 14619 "http://the-muscle-building.info/" "Mozilla/5.0 (Linux; Android 7.0;) AppleWebKit/537.36 (HTML, like Gecko) Mobile Safari/537.36 (compatible; PetalBot;+https://webmaster.petalsearch.com/site/petalbot)"
184.94.212.206 - - [27/Apr/2026:15:21:12 +0000] "POST /wp-cron.php?doing_wp_cron=1777303272.3354170322418212890625 HTTP/1.1" 200 - "-" "WordPress/6.9.4; https://the-muscle-building.info"
45.129.231.10 - - [27/Apr/2026:15:21:10 +0000] "POST /wp-admin/admin-ajax.php HTTP/1.1" 400 21 "-" "Mozilla/5.0 (Macintosh; Intel Mac OS X 10_15_7) AppleWebKit/605.1.15 (KHTML, like Gecko) Version/15.5 Safari/605.1.15"
184.94.212.206 - - [27/Apr/2026:15:21:47 +0000] "POST /wp-cron.php?doing_wp_cron=1777303307.8879759311676025390625 HTTP/1.1" 200 - "-" "WordPress/6.9.4; https://the-muscle-building.info"
143.110.255.52 - - [27/Apr/2026:15:21:46 +0000] "GET /wp-login.php HTTP/1.1" 200 1918 "-" "Mozilla/5.0 (X11; Linux x86_64) AppleWebKit/537.36 (KHTML, like Gecko) Chrome/66.0.3359.158 Safari/537.36"
143.110.255.52 - - [27/Apr/2026:15:21:48 +0000] "POST /wp-login.php HTTP/1.1" 200 2018 "https://the-muscle-building.primemusicproductions.com/wp-login.php" "Mozilla/5.0 (X11; Linux x86_64) AppleWebKit/537.36 (KHTML, like Gecko) Chrome/66.0.3359.158 Safari/537.36"
43.130.57.46 - - [27/Apr/2026:15:23:32 +0000] "GET / HTTP/1.1" 200 14619 "http://the-muscle-building.info" "Mozilla/5.0 (iPhone; CPU iPhone OS 13_2_3 like Mac OS X) AppleWebKit/605.1.15 (KHTML, like Gecko) Version/13.0.3 Mobile/15E148 Safari/604.1"
184.94.212.206 - - [27/Apr/2026:15:26:16 +0000] "POST /wp-cron.php?doing_wp_cron=1777303576.4705760478973388671875 HTTP/1.1" 200 - "-" "WordPress/6.9.4; https://the-muscle-building.info"
92.53.96.141 - - [27/Apr/2026:15:26:14 +0000] "GET /wp-login.php HTTP/1.1" 200 1918 "-" "Mozilla/4.0 (compatible; MSIE 7.0; Windows NT 6.2; WOW64; Trident/7.0; .NET4.0E; .NET4.0C; .NET CLR 3.5.30729; .NET CLR 2.0.50727; .NET CLR 3.0.30729)"
92.53.96.141 - - [27/Apr/2026:15:26:16 +0000] "POST /wp-login.php HTTP/1.1" 200 2018 "https://the-muscle-building.primemusicproductions.com/wp-login.php" "Mozilla/4.0 (compatible; MSIE 7.0; Windows NT 6.2; WOW64; Trident/7.0; .NET4.0E; .NET4.0C; .NET CLR 3.5.30729; .NET CLR 2.0.50727; .NET CLR 3.0.30729)"
184.94.212.206 - - [27/Apr/2026:15:26:54 +0000] "POST /wp-cron.php?doing_wp_cron=1777303614.7327198982238769531250 HTTP/1.1" 200 - "-" "WordPress/6.9.4; https://the-muscle-building.info"
134.209.100.212 - - [27/Apr/2026:15:26:53 +0000] "GET /wp-login.php HTTP/1.1" 200 1918 "-" "Mozilla/5.0 (Macintosh; Intel Mac OS X 10_13_1) AppleWebKit/537.36 (KHTML, like Gecko) Chrome/66.0.3359.181 Safari/537.36"
134.209.100.212 - - [27/Apr/2026:15:26:55 +0000] "POST /wp-login.php HTTP/1.1" 200 2018 "https://the-muscle-building.info/wp-login.php" "Mozilla/5.0 (Macintosh; Intel Mac OS X 10_13_1) AppleWebKit/537.36 (KHTML, like Gecko) Chrome/66.0.3359.181 Safari/537.36"
184.94.212.206 - - [27/Apr/2026:15:28:29 +0000] "POST /wp-cron.php?doing_wp_cron=1777303709.1628251075744628906250 HTTP/1.1" 200 - "-" "WordPress/6.9.4; https://the-muscle-building.info"
114.119.141.34 - - [27/Apr/2026:15:28:27 +0000] "GET /wp-sitemap-posts-product-1.xml HTTP/1.1" 200 277 "-" "Mozilla/5.0 (Linux; Android 7.0;) AppleWebKit/537.36 (HTML, like Gecko) Mobile Safari/537.36 (compatible; PetalBot;+https://webmaster.petalsearch.com/site/petalbot)"
184.94.212.206 - - [27/Apr/2026:15:31:56 +0000] "POST /wp-cron.php?doing_wp_cron=1777303916.2438900470733642578125 HTTP/1.1" 200 - "-" "WordPress/6.9.4; https://the-muscle-building.info"
45.129.231.10 - - [27/Apr/2026:15:31:54 +0000] "POST /wp-json/eventin/v2/speakers/import?_locale=user HTTP/1.1" 404 117 "-" "Mozilla/5.0 (Macintosh; Intel Mac OS X 10.12; rv:104.0) Gecko/20100101 Firefox/104.0"
184.94.212.206 - - [27/Apr/2026:15:35:00 +0000] "POST /wp-cron.php?doing_wp_cron=1777304100.3292589187622070312500 HTTP/1.1" 200 - "-" "WordPress/6.9.4; https://the-muscle-building.info"
45.129.231.10 - - [27/Apr/2026:15:34:58 +0000] "POST /wp-admin/admin-ajax.php HTTP/1.1" 400 21 "-" "Mozilla/5.0 (ZZ; Linux i686) AppleWebKit/537.36 (KHTML, like Gecko) Chrome/128.0.0.0 Safari/537.36"
184.94.212.206 - - [27/Apr/2026:15:41:29 +0000] "POST /wp-cron.php?doing_wp_cron=1777304489.7983949184417724609375 HTTP/1.1" 200 - "-" "WordPress/6.9.4; https://the-muscle-building.info"
45.117.169.86 - - [27/Apr/2026:15:41:28 +0000] "GET /wp-login.php HTTP/1.1" 200 1918 "-" "Mozilla/5.0 (Windows NT 6.1; WOW64; Trident/7.0; HO32600; HO32600R; rv:11.0) like Gecko"
45.117.169.86 - - [27/Apr/2026:15:41:30 +0000] "POST /wp-login.php HTTP/1.1" 200 2018 "https://the-muscle-building.info/wp-login.php" "Mozilla/5.0 (Windows NT 6.1; WOW64; Trident/7.0; HO32600; HO32600R; rv:11.0) like Gecko"
184.94.212.206 - - [27/Apr/2026:15:46:44 +0000] "POST /wp-cron.php?doing_wp_cron=1777304804.6901350021362304687500 HTTP/1.1" 200 - "-" "WordPress/6.9.4; https://the-muscle-building.info"
74.7.175.165 - - [27/Apr/2026:15:46:43 +0000] "GET /robots.txt HTTP/1.1" 200 179 "-" "Mozilla/5.0 (Macintosh; Intel Mac OS X 10_15_7) AppleWebKit/537.36 (KHTML, like Gecko) Chrome/131.0.0.0 Safari/537.36; compatible; OAI-SearchBot/1.3; robots.txt; +https://openai.com/searchbot"
178.156.226.52 - - [27/Apr/2026:15:47:07 +0000] "HEAD / HTTP/1.1" 200 - "-" "Mozilla/5.0 (Macintosh; Intel Mac OS X 10_15_7) AppleWebKit/605.1.15 (KHTML, like Gecko) Version/18.0 Safari/605.1.15"
178.156.226.52 - - [27/Apr/2026:15:47:14 +0000] "GET / HTTP/1.1" 206 14619 "-" "Mozilla/5.0 (Macintosh; Intel Mac OS X 10_15_7) AppleWebKit/605.1.15 (KHTML, like Gecko) Version/18.0 Safari/605.1.15"
184.94.212.206 - - [27/Apr/2026:15:51:12 +0000] "POST /wp-cron.php?doing_wp_cron=1777305072.9449501037597656250000 HTTP/1.1" 200 - "-" "WordPress/6.9.4; https://the-muscle-building.info"
143.110.255.52 - - [27/Apr/2026:15:51:11 +0000] "GET /wp-login.php HTTP/1.1" 200 1918 "-" "Mozilla/5.0 (Windows NT 10.0; Win64; x64) AppleWebKit/537.36 (KHTML, like Gecko) Chrome/63.0.3239.132 Safari/537.36 OPR/50.0.2762.67"
143.110.255.52 - - [27/Apr/2026:15:51:13 +0000] "POST /wp-login.php HTTP/1.1" 200 2018 "https://the-muscle-building.info/wp-login.php" "Mozilla/5.0 (Windows NT 10.0; Win64; x64) AppleWebKit/537.36 (KHTML, like Gecko) Chrome/63.0.3239.132 Safari/537.36 OPR/50.0.2762.67"
184.94.212.206 - - [27/Apr/2026:15:53:37 +0000] "POST /wp-cron.php?doing_wp_cron=1777305217.6102509498596191406250 HTTP/1.1" 200 - "-" "WordPress/6.9.4; https://the-muscle-building.info"
66.249.73.129 - - [27/Apr/2026:15:53:34 +0000] "GET /robots.txt HTTP/1.1" 301 - "-" "Mozilla/5.0 (compatible; Googlebot/2.1; +http://www.google.com/bot.html)"
66.249.66.71 - - [27/Apr/2026:15:53:37 +0000] "GET /robots.txt HTTP/1.1" 200 179 "-" "Mozilla/5.0 (compatible; Googlebot/2.1; +http://www.google.com/bot.html)"
184.94.212.206 - - [27/Apr/2026:16:00:31 +0000] "POST /wp-cron.php?doing_wp_cron=1777305631.7585799694061279296875 HTTP/1.1" 200 - "-" "WordPress/6.9.4; https://the-muscle-building.info"
116.203.148.109 - - [27/Apr/2026:16:00:30 +0000] "GET /wp-login.php HTTP/1.1" 200 1918 "-" "Mozilla/5.0 (Macintosh; Intel Mac OS X 10_10_5) AppleWebKit/602.2.14 (KHTML, like Gecko) Version/10.0.1 Safari/602.2.14"
116.203.148.109 - - [27/Apr/2026:16:00:31 +0000] "POST /wp-login.php HTTP/1.1" 200 2018 "https://the-muscle-building.info/wp-login.php" "Mozilla/5.0 (Macintosh; Intel Mac OS X 10_10_5) AppleWebKit/602.2.14 (KHTML, like Gecko) Version/10.0.1 Safari/602.2.14"
184.94.212.206 - - [27/Apr/2026:16:05:00 +0000] "POST /wp-cron.php?doing_wp_cron=1777305900.0022249221801757812500 HTTP/1.1" 200 - "-" "WordPress/6.9.4; https://the-muscle-building.info"
31.57.225.217 - - [27/Apr/2026:16:04:58 +0000] "GET /wp-login.php HTTP/1.1" 200 1918 "-" "Mozilla/5.0 (compatible; MSIE 10.0; Windows NT 6.2; Trident/7.0)"
31.57.225.217 - - [27/Apr/2026:16:05:00 +0000] "POST /wp-login.php HTTP/1.1" 200 2018 "https://the-muscle-building.info/wp-login.php" "Mozilla/5.0 (compatible; MSIE 10.0; Windows NT 6.2; Trident/7.0)"
47.128.111.203 - - [27/Apr/2026:16:05:22 +0000] "GET /robots.txt HTTP/1.1" 200 179 "-" "Mozilla/5.0 (Linux; Android 5.0) AppleWebKit/537.36 (KHTML, like Gecko) Mobile Safari/537.36 (compatible; Bytespider; spider-feedback@bytedance.com)"
184.94.212.206 - - [27/Apr/2026:16:07:18 +0000] "POST /wp-cron.php?doing_wp_cron=1777306038.9656019210815429687500 HTTP/1.1" 200 - "-" "WordPress/6.9.4; https://the-muscle-building.info"
45.129.231.10 - - [27/Apr/2026:16:07:17 +0000] "GET / HTTP/1.1" 200 14619 "-" "Mozilla/5.0 (ZZ; Linux x86_64) AppleWebKit/537.36 (KHTML, like Gecko) Chrome/140.0.0.0 Safari/537.36"
45.129.231.10 - - [27/Apr/2026:16:07:39 +0000] "GET /?__kubio-site-edit-iframe-preview=1&__kubio-site-edit-iframe-classic-template=../../../../../../../../etc/passwd HTTP/1.1" 301 - "-" "Mozilla/5.0 (X11; Linux i686; rv:1.9.6.20) Gecko/ Firefox/3.6.12"
