45.129.231.10 - - [28/Apr/2026:02:16:49 +0000] "GET /?filename=../../../../../../etc/passwd&mphb_action=download HTTP/1.1" 301 - "-" "Mozilla/5.0 (Kubuntu; Linux x86_64) AppleWebKit/537.36 (KHTML, like Gecko) Chrome/133.0.0.0 Safari/537.36"
45.129.231.10 - - [28/Apr/2026:02:16:49 +0000] "GET /wp-content/plugins/form-maker/readme.txt HTTP/1.1" 404 11896 "-" "Mozilla/5.0 (Macintosh; Intel Mac OS X 10_10) AppleWebKit/537.36 (KHTML, like Gecko) Version/8.0 Safari/537.36"
184.94.212.206 - - [28/Apr/2026:02:21:03 +0000] "POST /wp-cron.php?doing_wp_cron=1777342863.7305169105529785156250 HTTP/1.1" 200 - "-" "WordPress/6.9.4; https://the-muscle-building.info"
45.129.231.10 - - [28/Apr/2026:02:21:01 +0000] "GET /my-account/?alg_wc_ev_verify_email=eyJpZCI6MSwiY29kZSI6MH0= HTTP/1.1" 404 11896 "-" "Mozilla/5.0 (Macintosh; Intel Mac OS X 10_11_5) AppleWebKit/601.6.17 (KHTML, like Gecko) Version/9.1.1 Safari/601.6.17"
45.129.231.10 - - [28/Apr/2026:02:21:04 +0000] "GET /?alg_wc_ev_verify_email=eyJpZCI6MSwiY29kZSI6MH0= HTTP/1.1" 301 - "-" "Mozilla/5.0 (Windows NT 10.0; Win64; x64; rv:82.0) Gecko/20100101 Firefox/82.0"
54.39.17.116 - - [28/Apr/2026:02:21:31 +0000] "GET /wp-login.php HTTP/1.1" 200 1918 "-" "Mozilla/5.0 (compatible; MSIE 9.0; Windows NT 6.2; Win64; x64; Trident/7.0)"
54.39.17.116 - - [28/Apr/2026:02:21:32 +0000] "POST /wp-login.php HTTP/1.1" 200 2017 "https://the-muscle-building.info/wp-login.php" "Mozilla/5.0 (compatible; MSIE 9.0; Windows NT 6.2; Win64; x64; Trident/7.0)"
184.94.212.206 - - [28/Apr/2026:02:28:01 +0000] "POST /wp-cron.php?doing_wp_cron=1777343280.9911749362945556640625 HTTP/1.1" 200 - "-" "WordPress/6.9.4; https://the-muscle-building.info"
216.73.216.119 - - [28/Apr/2026:02:27:59 +0000] "GET /robots.txt HTTP/1.1" 200 179 "-" "Mozilla/5.0 AppleWebKit/537.36 (KHTML, like Gecko; compatible; ClaudeBot/1.0; +claudebot@anthropic.com)"
216.73.216.119 - - [28/Apr/2026:02:28:01 +0000] "GET /wp-sitemap.xml HTTP/1.1" 200 246 "-" "Mozilla/5.0 AppleWebKit/537.36 (KHTML, like Gecko; compatible; ClaudeBot/1.0; +claudebot@anthropic.com)"
45.129.231.10 - - [28/Apr/2026:02:31:19 +0000] "GET /?p=3232&wp_automatic=download&link=file:///etc/passwd HTTP/1.1" 404 11896 "-" "Mozilla/5.0 (Macintosh; U; Intel Mac OS X 10_5_4; en-gb) AppleWebKit/528.4+ (KHTML, like Gecko) Version/4.0dp1 Safari/526.11.2"
184.94.212.206 - - [28/Apr/2026:02:31:20 +0000] "POST /wp-cron.php?doing_wp_cron=1777343480.4974958896636962890625 HTTP/1.1" 200 - "-" "WordPress/6.9.4; https://the-muscle-building.info"
45.129.231.10 - - [28/Apr/2026:02:31:19 +0000] "GET /wp-content/plugins/gracemedia-media-player/templates/files/ajax_controller.php?ajaxAction=getIds&cfg=../../../../../../../../../../etc/passwd HTTP/1.1" 404 11896 "-" "Mozilla/5.0 (Windows NT 6.2; Win64; x64; rv:109.0) Gecko/20100101 Firefox/115.0"
184.94.212.206 - - [28/Apr/2026:02:34:44 +0000] "POST /wp-cron.php?doing_wp_cron=1777343684.5691049098968505859375 HTTP/1.1" 200 - "-" "WordPress/6.9.4; https://the-muscle-building.info"
128.241.254.194 - - [28/Apr/2026:02:34:41 +0000] "POST /wp-json/am-member/license HTTP/1.1" 404 117 "-" "Mozilla/5.0 (Windows NT 6.2; Win64; x64; rv:109.0) Gecko/20100101 Firefox/115.0"
184.94.212.206 - - [28/Apr/2026:02:42:01 +0000] "POST /wp-cron.php?doing_wp_cron=1777344121.8059620857238769531250 HTTP/1.1" 200 - "-" "WordPress/6.9.4; https://the-muscle-building.info"
208.97.187.39 - - [28/Apr/2026:02:42:00 +0000] "GET /wp-login.php HTTP/1.1" 200 1918 "-" "Mozilla/5.0 (Windows NT 6.3; Win64; x64) AppleWebKit/537.36 (KHTML, like Gecko) Chrome/66.0.3359.181 Safari/537.36"
208.97.187.39 - - [28/Apr/2026:02:42:02 +0000] "POST /wp-login.php HTTP/1.1" 200 2017 "https://the-muscle-building.info/wp-login.php" "Mozilla/5.0 (Windows NT 6.3; Win64; x64) AppleWebKit/537.36 (KHTML, like Gecko) Chrome/66.0.3359.181 Safari/537.36"
45.129.231.10 - - [28/Apr/2026:02:42:29 +0000] "GET /wp-content/plugins/fancy-product-designer/inc/custom-image-handler.php HTTP/1.1" 404 11896 "-" "Mozilla/5.0 (X11; CrOS x86_64 14541.0.0) AppleWebKit/537.36 (KHTML, like Gecko) Chrome/126.0.0.0 Safari/537.36"
184.94.212.206 - - [28/Apr/2026:02:47:34 +0000] "POST /wp-cron.php?doing_wp_cron=1777344454.3076810836791992187500 HTTP/1.1" 200 - "-" "WordPress/6.9.4; https://the-muscle-building.info"
184.94.212.206 - - [28/Apr/2026:02:47:27 +0000] "GET / HTTP/1.1" 200 75708 "-" "Mozilla/5.0 (Windows NT 10.0; Win64; x64; rv:122.0) Gecko/20100101 Firefox/122.0"
184.94.212.206 - - [28/Apr/2026:02:48:17 +0000] "POST /wp-cron.php?doing_wp_cron=1777344497.2070889472961425781250 HTTP/1.1" 200 - "-" "WordPress/6.9.4; https://the-muscle-building.info"
77.75.76.168 - - [28/Apr/2026:02:48:16 +0000] "GET /wp-sitemap-posts-product-1.xml HTTP/1.1" 200 277 "-" "Mozilla/5.0 (compatible; SeznamBot/4.0; +https://o-seznam.cz/napoveda/vyhledavani/en/seznambot-crawler/)"
184.94.212.206 - - [28/Apr/2026:02:49:47 +0000] "POST /wp-cron.php?doing_wp_cron=1777344587.1832089424133300781250 HTTP/1.1" 200 - "-" "WordPress/6.9.4; https://the-muscle-building.info"
45.129.231.10 - - [28/Apr/2026:02:49:45 +0000] "GET /wp-content/plugins/better-search-replace/README.txt HTTP/1.1" 404 11896 "-" "Mozilla/5.0 (Macintosh; Intel Mac OS X 10_15_7) AppleWebKit/605.1.15 (KHTML, like Gecko) Version/17.6 Mobile/15E148 Safari/604.1"
45.129.231.10 - - [28/Apr/2026:02:49:50 +0000] "GET /wp-content/plugins/better-search-replace/readme.txt HTTP/1.1" 404 11896 "-" "Mozilla/5.0 (Macintosh; Intel Mac OS X 10_15_3) AppleWebKit/605.1.15 (KHTML, like Gecko) Version/13.0.5 Safari/605.1.15"
184.94.212.206 - - [28/Apr/2026:02:51:11 +0000] "POST /wp-cron.php?doing_wp_cron=1777344671.6405370235443115234375 HTTP/1.1" 200 - "-" "WordPress/6.9.4; https://the-muscle-building.info"
85.208.96.208 - - [28/Apr/2026:02:51:10 +0000] "GET /robots.txt HTTP/1.1" 200 179 "-" "Mozilla/5.0 (compatible; SemrushBot/7~bl; +http://www.semrush.com/bot.html)"
85.208.96.195 - - [28/Apr/2026:02:51:12 +0000] "GET /2020/04/08/how-much-training-is-too-much/ HTTP/1.1" 200 14521 "-" "Mozilla/5.0 (compatible; SemrushBot/7~bl; +http://www.semrush.com/bot.html)"
184.94.212.206 - - [28/Apr/2026:02:55:06 +0000] "POST /wp-cron.php?doing_wp_cron=1777344906.0647890567779541015625 HTTP/1.1" 200 - "-" "WordPress/6.9.4; https://the-muscle-building.info"
101.100.234.23 - - [28/Apr/2026:02:55:04 +0000] "GET /wp-login.php HTTP/1.1" 200 1918 "-" "Mozilla/5.0 (Windows NT 6.3; WOW64) AppleWebKit/537.36 (KHTML, like Gecko) Chrome/67.0.3396.87 Safari/537.36"
101.100.234.23 - - [28/Apr/2026:02:55:06 +0000] "POST /wp-login.php HTTP/1.1" 200 2017 "https://the-muscle-building.info/wp-login.php" "Mozilla/5.0 (Windows NT 6.3; WOW64) AppleWebKit/537.36 (KHTML, like Gecko) Chrome/67.0.3396.87 Safari/537.36"
141.101.95.26 - - [28/Apr/2026:02:55:59 +0000] "GET /wp-content/plugins/woocommerce/assets/css/photoswipe/photoswipe.min.css?ver=10.5.0 HTTP/1.1" 200 983 "-" "Mozilla/5.0 (Windows NT 10.0; Win64; x64) AppleWebKit/537.36 (KHTML, like Gecko) Chrome/123.0.0.0 Safari/537.36"
184.94.212.206 - - [28/Apr/2026:02:58:10 +0000] "POST /wp-cron.php?doing_wp_cron=1777345090.4283139705657958984375 HTTP/1.1" 200 - "-" "WordPress/6.9.4; https://the-muscle-building.info"
45.129.231.10 - - [28/Apr/2026:02:58:08 +0000] "GET /wp-content/plugins/gracemedia-media-player/templates/files/ajax_controller.php?ajaxAction=getIds&cfg=../../../../../../../../../../etc/passwd HTTP/1.1" 404 11896 "-" "Mozilla/5.0 (Windows NT 10.0; Win64; x64; rv:128.0) Gecko/20100101 Firefox/128.0"
45.129.231.10 - - [28/Apr/2026:02:58:08 +0000] "GET /?p=3232&wp_automatic=download&link=file:///etc/passwd HTTP/1.1" 404 11896 "-" "Mozilla/5.0 (X11; Linux x86_64) AppleWebKit/537.36 (KHTML, like Gecko) Chrome/138.0.0.0 Safari/537.36"
184.94.212.206 - - [28/Apr/2026:03:00:47 +0000] "POST /wp-cron.php?doing_wp_cron=1777345247.8904418945312500000000 HTTP/1.1" 200 - "-" "WordPress/6.9.4; https://the-muscle-building.info"
65.254.225.228 - - [28/Apr/2026:03:00:46 +0000] "GET /wp-login.php HTTP/1.1" 200 1918 "-" "Mozilla/4.0 (compatible; MSIE 7.0; Windows NT 6.2; WOW64; Trident/7.0; .NET4.0C; .NET4.0E; .NET CLR 2.0.50727; .NET CLR 3.0.30729; .NET CLR 3.5.30729; InfoPath.3)"
65.254.225.228 - - [28/Apr/2026:03:00:48 +0000] "POST /wp-login.php HTTP/1.1" 200 2017 "https://the-muscle-building.info/wp-login.php" "Mozilla/4.0 (compatible; MSIE 7.0; Windows NT 6.2; WOW64; Trident/7.0; .NET4.0C; .NET4.0E; .NET CLR 2.0.50727; .NET CLR 3.0.30729; .NET CLR 3.5.30729; InfoPath.3)"
184.94.212.206 - - [28/Apr/2026:03:01:52 +0000] "POST /wp-cron.php?doing_wp_cron=1777345312.6146769523620605468750 HTTP/1.1" 200 - "-" "WordPress/6.9.4; https://the-muscle-building.info"
98.88.113.35 - - [28/Apr/2026:03:01:51 +0000] "GET /wp-login.php HTTP/1.1" 200 1918 "-" "Mozilla/5.0 (Windows NT 6.2; ARM; Trident/7.0; Touch; rv:11.0; WPDesktop; NOKIA; Lumia 1520) like Gecko"
98.88.113.35 - - [28/Apr/2026:03:01:52 +0000] "POST /wp-login.php HTTP/1.1" 200 2017 "https://the-muscle-building.primemusicproductions.com/wp-login.php" "Mozilla/5.0 (Windows NT 6.2; ARM; Trident/7.0; Touch; rv:11.0; WPDesktop; NOKIA; Lumia 1520) like Gecko"
184.94.212.206 - - [28/Apr/2026:03:03:01 +0000] "POST /wp-cron.php?doing_wp_cron=1777345381.6694691181182861328125 HTTP/1.1" 200 - "-" "WordPress/6.9.4; https://the-muscle-building.info"
128.241.254.194 - - [28/Apr/2026:03:03:00 +0000] "POST /wp-admin/admin.php?page=html2wp-settings HTTP/1.1" 302 - "-" "Mozilla/5.0 (ZZ; Linux i686) AppleWebKit/537.36 (KHTML, like Gecko) Chrome/130.0.0.0 Safari/537.36"
128.241.254.194 - - [28/Apr/2026:03:03:03 +0000] "GET /wp-content/uploads/html2wp/3CsfuX0sZm4BrnjeyUfDQVWwBXT.php HTTP/1.1" 404 11896 "-" "Mozilla/5.0 (X11; Linux x86_64; rv:1.9.6.20) Gecko/ Firefox/3.6.19"
135.181.107.229 - - [28/Apr/2026:03:03:07 +0000] "GET /wp-login.php HTTP/1.1" 200 1918 "-" "Mozilla/5.0 (Macintosh; Intel Mac OS X 10_13_4) AppleWebKit/537.36 (KHTML, like Gecko) Chrome/67.0.3396.79 Safari/537.36"
135.181.107.229 - - [28/Apr/2026:03:03:08 +0000] "POST /wp-login.php HTTP/1.1" 200 2017 "https://the-muscle-building.info/wp-login.php" "Mozilla/5.0 (Macintosh; Intel Mac OS X 10_13_4) AppleWebKit/537.36 (KHTML, like Gecko) Chrome/67.0.3396.79 Safari/537.36"
184.94.212.206 - - [28/Apr/2026:03:09:04 +0000] "POST /wp-cron.php?doing_wp_cron=1777345744.1154789924621582031250 HTTP/1.1" 200 - "-" "WordPress/6.9.4; https://the-muscle-building.info"
148.113.6.127 - - [28/Apr/2026:03:09:01 +0000] "GET /wp-login.php HTTP/1.1" 200 1918 "-" "Mozilla/5.0 (Windows NT 6.3; Win64; x64) AppleWebKit/537.36 (KHTML, like Gecko) Chrome/65.0.3325.181 Safari/537.36"
148.113.6.127 - - [28/Apr/2026:03:09:04 +0000] "POST /wp-login.php HTTP/1.1" 200 2017 "https://the-muscle-building.info/wp-login.php" "Mozilla/5.0 (Windows NT 6.3; Win64; x64) AppleWebKit/537.36 (KHTML, like Gecko) Chrome/65.0.3325.181 Safari/537.36"
45.129.231.10 - - [28/Apr/2026:03:09:06 +0000] "GET /wp-admin/admin-ajax.php?action=upg_datatable&field=field:exec:head+-1+/etc/passwd:NULL:NULL HTTP/1.1" 400 21 "-" "Mozilla/5.0 (X11; Ubuntu; Linux x86_64; rv:139.0) Gecko/20100101 Firefox/139.0"
45.129.231.10 - - [28/Apr/2026:03:09:06 +0000] "GET /wp-content/plugins/fancy-product-designer/inc/custom-image-handler.php HTTP/1.1" 404 11896 "-" "Mozilla/5.0 (Knoppix; Linux i686) AppleWebKit/537.36 (KHTML, like Gecko) Chrome/133.0.0.0 Safari/537.36"
45.129.231.10 - - [28/Apr/2026:03:09:06 +0000] "GET /wp-content/plugins/usc-e-shop/functions/progress-check.php?progressfile=../../../../../../../../../../../../../etc/passwd HTTP/1.1" 404 11896 "-" "Mozilla/5.0 (Macintosh; Intel Mac OS X 10_15_7) AppleWebKit/605.1.15 (KHTML, like Gecko) Version/17.10 Safari/605.1.1"
184.94.212.206 - - [28/Apr/2026:03:21:02 +0000] "POST /wp-cron.php?doing_wp_cron=1777346462.7477259635925292968750 HTTP/1.1" 200 - "-" "WordPress/6.9.4; https://the-muscle-building.info"
192.185.4.137 - - [28/Apr/2026:03:21:01 +0000] "GET /wp-login.php HTTP/1.1" 200 1918 "-" "Mozilla/5.0 (Windows NT 10.0; Trident/7.0; rv:11.0) like Gecko"
192.185.4.137 - - [28/Apr/2026:03:21:03 +0000] "POST /wp-login.php HTTP/1.1" 200 2017 "https://the-muscle-building.primemusicproductions.com/wp-login.php" "Mozilla/5.0 (Windows NT 10.0; Trident/7.0; rv:11.0) like Gecko"
184.94.212.206 - - [28/Apr/2026:03:22:04 +0000] "POST /wp-cron.php?doing_wp_cron=1777346524.5063600540161132812500 HTTP/1.1" 200 - "-" "WordPress/6.9.4; https://the-muscle-building.info"
77.75.78.164 - - [28/Apr/2026:03:22:03 +0000] "GET /wp-sitemap-posts-page-1.xml HTTP/1.1" 200 371 "-" "Mozilla/5.0 (compatible; SeznamBot/4.0; +https://o-seznam.cz/napoveda/vyhledavani/en/seznambot-crawler/)"
184.94.212.206 - - [28/Apr/2026:03:23:04 +0000] "POST /wp-cron.php?doing_wp_cron=1777346584.8945369720458984375000 HTTP/1.1" 200 - "-" "WordPress/6.9.4; https://the-muscle-building.info"
20.89.243.55 - - [28/Apr/2026:03:23:03 +0000] "GET /.tmb/cloud.php HTTP/1.1" 404 11902 "-" "Mozilla/5.0 (Windows NT 10.0; Win64; x64) AppleWebKit/537.36 (KHTML, like Gecko) Chrome/120.0.0.0 Safari/537.36"
20.89.243.55 - - [28/Apr/2026:03:23:05 +0000] "GET /.well-known/ HTTP/1.1" 404 11902 "-" "Mozilla/5.0 (Windows NT 10.0; Win64; x64) AppleWebKit/537.36 (KHTML, like Gecko) Chrome/120.0.0.0 Safari/537.36"
20.89.243.55 - - [28/Apr/2026:03:23:06 +0000] "GET /.well-known/acme-challenge/index.php HTTP/1.1" 301 - "-" "Mozilla/5.0 (Windows NT 10.0; Win64; x64) AppleWebKit/537.36 (KHTML, like Gecko) Chrome/120.0.0.0 Safari/537.36"
20.89.243.55 - - [28/Apr/2026:03:23:07 +0000] "GET /.well-known/autoload_classmap.php HTTP/1.1" 404 11902 "-" "Mozilla/5.0 (Windows NT 10.0; Win64; x64) AppleWebKit/537.36 (KHTML, like Gecko) Chrome/120.0.0.0 Safari/537.36"
20.89.243.55 - - [28/Apr/2026:03:23:08 +0000] "GET /.well-known/pki-validation/ HTTP/1.1" 404 11902 "-" "Mozilla/5.0 (Windows NT 10.0; Win64; x64) AppleWebKit/537.36 (KHTML, like Gecko) Chrome/120.0.0.0 Safari/537.36"
20.89.243.55 - - [28/Apr/2026:03:23:09 +0000] "GET /.well-known/pki-validation/about.php HTTP/1.1" 404 11902 "-" "Mozilla/5.0 (Windows NT 10.0; Win64; x64) AppleWebKit/537.36 (KHTML, like Gecko) Chrome/120.0.0.0 Safari/537.36"
20.89.243.55 - - [28/Apr/2026:03:23:10 +0000] "GET //wp-2019.php HTTP/1.1" 301 - "-" "Mozilla/5.0 (Windows NT 10.0; Win64; x64) AppleWebKit/537.36 (KHTML, like Gecko) Chrome/120.0.0.0 Safari/537.36"
20.89.243.55 - - [28/Apr/2026:03:23:11 +0000] "GET //wp-content/themes/about.php HTTP/1.1" 301 - "-" "Mozilla/5.0 (Windows NT 10.0; Win64; x64) AppleWebKit/537.36 (KHTML, like Gecko) Chrome/120.0.0.0 Safari/537.36"
20.89.243.55 - - [28/Apr/2026:03:23:12 +0000] "GET /0.php HTTP/1.1" 404 11902 "-" "Mozilla/5.0 (Windows NT 10.0; Win64; x64) AppleWebKit/537.36 (KHTML, like Gecko) Chrome/120.0.0.0 Safari/537.36"
20.89.243.55 - - [28/Apr/2026:03:23:13 +0000] "GET /1.php HTTP/1.1" 404 11902 "-" "Mozilla/5.0 (Windows NT 10.0; Win64; x64) AppleWebKit/537.36 (KHTML, like Gecko) Chrome/120.0.0.0 Safari/537.36"
20.89.243.55 - - [28/Apr/2026:03:23:14 +0000] "GET /12.php HTTP/1.1" 404 11902 "-" "Mozilla/5.0 (Windows NT 10.0; Win64; x64) AppleWebKit/537.36 (KHTML, like Gecko) Chrome/120.0.0.0 Safari/537.36"
20.89.243.55 - - [28/Apr/2026:03:23:15 +0000] "GET /120f9.php HTTP/1.1" 404 11902 "-" "Mozilla/5.0 (Windows NT 10.0; Win64; x64) AppleWebKit/537.36 (KHTML, like Gecko) Chrome/120.0.0.0 Safari/537.36"
20.89.243.55 - - [28/Apr/2026:03:23:16 +0000] "GET /22.php HTTP/1.1" 404 11902 "-" "Mozilla/5.0 (Windows NT 10.0; Win64; x64) AppleWebKit/537.36 (KHTML, like Gecko) Chrome/120.0.0.0 Safari/537.36"
20.89.243.55 - - [28/Apr/2026:03:23:17 +0000] "GET /403.php HTTP/1.1" 404 11902 "-" "Mozilla/5.0 (Windows NT 10.0; Win64; x64) AppleWebKit/537.36 (KHTML, like Gecko) Chrome/120.0.0.0 Safari/537.36"
20.89.243.55 - - [28/Apr/2026:03:23:18 +0000] "GET /504.php HTTP/1.1" 404 11902 "-" "Mozilla/5.0 (Windows NT 10.0; Win64; x64) AppleWebKit/537.36 (KHTML, like Gecko) Chrome/120.0.0.0 Safari/537.36"
20.89.243.55 - - [28/Apr/2026:03:23:19 +0000] "GET /GOD.php HTTP/1.1" 404 11902 "-" "Mozilla/5.0 (Windows NT 10.0; Win64; x64) AppleWebKit/537.36 (KHTML, like Gecko) Chrome/120.0.0.0 Safari/537.36"
20.89.243.55 - - [28/Apr/2026:03:23:20 +0000] "GET /NewFile.php HTTP/1.1" 404 11902 "-" "Mozilla/5.0 (Windows NT 10.0; Win64; x64) AppleWebKit/537.36 (KHTML, like Gecko) Chrome/120.0.0.0 Safari/537.36"
20.89.243.55 - - [28/Apr/2026:03:23:22 +0000] "GET /aaa.php HTTP/1.1" 404 11902 "-" "Mozilla/5.0 (Windows NT 10.0; Win64; x64) AppleWebKit/537.36 (KHTML, like Gecko) Chrome/120.0.0.0 Safari/537.36"
20.89.243.55 - - [28/Apr/2026:03:23:23 +0000] "GET /ab.php HTTP/1.1" 404 11902 "-" "Mozilla/5.0 (Windows NT 10.0; Win64; x64) AppleWebKit/537.36 (KHTML, like Gecko) Chrome/120.0.0.0 Safari/537.36"
20.89.243.55 - - [28/Apr/2026:03:23:24 +0000] "GET /about/function.php HTTP/1.1" 404 11902 "-" "Mozilla/5.0 (Windows NT 10.0; Win64; x64) AppleWebKit/537.36 (KHTML, like Gecko) Chrome/120.0.0.0 Safari/537.36"
20.89.243.55 - - [28/Apr/2026:03:23:25 +0000] "GET /admin/function.php HTTP/1.1" 404 11902 "-" "Mozilla/5.0 (Windows NT 10.0; Win64; x64) AppleWebKit/537.36 (KHTML, like Gecko) Chrome/120.0.0.0 Safari/537.36"
20.89.243.55 - - [28/Apr/2026:03:23:26 +0000] "GET /admin/index_upload.php HTTP/1.1" 404 11902 "-" "Mozilla/5.0 (Windows NT 10.0; Win64; x64) AppleWebKit/537.36 (KHTML, like Gecko) Chrome/120.0.0.0 Safari/537.36"
20.89.243.55 - - [28/Apr/2026:03:23:27 +0000] "GET /al.php HTTP/1.1" 404 11902 "-" "Mozilla/5.0 (Windows NT 10.0; Win64; x64) AppleWebKit/537.36 (KHTML, like Gecko) Chrome/120.0.0.0 Safari/537.36"
20.89.243.55 - - [28/Apr/2026:03:23:28 +0000] "GET /alfa-rex.php HTTP/1.1" 404 11902 "-" "Mozilla/5.0 (Windows NT 10.0; Win64; x64) AppleWebKit/537.36 (KHTML, like Gecko) Chrome/120.0.0.0 Safari/537.36"
20.89.243.55 - - [28/Apr/2026:03:23:29 +0000] "GET /alfanew.PHP7 HTTP/1.1" 404 11902 "-" "Mozilla/5.0 (Windows NT 10.0; Win64; x64) AppleWebKit/537.36 (KHTML, like Gecko) Chrome/120.0.0.0 Safari/537.36"
20.89.243.55 - - [28/Apr/2026:03:23:31 +0000] "GET /alfanew.php HTTP/1.1" 404 11902 "-" "Mozilla/5.0 (Windows NT 10.0; Win64; x64) AppleWebKit/537.36 (KHTML, like Gecko) Chrome/120.0.0.0 Safari/537.36"
20.89.243.55 - - [28/Apr/2026:03:23:32 +0000] "GET /auth.php HTTP/1.1" 404 11902 "-" "Mozilla/5.0 (Windows NT 10.0; Win64; x64) AppleWebKit/537.36 (KHTML, like Gecko) Chrome/120.0.0.0 Safari/537.36"
20.89.243.55 - - [28/Apr/2026:03:23:33 +0000] "GET /b.php HTTP/1.1" 404 11902 "-" "Mozilla/5.0 (Windows NT 10.0; Win64; x64) AppleWebKit/537.36 (KHTML, like Gecko) Chrome/120.0.0.0 Safari/537.36"
20.89.243.55 - - [28/Apr/2026:03:23:34 +0000] "GET /b0.php HTTP/1.1" 404 11902 "-" "Mozilla/5.0 (Windows NT 10.0; Win64; x64) AppleWebKit/537.36 (KHTML, like Gecko) Chrome/120.0.0.0 Safari/537.36"
20.89.243.55 - - [28/Apr/2026:03:23:35 +0000] "GET /back.php HTTP/1.1" 404 11902 "-" "Mozilla/5.0 (Windows NT 10.0; Win64; x64) AppleWebKit/537.36 (KHTML, like Gecko) Chrome/120.0.0.0 Safari/537.36"
20.89.243.55 - - [28/Apr/2026:03:23:36 +0000] "GET /bala.php HTTP/1.1" 404 11902 "-" "Mozilla/5.0 (Windows NT 10.0; Win64; x64) AppleWebKit/537.36 (KHTML, like Gecko) Chrome/120.0.0.0 Safari/537.36"
20.89.243.55 - - [28/Apr/2026:03:23:37 +0000] "GET /baxa1.php HTTP/1.1" 404 11902 "-" "Mozilla/5.0 (Windows NT 10.0; Win64; x64) AppleWebKit/537.36 (KHTML, like Gecko) Chrome/120.0.0.0 Safari/537.36"
20.89.243.55 - - [28/Apr/2026:03:23:38 +0000] "GET /buy.php HTTP/1.1" 404 11902 "-" "Mozilla/5.0 (Windows NT 10.0; Win64; x64) AppleWebKit/537.36 (KHTML, like Gecko) Chrome/120.0.0.0 Safari/537.36"
20.89.243.55 - - [28/Apr/2026:03:23:39 +0000] "GET /byp.php HTTP/1.1" 404 11902 "-" "Mozilla/5.0 (Windows NT 10.0; Win64; x64) AppleWebKit/537.36 (KHTML, like Gecko) Chrome/120.0.0.0 Safari/537.36"
184.94.212.206 - - [28/Apr/2026:03:23:41 +0000] "POST /wp-cron.php?doing_wp_cron=1777346621.8972170352935791015625 HTTP/1.1" 200 - "-" "WordPress/6.9.4; https://the-muscle-building.info"
20.89.243.55 - - [28/Apr/2026:03:23:40 +0000] "GET /c.php HTTP/1.1" 404 11902 "-" "Mozilla/5.0 (Windows NT 10.0; Win64; x64) AppleWebKit/537.36 (KHTML, like Gecko) Chrome/120.0.0.0 Safari/537.36"
20.89.243.55 - - [28/Apr/2026:03:23:42 +0000] "GET /c99.php? HTTP/1.1" 404 11902 "-" "Mozilla/5.0 (Windows NT 10.0; Win64; x64) AppleWebKit/537.36 (KHTML, like Gecko) Chrome/120.0.0.0 Safari/537.36"
20.89.243.55 - - [28/Apr/2026:03:23:43 +0000] "GET /chosen.php HTTP/1.1" 404 11902 "-" "Mozilla/5.0 (Windows NT 10.0; Win64; x64) AppleWebKit/537.36 (KHTML, like Gecko) Chrome/120.0.0.0 Safari/537.36"
20.89.243.55 - - [28/Apr/2026:03:23:44 +0000] "GET /class-wp-lock.php HTTP/1.1" 404 11902 "-" "Mozilla/5.0 (Windows NT 10.0; Win64; x64) AppleWebKit/537.36 (KHTML, like Gecko) Chrome/120.0.0.0 Safari/537.36"
20.89.243.55 - - [28/Apr/2026:03:23:45 +0000] "GET /cong.php HTTP/1.1" 404 11902 "-" "Mozilla/5.0 (Windows NT 10.0; Win64; x64) AppleWebKit/537.36 (KHTML, like Gecko) Chrome/120.0.0.0 Safari/537.36"
20.89.243.55 - - [28/Apr/2026:03:23:46 +0000] "GET /content.php HTTP/1.1" 404 11902 "-" "Mozilla/5.0 (Windows NT 10.0; Win64; x64) AppleWebKit/537.36 (KHTML, like Gecko) Chrome/120.0.0.0 Safari/537.36"
20.89.243.55 - - [28/Apr/2026:03:23:47 +0000] "GET /control.php HTTP/1.1" 404 11902 "-" "Mozilla/5.0 (Windows NT 10.0; Win64; x64) AppleWebKit/537.36 (KHTML, like Gecko) Chrome/120.0.0.0 Safari/537.36"
20.89.243.55 - - [28/Apr/2026:03:23:48 +0000] "GET /cookie.php HTTP/1.1" 404 11902 "-" "Mozilla/5.0 (Windows NT 10.0; Win64; x64) AppleWebKit/537.36 (KHTML, like Gecko) Chrome/120.0.0.0 Safari/537.36"
20.89.243.55 - - [28/Apr/2026:03:23:49 +0000] "GET /credits.php HTTP/1.1" 404 11902 "-" "Mozilla/5.0 (Windows NT 10.0; Win64; x64) AppleWebKit/537.36 (KHTML, like Gecko) Chrome/120.0.0.0 Safari/537.36"
20.89.243.55 - - [28/Apr/2026:03:23:50 +0000] "GET /cron.php HTTP/1.1" 404 11902 "-" "Mozilla/5.0 (Windows NT 10.0; Win64; x64) AppleWebKit/537.36 (KHTML, like Gecko) Chrome/120.0.0.0 Safari/537.36"
20.89.243.55 - - [28/Apr/2026:03:23:52 +0000] "GET /css.php HTTP/1.1" 404 11902 "-" "Mozilla/5.0 (Windows NT 10.0; Win64; x64) AppleWebKit/537.36 (KHTML, like Gecko) Chrome/120.0.0.0 Safari/537.36"
20.89.243.55 - - [28/Apr/2026:03:23:53 +0000] "GET /css/autoload_classmap.php HTTP/1.1" 404 11902 "-" "Mozilla/5.0 (Windows NT 10.0; Win64; x64) AppleWebKit/537.36 (KHTML, like Gecko) Chrome/120.0.0.0 Safari/537.36"
20.89.243.55 - - [28/Apr/2026:03:23:54 +0000] "GET /data.php HTTP/1.1" 404 11902 "-" "Mozilla/5.0 (Windows NT 10.0; Win64; x64) AppleWebKit/537.36 (KHTML, like Gecko) Chrome/120.0.0.0 Safari/537.36"
20.89.243.55 - - [28/Apr/2026:03:23:55 +0000] "GET /disagreed.php HTTP/1.1" 404 11902 "-" "Mozilla/5.0 (Windows NT 10.0; Win64; x64) AppleWebKit/537.36 (KHTML, like Gecko) Chrome/120.0.0.0 Safari/537.36"
20.89.243.55 - - [28/Apr/2026:03:23:56 +0000] "GET /doc.php HTTP/1.1" 404 11902 "-" "Mozilla/5.0 (Windows NT 10.0; Win64; x64) AppleWebKit/537.36 (KHTML, like Gecko) Chrome/120.0.0.0 Safari/537.36"
20.89.243.55 - - [28/Apr/2026:03:23:58 +0000] "GET /dropdown.php HTTP/1.1" 404 11902 "-" "Mozilla/5.0 (Windows NT 10.0; Win64; x64) AppleWebKit/537.36 (KHTML, like Gecko) Chrome/120.0.0.0 Safari/537.36"
20.89.243.55 - - [28/Apr/2026:03:23:59 +0000] "GET /ds.php HTTP/1.1" 404 11902 "-" "Mozilla/5.0 (Windows NT 10.0; Win64; x64) AppleWebKit/537.36 (KHTML, like Gecko) Chrome/120.0.0.0 Safari/537.36"
20.89.243.55 - - [28/Apr/2026:03:24:00 +0000] "GET /ee.php HTTP/1.1" 404 11902 "-" "Mozilla/5.0 (Windows NT 10.0; Win64; x64) AppleWebKit/537.36 (KHTML, like Gecko) Chrome/120.0.0.0 Safari/537.36"
20.89.243.55 - - [28/Apr/2026:03:24:01 +0000] "GET /en.php HTTP/1.1" 404 11902 "-" "Mozilla/5.0 (Windows NT 10.0; Win64; x64) AppleWebKit/537.36 (KHTML, like Gecko) Chrome/120.0.0.0 Safari/537.36"
20.89.243.55 - - [28/Apr/2026:03:24:02 +0000] "GET /error.php HTTP/1.1" 404 11902 "-" "Mozilla/5.0 (Windows NT 10.0; Win64; x64) AppleWebKit/537.36 (KHTML, like Gecko) Chrome/120.0.0.0 Safari/537.36"
20.89.243.55 - - [28/Apr/2026:03:24:04 +0000] "GET /f35.php HTTP/1.1" 404 11902 "-" "Mozilla/5.0 (Windows NT 10.0; Win64; x64) AppleWebKit/537.36 (KHTML, like Gecko) Chrome/120.0.0.0 Safari/537.36"
20.89.243.55 - - [28/Apr/2026:03:24:05 +0000] "GET /favicon.php HTTP/1.1" 404 11902 "-" "Mozilla/5.0 (Windows NT 10.0; Win64; x64) AppleWebKit/537.36 (KHTML, like Gecko) Chrome/120.0.0.0 Safari/537.36"
20.89.243.55 - - [28/Apr/2026:03:24:06 +0000] "GET /feeds.php HTTP/1.1" 404 11902 "-" "Mozilla/5.0 (Windows NT 10.0; Win64; x64) AppleWebKit/537.36 (KHTML, like Gecko) Chrome/120.0.0.0 Safari/537.36"
20.89.243.55 - - [28/Apr/2026:03:24:07 +0000] "GET /files.php HTTP/1.1" 404 11902 "-" "Mozilla/5.0 (Windows NT 10.0; Win64; x64) AppleWebKit/537.36 (KHTML, like Gecko) Chrome/120.0.0.0 Safari/537.36"
20.89.243.55 - - [28/Apr/2026:03:24:08 +0000] "GET /files/autoload_classmap.php HTTP/1.1" 404 11902 "-" "Mozilla/5.0 (Windows NT 10.0; Win64; x64) AppleWebKit/537.36 (KHTML, like Gecko) Chrome/120.0.0.0 Safari/537.36"
20.89.243.55 - - [28/Apr/2026:03:24:09 +0000] "GET /flower.php HTTP/1.1" 404 11902 "-" "Mozilla/5.0 (Windows NT 10.0; Win64; x64) AppleWebKit/537.36 (KHTML, like Gecko) Chrome/120.0.0.0 Safari/537.36"
20.89.243.55 - - [28/Apr/2026:03:24:10 +0000] "GET /function.php HTTP/1.1" 404 11902 "-" "Mozilla/5.0 (Windows NT 10.0; Win64; x64) AppleWebKit/537.36 (KHTML, like Gecko) Chrome/120.0.0.0 Safari/537.36"
20.89.243.55 - - [28/Apr/2026:03:24:11 +0000] "GET /functions.php HTTP/1.1" 404 11902 "-" "Mozilla/5.0 (Windows NT 10.0; Win64; x64) AppleWebKit/537.36 (KHTML, like Gecko) Chrome/120.0.0.0 Safari/537.36"
20.89.243.55 - - [28/Apr/2026:03:24:12 +0000] "GET /gecko-new.php HTTP/1.1" 404 11902 "-" "Mozilla/5.0 (Windows NT 10.0; Win64; x64) AppleWebKit/537.36 (KHTML, like Gecko) Chrome/120.0.0.0 Safari/537.36"
20.89.243.55 - - [28/Apr/2026:03:24:14 +0000] "GET /ggfi.php HTTP/1.1" 404 11902 "-" "Mozilla/5.0 (Windows NT 10.0; Win64; x64) AppleWebKit/537.36 (KHTML, like Gecko) Chrome/120.0.0.0 Safari/537.36"
20.89.243.55 - - [28/Apr/2026:03:24:15 +0000] "GET /gzak2w.php HTTP/1.1" 404 11902 "-" "Mozilla/5.0 (Windows NT 10.0; Win64; x64) AppleWebKit/537.36 (KHTML, like Gecko) Chrome/120.0.0.0 Safari/537.36"
20.89.243.55 - - [28/Apr/2026:03:24:16 +0000] "GET /hehe.php HTTP/1.1" 404 11902 "-" "Mozilla/5.0 (Windows NT 10.0; Win64; x64) AppleWebKit/537.36 (KHTML, like Gecko) Chrome/120.0.0.0 Safari/537.36"
20.89.243.55 - - [28/Apr/2026:03:24:17 +0000] "GET /hehehehe.php HTTP/1.1" 404 11902 "-" "Mozilla/5.0 (Windows NT 10.0; Win64; x64) AppleWebKit/537.36 (KHTML, like Gecko) Chrome/120.0.0.0 Safari/537.36"
20.89.243.55 - - [28/Apr/2026:03:24:18 +0000] "GET /help.php HTTP/1.1" 404 11902 "-" "Mozilla/5.0 (Windows NT 10.0; Win64; x64) AppleWebKit/537.36 (KHTML, like Gecko) Chrome/120.0.0.0 Safari/537.36"
20.89.243.55 - - [28/Apr/2026:03:24:19 +0000] "GET /images/wp-login.php HTTP/1.1" 404 11902 "-" "Mozilla/5.0 (Windows NT 10.0; Win64; x64) AppleWebKit/537.36 (KHTML, like Gecko) Chrome/120.0.0.0 Safari/537.36"
20.89.243.55 - - [28/Apr/2026:03:24:20 +0000] "GET /index.php HTTP/1.1" 200 14624 "-" "Mozilla/5.0 (Windows NT 10.0; Win64; x64) AppleWebKit/537.36 (KHTML, like Gecko) Chrome/120.0.0.0 Safari/537.36"
20.89.243.55 - - [28/Apr/2026:03:24:22 +0000] "GET /index/function.php HTTP/1.1" 404 11902 "-" "Mozilla/5.0 (Windows NT 10.0; Win64; x64) AppleWebKit/537.36 (KHTML, like Gecko) Chrome/120.0.0.0 Safari/537.36"
20.89.243.55 - - [28/Apr/2026:03:24:23 +0000] "GET /install.php HTTP/1.1" 404 11902 "-" "Mozilla/5.0 (Windows NT 10.0; Win64; x64) AppleWebKit/537.36 (KHTML, like Gecko) Chrome/120.0.0.0 Safari/537.36"
103.174.152.203 - - [28/Apr/2026:03:24:24 +0000] "GET /wp-login.php HTTP/1.1" 200 1918 "-" "Mozilla/5.0 (Windows NT 6.1; WOW64; Trident/7.0; FSJB; rv:11.0) like Gecko"
20.89.243.55 - - [28/Apr/2026:03:24:24 +0000] "GET /jp.php HTTP/1.1" 404 11902 "-" "Mozilla/5.0 (Windows NT 10.0; Win64; x64) AppleWebKit/537.36 (KHTML, like Gecko) Chrome/120.0.0.0 Safari/537.36"
20.89.243.55 - - [28/Apr/2026:03:24:25 +0000] "GET /mah/function.php HTTP/1.1" 404 11902 "-" "Mozilla/5.0 (Windows NT 10.0; Win64; x64) AppleWebKit/537.36 (KHTML, like Gecko) Chrome/120.0.0.0 Safari/537.36"
20.89.243.55 - - [28/Apr/2026:03:24:26 +0000] "GET /meta.php HTTP/1.1" 404 11902 "-" "Mozilla/5.0 (Windows NT 10.0; Win64; x64) AppleWebKit/537.36 (KHTML, like Gecko) Chrome/120.0.0.0 Safari/537.36"
20.89.243.55 - - [28/Apr/2026:03:24:27 +0000] "GET /moon.php HTTP/1.1" 404 11902 "-" "Mozilla/5.0 (Windows NT 10.0; Win64; x64) AppleWebKit/537.36 (KHTML, like Gecko) Chrome/120.0.0.0 Safari/537.36"
103.174.152.203 - - [28/Apr/2026:03:24:28 +0000] "POST /wp-login.php HTTP/1.1" 200 2017 "https://the-muscle-building.info/wp-login.php" "Mozilla/5.0 (Windows NT 6.1; WOW64; Trident/7.0; FSJB; rv:11.0) like Gecko"
20.89.243.55 - - [28/Apr/2026:03:24:28 +0000] "GET /new.php HTTP/1.1" 404 11902 "-" "Mozilla/5.0 (Windows NT 10.0; Win64; x64) AppleWebKit/537.36 (KHTML, like Gecko) Chrome/120.0.0.0 Safari/537.36"
20.89.243.55 - - [28/Apr/2026:03:24:30 +0000] "GET /ova.php HTTP/1.1" 404 11902 "-" "Mozilla/5.0 (Windows NT 10.0; Win64; x64) AppleWebKit/537.36 (KHTML, like Gecko) Chrome/120.0.0.0 Safari/537.36"
20.89.243.55 - - [28/Apr/2026:03:24:31 +0000] "GET /print/bkindex.php HTTP/1.1" 404 11902 "-" "Mozilla/5.0 (Windows NT 10.0; Win64; x64) AppleWebKit/537.36 (KHTML, like Gecko) Chrome/120.0.0.0 Safari/537.36"
20.89.243.55 - - [28/Apr/2026:03:24:32 +0000] "GET /radio.php HTTP/1.1" 404 11902 "-" "Mozilla/5.0 (Windows NT 10.0; Win64; x64) AppleWebKit/537.36 (KHTML, like Gecko) Chrome/120.0.0.0 Safari/537.36"
20.89.243.55 - - [28/Apr/2026:03:24:33 +0000] "GET /randkeyword.php HTTP/1.1" 404 11902 "-" "Mozilla/5.0 (Windows NT 10.0; Win64; x64) AppleWebKit/537.36 (KHTML, like Gecko) Chrome/120.0.0.0 Safari/537.36"
20.89.243.55 - - [28/Apr/2026:03:24:34 +0000] "GET /room.php HTTP/1.1" 404 11902 "-" "Mozilla/5.0 (Windows NT 10.0; Win64; x64) AppleWebKit/537.36 (KHTML, like Gecko) Chrome/120.0.0.0 Safari/537.36"
20.89.243.55 - - [28/Apr/2026:03:24:35 +0000] "GET /sad/about.php HTTP/1.1" 404 11902 "-" "Mozilla/5.0 (Windows NT 10.0; Win64; x64) AppleWebKit/537.36 (KHTML, like Gecko) Chrome/120.0.0.0 Safari/537.36"
20.89.243.55 - - [28/Apr/2026:03:24:36 +0000] "GET /sim.php/wp-includes/certificates/plugins.php HTTP/1.1" 404 11902 "-" "Mozilla/5.0 (Windows NT 10.0; Win64; x64) AppleWebKit/537.36 (KHTML, like Gecko) Chrome/120.0.0.0 Safari/537.36"
20.89.243.55 - - [28/Apr/2026:03:24:37 +0000] "GET /simple.php HTTP/1.1" 404 11902 "-" "Mozilla/5.0 (Windows NT 10.0; Win64; x64) AppleWebKit/537.36 (KHTML, like Gecko) Chrome/120.0.0.0 Safari/537.36"
20.89.243.55 - - [28/Apr/2026:03:24:38 +0000] "GET /templates/beez3/1.php HTTP/1.1" 404 11902 "-" "Mozilla/5.0 (Windows NT 10.0; Win64; x64) AppleWebKit/537.36 (KHTML, like Gecko) Chrome/120.0.0.0 Safari/537.36"
20.89.243.55 - - [28/Apr/2026:03:24:39 +0000] "GET /templates/beez3/index.php HTTP/1.1" 301 - "-" "Mozilla/5.0 (Windows NT 10.0; Win64; x64) AppleWebKit/537.36 (KHTML, like Gecko) Chrome/120.0.0.0 Safari/537.36"
184.94.212.206 - - [28/Apr/2026:03:24:43 +0000] "POST /wp-cron.php?doing_wp_cron=1777346683.3614740371704101562500 HTTP/1.1" 200 - "-" "WordPress/6.9.4; https://the-muscle-building.info"
45.129.231.10 - - [28/Apr/2026:03:24:42 +0000] "GET /wp-content/plugins/wp-advanced-search/class.inc/autocompletion/autocompletion-PHP5.5.php?q=admin&t=wp_users%20--&f=user_login&type&e HTTP/1.1" 404 11896 "-" "Mozilla/5.0 (Windows NT 10.0; Win64; x64) AppleWebKit/537.36 (KHTML, like Gecko) Chrome/79.0.3945.130 Safari/537.36"
184.94.212.206 - - [28/Apr/2026:03:27:24 +0000] "POST /wp-cron.php?doing_wp_cron=1777346844.6397759914398193359375 HTTP/1.1" 200 - "-" "WordPress/6.9.4; https://the-muscle-building.info"
156.244.46.207 - - [28/Apr/2026:03:27:23 +0000] "GET /wp-login.php HTTP/1.1" 200 1918 "-" "Mozilla/5.0 (Windows NT 6.2; ARM; Trident/7.0; Touch; rv:11.0; WPDesktop; NOKIA; Lumia 1320) like Gecko"
156.244.46.207 - - [28/Apr/2026:03:27:25 +0000] "POST /wp-login.php HTTP/1.1" 200 2017 "https://the-muscle-building.info/wp-login.php" "Mozilla/5.0 (Windows NT 6.2; ARM; Trident/7.0; Touch; rv:11.0; WPDesktop; NOKIA; Lumia 1320) like Gecko"
184.94.212.206 - - [28/Apr/2026:03:33:38 +0000] "POST /wp-cron.php?doing_wp_cron=1777347218.0530779361724853515625 HTTP/1.1" 200 - "-" "WordPress/6.9.4; https://the-muscle-building.info"
45.129.231.10 - - [28/Apr/2026:03:33:37 +0000] "GET /wp-admin/admin-ajax.php?action=upg_datatable&field=field:exec:head+-1+/etc/passwd:NULL:NULL HTTP/1.1" 400 21 "-" "Mozilla/5.0 (SS; Linux x86_64) AppleWebKit/537.36 (KHTML, like Gecko) Chrome/142.0.0.0 Safari/537.36"
45.129.231.10 - - [28/Apr/2026:03:33:36 +0000] "GET /wp-content/plugins/usc-e-shop/functions/progress-check.php?progressfile=../../../../../../../../../../../../../etc/passwd HTTP/1.1" 404 11896 "-" "Mozilla/5.0 (Knoppix; Linux x86_64) AppleWebKit/537.36 (KHTML, like Gecko) Chrome/130.0.0.0 Safari/537.36"
184.94.212.206 - - [28/Apr/2026:03:34:45 +0000] "POST /wp-cron.php?doing_wp_cron=1777347285.6778960227966308593750 HTTP/1.1" 200 - "-" "WordPress/6.9.4; https://the-muscle-building.info"
103.211.200.45 - - [28/Apr/2026:03:34:44 +0000] "GET /wp-login.php HTTP/1.1" 200 1918 "-" "Mozilla/4.0 (compatible; MSIE 7.0; Windows NT 6.1; WOW64; Trident/7.0; SLCC2; .NET CLR 2.0.50727; .NET CLR 3.5.30729; .NET CLR 3.0.30729; Media Center PC 6.0; .NET4.0C; .NET4.0E)"
103.211.200.45 - - [28/Apr/2026:03:34:46 +0000] "POST /wp-login.php HTTP/1.1" 200 2017 "https://the-muscle-building.primemusicproductions.com/wp-login.php" "Mozilla/4.0 (compatible; MSIE 7.0; Windows NT 6.1; WOW64; Trident/7.0; SLCC2; .NET CLR 2.0.50727; .NET CLR 3.5.30729; .NET CLR 3.0.30729; Media Center PC 6.0; .NET4.0C; .NET4.0E)"
24.199.108.111 - - [28/Apr/2026:03:37:43 +0000] "GET /wp-login.php HTTP/1.1" 500 1046 "-" "Mozilla/5.0 (Windows NT 6.1; Win64; x64; Trident/7.0; rv:11.0) like Gecko"
85.208.96.193 - - [28/Apr/2026:03:41:02 +0000] "GET /product-category/services/ HTTP/1.1" 500 164 "-" "Mozilla/5.0 (compatible; SemrushBot/7~bl; +http://www.semrush.com/bot.html)"
45.129.231.10 - - [28/Apr/2026:03:38:03 +0000] "GET /wp-content/plugins/better-search-replace/readme.txt HTTP/1.1" 500 1046 "-" "Mozilla/5.0 (X11; Linux x86_64; rv:1.9.6.20) Gecko/ Firefox/3.6.17"
216.73.216.119 - - [28/Apr/2026:03:38:02 +0000] "GET /robots.txt HTTP/1.1" 500 1046 "-" "Mozilla/5.0 AppleWebKit/537.36 (KHTML, like Gecko; compatible; ClaudeBot/1.0; +claudebot@anthropic.com)"
158.94.208.2 - - [28/Apr/2026:03:40:41 +0000] "GET /wp-content/plugins/everest-forms/src/blocks/index.js HTTP/1.1" 404 11896 "-" "Mozilla/5.0 (X11; Ubuntu; Linux x86_64; rv:150.0) Gecko/20100101 Firefox/150.0"
184.94.212.206 - - [28/Apr/2026:03:41:26 +0000] "POST /wp-cron.php?doing_wp_cron=1777347686.3396189212799072265625 HTTP/1.1" 200 - "-" "WordPress/6.9.4; https://the-muscle-building.info"
184.94.212.206 - - [28/Apr/2026:03:44:22 +0000] "POST /wp-cron.php?doing_wp_cron=1777347862.1475849151611328125000 HTTP/1.1" 200 - "-" "WordPress/6.9.4; https://the-muscle-building.info"
65.254.225.219 - - [28/Apr/2026:03:44:20 +0000] "GET /wp-login.php HTTP/1.1" 200 1918 "-" "Mozilla/5.0 (Macintosh; Intel Mac OS X 10_13_5) AppleWebKit/537.36 (KHTML, like Gecko) Chrome/67.0.3396.79 Safari/537.36"
65.254.225.219 - - [28/Apr/2026:03:44:22 +0000] "POST /wp-login.php HTTP/1.1" 200 2017 "https://the-muscle-building.primemusicproductions.com/wp-login.php" "Mozilla/5.0 (Macintosh; Intel Mac OS X 10_13_5) AppleWebKit/537.36 (KHTML, like Gecko) Chrome/67.0.3396.79 Safari/537.36"
184.94.212.206 - - [28/Apr/2026:03:46:53 +0000] "POST /wp-cron.php?doing_wp_cron=1777348013.4963409900665283203125 HTTP/1.1" 200 - "-" "WordPress/6.9.4; https://the-muscle-building.info"
45.129.231.10 - - [28/Apr/2026:03:46:52 +0000] "GET /wp-admin/install.php?step=1 HTTP/1.1" 200 519 "-" "Mozilla/5.0 (Windows NT 10.0; Win64; x64) AppleWebKit/537.36 (KHTML, like Gecko) Chrome/66.0.3359.139 Safari/537.36"
184.94.212.206 - - [28/Apr/2026:03:46:56 +0000] "POST /wp-cron.php?doing_wp_cron=1777348016.4884929656982421875000 HTTP/1.1" 200 - "-" "WordPress/6.9.4; https://the-muscle-building.info"
45.129.231.10 - - [28/Apr/2026:03:46:52 +0000] "GET /wp-json/mcp/v1 HTTP/1.1" 404 117 "-" "Mozilla/5.0 (Windows NT 10.0; Win64; x64; rv:109.0) Gecko/20100101 Firefox/115.0"
184.94.212.206 - - [28/Apr/2026:03:49:00 +0000] "POST /wp-cron.php?doing_wp_cron=1777348140.9721999168395996093750 HTTP/1.1" 200 - "-" "WordPress/6.9.4; https://the-muscle-building.info"
45.129.231.10 - - [28/Apr/2026:03:48:58 +0000] "GET /wp-content/plugins/wp-advanced-search/class.inc/autocompletion/autocompletion-PHP5.5.php?q=admin&t=wp_users%20--&f=user_login&type&e HTTP/1.1" 404 11896 "-" "Mozilla/5.0 (Macintosh; Intel Mac OS X 10_15_7) AppleWebKit/537.36 (KHTML, like Gecko) Chrome/120.0.0.0 Safari/537.36"
184.94.212.206 - - [28/Apr/2026:03:49:47 +0000] "POST /wp-cron.php?doing_wp_cron=1777348187.8315160274505615234375 HTTP/1.1" 200 - "-" "WordPress/6.9.4; https://the-muscle-building.info"
18.60.137.201 - - [28/Apr/2026:03:49:46 +0000] "GET /wp-login.php HTTP/1.1" 200 1918 "-" "Mozilla/5.0 (Windows NT 6.1; WOW64; Trident/7.0; MANM; MANM; rv:11.0) like Gecko"
18.60.137.201 - - [28/Apr/2026:03:49:50 +0000] "POST /wp-login.php HTTP/1.1" 200 2017 "https://the-muscle-building.primemusicproductions.com/wp-login.php" "Mozilla/5.0 (Windows NT 6.1; WOW64; Trident/7.0; MANM; MANM; rv:11.0) like Gecko"
184.94.212.206 - - [28/Apr/2026:03:53:46 +0000] "POST /wp-cron.php?doing_wp_cron=1777348426.1943950653076171875000 HTTP/1.1" 200 - "-" "WordPress/6.9.4; https://the-muscle-building.info"
65.254.225.223 - - [28/Apr/2026:03:53:44 +0000] "GET /wp-login.php HTTP/1.1" 200 1918 "-" "Mozilla/5.0 (Windows NT 6.3; Win64; x64; Trident/7.0; ASU2JS; rv:11.0) like Gecko"
65.254.225.223 - - [28/Apr/2026:03:53:46 +0000] "POST /wp-login.php HTTP/1.1" 200 2017 "https://the-muscle-building.primemusicproductions.com/wp-login.php" "Mozilla/5.0 (Windows NT 6.3; Win64; x64; Trident/7.0; ASU2JS; rv:11.0) like Gecko"
184.94.212.206 - - [28/Apr/2026:03:55:17 +0000] "POST /wp-cron.php?doing_wp_cron=1777348517.7353858947753906250000 HTTP/1.1" 200 - "-" "WordPress/6.9.4; https://the-muscle-building.info"
57.141.18.80 - - [28/Apr/2026:03:55:16 +0000] "GET /9cafb-fitness-trainer-checkout/ HTTP/1.1" 302 - "-" "meta-externalagent/1.1 (+https://developers.facebook.com/docs/sharing/webmasters/crawler)"
184.94.212.206 - - [28/Apr/2026:03:58:49 +0000] "POST /wp-cron.php?doing_wp_cron=1777348729.7120909690856933593750 HTTP/1.1" 200 - "-" "WordPress/6.9.4; https://the-muscle-building.info"
114.119.130.91 - - [28/Apr/2026:03:58:47 +0000] "GET /?amp=1 HTTP/1.1" 200 14620 "https://the-muscle-building.info/" "Mozilla/5.0 (Linux; Android 7.0;) AppleWebKit/537.36 (HTML, like Gecko) Mobile Safari/537.36 (compatible; PetalBot;+https://webmaster.petalsearch.com/site/petalbot)"
43.165.7.47 - - [28/Apr/2026:04:01:30 +0000] "GET / HTTP/1.1" 500 1046 "-" "Mozilla/5.0 (Windows NT 10.0; Win64; x64) AppleWebKit/537.36 (KHTML, like Gecko) Chrome/91.0.4472.124 Safari/537.36"
184.94.212.206 - - [28/Apr/2026:04:04:42 +0000] "POST /wp-cron.php?doing_wp_cron=1777349082.1853120326995849609375 HTTP/1.1" 200 - "-" "WordPress/6.9.4; https://the-muscle-building.info"
15.235.164.131 - - [28/Apr/2026:04:04:40 +0000] "GET /wp-login.php HTTP/1.1" 200 1918 "-" "Mozilla/5.0 (Macintosh; Intel Mac OS X 10_12) AppleWebKit/604.4.7 (KHTML, like Gecko) Version/10.0 Safari/602.1.31"
15.235.164.131 - - [28/Apr/2026:04:04:42 +0000] "POST /wp-login.php HTTP/1.1" 200 2017 "https://the-muscle-building.primemusicproductions.com/wp-login.php" "Mozilla/5.0 (Macintosh; Intel Mac OS X 10_12) AppleWebKit/604.4.7 (KHTML, like Gecko) Version/10.0 Safari/602.1.31"
184.94.212.206 - - [28/Apr/2026:04:08:06 +0000] "POST /wp-cron.php?doing_wp_cron=1777349286.4594740867614746093750 HTTP/1.1" 200 - "-" "WordPress/6.9.4; https://the-muscle-building.info"
69.49.112.66 - - [28/Apr/2026:04:08:05 +0000] "GET /wp-login.php HTTP/1.1" 200 1918 "-" "Mozilla/5.0 (Macintosh; Intel Mac OS X 10_13_1) AppleWebKit/537.36 (KHTML, like Gecko) Chrome/65.0.3325.162 Safari/537.36"
69.49.112.66 - - [28/Apr/2026:04:08:06 +0000] "POST /wp-login.php HTTP/1.1" 200 2017 "https://the-muscle-building.primemusicproductions.com/wp-login.php" "Mozilla/5.0 (Macintosh; Intel Mac OS X 10_13_1) AppleWebKit/537.36 (KHTML, like Gecko) Chrome/65.0.3325.162 Safari/537.36"
184.94.212.206 - - [28/Apr/2026:04:09:33 +0000] "POST /wp-cron.php?doing_wp_cron=1777349373.1800649166107177734375 HTTP/1.1" 200 - "-" "WordPress/6.9.4; https://the-muscle-building.info"
92.205.188.156 - - [28/Apr/2026:04:09:31 +0000] "GET /wp-login.php HTTP/1.1" 200 1918 "-" "Mozilla/5.0 (X11; CrOS x86_64 10452.96.0) AppleWebKit/537.36 (KHTML, like Gecko) Chrome/66.0.3359.181 Safari/537.36"
92.205.188.156 - - [28/Apr/2026:04:09:33 +0000] "POST /wp-login.php HTTP/1.1" 200 2017 "https://the-muscle-building.primemusicproductions.com/wp-login.php" "Mozilla/5.0 (X11; CrOS x86_64 10452.96.0) AppleWebKit/537.36 (KHTML, like Gecko) Chrome/66.0.3359.181 Safari/537.36"
45.129.231.10 - - [28/Apr/2026:04:09:39 +0000] "GET /wp-admin/install.php?step=1 HTTP/1.1" 200 519 "-" "Mozilla/5.0 (Windows NT 10.0; Win64; x64) AppleWebKit/537.36 (KHTML, like Gecko) Chrome/78.0.3904.108 Safari/537.36"
45.129.231.10 - - [28/Apr/2026:04:09:39 +0000] "GET /wp-json/mcp/v1 HTTP/1.1" 404 117 "-" "Mozilla/5.0 (Macintosh, Intel Mac OS X 10_15_7) AppleWebKit/605.1.15 (KHTML, like Gecko) Version/17.3.1 Safari/605.1.15"
184.94.212.206 - - [28/Apr/2026:04:09:59 +0000] "POST /wp-cron.php?doing_wp_cron=1777349399.7383360862731933593750 HTTP/1.1" 200 - "-" "WordPress/6.9.4; https://the-muscle-building.info"
69.49.112.66 - - [28/Apr/2026:04:09:58 +0000] "GET /wp-login.php HTTP/1.1" 200 1918 "-" "Mozilla/5.0 (Windows NT 6.1) AppleWebKit/537.36 (KHTML, like Gecko) Chrome/67.0.3396.79 Safari/537.36"
69.49.112.66 - - [28/Apr/2026:04:10:00 +0000] "POST /wp-login.php HTTP/1.1" 200 2017 "https://the-muscle-building.info/wp-login.php" "Mozilla/5.0 (Windows NT 6.1) AppleWebKit/537.36 (KHTML, like Gecko) Chrome/67.0.3396.79 Safari/537.36"
184.94.212.206 - - [28/Apr/2026:04:10:43 +0000] "POST /wp-cron.php?doing_wp_cron=1777349443.3738400936126708984375 HTTP/1.1" 200 - "-" "WordPress/6.9.4; https://the-muscle-building.info"
52.208.151.205 - - [28/Apr/2026:04:10:41 +0000] "GET / HTTP/1.1" 200 14620 "-" "Mozilla/5.0 (iPad; CPU OS 17_1 like Mac OS X) AppleWebKit/605.1.15 (KHTML, like Gecko) Version/17.1 Mobile/15E148 Safari/604.1"
179.127.10.197 - - [28/Apr/2026:04:14:54 +0000] "GET /wp-login.php HTTP/1.1" 200 1918 "-" "Mozilla/5.0 (Macintosh; Intel Mac OS X 10_13_1) AppleWebKit/537.36 (KHTML, like Gecko) Chrome/65.0.3325.181 Safari/537.36"
147.135.207.16 - - [28/Apr/2026:04:14:54 +0000] "POST /wp-comments-post.php HTTP/1.1" 302 - "-" "Mozilla/5.0 (Windows NT 10.0; Win64; x64) AppleWebKit/537.36 (KHTML, like Gecko) Chrome/120.0.0.0 Safari/537.36"
179.127.10.197 - - [28/Apr/2026:04:14:55 +0000] "POST /wp-login.php HTTP/1.1" 200 2017 "https://the-muscle-building.info/wp-login.php" "Mozilla/5.0 (Macintosh; Intel Mac OS X 10_13_1) AppleWebKit/537.36 (KHTML, like Gecko) Chrome/65.0.3325.181 Safari/537.36"
147.135.207.16 - - [28/Apr/2026:04:14:56 +0000] "POST /wp-comments-post.php HTTP/1.1" 429 1107 "-" "Mozilla/5.0 (Windows NT 10.0; Win64; x64) AppleWebKit/537.36 (KHTML, like Gecko) Chrome/120.0.0.0 Safari/537.36"
147.135.207.16 - - [28/Apr/2026:04:14:57 +0000] "POST /wp-comments-post.php HTTP/1.1" 429 1107 "-" "Mozilla/5.0 (Windows NT 10.0; Win64; x64) AppleWebKit/537.36 (KHTML, like Gecko) Chrome/120.0.0.0 Safari/537.36"
184.94.212.206 - - [28/Apr/2026:04:17:19 +0000] "POST /wp-cron.php?doing_wp_cron=1777349839.5225760936737060546875 HTTP/1.1" 200 - "-" "WordPress/6.9.4; https://the-muscle-building.info"
34.101.189.231 - - [28/Apr/2026:04:17:18 +0000] "GET /wp-login.php HTTP/1.1" 200 1918 "-" "Mozilla/5.0 (Windows NT 6.1; WOW64) AppleWebKit/537.36 (KHTML, like Gecko) Chrome/65.0.3325.146 Safari/537.36"
34.101.189.231 - - [28/Apr/2026:04:17:20 +0000] "POST /wp-login.php HTTP/1.1" 200 2017 "https://the-muscle-building.primemusicproductions.com/wp-login.php" "Mozilla/5.0 (Windows NT 6.1; WOW64) AppleWebKit/537.36 (KHTML, like Gecko) Chrome/65.0.3325.146 Safari/537.36"
184.94.212.206 - - [28/Apr/2026:04:19:57 +0000] "POST /wp-cron.php?doing_wp_cron=1777349997.8998110294342041015625 HTTP/1.1" 200 - "-" "WordPress/6.9.4; https://the-muscle-building.info"
54.39.17.116 - - [28/Apr/2026:04:19:56 +0000] "GET /wp-login.php HTTP/1.1" 200 1918 "-" "Mozilla/5.0 (Windows NT 6.1; Win64; x64) AppleWebKit/537.36 (KHTML, like Gecko) Chrome/58.0.3029.110 Safari/537.36 Edge/16.16299"
54.39.17.116 - - [28/Apr/2026:04:19:58 +0000] "POST /wp-login.php HTTP/1.1" 200 2017 "https://the-muscle-building.info/wp-login.php" "Mozilla/5.0 (Windows NT 6.1; Win64; x64) AppleWebKit/537.36 (KHTML, like Gecko) Chrome/58.0.3029.110 Safari/537.36 Edge/16.16299"
184.94.212.206 - - [28/Apr/2026:04:22:25 +0000] "POST /wp-cron.php?doing_wp_cron=1777350145.8023710250854492187500 HTTP/1.1" 200 - "-" "WordPress/6.9.4; https://the-muscle-building.info"
54.39.17.116 - - [28/Apr/2026:04:22:24 +0000] "GET /wp-login.php HTTP/1.1" 200 1918 "-" "Mozilla/5.0 (Windows NT 6.3; WOW64; Trident/7.0; Touch; MATBJS; rv:11.0) like Gecko"
54.39.17.116 - - [28/Apr/2026:04:22:26 +0000] "POST /wp-login.php HTTP/1.1" 200 2017 "https://the-muscle-building.primemusicproductions.com/wp-login.php" "Mozilla/5.0 (Windows NT 6.3; WOW64; Trident/7.0; Touch; MATBJS; rv:11.0) like Gecko"
184.94.212.206 - - [28/Apr/2026:04:24:07 +0000] "POST /wp-cron.php?doing_wp_cron=1777350247.6311891078948974609375 HTTP/1.1" 200 - "-" "WordPress/6.9.4; https://the-muscle-building.info"
178.33.251.48 - - [28/Apr/2026:04:24:06 +0000] "GET /wp-login.php HTTP/1.1" 200 1918 "-" "Mozilla/5.0 (Windows NT 10.0; WOW64) AppleWebKit/537.36 (KHTML, like Gecko) Chrome/66.0.3359.139 Safari/537.36"
178.33.251.48 - - [28/Apr/2026:04:24:07 +0000] "POST /wp-login.php HTTP/1.1" 200 2017 "https://the-muscle-building.primemusicproductions.com/wp-login.php" "Mozilla/5.0 (Windows NT 10.0; WOW64) AppleWebKit/537.36 (KHTML, like Gecko) Chrome/66.0.3359.139 Safari/537.36"
98.84.1.175 - - [28/Apr/2026:04:24:36 +0000] "GET / HTTP/1.1" 200 14620 "-" "RecordedFuture Global Inventory Crawler"
184.94.212.206 - - [28/Apr/2026:04:28:07 +0000] "POST /wp-cron.php?doing_wp_cron=1777350487.6317479610443115234375 HTTP/1.1" 200 - "-" "WordPress/6.9.4; https://the-muscle-building.info"
44.250.202.89 - - [28/Apr/2026:04:28:05 +0000] "GET / HTTP/1.1" 200 14620 "-" "Mozilla/5.0 (X11; Linux x86_64) AppleWebKit/537.36 (KHTML, like Gecko) Chrome/145.0.0.0 Safari/537.36"
44.250.202.89 - - [28/Apr/2026:04:28:07 +0000] "GET /wp-includes/css/dist/block-library/style.min.css?ver=6.9.4 HTTP/1.1" 200 15916 "https://the-muscle-building.info/" "Mozilla/5.0 (X11; Linux x86_64) AppleWebKit/537.36 (KHTML, like Gecko) Chrome/145.0.0.0 Safari/537.36"
44.250.202.89 - - [28/Apr/2026:04:28:07 +0000] "GET /wp-content/themes/neve/assets/css/woocommerce.min.css?ver=4.2.3 HTTP/1.1" 200 6216 "https://the-muscle-building.info/" "Mozilla/5.0 (X11; Linux x86_64) AppleWebKit/537.36 (KHTML, like Gecko) Chrome/145.0.0.0 Safari/537.36"
44.250.202.89 - - [28/Apr/2026:04:28:07 +0000] "GET /wp-content/plugins/woocommerce/assets/css/woocommerce.css?ver=10.7.0 HTTP/1.1" 200 11124 "https://the-muscle-building.info/" "Mozilla/5.0 (X11; Linux x86_64) AppleWebKit/537.36 (KHTML, like Gecko) Chrome/145.0.0.0 Safari/537.36"
44.250.202.89 - - [28/Apr/2026:04:28:07 +0000] "GET /wp-includes/js/jquery/jquery-migrate.min.js?ver=3.4.1 HTTP/1.1" 200 4872 "https://the-muscle-building.info/" "Mozilla/5.0 (X11; Linux x86_64) AppleWebKit/537.36 (KHTML, like Gecko) Chrome/145.0.0.0 Safari/537.36"
44.250.202.89 - - [28/Apr/2026:04:28:07 +0000] "GET /wp-content/plugins/woocommerce/assets/css/woocommerce-layout.css?ver=10.7.0 HTTP/1.1" 200 3415 "https://the-muscle-building.info/" "Mozilla/5.0 (X11; Linux x86_64) AppleWebKit/537.36 (KHTML, like Gecko) Chrome/145.0.0.0 Safari/537.36"
44.250.202.89 - - [28/Apr/2026:04:28:07 +0000] "GET /wp-includes/js/jquery/jquery.min.js?ver=3.7.1 HTTP/1.1" 200 30368 "https://the-muscle-building.info/" "Mozilla/5.0 (X11; Linux x86_64) AppleWebKit/537.36 (KHTML, like Gecko) Chrome/145.0.0.0 Safari/537.36"
44.250.202.89 - - [28/Apr/2026:04:28:07 +0000] "GET /wp-content/themes/neve/style-main-new.min.css?ver=4.2.3 HTTP/1.1" 200 8593 "https://the-muscle-building.info/" "Mozilla/5.0 (X11; Linux x86_64) AppleWebKit/537.36 (KHTML, like Gecko) Chrome/145.0.0.0 Safari/537.36"
44.250.202.89 - - [28/Apr/2026:04:28:07 +0000] "GET /wp-content/uploads/2020/04/neve-fitness-trainer-09.jpg HTTP/1.1" 200 52313 "https://the-muscle-building.info/" "Mozilla/5.0 (X11; Linux x86_64) AppleWebKit/537.36 (KHTML, like Gecko) Chrome/145.0.0.0 Safari/537.36"
44.250.202.89 - - [28/Apr/2026:04:28:07 +0000] "GET /wp-content/uploads/2020/04/neve-fitness-trainer-05.jpg HTTP/1.1" 200 38582 "https://the-muscle-building.info/" "Mozilla/5.0 (X11; Linux x86_64) AppleWebKit/537.36 (KHTML, like Gecko) Chrome/145.0.0.0 Safari/537.36"
44.250.202.89 - - [28/Apr/2026:04:28:07 +0000] "GET /wp-content/plugins/woocommerce/assets/client/blocks/wc-blocks.css?ver=wc-10.7.0 HTTP/1.1" 200 2618 "https://the-muscle-building.info/" "Mozilla/5.0 (X11; Linux x86_64) AppleWebKit/537.36 (KHTML, like Gecko) Chrome/145.0.0.0 Safari/537.36"
44.250.202.89 - - [28/Apr/2026:04:28:07 +0000] "GET /wp-content/plugins/woocommerce/assets/js/sourcebuster/sourcebuster.min.js?ver=10.7.0 HTTP/1.1" 200 4807 "https://the-muscle-building.info/" "Mozilla/5.0 (X11; Linux x86_64) AppleWebKit/537.36 (KHTML, like Gecko) Chrome/145.0.0.0 Safari/537.36"
