20.151.131.235 - - [28/Apr/2026:10:30:49 +0000] "GET /php8.php HTTP/1.1" 404 12788 "-" "Mozilla/5.0 (Windows NT 10.0; Win64; x64) AppleWebKit/537.36 (KHTML, like Gecko) Chrome/120.0.0.0 Safari/537.36"
20.151.131.235 - - [28/Apr/2026:10:30:51 +0000] "GET /classwithtostring.php HTTP/1.1" 404 12792 "-" "Mozilla/5.0 (Windows NT 10.0; Win64; x64) AppleWebKit/537.36 (KHTML, like Gecko) Chrome/120.0.0.0 Safari/537.36"
20.151.131.235 - - [28/Apr/2026:10:30:52 +0000] "GET /info.php HTTP/1.1" 404 12787 "-" "Mozilla/5.0 (Windows NT 10.0; Win64; x64) AppleWebKit/537.36 (KHTML, like Gecko) Chrome/120.0.0.0 Safari/537.36"
20.151.131.235 - - [28/Apr/2026:10:30:53 +0000] "GET /ioxi-o.php HTTP/1.1" 404 12789 "-" "Mozilla/5.0 (Windows NT 10.0; Win64; x64) AppleWebKit/537.36 (KHTML, like Gecko) Chrome/120.0.0.0 Safari/537.36"
20.151.131.235 - - [28/Apr/2026:10:30:54 +0000] "GET /011i.php HTTP/1.1" 404 12788 "-" "Mozilla/5.0 (Windows NT 10.0; Win64; x64) AppleWebKit/537.36 (KHTML, like Gecko) Chrome/120.0.0.0 Safari/537.36"
20.151.131.235 - - [28/Apr/2026:10:30:55 +0000] "GET /edit.php HTTP/1.1" 404 12787 "-" "Mozilla/5.0 (Windows NT 10.0; Win64; x64) AppleWebKit/537.36 (KHTML, like Gecko) Chrome/120.0.0.0 Safari/537.36"
20.151.131.235 - - [28/Apr/2026:10:30:56 +0000] "GET /sid3.php HTTP/1.1" 404 12788 "-" "Mozilla/5.0 (Windows NT 10.0; Win64; x64) AppleWebKit/537.36 (KHTML, like Gecko) Chrome/120.0.0.0 Safari/537.36"
20.151.131.235 - - [28/Apr/2026:10:30:57 +0000] "GET /load.php HTTP/1.1" 404 12787 "-" "Mozilla/5.0 (Windows NT 10.0; Win64; x64) AppleWebKit/537.36 (KHTML, like Gecko) Chrome/120.0.0.0 Safari/537.36"
20.151.131.235 - - [28/Apr/2026:10:30:58 +0000] "GET /166.php HTTP/1.1" 404 12787 "-" "Mozilla/5.0 (Windows NT 10.0; Win64; x64) AppleWebKit/537.36 (KHTML, like Gecko) Chrome/120.0.0.0 Safari/537.36"
20.151.131.235 - - [28/Apr/2026:10:30:59 +0000] "GET /wp-mail.php HTTP/1.1" 403 1074 "-" "Mozilla/5.0 (Windows NT 10.0; Win64; x64) AppleWebKit/537.36 (KHTML, like Gecko) Chrome/120.0.0.0 Safari/537.36"
20.151.131.235 - - [28/Apr/2026:10:31:00 +0000] "GET /leaf.php HTTP/1.1" 404 12787 "-" "Mozilla/5.0 (Windows NT 10.0; Win64; x64) AppleWebKit/537.36 (KHTML, like Gecko) Chrome/120.0.0.0 Safari/537.36"
20.151.131.235 - - [28/Apr/2026:10:31:01 +0000] "GET /grsiuk.php HTTP/1.1" 404 12789 "-" "Mozilla/5.0 (Windows NT 10.0; Win64; x64) AppleWebKit/537.36 (KHTML, like Gecko) Chrome/120.0.0.0 Safari/537.36"
20.151.131.235 - - [28/Apr/2026:10:31:02 +0000] "GET /8.php HTTP/1.1" 404 12785 "-" "Mozilla/5.0 (Windows NT 10.0; Win64; x64) AppleWebKit/537.36 (KHTML, like Gecko) Chrome/120.0.0.0 Safari/537.36"
20.151.131.235 - - [28/Apr/2026:10:31:03 +0000] "GET /fs.php HTTP/1.1" 404 12786 "-" "Mozilla/5.0 (Windows NT 10.0; Win64; x64) AppleWebKit/537.36 (KHTML, like Gecko) Chrome/120.0.0.0 Safari/537.36"
20.151.131.235 - - [28/Apr/2026:10:31:05 +0000] "GET /ws38.php HTTP/1.1" 404 12788 "-" "Mozilla/5.0 (Windows NT 10.0; Win64; x64) AppleWebKit/537.36 (KHTML, like Gecko) Chrome/120.0.0.0 Safari/537.36"
20.151.131.235 - - [28/Apr/2026:10:31:06 +0000] "GET /a7.php HTTP/1.1" 404 12786 "-" "Mozilla/5.0 (Windows NT 10.0; Win64; x64) AppleWebKit/537.36 (KHTML, like Gecko) Chrome/120.0.0.0 Safari/537.36"
20.151.131.235 - - [28/Apr/2026:10:31:07 +0000] "GET /classsmtps.php HTTP/1.1" 404 12791 "-" "Mozilla/5.0 (Windows NT 10.0; Win64; x64) AppleWebKit/537.36 (KHTML, like Gecko) Chrome/120.0.0.0 Safari/537.36"
20.151.131.235 - - [28/Apr/2026:10:31:08 +0000] "GET /amax.php HTTP/1.1" 404 12788 "-" "Mozilla/5.0 (Windows NT 10.0; Win64; x64) AppleWebKit/537.36 (KHTML, like Gecko) Chrome/120.0.0.0 Safari/537.36"
20.151.131.235 - - [28/Apr/2026:10:31:09 +0000] "GET /CDX1.php HTTP/1.1" 404 12790 "-" "Mozilla/5.0 (Windows NT 10.0; Win64; x64) AppleWebKit/537.36 (KHTML, like Gecko) Chrome/120.0.0.0 Safari/537.36"
20.151.131.235 - - [28/Apr/2026:10:31:10 +0000] "GET /rip.php HTTP/1.1" 404 12786 "-" "Mozilla/5.0 (Windows NT 10.0; Win64; x64) AppleWebKit/537.36 (KHTML, like Gecko) Chrome/120.0.0.0 Safari/537.36"
184.94.212.206 - - [28/Apr/2026:10:31:12 +0000] "POST /wp-cron.php?doing_wp_cron=1777372272.5781939029693603515625 HTTP/1.1" 200 - "-" "WordPress/6.9.4; https://smarthomediscovery.com"
20.151.131.235 - - [28/Apr/2026:10:31:11 +0000] "GET /1.php HTTP/1.1" 404 12785 "-" "Mozilla/5.0 (Windows NT 10.0; Win64; x64) AppleWebKit/537.36 (KHTML, like Gecko) Chrome/120.0.0.0 Safari/537.36"
20.151.131.235 - - [28/Apr/2026:10:31:12 +0000] "GET /chosen.php HTTP/1.1" 404 12789 "-" "Mozilla/5.0 (Windows NT 10.0; Win64; x64) AppleWebKit/537.36 (KHTML, like Gecko) Chrome/120.0.0.0 Safari/537.36"
20.151.131.235 - - [28/Apr/2026:10:31:13 +0000] "GET /css.php HTTP/1.1" 404 12787 "-" "Mozilla/5.0 (Windows NT 10.0; Win64; x64) AppleWebKit/537.36 (KHTML, like Gecko) Chrome/120.0.0.0 Safari/537.36"
20.151.131.235 - - [28/Apr/2026:10:31:14 +0000] "GET /php.php HTTP/1.1" 404 12786 "-" "Mozilla/5.0 (Windows NT 10.0; Win64; x64) AppleWebKit/537.36 (KHTML, like Gecko) Chrome/120.0.0.0 Safari/537.36"
20.151.131.235 - - [28/Apr/2026:10:31:16 +0000] "GET /wp-Blogs.php HTTP/1.1" 404 12790 "-" "Mozilla/5.0 (Windows NT 10.0; Win64; x64) AppleWebKit/537.36 (KHTML, like Gecko) Chrome/120.0.0.0 Safari/537.36"
20.151.131.235 - - [28/Apr/2026:10:31:17 +0000] "GET /wp-content/index.php HTTP/1.1" 301 - "-" "Mozilla/5.0 (Windows NT 10.0; Win64; x64) AppleWebKit/537.36 (KHTML, like Gecko) Chrome/120.0.0.0 Safari/537.36"
20.151.131.235 - - [28/Apr/2026:10:31:18 +0000] "GET /wp-content/plugins/beteng88/ws83.php HTTP/1.1" 404 12799 "-" "Mozilla/5.0 (Windows NT 10.0; Win64; x64) AppleWebKit/537.36 (KHTML, like Gecko) Chrome/120.0.0.0 Safari/537.36"
20.151.131.235 - - [28/Apr/2026:10:31:19 +0000] "GET /ws83.php HTTP/1.1" 404 12788 "-" "Mozilla/5.0 (Windows NT 10.0; Win64; x64) AppleWebKit/537.36 (KHTML, like Gecko) Chrome/120.0.0.0 Safari/537.36"
20.151.131.235 - - [28/Apr/2026:10:31:20 +0000] "GET /file61.php HTTP/1.1" 404 12788 "-" "Mozilla/5.0 (Windows NT 10.0; Win64; x64) AppleWebKit/537.36 (KHTML, like Gecko) Chrome/120.0.0.0 Safari/537.36"
20.151.131.235 - - [28/Apr/2026:10:31:21 +0000] "GET /sadcut1.php HTTP/1.1" 404 12790 "-" "Mozilla/5.0 (Windows NT 10.0; Win64; x64) AppleWebKit/537.36 (KHTML, like Gecko) Chrome/120.0.0.0 Safari/537.36"
20.151.131.235 - - [28/Apr/2026:10:31:22 +0000] "GET /y.php HTTP/1.1" 404 12785 "-" "Mozilla/5.0 (Windows NT 10.0; Win64; x64) AppleWebKit/537.36 (KHTML, like Gecko) Chrome/120.0.0.0 Safari/537.36"
20.151.131.235 - - [28/Apr/2026:10:31:23 +0000] "GET /akcc.php HTTP/1.1" 404 12788 "-" "Mozilla/5.0 (Windows NT 10.0; Win64; x64) AppleWebKit/537.36 (KHTML, like Gecko) Chrome/120.0.0.0 Safari/537.36"
20.151.131.235 - - [28/Apr/2026:10:31:24 +0000] "GET /wp-admin/user/12.php HTTP/1.1" 404 12792 "-" "Mozilla/5.0 (Windows NT 10.0; Win64; x64) AppleWebKit/537.36 (KHTML, like Gecko) Chrome/120.0.0.0 Safari/537.36"
20.151.131.235 - - [28/Apr/2026:10:31:25 +0000] "GET /index/function.php HTTP/1.1" 404 12792 "-" "Mozilla/5.0 (Windows NT 10.0; Win64; x64) AppleWebKit/537.36 (KHTML, like Gecko) Chrome/120.0.0.0 Safari/537.36"
20.151.131.235 - - [28/Apr/2026:10:31:26 +0000] "GET /term.php HTTP/1.1" 404 12787 "-" "Mozilla/5.0 (Windows NT 10.0; Win64; x64) AppleWebKit/537.36 (KHTML, like Gecko) Chrome/120.0.0.0 Safari/537.36"
20.151.131.235 - - [28/Apr/2026:10:31:27 +0000] "GET /666.php HTTP/1.1" 404 12788 "-" "Mozilla/5.0 (Windows NT 10.0; Win64; x64) AppleWebKit/537.36 (KHTML, like Gecko) Chrome/120.0.0.0 Safari/537.36"
20.151.131.235 - - [28/Apr/2026:10:31:28 +0000] "GET /7.php HTTP/1.1" 404 12786 "-" "Mozilla/5.0 (Windows NT 10.0; Win64; x64) AppleWebKit/537.36 (KHTML, like Gecko) Chrome/120.0.0.0 Safari/537.36"
20.151.131.235 - - [28/Apr/2026:10:31:29 +0000] "GET /wp-config-sample.php HTTP/1.1" 404 12793 "-" "Mozilla/5.0 (Windows NT 10.0; Win64; x64) AppleWebKit/537.36 (KHTML, like Gecko) Chrome/120.0.0.0 Safari/537.36"
20.151.131.235 - - [28/Apr/2026:10:31:30 +0000] "GET /log.php HTTP/1.1" 404 12786 "-" "Mozilla/5.0 (Windows NT 10.0; Win64; x64) AppleWebKit/537.36 (KHTML, like Gecko) Chrome/120.0.0.0 Safari/537.36"
20.151.131.235 - - [28/Apr/2026:10:31:31 +0000] "GET /a5.php HTTP/1.1" 404 12786 "-" "Mozilla/5.0 (Windows NT 10.0; Win64; x64) AppleWebKit/537.36 (KHTML, like Gecko) Chrome/120.0.0.0 Safari/537.36"
20.151.131.235 - - [28/Apr/2026:10:31:33 +0000] "GET /aa.php HTTP/1.1" 404 12786 "-" "Mozilla/5.0 (Windows NT 10.0; Win64; x64) AppleWebKit/537.36 (KHTML, like Gecko) Chrome/120.0.0.0 Safari/537.36"
20.151.131.235 - - [28/Apr/2026:10:31:34 +0000] "GET /bolt.php HTTP/1.1" 404 12788 "-" "Mozilla/5.0 (Windows NT 10.0; Win64; x64) AppleWebKit/537.36 (KHTML, like Gecko) Chrome/120.0.0.0 Safari/537.36"
20.151.131.235 - - [28/Apr/2026:10:31:35 +0000] "GET /x.php HTTP/1.1" 404 12786 "-" "Mozilla/5.0 (Windows NT 10.0; Win64; x64) AppleWebKit/537.36 (KHTML, like Gecko) Chrome/120.0.0.0 Safari/537.36"
20.151.131.235 - - [28/Apr/2026:10:31:36 +0000] "GET /jga.php HTTP/1.1" 404 12789 "-" "Mozilla/5.0 (Windows NT 10.0; Win64; x64) AppleWebKit/537.36 (KHTML, like Gecko) Chrome/120.0.0.0 Safari/537.36"
20.151.131.235 - - [28/Apr/2026:10:31:37 +0000] "GET /k.php HTTP/1.1" 404 12786 "-" "Mozilla/5.0 (Windows NT 10.0; Win64; x64) AppleWebKit/537.36 (KHTML, like Gecko) Chrome/120.0.0.0 Safari/537.36"
20.151.131.235 - - [28/Apr/2026:10:31:38 +0000] "GET /vx.php HTTP/1.1" 404 12787 "-" "Mozilla/5.0 (Windows NT 10.0; Win64; x64) AppleWebKit/537.36 (KHTML, like Gecko) Chrome/120.0.0.0 Safari/537.36"
20.151.131.235 - - [28/Apr/2026:10:31:39 +0000] "GET /ws77.php HTTP/1.1" 404 12788 "-" "Mozilla/5.0 (Windows NT 10.0; Win64; x64) AppleWebKit/537.36 (KHTML, like Gecko) Chrome/120.0.0.0 Safari/537.36"
20.151.131.235 - - [28/Apr/2026:10:31:40 +0000] "GET /2.php HTTP/1.1" 404 12785 "-" "Mozilla/5.0 (Windows NT 10.0; Win64; x64) AppleWebKit/537.36 (KHTML, like Gecko) Chrome/120.0.0.0 Safari/537.36"
20.151.131.235 - - [28/Apr/2026:10:31:41 +0000] "GET /abcd.php HTTP/1.1" 404 12788 "-" "Mozilla/5.0 (Windows NT 10.0; Win64; x64) AppleWebKit/537.36 (KHTML, like Gecko) Chrome/120.0.0.0 Safari/537.36"
20.151.131.235 - - [28/Apr/2026:10:31:42 +0000] "GET /wp-content/plugins/admin.php HTTP/1.1" 404 12790 "-" "Mozilla/5.0 (Windows NT 10.0; Win64; x64) AppleWebKit/537.36 (KHTML, like Gecko) Chrome/120.0.0.0 Safari/537.36"
20.151.131.235 - - [28/Apr/2026:10:31:44 +0000] "GET /asd.php HTTP/1.1" 404 12787 "-" "Mozilla/5.0 (Windows NT 10.0; Win64; x64) AppleWebKit/537.36 (KHTML, like Gecko) Chrome/120.0.0.0 Safari/537.36"
20.151.131.235 - - [28/Apr/2026:10:31:45 +0000] "GET /default.php HTTP/1.1" 404 12787 "-" "Mozilla/5.0 (Windows NT 10.0; Win64; x64) AppleWebKit/537.36 (KHTML, like Gecko) Chrome/120.0.0.0 Safari/537.36"
20.151.131.235 - - [28/Apr/2026:10:31:46 +0000] "GET /gettest.php HTTP/1.1" 404 12789 "-" "Mozilla/5.0 (Windows NT 10.0; Win64; x64) AppleWebKit/537.36 (KHTML, like Gecko) Chrome/120.0.0.0 Safari/537.36"
20.151.131.235 - - [28/Apr/2026:10:31:47 +0000] "GET /install.php HTTP/1.1" 404 12788 "-" "Mozilla/5.0 (Windows NT 10.0; Win64; x64) AppleWebKit/537.36 (KHTML, like Gecko) Chrome/120.0.0.0 Safari/537.36"
20.151.131.235 - - [28/Apr/2026:10:31:48 +0000] "GET /tfm.php HTTP/1.1" 404 12787 "-" "Mozilla/5.0 (Windows NT 10.0; Win64; x64) AppleWebKit/537.36 (KHTML, like Gecko) Chrome/120.0.0.0 Safari/537.36"
20.151.131.235 - - [28/Apr/2026:10:31:49 +0000] "GET /ws81.php HTTP/1.1" 404 12788 "-" "Mozilla/5.0 (Windows NT 10.0; Win64; x64) AppleWebKit/537.36 (KHTML, like Gecko) Chrome/120.0.0.0 Safari/537.36"
20.151.131.235 - - [28/Apr/2026:10:31:50 +0000] "GET /222.php HTTP/1.1" 404 12787 "-" "Mozilla/5.0 (Windows NT 10.0; Win64; x64) AppleWebKit/537.36 (KHTML, like Gecko) Chrome/120.0.0.0 Safari/537.36"
20.151.131.235 - - [28/Apr/2026:10:31:52 +0000] "GET /t.php HTTP/1.1" 404 12785 "-" "Mozilla/5.0 (Windows NT 10.0; Win64; x64) AppleWebKit/537.36 (KHTML, like Gecko) Chrome/120.0.0.0 Safari/537.36"
20.151.131.235 - - [28/Apr/2026:10:31:53 +0000] "GET /wp-admin/maint/index.php HTTP/1.1" 301 - "-" "Mozilla/5.0 (Windows NT 10.0; Win64; x64) AppleWebKit/537.36 (KHTML, like Gecko) Chrome/120.0.0.0 Safari/537.36"
20.151.131.235 - - [28/Apr/2026:10:31:54 +0000] "GET /6xBAm3vODE05BSzkJZRAws.php HTTP/1.1" 404 12810 "-" "Mozilla/5.0 (Windows NT 10.0; Win64; x64) AppleWebKit/537.36 (KHTML, like Gecko) Chrome/120.0.0.0 Safari/537.36"
20.151.131.235 - - [28/Apr/2026:10:31:55 +0000] "GET /a.php HTTP/1.1" 404 12785 "-" "Mozilla/5.0 (Windows NT 10.0; Win64; x64) AppleWebKit/537.36 (KHTML, like Gecko) Chrome/120.0.0.0 Safari/537.36"
20.151.131.235 - - [28/Apr/2026:10:31:56 +0000] "GET /a1.php HTTP/1.1" 404 12786 "-" "Mozilla/5.0 (Windows NT 10.0; Win64; x64) AppleWebKit/537.36 (KHTML, like Gecko) Chrome/120.0.0.0 Safari/537.36"
20.151.131.235 - - [28/Apr/2026:10:31:57 +0000] "GET /onclickfuns.php HTTP/1.1" 404 12792 "-" "Mozilla/5.0 (Windows NT 10.0; Win64; x64) AppleWebKit/537.36 (KHTML, like Gecko) Chrome/120.0.0.0 Safari/537.36"
20.151.131.235 - - [28/Apr/2026:10:31:58 +0000] "GET /w.php HTTP/1.1" 404 12786 "-" "Mozilla/5.0 (Windows NT 10.0; Win64; x64) AppleWebKit/537.36 (KHTML, like Gecko) Chrome/120.0.0.0 Safari/537.36"
20.151.131.235 - - [28/Apr/2026:10:31:59 +0000] "GET /wp-admin/maint/about.php HTTP/1.1" 404 12795 "-" "Mozilla/5.0 (Windows NT 10.0; Win64; x64) AppleWebKit/537.36 (KHTML, like Gecko) Chrome/120.0.0.0 Safari/537.36"
20.151.131.235 - - [28/Apr/2026:10:32:00 +0000] "GET /wp-content/plugins/index.php HTTP/1.1" 301 - "-" "Mozilla/5.0 (Windows NT 10.0; Win64; x64) AppleWebKit/537.36 (KHTML, like Gecko) Chrome/120.0.0.0 Safari/537.36"
20.151.131.235 - - [28/Apr/2026:10:32:01 +0000] "GET /wp-good.php HTTP/1.1" 404 12789 "-" "Mozilla/5.0 (Windows NT 10.0; Win64; x64) AppleWebKit/537.36 (KHTML, like Gecko) Chrome/120.0.0.0 Safari/537.36"
20.151.131.235 - - [28/Apr/2026:10:32:03 +0000] "GET /.info.php HTTP/1.1" 404 12788 "-" "Mozilla/5.0 (Windows NT 10.0; Win64; x64) AppleWebKit/537.36 (KHTML, like Gecko) Chrome/120.0.0.0 Safari/537.36"
20.151.131.235 - - [28/Apr/2026:10:32:04 +0000] "GET /config.php HTTP/1.1" 404 12789 "-" "Mozilla/5.0 (Windows NT 10.0; Win64; x64) AppleWebKit/537.36 (KHTML, like Gecko) Chrome/120.0.0.0 Safari/537.36"
20.151.131.235 - - [28/Apr/2026:10:32:05 +0000] "GET /item.php HTTP/1.1" 404 12787 "-" "Mozilla/5.0 (Windows NT 10.0; Win64; x64) AppleWebKit/537.36 (KHTML, like Gecko) Chrome/120.0.0.0 Safari/537.36"
20.151.131.235 - - [28/Apr/2026:10:32:06 +0000] "GET /m.php HTTP/1.1" 404 12785 "-" "Mozilla/5.0 (Windows NT 10.0; Win64; x64) AppleWebKit/537.36 (KHTML, like Gecko) Chrome/120.0.0.0 Safari/537.36"
20.151.131.235 - - [28/Apr/2026:10:32:08 +0000] "GET /rh.php HTTP/1.1" 404 12786 "-" "Mozilla/5.0 (Windows NT 10.0; Win64; x64) AppleWebKit/537.36 (KHTML, like Gecko) Chrome/120.0.0.0 Safari/537.36"
184.94.212.206 - - [28/Apr/2026:10:34:03 +0000] "POST /wp-cron.php?doing_wp_cron=1777372443.6555581092834472656250 HTTP/1.1" 200 - "-" "WordPress/6.9.4; https://smarthomediscovery.com"
143.198.113.254 - - [28/Apr/2026:10:34:01 +0000] "GET /questions-about-home-security-get-them-answered-here/is_your_home_boring_try_these_home_improvement_tips_for_success.jpg HTTP/1.1" 301 - "https://www.smarthomediscovery.com/" "Mozilla/5.0 (Windows NT 10.0; Win64; x64) AppleWebKit/537.36 (KHTML, like Gecko) Chrome/133.0.0.0 Safari/537.36"
143.198.113.254 - - [28/Apr/2026:10:34:04 +0000] "GET /wp-content/uploads/2020/11/is_your_home_boring_try_these_home_improvement_tips_for_success.jpg HTTP/1.1" 200 25513 "https://www.smarthomediscovery.com/" "Mozilla/5.0 (Windows NT 10.0; Win64; x64) AppleWebKit/537.36 (KHTML, like Gecko) Chrome/133.0.0.0 Safari/537.36"
192.0.84.117 - - [28/Apr/2026:10:34:20 +0000] "HEAD / HTTP/1.1" 200 - "-" "jetmon/1.0 (Jetpack Site Uptime Monitor by WordPress.com)"
14.232.118.48 - - [28/Apr/2026:10:34:41 +0000] "GET /want-to-secure-your-home-read-this-first/?share=x HTTP/1.1" 302 - "-" "Mozilla/5.0 (Windows NT 6.1; Win64; x64) AppleWebKit/537.36 (KHTML, like Gecko) Chrome/100.0.4896.127 Safari/537.36"
184.94.212.206 - - [28/Apr/2026:10:38:55 +0000] "POST /wp-cron.php?doing_wp_cron=1777372735.3724150657653808593750 HTTP/1.1" 200 - "-" "WordPress/6.9.4; https://smarthomediscovery.com"
114.119.159.19 - - [28/Apr/2026:10:38:53 +0000] "GET /winning-ideas-for-real-estate-investing-hopefuls?noamp=mobile HTTP/1.1" 301 - "-" "Mozilla/5.0 (Linux; Android 7.0;) AppleWebKit/537.36 (HTML, like Gecko) Mobile Safari/537.36 (compatible; PetalBot;+https://webmaster.petalsearch.com/site/petalbot)"
114.119.159.19 - - [28/Apr/2026:10:38:58 +0000] "GET /winning-ideas-for-real-estate-investing-hopefuls/?noamp=mobile HTTP/1.1" 200 21751 "https://www.smarthomediscovery.com/winning-ideas-for-real-estate-investing-hopefuls?noamp=mobile" "Mozilla/5.0 (Linux; Android 7.0;) AppleWebKit/537.36 (HTML, like Gecko) Mobile Safari/537.36 (compatible; PetalBot;+https://webmaster.petalsearch.com/site/petalbot)"
192.0.84.117 - - [28/Apr/2026:10:39:19 +0000] "HEAD / HTTP/1.1" 200 - "-" "jetmon/1.0 (Jetpack Site Uptime Monitor by WordPress.com)"
47.128.55.36 - - [28/Apr/2026:10:39:27 +0000] "GET /at-an-home-security-impasse-this-advice-can-aid-you/?noamp=mobile HTTP/1.1" 301 - "-" "Mozilla/5.0 (compatible; Bytespider; spider-feedback@bytedance.com) AppleWebKit/537.36 (KHTML, like Gecko) Chrome/70.0.0.0 Safari/537.36"
47.128.55.36 - - [28/Apr/2026:10:39:29 +0000] "GET /at-an-home-security-impasse-this-advice-can-aid-you/?noamp=mobile HTTP/1.1" 200 21552 "-" "Mozilla/5.0 (compatible; Bytespider; spider-feedback@bytedance.com) AppleWebKit/537.36 (KHTML, like Gecko) Chrome/70.0.0.0 Safari/537.36"
47.128.55.36 - - [28/Apr/2026:10:39:31 +0000] "GET /wp-content/themes/magazine-pro/style.css?ver=3.2.4 HTTP/1.1" 200 8227 "https://smarthomediscovery.com/at-an-home-security-impasse-this-advice-can-aid-you/?noamp=mobile" "Mozilla/5.0 (compatible; Bytespider; spider-feedback@bytedance.com) AppleWebKit/537.36 (KHTML, like Gecko) Chrome/70.0.0.0 Safari/537.36"
47.128.55.36 - - [28/Apr/2026:10:39:32 +0000] "GET /wp-content/plugins/simple-social-icons/css/style.css?ver=4.0.0 HTTP/1.1" 200 461 "https://smarthomediscovery.com/at-an-home-security-impasse-this-advice-can-aid-you/?noamp=mobile" "Mozilla/5.0 (compatible; Bytespider; spider-feedback@bytedance.com) AppleWebKit/537.36 (KHTML, like Gecko) Chrome/70.0.0.0 Safari/537.36"
216.73.216.195 - - [28/Apr/2026:10:39:39 +0000] "GET / HTTP/1.1" 200 16519 "-" "Mozilla/5.0 AppleWebKit/537.36 (KHTML, like Gecko; compatible; ClaudeBot/1.0; +claudebot@anthropic.com)"
184.94.212.206 - - [28/Apr/2026:10:41:37 +0000] "POST /wp-cron.php?doing_wp_cron=1777372897.7875990867614746093750 HTTP/1.1" 200 - "-" "WordPress/6.9.4; https://smarthomediscovery.com"
85.208.96.206 - - [28/Apr/2026:10:41:36 +0000] "GET /getting-the-most-out-of-your-real-estate-investments-2/ HTTP/1.1" 200 19858 "-" "Mozilla/5.0 (compatible; SemrushBot/7~bl; +http://www.semrush.com/bot.html)"
184.94.212.206 - - [28/Apr/2026:10:43:13 +0000] "POST /wp-cron.php?doing_wp_cron=1777372993.2499361038208007812500 HTTP/1.1" 200 - "-" "WordPress/6.9.4; https://smarthomediscovery.com"
207.46.13.127 - - [28/Apr/2026:10:43:11 +0000] "GET /home-improvement-tips-and-tricks-you-should-know/ HTTP/1.1" 200 22375 "-" "Mozilla/5.0 AppleWebKit/537.36 (KHTML, like Gecko; compatible; bingbot/2.0; +http://www.bing.com/bingbot.htm) Chrome/116.0.1938.76 Safari/537.36"
47.128.55.223 - - [28/Apr/2026:10:43:27 +0000] "GET /open-the-can-of-worms-about-home-security/?noamp=mobile HTTP/1.1" 301 - "-" "Mozilla/5.0 (compatible; Bytespider; spider-feedback@bytedance.com) AppleWebKit/537.36 (KHTML, like Gecko) Chrome/70.0.0.0 Safari/537.36"
207.46.13.127 - - [28/Apr/2026:10:43:29 +0000] "GET /home-improvement-tips-and-tricks-you-should-know?relatedposts=1 HTTP/1.1" 200 1204 "https://smarthomediscovery.com/home-improvement-tips-and-tricks-you-should-know/" "Mozilla/5.0 AppleWebKit/537.36 (KHTML, like Gecko; compatible; bingbot/2.0; +http://www.bing.com/bingbot.htm) Chrome/136.0.0.0 Safari/537.36 AppleWebKit/537.36 (KHTML, like Gecko; compatible; bingbot/2.0; +http://www.bing.com/bingbot.htm) Chrome/116.0.1938.76 Safari/537.36"
47.128.55.223 - - [28/Apr/2026:10:43:30 +0000] "GET /open-the-can-of-worms-about-home-security/?noamp=mobile HTTP/1.1" 200 21340 "-" "Mozilla/5.0 (compatible; Bytespider; spider-feedback@bytedance.com) AppleWebKit/537.36 (KHTML, like Gecko) Chrome/70.0.0.0 Safari/537.36"
47.128.55.223 - - [28/Apr/2026:10:43:33 +0000] "GET /wp-content/plugins/simple-social-icons/css/style.css?ver=4.0.0 HTTP/1.1" 200 461 "https://smarthomediscovery.com/open-the-can-of-worms-about-home-security/?noamp=mobile" "Mozilla/5.0 (compatible; Bytespider; spider-feedback@bytedance.com) AppleWebKit/537.36 (KHTML, like Gecko) Chrome/70.0.0.0 Safari/537.36"
192.0.84.117 - - [28/Apr/2026:10:44:17 +0000] "HEAD / HTTP/1.1" 200 - "-" "jetmon/1.0 (Jetpack Site Uptime Monitor by WordPress.com)"
142.93.123.8 - - [28/Apr/2026:10:46:33 +0000] "GET /good-advice-on-how-to-invest-in-real-estate/home_improvement_has_never_been_this_easy_before.jpg HTTP/1.1" 301 - "https://www.smarthomediscovery.com/" "Mozilla/5.0 (Windows NT 10.0; Win64; x64) AppleWebKit/537.36 (KHTML, like Gecko) Chrome/111.0.0.0 Safari/537.36"
142.93.123.8 - - [28/Apr/2026:10:46:35 +0000] "GET /wp-content/uploads/2021/05/home_improvement_has_never_been_this_easy_before.jpg HTTP/1.1" 200 24770 "https://www.smarthomediscovery.com/" "Mozilla/5.0 (Windows NT 10.0; Win64; x64) AppleWebKit/537.36 (KHTML, like Gecko) Chrome/111.0.0.0 Safari/537.36"
146.190.70.222 - - [28/Apr/2026:10:46:39 +0000] "GET /improving-your-home-with-these-simple-tips-and-tricks/create_your_perfect_environment_with_these_home_improvement_tips_and_tricks.jpg HTTP/1.1" 301 - "https://smarthomediscovery.com/" "Mozilla/5.0 (Windows NT 10.0; Win64; x64) AppleWebKit/537.36 (KHTML, like Gecko) Chrome/124.0.0.0 Safari/537.36"
146.190.70.222 - - [28/Apr/2026:10:46:41 +0000] "GET /wp-content/uploads/2020/12/create_your_perfect_environment_with_these_home_improvement_tips_and_tricks.jpg HTTP/1.1" 200 50311 "https://smarthomediscovery.com/" "Mozilla/5.0 (Windows NT 10.0; Win64; x64) AppleWebKit/537.36 (KHTML, like Gecko) Chrome/124.0.0.0 Safari/537.36"
185.191.171.9 - - [28/Apr/2026:10:46:47 +0000] "GET /make-sure-your-home-is-protected/ HTTP/1.1" 200 20376 "-" "Mozilla/5.0 (compatible; SemrushBot/7~bl; +http://www.semrush.com/bot.html)"
184.94.212.206 - - [28/Apr/2026:10:47:42 +0000] "POST /wp-cron.php?doing_wp_cron=1777373262.5241398811340332031250 HTTP/1.1" 200 - "-" "WordPress/6.9.4; https://smarthomediscovery.com"
3.16.156.155 - - [28/Apr/2026:10:47:41 +0000] "GET /robots.txt HTTP/1.1" 301 - "-" "Mozilla/5.0 (Macintosh; Intel Mac OS X 10_15_7) AppleWebKit/537.36 (KHTML, like Gecko) Chrome/131.0.0.0 Safari/537.36; ClaudeBot/1.0; +claudebot@anthropic.com)"
3.16.156.155 - - [28/Apr/2026:10:47:42 +0000] "GET /robots.txt HTTP/1.1" 200 150 "-" "Mozilla/5.0 (Macintosh; Intel Mac OS X 10_15_7) AppleWebKit/537.36 (KHTML, like Gecko) Chrome/131.0.0.0 Safari/537.36; ClaudeBot/1.0; +claudebot@anthropic.com)"
3.16.156.155 - - [28/Apr/2026:10:47:43 +0000] "GET /tips-and-tricks/ HTTP/1.1" 301 - "-" "Mozilla/5.0 (Macintosh; Intel Mac OS X 10_15_7) AppleWebKit/537.36 (KHTML, like Gecko) Chrome/131.0.0.0 Safari/537.36; ClaudeBot/1.0; +claudebot@anthropic.com)"
3.16.156.155 - - [28/Apr/2026:10:47:44 +0000] "GET /tips-and-tricks/ HTTP/1.1" 200 14705 "-" "Mozilla/5.0 (Macintosh; Intel Mac OS X 10_15_7) AppleWebKit/537.36 (KHTML, like Gecko) Chrome/131.0.0.0 Safari/537.36; ClaudeBot/1.0; +claudebot@anthropic.com)"
3.16.156.155 - - [28/Apr/2026:10:47:45 +0000] "GET /robots.txt HTTP/1.1" 200 150 "-" "Mozilla/5.0 (Macintosh; Intel Mac OS X 10_15_7) AppleWebKit/537.36 (KHTML, like Gecko) Chrome/131.0.0.0 Safari/537.36; ClaudeBot/1.0; +claudebot@anthropic.com)"
3.16.156.155 - - [28/Apr/2026:10:47:45 +0000] "GET /robots.txt HTTP/1.1" 200 150 "-" "Mozilla/5.0 (Macintosh; Intel Mac OS X 10_15_7) AppleWebKit/537.36 (KHTML, like Gecko) Chrome/131.0.0.0 Safari/537.36; ClaudeBot/1.0; +claudebot@anthropic.com)"
3.16.156.155 - - [28/Apr/2026:10:47:46 +0000] "GET /wp-content/themes/magazine-pro/js/entry-date.js?ver=1.0.0 HTTP/1.1" 200 315 "https://smarthomediscovery.com/tips-and-tricks/" "Mozilla/5.0 (Macintosh; Intel Mac OS X 10_15_7) AppleWebKit/537.36 (KHTML, like Gecko) Chrome/131.0.0.0 Safari/537.36; ClaudeBot/1.0; +claudebot@anthropic.com)"
3.16.156.155 - - [28/Apr/2026:10:47:45 +0000] "GET /robots.txt HTTP/1.1" 200 150 "-" "Mozilla/5.0 (Macintosh; Intel Mac OS X 10_15_7) AppleWebKit/537.36 (KHTML, like Gecko) Chrome/131.0.0.0 Safari/537.36; ClaudeBot/1.0; +claudebot@anthropic.com)"
3.16.156.155 - - [28/Apr/2026:10:47:47 +0000] "GET /wp-content/themes/magazine-pro/style.css?ver=3.2.4 HTTP/1.1" 200 8227 "https://smarthomediscovery.com/tips-and-tricks/" "Mozilla/5.0 (Macintosh; Intel Mac OS X 10_15_7) AppleWebKit/537.36 (KHTML, like Gecko) Chrome/131.0.0.0 Safari/537.36; ClaudeBot/1.0; +claudebot@anthropic.com)"
3.16.156.155 - - [28/Apr/2026:10:47:47 +0000] "GET /wp-content/plugins/simple-social-icons/css/style.css?ver=4.0.0 HTTP/1.1" 200 461 "https://smarthomediscovery.com/tips-and-tricks/" "Mozilla/5.0 (Macintosh; Intel Mac OS X 10_15_7) AppleWebKit/537.36 (KHTML, like Gecko) Chrome/131.0.0.0 Safari/537.36; ClaudeBot/1.0; +claudebot@anthropic.com)"
3.16.156.155 - - [28/Apr/2026:10:47:47 +0000] "GET /wp-content/themes/genesis/lib/js/menu/superfish.min.js?ver=1.7.10 HTTP/1.1" 200 1894 "https://smarthomediscovery.com/tips-and-tricks/" "Mozilla/5.0 (Macintosh; Intel Mac OS X 10_15_7) AppleWebKit/537.36 (KHTML, like Gecko) Chrome/131.0.0.0 Safari/537.36; ClaudeBot/1.0; +claudebot@anthropic.com)"
3.16.156.155 - - [28/Apr/2026:10:47:47 +0000] "GET /wp-content/themes/genesis/lib/js/menu/superfish.args.min.js?ver=3.6.2 HTTP/1.1" 200 124 "https://smarthomediscovery.com/tips-and-tricks/" "Mozilla/5.0 (Macintosh; Intel Mac OS X 10_15_7) AppleWebKit/537.36 (KHTML, like Gecko) Chrome/131.0.0.0 Safari/537.36; ClaudeBot/1.0; +claudebot@anthropic.com)"
3.16.156.155 - - [28/Apr/2026:10:47:47 +0000] "GET /wp-content/themes/genesis/lib/js/skip-links.min.js?ver=3.6.2 HTTP/1.1" 200 238 "https://smarthomediscovery.com/tips-and-tricks/" "Mozilla/5.0 (Macintosh; Intel Mac OS X 10_15_7) AppleWebKit/537.36 (KHTML, like Gecko) Chrome/131.0.0.0 Safari/537.36; ClaudeBot/1.0; +claudebot@anthropic.com)"
3.16.156.155 - - [28/Apr/2026:10:47:47 +0000] "GET /wp-content/themes/magazine-pro/js/responsive-menus.min.js?ver=3.2.4 HTTP/1.1" 200 1420 "https://smarthomediscovery.com/tips-and-tricks/" "Mozilla/5.0 (Macintosh; Intel Mac OS X 10_15_7) AppleWebKit/537.36 (KHTML, like Gecko) Chrome/131.0.0.0 Safari/537.36; ClaudeBot/1.0; +claudebot@anthropic.com)"
3.16.156.155 - - [28/Apr/2026:10:47:47 +0000] "GET /wp-content/plugins/google-site-kit/dist/assets/js/googlesitekit-consent-mode-bc2e26cfa69fcd4a8261.js HTTP/1.1" 200 25395 "https://smarthomediscovery.com/tips-and-tricks/" "Mozilla/5.0 (Macintosh; Intel Mac OS X 10_15_7) AppleWebKit/537.36 (KHTML, like Gecko) Chrome/131.0.0.0 Safari/537.36; ClaudeBot/1.0; +claudebot@anthropic.com)"
3.16.156.155 - - [28/Apr/2026:10:47:47 +0000] "GET /wp-content/plugins/wp-consent-api/assets/js/wp-consent-api.min.js?ver=2.0.1 HTTP/1.1" 200 822 "https://smarthomediscovery.com/tips-and-tricks/" "Mozilla/5.0 (Macintosh; Intel Mac OS X 10_15_7) AppleWebKit/537.36 (KHTML, like Gecko) Chrome/131.0.0.0 Safari/537.36; ClaudeBot/1.0; +claudebot@anthropic.com)"
3.16.156.155 - - [28/Apr/2026:10:47:49 +0000] "GET /wp-includes/js/wp-emoji-release.min.js?ver=3ecf1c9d7f7353354cb882e5d4788626 HTTP/1.1" 200 5375 "https://smarthomediscovery.com/tips-and-tricks/" "Mozilla/5.0 (Macintosh; Intel Mac OS X 10_15_7) AppleWebKit/537.36 (KHTML, like Gecko) Chrome/131.0.0.0 Safari/537.36; ClaudeBot/1.0; +claudebot@anthropic.com)"
184.94.212.206 - - [28/Apr/2026:10:49:20 +0000] "POST /wp-cron.php?doing_wp_cron=1777373360.6109640598297119140625 HTTP/1.1" 200 - "-" "WordPress/6.9.4; https://smarthomediscovery.com"
192.0.84.117 - - [28/Apr/2026:10:49:19 +0000] "HEAD / HTTP/1.1" 200 - "-" "jetmon/1.0 (Jetpack Site Uptime Monitor by WordPress.com)"
184.94.212.206 - - [28/Apr/2026:10:50:33 +0000] "POST /wp-cron.php?doing_wp_cron=1777373433.8595900535583496093750 HTTP/1.1" 200 - "-" "WordPress/6.9.4; https://smarthomediscovery.com"
47.128.55.239 - - [28/Apr/2026:10:50:32 +0000] "GET /how-to-use-video-for-your-home-security/?noamp=mobile HTTP/1.1" 301 - "-" "Mozilla/5.0 (compatible; Bytespider; spider-feedback@bytedance.com) AppleWebKit/537.36 (KHTML, like Gecko) Chrome/70.0.0.0 Safari/537.36"
47.128.55.239 - - [28/Apr/2026:10:50:35 +0000] "GET /how-to-use-video-for-your-home-security/?noamp=mobile HTTP/1.1" 200 22489 "-" "Mozilla/5.0 (compatible; Bytespider; spider-feedback@bytedance.com) AppleWebKit/537.36 (KHTML, like Gecko) Chrome/70.0.0.0 Safari/537.36"
184.94.212.206 - - [28/Apr/2026:10:52:01 +0000] "POST /wp-cron.php?doing_wp_cron=1777373521.5488100051879882812500 HTTP/1.1" 200 - "-" "WordPress/6.9.4; https://smarthomediscovery.com"
44.213.36.21 - - [28/Apr/2026:10:51:59 +0000] "GET /four-reasons-to-buy-a-smart-touch-table/ HTTP/1.1" 200 20724 "-" "Mozilla/5.0 AppleWebKit/537.36 (KHTML, like Gecko; compatible; Amazonbot/0.1; +https://developer.amazon.com/support/amazonbot) Chrome/119.0.6045.214 Safari/537.36"
113.178.246.164 - - [28/Apr/2026:10:52:29 +0000] "GET /create-your-perfect-environment-with-these-home-improvement-tips-and-tricks/ HTTP/1.1" 200 21842 "-" "Mozilla/5.0 (Macintosh; Intel Mac OS X 10_14_6) AppleWebKit/537.36 (KHTML, like Gecko) Brave Chrome/81.0.4044.113 Safari/537.36"
184.94.212.206 - - [28/Apr/2026:10:54:09 +0000] "POST /wp-cron.php?doing_wp_cron=1777373649.2171390056610107421875 HTTP/1.1" 200 - "-" "WordPress/6.9.4; https://smarthomediscovery.com"
128.199.93.64 - - [28/Apr/2026:10:54:03 +0000] "GET /page/6/718 HTTP/1.1" 404 12791 "https://smarthomediscovery.com/" "Mozilla/5.0 (Windows NT 10.0; Win64; x64) AppleWebKit/537.36 (KHTML, like Gecko) Chrome/120.0.0.0 Safari/537.36"
14.181.79.242 - - [28/Apr/2026:10:54:13 +0000] "GET /page/6/718 HTTP/1.1" 404 12791 "https://smarthomediscovery.com/" "Mozilla/5.0 (Windows NT 10.0; Win64; x64) AppleWebKit/537.36 (KHTML, like Gecko) Chrome/120.0.0.0 Safari/537.36"
192.0.84.117 - - [28/Apr/2026:10:54:19 +0000] "HEAD / HTTP/1.1" 200 - "-" "jetmon/1.0 (Jetpack Site Uptime Monitor by WordPress.com)"
114.119.159.19 - - [28/Apr/2026:10:54:48 +0000] "GET /when-it-comes-to-securing-your-home-we-know-it-all?amp HTTP/1.1" 301 - "-" "Mozilla/5.0 (Linux; Android 7.0;) AppleWebKit/537.36 (HTML, like Gecko) Mobile Safari/537.36 (compatible; PetalBot;+https://webmaster.petalsearch.com/site/petalbot)"
114.119.159.19 - - [28/Apr/2026:10:54:50 +0000] "GET /when-it-comes-to-securing-your-home-we-know-it-all/?amp HTTP/1.1" 200 22146 "https://www.smarthomediscovery.com/when-it-comes-to-securing-your-home-we-know-it-all?amp" "Mozilla/5.0 (Linux; Android 7.0;) AppleWebKit/537.36 (HTML, like Gecko) Mobile Safari/537.36 (compatible; PetalBot;+https://webmaster.petalsearch.com/site/petalbot)"
184.94.212.206 - - [28/Apr/2026:10:56:06 +0000] "POST /wp-cron.php?doing_wp_cron=1777373766.1160120964050292968750 HTTP/1.1" 200 - "-" "WordPress/6.9.4; https://smarthomediscovery.com"
142.93.240.205 - - [28/Apr/2026:10:56:04 +0000] "GET /terms-of-use/is_your_home_boring_try_these_home_improvement_tips_for_success.jpg HTTP/1.1" 301 - "https://smarthomediscovery.com/" "Mozilla/5.0 (Windows NT 10.0; Win64; x64) AppleWebKit/537.36 (KHTML, like Gecko) Chrome/103.0.0.0 Safari/537.36"
146.190.87.92 - - [28/Apr/2026:10:56:04 +0000] "GET /quick-and-easy-ways-to-increase-the-worth-of-your-home/quick_and_easy_ways_to_increase_the_worth_of_your_home.jpg HTTP/1.1" 301 - "https://smarthomediscovery.com/" "Mozilla/5.0 (Windows NT 10.0; Win64; x64) AppleWebKit/537.36 (KHTML, like Gecko) Chrome/106.0.5249.119 Safari/537.36"
146.190.87.92 - - [28/Apr/2026:10:56:07 +0000] "GET /wp-content/uploads/2021/03/quick_and_easy_ways_to_increase_the_worth_of_your_home.jpg HTTP/1.1" 200 47674 "https://smarthomediscovery.com/" "Mozilla/5.0 (Windows NT 10.0; Win64; x64) AppleWebKit/537.36 (KHTML, like Gecko) Chrome/106.0.5249.119 Safari/537.36"
142.93.240.205 - - [28/Apr/2026:10:56:07 +0000] "GET /wp-content/uploads/2020/11/is_your_home_boring_try_these_home_improvement_tips_for_success.jpg HTTP/1.1" 200 25513 "https://smarthomediscovery.com/" "Mozilla/5.0 (Windows NT 10.0; Win64; x64) AppleWebKit/537.36 (KHTML, like Gecko) Chrome/103.0.0.0 Safari/537.36"
216.73.216.195 - - [28/Apr/2026:10:56:07 +0000] "GET /robots.txt HTTP/1.1" 301 - "-" "Mozilla/5.0 AppleWebKit/537.36 (KHTML, like Gecko; compatible; ClaudeBot/1.0; +claudebot@anthropic.com)"
216.73.216.195 - - [28/Apr/2026:10:56:09 +0000] "GET /robots.txt HTTP/1.1" 200 150 "https://www.smarthomediscovery.com/robots.txt" "Mozilla/5.0 AppleWebKit/537.36 (KHTML, like Gecko; compatible; ClaudeBot/1.0; +claudebot@anthropic.com)"
216.73.216.195 - - [28/Apr/2026:10:56:10 +0000] "GET / HTTP/1.1" 301 - "-" "Mozilla/5.0 AppleWebKit/537.36 (KHTML, like Gecko; compatible; ClaudeBot/1.0; +claudebot@anthropic.com)"
216.73.216.195 - - [28/Apr/2026:10:56:10 +0000] "GET / HTTP/1.1" 200 16519 "https://www.smarthomediscovery.com/" "Mozilla/5.0 AppleWebKit/537.36 (KHTML, like Gecko; compatible; ClaudeBot/1.0; +claudebot@anthropic.com)"
104.244.79.50 - - [28/Apr/2026:10:59:12 +0000] "GET / HTTP/1.1" 200 16519 "-" "\"Mozilla/5.0 (Macintosh; Intel Mac OS X 10_15_7) AppleWebKit/537.36 (KHTML, like Gecko) Chrome/142.0.0.0 Safari/537.36\""
104.244.79.50 - - [28/Apr/2026:10:59:15 +0000] "GET /wp-content/themes/magazine-pro/js/entry-date.js?ver=1.0.0 HTTP/1.1" 200 315 "https://smarthomediscovery.com/" "\"Mozilla/5.0 (Macintosh; Intel Mac OS X 10_15_7) AppleWebKit/537.36 (KHTML, like Gecko) Chrome/142.0.0.0 Safari/537.36\""
104.244.79.50 - - [28/Apr/2026:10:59:15 +0000] "GET /wp-content/themes/genesis/lib/js/menu/superfish.min.js?ver=1.7.10 HTTP/1.1" 200 1894 "https://smarthomediscovery.com/" "\"Mozilla/5.0 (Macintosh; Intel Mac OS X 10_15_7) AppleWebKit/537.36 (KHTML, like Gecko) Chrome/142.0.0.0 Safari/537.36\""
104.244.79.50 - - [28/Apr/2026:10:59:17 +0000] "GET /wp-content/themes/genesis/lib/js/menu/superfish.args.min.js?ver=3.6.2 HTTP/1.1" 200 124 "https://smarthomediscovery.com/" "\"Mozilla/5.0 (Macintosh; Intel Mac OS X 10_15_7) AppleWebKit/537.36 (KHTML, like Gecko) Chrome/142.0.0.0 Safari/537.36\""
193.189.100.199 - - [28/Apr/2026:10:59:19 +0000] "GET /wp-content/themes/genesis/lib/js/skip-links.min.js?ver=3.6.2 HTTP/1.1" 200 238 "https://smarthomediscovery.com/" "\"Mozilla/5.0 (Macintosh; Intel Mac OS X 10_15_7) AppleWebKit/537.36 (KHTML, like Gecko) Chrome/142.0.0.0 Safari/537.36\""
193.189.100.199 - - [28/Apr/2026:10:59:19 +0000] "GET /wp-content/themes/magazine-pro/js/responsive-menus.min.js?ver=3.2.4 HTTP/1.1" 200 1420 "https://smarthomediscovery.com/" "\"Mozilla/5.0 (Macintosh; Intel Mac OS X 10_15_7) AppleWebKit/537.36 (KHTML, like Gecko) Chrome/142.0.0.0 Safari/537.36\""
193.189.100.199 - - [28/Apr/2026:10:59:19 +0000] "GET /wp-content/plugins/google-site-kit/dist/assets/js/googlesitekit-consent-mode-bc2e26cfa69fcd4a8261.js HTTP/1.1" 200 25395 "https://smarthomediscovery.com/" "\"Mozilla/5.0 (Macintosh; Intel Mac OS X 10_15_7) AppleWebKit/537.36 (KHTML, like Gecko) Chrome/142.0.0.0 Safari/537.36\""
193.189.100.199 - - [28/Apr/2026:10:59:19 +0000] "GET /wp-content/plugins/wp-consent-api/assets/js/wp-consent-api.min.js?ver=2.0.1 HTTP/1.1" 200 822 "https://smarthomediscovery.com/" "\"Mozilla/5.0 (Macintosh; Intel Mac OS X 10_15_7) AppleWebKit/537.36 (KHTML, like Gecko) Chrome/142.0.0.0 Safari/537.36\""
192.0.84.117 - - [28/Apr/2026:10:59:19 +0000] "HEAD / HTTP/1.1" 200 - "-" "jetmon/1.0 (Jetpack Site Uptime Monitor by WordPress.com)"
185.220.101.23 - - [28/Apr/2026:10:59:21 +0000] "GET /wp-content/plugins/jetpack/_inc/blocks/subscriptions/view.js?minify=false&ver=15.7.1 HTTP/1.1" 200 2286 "https://smarthomediscovery.com/" "\"Mozilla/5.0 (Macintosh; Intel Mac OS X 10_15_7) AppleWebKit/537.36 (KHTML, like Gecko) Chrome/142.0.0.0 Safari/537.36\""
185.220.101.23 - - [28/Apr/2026:10:59:22 +0000] "GET /wp-includes/js/wp-emoji-release.min.js?ver=3ecf1c9d7f7353354cb882e5d4788626 HTTP/1.1" 200 5375 "https://smarthomediscovery.com/" "\"Mozilla/5.0 (Macintosh; Intel Mac OS X 10_15_7) AppleWebKit/537.36 (KHTML, like Gecko) Chrome/142.0.0.0 Safari/537.36\""
171.25.193.79 - - [28/Apr/2026:10:59:39 +0000] "GET /create-your-perfect-environment-with-these-home-improvement-tips-and-tricks/ HTTP/1.1" 200 21842 "-" "\"Mozilla/5.0 (Macintosh; Intel Mac OS X 10_15_7) AppleWebKit/537.36 (KHTML, like Gecko) Chrome/142.0.0.0 Safari/537.36\""
38.135.25.140 - - [28/Apr/2026:11:00:03 +0000] "GET /create-your-perfect-environment-with-these-home-improvement-tips-and-tricks/?relatedposts=1 HTTP/1.1" 200 1192 "https://smarthomediscovery.com/create-your-perfect-environment-with-these-home-improvement-tips-and-tricks/" "\"Mozilla/5.0 (Macintosh; Intel Mac OS X 10_15_7) AppleWebKit/537.36 (KHTML, like Gecko) Chrome/142.0.0.0 Safari/537.36\""
184.94.212.206 - - [28/Apr/2026:11:00:34 +0000] "POST /wp-cron.php?doing_wp_cron=1777374034.8629109859466552734375 HTTP/1.1" 200 - "-" "WordPress/6.9.4; https://smarthomediscovery.com"
185.220.101.167 - - [28/Apr/2026:11:00:33 +0000] "GET /create-your-perfect-environment-with-these-home-improvement-tips-and-tricks/?share=facebook&nb=1 HTTP/1.1" 302 - "-" "\"Mozilla/5.0 (Macintosh; Intel Mac OS X 10_15_7) AppleWebKit/537.36 (KHTML, like Gecko) Chrome/142.0.0.0 Safari/537.36\""
184.94.212.206 - - [28/Apr/2026:11:04:11 +0000] "POST /wp-cron.php?doing_wp_cron=1777374251.6636700630187988281250 HTTP/1.1" 200 - "-" "WordPress/6.9.4; https://smarthomediscovery.com"
54.39.203.4 - - [28/Apr/2026:11:04:10 +0000] "GET /good-advice-on-how-to-invest-in-real-estate/ HTTP/1.1" 200 20910 "-" "Mozilla/5.0 (compatible; AhrefsBot/7.0; +http://ahrefs.com/robot/)"
192.0.84.117 - - [28/Apr/2026:11:04:20 +0000] "HEAD / HTTP/1.1" 200 - "-" "jetmon/1.0 (Jetpack Site Uptime Monitor by WordPress.com)"
143.20.81.171 - - [28/Apr/2026:11:04:23 +0000] "GET /important-home-security-advice-everyone-should-know/create_your_perfect_environment_with_these_home_improvement_tips_and_tricks.jpg HTTP/1.1" 301 - "https://www.smarthomediscovery.com/" "Mozilla/5.0 (Windows NT 10.0; Win64; x64) AppleWebKit/537.36 (KHTML, like Gecko) Chrome/131.0.0.0 Safari/537.36"
143.20.81.132 - - [28/Apr/2026:11:04:30 +0000] "GET /wp-content/uploads/2020/12/create_your_perfect_environment_with_these_home_improvement_tips_and_tricks.jpg HTTP/1.1" 200 50311 "https://www.smarthomediscovery.com/" "Mozilla/5.0 (Windows NT 10.0; Win64; x64) AppleWebKit/537.36 (KHTML, like Gecko) Chrome/131.0.0.0 Safari/537.36"
14.160.254.34 - - [28/Apr/2026:11:04:35 +0000] "GET /important-home-security-advice-everyone-should-know/create_your_perfect_environment_with_these_home_improvement_tips_and_tricks.jpg HTTP/1.1" 301 - "https://www.smarthomediscovery.com/" "Mozilla/5.0 (Windows NT 10.0; Win64; x64) AppleWebKit/537.36 (KHTML, like Gecko) Chrome/131.0.0.0 Safari/537.36"
123.18.234.4 - - [28/Apr/2026:11:04:38 +0000] "GET /wp-content/uploads/2020/12/create_your_perfect_environment_with_these_home_improvement_tips_and_tricks.jpg HTTP/1.1" 200 50311 "https://www.smarthomediscovery.com/" "Mozilla/5.0 (Windows NT 10.0; Win64; x64) AppleWebKit/537.36 (KHTML, like Gecko) Chrome/131.0.0.0 Safari/537.36"
184.94.212.206 - - [28/Apr/2026:11:06:26 +0000] "POST /wp-cron.php?doing_wp_cron=1777374386.1621010303497314453125 HTTP/1.1" 200 - "-" "WordPress/6.9.4; https://smarthomediscovery.com"
175.107.236.55 - - [28/Apr/2026:11:06:25 +0000] "GET /getting-the-most-out-of-your-real-estate-investments-3/?share=x HTTP/1.1" 302 - "-" "Mozilla/5.0 (Macintosh; Intel Mac OS X 11_2_3) AppleWebKit/537.36 (KHTML, like Gecko) Brave Chrome/89.0.4389.72 Safari/537.36"
184.94.212.206 - - [28/Apr/2026:11:07:45 +0000] "POST /wp-cron.php?doing_wp_cron=1777374465.0797770023345947265625 HTTP/1.1" 200 - "-" "WordPress/6.9.4; https://smarthomediscovery.com"
45.81.146.7 - - [28/Apr/2026:11:07:43 +0000] "GET /tag/rental-income/ HTTP/1.1" 200 14739 "-" "Mozilla/5.0 (Macintosh; Intel Mac OS X 10_15_7) AppleWebKit/537.36 (KHTML, like Gecko) Chrome/100.0.4896.60 Safari/537.36"
184.94.212.206 - - [28/Apr/2026:11:08:24 +0000] "POST /wp-cron.php?doing_wp_cron=1777374504.4681808948516845703125 HTTP/1.1" 200 - "-" "WordPress/6.9.4; https://smarthomediscovery.com"
143.20.81.209 - - [28/Apr/2026:11:08:23 +0000] "GET /look-after-your-home-with-this-nice-home-security-advice/tips_for_before_you_start_a_home_improvement_project.jpg HTTP/1.1" 301 - "https://www.smarthomediscovery.com/" "Mozilla/5.0 (Windows NT 10.0; Win64; x64) AppleWebKit/537.36 (KHTML, like Gecko) Chrome/103.0.0.0 Safari/537.36"
143.20.81.1 - - [28/Apr/2026:11:08:27 +0000] "GET /wp-content/uploads/2021/03/tips_for_before_you_start_a_home_improvement_project.jpg HTTP/1.1" 200 86413 "https://www.smarthomediscovery.com/" "Mozilla/5.0 (Windows NT 10.0; Win64; x64) AppleWebKit/537.36 (KHTML, like Gecko) Chrome/103.0.0.0 Safari/537.36"
14.190.141.53 - - [28/Apr/2026:11:09:02 +0000] "GET /tag/expensive-options/ HTTP/1.1" 200 13932 "-" "Mozilla/5.0 (Macintosh; Intel Mac OS X 10_14_6) AppleWebKit/537.36 (KHTML, like Gecko) Chrome/107.0.0.0 Safari/537.36"
192.0.84.117 - - [28/Apr/2026:11:09:20 +0000] "HEAD / HTTP/1.1" 200 - "-" "jetmon/1.0 (Jetpack Site Uptime Monitor by WordPress.com)"
184.94.212.206 - - [28/Apr/2026:11:10:44 +0000] "POST /wp-cron.php?doing_wp_cron=1777374644.1942911148071289062500 HTTP/1.1" 200 - "-" "WordPress/6.9.4; https://smarthomediscovery.com"
114.119.159.19 - - [28/Apr/2026:11:10:42 +0000] "GET /when-it-comes-to-securing-your-home-we-know-it-all-2?noamp=mobile HTTP/1.1" 301 - "-" "Mozilla/5.0 (Linux; Android 7.0;) AppleWebKit/537.36 (HTML, like Gecko) Mobile Safari/537.36 (compatible; PetalBot;+https://webmaster.petalsearch.com/site/petalbot)"
114.119.159.19 - - [28/Apr/2026:11:10:46 +0000] "GET /when-it-comes-to-securing-your-home-we-know-it-all-2/?noamp=mobile HTTP/1.1" 200 22140 "https://www.smarthomediscovery.com/when-it-comes-to-securing-your-home-we-know-it-all-2?noamp=mobile" "Mozilla/5.0 (Linux; Android 7.0;) AppleWebKit/537.36 (HTML, like Gecko) Mobile Safari/537.36 (compatible; PetalBot;+https://webmaster.petalsearch.com/site/petalbot)"
185.191.171.19 - - [28/Apr/2026:11:11:14 +0000] "GET /robots.txt HTTP/1.1" 200 150 "-" "Mozilla/5.0 (compatible; SemrushBot/7~bl; +http://www.semrush.com/bot.html)"
185.191.171.7 - - [28/Apr/2026:11:11:16 +0000] "GET /simple-home-improvement-tips-for-every-homeowner/ HTTP/1.1" 200 20937 "-" "Mozilla/5.0 (compatible; SemrushBot/7~bl; +http://www.semrush.com/bot.html)"
184.94.212.206 - - [28/Apr/2026:11:14:20 +0000] "POST /wp-cron.php?doing_wp_cron=1777374860.9568870067596435546875 HTTP/1.1" 200 - "-" "WordPress/6.9.4; https://smarthomediscovery.com"
192.0.84.117 - - [28/Apr/2026:11:14:19 +0000] "HEAD / HTTP/1.1" 200 - "-" "jetmon/1.0 (Jetpack Site Uptime Monitor by WordPress.com)"
192.0.101.238 - - [28/Apr/2026:11:15:31 +0000] "GET /wp-content/uploads/2020/08/improve_your_house_by_doing_these_simple_tricks.jpg HTTP/1.1" 200 30935 "-" "Photon/1.0"
184.94.212.206 - - [28/Apr/2026:11:15:57 +0000] "POST /wp-cron.php?doing_wp_cron=1777374957.8523991107940673828125 HTTP/1.1" 200 - "-" "WordPress/6.9.4; https://smarthomediscovery.com"
150.241.237.145 - - [28/Apr/2026:11:15:56 +0000] "GET /this-is-the-article-for-you-if-you-want-to-learn-about-real-estate-investing-2/keep_this_advice_in_mind_when_improving_your_home.jpg HTTP/1.1" 301 - "https://www.smarthomediscovery.com/" "Mozilla/5.0 (Windows NT 10.0; Win64; x64) AppleWebKit/537.36 (KHTML, like Gecko) Chrome/112.0.0.0 Safari/537.36"
150.241.237.180 - - [28/Apr/2026:11:15:59 +0000] "GET /wp-content/uploads/2021/02/keep_this_advice_in_mind_when_improving_your_home.jpg HTTP/1.1" 200 42936 "https://www.smarthomediscovery.com/" "Mozilla/5.0 (Windows NT 10.0; Win64; x64) AppleWebKit/537.36 (KHTML, like Gecko) Chrome/112.0.0.0 Safari/537.36"
85.208.96.212 - - [28/Apr/2026:11:16:07 +0000] "GET /successful-ideas-for-improving-the-look-of-your-home/ HTTP/1.1" 200 20396 "-" "Mozilla/5.0 (compatible; SemrushBot/7~bl; +http://www.semrush.com/bot.html)"
206.189.228.199 - - [28/Apr/2026:11:17:18 +0000] "GET /when-it-comes-to-securing-your-home-we-know-it-all/home_improvement_has_never_been_this_easy_before.jpg HTTP/1.1" 301 - "https://smarthomediscovery.com/" "Mozilla/5.0 (Windows NT 10.0; Win64; x64) AppleWebKit/537.36 (KHTML, like Gecko) Chrome/108.0.0.0 Safari/537.36"
206.189.228.199 - - [28/Apr/2026:11:17:21 +0000] "GET /wp-content/uploads/2021/05/home_improvement_has_never_been_this_easy_before.jpg HTTP/1.1" 200 24770 "https://smarthomediscovery.com/" "Mozilla/5.0 (Windows NT 10.0; Win64; x64) AppleWebKit/537.36 (KHTML, like Gecko) Chrome/108.0.0.0 Safari/537.36"
146.174.191.136 - - [28/Apr/2026:11:17:47 +0000] "GET /post-sitemap.xml HTTP/1.1" 200 8240 "-" "Mozilla/5.0 (Macintosh; Intel Mac OS X 12_5_1) AppleWebKit/537.36 (KHTML, like Gecko) Chrome/124.0.6367.207 Safari/537.36"
184.94.212.206 - - [28/Apr/2026:11:18:31 +0000] "POST /wp-cron.php?doing_wp_cron=1777375111.2601549625396728515625 HTTP/1.1" 200 - "-" "WordPress/6.9.4; https://smarthomediscovery.com"
40.77.167.43 - - [28/Apr/2026:11:18:28 +0000] "GET /copyright-dcma-notice/ HTTP/1.1" 200 17651 "-" "Mozilla/5.0 AppleWebKit/537.36 (KHTML, like Gecko; compatible; bingbot/2.0; +http://www.bing.com/bingbot.htm) Chrome/116.0.1938.76 Safari/537.36"
69.55.49.121 - - [28/Apr/2026:11:19:11 +0000] "GET /four-reasons-to-buy-a-smart-touch-table/home_improvement_has_never_been_this_easy_before.jpg HTTP/1.1" 301 - "https://smarthomediscovery.com/" "Mozilla/5.0 (Windows NT 10.0; Win64; x64) AppleWebKit/537.36 (KHTML, like Gecko) Chrome/120.0.0.0 Safari/537.36"
68.183.104.218 - - [28/Apr/2026:11:19:11 +0000] "GET /think-you-will-be-successful-in-the-real-estate-market-try-these-tips-first-2/image HTTP/1.1" 301 - "https://smarthomediscovery.com/" "Mozilla/5.0 (Windows NT 10.0; Win64; x64) AppleWebKit/537.36 (KHTML, like Gecko) Chrome/109.0.0.0 Safari/537.36"
69.55.49.121 - - [28/Apr/2026:11:19:14 +0000] "GET /wp-content/uploads/2021/05/home_improvement_has_never_been_this_easy_before.jpg HTTP/1.1" 200 24770 "https://smarthomediscovery.com/" "Mozilla/5.0 (Windows NT 10.0; Win64; x64) AppleWebKit/537.36 (KHTML, like Gecko) Chrome/120.0.0.0 Safari/537.36"
68.183.104.218 - - [28/Apr/2026:11:19:14 +0000] "GET /wp-content/uploads/2025/06/image.png HTTP/1.1" 200 935688 "https://smarthomediscovery.com/" "Mozilla/5.0 (Windows NT 10.0; Win64; x64) AppleWebKit/537.36 (KHTML, like Gecko) Chrome/109.0.0.0 Safari/537.36"
192.0.84.117 - - [28/Apr/2026:11:19:19 +0000] "HEAD / HTTP/1.1" 200 - "-" "jetmon/1.0 (Jetpack Site Uptime Monitor by WordPress.com)"
148.251.4.168 - - [28/Apr/2026:11:20:33 +0000] "GET /blog/ HTTP/1.0" 200 75352 "https://smarthomediscovery.com/blog/" "Mozilla/5.0 (Windows NT 10.0; Win64; x64) AppleWebKit/537.36 (KHTML, like Gecko) Chrome/130.0.0.0 Safari/537.36"
148.251.4.168 - - [28/Apr/2026:11:20:35 +0000] "GET /reviews/ HTTP/1.0" 200 75552 "https://smarthomediscovery.com/reviews/" "Mozilla/5.0 (Windows NT 10.0; Win64; x64) AppleWebKit/537.36 (KHTML, like Gecko) Chrome/130.0.0.0 Safari/537.36"
184.94.212.206 - - [28/Apr/2026:11:22:25 +0000] "POST /wp-cron.php?doing_wp_cron=1777375345.5602710247039794921875 HTTP/1.1" 200 - "-" "WordPress/6.9.4; https://smarthomediscovery.com"
57.141.18.124 - - [28/Apr/2026:11:22:24 +0000] "GET /category-sitemap.xml HTTP/1.1" 200 1144 "-" "meta-externalagent/1.1 (+https://developers.facebook.com/docs/sharing/webmasters/crawler)"
24.144.124.201 - - [28/Apr/2026:11:22:30 +0000] "GET /home-improvement-tips-to-use-on-your-next-project/tips_for_before_you_start_a_home_improvement_project.jpg HTTP/1.1" 301 - "https://smarthomediscovery.com/" "Mozilla/5.0 (Windows NT 10.0; Win64; x64) AppleWebKit/537.36 (KHTML, like Gecko) Chrome/124.0.0.0 Safari/537.36"
24.144.124.201 - - [28/Apr/2026:11:22:33 +0000] "GET /wp-content/uploads/2021/03/tips_for_before_you_start_a_home_improvement_project.jpg HTTP/1.1" 200 86413 "https://smarthomediscovery.com/" "Mozilla/5.0 (Windows NT 10.0; Win64; x64) AppleWebKit/537.36 (KHTML, like Gecko) Chrome/124.0.0.0 Safari/537.36"
185.191.171.1 - - [28/Apr/2026:11:22:45 +0000] "GET /home-security-questions-answered-by-experts-and-peers/ HTTP/1.1" 200 20893 "-" "Mozilla/5.0 (compatible; SemrushBot/7~bl; +http://www.semrush.com/bot.html)"
184.94.212.206 - - [28/Apr/2026:11:24:20 +0000] "POST /wp-cron.php?doing_wp_cron=1777375460.7923219203948974609375 HTTP/1.1" 200 - "-" "WordPress/6.9.4; https://smarthomediscovery.com"
192.0.84.117 - - [28/Apr/2026:11:24:19 +0000] "HEAD / HTTP/1.1" 200 - "-" "jetmon/1.0 (Jetpack Site Uptime Monitor by WordPress.com)"
157.230.209.101 - - [28/Apr/2026:11:24:33 +0000] "GET /well-answer-your-pressing-questions-about-real-estate-investing-today/create_your_perfect_environment_with_these_home_improvement_tips_and_tricks.jpg HTTP/1.1" 301 - "https://smarthomediscovery.com/" "Mozilla/5.0 (Windows NT 10.0; Win64; x64) AppleWebKit/537.36 (KHTML, like Gecko) Chrome/131.0.0.0 Safari/537.36"
157.230.209.101 - - [28/Apr/2026:11:24:35 +0000] "GET /wp-content/uploads/2020/12/create_your_perfect_environment_with_these_home_improvement_tips_and_tricks.jpg HTTP/1.1" 200 50311 "https://smarthomediscovery.com/" "Mozilla/5.0 (Windows NT 10.0; Win64; x64) AppleWebKit/537.36 (KHTML, like Gecko) Chrome/131.0.0.0 Safari/537.36"
184.94.212.206 - - [28/Apr/2026:11:26:26 +0000] "POST /wp-cron.php?doing_wp_cron=1777375586.5608940124511718750000 HTTP/1.1" 200 - "-" "WordPress/6.9.4; https://smarthomediscovery.com"
