88.151.34.250 - - [28/Apr/2026:02:33:42 +0000] "GET /.env.bak HTTP/1.1" 404 12790 "-" "Mozilla/5.0 (Windows NT 10.0; Win64; x64) AppleWebKit/537.36 (KHTML, like Gecko) Chrome/129.0.0.0 Safari/537.36"
88.151.34.250 - - [28/Apr/2026:02:33:42 +0000] "GET /backend/.env HTTP/1.1" 404 12792 "-" "Mozilla/5.0 (iPhone; CPU iPhone OS 18_1 like Mac OS X) AppleWebKit/605.1.15 (KHTML, like Gecko) Version/18.1 Mobile/15E148 Safari/604.1"
88.151.34.250 - - [28/Apr/2026:02:33:42 +0000] "GET /.git/config HTTP/1.1" 404 12792 "-" "Mozilla/5.0 (iPad; CPU OS 18_1 like Mac OS X) AppleWebKit/605.1.15 (KHTML, like Gecko) Version/18.1 Mobile/15E148 Safari/604.1"
88.151.34.250 - - [28/Apr/2026:02:33:42 +0000] "GET /admin/.env HTTP/1.1" 404 12790 "-" "Mozilla/5.0 (Macintosh; Intel Mac OS X 14.7; rv:133.0) Gecko/20100101 Firefox/133.0"
88.151.34.250 - - [28/Apr/2026:02:33:42 +0000] "GET /.env.production.bak HTTP/1.1" 404 12797 "-" "Mozilla/5.0 (Windows NT 10.0; Win64; x64; rv:133.0) Gecko/20100101 Firefox/133.0"
88.151.34.250 - - [28/Apr/2026:02:33:53 +0000] "GET /app-config.json HTTP/1.1" 404 12792 "-" "Mozilla/5.0 (Macintosh; Intel Mac OS X 14.7; rv:133.0) Gecko/20100101 Firefox/133.0"
88.151.34.250 - - [28/Apr/2026:02:33:53 +0000] "GET /api/v1/config HTTP/1.1" 404 12793 "-" "Mozilla/5.0 (Windows NT 10.0; Win64; x64) AppleWebKit/537.36 (KHTML, like Gecko) Chrome/130.0.0.0 Safari/537.36"
88.151.34.250 - - [28/Apr/2026:02:33:53 +0000] "GET /graphql HTTP/1.1" 404 12790 "-" "Mozilla/5.0 (Macintosh; Intel Mac OS X 10_15_7) AppleWebKit/537.36 (KHTML, like Gecko) Chrome/131.0.0.0 Safari/537.36"
88.151.34.250 - - [28/Apr/2026:02:33:53 +0000] "GET /env.js HTTP/1.1" 404 12788 "-" "Mozilla/5.0 (Macintosh; Intel Mac OS X 10_15_7) AppleWebKit/605.1.15 (KHTML, like Gecko) Version/18.1 Safari/605.1.15"
88.151.34.250 - - [28/Apr/2026:02:33:53 +0000] "GET /api/env HTTP/1.1" 404 12788 "-" "Mozilla/5.0 (Macintosh; Intel Mac OS X 14.7; rv:133.0) Gecko/20100101 Firefox/133.0"
88.151.34.250 - - [28/Apr/2026:02:33:53 +0000] "GET /runtime-config.js HTTP/1.1" 404 12795 "-" "Mozilla/5.0 (Linux; Android 14; Pixel 9) AppleWebKit/537.36 (KHTML, like Gecko) Chrome/131.0.0.0 Mobile Safari/537.36"
88.151.34.250 - - [28/Apr/2026:02:33:53 +0000] "GET /env.json HTTP/1.1" 404 12788 "-" "Mozilla/5.0 (Macintosh; Intel Mac OS X 10_15_7) AppleWebKit/537.36 (KHTML, like Gecko) Chrome/131.0.0.0 Safari/537.36"
88.151.34.250 - - [28/Apr/2026:02:33:53 +0000] "GET /config.json HTTP/1.1" 404 12790 "-" "Mozilla/5.0 (Macintosh; Intel Mac OS X 10_15_7) AppleWebKit/537.36 (KHTML, like Gecko) Chrome/130.0.0.0 Safari/537.36"
88.151.34.250 - - [28/Apr/2026:02:33:53 +0000] "GET /api/v1/settings HTTP/1.1" 404 12790 "-" "Mozilla/5.0 (Windows NT 10.0; Win64; x64; rv:133.0) Gecko/20100101 Firefox/133.0"
88.151.34.250 - - [28/Apr/2026:02:33:53 +0000] "GET /api/config HTTP/1.1" 404 12791 "-" "Mozilla/5.0 (Windows NT 10.0; Win64; x64; rv:132.0) Gecko/20100101 Firefox/132.0"
88.151.34.250 - - [28/Apr/2026:02:33:53 +0000] "GET /settings.json HTTP/1.1" 404 12788 "-" "Mozilla/5.0 (Linux; Android 14; Pixel 9) AppleWebKit/537.36 (KHTML, like Gecko) Chrome/131.0.0.0 Mobile Safari/537.36"
88.151.34.250 - - [28/Apr/2026:02:33:53 +0000] "GET /api/v1/env HTTP/1.1" 404 12792 "-" "Mozilla/5.0 (Linux; Android 14; SM-S921B) AppleWebKit/537.36 (KHTML, like Gecko) Chrome/131.0.0.0 Mobile Safari/537.36"
88.151.34.250 - - [28/Apr/2026:02:33:53 +0000] "GET /__env.js HTTP/1.1" 404 12789 "-" "Mozilla/5.0 (Windows NT 10.0; Win64; x64) AppleWebKit/537.36 (KHTML, like Gecko) Chrome/131.0.0.0 Safari/537.36"
88.151.34.250 - - [28/Apr/2026:02:33:53 +0000] "GET /api/settings HTTP/1.1" 404 12788 "-" "Mozilla/5.0 (Macintosh; Intel Mac OS X 14.7; rv:133.0) Gecko/20100101 Firefox/133.0"
88.151.34.250 - - [28/Apr/2026:02:33:53 +0000] "GET /config.js HTTP/1.1" 404 12790 "-" "Mozilla/5.0 (Macintosh; Intel Mac OS X 10_15_7) AppleWebKit/605.1.15 (KHTML, like Gecko) Version/18.1 Safari/605.1.15"
192.0.84.117 - - [28/Apr/2026:02:34:20 +0000] "HEAD / HTTP/1.1" 200 - "-" "jetmon/1.0 (Jetpack Site Uptime Monitor by WordPress.com)"
184.94.212.206 - - [28/Apr/2026:02:35:18 +0000] "POST /wp-cron.php?doing_wp_cron=1777343718.3389461040496826171875 HTTP/1.1" 200 - "-" "WordPress/6.9.4; https://smarthomediscovery.com"
47.128.55.48 - - [28/Apr/2026:02:35:16 +0000] "GET /blog/ HTTP/1.1" 200 14692 "-" "Mozilla/5.0 (Linux; Android 5.0) AppleWebKit/537.36 (KHTML, like Gecko) Mobile Safari/537.36 (compatible; Bytespider; spider-feedback@bytedance.com)"
184.94.212.206 - - [28/Apr/2026:02:37:02 +0000] "POST /wp-cron.php?doing_wp_cron=1777343822.3114759922027587890625 HTTP/1.1" 200 - "-" "WordPress/6.9.4; https://smarthomediscovery.com"
57.141.18.78 - - [28/Apr/2026:02:37:00 +0000] "GET /post_tag-sitemap.xml HTTP/1.1" 200 17809 "-" "meta-externalagent/1.1 (+https://developers.facebook.com/docs/sharing/webmasters/crawler)"
45.172.66.65 - - [28/Apr/2026:02:37:30 +0000] "GET /reviews/?share=facebook HTTP/1.1" 302 - "-" "Mozilla/5.0 (Macintosh; Intel Mac OS X 10_14_4) AppleWebKit/537.36 (KHTML, like Gecko) Chrome/87.0.4280.88 Safari/537.36"
184.94.212.206 - - [28/Apr/2026:02:39:21 +0000] "POST /wp-cron.php?doing_wp_cron=1777343961.4201400279998779296875 HTTP/1.1" 200 - "-" "WordPress/6.9.4; https://smarthomediscovery.com"
192.0.84.117 - - [28/Apr/2026:02:39:19 +0000] "HEAD / HTTP/1.1" 200 - "-" "jetmon/1.0 (Jetpack Site Uptime Monitor by WordPress.com)"
184.94.212.206 - - [28/Apr/2026:02:43:36 +0000] "POST /wp-cron.php?doing_wp_cron=1777344216.0659120082855224609375 HTTP/1.1" 200 - "-" "WordPress/6.9.4; https://smarthomediscovery.com"
114.119.136.137 - - [28/Apr/2026:02:43:34 +0000] "GET /winning-ideas-for-real-estate-investing-hopefuls/?share=facebook HTTP/1.1" 302 - "https://www.smarthomediscovery.com/winning-ideas-for-real-estate-investing-hopefuls/" "Mozilla/5.0 (Linux; Android 7.0;) AppleWebKit/537.36 (HTML, like Gecko) Mobile Safari/537.36 (compatible; PetalBot;+https://webmaster.petalsearch.com/site/petalbot)"
192.0.84.117 - - [28/Apr/2026:02:44:19 +0000] "HEAD / HTTP/1.1" 200 - "-" "jetmon/1.0 (Jetpack Site Uptime Monitor by WordPress.com)"
184.94.212.206 - - [28/Apr/2026:02:47:18 +0000] "POST /wp-cron.php?doing_wp_cron=1777344437.9819231033325195312500 HTTP/1.1" 200 - "-" "WordPress/6.9.4; https://smarthomediscovery.com"
54.39.210.208 - - [28/Apr/2026:02:47:16 +0000] "GET /getting-the-most-out-of-your-real-estate-investments/ HTTP/1.1" 200 21524 "-" "Mozilla/5.0 (compatible; AhrefsBot/7.0; +http://ahrefs.com/robot/)"
184.94.212.206 - - [28/Apr/2026:02:47:27 +0000] "GET / HTTP/1.1" 200 97562 "-" "Mozilla/5.0 (Windows NT 10.0; Win64; x64; rv:122.0) Gecko/20100101 Firefox/122.0"
184.94.212.206 - - [28/Apr/2026:02:49:24 +0000] "POST /wp-cron.php?doing_wp_cron=1777344564.3134589195251464843750 HTTP/1.1" 200 - "-" "WordPress/6.9.4; https://smarthomediscovery.com"
192.0.84.117 - - [28/Apr/2026:02:49:22 +0000] "HEAD / HTTP/1.1" 200 - "-" "jetmon/1.0 (Jetpack Site Uptime Monitor by WordPress.com)"
184.94.212.206 - - [28/Apr/2026:02:54:23 +0000] "POST /wp-cron.php?doing_wp_cron=1777344863.8470129966735839843750 HTTP/1.1" 200 - "-" "WordPress/6.9.4; https://smarthomediscovery.com"
192.0.84.117 - - [28/Apr/2026:02:54:22 +0000] "HEAD / HTTP/1.1" 200 - "-" "jetmon/1.0 (Jetpack Site Uptime Monitor by WordPress.com)"
184.94.212.206 - - [28/Apr/2026:02:59:19 +0000] "POST /wp-cron.php?doing_wp_cron=1777345159.2724990844726562500000 HTTP/1.1" 200 - "-" "WordPress/6.9.4; https://smarthomediscovery.com"
192.0.84.117 - - [28/Apr/2026:02:59:17 +0000] "HEAD / HTTP/1.1" 200 - "-" "jetmon/1.0 (Jetpack Site Uptime Monitor by WordPress.com)"
40.77.167.54 - - [28/Apr/2026:02:59:49 +0000] "GET /news-sitemap.xml HTTP/1.1" 200 315 "-" "Mozilla/5.0 AppleWebKit/537.36 (KHTML, like Gecko; compatible; bingbot/2.0; +http://www.bing.com/bingbot.htm) Chrome/116.0.1938.76 Safari/537.36"
184.94.212.206 - - [28/Apr/2026:03:02:02 +0000] "POST /wp-cron.php?doing_wp_cron=1777345322.2158999443054199218750 HTTP/1.1" 200 - "-" "WordPress/6.9.4; https://smarthomediscovery.com"
114.119.159.19 - - [28/Apr/2026:03:02:00 +0000] "GET /when-it-comes-to-securing-your-home-we-know-it-all-2/?amp HTTP/1.1" 301 - "https://www.smarthomediscovery.com/tag/essentials/?amp" "Mozilla/5.0 (Linux; Android 7.0;) AppleWebKit/537.36 (HTML, like Gecko) Mobile Safari/537.36 (compatible; PetalBot;+https://webmaster.petalsearch.com/site/petalbot)"
114.119.159.19 - - [28/Apr/2026:03:02:04 +0000] "GET /when-it-comes-to-securing-your-home-we-know-it-all-2/?amp HTTP/1.1" 200 22127 "https://www.smarthomediscovery.com/tag/essentials/?amp" "Mozilla/5.0 (Linux; Android 7.0;) AppleWebKit/537.36 (HTML, like Gecko) Mobile Safari/537.36 (compatible; PetalBot;+https://webmaster.petalsearch.com/site/petalbot)"
184.94.212.206 - - [28/Apr/2026:03:04:21 +0000] "POST /wp-cron.php?doing_wp_cron=1777345461.4537839889526367187500 HTTP/1.1" 200 - "-" "WordPress/6.9.4; https://smarthomediscovery.com"
192.0.84.117 - - [28/Apr/2026:03:04:19 +0000] "HEAD / HTTP/1.1" 200 - "-" "jetmon/1.0 (Jetpack Site Uptime Monitor by WordPress.com)"
184.94.212.206 - - [28/Apr/2026:03:06:37 +0000] "POST /wp-cron.php?doing_wp_cron=1777345597.0402190685272216796875 HTTP/1.1" 200 - "-" "WordPress/6.9.4; https://smarthomediscovery.com"
38.25.80.185 - - [28/Apr/2026:03:06:35 +0000] "GET /how-to-maximize-your-home-improvement-plans/?share=facebook HTTP/1.1" 302 - "-" "Mozilla/5.0 (Windows NT 6.2; Win64; x64) AppleWebKit/537.36 (KHTML, like Gecko) Chrome/87.0.4280.88 Safari/537.36"
184.94.212.206 - - [28/Apr/2026:03:07:02 +0000] "POST /wp-cron.php?doing_wp_cron=1777345622.2285408973693847656250 HTTP/1.1" 200 - "-" "WordPress/6.9.4; https://smarthomediscovery.com"
113.174.15.129 - - [28/Apr/2026:03:07:01 +0000] "GET /tag/building-materials/?amp HTTP/1.1" 200 13840 "-" "Mozilla/5.0 (Windows NT 6.1; Win64; x64) AppleWebKit/537.36 (KHTML, like Gecko) Chrome/90.0.4430.41 Safari/537.36"
216.73.216.195 - - [28/Apr/2026:03:07:30 +0000] "GET /robots.txt HTTP/1.1" 200 150 "-" "Mozilla/5.0 AppleWebKit/537.36 (KHTML, like Gecko; compatible; ClaudeBot/1.0; +claudebot@anthropic.com)"
216.73.216.195 - - [28/Apr/2026:03:07:31 +0000] "GET /news-sitemap.xml HTTP/1.1" 200 315 "-" "Mozilla/5.0 AppleWebKit/537.36 (KHTML, like Gecko; compatible; ClaudeBot/1.0; +claudebot@anthropic.com)"
216.73.216.195 - - [28/Apr/2026:03:07:31 +0000] "GET /sitemap_index.xml HTTP/1.1" 200 347 "-" "Mozilla/5.0 AppleWebKit/537.36 (KHTML, like Gecko; compatible; ClaudeBot/1.0; +claudebot@anthropic.com)"
146.190.69.183 - - [28/Apr/2026:03:07:49 +0000] "GET /tips-and-tricks/quick_and_easy_ways_to_increase_the_worth_of_your_home.jpg HTTP/1.1" 301 - "https://smarthomediscovery.com/" "Mozilla/5.0 (Windows NT 10.0; Win64; x64) AppleWebKit/537.36 (KHTML, like Gecko) Chrome/110.0.0.0 Safari/537.36"
146.190.69.183 - - [28/Apr/2026:03:07:51 +0000] "GET /wp-content/uploads/2021/03/quick_and_easy_ways_to_increase_the_worth_of_your_home.jpg HTTP/1.1" 200 47674 "https://smarthomediscovery.com/" "Mozilla/5.0 (Windows NT 10.0; Win64; x64) AppleWebKit/537.36 (KHTML, like Gecko) Chrome/110.0.0.0 Safari/537.36"
184.94.212.206 - - [28/Apr/2026:03:09:20 +0000] "POST /wp-cron.php?doing_wp_cron=1777345760.4253830909729003906250 HTTP/1.1" 200 - "-" "WordPress/6.9.4; https://smarthomediscovery.com"
192.0.84.117 - - [28/Apr/2026:03:09:18 +0000] "HEAD / HTTP/1.1" 200 - "-" "jetmon/1.0 (Jetpack Site Uptime Monitor by WordPress.com)"
216.73.216.195 - - [28/Apr/2026:03:11:10 +0000] "GET /sitemap.xml HTTP/1.1" 200 305 "-" "Mozilla/5.0 AppleWebKit/537.36 (KHTML, like Gecko; compatible; ClaudeBot/1.0; +claudebot@anthropic.com)"
213.230.86.86 - - [28/Apr/2026:03:11:35 +0000] "GET /excellent-article-about-home-security-that-is-simple-to-follow-along/ HTTP/1.1" 200 22485 "-" "Mozilla/5.0 (Macintosh; Intel Mac OS X 10_14_5) AppleWebKit/537.36 (KHTML, like Gecko) Chrome/89.0.4389.90 Safari/537.36"
137.184.17.9 - - [28/Apr/2026:03:13:44 +0000] "GET /surefire-techniques-for-finding-home-security-success-now/keep_this_advice_in_mind_when_improving_your_home.jpg HTTP/1.1" 301 - "https://www.smarthomediscovery.com/" "Mozilla/5.0 (Windows NT 10.0; Win64; x64) AppleWebKit/537.36 (KHTML, like Gecko) Chrome/133.0.0.0 Safari/537.36"
137.184.17.9 - - [28/Apr/2026:03:13:48 +0000] "GET /wp-content/uploads/2021/02/keep_this_advice_in_mind_when_improving_your_home.jpg HTTP/1.1" 200 42936 "https://www.smarthomediscovery.com/" "Mozilla/5.0 (Windows NT 10.0; Win64; x64) AppleWebKit/537.36 (KHTML, like Gecko) Chrome/133.0.0.0 Safari/537.36"
142.44.225.189 - - [28/Apr/2026:03:15:13 +0000] "GET /quick-and-easy-ways-to-increase-the-worth-of-your-home/ HTTP/1.1" 200 21823 "-" "Mozilla/5.0 (compatible; AhrefsBot/7.0; +http://ahrefs.com/robot/)"
184.94.212.206 - - [28/Apr/2026:03:16:04 +0000] "POST /wp-cron.php?doing_wp_cron=1777346164.7827730178833007812500 HTTP/1.1" 200 - "-" "WordPress/6.9.4; https://smarthomediscovery.com"
103.189.11.54 - - [28/Apr/2026:03:16:03 +0000] "GET /tag/front-lawn/ HTTP/1.1" 200 13643 "-" "Mozilla/5.0 (Macintosh; Intel Mac OS X 10_13_6) AppleWebKit/537.36 (KHTML, like Gecko) Chrome/80.0.3987.106 Safari/537.36"
184.94.212.206 - - [28/Apr/2026:03:18:56 +0000] "POST /wp-cron.php?doing_wp_cron=1777346336.0935070514678955078125 HTTP/1.1" 200 - "-" "WordPress/6.9.4; https://smarthomediscovery.com"
3.149.2.115 - - [28/Apr/2026:03:18:54 +0000] "GET /robots.txt HTTP/1.1" 200 150 "-" "Mozilla/5.0 (Macintosh; Intel Mac OS X 10_15_7) AppleWebKit/537.36 (KHTML, like Gecko) Chrome/131.0.0.0 Safari/537.36; ClaudeBot/1.0; +claudebot@anthropic.com)"
3.149.2.115 - - [28/Apr/2026:03:18:56 +0000] "GET /tag/loved-ones/ HTTP/1.1" 200 13954 "-" "Mozilla/5.0 (Macintosh; Intel Mac OS X 10_15_7) AppleWebKit/537.36 (KHTML, like Gecko) Chrome/131.0.0.0 Safari/537.36; ClaudeBot/1.0; +claudebot@anthropic.com)"
3.149.2.115 - - [28/Apr/2026:03:18:57 +0000] "GET /wp-content/themes/magazine-pro/style.css?ver=3.2.4 HTTP/1.1" 200 8227 "https://smarthomediscovery.com/tag/loved-ones/" "Mozilla/5.0 (Macintosh; Intel Mac OS X 10_15_7) AppleWebKit/537.36 (KHTML, like Gecko) Chrome/131.0.0.0 Safari/537.36; ClaudeBot/1.0; +claudebot@anthropic.com)"
3.149.2.115 - - [28/Apr/2026:03:18:57 +0000] "GET /wp-content/plugins/simple-social-icons/css/style.css?ver=4.0.0 HTTP/1.1" 200 461 "https://smarthomediscovery.com/tag/loved-ones/" "Mozilla/5.0 (Macintosh; Intel Mac OS X 10_15_7) AppleWebKit/537.36 (KHTML, like Gecko) Chrome/131.0.0.0 Safari/537.36; ClaudeBot/1.0; +claudebot@anthropic.com)"
3.149.2.115 - - [28/Apr/2026:03:18:57 +0000] "GET /wp-content/themes/magazine-pro/js/entry-date.js?ver=1.0.0 HTTP/1.1" 200 315 "https://smarthomediscovery.com/tag/loved-ones/" "Mozilla/5.0 (Macintosh; Intel Mac OS X 10_15_7) AppleWebKit/537.36 (KHTML, like Gecko) Chrome/131.0.0.0 Safari/537.36; ClaudeBot/1.0; +claudebot@anthropic.com)"
3.149.2.115 - - [28/Apr/2026:03:18:57 +0000] "GET /wp-content/themes/genesis/lib/js/menu/superfish.args.min.js?ver=3.6.2 HTTP/1.1" 200 124 "https://smarthomediscovery.com/tag/loved-ones/" "Mozilla/5.0 (Macintosh; Intel Mac OS X 10_15_7) AppleWebKit/537.36 (KHTML, like Gecko) Chrome/131.0.0.0 Safari/537.36; ClaudeBot/1.0; +claudebot@anthropic.com)"
3.149.2.115 - - [28/Apr/2026:03:18:57 +0000] "GET /wp-content/themes/genesis/lib/js/menu/superfish.min.js?ver=1.7.10 HTTP/1.1" 200 1894 "https://smarthomediscovery.com/tag/loved-ones/" "Mozilla/5.0 (Macintosh; Intel Mac OS X 10_15_7) AppleWebKit/537.36 (KHTML, like Gecko) Chrome/131.0.0.0 Safari/537.36; ClaudeBot/1.0; +claudebot@anthropic.com)"
3.149.2.115 - - [28/Apr/2026:03:18:57 +0000] "GET /wp-content/themes/genesis/lib/js/skip-links.min.js?ver=3.6.2 HTTP/1.1" 200 238 "https://smarthomediscovery.com/tag/loved-ones/" "Mozilla/5.0 (Macintosh; Intel Mac OS X 10_15_7) AppleWebKit/537.36 (KHTML, like Gecko) Chrome/131.0.0.0 Safari/537.36; ClaudeBot/1.0; +claudebot@anthropic.com)"
3.149.2.115 - - [28/Apr/2026:03:18:57 +0000] "GET /wp-content/themes/magazine-pro/js/responsive-menus.min.js?ver=3.2.4 HTTP/1.1" 200 1420 "https://smarthomediscovery.com/tag/loved-ones/" "Mozilla/5.0 (Macintosh; Intel Mac OS X 10_15_7) AppleWebKit/537.36 (KHTML, like Gecko) Chrome/131.0.0.0 Safari/537.36; ClaudeBot/1.0; +claudebot@anthropic.com)"
3.149.2.115 - - [28/Apr/2026:03:18:57 +0000] "GET /wp-content/plugins/wp-consent-api/assets/js/wp-consent-api.min.js?ver=2.0.1 HTTP/1.1" 200 822 "https://smarthomediscovery.com/tag/loved-ones/" "Mozilla/5.0 (Macintosh; Intel Mac OS X 10_15_7) AppleWebKit/537.36 (KHTML, like Gecko) Chrome/131.0.0.0 Safari/537.36; ClaudeBot/1.0; +claudebot@anthropic.com)"
3.149.2.115 - - [28/Apr/2026:03:18:57 +0000] "GET /wp-content/plugins/google-site-kit/dist/assets/js/googlesitekit-consent-mode-bc2e26cfa69fcd4a8261.js HTTP/1.1" 200 25395 "https://smarthomediscovery.com/tag/loved-ones/" "Mozilla/5.0 (Macintosh; Intel Mac OS X 10_15_7) AppleWebKit/537.36 (KHTML, like Gecko) Chrome/131.0.0.0 Safari/537.36; ClaudeBot/1.0; +claudebot@anthropic.com)"
3.149.2.115 - - [28/Apr/2026:03:19:00 +0000] "GET /wp-includes/js/wp-emoji-release.min.js?ver=3ecf1c9d7f7353354cb882e5d4788626 HTTP/1.1" 200 5375 "https://smarthomediscovery.com/tag/loved-ones/" "Mozilla/5.0 (Macintosh; Intel Mac OS X 10_15_7) AppleWebKit/537.36 (KHTML, like Gecko) Chrome/131.0.0.0 Safari/537.36; ClaudeBot/1.0; +claudebot@anthropic.com)"
192.0.84.117 - - [28/Apr/2026:03:19:20 +0000] "HEAD / HTTP/1.1" 200 - "-" "jetmon/1.0 (Jetpack Site Uptime Monitor by WordPress.com)"
184.94.212.206 - - [28/Apr/2026:03:20:21 +0000] "POST /wp-cron.php?doing_wp_cron=1777346421.7592239379882812500000 HTTP/1.1" 200 - "-" "WordPress/6.9.4; https://smarthomediscovery.com"
114.119.153.38 - - [28/Apr/2026:03:20:20 +0000] "GET /what-you-need-to-do-to-invest-in-real-estate-2/?noamp=mobile HTTP/1.1" 301 - "https://www.smarthomediscovery.com/what-you-need-to-do-to-invest-in-real-estate-2/?amp" "Mozilla/5.0 (Linux; Android 7.0;) AppleWebKit/537.36 (HTML, like Gecko) Mobile Safari/537.36 (compatible; PetalBot;+https://webmaster.petalsearch.com/site/petalbot)"
114.119.153.38 - - [28/Apr/2026:03:20:22 +0000] "GET /what-you-need-to-do-to-invest-in-real-estate-2/?noamp=mobile HTTP/1.1" 200 20802 "https://www.smarthomediscovery.com/what-you-need-to-do-to-invest-in-real-estate-2/?amp" "Mozilla/5.0 (Linux; Android 7.0;) AppleWebKit/537.36 (HTML, like Gecko) Mobile Safari/537.36 (compatible; PetalBot;+https://webmaster.petalsearch.com/site/petalbot)"
184.94.212.206 - - [28/Apr/2026:03:21:24 +0000] "POST /wp-cron.php?doing_wp_cron=1777346484.0246419906616210937500 HTTP/1.1" 200 - "-" "WordPress/6.9.4; https://smarthomediscovery.com"
54.39.0.249 - - [28/Apr/2026:03:21:22 +0000] "GET /is-your-home-boring-try-these-home-improvement-tips-for-success/ HTTP/1.1" 200 21627 "-" "Mozilla/5.0 (compatible; AhrefsBot/7.0; +http://ahrefs.com/robot/)"
184.94.212.206 - - [28/Apr/2026:03:24:21 +0000] "POST /wp-cron.php?doing_wp_cron=1777346661.6281559467315673828125 HTTP/1.1" 200 - "-" "WordPress/6.9.4; https://smarthomediscovery.com"
192.0.84.117 - - [28/Apr/2026:03:24:20 +0000] "HEAD / HTTP/1.1" 200 - "-" "jetmon/1.0 (Jetpack Site Uptime Monitor by WordPress.com)"
184.94.212.206 - - [28/Apr/2026:03:29:20 +0000] "POST /wp-cron.php?doing_wp_cron=1777346960.5114130973815917968750 HTTP/1.1" 200 - "-" "WordPress/6.9.4; https://smarthomediscovery.com"
192.0.84.117 - - [28/Apr/2026:03:29:19 +0000] "HEAD / HTTP/1.1" 200 - "-" "jetmon/1.0 (Jetpack Site Uptime Monitor by WordPress.com)"
123.25.79.95 - - [28/Apr/2026:03:29:58 +0000] "GET /this-is-the-article-for-you-if-you-want-to-learn-about-real-estate-investing/ HTTP/1.1" 200 21742 "-" "Mozilla/5.0 (Windows NT 10.0; Win64; x64) AppleWebKit/537.36 (KHTML, like Gecko) Chrome/99.101.4951.54 Safari/537.36"
184.94.212.206 - - [28/Apr/2026:03:30:34 +0000] "POST /wp-cron.php?doing_wp_cron=1777347034.8093008995056152343750 HTTP/1.1" 200 - "-" "WordPress/6.9.4; https://smarthomediscovery.com"
150.241.237.41 - - [28/Apr/2026:03:30:33 +0000] "GET /create-your-perfect-environment-with-these-home-improvement-tips-and-tricks/tips_for_before_you_start_a_home_improvement_project.jpg HTTP/1.1" 301 - "https://smarthomediscovery.com/" "Mozilla/5.0 (Windows NT 10.0; Win64; x64) AppleWebKit/537.36 (KHTML, like Gecko) Chrome/111.0.0.0 Safari/537.36"
150.241.237.49 - - [28/Apr/2026:03:30:37 +0000] "GET /wp-content/uploads/2021/03/tips_for_before_you_start_a_home_improvement_project.jpg HTTP/1.1" 200 86413 "https://smarthomediscovery.com/" "Mozilla/5.0 (Windows NT 10.0; Win64; x64) AppleWebKit/537.36 (KHTML, like Gecko) Chrome/111.0.0.0 Safari/537.36"
184.94.212.206 - - [28/Apr/2026:03:33:04 +0000] "POST /wp-cron.php?doing_wp_cron=1777347184.7769830226898193359375 HTTP/1.1" 200 - "-" "WordPress/6.9.4; https://smarthomediscovery.com"
77.75.76.164 - - [28/Apr/2026:03:33:03 +0000] "GET /improve-your-home-security-with-these-tips/ HTTP/1.1" 200 21950 "-" "Mozilla/5.0 (compatible; SeznamBot/4.0; +https://o-seznam.cz/napoveda/vyhledavani/en/seznambot-crawler/)"
77.75.76.164 - - [28/Apr/2026:03:33:03 +0000] "GET /robots.txt HTTP/1.1" 200 150 "-" "Mozilla/5.0 (compatible; SeznamBot/4.0; +https://o-seznam.cz/napoveda/vyhledavani/en/seznambot-crawler/)"
184.94.212.206 - - [28/Apr/2026:03:34:21 +0000] "POST /wp-cron.php?doing_wp_cron=1777347261.6847269535064697265625 HTTP/1.1" 200 - "-" "WordPress/6.9.4; https://smarthomediscovery.com"
192.0.84.117 - - [28/Apr/2026:03:34:20 +0000] "HEAD / HTTP/1.1" 200 - "-" "jetmon/1.0 (Jetpack Site Uptime Monitor by WordPress.com)"
192.0.84.117 - - [28/Apr/2026:03:40:46 +0000] "HEAD / HTTP/1.1" 500 - "-" "jetmon/1.0 (Jetpack Site Uptime Monitor by WordPress.com)"
114.119.159.19 - - [28/Apr/2026:03:39:01 +0000] "GET /well-answer-your-pressing-questions-about-real-estate-investing-today-2/?noamp=mobile HTTP/1.1" 500 1076 "https://www.smarthomediscovery.com/well-answer-your-pressing-questions-about-real-estate-investing-today-2/?amp" "Mozilla/5.0 (Linux; Android 7.0;) AppleWebKit/537.36 (HTML, like Gecko) Mobile Safari/537.36 (compatible; PetalBot;+https://webmaster.petalsearch.com/site/petalbot)"
192.0.84.117 - - [28/Apr/2026:03:39:21 +0000] "HEAD / HTTP/1.1" 500 - "-" "jetmon/1.0 (Jetpack Site Uptime Monitor by WordPress.com)"
184.94.212.206 - - [28/Apr/2026:03:41:27 +0000] "POST /wp-cron.php?doing_wp_cron=1777347687.0790200233459472656250 HTTP/1.1" 200 - "-" "WordPress/6.9.4; https://smarthomediscovery.com"
67.205.150.95 - - [28/Apr/2026:03:40:43 +0000] "GET /well-answer-your-pressing-questions-about-real-estate-investing-today/how_to_improve_your_home_the_easy_way.jpg HTTP/1.1" 301 - "https://www.smarthomediscovery.com/" "Mozilla/5.0 (Windows NT 10.0; Win64; x64) AppleWebKit/537.36 (KHTML, like Gecko) Chrome/105.0.0.0 Safari/537.3"
54.232.116.4 - - [28/Apr/2026:03:41:17 +0000] "HEAD / HTTP/1.1" 200 - "-" "jetmon/1.0 (Jetpack Site Uptime Monitor by WordPress.com)"
54.217.201.243 - - [28/Apr/2026:03:41:17 +0000] "HEAD / HTTP/1.1" 200 - "-" "jetmon/1.0 (Jetpack Site Uptime Monitor by WordPress.com)"
122.248.245.244 - - [28/Apr/2026:03:41:18 +0000] "HEAD / HTTP/1.1" 200 - "-" "jetmon/1.0 (Jetpack Site Uptime Monitor by WordPress.com)"
148.113.130.101 - - [28/Apr/2026:03:42:13 +0000] "GET /anti-spam-policy/ HTTP/1.1" 200 15674 "-" "Mozilla/5.0 (compatible; AhrefsBot/7.0; +http://ahrefs.com/robot/)"
184.94.212.206 - - [28/Apr/2026:03:43:46 +0000] "POST /wp-cron.php?doing_wp_cron=1777347826.5805480480194091796875 HTTP/1.1" 200 - "-" "WordPress/6.9.4; https://smarthomediscovery.com"
173.252.82.14 - - [28/Apr/2026:03:43:45 +0000] "GET /robots.txt HTTP/1.1" 301 - "-" "facebookexternalhit/1.1 (+http://www.facebook.com/externalhit_uatext.php)"
173.252.82.14 - - [28/Apr/2026:03:43:46 +0000] "GET /robots.txt HTTP/1.1" 200 289 "-" "facebookexternalhit/1.1 (+http://www.facebook.com/externalhit_uatext.php)"
192.0.84.117 - - [28/Apr/2026:03:44:22 +0000] "HEAD / HTTP/1.1" 200 - "-" "jetmon/1.0 (Jetpack Site Uptime Monitor by WordPress.com)"
184.94.212.206 - - [28/Apr/2026:03:47:25 +0000] "POST /wp-cron.php?doing_wp_cron=1777348045.9249119758605957031250 HTTP/1.1" 200 - "-" "WordPress/6.9.4; https://smarthomediscovery.com"
167.114.139.212 - - [28/Apr/2026:03:47:23 +0000] "GET /contact-us/ HTTP/1.1" 200 19858 "-" "Mozilla/5.0 (compatible; AhrefsBot/7.0; +http://ahrefs.com/robot/)"
173.188.51.73 - - [28/Apr/2026:03:48:07 +0000] "GET / HTTP/1.1" 200 16519 "-" "Mozilla/5.0 (Windows NT 10.0; Win64; x64) AppleWebKit/537.36 (KHTML, like Gecko) Chrome/110.0.0.0 Safari/537.36"
184.94.212.206 - - [28/Apr/2026:03:49:19 +0000] "POST /wp-cron.php?doing_wp_cron=1777348159.4203579425811767578125 HTTP/1.1" 200 - "-" "WordPress/6.9.4; https://smarthomediscovery.com"
192.0.84.117 - - [28/Apr/2026:03:49:18 +0000] "HEAD / HTTP/1.1" 200 - "-" "jetmon/1.0 (Jetpack Site Uptime Monitor by WordPress.com)"
184.94.212.206 - - [28/Apr/2026:03:54:21 +0000] "POST /wp-cron.php?doing_wp_cron=1777348461.7033278942108154296875 HTTP/1.1" 200 - "-" "WordPress/6.9.4; https://smarthomediscovery.com"
192.0.84.117 - - [28/Apr/2026:03:54:20 +0000] "HEAD / HTTP/1.1" 200 - "-" "jetmon/1.0 (Jetpack Site Uptime Monitor by WordPress.com)"
184.94.212.206 - - [28/Apr/2026:03:55:22 +0000] "POST /wp-cron.php?doing_wp_cron=1777348522.9370310306549072265625 HTTP/1.1" 200 - "-" "WordPress/6.9.4; https://smarthomediscovery.com"
44.210.213.220 - - [28/Apr/2026:03:55:21 +0000] "GET /wp-json/wp/v2/pages/1177 HTTP/1.1" 200 1785 "-" "Mozilla/5.0 AppleWebKit/537.36 (KHTML, like Gecko; compatible; Amazonbot/0.1; +https://developer.amazon.com/support/amazonbot) Chrome/119.0.6045.214 Safari/537.36"
184.94.212.206 - - [28/Apr/2026:03:57:24 +0000] "POST /wp-cron.php?doing_wp_cron=1777348644.8539690971374511718750 HTTP/1.1" 200 - "-" "WordPress/6.9.4; https://smarthomediscovery.com"
114.119.157.177 - - [28/Apr/2026:03:57:23 +0000] "GET /wed-love-to-answer-your-home-security-questions/?noamp=mobile HTTP/1.1" 301 - "https://www.smarthomediscovery.com/wed-love-to-answer-your-home-security-questions/?amp" "Mozilla/5.0 (Linux; Android 7.0;) AppleWebKit/537.36 (HTML, like Gecko) Mobile Safari/537.36 (compatible; PetalBot;+https://webmaster.petalsearch.com/site/petalbot)"
114.119.157.177 - - [28/Apr/2026:03:57:27 +0000] "GET /wed-love-to-answer-your-home-security-questions/?noamp=mobile HTTP/1.1" 200 21151 "https://www.smarthomediscovery.com/wed-love-to-answer-your-home-security-questions/?amp" "Mozilla/5.0 (Linux; Android 7.0;) AppleWebKit/537.36 (HTML, like Gecko) Mobile Safari/537.36 (compatible; PetalBot;+https://webmaster.petalsearch.com/site/petalbot)"
143.20.253.186 - - [28/Apr/2026:03:57:35 +0000] "GET /useful-information-for-keeping-your-house-and-valuables-secure/tips_for_before_you_start_a_home_improvement_project.jpg HTTP/1.1" 301 - "https://smarthomediscovery.com/" "Mozilla/5.0 (Windows NT 10.0; Win64; x64) AppleWebKit/537.36 (KHTML, like Gecko) Chrome/109.0.0.0 Safari/537.36"
143.20.253.223 - - [28/Apr/2026:03:57:42 +0000] "GET /wp-content/uploads/2021/03/tips_for_before_you_start_a_home_improvement_project.jpg HTTP/1.1" 200 86413 "https://smarthomediscovery.com/" "Mozilla/5.0 (Windows NT 10.0; Win64; x64) AppleWebKit/537.36 (KHTML, like Gecko) Chrome/109.0.0.0 Safari/537.36"
45.86.19.150 - - [28/Apr/2026:03:57:43 +0000] "GET / HTTP/1.1" 200 16519 "-" "Mozilla/5.0 (Macintosh; Intel Mac OS X 10_15_7) AppleWebKit/537.36 (KHTML, like Gecko) Chrome/125.0.0.0 Safari/537.36"
45.86.19.150 - - [28/Apr/2026:03:57:44 +0000] "GET /wp-content/themes/magazine-pro/style.css?ver=3.2.4 HTTP/1.1" 200 8227 "https://smarthomediscovery.com/" "Mozilla/5.0 (Macintosh; Intel Mac OS X 10_15_7) AppleWebKit/537.36 (KHTML, like Gecko) Chrome/125.0.0.0 Safari/537.36"
45.86.19.150 - - [28/Apr/2026:03:57:44 +0000] "GET /wp-content/plugins/simple-social-icons/css/style.css?ver=4.0.0 HTTP/1.1" 200 461 "https://smarthomediscovery.com/" "Mozilla/5.0 (Macintosh; Intel Mac OS X 10_15_7) AppleWebKit/537.36 (KHTML, like Gecko) Chrome/125.0.0.0 Safari/537.36"
45.86.19.150 - - [28/Apr/2026:03:57:44 +0000] "GET /wp-content/plugins/jetpack/_inc/blocks/subscriptions/view.css?minify=false&ver=15.7.1 HTTP/1.1" 200 1072 "https://smarthomediscovery.com/" "Mozilla/5.0 (Macintosh; Intel Mac OS X 10_15_7) AppleWebKit/537.36 (KHTML, like Gecko) Chrome/125.0.0.0 Safari/537.36"
45.86.19.150 - - [28/Apr/2026:03:57:44 +0000] "GET /wp-content/themes/magazine-pro/js/entry-date.js?ver=1.0.0 HTTP/1.1" 200 315 "https://smarthomediscovery.com/" "Mozilla/5.0 (Macintosh; Intel Mac OS X 10_15_7) AppleWebKit/537.36 (KHTML, like Gecko) Chrome/125.0.0.0 Safari/537.36"
45.86.19.150 - - [28/Apr/2026:03:57:44 +0000] "GET /wp-content/themes/genesis/lib/js/menu/superfish.min.js?ver=1.7.10 HTTP/1.1" 200 1894 "https://smarthomediscovery.com/" "Mozilla/5.0 (Macintosh; Intel Mac OS X 10_15_7) AppleWebKit/537.36 (KHTML, like Gecko) Chrome/125.0.0.0 Safari/537.36"
45.86.19.150 - - [28/Apr/2026:03:57:44 +0000] "GET /wp-content/themes/genesis/lib/js/menu/superfish.args.min.js?ver=3.6.2 HTTP/1.1" 200 124 "https://smarthomediscovery.com/" "Mozilla/5.0 (Macintosh; Intel Mac OS X 10_15_7) AppleWebKit/537.36 (KHTML, like Gecko) Chrome/125.0.0.0 Safari/537.36"
45.86.19.150 - - [28/Apr/2026:03:57:44 +0000] "GET /wp-content/themes/genesis/lib/js/skip-links.min.js?ver=3.6.2 HTTP/1.1" 200 238 "https://smarthomediscovery.com/" "Mozilla/5.0 (Macintosh; Intel Mac OS X 10_15_7) AppleWebKit/537.36 (KHTML, like Gecko) Chrome/125.0.0.0 Safari/537.36"
45.86.19.150 - - [28/Apr/2026:03:57:44 +0000] "GET /wp-content/themes/magazine-pro/js/responsive-menus.min.js?ver=3.2.4 HTTP/1.1" 200 1420 "https://smarthomediscovery.com/" "Mozilla/5.0 (Macintosh; Intel Mac OS X 10_15_7) AppleWebKit/537.36 (KHTML, like Gecko) Chrome/125.0.0.0 Safari/537.36"
45.86.19.150 - - [28/Apr/2026:03:57:44 +0000] "GET /wp-content/plugins/google-site-kit/dist/assets/js/googlesitekit-consent-mode-bc2e26cfa69fcd4a8261.js HTTP/1.1" 200 25395 "https://smarthomediscovery.com/" "Mozilla/5.0 (Macintosh; Intel Mac OS X 10_15_7) AppleWebKit/537.36 (KHTML, like Gecko) Chrome/125.0.0.0 Safari/537.36"
45.86.19.150 - - [28/Apr/2026:03:57:44 +0000] "GET /wp-content/plugins/wp-consent-api/assets/js/wp-consent-api.min.js?ver=2.0.1 HTTP/1.1" 200 822 "https://smarthomediscovery.com/" "Mozilla/5.0 (Macintosh; Intel Mac OS X 10_15_7) AppleWebKit/537.36 (KHTML, like Gecko) Chrome/125.0.0.0 Safari/537.36"
45.86.19.150 - - [28/Apr/2026:03:57:44 +0000] "GET /wp-content/plugins/jetpack/_inc/blocks/subscriptions/view.js?minify=false&ver=15.7.1 HTTP/1.1" 200 2286 "https://smarthomediscovery.com/" "Mozilla/5.0 (Macintosh; Intel Mac OS X 10_15_7) AppleWebKit/537.36 (KHTML, like Gecko) Chrome/125.0.0.0 Safari/537.36"
45.86.19.150 - - [28/Apr/2026:03:57:46 +0000] "GET /wp-includes/js/wp-emoji-release.min.js?ver=3ecf1c9d7f7353354cb882e5d4788626 HTTP/1.1" 200 5375 "https://smarthomediscovery.com/" "Mozilla/5.0 (Macintosh; Intel Mac OS X 10_15_7) AppleWebKit/537.36 (KHTML, like Gecko) Chrome/125.0.0.0 Safari/537.36"
193.34.72.138 - - [28/Apr/2026:03:57:58 +0000] "GET / HTTP/1.1" 200 16519 "-" "Mozilla/5.0 (Macintosh; Intel Mac OS X 10_15_7) AppleWebKit/537.36 (KHTML, like Gecko) Chrome/125.0.0.0 Safari/537.36"
193.34.72.138 - - [28/Apr/2026:03:57:59 +0000] "GET /wp-content/themes/magazine-pro/style.css?ver=3.2.4 HTTP/1.1" 200 8227 "https://smarthomediscovery.com/" "Mozilla/5.0 (Macintosh; Intel Mac OS X 10_15_7) AppleWebKit/537.36 (KHTML, like Gecko) Chrome/125.0.0.0 Safari/537.36"
193.34.72.138 - - [28/Apr/2026:03:57:59 +0000] "GET /wp-content/plugins/simple-social-icons/css/style.css?ver=4.0.0 HTTP/1.1" 200 461 "https://smarthomediscovery.com/" "Mozilla/5.0 (Macintosh; Intel Mac OS X 10_15_7) AppleWebKit/537.36 (KHTML, like Gecko) Chrome/125.0.0.0 Safari/537.36"
193.34.72.138 - - [28/Apr/2026:03:57:59 +0000] "GET /wp-content/plugins/jetpack/_inc/blocks/subscriptions/view.css?minify=false&ver=15.7.1 HTTP/1.1" 200 1072 "https://smarthomediscovery.com/" "Mozilla/5.0 (Macintosh; Intel Mac OS X 10_15_7) AppleWebKit/537.36 (KHTML, like Gecko) Chrome/125.0.0.0 Safari/537.36"
193.34.72.138 - - [28/Apr/2026:03:58:00 +0000] "GET /wp-content/themes/magazine-pro/js/entry-date.js?ver=1.0.0 HTTP/1.1" 200 315 "https://smarthomediscovery.com/" "Mozilla/5.0 (Macintosh; Intel Mac OS X 10_15_7) AppleWebKit/537.36 (KHTML, like Gecko) Chrome/125.0.0.0 Safari/537.36"
193.34.72.138 - - [28/Apr/2026:03:58:01 +0000] "GET /wp-content/themes/genesis/lib/js/menu/superfish.min.js?ver=1.7.10 HTTP/1.1" 200 1894 "https://smarthomediscovery.com/" "Mozilla/5.0 (Macintosh; Intel Mac OS X 10_15_7) AppleWebKit/537.36 (KHTML, like Gecko) Chrome/125.0.0.0 Safari/537.36"
193.34.72.138 - - [28/Apr/2026:03:58:01 +0000] "GET /wp-content/themes/genesis/lib/js/menu/superfish.args.min.js?ver=3.6.2 HTTP/1.1" 200 124 "https://smarthomediscovery.com/" "Mozilla/5.0 (Macintosh; Intel Mac OS X 10_15_7) AppleWebKit/537.36 (KHTML, like Gecko) Chrome/125.0.0.0 Safari/537.36"
193.34.72.138 - - [28/Apr/2026:03:58:01 +0000] "GET /wp-content/themes/genesis/lib/js/skip-links.min.js?ver=3.6.2 HTTP/1.1" 200 238 "https://smarthomediscovery.com/" "Mozilla/5.0 (Macintosh; Intel Mac OS X 10_15_7) AppleWebKit/537.36 (KHTML, like Gecko) Chrome/125.0.0.0 Safari/537.36"
193.34.72.138 - - [28/Apr/2026:03:58:01 +0000] "GET /wp-content/themes/magazine-pro/js/responsive-menus.min.js?ver=3.2.4 HTTP/1.1" 200 1420 "https://smarthomediscovery.com/" "Mozilla/5.0 (Macintosh; Intel Mac OS X 10_15_7) AppleWebKit/537.36 (KHTML, like Gecko) Chrome/125.0.0.0 Safari/537.36"
193.34.72.138 - - [28/Apr/2026:03:58:01 +0000] "GET /wp-content/plugins/google-site-kit/dist/assets/js/googlesitekit-consent-mode-bc2e26cfa69fcd4a8261.js HTTP/1.1" 200 25395 "https://smarthomediscovery.com/" "Mozilla/5.0 (Macintosh; Intel Mac OS X 10_15_7) AppleWebKit/537.36 (KHTML, like Gecko) Chrome/125.0.0.0 Safari/537.36"
193.34.72.138 - - [28/Apr/2026:03:58:01 +0000] "GET /wp-content/plugins/wp-consent-api/assets/js/wp-consent-api.min.js?ver=2.0.1 HTTP/1.1" 200 822 "https://smarthomediscovery.com/" "Mozilla/5.0 (Macintosh; Intel Mac OS X 10_15_7) AppleWebKit/537.36 (KHTML, like Gecko) Chrome/125.0.0.0 Safari/537.36"
193.34.72.138 - - [28/Apr/2026:03:58:02 +0000] "GET /wp-content/plugins/jetpack/_inc/blocks/subscriptions/view.js?minify=false&ver=15.7.1 HTTP/1.1" 200 2286 "https://smarthomediscovery.com/" "Mozilla/5.0 (Macintosh; Intel Mac OS X 10_15_7) AppleWebKit/537.36 (KHTML, like Gecko) Chrome/125.0.0.0 Safari/537.36"
45.86.19.150 - - [28/Apr/2026:03:58:02 +0000] "GET /contact-us/ HTTP/1.1" 200 19859 "-" "Mozilla/5.0 (Macintosh; Intel Mac OS X 10_15_7) AppleWebKit/537.36 (KHTML, like Gecko) Chrome/125.0.0.0 Safari/537.36"
45.86.19.150 - - [28/Apr/2026:03:58:03 +0000] "GET /wp-content/plugins/jetpack/jetpack_vendor/automattic/jetpack-forms/dist/contact-form/css/grunion.css?ver=15.7.1 HTTP/1.1" 200 6650 "https://smarthomediscovery.com/contact-us/" "Mozilla/5.0 (Macintosh; Intel Mac OS X 10_15_7) AppleWebKit/537.36 (KHTML, like Gecko) Chrome/125.0.0.0 Safari/537.36"
45.86.19.150 - - [28/Apr/2026:03:58:03 +0000] "GET /wp-content/plugins/jetpack/jetpack_vendor/automattic/jetpack-forms/dist/modules/form/view.js?ver=15.7.1 HTTP/1.1" 200 13126 "https://smarthomediscovery.com/contact-us/" "Mozilla/5.0 (Macintosh; Intel Mac OS X 10_15_7) AppleWebKit/537.36 (KHTML, like Gecko) Chrome/125.0.0.0 Safari/537.36"
45.86.19.150 - - [28/Apr/2026:03:58:03 +0000] "GET /wp-includes/js/dist/script-modules/interactivity/index.min.js?ver=66c613f68580994bb00a HTTP/1.1" 200 15008 "https://smarthomediscovery.com/contact-us/" "Mozilla/5.0 (Macintosh; Intel Mac OS X 10_15_7) AppleWebKit/537.36 (KHTML, like Gecko) Chrome/125.0.0.0 Safari/537.36"
45.86.19.150 - - [28/Apr/2026:03:58:03 +0000] "GET /wp-content/plugins/akismet/_inc/akismet-frontend.js?ver=1774230728 HTTP/1.1" 200 3511 "https://smarthomediscovery.com/contact-us/" "Mozilla/5.0 (Macintosh; Intel Mac OS X 10_15_7) AppleWebKit/537.36 (KHTML, like Gecko) Chrome/125.0.0.0 Safari/537.36"
193.34.72.138 - - [28/Apr/2026:03:58:04 +0000] "GET /wp-includes/js/wp-emoji-release.min.js?ver=3ecf1c9d7f7353354cb882e5d4788626 HTTP/1.1" 200 5375 "https://smarthomediscovery.com/" "Mozilla/5.0 (Macintosh; Intel Mac OS X 10_15_7) AppleWebKit/537.36 (KHTML, like Gecko) Chrome/125.0.0.0 Safari/537.36"
184.94.212.206 - - [28/Apr/2026:03:58:12 +0000] "POST /wp-cron.php?doing_wp_cron=1777348692.5509340763092041015625 HTTP/1.1" 200 - "-" "WordPress/6.9.4; https://smarthomediscovery.com"
74.119.117.239 - - [28/Apr/2026:03:58:11 +0000] "GET /robots.txt HTTP/1.1" 200 150 "-" "CriteoBot/0.1 (+https://www.criteo.com/criteo-crawler/)"
74.119.117.129 - - [28/Apr/2026:03:58:11 +0000] "GET /robots.txt HTTP/1.1" 200 150 "-" "CriteoBot/0.1 (+https://www.criteo.com/criteo-crawler/)"
74.119.117.147 - - [28/Apr/2026:03:58:12 +0000] "GET / HTTP/1.1" 200 16519 "-" "CriteoBot/0.1 (+https://www.criteo.com/criteo-crawler/)"
193.34.72.138 - - [28/Apr/2026:03:58:18 +0000] "GET /contact-us/ HTTP/1.1" 200 19862 "-" "Mozilla/5.0 (Macintosh; Intel Mac OS X 10_15_7) AppleWebKit/537.36 (KHTML, like Gecko) Chrome/125.0.0.0 Safari/537.36"
45.86.19.150 - - [28/Apr/2026:03:58:18 +0000] "POST /wp-admin/admin-ajax.php?action=grunion-contact-form HTTP/1.1" 200 531 "https://smarthomediscovery.com/contact-us/" "Mozilla/5.0 (Macintosh; Intel Mac OS X 10_15_7) AppleWebKit/537.36 (KHTML, like Gecko) Chrome/125.0.0.0 Safari/537.36"
193.34.72.138 - - [28/Apr/2026:03:58:21 +0000] "GET /wp-content/plugins/jetpack/jetpack_vendor/automattic/jetpack-forms/dist/contact-form/css/grunion.css?ver=15.7.1 HTTP/1.1" 200 6650 "https://smarthomediscovery.com/contact-us/" "Mozilla/5.0 (Macintosh; Intel Mac OS X 10_15_7) AppleWebKit/537.36 (KHTML, like Gecko) Chrome/125.0.0.0 Safari/537.36"
193.34.72.138 - - [28/Apr/2026:03:58:21 +0000] "GET /wp-content/plugins/jetpack/jetpack_vendor/automattic/jetpack-forms/dist/modules/form/view.js?ver=15.7.1 HTTP/1.1" 200 13126 "https://smarthomediscovery.com/contact-us/" "Mozilla/5.0 (Macintosh; Intel Mac OS X 10_15_7) AppleWebKit/537.36 (KHTML, like Gecko) Chrome/125.0.0.0 Safari/537.36"
193.34.72.138 - - [28/Apr/2026:03:58:21 +0000] "GET /wp-includes/js/dist/script-modules/interactivity/index.min.js?ver=66c613f68580994bb00a HTTP/1.1" 200 15008 "https://smarthomediscovery.com/contact-us/" "Mozilla/5.0 (Macintosh; Intel Mac OS X 10_15_7) AppleWebKit/537.36 (KHTML, like Gecko) Chrome/125.0.0.0 Safari/537.36"
193.34.72.138 - - [28/Apr/2026:03:58:22 +0000] "GET /wp-content/plugins/akismet/_inc/akismet-frontend.js?ver=1774230728 HTTP/1.1" 200 3511 "https://smarthomediscovery.com/contact-us/" "Mozilla/5.0 (Macintosh; Intel Mac OS X 10_15_7) AppleWebKit/537.36 (KHTML, like Gecko) Chrome/125.0.0.0 Safari/537.36"
184.94.212.206 - - [28/Apr/2026:03:58:19 +0000] "GET /wp-json/jetpack/v4/sync/spawn-sync?time=1777348699&request_lock_id=ff28cb85-f061-408f-abbb-f7586ed1cbc1 HTTP/1.1" 200 37 "-" "WordPress/6.9.4; https://smarthomediscovery.com"
66.249.92.163 - - [28/Apr/2026:03:58:31 +0000] "GET / HTTP/1.1" 200 16519 "-" "Mediapartners-Google"
66.249.66.77 - - [28/Apr/2026:03:58:36 +0000] "GET /wp-content/plugins/jetpack/_inc/blocks/subscriptions/view.css?minify=false&ver=15.7.1 HTTP/1.1" 200 1072 "https://smarthomediscovery.com/" "Mediapartners-Google"
131.222.253.210 - - [28/Apr/2026:03:58:38 +0000] "POST /wp-comments-post.php HTTP/1.1" 500 1079 "-" "Mozilla/5.0 (Windows NT 10.0; Win64; x64) AppleWebKit/537.36 (KHTML, like Gecko) Chrome/120.0.0.0 Safari/537.36"
193.34.72.138 - - [28/Apr/2026:03:58:46 +0000] "POST /wp-admin/admin-ajax.php?action=grunion-contact-form HTTP/1.1" 200 555 "https://smarthomediscovery.com/contact-us/" "Mozilla/5.0 (Macintosh; Intel Mac OS X 10_15_7) AppleWebKit/537.36 (KHTML, like Gecko) Chrome/125.0.0.0 Safari/537.36"
184.94.212.206 - - [28/Apr/2026:03:58:48 +0000] "GET /wp-json/jetpack/v4/sync/spawn-sync?time=1777348728&request_lock_id=cc57e9aa-f495-41ea-81e7-19d8d5753f5e HTTP/1.1" 200 37 "-" "WordPress/6.9.4; https://smarthomediscovery.com"
192.0.84.117 - - [28/Apr/2026:03:59:18 +0000] "HEAD / HTTP/1.1" 200 - "-" "jetmon/1.0 (Jetpack Site Uptime Monitor by WordPress.com)"
3.81.31.21 - - [28/Apr/2026:03:59:23 +0000] "GET /ads.txt HTTP/1.1" 200 58 "-" "Mozilla/5.0 (Windows NT 10.0; Win64; x64) AppleWebKit/537.36 (KHTML, like Gecko) Chrome/124.0.0.0 Safari/537.36"
47.128.55.231 - - [28/Apr/2026:04:02:23 +0000] "GET /tag/spring-latch/?noamp=mobile HTTP/1.1" 500 1076 "-" "Mozilla/5.0 (compatible; Bytespider; spider-feedback@bytedance.com) AppleWebKit/537.36 (KHTML, like Gecko) Chrome/70.0.0.0 Safari/537.36"
64.32.48.160 - - [28/Apr/2026:04:03:26 +0000] "GET / HTTP/1.1" 500 1076 "https://smarthomediscovery.com" "Mozilla/5.0 (Windows NT 10.0; Win64; x64) AppleWebKit/537.36 (KHTML, like Gecko) Chrome/118.0.0.0 Safari/537.36"
184.94.212.206 - - [28/Apr/2026:04:04:24 +0000] "POST /wp-cron.php?doing_wp_cron=1777349064.6116828918457031250000 HTTP/1.1" 200 - "-" "WordPress/6.9.4; https://smarthomediscovery.com"
64.32.48.160 - - [28/Apr/2026:04:03:37 +0000] "GET / HTTP/1.1" 200 16519 "https://smarthomediscovery.com" "Mozilla/5.0 (Windows NT 10.0; Win64; x64) AppleWebKit/537.36 (KHTML, like Gecko) Chrome/118.0.0.0 Safari/537.36"
192.0.84.117 - - [28/Apr/2026:04:04:19 +0000] "HEAD / HTTP/1.1" 200 - "-" "jetmon/1.0 (Jetpack Site Uptime Monitor by WordPress.com)"
184.94.212.206 - - [28/Apr/2026:04:06:12 +0000] "POST /wp-cron.php?doing_wp_cron=1777349172.2860560417175292968750 HTTP/1.1" 200 - "-" "WordPress/6.9.4; https://smarthomediscovery.com"
47.128.55.222 - - [28/Apr/2026:04:06:10 +0000] "GET /tips-to-assist-homeowners-with-home-security/?noamp=mobile HTTP/1.1" 301 - "-" "Mozilla/5.0 (compatible; Bytespider; spider-feedback@bytedance.com) AppleWebKit/537.36 (KHTML, like Gecko) Chrome/70.0.0.0 Safari/537.36"
47.128.55.222 - - [28/Apr/2026:04:06:15 +0000] "GET /tips-to-assist-homeowners-with-home-security/?noamp=mobile HTTP/1.1" 200 22095 "-" "Mozilla/5.0 (compatible; Bytespider; spider-feedback@bytedance.com) AppleWebKit/537.36 (KHTML, like Gecko) Chrome/70.0.0.0 Safari/537.36"
184.94.212.206 - - [28/Apr/2026:04:06:50 +0000] "POST /wp-cron.php?doing_wp_cron=1777349210.6348159313201904296875 HTTP/1.1" 200 - "-" "WordPress/6.9.4; https://smarthomediscovery.com"
185.191.171.12 - - [28/Apr/2026:04:06:49 +0000] "GET /robots.txt HTTP/1.1" 200 150 "-" "Mozilla/5.0 (compatible; SemrushBot/7~bl; +http://www.semrush.com/bot.html)"
185.191.171.14 - - [28/Apr/2026:04:06:51 +0000] "GET /check-out-these-good-home-security-tips/ HTTP/1.1" 200 21371 "-" "Mozilla/5.0 (compatible; SemrushBot/7~bl; +http://www.semrush.com/bot.html)"
192.0.84.117 - - [28/Apr/2026:04:09:19 +0000] "HEAD / HTTP/1.1" 200 - "-" "jetmon/1.0 (Jetpack Site Uptime Monitor by WordPress.com)"
206.189.178.132 - - [28/Apr/2026:04:09:41 +0000] "GET /good-home-security-tips-you-should-try-out/keep_this_advice_in_mind_when_improving_your_home.jpg HTTP/1.1" 301 - "https://www.smarthomediscovery.com/" "Mozilla/5.0 (Windows NT 10.0; Win64; x64) AppleWebKit/537.36 (KHTML, like Gecko) Chrome/133.0.0.0 Safari/537.36"
206.189.178.132 - - [28/Apr/2026:04:09:43 +0000] "GET /wp-content/uploads/2021/02/keep_this_advice_in_mind_when_improving_your_home.jpg HTTP/1.1" 200 42936 "https://www.smarthomediscovery.com/" "Mozilla/5.0 (Windows NT 10.0; Win64; x64) AppleWebKit/537.36 (KHTML, like Gecko) Chrome/133.0.0.0 Safari/537.36"
57.141.18.18 - - [28/Apr/2026:04:09:55 +0000] "GET /tag/property-management-company/feed/ HTTP/1.1" 200 6753 "-" "meta-externalagent/1.1 (+https://developers.facebook.com/docs/sharing/webmasters/crawler)"
184.94.212.206 - - [28/Apr/2026:04:10:18 +0000] "POST /wp-cron.php?doing_wp_cron=1777349418.5606520175933837890625 HTTP/1.1" 200 - "-" "WordPress/6.9.4; https://smarthomediscovery.com"
47.128.55.229 - - [28/Apr/2026:04:10:17 +0000] "GET /tag/spare-key/?noamp=mobile HTTP/1.1" 301 - "-" "Mozilla/5.0 (compatible; Bytespider; spider-feedback@bytedance.com) AppleWebKit/537.36 (KHTML, like Gecko) Chrome/70.0.0.0 Safari/537.36"
47.128.55.229 - - [28/Apr/2026:04:10:26 +0000] "GET /tag/spare-key/?noamp=mobile HTTP/1.1" 200 17106 "-" "Mozilla/5.0 (compatible; Bytespider; spider-feedback@bytedance.com) AppleWebKit/537.36 (KHTML, like Gecko) Chrome/70.0.0.0 Safari/537.36"
74.128.204.124 - - [28/Apr/2026:04:11:48 +0000] "GET /real-estate-investing-is-fun-to-learn-about/ HTTP/1.1" 200 21307 "-" "Mozilla/5.0 (Windows NT 10.0; Win64; x64) AppleWebKit/537.36 (KHTML, like Gecko) Chrome/116.0.0.0 Safari/537.36"
134.209.66.220 - - [28/Apr/2026:04:12:45 +0000] "GET /surefire-techniques-for-finding-home-security-success-now/is_your_home_boring_try_these_home_improvement_tips_for_success.jpg HTTP/1.1" 301 - "https://www.smarthomediscovery.com/" "Mozilla/5.0 (Windows NT 10.0; Win64; x64) AppleWebKit/537.36 (KHTML, like Gecko) Chrome/120.0.0.0 Safari/537.36"
134.209.66.220 - - [28/Apr/2026:04:12:47 +0000] "GET /wp-content/uploads/2020/11/is_your_home_boring_try_these_home_improvement_tips_for_success.jpg HTTP/1.1" 200 25513 "https://www.smarthomediscovery.com/" "Mozilla/5.0 (Windows NT 10.0; Win64; x64) AppleWebKit/537.36 (KHTML, like Gecko) Chrome/120.0.0.0 Safari/537.36"
184.94.212.206 - - [28/Apr/2026:04:14:22 +0000] "POST /wp-cron.php?doing_wp_cron=1777349662.3335690498352050781250 HTTP/1.1" 200 - "-" "WordPress/6.9.4; https://smarthomediscovery.com"
192.0.84.117 - - [28/Apr/2026:04:14:21 +0000] "HEAD / HTTP/1.1" 200 - "-" "jetmon/1.0 (Jetpack Site Uptime Monitor by WordPress.com)"
47.128.55.251 - - [28/Apr/2026:04:14:21 +0000] "GET /tag/spring-latch/?noamp=mobile HTTP/1.1" 301 - "-" "Mozilla/5.0 (Linux; Android 5.0) AppleWebKit/537.36 (KHTML, like Gecko) Mobile Safari/537.36 (compatible; Bytespider; spider-feedback@bytedance.com)"
47.128.55.251 - - [28/Apr/2026:04:14:25 +0000] "GET /tag/spring-latch/?noamp=mobile HTTP/1.1" 200 14709 "-" "Mozilla/5.0 (Linux; Android 5.0) AppleWebKit/537.36 (KHTML, like Gecko) Mobile Safari/537.36 (compatible; Bytespider; spider-feedback@bytedance.com)"
184.94.212.206 - - [28/Apr/2026:04:15:45 +0000] "POST /wp-cron.php?doing_wp_cron=1777349745.6061739921569824218750 HTTP/1.1" 200 - "-" "WordPress/6.9.4; https://smarthomediscovery.com"
114.119.139.25 - - [28/Apr/2026:04:15:44 +0000] "GET /valuable-home-security-tips-and-tricks-for-you HTTP/1.1" 301 - "-" "Mozilla/5.0 (Linux; Android 7.0;) AppleWebKit/537.36 (HTML, like Gecko) Mobile Safari/537.36 (compatible; PetalBot;+https://webmaster.petalsearch.com/site/petalbot)"
114.119.139.25 - - [28/Apr/2026:04:15:46 +0000] "GET /valuable-home-security-tips-and-tricks-for-you/ HTTP/1.1" 200 22410 "https://www.smarthomediscovery.com/valuable-home-security-tips-and-tricks-for-you" "Mozilla/5.0 (Linux; Android 7.0;) AppleWebKit/537.36 (HTML, like Gecko) Mobile Safari/537.36 (compatible; PetalBot;+https://webmaster.petalsearch.com/site/petalbot)"
184.94.212.206 - - [28/Apr/2026:04:16:52 +0000] "POST /wp-cron.php?doing_wp_cron=1777349812.3360850811004638671875 HTTP/1.1" 200 - "-" "WordPress/6.9.4; https://smarthomediscovery.com"
51.222.168.113 - - [28/Apr/2026:04:16:50 +0000] "GET /create-your-perfect-environment-with-these-home-improvement-tips-and-tricks/ HTTP/1.1" 200 21842 "-" "Mozilla/5.0 (compatible; AhrefsBot/7.0; +http://ahrefs.com/robot/)"
184.94.212.206 - - [28/Apr/2026:04:18:16 +0000] "POST /wp-cron.php?doing_wp_cron=1777349896.9240489006042480468750 HTTP/1.1" 200 - "-" "WordPress/6.9.4; https://smarthomediscovery.com"
47.128.55.222 - - [28/Apr/2026:04:18:15 +0000] "GET /need-help-with-home-security-issues-this-article-is-for-you/ HTTP/1.1" 301 - "-" "Mozilla/5.0 (compatible; Bytespider; spider-feedback@bytedance.com) AppleWebKit/537.36 (KHTML, like Gecko) Chrome/70.0.0.0 Safari/537.36"
47.128.55.222 - - [28/Apr/2026:04:18:20 +0000] "GET /need-help-with-home-security-issues-this-article-is-for-you/ HTTP/1.1" 200 22159 "-" "Mozilla/5.0 (compatible; Bytespider; spider-feedback@bytedance.com) AppleWebKit/537.36 (KHTML, like Gecko) Chrome/70.0.0.0 Safari/537.36"
66.249.92.141 - - [28/Apr/2026:04:18:35 +0000] "GET / HTTP/1.1" 200 16519 "-" "Mediapartners-Google"
66.249.92.163 - - [28/Apr/2026:04:18:36 +0000] "GET /contact-us/ HTTP/1.1" 200 19851 "-" "Mediapartners-Google"
66.249.66.163 - - [28/Apr/2026:04:18:40 +0000] "GET /wp-content/plugins/jetpack/_inc/blocks/subscriptions/view.css?minify=false&ver=15.7.1 HTTP/1.1" 200 1072 "https://smarthomediscovery.com/" "Mediapartners-Google"
66.249.66.13 - - [28/Apr/2026:04:18:51 +0000] "GET /wp-includes/js/dist/script-modules/interactivity/index.min.js?ver=66c613f68580994bb00a HTTP/1.1" 200 15008 "https://smarthomediscovery.com/contact-us/" "Mediapartners-Google"
66.249.66.192 - - [28/Apr/2026:04:18:54 +0000] "GET /wp-content/plugins/akismet/_inc/akismet-frontend.js?ver=1774230728 HTTP/1.1" 200 3511 "https://smarthomediscovery.com/contact-us/" "Mediapartners-Google"
66.249.66.162 - - [28/Apr/2026:04:18:56 +0000] "GET /wp-content/plugins/jetpack/jetpack_vendor/automattic/jetpack-forms/dist/modules/form/view.js?ver=15.7.1 HTTP/1.1" 200 13126 "https://smarthomediscovery.com/contact-us/" "Mediapartners-Google"
66.249.66.162 - - [28/Apr/2026:04:18:58 +0000] "GET /wp-content/plugins/jetpack/jetpack_vendor/automattic/jetpack-forms/dist/contact-form/css/grunion.css?ver=15.7.1 HTTP/1.1" 200 6650 "https://smarthomediscovery.com/contact-us/" "Mediapartners-Google"
192.0.84.117 - - [28/Apr/2026:04:19:20 +0000] "HEAD / HTTP/1.1" 200 - "-" "jetmon/1.0 (Jetpack Site Uptime Monitor by WordPress.com)"
139.59.100.69 - - [28/Apr/2026:04:19:23 +0000] "GET /need-to-better-your-home-security-read-this/is_your_home_boring_try_these_home_improvement_tips_for_success.jpg HTTP/1.1" 301 - "https://smarthomediscovery.com/" "Mozilla/5.0 (Windows NT 10.0; Win64; x64) AppleWebKit/537.36 (KHTML, like Gecko) Chrome/124.0.0.0 Safari/537.36"
