20.255.80.192 - - [27/Apr/2026:22:32:57 +0000] "GET /as.php HTTP/1.1" 404 12786 "-" "Mozilla/5.0 (Windows NT 10.0; Win64; x64) AppleWebKit/537.36 (KHTML, like Gecko) Chrome/120.0.0.0 Safari/537.36"
20.255.80.192 - - [27/Apr/2026:22:32:59 +0000] "GET /wp-trackback.php HTTP/1.1" 404 130 "-" "Mozilla/5.0 (Windows NT 10.0; Win64; x64) AppleWebKit/537.36 (KHTML, like Gecko) Chrome/120.0.0.0 Safari/537.36"
20.255.80.192 - - [27/Apr/2026:22:32:59 +0000] "GET /about.php HTTP/1.1" 404 12788 "-" "Mozilla/5.0 (Windows NT 10.0; Win64; x64) AppleWebKit/537.36 (KHTML, like Gecko) Chrome/120.0.0.0 Safari/537.36"
20.255.80.192 - - [27/Apr/2026:22:33:01 +0000] "GET /file.php HTTP/1.1" 404 12787 "-" "Mozilla/5.0 (Windows NT 10.0; Win64; x64) AppleWebKit/537.36 (KHTML, like Gecko) Chrome/120.0.0.0 Safari/537.36"
20.255.80.192 - - [27/Apr/2026:22:33:02 +0000] "GET /adminfuns.php HTTP/1.1" 404 12791 "-" "Mozilla/5.0 (Windows NT 10.0; Win64; x64) AppleWebKit/537.36 (KHTML, like Gecko) Chrome/120.0.0.0 Safari/537.36"
20.255.80.192 - - [27/Apr/2026:22:33:03 +0000] "GET /wp-good.php HTTP/1.1" 404 12789 "-" "Mozilla/5.0 (Windows NT 10.0; Win64; x64) AppleWebKit/537.36 (KHTML, like Gecko) Chrome/120.0.0.0 Safari/537.36"
20.255.80.192 - - [27/Apr/2026:22:33:05 +0000] "GET /xmlrpc.php HTTP/1.1" 404 12790 "-" "Mozilla/5.0 (Windows NT 10.0; Win64; x64) AppleWebKit/537.36 (KHTML, like Gecko) Chrome/120.0.0.0 Safari/537.36"
20.255.80.192 - - [27/Apr/2026:22:33:06 +0000] "GET /goods.php HTTP/1.1" 404 12788 "-" "Mozilla/5.0 (Windows NT 10.0; Win64; x64) AppleWebKit/537.36 (KHTML, like Gecko) Chrome/120.0.0.0 Safari/537.36"
20.255.80.192 - - [27/Apr/2026:22:33:07 +0000] "GET /class-t.api.php HTTP/1.1" 404 12792 "-" "Mozilla/5.0 (Windows NT 10.0; Win64; x64) AppleWebKit/537.36 (KHTML, like Gecko) Chrome/120.0.0.0 Safari/537.36"
20.255.80.192 - - [27/Apr/2026:22:33:08 +0000] "GET /sf.php HTTP/1.1" 404 12786 "-" "Mozilla/5.0 (Windows NT 10.0; Win64; x64) AppleWebKit/537.36 (KHTML, like Gecko) Chrome/120.0.0.0 Safari/537.36"
184.94.212.206 - - [27/Apr/2026:22:33:11 +0000] "POST /wp-cron.php?doing_wp_cron=1777329191.0288960933685302734375 HTTP/1.1" 200 - "-" "WordPress/6.9.4; https://smarthomediscovery.com"
20.255.80.192 - - [27/Apr/2026:22:33:10 +0000] "GET /kbfr.php HTTP/1.1" 404 12788 "-" "Mozilla/5.0 (Windows NT 10.0; Win64; x64) AppleWebKit/537.36 (KHTML, like Gecko) Chrome/120.0.0.0 Safari/537.36"
20.255.80.192 - - [27/Apr/2026:22:33:11 +0000] "GET /autoload_classmap.php HTTP/1.1" 404 12795 "-" "Mozilla/5.0 (Windows NT 10.0; Win64; x64) AppleWebKit/537.36 (KHTML, like Gecko) Chrome/120.0.0.0 Safari/537.36"
20.255.80.192 - - [27/Apr/2026:22:33:12 +0000] "GET /chosen.php?p= HTTP/1.1" 301 - "-" "Mozilla/5.0 (Windows NT 10.0; Win64; x64) AppleWebKit/537.36 (KHTML, like Gecko) Chrome/120.0.0.0 Safari/537.36"
20.255.80.192 - - [27/Apr/2026:22:33:13 +0000] "GET /classwithtostring.php HTTP/1.1" 404 12792 "-" "Mozilla/5.0 (Windows NT 10.0; Win64; x64) AppleWebKit/537.36 (KHTML, like Gecko) Chrome/120.0.0.0 Safari/537.36"
20.255.80.192 - - [27/Apr/2026:22:33:14 +0000] "GET /defaults.php HTTP/1.1" 404 12788 "-" "Mozilla/5.0 (Windows NT 10.0; Win64; x64) AppleWebKit/537.36 (KHTML, like Gecko) Chrome/120.0.0.0 Safari/537.36"
20.255.80.192 - - [27/Apr/2026:22:33:16 +0000] "GET /.well-known/ HTTP/1.1" 404 12791 "-" "Mozilla/5.0 (Windows NT 10.0; Win64; x64) AppleWebKit/537.36 (KHTML, like Gecko) Chrome/120.0.0.0 Safari/537.36"
20.255.80.192 - - [27/Apr/2026:22:33:17 +0000] "GET /info.php HTTP/1.1" 404 12787 "-" "Mozilla/5.0 (Windows NT 10.0; Win64; x64) AppleWebKit/537.36 (KHTML, like Gecko) Chrome/120.0.0.0 Safari/537.36"
20.255.80.192 - - [27/Apr/2026:22:33:18 +0000] "GET /cgi-bin/ HTTP/1.1" 404 12789 "-" "Mozilla/5.0 (Windows NT 10.0; Win64; x64) AppleWebKit/537.36 (KHTML, like Gecko) Chrome/120.0.0.0 Safari/537.36"
20.255.80.192 - - [27/Apr/2026:22:33:19 +0000] "GET /wp-includes/Requests/src/Response/about.php HTTP/1.1" 404 12803 "-" "Mozilla/5.0 (Windows NT 10.0; Win64; x64) AppleWebKit/537.36 (KHTML, like Gecko) Chrome/120.0.0.0 Safari/537.36"
20.255.80.192 - - [27/Apr/2026:22:33:21 +0000] "GET /wp-includes/html-api/ HTTP/1.1" 404 12791 "-" "Mozilla/5.0 (Windows NT 10.0; Win64; x64) AppleWebKit/537.36 (KHTML, like Gecko) Chrome/120.0.0.0 Safari/537.36"
20.255.80.192 - - [27/Apr/2026:22:33:22 +0000] "GET /wp-content/admin.php HTTP/1.1" 404 12790 "-" "Mozilla/5.0 (Windows NT 10.0; Win64; x64) AppleWebKit/537.36 (KHTML, like Gecko) Chrome/120.0.0.0 Safari/537.36"
20.255.80.192 - - [27/Apr/2026:22:33:23 +0000] "GET /wp-admin/css/colors/ectoplasm/ HTTP/1.1" 404 12801 "-" "Mozilla/5.0 (Windows NT 10.0; Win64; x64) AppleWebKit/537.36 (KHTML, like Gecko) Chrome/120.0.0.0 Safari/537.36"
20.255.80.192 - - [27/Apr/2026:22:33:24 +0000] "GET /wp-content/uploads/ HTTP/1.1" 404 12786 "-" "Mozilla/5.0 (Windows NT 10.0; Win64; x64) AppleWebKit/537.36 (KHTML, like Gecko) Chrome/120.0.0.0 Safari/537.36"
20.255.80.192 - - [27/Apr/2026:22:33:26 +0000] "GET /wp-content/themes/admin.php HTTP/1.1" 404 12790 "-" "Mozilla/5.0 (Windows NT 10.0; Win64; x64) AppleWebKit/537.36 (KHTML, like Gecko) Chrome/120.0.0.0 Safari/537.36"
20.255.80.192 - - [27/Apr/2026:22:33:27 +0000] "GET /wp-content/themes/index.php HTTP/1.1" 301 - "-" "Mozilla/5.0 (Windows NT 10.0; Win64; x64) AppleWebKit/537.36 (KHTML, like Gecko) Chrome/120.0.0.0 Safari/537.36"
20.255.80.192 - - [27/Apr/2026:22:33:28 +0000] "GET /wp-content/plugins/index.php HTTP/1.1" 301 - "-" "Mozilla/5.0 (Windows NT 10.0; Win64; x64) AppleWebKit/537.36 (KHTML, like Gecko) Chrome/120.0.0.0 Safari/537.36"
20.255.80.192 - - [27/Apr/2026:22:33:29 +0000] "GET /wp-includes/PHPMailer/ HTTP/1.1" 404 12796 "-" "Mozilla/5.0 (Windows NT 10.0; Win64; x64) AppleWebKit/537.36 (KHTML, like Gecko) Chrome/120.0.0.0 Safari/537.36"
20.255.80.192 - - [27/Apr/2026:22:33:31 +0000] "GET /wp-includes/images/ HTTP/1.1" 404 12788 "-" "Mozilla/5.0 (Windows NT 10.0; Win64; x64) AppleWebKit/537.36 (KHTML, like Gecko) Chrome/120.0.0.0 Safari/537.36"
20.255.80.192 - - [27/Apr/2026:22:33:32 +0000] "GET /wp-content/plugins/WordPressCore/ HTTP/1.1" 404 12792 "-" "Mozilla/5.0 (Windows NT 10.0; Win64; x64) AppleWebKit/537.36 (KHTML, like Gecko) Chrome/120.0.0.0 Safari/537.36"
114.119.156.85 - - [27/Apr/2026:22:33:49 +0000] "GET /within-this-article-are-many-home-security-tips-you-need/?amp HTTP/1.1" 301 - "https://www.smarthomediscovery.com/within-this-article-are-many-home-security-tips-you-need/" "Mozilla/5.0 (Linux; Android 7.0;) AppleWebKit/537.36 (HTML, like Gecko) Mobile Safari/537.36 (compatible; PetalBot;+https://webmaster.petalsearch.com/site/petalbot)"
114.119.156.85 - - [27/Apr/2026:22:33:51 +0000] "GET /within-this-article-are-many-home-security-tips-you-need/?amp HTTP/1.1" 200 22412 "https://www.smarthomediscovery.com/within-this-article-are-many-home-security-tips-you-need/" "Mozilla/5.0 (Linux; Android 7.0;) AppleWebKit/537.36 (HTML, like Gecko) Mobile Safari/537.36 (compatible; PetalBot;+https://webmaster.petalsearch.com/site/petalbot)"
192.0.84.117 - - [27/Apr/2026:22:34:20 +0000] "HEAD / HTTP/1.1" 200 - "-" "jetmon/1.0 (Jetpack Site Uptime Monitor by WordPress.com)"
216.73.217.105 - - [27/Apr/2026:22:35:04 +0000] "GET /sitemap.xml HTTP/1.1" 200 305 "-" "Mozilla/5.0 AppleWebKit/537.36 (KHTML, like Gecko; compatible; ClaudeBot/1.0; +claudebot@anthropic.com)"
184.94.212.206 - - [27/Apr/2026:22:37:03 +0000] "POST /wp-cron.php?doing_wp_cron=1777329423.4318339824676513671875 HTTP/1.1" 200 - "-" "WordPress/6.9.4; https://smarthomediscovery.com"
57.141.18.20 - - [27/Apr/2026:22:37:01 +0000] "GET /tag/estate-investment-tips/feed/ HTTP/1.1" 200 8737 "-" "meta-externalagent/1.1 (+https://developers.facebook.com/docs/sharing/webmasters/crawler)"
184.94.212.206 - - [27/Apr/2026:22:38:48 +0000] "POST /wp-cron.php?doing_wp_cron=1777329528.0469961166381835937500 HTTP/1.1" 200 - "-" "WordPress/6.9.4; https://smarthomediscovery.com"
17.22.245.122 - - [27/Apr/2026:22:38:46 +0000] "GET /blog/page/2/?amp HTTP/1.1" 200 14689 "-" "Mozilla/5.0 (Macintosh; Intel Mac OS X 10_15_7) AppleWebKit/605.1.15 (KHTML, like Gecko) Version/17.4 Safari/605.1.15 (Applebot/0.1; +http://www.apple.com/go/applebot)"
47.128.55.239 - - [27/Apr/2026:22:39:18 +0000] "GET /comparison-charts/?noamp=mobile HTTP/1.1" 301 - "-" "Mozilla/5.0 (compatible; Bytespider; spider-feedback@bytedance.com) AppleWebKit/537.36 (KHTML, like Gecko) Chrome/70.0.0.0 Safari/537.36"
192.0.84.117 - - [27/Apr/2026:22:39:20 +0000] "HEAD / HTTP/1.1" 200 - "-" "jetmon/1.0 (Jetpack Site Uptime Monitor by WordPress.com)"
47.128.55.239 - - [27/Apr/2026:22:39:20 +0000] "GET /comparison-charts/?noamp=mobile HTTP/1.1" 200 14742 "-" "Mozilla/5.0 (compatible; Bytespider; spider-feedback@bytedance.com) AppleWebKit/537.36 (KHTML, like Gecko) Chrome/70.0.0.0 Safari/537.36"
47.128.55.239 - - [27/Apr/2026:22:39:21 +0000] "GET /wp-content/themes/magazine-pro/style.css?ver=3.2.4 HTTP/1.1" 200 8227 "https://smarthomediscovery.com/comparison-charts/?noamp=mobile" "Mozilla/5.0 (compatible; Bytespider; spider-feedback@bytedance.com) AppleWebKit/537.36 (KHTML, like Gecko) Chrome/70.0.0.0 Safari/537.36"
14.239.140.172 - - [27/Apr/2026:22:39:50 +0000] "GET /when-it-comes-to-securing-your-home-we-know-it-all/?share=x HTTP/1.1" 302 - "-" "Mozilla/5.0 (Windows NT 10.0) AppleWebKit/537.36 (KHTML, like Gecko) Chrome/66.0.3359.819 Safari/537.36"
57.141.18.85 - - [27/Apr/2026:22:41:15 +0000] "GET /category/professional-installation/page/2/?amp HTTP/1.1" 200 107923 "-" "meta-externalagent/1.1 (+https://developers.facebook.com/docs/sharing/webmasters/crawler)"
184.94.212.206 - - [27/Apr/2026:22:43:19 +0000] "POST /wp-cron.php?doing_wp_cron=1777329799.0702569484710693359375 HTTP/1.1" 200 - "-" "WordPress/6.9.4; https://smarthomediscovery.com"
47.128.55.199 - - [27/Apr/2026:22:43:17 +0000] "GET /tag/real-estate-investment/?amp HTTP/1.1" 301 - "-" "Mozilla/5.0 (compatible; Bytespider; spider-feedback@bytedance.com) AppleWebKit/537.36 (KHTML, like Gecko) Chrome/70.0.0.0 Safari/537.36"
47.128.55.199 - - [27/Apr/2026:22:43:20 +0000] "GET /tag/real-estate-investment/?amp HTTP/1.1" 200 15636 "-" "Mozilla/5.0 (compatible; Bytespider; spider-feedback@bytedance.com) AppleWebKit/537.36 (KHTML, like Gecko) Chrome/70.0.0.0 Safari/537.36"
192.0.84.117 - - [27/Apr/2026:22:44:19 +0000] "HEAD / HTTP/1.1" 200 - "-" "jetmon/1.0 (Jetpack Site Uptime Monitor by WordPress.com)"
17.22.245.253 - - [27/Apr/2026:22:44:26 +0000] "GET /wp-content/themes/magazine-pro/js/entry-date.js?ver=1.0.0 HTTP/1.1" 200 315 "https://smarthomediscovery.com/blog/page/2/?amp" "Mozilla/5.0 (Macintosh; Intel Mac OS X 10_15_7) AppleWebKit/605.1.15 (KHTML, like Gecko) Version/17.4 Safari/605.1.15 (Applebot/0.1; +http://www.apple.com/go/applebot)"
17.22.253.179 - - [27/Apr/2026:22:44:28 +0000] "GET /wp-content/themes/magazine-pro/style.css?ver=3.2.4 HTTP/1.1" 200 8227 "https://smarthomediscovery.com/blog/page/2/?amp" "Mozilla/5.0 (Macintosh; Intel Mac OS X 10_15_7) AppleWebKit/605.1.15 (KHTML, like Gecko) Version/17.4 Safari/605.1.15 (Applebot/0.1; +http://www.apple.com/go/applebot)"
17.22.253.92 - - [27/Apr/2026:22:44:30 +0000] "GET /wp-content/plugins/simple-social-icons/css/style.css?ver=4.0.0 HTTP/1.1" 200 461 "https://smarthomediscovery.com/blog/page/2/?amp" "Mozilla/5.0 (Macintosh; Intel Mac OS X 10_15_7) AppleWebKit/605.1.15 (KHTML, like Gecko) Version/17.4 Safari/605.1.15 (Applebot/0.1; +http://www.apple.com/go/applebot)"
17.22.237.145 - - [27/Apr/2026:22:44:31 +0000] "GET /wp-content/themes/genesis/lib/js/menu/superfish.min.js?ver=1.7.10 HTTP/1.1" 200 1894 "https://smarthomediscovery.com/blog/page/2/?amp" "Mozilla/5.0 (Macintosh; Intel Mac OS X 10_15_7) AppleWebKit/605.1.15 (KHTML, like Gecko) Version/17.4 Safari/605.1.15 (Applebot/0.1; +http://www.apple.com/go/applebot)"
17.22.237.176 - - [27/Apr/2026:22:44:33 +0000] "GET /wp-content/themes/genesis/lib/js/skip-links.min.js?ver=3.6.2 HTTP/1.1" 200 238 "https://smarthomediscovery.com/blog/page/2/?amp" "Mozilla/5.0 (Macintosh; Intel Mac OS X 10_15_7) AppleWebKit/605.1.15 (KHTML, like Gecko) Version/17.4 Safari/605.1.15 (Applebot/0.1; +http://www.apple.com/go/applebot)"
17.22.237.223 - - [27/Apr/2026:22:44:34 +0000] "GET /wp-content/themes/genesis/lib/js/menu/superfish.args.min.js?ver=3.6.2 HTTP/1.1" 200 124 "https://smarthomediscovery.com/blog/page/2/?amp" "Mozilla/5.0 (Macintosh; Intel Mac OS X 10_15_7) AppleWebKit/605.1.15 (KHTML, like Gecko) Version/17.4 Safari/605.1.15 (Applebot/0.1; +http://www.apple.com/go/applebot)"
17.22.245.128 - - [27/Apr/2026:22:44:35 +0000] "GET /wp-content/themes/magazine-pro/js/responsive-menus.min.js?ver=3.2.4 HTTP/1.1" 200 1420 "https://smarthomediscovery.com/blog/page/2/?amp" "Mozilla/5.0 (Macintosh; Intel Mac OS X 10_15_7) AppleWebKit/605.1.15 (KHTML, like Gecko) Version/17.4 Safari/605.1.15 (Applebot/0.1; +http://www.apple.com/go/applebot)"
17.22.237.39 - - [27/Apr/2026:22:44:36 +0000] "GET /wp-content/plugins/google-site-kit/dist/assets/js/googlesitekit-consent-mode-bc2e26cfa69fcd4a8261.js HTTP/1.1" 200 25395 "https://smarthomediscovery.com/blog/page/2/?amp" "Mozilla/5.0 (Macintosh; Intel Mac OS X 10_15_7) AppleWebKit/605.1.15 (KHTML, like Gecko) Version/17.4 Safari/605.1.15 (Applebot/0.1; +http://www.apple.com/go/applebot)"
17.22.245.21 - - [27/Apr/2026:22:44:37 +0000] "GET /wp-content/plugins/wp-consent-api/assets/js/wp-consent-api.min.js?ver=2.0.1 HTTP/1.1" 200 822 "https://smarthomediscovery.com/blog/page/2/?amp" "Mozilla/5.0 (Macintosh; Intel Mac OS X 10_15_7) AppleWebKit/605.1.15 (KHTML, like Gecko) Version/17.4 Safari/605.1.15 (Applebot/0.1; +http://www.apple.com/go/applebot)"
17.22.253.167 - - [27/Apr/2026:22:44:39 +0000] "GET /wp-includes/js/wp-emoji-release.min.js?ver=3ecf1c9d7f7353354cb882e5d4788626 HTTP/1.1" 200 5375 "https://smarthomediscovery.com/blog/page/2/?amp" "Mozilla/5.0 (Macintosh; Intel Mac OS X 10_15_7) AppleWebKit/605.1.15 (KHTML, like Gecko) Version/17.4 Safari/605.1.15 (Applebot/0.1; +http://www.apple.com/go/applebot)"
57.141.18.33 - - [27/Apr/2026:22:47:54 +0000] "GET /they-dont-want-you-to-have-these-home-security-secrets/?share=x HTTP/1.1" 302 - "-" "meta-externalagent/1.1 (+https://developers.facebook.com/docs/sharing/webmasters/crawler)"
184.94.212.206 - - [27/Apr/2026:22:49:21 +0000] "POST /wp-cron.php?doing_wp_cron=1777330161.8015689849853515625000 HTTP/1.1" 200 - "-" "WordPress/6.9.4; https://smarthomediscovery.com"
192.0.84.117 - - [27/Apr/2026:22:49:20 +0000] "HEAD / HTTP/1.1" 200 - "-" "jetmon/1.0 (Jetpack Site Uptime Monitor by WordPress.com)"
184.94.212.206 - - [27/Apr/2026:22:50:55 +0000] "POST /wp-cron.php?doing_wp_cron=1777330255.2093770503997802734375 HTTP/1.1" 200 - "-" "WordPress/6.9.4; https://smarthomediscovery.com"
114.119.157.177 - - [27/Apr/2026:22:50:53 +0000] "GET /useful-information-for-keeping-your-house-and-valuables-secure-2/?share=twitter&amp HTTP/1.1" 302 - "https://www.smarthomediscovery.com/useful-information-for-keeping-your-house-and-valuables-secure-2/?share=twitter" "Mozilla/5.0 (Linux; Android 7.0;) AppleWebKit/537.36 (HTML, like Gecko) Mobile Safari/537.36 (compatible; PetalBot;+https://webmaster.petalsearch.com/site/petalbot)"
184.94.212.206 - - [27/Apr/2026:22:54:21 +0000] "POST /wp-cron.php?doing_wp_cron=1777330461.4511020183563232421875 HTTP/1.1" 200 - "-" "WordPress/6.9.4; https://smarthomediscovery.com"
192.0.84.117 - - [27/Apr/2026:22:54:19 +0000] "HEAD / HTTP/1.1" 200 - "-" "jetmon/1.0 (Jetpack Site Uptime Monitor by WordPress.com)"
184.94.212.206 - - [27/Apr/2026:22:58:38 +0000] "POST /wp-cron.php?doing_wp_cron=1777330718.0208420753479003906250 HTTP/1.1" 200 - "-" "WordPress/6.9.4; https://smarthomediscovery.com"
20.92.73.174 - - [27/Apr/2026:22:58:36 +0000] "GET /inputs.php HTTP/1.1" 404 12792 "-" "Mozilla/5.0 (Windows NT 10.0; Win64; x64) AppleWebKit/537.36 (KHTML, like Gecko) Chrome/120.0.0.0 Safari/537.36"
20.92.73.174 - - [27/Apr/2026:22:58:38 +0000] "GET /ioxi-o.php HTTP/1.1" 404 12792 "-" "Mozilla/5.0 (Windows NT 10.0; Win64; x64) AppleWebKit/537.36 (KHTML, like Gecko) Chrome/120.0.0.0 Safari/537.36"
20.92.73.174 - - [27/Apr/2026:22:58:39 +0000] "GET /function/function.php HTTP/1.1" 404 12793 "-" "Mozilla/5.0 (Windows NT 10.0; Win64; x64) AppleWebKit/537.36 (KHTML, like Gecko) Chrome/120.0.0.0 Safari/537.36"
20.92.73.174 - - [27/Apr/2026:22:58:40 +0000] "GET /rip.php HTTP/1.1" 404 12789 "-" "Mozilla/5.0 (Windows NT 10.0; Win64; x64) AppleWebKit/537.36 (KHTML, like Gecko) Chrome/120.0.0.0 Safari/537.36"
20.92.73.174 - - [27/Apr/2026:22:58:42 +0000] "GET /admin.php HTTP/1.1" 404 12790 "-" "Mozilla/5.0 (Windows NT 10.0; Win64; x64) AppleWebKit/537.36 (KHTML, like Gecko) Chrome/120.0.0.0 Safari/537.36"
20.92.73.174 - - [27/Apr/2026:22:58:43 +0000] "GET /wp-content/uploads/index.php HTTP/1.1" 301 - "-" "Mozilla/5.0 (Windows NT 10.0; Win64; x64) AppleWebKit/537.36 (KHTML, like Gecko) Chrome/120.0.0.0 Safari/537.36"
20.92.73.174 - - [27/Apr/2026:22:58:44 +0000] "GET /cache.php HTTP/1.1" 404 12791 "-" "Mozilla/5.0 (Windows NT 10.0; Win64; x64) AppleWebKit/537.36 (KHTML, like Gecko) Chrome/120.0.0.0 Safari/537.36"
20.92.73.174 - - [27/Apr/2026:22:58:45 +0000] "GET /themes.php HTTP/1.1" 404 12790 "-" "Mozilla/5.0 (Windows NT 10.0; Win64; x64) AppleWebKit/537.36 (KHTML, like Gecko) Chrome/120.0.0.0 Safari/537.36"
20.92.73.174 - - [27/Apr/2026:22:58:46 +0000] "GET /an.php HTTP/1.1" 404 12789 "-" "Mozilla/5.0 (Windows NT 10.0; Win64; x64) AppleWebKit/537.36 (KHTML, like Gecko) Chrome/120.0.0.0 Safari/537.36"
20.92.73.174 - - [27/Apr/2026:22:58:48 +0000] "GET /index/function.php HTTP/1.1" 404 12795 "-" "Mozilla/5.0 (Windows NT 10.0; Win64; x64) AppleWebKit/537.36 (KHTML, like Gecko) Chrome/120.0.0.0 Safari/537.36"
20.92.73.174 - - [27/Apr/2026:22:58:49 +0000] "GET /randkeyword.PhP7 HTTP/1.1" 404 12801 "-" "Mozilla/5.0 (Windows NT 10.0; Win64; x64) AppleWebKit/537.36 (KHTML, like Gecko) Chrome/120.0.0.0 Safari/537.36"
20.92.73.174 - - [27/Apr/2026:22:58:50 +0000] "GET /ws.php HTTP/1.1" 404 12789 "-" "Mozilla/5.0 (Windows NT 10.0; Win64; x64) AppleWebKit/537.36 (KHTML, like Gecko) Chrome/120.0.0.0 Safari/537.36"
47.128.55.217 - - [27/Apr/2026:22:58:51 +0000] "GET /tips-to-help-you-find-the-right-home-security-strategy/?amp HTTP/1.1" 301 - "-" "Mozilla/5.0 (compatible; Bytespider; spider-feedback@bytedance.com) AppleWebKit/537.36 (KHTML, like Gecko) Chrome/70.0.0.0 Safari/537.36"
20.92.73.174 - - [27/Apr/2026:22:58:51 +0000] "GET /404.php HTTP/1.1" 404 12790 "-" "Mozilla/5.0 (Windows NT 10.0; Win64; x64) AppleWebKit/537.36 (KHTML, like Gecko) Chrome/120.0.0.0 Safari/537.36"
20.92.73.174 - - [27/Apr/2026:22:58:53 +0000] "GET /wp-admin/user.php HTTP/1.1" 404 12794 "-" "Mozilla/5.0 (Windows NT 10.0; Win64; x64) AppleWebKit/537.36 (KHTML, like Gecko) Chrome/120.0.0.0 Safari/537.36"
47.128.55.217 - - [27/Apr/2026:22:58:53 +0000] "GET /tips-to-help-you-find-the-right-home-security-strategy/?amp HTTP/1.1" 200 22041 "-" "Mozilla/5.0 (compatible; Bytespider; spider-feedback@bytedance.com) AppleWebKit/537.36 (KHTML, like Gecko) Chrome/70.0.0.0 Safari/537.36"
20.92.73.174 - - [27/Apr/2026:22:58:54 +0000] "GET /wp-conf.php HTTP/1.1" 404 12790 "-" "Mozilla/5.0 (Windows NT 10.0; Win64; x64) AppleWebKit/537.36 (KHTML, like Gecko) Chrome/120.0.0.0 Safari/537.36"
47.128.55.217 - - [27/Apr/2026:22:58:55 +0000] "GET /wp-content/themes/magazine-pro/style.css?ver=3.2.4 HTTP/1.1" 200 8227 "https://smarthomediscovery.com/tips-to-help-you-find-the-right-home-security-strategy/?amp" "Mozilla/5.0 (compatible; Bytespider; spider-feedback@bytedance.com) AppleWebKit/537.36 (KHTML, like Gecko) Chrome/70.0.0.0 Safari/537.36"
20.92.73.174 - - [27/Apr/2026:22:58:56 +0000] "GET /wp-content/themes/hideo/network.php HTTP/1.1" 404 12802 "-" "Mozilla/5.0 (Windows NT 10.0; Win64; x64) AppleWebKit/537.36 (KHTML, like Gecko) Chrome/120.0.0.0 Safari/537.36"
20.92.73.174 - - [27/Apr/2026:22:58:57 +0000] "GET /wp-login.php HTTP/1.1" 200 4168 "-" "Mozilla/5.0 (Windows NT 10.0; Win64; x64) AppleWebKit/537.36 (KHTML, like Gecko) Chrome/120.0.0.0 Safari/537.36"
20.92.73.174 - - [27/Apr/2026:22:58:59 +0000] "GET /abc.php HTTP/1.1" 404 12790 "-" "Mozilla/5.0 (Windows NT 10.0; Win64; x64) AppleWebKit/537.36 (KHTML, like Gecko) Chrome/120.0.0.0 Safari/537.36"
20.92.73.174 - - [27/Apr/2026:22:59:00 +0000] "GET /abcd.php HTTP/1.1" 404 12790 "-" "Mozilla/5.0 (Windows NT 10.0; Win64; x64) AppleWebKit/537.36 (KHTML, like Gecko) Chrome/120.0.0.0 Safari/537.36"
20.92.73.174 - - [27/Apr/2026:22:59:01 +0000] "GET /as.php HTTP/1.1" 404 12789 "-" "Mozilla/5.0 (Windows NT 10.0; Win64; x64) AppleWebKit/537.36 (KHTML, like Gecko) Chrome/120.0.0.0 Safari/537.36"
20.92.73.174 - - [27/Apr/2026:22:59:03 +0000] "GET /wp-trackback.php HTTP/1.1" 404 130 "-" "Mozilla/5.0 (Windows NT 10.0; Win64; x64) AppleWebKit/537.36 (KHTML, like Gecko) Chrome/120.0.0.0 Safari/537.36"
20.92.73.174 - - [27/Apr/2026:22:59:04 +0000] "GET /about.php HTTP/1.1" 404 12790 "-" "Mozilla/5.0 (Windows NT 10.0; Win64; x64) AppleWebKit/537.36 (KHTML, like Gecko) Chrome/120.0.0.0 Safari/537.36"
20.92.73.174 - - [27/Apr/2026:22:59:05 +0000] "GET /file.php HTTP/1.1" 404 12790 "-" "Mozilla/5.0 (Windows NT 10.0; Win64; x64) AppleWebKit/537.36 (KHTML, like Gecko) Chrome/120.0.0.0 Safari/537.36"
20.92.73.174 - - [27/Apr/2026:22:59:06 +0000] "GET /adminfuns.php HTTP/1.1" 404 12794 "-" "Mozilla/5.0 (Windows NT 10.0; Win64; x64) AppleWebKit/537.36 (KHTML, like Gecko) Chrome/120.0.0.0 Safari/537.36"
20.92.73.174 - - [27/Apr/2026:22:59:08 +0000] "GET /wp-good.php HTTP/1.1" 404 12792 "-" "Mozilla/5.0 (Windows NT 10.0; Win64; x64) AppleWebKit/537.36 (KHTML, like Gecko) Chrome/120.0.0.0 Safari/537.36"
20.92.73.174 - - [27/Apr/2026:22:59:09 +0000] "GET /xmlrpc.php HTTP/1.1" 404 12792 "-" "Mozilla/5.0 (Windows NT 10.0; Win64; x64) AppleWebKit/537.36 (KHTML, like Gecko) Chrome/120.0.0.0 Safari/537.36"
20.92.73.174 - - [27/Apr/2026:22:59:10 +0000] "GET /goods.php HTTP/1.1" 404 12791 "-" "Mozilla/5.0 (Windows NT 10.0; Win64; x64) AppleWebKit/537.36 (KHTML, like Gecko) Chrome/120.0.0.0 Safari/537.36"
20.92.73.174 - - [27/Apr/2026:22:59:11 +0000] "GET /class-t.api.php HTTP/1.1" 404 12794 "-" "Mozilla/5.0 (Windows NT 10.0; Win64; x64) AppleWebKit/537.36 (KHTML, like Gecko) Chrome/120.0.0.0 Safari/537.36"
20.92.73.174 - - [27/Apr/2026:22:59:13 +0000] "GET /sf.php HTTP/1.1" 404 12789 "-" "Mozilla/5.0 (Windows NT 10.0; Win64; x64) AppleWebKit/537.36 (KHTML, like Gecko) Chrome/120.0.0.0 Safari/537.36"
20.92.73.174 - - [27/Apr/2026:22:59:14 +0000] "GET /kbfr.php HTTP/1.1" 404 12791 "-" "Mozilla/5.0 (Windows NT 10.0; Win64; x64) AppleWebKit/537.36 (KHTML, like Gecko) Chrome/120.0.0.0 Safari/537.36"
20.92.73.174 - - [27/Apr/2026:22:59:15 +0000] "GET /autoload_classmap.php HTTP/1.1" 404 12799 "-" "Mozilla/5.0 (Windows NT 10.0; Win64; x64) AppleWebKit/537.36 (KHTML, like Gecko) Chrome/120.0.0.0 Safari/537.36"
20.92.73.174 - - [27/Apr/2026:22:59:17 +0000] "GET /chosen.php?p= HTTP/1.1" 301 - "-" "Mozilla/5.0 (Windows NT 10.0; Win64; x64) AppleWebKit/537.36 (KHTML, like Gecko) Chrome/120.0.0.0 Safari/537.36"
20.92.73.174 - - [27/Apr/2026:22:59:18 +0000] "GET /classwithtostring.php HTTP/1.1" 404 12795 "-" "Mozilla/5.0 (Windows NT 10.0; Win64; x64) AppleWebKit/537.36 (KHTML, like Gecko) Chrome/120.0.0.0 Safari/537.36"
192.0.84.117 - - [27/Apr/2026:22:59:18 +0000] "HEAD / HTTP/1.1" 200 - "-" "jetmon/1.0 (Jetpack Site Uptime Monitor by WordPress.com)"
20.92.73.174 - - [27/Apr/2026:22:59:19 +0000] "GET /defaults.php HTTP/1.1" 404 12790 "-" "Mozilla/5.0 (Windows NT 10.0; Win64; x64) AppleWebKit/537.36 (KHTML, like Gecko) Chrome/120.0.0.0 Safari/537.36"
20.92.73.174 - - [27/Apr/2026:22:59:20 +0000] "GET /.well-known/ HTTP/1.1" 404 12794 "-" "Mozilla/5.0 (Windows NT 10.0; Win64; x64) AppleWebKit/537.36 (KHTML, like Gecko) Chrome/120.0.0.0 Safari/537.36"
20.92.73.174 - - [27/Apr/2026:22:59:21 +0000] "GET /info.php HTTP/1.1" 404 12789 "-" "Mozilla/5.0 (Windows NT 10.0; Win64; x64) AppleWebKit/537.36 (KHTML, like Gecko) Chrome/120.0.0.0 Safari/537.36"
20.92.73.174 - - [27/Apr/2026:22:59:23 +0000] "GET /cgi-bin/ HTTP/1.1" 404 12792 "-" "Mozilla/5.0 (Windows NT 10.0; Win64; x64) AppleWebKit/537.36 (KHTML, like Gecko) Chrome/120.0.0.0 Safari/537.36"
20.92.73.174 - - [27/Apr/2026:22:59:24 +0000] "GET /wp-includes/Requests/src/Response/about.php HTTP/1.1" 404 12806 "-" "Mozilla/5.0 (Windows NT 10.0; Win64; x64) AppleWebKit/537.36 (KHTML, like Gecko) Chrome/120.0.0.0 Safari/537.36"
20.92.73.174 - - [27/Apr/2026:22:59:25 +0000] "GET /wp-includes/html-api/ HTTP/1.1" 404 12795 "-" "Mozilla/5.0 (Windows NT 10.0; Win64; x64) AppleWebKit/537.36 (KHTML, like Gecko) Chrome/120.0.0.0 Safari/537.36"
20.92.73.174 - - [27/Apr/2026:22:59:27 +0000] "GET /wp-content/admin.php HTTP/1.1" 404 12792 "-" "Mozilla/5.0 (Windows NT 10.0; Win64; x64) AppleWebKit/537.36 (KHTML, like Gecko) Chrome/120.0.0.0 Safari/537.36"
20.92.73.174 - - [27/Apr/2026:22:59:28 +0000] "GET /wp-admin/css/colors/ectoplasm/ HTTP/1.1" 404 12805 "-" "Mozilla/5.0 (Windows NT 10.0; Win64; x64) AppleWebKit/537.36 (KHTML, like Gecko) Chrome/120.0.0.0 Safari/537.36"
20.92.73.174 - - [27/Apr/2026:22:59:29 +0000] "GET /wp-content/uploads/ HTTP/1.1" 404 12790 "-" "Mozilla/5.0 (Windows NT 10.0; Win64; x64) AppleWebKit/537.36 (KHTML, like Gecko) Chrome/120.0.0.0 Safari/537.36"
20.92.73.174 - - [27/Apr/2026:22:59:30 +0000] "GET /wp-content/themes/admin.php HTTP/1.1" 404 12794 "-" "Mozilla/5.0 (Windows NT 10.0; Win64; x64) AppleWebKit/537.36 (KHTML, like Gecko) Chrome/120.0.0.0 Safari/537.36"
20.92.73.174 - - [27/Apr/2026:22:59:32 +0000] "GET /wp-content/themes/index.php HTTP/1.1" 301 - "-" "Mozilla/5.0 (Windows NT 10.0; Win64; x64) AppleWebKit/537.36 (KHTML, like Gecko) Chrome/120.0.0.0 Safari/537.36"
20.92.73.174 - - [27/Apr/2026:22:59:33 +0000] "GET /wp-content/plugins/index.php HTTP/1.1" 301 - "-" "Mozilla/5.0 (Windows NT 10.0; Win64; x64) AppleWebKit/537.36 (KHTML, like Gecko) Chrome/120.0.0.0 Safari/537.36"
20.92.73.174 - - [27/Apr/2026:22:59:34 +0000] "GET /wp-includes/PHPMailer/ HTTP/1.1" 404 12799 "-" "Mozilla/5.0 (Windows NT 10.0; Win64; x64) AppleWebKit/537.36 (KHTML, like Gecko) Chrome/120.0.0.0 Safari/537.36"
20.92.73.174 - - [27/Apr/2026:22:59:35 +0000] "GET /wp-includes/images/ HTTP/1.1" 404 12790 "-" "Mozilla/5.0 (Windows NT 10.0; Win64; x64) AppleWebKit/537.36 (KHTML, like Gecko) Chrome/120.0.0.0 Safari/537.36"
20.92.73.174 - - [27/Apr/2026:22:59:36 +0000] "GET /wp-content/plugins/WordPressCore/ HTTP/1.1" 404 12795 "-" "Mozilla/5.0 (Windows NT 10.0; Win64; x64) AppleWebKit/537.36 (KHTML, like Gecko) Chrome/120.0.0.0 Safari/537.36"
57.141.18.9 - - [27/Apr/2026:23:02:52 +0000] "GET /this-article-contains-all-the-home-security-answers-you-need/?share=x HTTP/1.1" 302 - "-" "meta-externalagent/1.1 (+https://developers.facebook.com/docs/sharing/webmasters/crawler)"
47.128.55.223 - - [27/Apr/2026:23:02:52 +0000] "GET /a-safe-home-can-be-yours/ HTTP/1.1" 200 21680 "-" "Mozilla/5.0 (compatible; Bytespider; spider-feedback@bytedance.com) AppleWebKit/537.36 (KHTML, like Gecko) Chrome/70.0.0.0 Safari/537.36"
216.73.217.105 - - [27/Apr/2026:23:03:54 +0000] "GET /news-sitemap.xml HTTP/1.1" 200 315 "-" "Mozilla/5.0 AppleWebKit/537.36 (KHTML, like Gecko; compatible; ClaudeBot/1.0; +claudebot@anthropic.com)"
192.0.84.117 - - [27/Apr/2026:23:04:19 +0000] "HEAD / HTTP/1.1" 200 - "-" "jetmon/1.0 (Jetpack Site Uptime Monitor by WordPress.com)"
184.94.212.206 - - [27/Apr/2026:23:06:50 +0000] "POST /wp-cron.php?doing_wp_cron=1777331210.6626629829406738281250 HTTP/1.1" 200 - "-" "WordPress/6.9.4; https://smarthomediscovery.com"
57.141.18.55 - - [27/Apr/2026:23:06:49 +0000] "GET /the-answers-to-all-your-home-security-questions/?share=x HTTP/1.1" 302 - "-" "meta-externalagent/1.1 (+https://developers.facebook.com/docs/sharing/webmasters/crawler)"
47.128.55.212 - - [27/Apr/2026:23:06:54 +0000] "GET /tag/security-firm/?noamp=mobile HTTP/1.1" 301 - "-" "Mozilla/5.0 (compatible; Bytespider; spider-feedback@bytedance.com) AppleWebKit/537.36 (KHTML, like Gecko) Chrome/70.0.0.0 Safari/537.36"
47.128.55.212 - - [27/Apr/2026:23:06:57 +0000] "GET /tag/security-firm/?noamp=mobile HTTP/1.1" 200 13944 "-" "Mozilla/5.0 (compatible; Bytespider; spider-feedback@bytedance.com) AppleWebKit/537.36 (KHTML, like Gecko) Chrome/70.0.0.0 Safari/537.36"
216.73.217.105 - - [27/Apr/2026:23:07:43 +0000] "GET /sitemap.xml HTTP/1.1" 200 305 "-" "Mozilla/5.0 AppleWebKit/537.36 (KHTML, like Gecko; compatible; ClaudeBot/1.0; +claudebot@anthropic.com)"
184.94.212.206 - - [27/Apr/2026:23:08:12 +0000] "POST /wp-cron.php?doing_wp_cron=1777331292.9487969875335693359375 HTTP/1.1" 200 - "-" "WordPress/6.9.4; https://smarthomediscovery.com"
114.119.156.85 - - [27/Apr/2026:23:08:11 +0000] "GET /try-out-some-of-this-important-home-security-advice?share=twitter&amp HTTP/1.1" 302 - "-" "Mozilla/5.0 (Linux; Android 7.0;) AppleWebKit/537.36 (HTML, like Gecko) Mobile Safari/537.36 (compatible; PetalBot;+https://webmaster.petalsearch.com/site/petalbot)"
192.0.84.117 - - [27/Apr/2026:23:09:20 +0000] "HEAD / HTTP/1.1" 200 - "-" "jetmon/1.0 (Jetpack Site Uptime Monitor by WordPress.com)"
184.94.212.206 - - [27/Apr/2026:23:10:54 +0000] "POST /wp-cron.php?doing_wp_cron=1777331454.5494139194488525390625 HTTP/1.1" 200 - "-" "WordPress/6.9.4; https://smarthomediscovery.com"
47.128.55.235 - - [27/Apr/2026:23:10:53 +0000] "GET /all-you-need-to-know-regarding-home-security-2/ HTTP/1.1" 301 - "-" "Mozilla/5.0 (compatible; Bytespider; spider-feedback@bytedance.com) AppleWebKit/537.36 (KHTML, like Gecko) Chrome/70.0.0.0 Safari/537.36"
47.128.55.235 - - [27/Apr/2026:23:10:56 +0000] "GET /all-you-need-to-know-regarding-home-security-2/ HTTP/1.1" 200 21453 "-" "Mozilla/5.0 (compatible; Bytespider; spider-feedback@bytedance.com) AppleWebKit/537.36 (KHTML, like Gecko) Chrome/70.0.0.0 Safari/537.36"
14.184.191.193 - - [27/Apr/2026:23:11:18 +0000] "GET /tag/tedswoodworking-review/?amp HTTP/1.1" 200 13889 "-" "Mozilla/5.0 (Macintosh; Intel Mac OS X 13.6; rv:132.0) Gecko/20100101 Firefox/132.0"
216.73.217.105 - - [27/Apr/2026:23:11:44 +0000] "GET /sitemap_index.xml HTTP/1.1" 200 347 "-" "Mozilla/5.0 AppleWebKit/537.36 (KHTML, like Gecko; compatible; ClaudeBot/1.0; +claudebot@anthropic.com)"
184.94.212.206 - - [27/Apr/2026:23:13:42 +0000] "POST /wp-cron.php?doing_wp_cron=1777331622.0123860836029052734375 HTTP/1.1" 200 - "-" "WordPress/6.9.4; https://smarthomediscovery.com"
216.73.217.105 - - [27/Apr/2026:23:13:40 +0000] "GET /sitemap.xml HTTP/1.1" 200 305 "-" "Mozilla/5.0 AppleWebKit/537.36 (KHTML, like Gecko; compatible; ClaudeBot/1.0; +claudebot@anthropic.com)"
192.0.84.117 - - [27/Apr/2026:23:14:20 +0000] "HEAD / HTTP/1.1" 200 - "-" "jetmon/1.0 (Jetpack Site Uptime Monitor by WordPress.com)"
47.128.55.220 - - [27/Apr/2026:23:14:54 +0000] "GET /tag/coffee-table/ HTTP/1.1" 200 13832 "-" "Mozilla/5.0 (compatible; Bytespider; spider-feedback@bytedance.com) AppleWebKit/537.36 (KHTML, like Gecko) Chrome/70.0.0.0 Safari/537.36"
184.94.212.206 - - [27/Apr/2026:23:18:59 +0000] "POST /wp-cron.php?doing_wp_cron=1777331939.1900770664215087890625 HTTP/1.1" 200 - "-" "WordPress/6.9.4; https://smarthomediscovery.com"
47.128.55.36 - - [27/Apr/2026:23:18:57 +0000] "GET /home-improvement-tips-and-tricks-you-should-know/ HTTP/1.1" 301 - "-" "Mozilla/5.0 (compatible; Bytespider; spider-feedback@bytedance.com) AppleWebKit/537.36 (KHTML, like Gecko) Chrome/70.0.0.0 Safari/537.36"
47.128.55.36 - - [27/Apr/2026:23:19:00 +0000] "GET /home-improvement-tips-and-tricks-you-should-know/ HTTP/1.1" 200 22410 "-" "Mozilla/5.0 (compatible; Bytespider; spider-feedback@bytedance.com) AppleWebKit/537.36 (KHTML, like Gecko) Chrome/70.0.0.0 Safari/537.36"
192.0.84.117 - - [27/Apr/2026:23:19:19 +0000] "HEAD / HTTP/1.1" 200 - "-" "jetmon/1.0 (Jetpack Site Uptime Monitor by WordPress.com)"
184.94.212.206 - - [27/Apr/2026:23:24:21 +0000] "POST /wp-cron.php?doing_wp_cron=1777332261.6368310451507568359375 HTTP/1.1" 200 - "-" "WordPress/6.9.4; https://smarthomediscovery.com"
192.0.84.117 - - [27/Apr/2026:23:24:20 +0000] "HEAD / HTTP/1.1" 200 - "-" "jetmon/1.0 (Jetpack Site Uptime Monitor by WordPress.com)"
114.119.153.38 - - [27/Apr/2026:23:25:12 +0000] "GET /try-out-some-of-this-important-home-security-advice/?share=facebook HTTP/1.1" 302 - "https://www.smarthomediscovery.com/try-out-some-of-this-important-home-security-advice/" "Mozilla/5.0 (Linux; Android 7.0;) AppleWebKit/537.36 (HTML, like Gecko) Mobile Safari/537.36 (compatible; PetalBot;+https://webmaster.petalsearch.com/site/petalbot)"
184.94.212.206 - - [27/Apr/2026:23:26:29 +0000] "POST /wp-cron.php?doing_wp_cron=1777332389.9148259162902832031250 HTTP/1.1" 200 - "-" "WordPress/6.9.4; https://smarthomediscovery.com"
57.141.18.96 - - [27/Apr/2026:23:26:28 +0000] "GET /this-article-contains-all-the-home-security-answers-you-need/?share=facebook HTTP/1.1" 302 - "-" "meta-externalagent/1.1 (+https://developers.facebook.com/docs/sharing/webmasters/crawler)"
184.94.212.206 - - [27/Apr/2026:23:29:22 +0000] "POST /wp-cron.php?doing_wp_cron=1777332562.4360799789428710937500 HTTP/1.1" 200 - "-" "WordPress/6.9.4; https://smarthomediscovery.com"
192.0.84.117 - - [27/Apr/2026:23:29:19 +0000] "HEAD / HTTP/1.1" 200 - "-" "jetmon/1.0 (Jetpack Site Uptime Monitor by WordPress.com)"
184.94.212.206 - - [27/Apr/2026:23:30:55 +0000] "POST /wp-cron.php?doing_wp_cron=1777332655.6850960254669189453125 HTTP/1.1" 200 - "-" "WordPress/6.9.4; https://smarthomediscovery.com"
142.44.233.56 - - [27/Apr/2026:23:30:54 +0000] "GET /robots.txt HTTP/1.1" 200 150 "-" "Mozilla/5.0 (compatible; AhrefsBot/7.0; +http://ahrefs.com/robot/)"
148.113.130.144 - - [27/Apr/2026:23:30:57 +0000] "GET /getting-the-most-out-of-your-real-estate-investments-3/ HTTP/1.1" 200 20910 "-" "Mozilla/5.0 (compatible; AhrefsBot/7.0; +http://ahrefs.com/robot/)"
192.0.84.117 - - [27/Apr/2026:23:34:19 +0000] "HEAD / HTTP/1.1" 200 - "-" "jetmon/1.0 (Jetpack Site Uptime Monitor by WordPress.com)"
184.94.212.206 - - [27/Apr/2026:23:39:22 +0000] "POST /wp-cron.php?doing_wp_cron=1777333162.8651890754699707031250 HTTP/1.1" 200 - "-" "WordPress/6.9.4; https://smarthomediscovery.com"
192.0.84.117 - - [27/Apr/2026:23:39:20 +0000] "HEAD / HTTP/1.1" 200 - "-" "jetmon/1.0 (Jetpack Site Uptime Monitor by WordPress.com)"
57.141.18.59 - - [27/Apr/2026:23:41:18 +0000] "GET /how_to_approach_home_security_in_todays_world-jpg/ HTTP/1.1" 301 - "-" "meta-externalagent/1.1 (+https://developers.facebook.com/docs/sharing/webmasters/crawler)"
114.119.157.177 - - [27/Apr/2026:23:42:33 +0000] "GET /try-out-some-of-this-important-home-security-advice/?noamp=mobile HTTP/1.1" 301 - "https://www.smarthomediscovery.com/try-out-some-of-this-important-home-security-advice/?amp" "Mozilla/5.0 (Linux; Android 7.0;) AppleWebKit/537.36 (HTML, like Gecko) Mobile Safari/537.36 (compatible; PetalBot;+https://webmaster.petalsearch.com/site/petalbot)"
114.119.157.177 - - [27/Apr/2026:23:42:37 +0000] "GET /try-out-some-of-this-important-home-security-advice/?noamp=mobile HTTP/1.1" 200 22225 "https://www.smarthomediscovery.com/try-out-some-of-this-important-home-security-advice/?amp" "Mozilla/5.0 (Linux; Android 7.0;) AppleWebKit/537.36 (HTML, like Gecko) Mobile Safari/537.36 (compatible; PetalBot;+https://webmaster.petalsearch.com/site/petalbot)"
184.94.212.206 - - [27/Apr/2026:23:54:59 +0000] "POST /wp-cron.php?doing_wp_cron=1777334099.1310079097747802734375 HTTP/1.1" 200 - "-" "WordPress/6.9.4; https://smarthomediscovery.com"
57.141.18.80 - - [27/Apr/2026:23:54:58 +0000] "GET /if-youre-seeking-out-the-best-secrets-about-real-estate-investing-read-this/?share=x HTTP/1.1" 302 - "-" "meta-externalagent/1.1 (+https://developers.facebook.com/docs/sharing/webmasters/crawler)"
184.94.212.206 - - [27/Apr/2026:23:56:23 +0000] "POST /wp-cron.php?doing_wp_cron=1777334183.4837539196014404296875 HTTP/1.1" 200 - "-" "WordPress/6.9.4; https://smarthomediscovery.com"
47.128.55.241 - - [27/Apr/2026:23:56:22 +0000] "GET /product-recommendations/ HTTP/1.1" 301 - "-" "Mozilla/5.0 (compatible; Bytespider; spider-feedback@bytedance.com) AppleWebKit/537.36 (KHTML, like Gecko) Chrome/70.0.0.0 Safari/537.36"
47.128.55.241 - - [27/Apr/2026:23:56:24 +0000] "GET /product-recommendations/ HTTP/1.1" 200 14739 "-" "Mozilla/5.0 (compatible; Bytespider; spider-feedback@bytedance.com) AppleWebKit/537.36 (KHTML, like Gecko) Chrome/70.0.0.0 Safari/537.36"
113.176.130.196 - - [27/Apr/2026:23:58:43 +0000] "GET /tips-to-assist-homeowners-with-home-security/?share=facebook HTTP/1.1" 302 - "-" "Mozilla/5.0 (Windows NT 10.0) AppleWebKit/537.36 (KHTML, like Gecko) Brave Chrome/87.0.4280.88 Safari/537.36"
145.223.131.200 - - [27/Apr/2026:23:59:16 +0000] "GET /settings HTTP/1.1" 301 - "-" "Mozilla/5.0 (Macintosh; Intel Mac OS X 10_15_7) AppleWebKit/537.36 (KHTML, like Gecko) Chrome/120.0.0.0 Safari/537.36"
145.223.131.200 - - [27/Apr/2026:23:59:18 +0000] "GET /settings HTTP/1.1" 404 12785 "-" "Mozilla/5.0 (Macintosh; Intel Mac OS X 10_15_7) AppleWebKit/537.36 (KHTML, like Gecko) Chrome/120.0.0.0 Safari/537.36"
192.0.84.117 - - [27/Apr/2026:23:59:20 +0000] "HEAD / HTTP/1.1" 200 - "-" "jetmon/1.0 (Jetpack Site Uptime Monitor by WordPress.com)"
114.119.159.19 - - [27/Apr/2026:23:59:37 +0000] "GET /try-out-some-of-this-important-home-security-advice/?amp HTTP/1.1" 301 - "https://www.smarthomediscovery.com/try-out-some-of-this-important-home-security-advice/" "Mozilla/5.0 (Linux; Android 7.0;) AppleWebKit/537.36 (HTML, like Gecko) Mobile Safari/537.36 (compatible; PetalBot;+https://webmaster.petalsearch.com/site/petalbot)"
114.119.159.19 - - [27/Apr/2026:23:59:39 +0000] "GET /try-out-some-of-this-important-home-security-advice/?amp HTTP/1.1" 200 22180 "https://www.smarthomediscovery.com/try-out-some-of-this-important-home-security-advice/" "Mozilla/5.0 (Linux; Android 7.0;) AppleWebKit/537.36 (HTML, like Gecko) Mobile Safari/537.36 (compatible; PetalBot;+https://webmaster.petalsearch.com/site/petalbot)"
184.94.212.206 - - [28/Apr/2026:00:00:25 +0000] "POST /wp-cron.php?doing_wp_cron=1777334425.3562679290771484375000 HTTP/1.1" 200 - "-" "WordPress/6.9.4; https://smarthomediscovery.com"
47.128.55.32 - - [28/Apr/2026:00:00:23 +0000] "GET /blog/page/14/ HTTP/1.1" 301 - "-" "Mozilla/5.0 (compatible; Bytespider; spider-feedback@bytedance.com) AppleWebKit/537.36 (KHTML, like Gecko) Chrome/70.0.0.0 Safari/537.36"
47.128.55.32 - - [28/Apr/2026:00:00:28 +0000] "GET /blog/page/14/ HTTP/1.1" 200 14691 "-" "Mozilla/5.0 (compatible; Bytespider; spider-feedback@bytedance.com) AppleWebKit/537.36 (KHTML, like Gecko) Chrome/70.0.0.0 Safari/537.36"
184.94.212.206 - - [28/Apr/2026:00:03:53 +0000] "POST /wp-cron.php?doing_wp_cron=1777334633.0290749073028564453125 HTTP/1.1" 200 - "-" "WordPress/6.9.4; https://smarthomediscovery.com"
14.231.88.207 - - [28/Apr/2026:00:03:51 +0000] "GET /in-a-home-security-mess-clean-it-up-with-these-tips/ HTTP/1.1" 200 21791 "-" "Mozilla/5.0 (Windows NT 10.0; WOW64) AppleWebKit/537.36 (KHTML, like Gecko) Chrome/91.0.4472.101 Safari/537.36"
192.0.84.117 - - [28/Apr/2026:00:04:20 +0000] "HEAD / HTTP/1.1" 200 - "-" "jetmon/1.0 (Jetpack Site Uptime Monitor by WordPress.com)"
47.128.55.43 - - [28/Apr/2026:00:04:22 +0000] "GET /tag/energy-bills/?noamp=mobile HTTP/1.1" 301 - "-" "Mozilla/5.0 (compatible; Bytespider; spider-feedback@bytedance.com) AppleWebKit/537.36 (KHTML, like Gecko) Chrome/70.0.0.0 Safari/537.36"
47.128.55.43 - - [28/Apr/2026:00:04:24 +0000] "GET /tag/energy-bills/?noamp=mobile HTTP/1.1" 200 13938 "-" "Mozilla/5.0 (compatible; Bytespider; spider-feedback@bytedance.com) AppleWebKit/537.36 (KHTML, like Gecko) Chrome/70.0.0.0 Safari/537.36"
184.94.212.206 - - [28/Apr/2026:00:06:48 +0000] "POST /wp-cron.php?doing_wp_cron=1777334808.2325909137725830078125 HTTP/1.1" 200 - "-" "WordPress/6.9.4; https://smarthomediscovery.com"
17.246.23.148 - - [28/Apr/2026:00:06:47 +0000] "GET /have_questions_about_real_estate_investing_find_answers_here-jpg/ HTTP/1.1" 301 - "-" "Mozilla/5.0 (Macintosh; Intel Mac OS X 10_15_7) AppleWebKit/605.1.15 (KHTML, like Gecko) Version/17.4 Safari/605.1.15 (Applebot/0.1; +http://www.apple.com/go/applebot)"
17.246.23.148 - - [28/Apr/2026:00:06:48 +0000] "GET /wp-content/uploads/2020/04/have_questions_about_real_estate_investing_find_answers_here.jpg HTTP/1.1" 200 47010 "-" "Mozilla/5.0 (Macintosh; Intel Mac OS X 10_15_7) AppleWebKit/605.1.15 (KHTML, like Gecko) Version/17.4 Safari/605.1.15 (Applebot/0.1; +http://www.apple.com/go/applebot)"
184.94.212.206 - - [28/Apr/2026:00:08:21 +0000] "POST /wp-cron.php?doing_wp_cron=1777334901.6501419544219970703125 HTTP/1.1" 200 - "-" "WordPress/6.9.4; https://smarthomediscovery.com"
57.141.18.67 - - [28/Apr/2026:00:08:20 +0000] "GET /pamper_your_home_with_improvement_ideas_and_tips-jpg/ HTTP/1.1" 301 - "-" "meta-externalagent/1.1 (+https://developers.facebook.com/docs/sharing/webmasters/crawler)"
47.128.55.47 - - [28/Apr/2026:00:08:24 +0000] "GET /everything-you-need-to-know-about-real-estate-investing/?noamp=mobile HTTP/1.1" 301 - "-" "Mozilla/5.0 (compatible; Bytespider; spider-feedback@bytedance.com) AppleWebKit/537.36 (KHTML, like Gecko) Chrome/70.0.0.0 Safari/537.36"
47.128.55.47 - - [28/Apr/2026:00:08:26 +0000] "GET /everything-you-need-to-know-about-real-estate-investing/?noamp=mobile HTTP/1.1" 200 21010 "-" "Mozilla/5.0 (compatible; Bytespider; spider-feedback@bytedance.com) AppleWebKit/537.36 (KHTML, like Gecko) Chrome/70.0.0.0 Safari/537.36"
192.0.84.117 - - [28/Apr/2026:00:09:19 +0000] "HEAD / HTTP/1.1" 200 - "-" "jetmon/1.0 (Jetpack Site Uptime Monitor by WordPress.com)"
52.71.216.196 - - [28/Apr/2026:00:10:11 +0000] "GET /this-is-the-article-for-you-if-you-want-to-learn-about-real-estate-investing/ HTTP/1.1" 200 21742 "-" "Mozilla/5.0 AppleWebKit/537.36 (KHTML, like Gecko; compatible; Amazonbot/0.1; +https://developer.amazon.com/support/amazonbot) Chrome/119.0.6045.214 Safari/537.36"
184.94.212.206 - - [28/Apr/2026:00:12:16 +0000] "POST /wp-cron.php?doing_wp_cron=1777335136.8299798965454101562500 HTTP/1.1" 200 - "-" "WordPress/6.9.4; https://smarthomediscovery.com"
54.39.6.174 - - [28/Apr/2026:00:12:13 +0000] "GET /look-after-your-home-with-these-awesome-home-security-tips/ HTTP/1.1" 200 22037 "-" "Mozilla/5.0 (compatible; AhrefsBot/7.0; +http://ahrefs.com/robot/)"
47.128.55.211 - - [28/Apr/2026:00:12:25 +0000] "GET /tag/garage-doors/?noamp=mobile HTTP/1.1" 301 - "-" "Mozilla/5.0 (compatible; Bytespider; spider-feedback@bytedance.com) AppleWebKit/537.36 (KHTML, like Gecko) Chrome/70.0.0.0 Safari/537.36"
92.118.39.29 - - [28/Apr/2026:00:12:27 +0000] "GET /.git/config HTTP/1.1" 404 12794 "-" "Mozilla/5.0 (ZZ; Linux i686) AppleWebKit/537.36 (KHTML, like Gecko) Chrome/142.0.0.0 Safari/537.36"
47.128.55.211 - - [28/Apr/2026:00:12:28 +0000] "GET /tag/garage-doors/?noamp=mobile HTTP/1.1" 200 14133 "-" "Mozilla/5.0 (compatible; Bytespider; spider-feedback@bytedance.com) AppleWebKit/537.36 (KHTML, like Gecko) Chrome/70.0.0.0 Safari/537.36"
184.94.212.206 - - [28/Apr/2026:00:13:35 +0000] "POST /wp-cron.php?doing_wp_cron=1777335215.7094109058380126953125 HTTP/1.1" 200 - "-" "WordPress/6.9.4; https://smarthomediscovery.com"
17.246.19.86 - - [28/Apr/2026:00:13:34 +0000] "GET /tag/information-presented/feed/ HTTP/1.1" 200 3420 "-" "Mozilla/5.0 (Macintosh; Intel Mac OS X 10_15_7) AppleWebKit/605.1.15 (KHTML, like Gecko) Version/17.4 Safari/605.1.15 (Applebot/0.1; +http://www.apple.com/go/applebot)"
192.0.84.117 - - [28/Apr/2026:00:14:20 +0000] "HEAD / HTTP/1.1" 200 - "-" "jetmon/1.0 (Jetpack Site Uptime Monitor by WordPress.com)"
184.94.212.206 - - [28/Apr/2026:00:16:53 +0000] "POST /wp-cron.php?doing_wp_cron=1777335413.2161910533905029296875 HTTP/1.1" 200 - "-" "WordPress/6.9.4; https://smarthomediscovery.com"
114.119.153.38 - - [28/Apr/2026:00:16:51 +0000] "GET /try-out-some-of-this-important-home-security-advice/ HTTP/1.1" 301 - "https://www.smarthomediscovery.com/author/h0tn1ch3s/page/11/" "Mozilla/5.0 (Linux; Android 7.0;) AppleWebKit/537.36 (HTML, like Gecko) Mobile Safari/537.36 (compatible; PetalBot;+https://webmaster.petalsearch.com/site/petalbot)"
114.119.153.38 - - [28/Apr/2026:00:16:54 +0000] "GET /try-out-some-of-this-important-home-security-advice/ HTTP/1.1" 200 22174 "https://www.smarthomediscovery.com/author/h0tn1ch3s/page/11/" "Mozilla/5.0 (Linux; Android 7.0;) AppleWebKit/537.36 (HTML, like Gecko) Mobile Safari/537.36 (compatible; PetalBot;+https://webmaster.petalsearch.com/site/petalbot)"
184.94.212.206 - - [28/Apr/2026:00:19:22 +0000] "POST /wp-cron.php?doing_wp_cron=1777335562.6603040695190429687500 HTTP/1.1" 200 - "-" "WordPress/6.9.4; https://smarthomediscovery.com"
192.0.84.117 - - [28/Apr/2026:00:19:21 +0000] "HEAD / HTTP/1.1" 200 - "-" "jetmon/1.0 (Jetpack Site Uptime Monitor by WordPress.com)"
184.94.212.206 - - [28/Apr/2026:00:24:20 +0000] "POST /wp-cron.php?doing_wp_cron=1777335860.4105629920959472656250 HTTP/1.1" 200 - "-" "WordPress/6.9.4; https://smarthomediscovery.com"
192.0.84.117 - - [28/Apr/2026:00:24:18 +0000] "HEAD / HTTP/1.1" 200 - "-" "jetmon/1.0 (Jetpack Site Uptime Monitor by WordPress.com)"
14.249.200.84 - - [28/Apr/2026:00:24:36 +0000] "GET /home-security-tips-you-must-know/ HTTP/1.1" 200 20911 "-" "Mozilla/5.0 (Macintosh; Intel Mac OS X 10_15_5) AppleWebKit/537.36 (KHTML, like Gecko) Chrome/90.0.4430.93 Safari/537.36"
17.22.237.181 - - [28/Apr/2026:00:24:37 +0000] "GET /check-out-these-good-home-security-tips-2/?amp HTTP/1.1" 200 21399 "-" "Mozilla/5.0 (Macintosh; Intel Mac OS X 10_15_7) AppleWebKit/605.1.15 (KHTML, like Gecko) Version/17.4 Safari/605.1.15 (Applebot/0.1; +http://www.apple.com/go/applebot)"
17.22.245.128 - - [28/Apr/2026:00:27:34 +0000] "GET /wp-content/themes/genesis/lib/js/menu/superfish.args.min.js?ver=3.6.2 HTTP/1.1" 200 124 "https://smarthomediscovery.com/check-out-these-good-home-security-tips-2/?amp" "Mozilla/5.0 (Macintosh; Intel Mac OS X 10_15_7) AppleWebKit/605.1.15 (KHTML, like Gecko) Version/17.4 Safari/605.1.15 (Applebot/0.1; +http://www.apple.com/go/applebot)"
17.22.253.205 - - [28/Apr/2026:00:27:36 +0000] "GET /wp-content/themes/magazine-pro/style.css?ver=3.2.4 HTTP/1.1" 200 8227 "https://smarthomediscovery.com/check-out-these-good-home-security-tips-2/?amp" "Mozilla/5.0 (Macintosh; Intel Mac OS X 10_15_7) AppleWebKit/605.1.15 (KHTML, like Gecko) Version/17.4 Safari/605.1.15 (Applebot/0.1; +http://www.apple.com/go/applebot)"
17.22.245.33 - - [28/Apr/2026:00:27:37 +0000] "GET /wp-content/plugins/simple-social-icons/css/style.css?ver=4.0.0 HTTP/1.1" 200 461 "https://smarthomediscovery.com/check-out-these-good-home-security-tips-2/?amp" "Mozilla/5.0 (Macintosh; Intel Mac OS X 10_15_7) AppleWebKit/605.1.15 (KHTML, like Gecko) Version/17.4 Safari/605.1.15 (Applebot/0.1; +http://www.apple.com/go/applebot)"
17.22.253.164 - - [28/Apr/2026:00:27:39 +0000] "GET /wp-content/themes/magazine-pro/js/entry-date.js?ver=1.0.0 HTTP/1.1" 200 315 "https://smarthomediscovery.com/check-out-these-good-home-security-tips-2/?amp" "Mozilla/5.0 (Macintosh; Intel Mac OS X 10_15_7) AppleWebKit/605.1.15 (KHTML, like Gecko) Version/17.4 Safari/605.1.15 (Applebot/0.1; +http://www.apple.com/go/applebot)"
17.22.237.137 - - [28/Apr/2026:00:27:40 +0000] "GET /wp-content/themes/genesis/lib/js/menu/superfish.min.js?ver=1.7.10 HTTP/1.1" 200 1894 "https://smarthomediscovery.com/check-out-these-good-home-security-tips-2/?amp" "Mozilla/5.0 (Macintosh; Intel Mac OS X 10_15_7) AppleWebKit/605.1.15 (KHTML, like Gecko) Version/17.4 Safari/605.1.15 (Applebot/0.1; +http://www.apple.com/go/applebot)"
17.22.237.95 - - [28/Apr/2026:00:27:42 +0000] "GET /wp-content/themes/genesis/lib/js/skip-links.min.js?ver=3.6.2 HTTP/1.1" 200 238 "https://smarthomediscovery.com/check-out-these-good-home-security-tips-2/?amp" "Mozilla/5.0 (Macintosh; Intel Mac OS X 10_15_7) AppleWebKit/605.1.15 (KHTML, like Gecko) Version/17.4 Safari/605.1.15 (Applebot/0.1; +http://www.apple.com/go/applebot)"
17.22.253.137 - - [28/Apr/2026:00:27:43 +0000] "GET /wp-content/themes/magazine-pro/js/responsive-menus.min.js?ver=3.2.4 HTTP/1.1" 200 1420 "https://smarthomediscovery.com/check-out-these-good-home-security-tips-2/?amp" "Mozilla/5.0 (Macintosh; Intel Mac OS X 10_15_7) AppleWebKit/605.1.15 (KHTML, like Gecko) Version/17.4 Safari/605.1.15 (Applebot/0.1; +http://www.apple.com/go/applebot)"
17.22.253.86 - - [28/Apr/2026:00:27:44 +0000] "GET /wp-content/plugins/google-site-kit/dist/assets/js/googlesitekit-consent-mode-bc2e26cfa69fcd4a8261.js HTTP/1.1" 200 25395 "https://smarthomediscovery.com/check-out-these-good-home-security-tips-2/?amp" "Mozilla/5.0 (Macintosh; Intel Mac OS X 10_15_7) AppleWebKit/605.1.15 (KHTML, like Gecko) Version/17.4 Safari/605.1.15 (Applebot/0.1; +http://www.apple.com/go/applebot)"
17.22.237.128 - - [28/Apr/2026:00:27:45 +0000] "GET /wp-content/plugins/wp-consent-api/assets/js/wp-consent-api.min.js?ver=2.0.1 HTTP/1.1" 200 822 "https://smarthomediscovery.com/check-out-these-good-home-security-tips-2/?amp" "Mozilla/5.0 (Macintosh; Intel Mac OS X 10_15_7) AppleWebKit/605.1.15 (KHTML, like Gecko) Version/17.4 Safari/605.1.15 (Applebot/0.1; +http://www.apple.com/go/applebot)"
17.22.237.202 - - [28/Apr/2026:00:27:46 +0000] "GET /wp-content/plugins/jetpack/_inc/blocks/subscriptions/view.js?minify=false&ver=15.7.1 HTTP/1.1" 200 2286 "https://smarthomediscovery.com/check-out-these-good-home-security-tips-2/?amp" "Mozilla/5.0 (Macintosh; Intel Mac OS X 10_15_7) AppleWebKit/605.1.15 (KHTML, like Gecko) Version/17.4 Safari/605.1.15 (Applebot/0.1; +http://www.apple.com/go/applebot)"
17.22.253.201 - - [28/Apr/2026:00:27:48 +0000] "GET /wp-includes/js/wp-emoji-release.min.js?ver=3ecf1c9d7f7353354cb882e5d4788626 HTTP/1.1" 200 5375 "https://smarthomediscovery.com/check-out-these-good-home-security-tips-2/?amp" "Mozilla/5.0 (Macintosh; Intel Mac OS X 10_15_7) AppleWebKit/605.1.15 (KHTML, like Gecko) Version/17.4 Safari/605.1.15 (Applebot/0.1; +http://www.apple.com/go/applebot)"
