17.246.19.233 - - [27/Apr/2026:17:53:42 +0000] "GET /wp-content/themes/genesis/lib/js/skip-links.min.js?ver=3.6.2 HTTP/1.1" 200 238 "https://smarthomediscovery.com/tag/investment-properties/?amp" "Mozilla/5.0 (Macintosh; Intel Mac OS X 10_15_7) AppleWebKit/605.1.15 (KHTML, like Gecko) Version/17.4 Safari/605.1.15 (Applebot/0.1; +http://www.apple.com/go/applebot)"
17.246.15.91 - - [27/Apr/2026:17:53:44 +0000] "GET /wp-content/plugins/simple-social-icons/css/style.css?ver=4.0.0 HTTP/1.1" 200 461 "https://smarthomediscovery.com/tag/investment-properties/?amp" "Mozilla/5.0 (Macintosh; Intel Mac OS X 10_15_7) AppleWebKit/605.1.15 (KHTML, like Gecko) Version/17.4 Safari/605.1.15 (Applebot/0.1; +http://www.apple.com/go/applebot)"
17.246.19.126 - - [27/Apr/2026:17:53:45 +0000] "GET /wp-content/themes/genesis/lib/js/menu/superfish.min.js?ver=1.7.10 HTTP/1.1" 200 1894 "https://smarthomediscovery.com/tag/investment-properties/?amp" "Mozilla/5.0 (Macintosh; Intel Mac OS X 10_15_7) AppleWebKit/605.1.15 (KHTML, like Gecko) Version/17.4 Safari/605.1.15 (Applebot/0.1; +http://www.apple.com/go/applebot)"
17.246.19.237 - - [27/Apr/2026:17:53:47 +0000] "GET /wp-content/themes/genesis/lib/js/menu/superfish.args.min.js?ver=3.6.2 HTTP/1.1" 200 124 "https://smarthomediscovery.com/tag/investment-properties/?amp" "Mozilla/5.0 (Macintosh; Intel Mac OS X 10_15_7) AppleWebKit/605.1.15 (KHTML, like Gecko) Version/17.4 Safari/605.1.15 (Applebot/0.1; +http://www.apple.com/go/applebot)"
17.246.15.233 - - [27/Apr/2026:17:53:48 +0000] "GET /wp-content/themes/magazine-pro/js/responsive-menus.min.js?ver=3.2.4 HTTP/1.1" 200 1420 "https://smarthomediscovery.com/tag/investment-properties/?amp" "Mozilla/5.0 (Macintosh; Intel Mac OS X 10_15_7) AppleWebKit/605.1.15 (KHTML, like Gecko) Version/17.4 Safari/605.1.15 (Applebot/0.1; +http://www.apple.com/go/applebot)"
17.246.15.222 - - [27/Apr/2026:17:53:49 +0000] "GET /wp-content/plugins/google-site-kit/dist/assets/js/googlesitekit-consent-mode-bc2e26cfa69fcd4a8261.js HTTP/1.1" 200 25395 "https://smarthomediscovery.com/tag/investment-properties/?amp" "Mozilla/5.0 (Macintosh; Intel Mac OS X 10_15_7) AppleWebKit/605.1.15 (KHTML, like Gecko) Version/17.4 Safari/605.1.15 (Applebot/0.1; +http://www.apple.com/go/applebot)"
17.246.15.58 - - [27/Apr/2026:17:53:50 +0000] "GET /wp-content/plugins/wp-consent-api/assets/js/wp-consent-api.min.js?ver=2.0.1 HTTP/1.1" 200 822 "https://smarthomediscovery.com/tag/investment-properties/?amp" "Mozilla/5.0 (Macintosh; Intel Mac OS X 10_15_7) AppleWebKit/605.1.15 (KHTML, like Gecko) Version/17.4 Safari/605.1.15 (Applebot/0.1; +http://www.apple.com/go/applebot)"
17.246.19.50 - - [27/Apr/2026:17:53:51 +0000] "GET /wp-includes/js/wp-emoji-release.min.js?ver=3ecf1c9d7f7353354cb882e5d4788626 HTTP/1.1" 200 5375 "https://smarthomediscovery.com/tag/investment-properties/?amp" "Mozilla/5.0 (Macintosh; Intel Mac OS X 10_15_7) AppleWebKit/605.1.15 (KHTML, like Gecko) Version/17.4 Safari/605.1.15 (Applebot/0.1; +http://www.apple.com/go/applebot)"
184.94.212.206 - - [27/Apr/2026:17:54:23 +0000] "POST /wp-cron.php?doing_wp_cron=1777312462.5074129104614257812500 HTTP/1.1" 200 - "-" "WordPress/6.9.4; https://smarthomediscovery.com"
192.0.84.117 - - [27/Apr/2026:17:54:20 +0000] "HEAD / HTTP/1.1" 200 - "-" "jetmon/1.0 (Jetpack Site Uptime Monitor by WordPress.com)"
184.94.212.206 - - [27/Apr/2026:17:54:38 +0000] "POST /wp-cron.php?doing_wp_cron=1777312478.5153400897979736328125 HTTP/1.1" 200 - "-" "WordPress/6.9.4; https://smarthomediscovery.com"
157.55.39.58 - - [27/Apr/2026:17:54:34 +0000] "GET /?s= HTTP/1.1" 200 14548 "-" "Mozilla/5.0 AppleWebKit/537.36 (KHTML, like Gecko; compatible; bingbot/2.0; +http://www.bing.com/bingbot.htm) Chrome/116.0.1938.76 Safari/537.36"
184.94.212.206 - - [27/Apr/2026:17:55:52 +0000] "POST /wp-cron.php?doing_wp_cron=1777312552.4229691028594970703125 HTTP/1.1" 200 - "-" "WordPress/6.9.4; https://smarthomediscovery.com"
148.113.128.123 - - [27/Apr/2026:17:55:50 +0000] "GET /check-out-these-good-home-security-tips/ HTTP/1.1" 200 22186 "-" "Mozilla/5.0 (compatible; AhrefsBot/7.0; +http://ahrefs.com/robot/)"
184.94.212.206 - - [27/Apr/2026:17:57:32 +0000] "POST /wp-cron.php?doing_wp_cron=1777312652.5245289802551269531250 HTTP/1.1" 200 - "-" "WordPress/6.9.4; https://smarthomediscovery.com"
114.119.156.85 - - [27/Apr/2026:17:57:30 +0000] "GET /want-to-secure-your-home-read-this-first/?noamp=mobile HTTP/1.1" 301 - "https://www.smarthomediscovery.com/want-to-secure-your-home-read-this-first/?amp" "Mozilla/5.0 (Linux; Android 7.0;) AppleWebKit/537.36 (HTML, like Gecko) Mobile Safari/537.36 (compatible; PetalBot;+https://webmaster.petalsearch.com/site/petalbot)"
114.119.156.85 - - [27/Apr/2026:17:57:34 +0000] "GET /want-to-secure-your-home-read-this-first/?noamp=mobile HTTP/1.1" 200 22368 "https://www.smarthomediscovery.com/want-to-secure-your-home-read-this-first/?amp" "Mozilla/5.0 (Linux; Android 7.0;) AppleWebKit/537.36 (HTML, like Gecko) Mobile Safari/537.36 (compatible; PetalBot;+https://webmaster.petalsearch.com/site/petalbot)"
14.226.47.237 - - [27/Apr/2026:17:57:51 +0000] "GET /home-security-tips-to-help-you-feel-safe/ HTTP/1.1" 200 21912 "-" "Mozilla/5.0 (Windows NT 10.0; Win64; x64) AppleWebKit/537.36 (KHTML, like Gecko) Chrome/129.0.0.0 Safari/537.36"
184.94.212.206 - - [27/Apr/2026:17:58:48 +0000] "POST /wp-cron.php?doing_wp_cron=1777312728.1437649726867675781250 HTTP/1.1" 200 - "-" "WordPress/6.9.4; https://smarthomediscovery.com"
223.144.126.159 - - [27/Apr/2026:17:58:46 +0000] "GET /home-security-tips-to-help-you-feel-safe/ HTTP/1.1" 200 21912 "-" "Mozilla/5.0 (Windows NT 10.0; Win64; x64) AppleWebKit/537.36 (KHTML, like Gecko) Chrome/129.0.0.0 Safari/537.36"
192.0.84.117 - - [27/Apr/2026:17:59:20 +0000] "HEAD / HTTP/1.1" 200 - "-" "jetmon/1.0 (Jetpack Site Uptime Monitor by WordPress.com)"
184.94.212.206 - - [27/Apr/2026:18:02:50 +0000] "POST /wp-cron.php?doing_wp_cron=1777312970.7668819427490234375000 HTTP/1.1" 200 - "-" "WordPress/6.9.4; https://smarthomediscovery.com"
216.73.217.105 - - [27/Apr/2026:18:02:47 +0000] "GET /robots.txt HTTP/1.1" 200 150 "-" "Mozilla/5.0 AppleWebKit/537.36 (KHTML, like Gecko; compatible; ClaudeBot/1.0; +claudebot@anthropic.com)"
216.73.217.105 - - [27/Apr/2026:18:02:50 +0000] "GET /news-sitemap.xml HTTP/1.1" 200 315 "-" "Mozilla/5.0 AppleWebKit/537.36 (KHTML, like Gecko; compatible; ClaudeBot/1.0; +claudebot@anthropic.com)"
184.94.212.206 - - [27/Apr/2026:18:03:34 +0000] "POST /wp-cron.php?doing_wp_cron=1777313014.2073071002960205078125 HTTP/1.1" 200 - "-" "WordPress/6.9.4; https://smarthomediscovery.com"
204.76.203.27 - - [27/Apr/2026:18:03:33 +0000] "GET / HTTP/1.1" 200 97644 "-" "Mozilla/5.0 (Windows NT 10.0; Win64; x64) AppleWebKit/537.36 (KHTML, like Gecko) Chrome/147.0.0.0 Safari/537.36"
204.76.203.25 - - [27/Apr/2026:18:03:38 +0000] "GET / HTTP/1.1" 200 97562 "-" "Mozilla/5.0 (Windows NT 10.0; Win64; x64) AppleWebKit/537.36 (KHTML, like Gecko) Chrome/147.0.0.0 Safari/537.36"
206.81.3.150 - - [27/Apr/2026:18:03:44 +0000] "GET /this-article-contains-all-the-home-security-answers-you-need/quick_and_easy_ways_to_increase_the_worth_of_your_home.jpg HTTP/1.1" 301 - "https://smarthomediscovery.com/" "Mozilla/5.0 (Windows NT 10.0; Win64; x64) AppleWebKit/537.36 (KHTML, like Gecko) Chrome/105.0.0.0 Safari/537.3"
206.81.3.150 - - [27/Apr/2026:18:03:46 +0000] "GET /wp-content/uploads/2021/03/quick_and_easy_ways_to_increase_the_worth_of_your_home.jpg HTTP/1.1" 200 47674 "https://smarthomediscovery.com/" "Mozilla/5.0 (Windows NT 10.0; Win64; x64) AppleWebKit/537.36 (KHTML, like Gecko) Chrome/105.0.0.0 Safari/537.3"
192.0.84.117 - - [27/Apr/2026:18:04:21 +0000] "HEAD / HTTP/1.1" 200 - "-" "jetmon/1.0 (Jetpack Site Uptime Monitor by WordPress.com)"
184.94.212.206 - - [27/Apr/2026:18:05:47 +0000] "POST /wp-cron.php?doing_wp_cron=1777313147.5264489650726318359375 HTTP/1.1" 200 - "-" "WordPress/6.9.4; https://smarthomediscovery.com"
17.246.19.82 - - [27/Apr/2026:18:05:45 +0000] "GET /tag/visible-video/?amp HTTP/1.1" 200 13945 "-" "Mozilla/5.0 (Macintosh; Intel Mac OS X 10_15_7) AppleWebKit/605.1.15 (KHTML, like Gecko) Version/17.4 Safari/605.1.15 (Applebot/0.1; +http://www.apple.com/go/applebot)"
67.205.177.59 - - [27/Apr/2026:18:05:50 +0000] "GET /professional-smart-home-installation-benefits/quick_and_easy_ways_to_increase_the_worth_of_your_home.jpg HTTP/1.1" 301 - "https://smarthomediscovery.com/" "Mozilla/5.0 (Windows NT 10.0; Win64; x64) AppleWebKit/537.36 (KHTML, like Gecko) Chrome/131.0.0.0 Safari/537.36"
67.205.177.59 - - [27/Apr/2026:18:05:53 +0000] "GET /wp-content/uploads/2021/03/quick_and_easy_ways_to_increase_the_worth_of_your_home.jpg HTTP/1.1" 200 47674 "https://smarthomediscovery.com/" "Mozilla/5.0 (Windows NT 10.0; Win64; x64) AppleWebKit/537.36 (KHTML, like Gecko) Chrome/131.0.0.0 Safari/537.36"
184.94.212.206 - - [27/Apr/2026:18:09:21 +0000] "POST /wp-cron.php?doing_wp_cron=1777313361.5863530635833740234375 HTTP/1.1" 200 - "-" "WordPress/6.9.4; https://smarthomediscovery.com"
17.22.245.213 - - [27/Apr/2026:18:09:20 +0000] "GET /tag/alarm-system/?amp HTTP/1.1" 200 15450 "-" "Mozilla/5.0 (Macintosh; Intel Mac OS X 10_15_7) AppleWebKit/605.1.15 (KHTML, like Gecko) Version/17.4 Safari/605.1.15 (Applebot/0.1; +http://www.apple.com/go/applebot)"
192.0.84.117 - - [27/Apr/2026:18:09:20 +0000] "HEAD / HTTP/1.1" 200 - "-" "jetmon/1.0 (Jetpack Site Uptime Monitor by WordPress.com)"
150.241.237.214 - - [27/Apr/2026:18:10:01 +0000] "GET /when-it-comes-to-securing-your-home-we-know-it-all-2/how_to_improve_your_home_the_easy_way.jpg HTTP/1.1" 301 - "https://smarthomediscovery.com/" "Mozilla/5.0 (Windows NT 10.0; Win64; x64) AppleWebKit/537.36 (KHTML, like Gecko) Chrome/107.0.0.0 Safari/537.36"
150.241.237.134 - - [27/Apr/2026:18:10:05 +0000] "GET /wp-content/uploads/2021/01/how_to_improve_your_home_the_easy_way.jpg HTTP/1.1" 200 28740 "https://smarthomediscovery.com/" "Mozilla/5.0 (Windows NT 10.0; Win64; x64) AppleWebKit/537.36 (KHTML, like Gecko) Chrome/107.0.0.0 Safari/537.36"
184.94.212.206 - - [27/Apr/2026:18:10:47 +0000] "POST /wp-cron.php?doing_wp_cron=1777313447.7274599075317382812500 HTTP/1.1" 200 - "-" "WordPress/6.9.4; https://smarthomediscovery.com"
130.12.180.144 - - [27/Apr/2026:18:10:46 +0000] "GET /.env HTTP/1.1" 404 12789 "-" "Mozilla/5.0 (Windows NT 10.0; Win64; x64) AppleWebKit/537.36"
17.22.253.172 - - [27/Apr/2026:18:13:05 +0000] "GET /wp-content/plugins/simple-social-icons/css/style.css?ver=4.0.0 HTTP/1.1" 200 461 "https://smarthomediscovery.com/tag/alarm-system/?amp" "Mozilla/5.0 (Macintosh; Intel Mac OS X 10_15_7) AppleWebKit/605.1.15 (KHTML, like Gecko) Version/17.4 Safari/605.1.15 (Applebot/0.1; +http://www.apple.com/go/applebot)"
17.22.253.92 - - [27/Apr/2026:18:13:07 +0000] "GET /wp-content/themes/magazine-pro/js/entry-date.js?ver=1.0.0 HTTP/1.1" 200 315 "https://smarthomediscovery.com/tag/alarm-system/?amp" "Mozilla/5.0 (Macintosh; Intel Mac OS X 10_15_7) AppleWebKit/605.1.15 (KHTML, like Gecko) Version/17.4 Safari/605.1.15 (Applebot/0.1; +http://www.apple.com/go/applebot)"
17.22.253.218 - - [27/Apr/2026:18:13:08 +0000] "GET /wp-content/themes/magazine-pro/style.css?ver=3.2.4 HTTP/1.1" 200 8227 "https://smarthomediscovery.com/tag/alarm-system/?amp" "Mozilla/5.0 (Macintosh; Intel Mac OS X 10_15_7) AppleWebKit/605.1.15 (KHTML, like Gecko) Version/17.4 Safari/605.1.15 (Applebot/0.1; +http://www.apple.com/go/applebot)"
17.22.237.213 - - [27/Apr/2026:18:13:10 +0000] "GET /wp-content/themes/genesis/lib/js/menu/superfish.args.min.js?ver=3.6.2 HTTP/1.1" 200 124 "https://smarthomediscovery.com/tag/alarm-system/?amp" "Mozilla/5.0 (Macintosh; Intel Mac OS X 10_15_7) AppleWebKit/605.1.15 (KHTML, like Gecko) Version/17.4 Safari/605.1.15 (Applebot/0.1; +http://www.apple.com/go/applebot)"
17.22.245.48 - - [27/Apr/2026:18:13:11 +0000] "GET /wp-content/themes/genesis/lib/js/skip-links.min.js?ver=3.6.2 HTTP/1.1" 200 238 "https://smarthomediscovery.com/tag/alarm-system/?amp" "Mozilla/5.0 (Macintosh; Intel Mac OS X 10_15_7) AppleWebKit/605.1.15 (KHTML, like Gecko) Version/17.4 Safari/605.1.15 (Applebot/0.1; +http://www.apple.com/go/applebot)"
17.22.245.13 - - [27/Apr/2026:18:13:13 +0000] "GET /wp-content/themes/genesis/lib/js/menu/superfish.min.js?ver=1.7.10 HTTP/1.1" 200 1894 "https://smarthomediscovery.com/tag/alarm-system/?amp" "Mozilla/5.0 (Macintosh; Intel Mac OS X 10_15_7) AppleWebKit/605.1.15 (KHTML, like Gecko) Version/17.4 Safari/605.1.15 (Applebot/0.1; +http://www.apple.com/go/applebot)"
17.22.245.57 - - [27/Apr/2026:18:13:14 +0000] "GET /wp-content/themes/magazine-pro/js/responsive-menus.min.js?ver=3.2.4 HTTP/1.1" 200 1420 "https://smarthomediscovery.com/tag/alarm-system/?amp" "Mozilla/5.0 (Macintosh; Intel Mac OS X 10_15_7) AppleWebKit/605.1.15 (KHTML, like Gecko) Version/17.4 Safari/605.1.15 (Applebot/0.1; +http://www.apple.com/go/applebot)"
17.22.237.47 - - [27/Apr/2026:18:13:15 +0000] "GET /wp-content/plugins/google-site-kit/dist/assets/js/googlesitekit-consent-mode-bc2e26cfa69fcd4a8261.js HTTP/1.1" 200 25395 "https://smarthomediscovery.com/tag/alarm-system/?amp" "Mozilla/5.0 (Macintosh; Intel Mac OS X 10_15_7) AppleWebKit/605.1.15 (KHTML, like Gecko) Version/17.4 Safari/605.1.15 (Applebot/0.1; +http://www.apple.com/go/applebot)"
17.22.253.115 - - [27/Apr/2026:18:13:16 +0000] "GET /wp-content/plugins/wp-consent-api/assets/js/wp-consent-api.min.js?ver=2.0.1 HTTP/1.1" 200 822 "https://smarthomediscovery.com/tag/alarm-system/?amp" "Mozilla/5.0 (Macintosh; Intel Mac OS X 10_15_7) AppleWebKit/605.1.15 (KHTML, like Gecko) Version/17.4 Safari/605.1.15 (Applebot/0.1; +http://www.apple.com/go/applebot)"
17.22.245.236 - - [27/Apr/2026:18:13:17 +0000] "GET /wp-includes/js/wp-emoji-release.min.js?ver=3ecf1c9d7f7353354cb882e5d4788626 HTTP/1.1" 200 5375 "https://smarthomediscovery.com/tag/alarm-system/?amp" "Mozilla/5.0 (Macintosh; Intel Mac OS X 10_15_7) AppleWebKit/605.1.15 (KHTML, like Gecko) Version/17.4 Safari/605.1.15 (Applebot/0.1; +http://www.apple.com/go/applebot)"
184.94.212.206 - - [27/Apr/2026:18:13:47 +0000] "POST /wp-cron.php?doing_wp_cron=1777313627.2006340026855468750000 HTTP/1.1" 200 - "-" "WordPress/6.9.4; https://smarthomediscovery.com"
172.245.214.62 - - [27/Apr/2026:18:13:45 +0000] "GET / HTTP/1.1" 200 16538 "-" "Mozilla/5.0 (compatible; PerplexityBot/1.0; +https://perplexity.ai/perplexitybot)"
172.245.214.62 - - [27/Apr/2026:18:13:50 +0000] "GET /wp-content/themes/magazine-pro/js/responsive-menus.min.js?ver=3.2.4 HTTP/1.1" 200 1420 "-" "facebookexternalhit/1.1 (+http://www.facebook.com/externalhit_uatext.php)"
172.245.214.62 - - [27/Apr/2026:18:13:50 +0000] "GET /wp-content/themes/genesis/lib/js/skip-links.min.js?ver=3.6.2 HTTP/1.1" 200 238 "-" "Mozilla/5.0 (compatible; YandexBot/3.0; +http://yandex.com/bots)"
172.245.214.62 - - [27/Apr/2026:18:13:50 +0000] "GET /wp-content/themes/genesis/lib/js/menu/superfish.min.js?ver=1.7.10 HTTP/1.1" 200 1894 "-" "Mozilla/5.0 (compatible; PerplexityBot/1.0; +https://perplexity.ai/perplexitybot)"
172.245.214.62 - - [27/Apr/2026:18:13:50 +0000] "GET /wp-content/plugins/jetpack/_inc/blocks/subscriptions/view.js?minify=false&ver=15.7.1 HTTP/1.1" 200 2286 "-" "Mozilla/5.0 (compatible; ClaudeBot/1.0; +claudebot@anthropic.com)"
172.245.214.62 - - [27/Apr/2026:18:13:50 +0000] "GET /wp-content/plugins/wp-consent-api/assets/js/wp-consent-api.min.js?ver=2.0.1 HTTP/1.1" 200 822 "-" "Mozilla/5.0 (compatible; Perplexity-User/1.0; +https://perplexity.ai/perplexity-user)"
172.245.214.62 - - [27/Apr/2026:18:13:50 +0000] "GET /wp-content/plugins/google-site-kit/dist/assets/js/googlesitekit-consent-mode-bc2e26cfa69fcd4a8261.js HTTP/1.1" 200 25395 "-" "Mozilla/5.0 (compatible; YandexBot/3.0; +http://yandex.com/bots)"
172.245.214.62 - - [27/Apr/2026:18:13:52 +0000] "GET /wp-content/themes/genesis/lib/js/menu/superfish.args.min.js?ver=3.6.2 HTTP/1.1" 200 124 "-" "Mozilla/5.0 (compatible; YandexBot/3.0; +http://yandex.com/bots)"
172.245.214.62 - - [27/Apr/2026:18:13:52 +0000] "GET /wp-content/themes/magazine-pro/js/entry-date.js?ver=1.0.0 HTTP/1.1" 200 315 "-" "DuckDuckBot/1.1; (+http://duckduckgo.com/duckduckbot.html)"
172.245.214.62 - - [27/Apr/2026:18:13:55 +0000] "GET /wp-content/plugins/google-site-kit/dist/assets/js/googlesitekit-consent-mode-bc2e26cfa69fcd4a8261.js.map HTTP/1.1" 404 12792 "-" "Mozilla/5.0 AppleWebKit/537.36 (KHTML, like Gecko; compatible; Claude-SearchBot/1.0; +searchbot@anthropic.com)"
172.245.214.62 - - [27/Apr/2026:18:14:01 +0000] "GET /sitemap.xml HTTP/1.1" 200 305 "-" "Mozilla/5.0 AppleWebKit/537.36 (KHTML, like Gecko; compatible; bingbot/2.0; +http://www.bing.com/bingbot.htm) Chrome/116.0.0.0 Safari/537.36"
172.245.214.62 - - [27/Apr/2026:18:14:07 +0000] "GET /robots.txt HTTP/1.1" 200 150 "-" "Mozilla/5.0 (compatible; Perplexity-User/1.0; +https://perplexity.ai/perplexity-user)"
172.245.214.62 - - [27/Apr/2026:18:14:10 +0000] "GET /asset-manifest.json HTTP/1.1" 404 12797 "-" "Mozilla/5.0 (compatible; Applebot/0.1; +http://www.apple.com/go/applebot)"
172.245.214.62 - - [27/Apr/2026:18:14:12 +0000] "GET /manifest.json HTTP/1.1" 404 12794 "-" "Mozilla/5.0 AppleWebKit/537.36 (KHTML, like Gecko; compatible; bingbot/2.0; +http://www.bing.com/bingbot.htm) Chrome/116.0.0.0 Safari/537.36"
150.241.237.202 - - [27/Apr/2026:18:14:13 +0000] "GET /feel-safe-in-your-home-after-using-the-advice-here/quick_and_easy_ways_to_increase_the_worth_of_your_home.jpg HTTP/1.1" 301 - "https://www.smarthomediscovery.com/" "Mozilla/5.0 (Windows NT 10.0; Win64; x64) AppleWebKit/537.36 (KHTML, like Gecko) Chrome/103.0.0.0 Safari/537.36"
150.241.237.156 - - [27/Apr/2026:18:14:15 +0000] "GET /wp-content/uploads/2021/03/quick_and_easy_ways_to_increase_the_worth_of_your_home.jpg HTTP/1.1" 200 47674 "https://www.smarthomediscovery.com/" "Mozilla/5.0 (Windows NT 10.0; Win64; x64) AppleWebKit/537.36 (KHTML, like Gecko) Chrome/103.0.0.0 Safari/537.36"
172.245.214.62 - - [27/Apr/2026:18:14:16 +0000] "GET /build-manifest.json HTTP/1.1" 404 12798 "-" "Mozilla/5.0 (compatible; Perplexity-User/1.0; +https://perplexity.ai/perplexity-user)"
192.0.84.117 - - [27/Apr/2026:18:14:20 +0000] "HEAD / HTTP/1.1" 200 - "-" "jetmon/1.0 (Jetpack Site Uptime Monitor by WordPress.com)"
172.245.214.62 - - [27/Apr/2026:18:14:21 +0000] "GET /_next/static/buildManifest.js HTTP/1.1" 404 12806 "-" "Mozilla/5.0 AppleWebKit/537.36 (KHTML, like Gecko; compatible; bingbot/2.0; +http://www.bing.com/bingbot.htm) Chrome/116.0.0.0 Safari/537.36"
172.245.214.62 - - [27/Apr/2026:18:14:25 +0000] "GET /.env.development HTTP/1.1" 404 12797 "-" "Mozilla/5.0 (Windows NT 10.0; Win64; x64) AppleWebKit/537.36 (KHTML, like Gecko) Chrome/131.0.0.0 Safari/537.36"
172.245.214.62 - - [27/Apr/2026:18:14:25 +0000] "GET /.aws/config HTTP/1.1" 404 12794 "-" "Mozilla/5.0 (iPad; CPU OS 18_1 like Mac OS X) AppleWebKit/605.1.15 (KHTML, like Gecko) Version/18.1 Mobile/15E148 Safari/604.1"
172.245.214.62 - - [27/Apr/2026:18:14:25 +0000] "GET /.git/config HTTP/1.1" 404 12794 "-" "Mozilla/5.0 (iPhone; CPU iPhone OS 18_1 like Mac OS X) AppleWebKit/605.1.15 (KHTML, like Gecko) Version/18.1 Mobile/15E148 Safari/604.1"
172.245.214.62 - - [27/Apr/2026:18:14:25 +0000] "GET /app/.env HTTP/1.1" 404 12792 "-" "Mozilla/5.0 (Macintosh; Intel Mac OS X 10_15_7) AppleWebKit/605.1.15 (KHTML, like Gecko) Version/17.6 Safari/605.1.15"
172.245.214.62 - - [27/Apr/2026:18:14:25 +0000] "GET /.env HTTP/1.1" 404 12789 "-" "Mozilla/5.0 (Windows NT 10.0; Win64; x64) AppleWebKit/537.36 (KHTML, like Gecko) Chrome/129.0.0.0 Safari/537.36"
172.245.214.62 - - [27/Apr/2026:18:14:25 +0000] "GET /.env.production HTTP/1.1" 404 12797 "-" "Mozilla/5.0 (Macintosh; Intel Mac OS X 10_15_7) AppleWebKit/605.1.15 (KHTML, like Gecko) Version/17.6 Safari/605.1.15"
172.245.214.62 - - [27/Apr/2026:18:14:25 +0000] "GET /admin/.env HTTP/1.1" 404 12792 "-" "Mozilla/5.0 (Macintosh; Intel Mac OS X 10_15_7) AppleWebKit/605.1.15 (KHTML, like Gecko) Version/18.1 Safari/605.1.15"
172.245.214.62 - - [27/Apr/2026:18:14:25 +0000] "GET /.env.production.bak HTTP/1.1" 404 12801 "-" "Mozilla/5.0 (Macintosh; Intel Mac OS X 14.7; rv:133.0) Gecko/20100101 Firefox/133.0"
172.245.214.62 - - [27/Apr/2026:18:14:25 +0000] "GET /.aws/credentials HTTP/1.1" 404 12794 "-" "Mozilla/5.0 (Windows NT 10.0; Win64; x64; rv:132.0) Gecko/20100101 Firefox/132.0"
172.245.214.62 - - [27/Apr/2026:18:14:25 +0000] "GET /api/.env HTTP/1.1" 404 12792 "-" "Mozilla/5.0 (iPad; CPU OS 18_1 like Mac OS X) AppleWebKit/605.1.15 (KHTML, like Gecko) Version/18.1 Mobile/15E148 Safari/604.1"
172.245.214.62 - - [27/Apr/2026:18:14:25 +0000] "GET /.env.bak HTTP/1.1" 404 12792 "-" "Mozilla/5.0 (Windows NT 10.0; Win64; x64) AppleWebKit/537.36 (KHTML, like Gecko) Chrome/130.0.0.0 Safari/537.36"
172.245.214.62 - - [27/Apr/2026:18:14:25 +0000] "GET /backend/.env HTTP/1.1" 404 12795 "-" "Mozilla/5.0 (Macintosh; Intel Mac OS X 10_15_7) AppleWebKit/537.36 (KHTML, like Gecko) Chrome/130.0.0.0 Safari/537.36"
172.245.214.62 - - [27/Apr/2026:18:14:25 +0000] "GET /.env.old HTTP/1.1" 404 12792 "-" "Mozilla/5.0 (Macintosh; Intel Mac OS X 14.7; rv:133.0) Gecko/20100101 Firefox/133.0"
172.245.214.62 - - [27/Apr/2026:18:14:25 +0000] "GET /public/.env HTTP/1.1" 404 12794 "-" "Mozilla/5.0 (Windows NT 10.0; Win64; x64; rv:133.0) Gecko/20100101 Firefox/133.0"
172.245.214.62 - - [27/Apr/2026:18:14:25 +0000] "GET /.env.local HTTP/1.1" 404 12793 "-" "Mozilla/5.0 (Windows NT 10.0; Win64; x64) AppleWebKit/537.36 (KHTML, like Gecko) Chrome/131.0.0.0 Safari/537.36"
172.245.214.62 - - [27/Apr/2026:18:14:25 +0000] "GET /config.env HTTP/1.1" 404 12794 "-" "Mozilla/5.0 (Windows NT 10.0; Win64; x64) AppleWebKit/537.36 (KHTML, like Gecko) Chrome/131.0.0.0 Safari/537.36"
172.245.214.62 - - [27/Apr/2026:18:14:25 +0000] "GET /.env.example HTTP/1.1" 404 12795 "-" "Mozilla/5.0 (Macintosh; Intel Mac OS X 14.7; rv:133.0) Gecko/20100101 Firefox/133.0"
172.245.214.62 - - [27/Apr/2026:18:14:25 +0000] "GET /.env.backup HTTP/1.1" 404 12793 "-" "Mozilla/5.0 (Linux; Android 14; Pixel 9) AppleWebKit/537.36 (KHTML, like Gecko) Chrome/131.0.0.0 Mobile Safari/537.36"
172.245.214.62 - - [27/Apr/2026:18:14:35 +0000] "GET /env.json HTTP/1.1" 404 12790 "-" "Mozilla/5.0 (Macintosh; Intel Mac OS X 14.7; rv:133.0) Gecko/20100101 Firefox/133.0"
172.245.214.62 - - [27/Apr/2026:18:14:35 +0000] "GET /api/v1/env HTTP/1.1" 404 12794 "-" "Mozilla/5.0 (Macintosh; Intel Mac OS X 10_15_7) AppleWebKit/537.36 (KHTML, like Gecko) Chrome/130.0.0.0 Safari/537.36"
172.245.214.62 - - [27/Apr/2026:18:14:36 +0000] "GET /runtime-config.js HTTP/1.1" 404 12798 "-" "Mozilla/5.0 (Windows NT 10.0; Win64; x64; rv:133.0) Gecko/20100101 Firefox/133.0"
172.245.214.62 - - [27/Apr/2026:18:14:36 +0000] "GET /__env.js HTTP/1.1" 404 12792 "-" "Mozilla/5.0 (Macintosh; Intel Mac OS X 14.7; rv:133.0) Gecko/20100101 Firefox/133.0"
172.245.214.62 - - [27/Apr/2026:18:14:36 +0000] "GET /api/v1/settings HTTP/1.1" 404 12793 "-" "Mozilla/5.0 (Macintosh; Intel Mac OS X 10_15_7) AppleWebKit/605.1.15 (KHTML, like Gecko) Version/17.6 Safari/605.1.15"
172.245.214.62 - - [27/Apr/2026:18:14:36 +0000] "GET /api/v1/config HTTP/1.1" 404 12796 "-" "Mozilla/5.0 (Macintosh; Intel Mac OS X 10_15_7) AppleWebKit/605.1.15 (KHTML, like Gecko) Version/17.6 Safari/605.1.15"
172.245.214.62 - - [27/Apr/2026:18:14:36 +0000] "GET /env.js HTTP/1.1" 404 12790 "-" "Mozilla/5.0 (X11; Linux x86_64) AppleWebKit/537.36 (KHTML, like Gecko) Chrome/131.0.0.0 Safari/537.36"
172.245.214.62 - - [27/Apr/2026:18:14:36 +0000] "GET /api/settings HTTP/1.1" 404 12791 "-" "Mozilla/5.0 (Windows NT 10.0; Win64; x64; rv:133.0) Gecko/20100101 Firefox/133.0"
114.119.149.90 - - [27/Apr/2026:18:14:38 +0000] "GET /want-to-know-more-about-home-improvement?noamp=mobile HTTP/1.1" 301 - "-" "Mozilla/5.0 (Linux; Android 7.0;) AppleWebKit/537.36 (HTML, like Gecko) Mobile Safari/537.36 (compatible; PetalBot;+https://webmaster.petalsearch.com/site/petalbot)"
172.245.214.62 - - [27/Apr/2026:18:14:36 +0000] "GET /api/env HTTP/1.1" 404 12791 "-" "Mozilla/5.0 (Windows NT 10.0; Win64; x64) AppleWebKit/537.36 (KHTML, like Gecko) Chrome/131.0.0.0 Safari/537.36 Edg/131.0.0.0"
172.245.214.62 - - [27/Apr/2026:18:14:36 +0000] "GET /config.json HTTP/1.1" 404 12792 "-" "Mozilla/5.0 (Linux; Android 14; Pixel 9) AppleWebKit/537.36 (KHTML, like Gecko) Chrome/131.0.0.0 Mobile Safari/537.36"
172.245.214.62 - - [27/Apr/2026:18:14:36 +0000] "GET /graphql HTTP/1.1" 404 12793 "-" "Mozilla/5.0 (Macintosh; Intel Mac OS X 10_15_7) AppleWebKit/605.1.15 (KHTML, like Gecko) Version/17.6 Safari/605.1.15"
172.245.214.62 - - [27/Apr/2026:18:14:36 +0000] "GET /settings.json HTTP/1.1" 404 12791 "-" "Mozilla/5.0 (Linux; Android 14; Pixel 9) AppleWebKit/537.36 (KHTML, like Gecko) Chrome/131.0.0.0 Mobile Safari/537.36"
172.245.214.62 - - [27/Apr/2026:18:14:36 +0000] "GET /api/config HTTP/1.1" 404 12795 "-" "Mozilla/5.0 (Windows NT 10.0; Win64; x64) AppleWebKit/537.36 (KHTML, like Gecko) Chrome/129.0.0.0 Safari/537.36"
172.245.214.62 - - [27/Apr/2026:18:14:36 +0000] "GET /config.js HTTP/1.1" 404 12792 "-" "Mozilla/5.0 (Macintosh; Intel Mac OS X 10_15_7) AppleWebKit/605.1.15 (KHTML, like Gecko) Version/17.6 Safari/605.1.15"
172.245.214.62 - - [27/Apr/2026:18:14:36 +0000] "GET /app-config.json HTTP/1.1" 404 12795 "-" "Mozilla/5.0 (iPad; CPU OS 18_1 like Mac OS X) AppleWebKit/605.1.15 (KHTML, like Gecko) Version/18.1 Mobile/15E148 Safari/604.1"
114.119.149.90 - - [27/Apr/2026:18:14:41 +0000] "GET /want-to-know-more-about-home-improvement/?noamp=mobile HTTP/1.1" 200 21465 "https://www.smarthomediscovery.com/want-to-know-more-about-home-improvement?noamp=mobile" "Mozilla/5.0 (Linux; Android 7.0;) AppleWebKit/537.36 (HTML, like Gecko) Mobile Safari/537.36 (compatible; PetalBot;+https://webmaster.petalsearch.com/site/petalbot)"
67.205.180.71 - - [27/Apr/2026:18:15:11 +0000] "GET /feel-safe-at-home-after-reading-this-advice/image HTTP/1.1" 301 - "https://smarthomediscovery.com/" "Mozilla/5.0 (Windows NT 10.0; Win64; x64) AppleWebKit/537.36 (KHTML, like Gecko) Chrome/112.0.0.0 Safari/537.36"
67.205.180.71 - - [27/Apr/2026:18:15:13 +0000] "GET /wp-content/uploads/2025/06/image.png HTTP/1.1" 200 935688 "https://smarthomediscovery.com/" "Mozilla/5.0 (Windows NT 10.0; Win64; x64) AppleWebKit/537.36 (KHTML, like Gecko) Chrome/112.0.0.0 Safari/537.36"
184.94.212.206 - - [27/Apr/2026:18:19:20 +0000] "POST /wp-cron.php?doing_wp_cron=1777313960.3112709522247314453125 HTTP/1.1" 200 - "-" "WordPress/6.9.4; https://smarthomediscovery.com"
192.0.84.117 - - [27/Apr/2026:18:19:18 +0000] "HEAD / HTTP/1.1" 200 - "-" "jetmon/1.0 (Jetpack Site Uptime Monitor by WordPress.com)"
184.94.212.206 - - [27/Apr/2026:18:21:17 +0000] "POST /wp-cron.php?doing_wp_cron=1777314077.5457348823547363281250 HTTP/1.1" 200 - "-" "WordPress/6.9.4; https://smarthomediscovery.com"
155.117.163.213 - - [27/Apr/2026:18:21:16 +0000] "GET /copyright-dcma-notice/is_your_home_boring_try_these_home_improvement_tips_for_success.jpg HTTP/1.1" 301 - "https://smarthomediscovery.com/" "Mozilla/5.0 (Windows NT 10.0; Win64; x64) AppleWebKit/537.36 (KHTML, like Gecko) Chrome/120.0.0.0 Safari/537.36"
155.117.163.200 - - [27/Apr/2026:18:21:23 +0000] "GET /wp-content/uploads/2020/11/is_your_home_boring_try_these_home_improvement_tips_for_success.jpg HTTP/1.1" 200 25513 "https://smarthomediscovery.com/" "Mozilla/5.0 (Windows NT 10.0; Win64; x64) AppleWebKit/537.36 (KHTML, like Gecko) Chrome/120.0.0.0 Safari/537.36"
184.94.212.206 - - [27/Apr/2026:18:21:58 +0000] "POST /wp-cron.php?doing_wp_cron=1777314118.2146079540252685546875 HTTP/1.1" 200 - "-" "WordPress/6.9.4; https://smarthomediscovery.com"
54.39.6.65 - - [27/Apr/2026:18:21:57 +0000] "GET /how-to-deter-criminals-and-keep-your-sanctuary-secure/ HTTP/1.1" 200 22384 "-" "Mozilla/5.0 (compatible; AhrefsBot/7.0; +http://ahrefs.com/robot/)"
216.73.217.105 - - [27/Apr/2026:18:23:05 +0000] "GET /sitemap.xml HTTP/1.1" 200 305 "-" "Mozilla/5.0 AppleWebKit/537.36 (KHTML, like Gecko; compatible; ClaudeBot/1.0; +claudebot@anthropic.com)"
195.234.109.134 - - [27/Apr/2026:18:23:07 +0000] "GET /wp-content/uploads/2020/06/tips_to_keep_your_home_secure.jpg HTTP/1.1" 200 31735 "-" "Photon/1.0"
184.94.212.206 - - [27/Apr/2026:18:24:20 +0000] "POST /wp-cron.php?doing_wp_cron=1777314260.0732169151306152343750 HTTP/1.1" 200 - "-" "WordPress/6.9.4; https://smarthomediscovery.com"
47.128.55.30 - - [27/Apr/2026:18:24:18 +0000] "GET /tag/potential-buyers/?noamp=mobile HTTP/1.1" 301 - "-" "Mozilla/5.0 (compatible; Bytespider; spider-feedback@bytedance.com) AppleWebKit/537.36 (KHTML, like Gecko) Chrome/70.0.0.0 Safari/537.36"
192.0.84.117 - - [27/Apr/2026:18:24:20 +0000] "HEAD / HTTP/1.1" 200 - "-" "jetmon/1.0 (Jetpack Site Uptime Monitor by WordPress.com)"
47.128.55.30 - - [27/Apr/2026:18:24:21 +0000] "GET /tag/potential-buyers/?noamp=mobile HTTP/1.1" 200 13945 "-" "Mozilla/5.0 (compatible; Bytespider; spider-feedback@bytedance.com) AppleWebKit/537.36 (KHTML, like Gecko) Chrome/70.0.0.0 Safari/537.36"
184.94.212.206 - - [27/Apr/2026:18:25:50 +0000] "POST /wp-cron.php?doing_wp_cron=1777314350.0449750423431396484375 HTTP/1.1" 200 - "-" "WordPress/6.9.4; https://smarthomediscovery.com"
43.173.173.239 - - [27/Apr/2026:18:25:48 +0000] "GET /tag/start-investing/ HTTP/1.1" 200 13985 "-" "Mozilla/5.0 (Windows NT 10.0; Win64; x64) AppleWebKit/537.36 (KHTML, like Gecko) Chrome/103.0.0.0 Safari/537.36"
45.131.195.105 - - [27/Apr/2026:18:25:52 +0000] "GET /wp-login.php HTTP/1.1" 200 4390 "-" "Mozilla/5.0"
184.94.212.206 - - [27/Apr/2026:18:27:57 +0000] "POST /wp-cron.php?doing_wp_cron=1777314477.4010100364685058593750 HTTP/1.1" 200 - "-" "WordPress/6.9.4; https://smarthomediscovery.com"
17.22.253.206 - - [27/Apr/2026:18:27:55 +0000] "GET /tag/steer-clear/?amp HTTP/1.1" 200 13962 "-" "Mozilla/5.0 (Macintosh; Intel Mac OS X 10_15_7) AppleWebKit/605.1.15 (KHTML, like Gecko) Version/17.4 Safari/605.1.15 (Applebot/0.1; +http://www.apple.com/go/applebot)"
184.94.212.206 - - [27/Apr/2026:18:28:29 +0000] "POST /wp-cron.php?doing_wp_cron=1777314509.2448780536651611328125 HTTP/1.1" 200 - "-" "WordPress/6.9.4; https://smarthomediscovery.com"
47.128.55.203 - - [27/Apr/2026:18:28:28 +0000] "GET /how-to-deter-criminals-and-keep-your-sanctuary-secure/ HTTP/1.1" 200 22383 "-" "Mozilla/5.0 (compatible; Bytespider; spider-feedback@bytedance.com) AppleWebKit/537.36 (KHTML, like Gecko) Chrome/70.0.0.0 Safari/537.36"
192.0.84.117 - - [27/Apr/2026:18:29:19 +0000] "HEAD / HTTP/1.1" 200 - "-" "jetmon/1.0 (Jetpack Site Uptime Monitor by WordPress.com)"
17.241.227.171 - - [27/Apr/2026:18:29:38 +0000] "GET /advice_on_home_renovation_and_home_improvement-jpg/ HTTP/1.1" 301 - "-" "Mozilla/5.0 (Macintosh; Intel Mac OS X 10_15_7) AppleWebKit/605.1.15 (KHTML, like Gecko) Version/17.4 Safari/605.1.15 (Applebot/0.1; +http://www.apple.com/go/applebot)"
17.241.227.171 - - [27/Apr/2026:18:29:40 +0000] "GET /wp-content/uploads/2021/08/advice_on_home_renovation_and_home_improvement.jpg HTTP/1.1" 200 87695 "-" "Mozilla/5.0 (Macintosh; Intel Mac OS X 10_15_7) AppleWebKit/605.1.15 (KHTML, like Gecko) Version/17.4 Safari/605.1.15 (Applebot/0.1; +http://www.apple.com/go/applebot)"
184.94.212.206 - - [27/Apr/2026:18:30:31 +0000] "POST /wp-cron.php?doing_wp_cron=1777314631.1150350570678710937500 HTTP/1.1" 200 - "-" "WordPress/6.9.4; https://smarthomediscovery.com"
18.217.220.85 - - [27/Apr/2026:18:30:29 +0000] "GET /robots.txt HTTP/1.1" 301 - "-" "Mozilla/5.0 (Macintosh; Intel Mac OS X 10_15_7) AppleWebKit/537.36 (KHTML, like Gecko) Chrome/131.0.0.0 Safari/537.36; ClaudeBot/1.0; +claudebot@anthropic.com)"
18.217.220.85 - - [27/Apr/2026:18:30:31 +0000] "GET /robots.txt HTTP/1.1" 200 150 "-" "Mozilla/5.0 (Macintosh; Intel Mac OS X 10_15_7) AppleWebKit/537.36 (KHTML, like Gecko) Chrome/131.0.0.0 Safari/537.36; ClaudeBot/1.0; +claudebot@anthropic.com)"
18.217.220.85 - - [27/Apr/2026:18:30:32 +0000] "GET /tag/security-systems/ HTTP/1.1" 301 - "-" "Mozilla/5.0 (Macintosh; Intel Mac OS X 10_15_7) AppleWebKit/537.36 (KHTML, like Gecko) Chrome/131.0.0.0 Safari/537.36; ClaudeBot/1.0; +claudebot@anthropic.com)"
18.217.220.85 - - [27/Apr/2026:18:30:33 +0000] "GET /tag/security-systems/ HTTP/1.1" 200 16940 "-" "Mozilla/5.0 (Macintosh; Intel Mac OS X 10_15_7) AppleWebKit/537.36 (KHTML, like Gecko) Chrome/131.0.0.0 Safari/537.36; ClaudeBot/1.0; +claudebot@anthropic.com)"
18.217.220.85 - - [27/Apr/2026:18:30:34 +0000] "GET /robots.txt HTTP/1.1" 200 150 "-" "Mozilla/5.0 (Macintosh; Intel Mac OS X 10_15_7) AppleWebKit/537.36 (KHTML, like Gecko) Chrome/131.0.0.0 Safari/537.36; ClaudeBot/1.0; +claudebot@anthropic.com)"
18.217.220.85 - - [27/Apr/2026:18:30:35 +0000] "GET /wp-content/themes/magazine-pro/style.css?ver=3.2.4 HTTP/1.1" 200 8227 "https://smarthomediscovery.com/tag/security-systems/" "Mozilla/5.0 (Macintosh; Intel Mac OS X 10_15_7) AppleWebKit/537.36 (KHTML, like Gecko) Chrome/131.0.0.0 Safari/537.36; ClaudeBot/1.0; +claudebot@anthropic.com)"
18.217.220.85 - - [27/Apr/2026:18:30:34 +0000] "GET /robots.txt HTTP/1.1" 200 150 "-" "Mozilla/5.0 (Macintosh; Intel Mac OS X 10_15_7) AppleWebKit/537.36 (KHTML, like Gecko) Chrome/131.0.0.0 Safari/537.36; ClaudeBot/1.0; +claudebot@anthropic.com)"
18.217.220.85 - - [27/Apr/2026:18:30:35 +0000] "GET /wp-content/themes/magazine-pro/js/entry-date.js?ver=1.0.0 HTTP/1.1" 200 315 "https://smarthomediscovery.com/tag/security-systems/" "Mozilla/5.0 (Macintosh; Intel Mac OS X 10_15_7) AppleWebKit/537.36 (KHTML, like Gecko) Chrome/131.0.0.0 Safari/537.36; ClaudeBot/1.0; +claudebot@anthropic.com)"
18.217.220.85 - - [27/Apr/2026:18:30:34 +0000] "GET /robots.txt HTTP/1.1" 200 150 "-" "Mozilla/5.0 (Macintosh; Intel Mac OS X 10_15_7) AppleWebKit/537.36 (KHTML, like Gecko) Chrome/131.0.0.0 Safari/537.36; ClaudeBot/1.0; +claudebot@anthropic.com)"
18.217.220.85 - - [27/Apr/2026:18:30:36 +0000] "GET /wp-content/plugins/simple-social-icons/css/style.css?ver=4.0.0 HTTP/1.1" 200 461 "https://smarthomediscovery.com/tag/security-systems/" "Mozilla/5.0 (Macintosh; Intel Mac OS X 10_15_7) AppleWebKit/537.36 (KHTML, like Gecko) Chrome/131.0.0.0 Safari/537.36; ClaudeBot/1.0; +claudebot@anthropic.com)"
18.217.220.85 - - [27/Apr/2026:18:30:36 +0000] "GET /wp-content/themes/genesis/lib/js/menu/superfish.min.js?ver=1.7.10 HTTP/1.1" 200 1894 "https://smarthomediscovery.com/tag/security-systems/" "Mozilla/5.0 (Macintosh; Intel Mac OS X 10_15_7) AppleWebKit/537.36 (KHTML, like Gecko) Chrome/131.0.0.0 Safari/537.36; ClaudeBot/1.0; +claudebot@anthropic.com)"
18.217.220.85 - - [27/Apr/2026:18:30:36 +0000] "GET /wp-content/themes/genesis/lib/js/menu/superfish.args.min.js?ver=3.6.2 HTTP/1.1" 200 124 "https://smarthomediscovery.com/tag/security-systems/" "Mozilla/5.0 (Macintosh; Intel Mac OS X 10_15_7) AppleWebKit/537.36 (KHTML, like Gecko) Chrome/131.0.0.0 Safari/537.36; ClaudeBot/1.0; +claudebot@anthropic.com)"
18.217.220.85 - - [27/Apr/2026:18:30:36 +0000] "GET /wp-content/themes/genesis/lib/js/skip-links.min.js?ver=3.6.2 HTTP/1.1" 200 238 "https://smarthomediscovery.com/tag/security-systems/" "Mozilla/5.0 (Macintosh; Intel Mac OS X 10_15_7) AppleWebKit/537.36 (KHTML, like Gecko) Chrome/131.0.0.0 Safari/537.36; ClaudeBot/1.0; +claudebot@anthropic.com)"
18.217.220.85 - - [27/Apr/2026:18:30:36 +0000] "GET /wp-content/themes/magazine-pro/js/responsive-menus.min.js?ver=3.2.4 HTTP/1.1" 200 1420 "https://smarthomediscovery.com/tag/security-systems/" "Mozilla/5.0 (Macintosh; Intel Mac OS X 10_15_7) AppleWebKit/537.36 (KHTML, like Gecko) Chrome/131.0.0.0 Safari/537.36; ClaudeBot/1.0; +claudebot@anthropic.com)"
18.217.220.85 - - [27/Apr/2026:18:30:36 +0000] "GET /wp-content/plugins/wp-consent-api/assets/js/wp-consent-api.min.js?ver=2.0.1 HTTP/1.1" 200 822 "https://smarthomediscovery.com/tag/security-systems/" "Mozilla/5.0 (Macintosh; Intel Mac OS X 10_15_7) AppleWebKit/537.36 (KHTML, like Gecko) Chrome/131.0.0.0 Safari/537.36; ClaudeBot/1.0; +claudebot@anthropic.com)"
18.217.220.85 - - [27/Apr/2026:18:30:36 +0000] "GET /wp-content/plugins/google-site-kit/dist/assets/js/googlesitekit-consent-mode-bc2e26cfa69fcd4a8261.js HTTP/1.1" 200 25395 "https://smarthomediscovery.com/tag/security-systems/" "Mozilla/5.0 (Macintosh; Intel Mac OS X 10_15_7) AppleWebKit/537.36 (KHTML, like Gecko) Chrome/131.0.0.0 Safari/537.36; ClaudeBot/1.0; +claudebot@anthropic.com)"
192.0.101.59 - - [27/Apr/2026:18:30:36 +0000] "GET /wp-content/uploads/2020/06/feel_safe_and_secure_with_these_home_security_tips.jpg HTTP/1.1" 200 27922 "-" "Photon/1.0"
192.0.102.72 - - [27/Apr/2026:18:30:36 +0000] "GET /wp-content/uploads/2020/06/questions_about_home_security_get_them_answered_here.jpg HTTP/1.1" 200 33198 "-" "Photon/1.0"
192.0.101.59 - - [27/Apr/2026:18:30:36 +0000] "GET /wp-content/uploads/2020/04/the_pros_are_keeping_these_home_security_tips_from_you.jpg HTTP/1.1" 200 25729 "-" "Photon/1.0"
192.0.101.218 - - [27/Apr/2026:18:30:37 +0000] "GET /wp-content/uploads/2020/04/look_after_your_home_with_these_awesome_home_security_tips.jpg HTTP/1.1" 200 59437 "-" "Photon/1.0"
192.0.101.238 - - [27/Apr/2026:18:30:36 +0000] "GET /wp-content/uploads/2020/07/practical_home_security_tips_that_will_actually_work.png HTTP/1.1" 200 136997 "-" "Photon/1.0"
18.217.220.85 - - [27/Apr/2026:18:30:38 +0000] "GET /wp-includes/js/wp-emoji-release.min.js?ver=3ecf1c9d7f7353354cb882e5d4788626 HTTP/1.1" 200 5375 "https://smarthomediscovery.com/tag/security-systems/" "Mozilla/5.0 (Macintosh; Intel Mac OS X 10_15_7) AppleWebKit/537.36 (KHTML, like Gecko) Chrome/131.0.0.0 Safari/537.36; ClaudeBot/1.0; +claudebot@anthropic.com)"
184.94.212.206 - - [27/Apr/2026:18:31:54 +0000] "POST /wp-cron.php?doing_wp_cron=1777314714.4921200275421142578125 HTTP/1.1" 200 - "-" "WordPress/6.9.4; https://smarthomediscovery.com"
114.119.157.177 - - [27/Apr/2026:18:31:52 +0000] "GET /want-to-know-more-about-home-improvement/?share=facebook HTTP/1.1" 302 - "https://www.smarthomediscovery.com/want-to-know-more-about-home-improvement/" "Mozilla/5.0 (Linux; Android 7.0;) AppleWebKit/537.36 (HTML, like Gecko) Mobile Safari/537.36 (compatible; PetalBot;+https://webmaster.petalsearch.com/site/petalbot)"
47.128.55.242 - - [27/Apr/2026:18:32:38 +0000] "GET /tag/front-lawn/?noamp=mobile HTTP/1.1" 301 - "-" "Mozilla/5.0 (compatible; Bytespider; spider-feedback@bytedance.com) AppleWebKit/537.36 (KHTML, like Gecko) Chrome/70.0.0.0 Safari/537.36"
47.128.55.242 - - [27/Apr/2026:18:32:41 +0000] "GET /tag/front-lawn/?noamp=mobile HTTP/1.1" 200 13643 "-" "Mozilla/5.0 (compatible; Bytespider; spider-feedback@bytedance.com) AppleWebKit/537.36 (KHTML, like Gecko) Chrome/70.0.0.0 Safari/537.36"
47.128.55.242 - - [27/Apr/2026:18:32:42 +0000] "GET /wp-content/themes/magazine-pro/style.css?ver=3.2.4 HTTP/1.1" 200 8227 "https://smarthomediscovery.com/tag/front-lawn/?noamp=mobile" "Mozilla/5.0 (compatible; Bytespider; spider-feedback@bytedance.com) AppleWebKit/537.36 (KHTML, like Gecko) Chrome/70.0.0.0 Safari/537.36"
184.94.212.206 - - [27/Apr/2026:18:34:08 +0000] "POST /wp-cron.php?doing_wp_cron=1777314848.7053980827331542968750 HTTP/1.1" 200 - "-" "WordPress/6.9.4; https://smarthomediscovery.com"
45.148.10.62 - - [27/Apr/2026:18:34:06 +0000] "GET / HTTP/1.1" 200 16538 "-" "Mozilla/5.0 (Windows NT 10.0; Win64; x64; rv:133.0) Gecko/20100101 Firefox/133.0"
45.148.10.62 - - [27/Apr/2026:18:34:09 +0000] "GET /.env HTTP/1.1" 404 12789 "-" "Mozilla/5.0 (Macintosh; Intel Mac OS X 10_15_7) AppleWebKit/537.36 (KHTML, like Gecko) Chrome/131.0.0.0 Safari/537.36"
45.148.10.62 - - [27/Apr/2026:18:34:10 +0000] "GET / HTTP/1.1" 200 16538 "-" "Mozilla/5.0 (Windows NT 10.0; Win64; x64; rv:133.0) Gecko/20100101 Firefox/133.0"
45.148.10.62 - - [27/Apr/2026:18:34:11 +0000] "GET /.env.bak HTTP/1.1" 404 12792 "-" "Mozilla/5.0 (Windows NT 10.0; Win64; x64) AppleWebKit/537.36 (KHTML, like Gecko) Chrome/131.0.0.0 Safari/537.36"
45.148.10.62 - - [27/Apr/2026:18:34:13 +0000] "GET /.env.save HTTP/1.1" 404 12792 "-" "Mozilla/5.0 (X11; Linux x86_64) AppleWebKit/537.36 (KHTML, like Gecko) Chrome/131.0.0.0 Safari/537.36"
45.148.10.62 - - [27/Apr/2026:18:34:14 +0000] "GET /.env.local HTTP/1.1" 404 12793 "-" "Mozilla/5.0 (Windows NT 10.0; Win64; x64) AppleWebKit/537.36 (KHTML, like Gecko) Chrome/131.0.0.0 Safari/537.36"
45.148.10.62 - - [27/Apr/2026:18:34:15 +0000] "GET /backend/.env HTTP/1.1" 404 12795 "-" "Mozilla/5.0 (X11; Linux x86_64) AppleWebKit/537.36 (KHTML, like Gecko) Chrome/131.0.0.0 Safari/537.36"
45.148.10.62 - - [27/Apr/2026:18:34:16 +0000] "GET /admin/.env HTTP/1.1" 404 12792 "-" "Mozilla/5.0 (Macintosh; Intel Mac OS X 10_15_7) AppleWebKit/537.36 (KHTML, like Gecko) Chrome/131.0.0.0 Safari/537.36"
45.148.10.62 - - [27/Apr/2026:18:34:17 +0000] "GET /.git/config HTTP/1.1" 404 12794 "-" "Mozilla/5.0 (X11; Linux x86_64) AppleWebKit/537.36 (KHTML, like Gecko) Chrome/131.0.0.0 Safari/537.36"
192.0.84.117 - - [27/Apr/2026:18:34:18 +0000] "HEAD / HTTP/1.1" 200 - "-" "jetmon/1.0 (Jetpack Site Uptime Monitor by WordPress.com)"
45.148.10.62 - - [27/Apr/2026:18:34:19 +0000] "GET /wp-config.php HTTP/1.1" 404 12792 "-" "Mozilla/5.0 (Macintosh; Intel Mac OS X 10_15_7) AppleWebKit/537.36 (KHTML, like Gecko) Chrome/131.0.0.0 Safari/537.36"
45.148.10.62 - - [27/Apr/2026:18:34:20 +0000] "GET /wp-config.php.old HTTP/1.1" 404 12797 "-" "Mozilla/5.0 (Windows NT 10.0; Win64; x64) AppleWebKit/537.36 (KHTML, like Gecko) Chrome/131.0.0.0 Safari/537.36"
45.148.10.62 - - [27/Apr/2026:18:34:21 +0000] "GET /config.php HTTP/1.1" 404 12791 "-" "Mozilla/5.0 (X11; Linux x86_64) AppleWebKit/537.36 (KHTML, like Gecko) Chrome/131.0.0.0 Safari/537.36"
45.148.10.62 - - [27/Apr/2026:18:34:22 +0000] "GET /config.php.bak HTTP/1.1" 404 12798 "-" "Mozilla/5.0 (Windows NT 10.0; Win64; x64) AppleWebKit/537.36 (KHTML, like Gecko) Chrome/131.0.0.0 Safari/537.36"
45.148.10.62 - - [27/Apr/2026:18:34:23 +0000] "GET /config.js HTTP/1.1" 404 12792 "-" "Mozilla/5.0 (Macintosh; Intel Mac OS X 10_15_7) AppleWebKit/537.36 (KHTML, like Gecko) Chrome/131.0.0.0 Safari/537.36"
45.148.10.62 - - [27/Apr/2026:18:34:25 +0000] "GET /aws-config.js HTTP/1.1" 404 12795 "-" "Mozilla/5.0 (Macintosh; Intel Mac OS X 10_15_7) AppleWebKit/537.36 (KHTML, like Gecko) Chrome/131.0.0.0 Safari/537.36"
45.148.10.62 - - [27/Apr/2026:18:34:26 +0000] "GET /aws.config.js HTTP/1.1" 404 12795 "-" "Mozilla/5.0 (Windows NT 10.0; Win64; x64; rv:133.0) Gecko/20100101 Firefox/133.0"
45.148.10.62 - - [27/Apr/2026:18:34:27 +0000] "GET /phpinfo.php HTTP/1.1" 404 12793 "-" "Mozilla/5.0 (X11; Linux x86_64) AppleWebKit/537.36 (KHTML, like Gecko) Chrome/131.0.0.0 Safari/537.36"
45.148.10.62 - - [27/Apr/2026:18:34:28 +0000] "GET /.git/HEAD HTTP/1.1" 404 12794 "-" "Mozilla/5.0 (X11; Linux x86_64) AppleWebKit/537.36 (KHTML, like Gecko) Chrome/131.0.0.0 Safari/537.36"
45.148.10.62 - - [27/Apr/2026:18:34:29 +0000] "GET /.git/config HTTP/1.1" 404 12794 "-" "Mozilla/5.0 (Macintosh; Intel Mac OS X 10_15_7) AppleWebKit/537.36 (KHTML, like Gecko) Chrome/131.0.0.0 Safari/537.36"
216.75.132.126 - - [27/Apr/2026:18:35:00 +0000] "GET /within-this-article-are-many-home-security-tips-you-need/home_improvement_has_never_been_this_easy_before.jpg HTTP/1.1" 301 - "https://smarthomediscovery.com/" "Mozilla/5.0 (Windows NT 10.0; Win64; x64) AppleWebKit/537.36 (KHTML, like Gecko) Chrome/110.0.0.0 Safari/537.36"
216.75.132.46 - - [27/Apr/2026:18:35:03 +0000] "GET /wp-content/uploads/2021/05/home_improvement_has_never_been_this_easy_before.jpg HTTP/1.1" 200 24770 "https://smarthomediscovery.com/" "Mozilla/5.0 (Windows NT 10.0; Win64; x64) AppleWebKit/537.36 (KHTML, like Gecko) Chrome/110.0.0.0 Safari/537.36"
184.94.212.206 - - [27/Apr/2026:18:36:59 +0000] "POST /wp-cron.php?doing_wp_cron=1777315019.1539990901947021484375 HTTP/1.1" 200 - "-" "WordPress/6.9.4; https://smarthomediscovery.com"
47.128.55.228 - - [27/Apr/2026:18:36:57 +0000] "GET /need-to-freshen-up-your-home-review-these-tips/ HTTP/1.1" 301 - "-" "Mozilla/5.0 (compatible; Bytespider; spider-feedback@bytedance.com) AppleWebKit/537.36 (KHTML, like Gecko) Chrome/70.0.0.0 Safari/537.36"
47.128.55.228 - - [27/Apr/2026:18:37:01 +0000] "GET /need-to-freshen-up-your-home-review-these-tips/ HTTP/1.1" 200 22273 "-" "Mozilla/5.0 (compatible; Bytespider; spider-feedback@bytedance.com) AppleWebKit/537.36 (KHTML, like Gecko) Chrome/70.0.0.0 Safari/537.36"
47.128.55.228 - - [27/Apr/2026:18:37:05 +0000] "GET /wp-content/themes/magazine-pro/style.css?ver=3.2.4 HTTP/1.1" 200 8227 "https://smarthomediscovery.com/need-to-freshen-up-your-home-review-these-tips/" "Mozilla/5.0 (compatible; Bytespider; spider-feedback@bytedance.com) AppleWebKit/537.36 (KHTML, like Gecko) Chrome/70.0.0.0 Safari/537.36"
47.128.55.228 - - [27/Apr/2026:18:37:05 +0000] "GET /wp-content/plugins/simple-social-icons/css/style.css?ver=4.0.0 HTTP/1.1" 200 461 "https://smarthomediscovery.com/need-to-freshen-up-your-home-review-these-tips/" "Mozilla/5.0 (compatible; Bytespider; spider-feedback@bytedance.com) AppleWebKit/537.36 (KHTML, like Gecko) Chrome/70.0.0.0 Safari/537.36"
184.94.212.206 - - [27/Apr/2026:18:38:11 +0000] "POST /wp-cron.php?doing_wp_cron=1777315091.0186970233917236328125 HTTP/1.1" 200 - "-" "WordPress/6.9.4; https://smarthomediscovery.com"
165.22.10.202 - - [27/Apr/2026:18:38:09 +0000] "GET /enjoy-more-security-at-home-with-these-tips/tips_for_before_you_start_a_home_improvement_project.jpg HTTP/1.1" 301 - "https://smarthomediscovery.com/" "Mozilla/5.0 (Windows NT 10.0; Win64; x64) AppleWebKit/537.36 (KHTML, like Gecko) Chrome/108.0.0.0 Safari/537.36"
165.22.10.202 - - [27/Apr/2026:18:38:12 +0000] "GET /wp-content/uploads/2021/03/tips_for_before_you_start_a_home_improvement_project.jpg HTTP/1.1" 200 86413 "https://smarthomediscovery.com/" "Mozilla/5.0 (Windows NT 10.0; Win64; x64) AppleWebKit/537.36 (KHTML, like Gecko) Chrome/108.0.0.0 Safari/537.36"
103.165.187.135 - - [27/Apr/2026:18:38:39 +0000] "GET /wp-login.php HTTP/1.1" 200 4391 "-" "Mozilla/5.0 (Macintosh; Intel Mac OS X 10_15_7) AppleWebKit/605.1.15 Version/17.0 Safari/605.1.15"
103.165.187.135 - - [27/Apr/2026:18:38:40 +0000] "GET /?author=1 HTTP/1.1" 500 1072 "-" "Mozilla/5.0 (Macintosh; Intel Mac OS X 10_15_7) AppleWebKit/605.1.15 Version/17.0 Safari/605.1.15"
103.165.187.135 - - [27/Apr/2026:18:38:42 +0000] "GET /?rest_route=/wp/v2/users HTTP/1.1" 401 128 "-" "Mozilla/5.0 (Windows NT 10.0; Win64; rv:143.0) Gecko/20100101 Firefox/143.0"
103.165.187.135 - - [27/Apr/2026:18:38:44 +0000] "GET /feed HTTP/1.1" 301 - "-" "Mozilla/5.0 (Macintosh; Intel Mac OS X 10_15_7) AppleWebKit/605.1.15 Version/17.0 Safari/605.1.15"
103.165.187.135 - - [27/Apr/2026:18:38:45 +0000] "GET /feed/ HTTP/1.1" 200 21603 "-" "Mozilla/5.0 (Macintosh; Intel Mac OS X 10_15_7) AppleWebKit/605.1.15 Version/17.0 Safari/605.1.15"
192.0.84.117 - - [27/Apr/2026:18:39:21 +0000] "HEAD / HTTP/1.1" 200 - "-" "jetmon/1.0 (Jetpack Site Uptime Monitor by WordPress.com)"
159.89.84.146 - - [27/Apr/2026:18:40:01 +0000] "GET /simple-tips-to-help-you-secure-your-home/tips_for_before_you_start_a_home_improvement_project.jpg HTTP/1.1" 301 - "https://smarthomediscovery.com/" "Mozilla/5.0 (Windows NT 10.0; Win64; x64) AppleWebKit/537.36 (KHTML, like Gecko) Chrome/131.0.0.0 Safari/537.36"
159.89.84.146 - - [27/Apr/2026:18:40:03 +0000] "GET /wp-content/uploads/2021/03/tips_for_before_you_start_a_home_improvement_project.jpg HTTP/1.1" 200 86413 "https://smarthomediscovery.com/" "Mozilla/5.0 (Windows NT 10.0; Win64; x64) AppleWebKit/537.36 (KHTML, like Gecko) Chrome/131.0.0.0 Safari/537.36"
184.94.212.206 - - [27/Apr/2026:18:41:52 +0000] "POST /wp-cron.php?doing_wp_cron=1777315312.9723958969116210937500 HTTP/1.1" 200 - "-" "WordPress/6.9.4; https://smarthomediscovery.com"
47.128.55.231 - - [27/Apr/2026:18:41:51 +0000] "GET /tag/helpful-information/ HTTP/1.1" 301 - "-" "Mozilla/5.0 (compatible; Bytespider; spider-feedback@bytedance.com) AppleWebKit/537.36 (KHTML, like Gecko) Chrome/70.0.0.0 Safari/537.36"
47.128.55.231 - - [27/Apr/2026:18:41:54 +0000] "GET /tag/helpful-information/ HTTP/1.1" 200 13951 "-" "Mozilla/5.0 (compatible; Bytespider; spider-feedback@bytedance.com) AppleWebKit/537.36 (KHTML, like Gecko) Chrome/70.0.0.0 Safari/537.36"
47.128.55.231 - - [27/Apr/2026:18:41:55 +0000] "GET /wp-content/themes/magazine-pro/style.css?ver=3.2.4 HTTP/1.1" 200 8227 "https://smarthomediscovery.com/tag/helpful-information/" "Mozilla/5.0 (compatible; Bytespider; spider-feedback@bytedance.com) AppleWebKit/537.36 (KHTML, like Gecko) Chrome/70.0.0.0 Safari/537.36"
184.94.212.206 - - [27/Apr/2026:18:43:13 +0000] "POST /wp-cron.php?doing_wp_cron=1777315393.8245530128479003906250 HTTP/1.1" 200 - "-" "WordPress/6.9.4; https://smarthomediscovery.com"
157.230.226.197 - - [27/Apr/2026:18:43:12 +0000] "GET /reviews/how_to_improve_your_home_the_easy_way.jpg HTTP/1.1" 301 - "https://smarthomediscovery.com/" "Mozilla/5.0 (Windows NT 10.0; Win64; x64) AppleWebKit/537.36 (KHTML, like Gecko) Chrome/104.0.5112.81 Safari/537.36"
157.230.226.197 - - [27/Apr/2026:18:43:15 +0000] "GET /wp-content/uploads/2021/01/how_to_improve_your_home_the_easy_way.jpg HTTP/1.1" 200 28740 "https://smarthomediscovery.com/" "Mozilla/5.0 (Windows NT 10.0; Win64; x64) AppleWebKit/537.36 (KHTML, like Gecko) Chrome/104.0.5112.81 Safari/537.36"
192.0.84.117 - - [27/Apr/2026:18:44:18 +0000] "HEAD / HTTP/1.1" 200 - "-" "jetmon/1.0 (Jetpack Site Uptime Monitor by WordPress.com)"
184.94.212.206 - - [27/Apr/2026:18:45:53 +0000] "POST /wp-cron.php?doing_wp_cron=1777315553.8153390884399414062500 HTTP/1.1" 200 - "-" "WordPress/6.9.4; https://smarthomediscovery.com"
47.128.55.229 - - [27/Apr/2026:18:45:52 +0000] "GET /a-safe-home-can-be-yours/ HTTP/1.1" 301 - "-" "Mozilla/5.0 (compatible; Bytespider; spider-feedback@bytedance.com) AppleWebKit/537.36 (KHTML, like Gecko) Chrome/70.0.0.0 Safari/537.36"
184.94.212.206 - - [27/Apr/2026:18:45:56 +0000] "POST /wp-cron.php?doing_wp_cron=1777315556.7408161163330078125000 HTTP/1.1" 200 - "-" "WordPress/6.9.4; https://smarthomediscovery.com"
