139.59.100.69 - - [28/Apr/2026:04:19:25 +0000] "GET /wp-content/uploads/2020/11/is_your_home_boring_try_these_home_improvement_tips_for_success.jpg HTTP/1.1" 200 25513 "https://smarthomediscovery.com/" "Mozilla/5.0 (Windows NT 10.0; Win64; x64) AppleWebKit/537.36 (KHTML, like Gecko) Chrome/124.0.0.0 Safari/537.36"
73.112.242.175 - - [28/Apr/2026:04:19:40 +0000] "GET /useful-information-for-keeping-your-house-and-valuables-secure/ HTTP/1.1" 200 22154 "-" "Mozilla/5.0 (Macintosh; Intel Mac OS X 10_15_7) AppleWebKit/537.36 (KHTML, like Gecko) Chrome/131.0.0.0 Safari/537.36"
98.91.203.152 - - [28/Apr/2026:04:19:48 +0000] "GET /ads.txt HTTP/1.1" 200 58 "-" "Mozilla/5.0 (Windows NT 10.0; Win64; x64) AppleWebKit/537.36 (KHTML, like Gecko) Chrome/124.0.0.0 Safari/537.36"
184.94.212.206 - - [28/Apr/2026:04:21:23 +0000] "POST /wp-cron.php?doing_wp_cron=1777350083.2733440399169921875000 HTTP/1.1" 200 - "-" "WordPress/6.9.4; https://smarthomediscovery.com"
54.39.0.152 - - [28/Apr/2026:04:21:21 +0000] "GET /how-to-guides/ HTTP/1.1" 200 14725 "-" "Mozilla/5.0 (compatible; AhrefsBot/7.0; +http://ahrefs.com/robot/)"
184.94.212.206 - - [28/Apr/2026:04:21:51 +0000] "POST /wp-cron.php?doing_wp_cron=1777350111.3330619335174560546875 HTTP/1.1" 200 - "-" "WordPress/6.9.4; https://smarthomediscovery.com"
188.95.212.43 - - [28/Apr/2026:04:21:50 +0000] "GET /valuable-home-security-tips-and-tricks-for-you/?share=facebook HTTP/1.1" 302 - "-" "Mozilla/5.0 (Windows NT 10.0; Win64; x64) AppleWebKit/537.36 (KHTML, like Gecko) Chrome/92.0.4515.159 Safari/537.36"
47.128.55.207 - - [28/Apr/2026:04:22:25 +0000] "GET /blog/ HTTP/1.1" 200 14691 "-" "Mozilla/5.0 (Linux; Android 5.0) AppleWebKit/537.36 (KHTML, like Gecko) Mobile Safari/537.36 (compatible; Bytespider; spider-feedback@bytedance.com)"
47.128.55.207 - - [28/Apr/2026:04:22:29 +0000] "GET /wp-content/plugins/simple-social-icons/css/style.css?ver=4.0.0 HTTP/1.1" 200 461 "https://smarthomediscovery.com/blog/" "Mozilla/5.0 (Linux; Android 5.0) AppleWebKit/537.36 (KHTML, like Gecko) Mobile Safari/537.36 (compatible; Bytespider; spider-feedback@bytedance.com)"
184.94.212.206 - - [28/Apr/2026:04:24:20 +0000] "POST /wp-cron.php?doing_wp_cron=1777350260.9194190502166748046875 HTTP/1.1" 200 - "-" "WordPress/6.9.4; https://smarthomediscovery.com"
192.0.84.117 - - [28/Apr/2026:04:24:19 +0000] "HEAD / HTTP/1.1" 200 - "-" "jetmon/1.0 (Jetpack Site Uptime Monitor by WordPress.com)"
136.116.217.68 - - [28/Apr/2026:04:24:34 +0000] "POST /graphql HTTP/1.1" 404 12747 "-" "Mozilla/5.0 (X11; Linux x86_64) AppleWebKit/537.36 (KHTML, like Gecko) Chrome/143.0.0.0 Safari/537.36"
45.79.147.155 - - [28/Apr/2026:04:24:34 +0000] "POST /api/graphql HTTP/1.1" 404 12748 "-" "Mozilla/5.0 (X11; Linux x86_64) AppleWebKit/537.36 (KHTML, like Gecko) Chrome/143.0.0.0 Safari/537.36"
192.185.176.151 - - [28/Apr/2026:04:24:35 +0000] "GET /wp-json/wp/v2/comments?per_page=100&_fields=author_name,author_url HTTP/1.1" 200 22 "-" "Mozilla/5.0 (X11; Linux x86_64) AppleWebKit/537.36 (KHTML, like Gecko) Chrome/143.0.0.0 Safari/537.36"
192.185.176.151 - - [28/Apr/2026:04:24:35 +0000] "GET /?author=1 HTTP/1.1" 500 126 "-" "Mozilla/5.0 (X11; Linux x86_64) AppleWebKit/537.36 (KHTML, like Gecko) Chrome/143.0.0.0 Safari/537.36"
192.185.176.151 - - [28/Apr/2026:04:24:35 +0000] "GET /wp-json/wp/v2/posts?per_page=50&_fields=author HTTP/1.1" 200 41 "-" "Mozilla/5.0 (X11; Linux x86_64) AppleWebKit/537.36 (KHTML, like Gecko) Chrome/143.0.0.0 Safari/537.36"
92.53.96.141 - - [28/Apr/2026:04:24:45 +0000] "GET /?author=1 HTTP/1.1" 500 126 "-" "Mozilla/5.0 (X11; Linux x86_64) AppleWebKit/537.36 (KHTML, like Gecko) Chrome/143.0.0.0 Safari/537.36"
68.178.230.66 - - [28/Apr/2026:04:24:45 +0000] "GET /wp-json/wp/v2/comments?per_page=100&_fields=author_name,author_url HTTP/1.1" 200 22 "-" "Mozilla/5.0 (X11; Linux x86_64) AppleWebKit/537.36 (KHTML, like Gecko) Chrome/143.0.0.0 Safari/537.36"
51.222.95.19 - - [28/Apr/2026:04:24:49 +0000] "GET /reviews/ HTTP/1.1" 200 14724 "-" "Mozilla/5.0 (compatible; AhrefsBot/7.0; +http://ahrefs.com/robot/)"
110.249.201.230 - - [28/Apr/2026:04:24:56 +0000] "GET /robots.txt HTTP/1.1" 200 150 "-" "Mozilla/5.0 (Linux; Android 5.0) AppleWebKit/537.36 (KHTML, like Gecko) Mobile Safari/537.36 (compatible; Bytespider; https://zhanzhang.toutiao.com/)"
184.94.212.206 - - [28/Apr/2026:04:26:00 +0000] "POST /wp-cron.php?doing_wp_cron=1777350360.1504640579223632812500 HTTP/1.1" 200 - "-" "WordPress/6.9.4; https://smarthomediscovery.com"
159.26.99.223 - - [28/Apr/2026:04:25:58 +0000] "GET /great-advice-for-making-your-home-secure/ HTTP/1.1" 200 20968 "-" "Mozilla/5.0 (Windows NT 10.0; Win64; x64) AppleWebKit/537.36 (KHTML, like Gecko) Chrome/104.0.0.0 Safari/537.36"
47.128.55.31 - - [28/Apr/2026:04:26:42 +0000] "GET /need-help-with-home-security-issues-this-article-is-for-you/ HTTP/1.1" 301 - "-" "Mozilla/5.0 (Linux; Android 5.0) AppleWebKit/537.36 (KHTML, like Gecko) Mobile Safari/537.36 (compatible; Bytespider; spider-feedback@bytedance.com)"
47.128.55.31 - - [28/Apr/2026:04:26:51 +0000] "GET /need-help-with-home-security-issues-this-article-is-for-you/ HTTP/1.1" 200 22159 "-" "Mozilla/5.0 (Linux; Android 5.0) AppleWebKit/537.36 (KHTML, like Gecko) Mobile Safari/537.36 (compatible; Bytespider; spider-feedback@bytedance.com)"
47.128.16.152 - - [28/Apr/2026:04:27:57 +0000] "GET /tips-to-help-you-find-the-right-home-security-strategy/ HTTP/1.1" 200 22068 "-" "Mozilla/5.0 (Linux; Android 5.0) AppleWebKit/537.36 (KHTML, like Gecko) Mobile Safari/537.36 (compatible; TikTokSpider; ttspider-feedback@tiktok.com)"
184.94.212.206 - - [28/Apr/2026:04:29:22 +0000] "POST /wp-cron.php?doing_wp_cron=1777350562.1314170360565185546875 HTTP/1.1" 200 - "-" "WordPress/6.9.4; https://smarthomediscovery.com"
192.0.84.117 - - [28/Apr/2026:04:29:20 +0000] "HEAD / HTTP/1.1" 200 - "-" "jetmon/1.0 (Jetpack Site Uptime Monitor by WordPress.com)"
4.193.121.6 - - [28/Apr/2026:04:30:02 +0000] "GET /1.php HTTP/1.1" 404 12785 "-" "Mozilla/5.0 (Windows NT 10.0; Win64; x64) AppleWebKit/537.36 (KHTML, like Gecko) Chrome/120.0.0.0 Safari/537.36"
4.193.121.6 - - [28/Apr/2026:04:30:04 +0000] "GET /wp-content/uploads/2024/ HTTP/1.1" 404 12788 "-" "Mozilla/5.0 (Windows NT 10.0; Win64; x64) AppleWebKit/537.36 (KHTML, like Gecko) Chrome/120.0.0.0 Safari/537.36"
4.193.121.6 - - [28/Apr/2026:04:30:06 +0000] "GET /wp-content/uploads/wp-login.php HTTP/1.1" 404 12790 "-" "Mozilla/5.0 (Windows NT 10.0; Win64; x64) AppleWebKit/537.36 (KHTML, like Gecko) Chrome/120.0.0.0 Safari/537.36"
4.193.121.6 - - [28/Apr/2026:04:30:07 +0000] "GET /wp-corn-sample.php HTTP/1.1" 404 12793 "-" "Mozilla/5.0 (Windows NT 10.0; Win64; x64) AppleWebKit/537.36 (KHTML, like Gecko) Chrome/120.0.0.0 Safari/537.36"
4.193.121.6 - - [28/Apr/2026:04:30:09 +0000] "GET /wp-content/uploads/ HTTP/1.1" 404 12786 "-" "Mozilla/5.0 (Windows NT 10.0; Win64; x64) AppleWebKit/537.36 (KHTML, like Gecko) Chrome/120.0.0.0 Safari/537.36"
4.193.121.6 - - [28/Apr/2026:04:30:11 +0000] "GET /wp-admin/js/index.php HTTP/1.1" 301 - "-" "Mozilla/5.0 (Windows NT 10.0; Win64; x64) AppleWebKit/537.36 (KHTML, like Gecko) Chrome/120.0.0.0 Safari/537.36"
4.193.121.6 - - [28/Apr/2026:04:30:12 +0000] "GET /wp-admin/css/index.php HTTP/1.1" 301 - "-" "Mozilla/5.0 (Windows NT 10.0; Win64; x64) AppleWebKit/537.36 (KHTML, like Gecko) Chrome/120.0.0.0 Safari/537.36"
4.193.121.6 - - [28/Apr/2026:04:30:13 +0000] "GET /server.php HTTP/1.1" 404 12788 "-" "Mozilla/5.0 (Windows NT 10.0; Win64; x64) AppleWebKit/537.36 (KHTML, like Gecko) Chrome/120.0.0.0 Safari/537.36"
47.128.55.234 - - [28/Apr/2026:04:30:13 +0000] "GET /is-your-home-boring-try-these-home-improvement-tips-for-success/?amp HTTP/1.1" 301 - "-" "Mozilla/5.0 (compatible; Bytespider; spider-feedback@bytedance.com) AppleWebKit/537.36 (KHTML, like Gecko) Chrome/70.0.0.0 Safari/537.36"
4.193.121.6 - - [28/Apr/2026:04:30:14 +0000] "GET /wp-includes/Requests/library/ HTTP/1.1" 404 12796 "-" "Mozilla/5.0 (Windows NT 10.0; Win64; x64) AppleWebKit/537.36 (KHTML, like Gecko) Chrome/120.0.0.0 Safari/537.36"
47.128.55.234 - - [28/Apr/2026:04:30:16 +0000] "GET /is-your-home-boring-try-these-home-improvement-tips-for-success/?amp HTTP/1.1" 200 21601 "-" "Mozilla/5.0 (compatible; Bytespider; spider-feedback@bytedance.com) AppleWebKit/537.36 (KHTML, like Gecko) Chrome/70.0.0.0 Safari/537.36"
4.193.121.6 - - [28/Apr/2026:04:30:16 +0000] "GET /wp-admin/js/ HTTP/1.1" 404 12787 "-" "Mozilla/5.0 (Windows NT 10.0; Win64; x64) AppleWebKit/537.36 (KHTML, like Gecko) Chrome/120.0.0.0 Safari/537.36"
184.94.212.206 - - [28/Apr/2026:04:30:18 +0000] "POST /wp-cron.php?doing_wp_cron=1777350618.5755240917205810546875 HTTP/1.1" 200 - "-" "WordPress/6.9.4; https://smarthomediscovery.com"
4.193.121.6 - - [28/Apr/2026:04:30:17 +0000] "GET /wso.php HTTP/1.1" 404 12787 "-" "Mozilla/5.0 (Windows NT 10.0; Win64; x64) AppleWebKit/537.36 (KHTML, like Gecko) Chrome/120.0.0.0 Safari/537.36"
4.193.121.6 - - [28/Apr/2026:04:30:18 +0000] "GET /wp-includes/images/crystal/ HTTP/1.1" 404 12792 "-" "Mozilla/5.0 (Windows NT 10.0; Win64; x64) AppleWebKit/537.36 (KHTML, like Gecko) Chrome/120.0.0.0 Safari/537.36"
4.193.121.6 - - [28/Apr/2026:04:30:20 +0000] "GET /wp-file.php HTTP/1.1" 404 12788 "-" "Mozilla/5.0 (Windows NT 10.0; Win64; x64) AppleWebKit/537.36 (KHTML, like Gecko) Chrome/120.0.0.0 Safari/537.36"
4.193.121.6 - - [28/Apr/2026:04:30:21 +0000] "GET /adminfuns.php HTTP/1.1" 404 12791 "-" "Mozilla/5.0 (Windows NT 10.0; Win64; x64) AppleWebKit/537.36 (KHTML, like Gecko) Chrome/120.0.0.0 Safari/537.36"
4.193.121.6 - - [28/Apr/2026:04:30:22 +0000] "GET /wk/index.php HTTP/1.1" 301 - "-" "Mozilla/5.0 (Windows NT 10.0; Win64; x64) AppleWebKit/537.36 (KHTML, like Gecko) Chrome/120.0.0.0 Safari/537.36"
4.193.121.6 - - [28/Apr/2026:04:30:23 +0000] "GET /wp-admin.php HTTP/1.1" 404 12787 "-" "Mozilla/5.0 (Windows NT 10.0; Win64; x64) AppleWebKit/537.36 (KHTML, like Gecko) Chrome/120.0.0.0 Safari/537.36"
4.193.121.6 - - [28/Apr/2026:04:30:24 +0000] "GET /wp-content/themes/admin.php HTTP/1.1" 404 12790 "-" "Mozilla/5.0 (Windows NT 10.0; Win64; x64) AppleWebKit/537.36 (KHTML, like Gecko) Chrome/120.0.0.0 Safari/537.36"
4.193.121.6 - - [28/Apr/2026:04:30:26 +0000] "GET /wp-includes/block-bindings/ HTTP/1.1" 404 12796 "-" "Mozilla/5.0 (Windows NT 10.0; Win64; x64) AppleWebKit/537.36 (KHTML, like Gecko) Chrome/120.0.0.0 Safari/537.36"
4.193.121.6 - - [28/Apr/2026:04:30:27 +0000] "GET /xmrlpc.php HTTP/1.1" 404 12789 "-" "Mozilla/5.0 (Windows NT 10.0; Win64; x64) AppleWebKit/537.36 (KHTML, like Gecko) Chrome/120.0.0.0 Safari/537.36"
4.193.121.6 - - [28/Apr/2026:04:30:28 +0000] "GET /wp-includes/SimplePie/about.php HTTP/1.1" 404 12797 "-" "Mozilla/5.0 (Windows NT 10.0; Win64; x64) AppleWebKit/537.36 (KHTML, like Gecko) Chrome/120.0.0.0 Safari/537.36"
4.193.121.6 - - [28/Apr/2026:04:30:30 +0000] "GET /wp-admin/file.php HTTP/1.1" 404 12790 "-" "Mozilla/5.0 (Windows NT 10.0; Win64; x64) AppleWebKit/537.36 (KHTML, like Gecko) Chrome/120.0.0.0 Safari/537.36"
4.193.121.6 - - [28/Apr/2026:04:30:31 +0000] "GET /wp-includes/rest-api/fields/ HTTP/1.1" 404 12796 "-" "Mozilla/5.0 (Windows NT 10.0; Win64; x64) AppleWebKit/537.36 (KHTML, like Gecko) Chrome/120.0.0.0 Safari/537.36"
4.193.121.6 - - [28/Apr/2026:04:30:32 +0000] "GET /atomlib.php HTTP/1.1" 404 12790 "-" "Mozilla/5.0 (Windows NT 10.0; Win64; x64) AppleWebKit/537.36 (KHTML, like Gecko) Chrome/120.0.0.0 Safari/537.36"
4.193.121.6 - - [28/Apr/2026:04:30:33 +0000] "GET /css/index.php HTTP/1.1" 301 - "-" "Mozilla/5.0 (Windows NT 10.0; Win64; x64) AppleWebKit/537.36 (KHTML, like Gecko) Chrome/120.0.0.0 Safari/537.36"
4.193.121.6 - - [28/Apr/2026:04:30:34 +0000] "GET /wp-content/et-cache/ HTTP/1.1" 404 12792 "-" "Mozilla/5.0 (Windows NT 10.0; Win64; x64) AppleWebKit/537.36 (KHTML, like Gecko) Chrome/120.0.0.0 Safari/537.36"
137.184.201.169 - - [28/Apr/2026:04:30:36 +0000] "GET /the-pros-are-keeping-these-home-security-tips-from-you/create_your_perfect_environment_with_these_home_improvement_tips_and_tricks.jpg HTTP/1.1" 301 - "https://www.smarthomediscovery.com/" "Mozilla/5.0 (Windows NT 10.0; Win64; x64) AppleWebKit/537.36 (KHTML, like Gecko) Chrome/120.0.0.0 Safari/537.36"
4.193.121.6 - - [28/Apr/2026:04:30:36 +0000] "GET /about.php HTTP/1.1" 404 12787 "-" "Mozilla/5.0 (Windows NT 10.0; Win64; x64) AppleWebKit/537.36 (KHTML, like Gecko) Chrome/120.0.0.0 Safari/537.36"
137.184.201.169 - - [28/Apr/2026:04:30:38 +0000] "GET /wp-content/uploads/2020/12/create_your_perfect_environment_with_these_home_improvement_tips_and_tricks.jpg HTTP/1.1" 200 50311 "https://www.smarthomediscovery.com/" "Mozilla/5.0 (Windows NT 10.0; Win64; x64) AppleWebKit/537.36 (KHTML, like Gecko) Chrome/120.0.0.0 Safari/537.36"
4.193.121.6 - - [28/Apr/2026:04:30:37 +0000] "GET /wp-content/uploads/admin.php HTTP/1.1" 404 12791 "-" "Mozilla/5.0 (Windows NT 10.0; Win64; x64) AppleWebKit/537.36 (KHTML, like Gecko) Chrome/120.0.0.0 Safari/537.36"
4.193.121.6 - - [28/Apr/2026:04:30:39 +0000] "GET /wp-content/index.php HTTP/1.1" 301 - "-" "Mozilla/5.0 (Windows NT 10.0; Win64; x64) AppleWebKit/537.36 (KHTML, like Gecko) Chrome/120.0.0.0 Safari/537.36"
4.193.121.6 - - [28/Apr/2026:04:30:40 +0000] "GET /wp-includes/js/index.php HTTP/1.1" 301 - "-" "Mozilla/5.0 (Windows NT 10.0; Win64; x64) AppleWebKit/537.36 (KHTML, like Gecko) Chrome/120.0.0.0 Safari/537.36"
4.193.121.6 - - [28/Apr/2026:04:30:41 +0000] "GET /wp-includes/rest-api/ HTTP/1.1" 404 12792 "-" "Mozilla/5.0 (Windows NT 10.0; Win64; x64) AppleWebKit/537.36 (KHTML, like Gecko) Chrome/120.0.0.0 Safari/537.36"
4.193.121.6 - - [28/Apr/2026:04:30:42 +0000] "GET /admin.php HTTP/1.1" 404 12787 "-" "Mozilla/5.0 (Windows NT 10.0; Win64; x64) AppleWebKit/537.36 (KHTML, like Gecko) Chrome/120.0.0.0 Safari/537.36"
4.193.121.6 - - [28/Apr/2026:04:30:43 +0000] "GET /wp-includes/blocks/block/ HTTP/1.1" 404 12791 "-" "Mozilla/5.0 (Windows NT 10.0; Win64; x64) AppleWebKit/537.36 (KHTML, like Gecko) Chrome/120.0.0.0 Safari/537.36"
4.193.121.6 - - [28/Apr/2026:04:30:44 +0000] "GET /as.php HTTP/1.1" 404 12786 "-" "Mozilla/5.0 (Windows NT 10.0; Win64; x64) AppleWebKit/537.36 (KHTML, like Gecko) Chrome/120.0.0.0 Safari/537.36"
4.193.121.6 - - [28/Apr/2026:04:30:46 +0000] "GET /wp-includes/PHPMailer/index.php HTTP/1.1" 301 - "-" "Mozilla/5.0 (Windows NT 10.0; Win64; x64) AppleWebKit/537.36 (KHTML, like Gecko) Chrome/120.0.0.0 Safari/537.36"
4.193.121.6 - - [28/Apr/2026:04:30:47 +0000] "GET /buy.php HTTP/1.1" 404 12787 "-" "Mozilla/5.0 (Windows NT 10.0; Win64; x64) AppleWebKit/537.36 (KHTML, like Gecko) Chrome/120.0.0.0 Safari/537.36"
4.193.121.6 - - [28/Apr/2026:04:30:48 +0000] "GET /wp.php HTTP/1.1" 404 12787 "-" "Mozilla/5.0 (Windows NT 10.0; Win64; x64) AppleWebKit/537.36 (KHTML, like Gecko) Chrome/120.0.0.0 Safari/537.36"
4.193.121.6 - - [28/Apr/2026:04:30:49 +0000] "GET /wp-admin/images/index.php HTTP/1.1" 301 - "-" "Mozilla/5.0 (Windows NT 10.0; Win64; x64) AppleWebKit/537.36 (KHTML, like Gecko) Chrome/120.0.0.0 Safari/537.36"
4.193.121.6 - - [28/Apr/2026:04:30:50 +0000] "GET /about.PHP HTTP/1.1" 404 12790 "-" "Mozilla/5.0 (Windows NT 10.0; Win64; x64) AppleWebKit/537.36 (KHTML, like Gecko) Chrome/120.0.0.0 Safari/537.36"
4.193.121.6 - - [28/Apr/2026:04:30:51 +0000] "GET /ioxi-o.php HTTP/1.1" 404 12789 "-" "Mozilla/5.0 (Windows NT 10.0; Win64; x64) AppleWebKit/537.36 (KHTML, like Gecko) Chrome/120.0.0.0 Safari/537.36"
4.193.121.6 - - [28/Apr/2026:04:30:53 +0000] "GET /wp-content/uploads/index.php HTTP/1.1" 301 - "-" "Mozilla/5.0 (Windows NT 10.0; Win64; x64) AppleWebKit/537.36 (KHTML, like Gecko) Chrome/120.0.0.0 Safari/537.36"
4.193.121.6 - - [28/Apr/2026:04:30:54 +0000] "GET /wp-content/edit.php HTTP/1.1" 404 12790 "-" "Mozilla/5.0 (Windows NT 10.0; Win64; x64) AppleWebKit/537.36 (KHTML, like Gecko) Chrome/120.0.0.0 Safari/537.36"
4.193.121.6 - - [28/Apr/2026:04:30:55 +0000] "GET /sf.php HTTP/1.1" 404 12786 "-" "Mozilla/5.0 (Windows NT 10.0; Win64; x64) AppleWebKit/537.36 (KHTML, like Gecko) Chrome/120.0.0.0 Safari/537.36"
4.193.121.6 - - [28/Apr/2026:04:30:56 +0000] "GET /wp-includes/index.php HTTP/1.1" 301 - "-" "Mozilla/5.0 (Windows NT 10.0; Win64; x64) AppleWebKit/537.36 (KHTML, like Gecko) Chrome/120.0.0.0 Safari/537.36"
4.193.121.6 - - [28/Apr/2026:04:30:58 +0000] "GET /file.php HTTP/1.1" 404 12787 "-" "Mozilla/5.0 (Windows NT 10.0; Win64; x64) AppleWebKit/537.36 (KHTML, like Gecko) Chrome/120.0.0.0 Safari/537.36"
4.193.121.6 - - [28/Apr/2026:04:30:59 +0000] "GET /wp-admin/css/colors/modern/ HTTP/1.1" 404 12799 "-" "Mozilla/5.0 (Windows NT 10.0; Win64; x64) AppleWebKit/537.36 (KHTML, like Gecko) Chrome/120.0.0.0 Safari/537.36"
4.193.121.6 - - [28/Apr/2026:04:31:02 +0000] "GET /cgi-bin/ HTTP/1.1" 404 12789 "-" "Mozilla/5.0 (Windows NT 10.0; Win64; x64) AppleWebKit/537.36 (KHTML, like Gecko) Chrome/120.0.0.0 Safari/537.36"
4.193.121.6 - - [28/Apr/2026:04:31:03 +0000] "GET /test1.php HTTP/1.1" 404 12788 "-" "Mozilla/5.0 (Windows NT 10.0; Win64; x64) AppleWebKit/537.36 (KHTML, like Gecko) Chrome/120.0.0.0 Safari/537.36"
4.193.121.6 - - [28/Apr/2026:04:31:04 +0000] "GET /wp-cron.php HTTP/1.1" 200 - "-" "Mozilla/5.0 (Windows NT 10.0; Win64; x64) AppleWebKit/537.36 (KHTML, like Gecko) Chrome/120.0.0.0 Safari/537.36"
4.193.121.6 - - [28/Apr/2026:04:31:05 +0000] "GET /wp-includes/block-supports/ HTTP/1.1" 404 12793 "-" "Mozilla/5.0 (Windows NT 10.0; Win64; x64) AppleWebKit/537.36 (KHTML, like Gecko) Chrome/120.0.0.0 Safari/537.36"
4.193.121.6 - - [28/Apr/2026:04:31:06 +0000] "GET /404.php HTTP/1.1" 404 12787 "-" "Mozilla/5.0 (Windows NT 10.0; Win64; x64) AppleWebKit/537.36 (KHTML, like Gecko) Chrome/120.0.0.0 Safari/537.36"
4.193.121.6 - - [28/Apr/2026:04:31:07 +0000] "GET /wp-content/1.php HTTP/1.1" 404 12788 "-" "Mozilla/5.0 (Windows NT 10.0; Win64; x64) AppleWebKit/537.36 (KHTML, like Gecko) Chrome/120.0.0.0 Safari/537.36"
4.193.121.6 - - [28/Apr/2026:04:31:09 +0000] "GET /images/index.php HTTP/1.1" 301 - "-" "Mozilla/5.0 (Windows NT 10.0; Win64; x64) AppleWebKit/537.36 (KHTML, like Gecko) Chrome/120.0.0.0 Safari/537.36"
184.94.212.206 - - [28/Apr/2026:04:32:41 +0000] "POST /wp-cron.php?doing_wp_cron=1777350761.4477210044860839843750 HTTP/1.1" 200 - "-" "WordPress/6.9.4; https://smarthomediscovery.com"
108.6.253.157 - - [28/Apr/2026:04:32:39 +0000] "GET /tag/installation/ HTTP/1.1" 200 13917 "-" "Mozilla/5.0 (Macintosh; Intel Mac OS X 10_15_7) AppleWebKit/537.36 (KHTML, like Gecko) Chrome/133.0.0.0 Safari/537.36"
184.94.212.206 - - [28/Apr/2026:04:34:21 +0000] "POST /wp-cron.php?doing_wp_cron=1777350861.2840530872344970703125 HTTP/1.1" 200 - "-" "WordPress/6.9.4; https://smarthomediscovery.com"
192.0.84.117 - - [28/Apr/2026:04:34:19 +0000] "HEAD / HTTP/1.1" 200 - "-" "jetmon/1.0 (Jetpack Site Uptime Monitor by WordPress.com)"
185.191.171.11 - - [28/Apr/2026:04:34:23 +0000] "GET /your-home-and-your-family-keep-them-safe/ HTTP/1.1" 200 21471 "-" "Mozilla/5.0 (compatible; SemrushBot/7~bl; +http://www.semrush.com/bot.html)"
114.119.153.38 - - [28/Apr/2026:04:34:28 +0000] "GET /tired_of_searching_for_answers_regarding_real_estate_investing_find_them_here-jpg HTTP/1.1" 301 - "-" "Mozilla/5.0 (Linux; Android 7.0;) AppleWebKit/537.36 (HTML, like Gecko) Mobile Safari/537.36 (compatible; PetalBot;+https://webmaster.petalsearch.com/site/petalbot)"
114.119.153.38 - - [28/Apr/2026:04:34:33 +0000] "GET /wp-content/uploads/2020/04/tired_of_searching_for_answers_regarding_real_estate_investing_find_them_here.jpg HTTP/1.1" 200 68742 "https://www.smarthomediscovery.com/tired_of_searching_for_answers_regarding_real_estate_investing_find_them_here-jpg" "Mozilla/5.0 (Linux; Android 7.0;) AppleWebKit/537.36 (HTML, like Gecko) Mobile Safari/537.36 (compatible; PetalBot;+https://webmaster.petalsearch.com/site/petalbot)"
66.249.66.44 - - [28/Apr/2026:04:34:37 +0000] "GET /ads.txt HTTP/1.1" 304 - "-" "Google-adstxt"
184.94.212.206 - - [28/Apr/2026:04:35:38 +0000] "POST /wp-cron.php?doing_wp_cron=1777350938.5186769962310791015625 HTTP/1.1" 200 - "-" "WordPress/6.9.4; https://smarthomediscovery.com"
179.43.141.146 - - [28/Apr/2026:04:35:37 +0000] "GET / HTTP/1.1" 301 - "-" "Mozilla/5.0 (Windows NT 10.0; Win64; x64) AppleWebKit/537.36 (KHTML, like Gecko) Chrome/143.0.0.0 Safari/537.36 OPR/127.0.0.0"
184.94.212.206 - - [28/Apr/2026:04:35:40 +0000] "POST /wp-cron.php?doing_wp_cron=1777350940.4105060100555419921875 HTTP/1.1" 200 - "-" "WordPress/6.9.4; https://smarthomediscovery.com"
179.43.141.146 - - [28/Apr/2026:04:35:39 +0000] "GET / HTTP/1.1" 200 16519 "https://www.smarthomediscovery.com/" "Mozilla/5.0 (Windows NT 10.0; Win64; x64) AppleWebKit/537.36 (KHTML, like Gecko) Chrome/143.0.0.0 Safari/537.36 OPR/127.0.0.0"
179.43.141.146 - - [28/Apr/2026:04:35:43 +0000] "GET /wp-content/themes/magazine-pro/style.css?ver=3.2.4 HTTP/1.1" 200 8227 "https://smarthomediscovery.com/" "Mozilla/5.0 (Windows NT 10.0; Win64; x64) AppleWebKit/537.36 (KHTML, like Gecko) Chrome/145.0.0.0 Safari/537.36"
179.43.141.146 - - [28/Apr/2026:04:35:44 +0000] "GET /wp-content/plugins/simple-social-icons/css/style.css?ver=4.0.0 HTTP/1.1" 200 461 "https://smarthomediscovery.com/" "Mozilla/5.0 (Windows NT 10.0; Win64; x64) AppleWebKit/537.36 (KHTML, like Gecko) Chrome/145.0.0.0 Safari/537.36"
179.43.141.146 - - [28/Apr/2026:04:35:47 +0000] "GET /create-your-perfect-environment-with-these-home-improvement-tips-and-tricks/ HTTP/1.1" 200 21842 "https://smarthomediscovery.com/" "Mozilla/5.0 (Windows NT 10.0; Win64; x64) AppleWebKit/537.36 (KHTML, like Gecko) Chrome/143.0.0.0 Safari/537.36 OPR/127.0.0.0"
179.43.141.146 - - [28/Apr/2026:04:35:49 +0000] "GET /wp-login.php HTTP/1.1" 200 4389 "https://smarthomediscovery.com/create-your-perfect-environment-with-these-home-improvement-tips-and-tricks/" "Mozilla/5.0 (Windows NT 6.3; Win64; x64) AppleWebKit/537.36 (KHTML, like Gecko) Chrome/103.0.0.0 Safari/537.36"
179.43.141.146 - - [28/Apr/2026:04:35:51 +0000] "GET /wp-login.php HTTP/1.1" 200 4389 "https://smarthomediscovery.com/wp-login.php" "Mozilla/5.0 (Windows NT 6.3; Win64; x64) AppleWebKit/537.36 (KHTML, like Gecko) Chrome/103.0.0.0 Safari/537.36"
179.43.141.146 - - [28/Apr/2026:04:36:01 +0000] "POST /wp-login.php?jetpack-protect-recovery=true HTTP/1.1" 200 4357 "https://smarthomediscovery.com/wp-login.php" "Mozilla/5.0 (Windows NT 6.3; Win64; x64) AppleWebKit/537.36 (KHTML, like Gecko) Chrome/103.0.0.0 Safari/537.36"
184.94.212.206 - - [28/Apr/2026:04:38:12 +0000] "POST /wp-cron.php?doing_wp_cron=1777351092.1967949867248535156250 HTTP/1.1" 200 - "-" "WordPress/6.9.4; https://smarthomediscovery.com"
76.39.242.91 - - [28/Apr/2026:04:38:10 +0000] "GET /answering-all-of-your-questions-about-real-estate-investing-is-our-job/ HTTP/1.1" 200 21447 "-" "Mozilla/5.0 (Macintosh; Intel Mac OS X 10_15_7) AppleWebKit/537.36 (KHTML, like Gecko) Chrome/136.0.0.0 Safari/537.36"
192.0.84.117 - - [28/Apr/2026:04:39:18 +0000] "HEAD / HTTP/1.1" 200 - "-" "jetmon/1.0 (Jetpack Site Uptime Monitor by WordPress.com)"
128.199.103.229 - - [28/Apr/2026:04:40:04 +0000] "GET /be-home-security-smart-with-these-tips/how_to_improve_your_home_the_easy_way.jpg HTTP/1.1" 301 - "https://www.smarthomediscovery.com/" "Mozilla/5.0 (Windows NT 10.0; Win64; x64) AppleWebKit/537.36 (KHTML, like Gecko) Chrome/116.0.0.0 Safari/537.36"
128.199.103.229 - - [28/Apr/2026:04:40:06 +0000] "GET /wp-content/uploads/2021/01/how_to_improve_your_home_the_easy_way.jpg HTTP/1.1" 200 28740 "https://www.smarthomediscovery.com/" "Mozilla/5.0 (Windows NT 10.0; Win64; x64) AppleWebKit/537.36 (KHTML, like Gecko) Chrome/116.0.0.0 Safari/537.36"
184.94.212.206 - - [28/Apr/2026:04:43:14 +0000] "POST /wp-cron.php?doing_wp_cron=1777351394.5529489517211914062500 HTTP/1.1" 200 - "-" "WordPress/6.9.4; https://smarthomediscovery.com"
184.190.65.252 - - [28/Apr/2026:04:43:12 +0000] "GET /stellar-home-security-tips-you-need-to-know/ HTTP/1.1" 200 21834 "-" "Mozilla/5.0 (Macintosh; Intel Mac OS X 10_15_7) AppleWebKit/537.36 (KHTML, like Gecko) Chrome/131.0.0.0 Safari/537.36"
178.128.111.108 - - [28/Apr/2026:04:43:35 +0000] "GET /voice-controlled-lighting-automation/is_your_home_boring_try_these_home_improvement_tips_for_success.jpg HTTP/1.1" 301 - "https://smarthomediscovery.com/" "Mozilla/5.0 (Windows NT 10.0; Win64; x64) AppleWebKit/537.36 (KHTML, like Gecko) Chrome/106.0.5249.119 Safari/537.36"
178.128.111.108 - - [28/Apr/2026:04:43:37 +0000] "GET /wp-content/uploads/2020/11/is_your_home_boring_try_these_home_improvement_tips_for_success.jpg HTTP/1.1" 200 25513 "https://smarthomediscovery.com/" "Mozilla/5.0 (Windows NT 10.0; Win64; x64) AppleWebKit/537.36 (KHTML, like Gecko) Chrome/106.0.5249.119 Safari/537.36"
192.0.84.117 - - [28/Apr/2026:04:44:19 +0000] "HEAD / HTTP/1.1" 200 - "-" "jetmon/1.0 (Jetpack Site Uptime Monitor by WordPress.com)"
184.94.212.206 - - [28/Apr/2026:04:45:43 +0000] "POST /wp-cron.php?doing_wp_cron=1777351543.9036829471588134765625 HTTP/1.1" 200 - "-" "WordPress/6.9.4; https://smarthomediscovery.com"
68.129.19.137 - - [28/Apr/2026:04:45:42 +0000] "GET /tag/valuable-items/ HTTP/1.1" 200 16086 "-" "Mozilla/5.0 (Macintosh; Intel Mac OS X 10_15_7) AppleWebKit/537.36 (KHTML, like Gecko) Chrome/119.0.0.0 Safari/537.36"
184.94.212.206 - - [28/Apr/2026:04:46:33 +0000] "POST /wp-cron.php?doing_wp_cron=1777351593.7388229370117187500000 HTTP/1.1" 200 - "-" "WordPress/6.9.4; https://smarthomediscovery.com"
134.209.114.236 - - [28/Apr/2026:04:46:32 +0000] "GET /feel-safe-at-home-after-reading-this-advice/tips_for_before_you_start_a_home_improvement_project.jpg HTTP/1.1" 301 - "https://smarthomediscovery.com/" "Mozilla/5.0 (Windows NT 10.0; Win64; x64) AppleWebKit/537.36 (KHTML, like Gecko) Chrome/116.0.0.0 Safari/537.36"
134.209.114.236 - - [28/Apr/2026:04:46:35 +0000] "GET /wp-content/uploads/2021/03/tips_for_before_you_start_a_home_improvement_project.jpg HTTP/1.1" 200 86413 "https://smarthomediscovery.com/" "Mozilla/5.0 (Windows NT 10.0; Win64; x64) AppleWebKit/537.36 (KHTML, like Gecko) Chrome/116.0.0.0 Safari/537.36"
184.94.212.206 - - [28/Apr/2026:04:47:49 +0000] "POST /wp-cron.php?doing_wp_cron=1777351669.5226490497589111328125 HTTP/1.1" 200 - "-" "WordPress/6.9.4; https://smarthomediscovery.com"
184.94.212.206 - - [28/Apr/2026:04:49:20 +0000] "POST /wp-cron.php?doing_wp_cron=1777351760.6998910903930664062500 HTTP/1.1" 200 - "-" "WordPress/6.9.4; https://smarthomediscovery.com"
192.0.84.117 - - [28/Apr/2026:04:49:18 +0000] "HEAD / HTTP/1.1" 200 - "-" "jetmon/1.0 (Jetpack Site Uptime Monitor by WordPress.com)"
184.94.212.206 - - [28/Apr/2026:04:50:25 +0000] "POST /wp-cron.php?doing_wp_cron=1777351825.7781510353088378906250 HTTP/1.1" 200 - "-" "WordPress/6.9.4; https://smarthomediscovery.com"
185.191.171.15 - - [28/Apr/2026:04:50:24 +0000] "GET /useful-information-for-keeping-your-house-and-valuables-secure-2/ HTTP/1.1" 200 20969 "-" "Mozilla/5.0 (compatible; SemrushBot/7~bl; +http://www.semrush.com/bot.html)"
184.94.212.206 - - [28/Apr/2026:04:52:22 +0000] "POST /wp-cron.php?doing_wp_cron=1777351942.0538039207458496093750 HTTP/1.1" 200 - "-" "WordPress/6.9.4; https://smarthomediscovery.com"
77.75.78.170 - - [28/Apr/2026:04:52:20 +0000] "GET /good-home-security-advice-you-should-know-about/ HTTP/1.1" 200 21225 "-" "Mozilla/5.0 (compatible; SeznamBot/4.0; +https://o-seznam.cz/napoveda/vyhledavani/en/seznambot-crawler/)"
114.119.139.25 - - [28/Apr/2026:04:52:29 +0000] "GET /tips-to-keep-your-home-secure/?amp HTTP/1.1" 301 - "https://www.smarthomediscovery.com/tag/security-system/page/2/?amp" "Mozilla/5.0 (Linux; Android 7.0;) AppleWebKit/537.36 (HTML, like Gecko) Mobile Safari/537.36 (compatible; PetalBot;+https://webmaster.petalsearch.com/site/petalbot)"
114.119.139.25 - - [28/Apr/2026:04:52:31 +0000] "GET /tips-to-keep-your-home-secure/?amp HTTP/1.1" 200 21803 "https://www.smarthomediscovery.com/tag/security-system/page/2/?amp" "Mozilla/5.0 (Linux; Android 7.0;) AppleWebKit/537.36 (HTML, like Gecko) Mobile Safari/537.36 (compatible; PetalBot;+https://webmaster.petalsearch.com/site/petalbot)"
184.94.212.206 - - [28/Apr/2026:04:54:21 +0000] "POST /wp-cron.php?doing_wp_cron=1777352061.0072259902954101562500 HTTP/1.1" 200 - "-" "WordPress/6.9.4; https://smarthomediscovery.com"
192.0.84.117 - - [28/Apr/2026:04:54:19 +0000] "HEAD / HTTP/1.1" 200 - "-" "jetmon/1.0 (Jetpack Site Uptime Monitor by WordPress.com)"
68.183.190.245 - - [28/Apr/2026:04:54:45 +0000] "GET /important-home-security-advice-everyone-should-know/quick_and_easy_ways_to_increase_the_worth_of_your_home.jpg HTTP/1.1" 301 - "https://www.smarthomediscovery.com/" "Mozilla/5.0 (Windows NT 10.0; Win64; x64) AppleWebKit/537.36 (KHTML, like Gecko) Chrome/131.0.0.0 Safari/537.36"
68.183.190.245 - - [28/Apr/2026:04:54:47 +0000] "GET /wp-content/uploads/2021/03/quick_and_easy_ways_to_increase_the_worth_of_your_home.jpg HTTP/1.1" 200 47674 "https://www.smarthomediscovery.com/" "Mozilla/5.0 (Windows NT 10.0; Win64; x64) AppleWebKit/537.36 (KHTML, like Gecko) Chrome/131.0.0.0 Safari/537.36"
14.178.38.116 - - [28/Apr/2026:04:55:04 +0000] "GET /excellent-advice-about-keeping-your-home-and-loved-ones-secure/ HTTP/1.1" 200 21462 "-" "Mozilla/5.0 (Macintosh; Intel Mac OS X 10_15_7) AppleWebKit/537.36 (KHTML, like Gecko) Chrome/100.0.4889.0 Safari/537.36"
17.246.19.237 - - [28/Apr/2026:04:55:09 +0000] "GET /tag/lamp-shade/?amp HTTP/1.1" 200 13930 "-" "Mozilla/5.0 (Macintosh; Intel Mac OS X 10_15_7) AppleWebKit/605.1.15 (KHTML, like Gecko) Version/17.4 Safari/605.1.15 (Applebot/0.1; +http://www.apple.com/go/applebot)"
184.94.212.206 - - [28/Apr/2026:04:57:02 +0000] "POST /wp-cron.php?doing_wp_cron=1777352222.7327680587768554687500 HTTP/1.1" 200 - "-" "WordPress/6.9.4; https://smarthomediscovery.com"
80.233.37.187 - - [28/Apr/2026:04:57:00 +0000] "GET /useful-information-for-keeping-your-house-and-valuables-secure/ HTTP/1.1" 200 22154 "-" "Mozilla/5.0 (Windows NT 10.0; Win64; x64) AppleWebKit/537.36 (KHTML, like Gecko) Chrome/100.0.4896.75 Safari/537.36"
75.189.203.45 - - [28/Apr/2026:04:57:48 +0000] "GET /how-to-improve-your-home-the-easy-way/?amp HTTP/1.1" 200 22344 "-" "Mozilla/5.0 (Windows NT 10.0; Win64; x64) AppleWebKit/537.36 (KHTML, like Gecko) Chrome/104.0.0.0 Safari/537.36"
184.94.212.206 - - [28/Apr/2026:04:59:21 +0000] "POST /wp-cron.php?doing_wp_cron=1777352361.4370169639587402343750 HTTP/1.1" 200 - "-" "WordPress/6.9.4; https://smarthomediscovery.com"
192.0.84.117 - - [28/Apr/2026:04:59:19 +0000] "HEAD / HTTP/1.1" 200 - "-" "jetmon/1.0 (Jetpack Site Uptime Monitor by WordPress.com)"
17.246.15.213 - - [28/Apr/2026:04:59:37 +0000] "GET /wp-content/plugins/simple-social-icons/css/style.css?ver=4.0.0 HTTP/1.1" 200 461 "https://smarthomediscovery.com/tag/lamp-shade/?amp" "Mozilla/5.0 (Macintosh; Intel Mac OS X 10_15_7) AppleWebKit/605.1.15 (KHTML, like Gecko) Version/17.4 Safari/605.1.15 (Applebot/0.1; +http://www.apple.com/go/applebot)"
17.246.23.152 - - [28/Apr/2026:04:59:40 +0000] "GET /wp-content/themes/magazine-pro/js/entry-date.js?ver=1.0.0 HTTP/1.1" 200 315 "https://smarthomediscovery.com/tag/lamp-shade/?amp" "Mozilla/5.0 (Macintosh; Intel Mac OS X 10_15_7) AppleWebKit/605.1.15 (KHTML, like Gecko) Version/17.4 Safari/605.1.15 (Applebot/0.1; +http://www.apple.com/go/applebot)"
17.246.15.126 - - [28/Apr/2026:04:59:42 +0000] "GET /wp-content/themes/genesis/lib/js/skip-links.min.js?ver=3.6.2 HTTP/1.1" 200 238 "https://smarthomediscovery.com/tag/lamp-shade/?amp" "Mozilla/5.0 (Macintosh; Intel Mac OS X 10_15_7) AppleWebKit/605.1.15 (KHTML, like Gecko) Version/17.4 Safari/605.1.15 (Applebot/0.1; +http://www.apple.com/go/applebot)"
17.246.15.130 - - [28/Apr/2026:04:59:43 +0000] "GET /wp-content/themes/genesis/lib/js/menu/superfish.args.min.js?ver=3.6.2 HTTP/1.1" 200 124 "https://smarthomediscovery.com/tag/lamp-shade/?amp" "Mozilla/5.0 (Macintosh; Intel Mac OS X 10_15_7) AppleWebKit/605.1.15 (KHTML, like Gecko) Version/17.4 Safari/605.1.15 (Applebot/0.1; +http://www.apple.com/go/applebot)"
17.246.19.95 - - [28/Apr/2026:04:59:45 +0000] "GET /wp-content/themes/genesis/lib/js/menu/superfish.min.js?ver=1.7.10 HTTP/1.1" 200 1894 "https://smarthomediscovery.com/tag/lamp-shade/?amp" "Mozilla/5.0 (Macintosh; Intel Mac OS X 10_15_7) AppleWebKit/605.1.15 (KHTML, like Gecko) Version/17.4 Safari/605.1.15 (Applebot/0.1; +http://www.apple.com/go/applebot)"
17.246.15.26 - - [28/Apr/2026:04:59:46 +0000] "GET /wp-content/themes/magazine-pro/js/responsive-menus.min.js?ver=3.2.4 HTTP/1.1" 200 1420 "https://smarthomediscovery.com/tag/lamp-shade/?amp" "Mozilla/5.0 (Macintosh; Intel Mac OS X 10_15_7) AppleWebKit/605.1.15 (KHTML, like Gecko) Version/17.4 Safari/605.1.15 (Applebot/0.1; +http://www.apple.com/go/applebot)"
17.246.15.239 - - [28/Apr/2026:04:59:47 +0000] "GET /wp-content/plugins/google-site-kit/dist/assets/js/googlesitekit-consent-mode-bc2e26cfa69fcd4a8261.js HTTP/1.1" 200 25395 "https://smarthomediscovery.com/tag/lamp-shade/?amp" "Mozilla/5.0 (Macintosh; Intel Mac OS X 10_15_7) AppleWebKit/605.1.15 (KHTML, like Gecko) Version/17.4 Safari/605.1.15 (Applebot/0.1; +http://www.apple.com/go/applebot)"
17.246.15.71 - - [28/Apr/2026:04:59:48 +0000] "GET /wp-content/plugins/wp-consent-api/assets/js/wp-consent-api.min.js?ver=2.0.1 HTTP/1.1" 200 822 "https://smarthomediscovery.com/tag/lamp-shade/?amp" "Mozilla/5.0 (Macintosh; Intel Mac OS X 10_15_7) AppleWebKit/605.1.15 (KHTML, like Gecko) Version/17.4 Safari/605.1.15 (Applebot/0.1; +http://www.apple.com/go/applebot)"
17.246.15.113 - - [28/Apr/2026:04:59:50 +0000] "GET /wp-includes/js/wp-emoji-release.min.js?ver=3ecf1c9d7f7353354cb882e5d4788626 HTTP/1.1" 200 5375 "https://smarthomediscovery.com/tag/lamp-shade/?amp" "Mozilla/5.0 (Macintosh; Intel Mac OS X 10_15_7) AppleWebKit/605.1.15 (KHTML, like Gecko) Version/17.4 Safari/605.1.15 (Applebot/0.1; +http://www.apple.com/go/applebot)"
184.94.212.206 - - [28/Apr/2026:05:01:47 +0000] "POST /wp-cron.php?doing_wp_cron=1777352507.0366580486297607421875 HTTP/1.1" 200 - "-" "WordPress/6.9.4; https://smarthomediscovery.com"
47.197.101.242 - - [28/Apr/2026:05:01:45 +0000] "GET /learn-what-the-professionals-dont-want-you-to-know-about-home-security/ HTTP/1.1" 200 21848 "-" "Mozilla/5.0 (Windows NT 10.0; Win64; x64) AppleWebKit/537.36 (KHTML, like Gecko) Chrome/104.0.0.0 Safari/537.36"
184.94.212.206 - - [28/Apr/2026:05:02:58 +0000] "POST /wp-cron.php?doing_wp_cron=1777352578.0391359329223632812500 HTTP/1.1" 200 - "-" "WordPress/6.9.4; https://smarthomediscovery.com"
85.208.96.198 - - [28/Apr/2026:05:02:56 +0000] "GET /look-after-your-home-with-these-awesome-home-security-tips/ HTTP/1.1" 200 21201 "-" "Mozilla/5.0 (compatible; SemrushBot/7~bl; +http://www.semrush.com/bot.html)"
184.94.212.206 - - [28/Apr/2026:05:04:21 +0000] "POST /wp-cron.php?doing_wp_cron=1777352661.0208709239959716796875 HTTP/1.1" 200 - "-" "WordPress/6.9.4; https://smarthomediscovery.com"
192.0.84.117 - - [28/Apr/2026:05:04:19 +0000] "HEAD / HTTP/1.1" 200 - "-" "jetmon/1.0 (Jetpack Site Uptime Monitor by WordPress.com)"
184.94.212.206 - - [28/Apr/2026:05:06:31 +0000] "POST /wp-cron.php?doing_wp_cron=1777352791.6968479156494140625000 HTTP/1.1" 200 - "-" "WordPress/6.9.4; https://smarthomediscovery.com"
185.141.119.51 - - [28/Apr/2026:05:06:29 +0000] "GET /finding-success-by-investing-in-the-real-estate-market/?amp HTTP/1.1" 200 21135 "-" "Mozilla/5.0 (Macintosh; Intel Mac OS X 10_15_7) AppleWebKit/537.36 (KHTML, like Gecko) Chrome/120.0.0.0 Safari/537.36"
184.94.212.206 - - [28/Apr/2026:05:07:54 +0000] "POST /wp-cron.php?doing_wp_cron=1777352874.1971139907836914062500 HTTP/1.1" 200 - "-" "WordPress/6.9.4; https://smarthomediscovery.com"
161.0.227.212 - - [28/Apr/2026:05:07:52 +0000] "GET /tag/mature-plants/ HTTP/1.1" 200 13825 "-" "Mozilla/5.0 (Windows NT 10.0; Win64; x64) AppleWebKit/537.36 (KHTML, like Gecko) Chrome/110.0.0.0 Safari/537.36"
100.37.107.97 - - [28/Apr/2026:05:08:01 +0000] "GET /think-you-will-be-successful-in-the-real-estate-market-try-these-tips-first-2/ HTTP/1.1" 200 21646 "-" "Mozilla/5.0 (Macintosh; Intel Mac OS X 10_15_7) AppleWebKit/537.36 (KHTML, like Gecko) Chrome/123.0.0.0 Safari/537.36"
184.94.212.206 - - [28/Apr/2026:05:08:24 +0000] "POST /wp-cron.php?doing_wp_cron=1777352904.3197140693664550781250 HTTP/1.1" 200 - "-" "WordPress/6.9.4; https://smarthomediscovery.com"
14.189.0.163 - - [28/Apr/2026:05:08:23 +0000] "GET /need-to-freshen-up-your-home-review-these-tips/?share=x HTTP/1.1" 302 - "-" "Mozilla/5.0 (Windows NT 6.2; Win64; x64) AppleWebKit/537.36 (KHTML, like Gecko) Chrome/87.0.4280.88 Safari/537.36"
185.191.171.8 - - [28/Apr/2026:05:08:24 +0000] "GET /robots.txt HTTP/1.1" 200 150 "-" "Mozilla/5.0 (compatible; SemrushBot/7~bl; +http://www.semrush.com/bot.html)"
185.191.171.3 - - [28/Apr/2026:05:08:26 +0000] "GET /great-advice-for-making-your-home-secure/ HTTP/1.1" 200 20172 "-" "Mozilla/5.0 (compatible; SemrushBot/7~bl; +http://www.semrush.com/bot.html)"
20.44.177.173 - - [28/Apr/2026:05:08:28 +0000] "GET /admin.php HTTP/1.1" 404 12787 "-" "Mozilla/5.0 (Windows NT 10.0; Win64; x64) AppleWebKit/537.36 (KHTML, like Gecko) Chrome/120.0.0.0 Safari/537.36"
20.44.177.173 - - [28/Apr/2026:05:08:29 +0000] "GET /inputs.php HTTP/1.1" 404 12789 "-" "Mozilla/5.0 (Windows NT 10.0; Win64; x64) AppleWebKit/537.36 (KHTML, like Gecko) Chrome/120.0.0.0 Safari/537.36"
20.44.177.173 - - [28/Apr/2026:05:08:30 +0000] "GET /file.php HTTP/1.1" 404 12787 "-" "Mozilla/5.0 (Windows NT 10.0; Win64; x64) AppleWebKit/537.36 (KHTML, like Gecko) Chrome/120.0.0.0 Safari/537.36"
20.44.177.173 - - [28/Apr/2026:05:08:32 +0000] "GET /goods.php HTTP/1.1" 404 12788 "-" "Mozilla/5.0 (Windows NT 10.0; Win64; x64) AppleWebKit/537.36 (KHTML, like Gecko) Chrome/120.0.0.0 Safari/537.36"
20.44.177.173 - - [28/Apr/2026:05:08:33 +0000] "GET /ms-edit.php HTTP/1.1" 404 12790 "-" "Mozilla/5.0 (Windows NT 10.0; Win64; x64) AppleWebKit/537.36 (KHTML, like Gecko) Chrome/120.0.0.0 Safari/537.36"
20.44.177.173 - - [28/Apr/2026:05:08:34 +0000] "GET /simple.php HTTP/1.1" 404 12787 "-" "Mozilla/5.0 (Windows NT 10.0; Win64; x64) AppleWebKit/537.36 (KHTML, like Gecko) Chrome/120.0.0.0 Safari/537.36"
20.44.177.173 - - [28/Apr/2026:05:08:36 +0000] "GET /bgymj.php HTTP/1.1" 404 12790 "-" "Mozilla/5.0 (Windows NT 10.0; Win64; x64) AppleWebKit/537.36 (KHTML, like Gecko) Chrome/120.0.0.0 Safari/537.36"
20.44.177.173 - - [28/Apr/2026:05:08:37 +0000] "GET /wp-content/plugins/twenty/login.php HTTP/1.1" 404 12796 "-" "Mozilla/5.0 (Windows NT 10.0; Win64; x64) AppleWebKit/537.36 (KHTML, like Gecko) Chrome/120.0.0.0 Safari/537.36"
20.44.177.173 - - [28/Apr/2026:05:08:38 +0000] "GET /404.php HTTP/1.1" 404 12787 "-" "Mozilla/5.0 (Windows NT 10.0; Win64; x64) AppleWebKit/537.36 (KHTML, like Gecko) Chrome/120.0.0.0 Safari/537.36"
20.44.177.173 - - [28/Apr/2026:05:08:39 +0000] "GET /file3.php HTTP/1.1" 404 12788 "-" "Mozilla/5.0 (Windows NT 10.0; Win64; x64) AppleWebKit/537.36 (KHTML, like Gecko) Chrome/120.0.0.0 Safari/537.36"
20.44.177.173 - - [28/Apr/2026:05:08:41 +0000] "GET /wp-mail.php HTTP/1.1" 403 1074 "-" "Mozilla/5.0 (Windows NT 10.0; Win64; x64) AppleWebKit/537.36 (KHTML, like Gecko) Chrome/120.0.0.0 Safari/537.36"
57.141.18.2 - - [28/Apr/2026:05:08:42 +0000] "GET /news-sitemap.xml HTTP/1.1" 200 568 "-" "meta-externalagent/1.1 (+https://developers.facebook.com/docs/sharing/webmasters/crawler)"
20.44.177.173 - - [28/Apr/2026:05:08:42 +0000] "GET /about.php HTTP/1.1" 404 12787 "-" "Mozilla/5.0 (Windows NT 10.0; Win64; x64) AppleWebKit/537.36 (KHTML, like Gecko) Chrome/120.0.0.0 Safari/537.36"
20.44.177.173 - - [28/Apr/2026:05:08:43 +0000] "GET /wp.php HTTP/1.1" 404 12787 "-" "Mozilla/5.0 (Windows NT 10.0; Win64; x64) AppleWebKit/537.36 (KHTML, like Gecko) Chrome/120.0.0.0 Safari/537.36"
20.44.177.173 - - [28/Apr/2026:05:08:45 +0000] "GET /.dj/index.php HTTP/1.1" 301 - "-" "Mozilla/5.0 (Windows NT 10.0; Win64; x64) AppleWebKit/537.36 (KHTML, like Gecko) Chrome/120.0.0.0 Safari/537.36"
20.44.177.173 - - [28/Apr/2026:05:08:46 +0000] "GET /adminfuns.php HTTP/1.1" 404 12791 "-" "Mozilla/5.0 (Windows NT 10.0; Win64; x64) AppleWebKit/537.36 (KHTML, like Gecko) Chrome/120.0.0.0 Safari/537.36"
20.44.177.173 - - [28/Apr/2026:05:08:47 +0000] "GET /php8.php HTTP/1.1" 404 12788 "-" "Mozilla/5.0 (Windows NT 10.0; Win64; x64) AppleWebKit/537.36 (KHTML, like Gecko) Chrome/120.0.0.0 Safari/537.36"
20.44.177.173 - - [28/Apr/2026:05:08:49 +0000] "GET /classwithtostring.php HTTP/1.1" 404 12792 "-" "Mozilla/5.0 (Windows NT 10.0; Win64; x64) AppleWebKit/537.36 (KHTML, like Gecko) Chrome/120.0.0.0 Safari/537.36"
20.44.177.173 - - [28/Apr/2026:05:08:50 +0000] "GET /info.php HTTP/1.1" 404 12787 "-" "Mozilla/5.0 (Windows NT 10.0; Win64; x64) AppleWebKit/537.36 (KHTML, like Gecko) Chrome/120.0.0.0 Safari/537.36"
20.44.177.173 - - [28/Apr/2026:05:08:52 +0000] "GET /ioxi-o.php HTTP/1.1" 404 12789 "-" "Mozilla/5.0 (Windows NT 10.0; Win64; x64) AppleWebKit/537.36 (KHTML, like Gecko) Chrome/120.0.0.0 Safari/537.36"
20.44.177.173 - - [28/Apr/2026:05:08:53 +0000] "GET /011i.php HTTP/1.1" 404 12788 "-" "Mozilla/5.0 (Windows NT 10.0; Win64; x64) AppleWebKit/537.36 (KHTML, like Gecko) Chrome/120.0.0.0 Safari/537.36"
20.44.177.173 - - [28/Apr/2026:05:08:54 +0000] "GET /edit.php HTTP/1.1" 404 12787 "-" "Mozilla/5.0 (Windows NT 10.0; Win64; x64) AppleWebKit/537.36 (KHTML, like Gecko) Chrome/120.0.0.0 Safari/537.36"
20.44.177.173 - - [28/Apr/2026:05:08:55 +0000] "GET /sid3.php HTTP/1.1" 404 12788 "-" "Mozilla/5.0 (Windows NT 10.0; Win64; x64) AppleWebKit/537.36 (KHTML, like Gecko) Chrome/120.0.0.0 Safari/537.36"
20.44.177.173 - - [28/Apr/2026:05:08:57 +0000] "GET /load.php HTTP/1.1" 404 12787 "-" "Mozilla/5.0 (Windows NT 10.0; Win64; x64) AppleWebKit/537.36 (KHTML, like Gecko) Chrome/120.0.0.0 Safari/537.36"
20.44.177.173 - - [28/Apr/2026:05:08:58 +0000] "GET /166.php HTTP/1.1" 404 12787 "-" "Mozilla/5.0 (Windows NT 10.0; Win64; x64) AppleWebKit/537.36 (KHTML, like Gecko) Chrome/120.0.0.0 Safari/537.36"
20.44.177.173 - - [28/Apr/2026:05:08:59 +0000] "GET /wp-mail.php HTTP/1.1" 403 1074 "-" "Mozilla/5.0 (Windows NT 10.0; Win64; x64) AppleWebKit/537.36 (KHTML, like Gecko) Chrome/120.0.0.0 Safari/537.36"
20.44.177.173 - - [28/Apr/2026:05:09:00 +0000] "GET /leaf.php HTTP/1.1" 404 12788 "-" "Mozilla/5.0 (Windows NT 10.0; Win64; x64) AppleWebKit/537.36 (KHTML, like Gecko) Chrome/120.0.0.0 Safari/537.36"
20.44.177.173 - - [28/Apr/2026:05:09:02 +0000] "GET /grsiuk.php HTTP/1.1" 404 12790 "-" "Mozilla/5.0 (Windows NT 10.0; Win64; x64) AppleWebKit/537.36 (KHTML, like Gecko) Chrome/120.0.0.0 Safari/537.36"
20.44.177.173 - - [28/Apr/2026:05:09:04 +0000] "GET /8.php HTTP/1.1" 404 12786 "-" "Mozilla/5.0 (Windows NT 10.0; Win64; x64) AppleWebKit/537.36 (KHTML, like Gecko) Chrome/120.0.0.0 Safari/537.36"
20.44.177.173 - - [28/Apr/2026:05:09:05 +0000] "GET /fs.php HTTP/1.1" 404 12786 "-" "Mozilla/5.0 (Windows NT 10.0; Win64; x64) AppleWebKit/537.36 (KHTML, like Gecko) Chrome/120.0.0.0 Safari/537.36"
20.44.177.173 - - [28/Apr/2026:05:09:07 +0000] "GET /ws38.php HTTP/1.1" 404 12788 "-" "Mozilla/5.0 (Windows NT 10.0; Win64; x64) AppleWebKit/537.36 (KHTML, like Gecko) Chrome/120.0.0.0 Safari/537.36"
20.44.177.173 - - [28/Apr/2026:05:09:08 +0000] "GET /a7.php HTTP/1.1" 404 12786 "-" "Mozilla/5.0 (Windows NT 10.0; Win64; x64) AppleWebKit/537.36 (KHTML, like Gecko) Chrome/120.0.0.0 Safari/537.36"
20.44.177.173 - - [28/Apr/2026:05:09:09 +0000] "GET /classsmtps.php HTTP/1.1" 404 12791 "-" "Mozilla/5.0 (Windows NT 10.0; Win64; x64) AppleWebKit/537.36 (KHTML, like Gecko) Chrome/120.0.0.0 Safari/537.36"
20.44.177.173 - - [28/Apr/2026:05:09:10 +0000] "GET /amax.php HTTP/1.1" 404 12788 "-" "Mozilla/5.0 (Windows NT 10.0; Win64; x64) AppleWebKit/537.36 (KHTML, like Gecko) Chrome/120.0.0.0 Safari/537.36"
20.44.177.173 - - [28/Apr/2026:05:09:12 +0000] "GET /CDX1.php HTTP/1.1" 404 12790 "-" "Mozilla/5.0 (Windows NT 10.0; Win64; x64) AppleWebKit/537.36 (KHTML, like Gecko) Chrome/120.0.0.0 Safari/537.36"
20.44.177.173 - - [28/Apr/2026:05:09:13 +0000] "GET /rip.php HTTP/1.1" 404 12786 "-" "Mozilla/5.0 (Windows NT 10.0; Win64; x64) AppleWebKit/537.36 (KHTML, like Gecko) Chrome/120.0.0.0 Safari/537.36"
20.44.177.173 - - [28/Apr/2026:05:09:14 +0000] "GET /1.php HTTP/1.1" 404 12785 "-" "Mozilla/5.0 (Windows NT 10.0; Win64; x64) AppleWebKit/537.36 (KHTML, like Gecko) Chrome/120.0.0.0 Safari/537.36"
20.44.177.173 - - [28/Apr/2026:05:09:15 +0000] "GET /chosen.php HTTP/1.1" 404 12789 "-" "Mozilla/5.0 (Windows NT 10.0; Win64; x64) AppleWebKit/537.36 (KHTML, like Gecko) Chrome/120.0.0.0 Safari/537.36"
20.44.177.173 - - [28/Apr/2026:05:09:16 +0000] "GET /css.php HTTP/1.1" 404 12787 "-" "Mozilla/5.0 (Windows NT 10.0; Win64; x64) AppleWebKit/537.36 (KHTML, like Gecko) Chrome/120.0.0.0 Safari/537.36"
192.0.84.117 - - [28/Apr/2026:05:09:17 +0000] "HEAD / HTTP/1.1" 200 - "-" "jetmon/1.0 (Jetpack Site Uptime Monitor by WordPress.com)"
20.44.177.173 - - [28/Apr/2026:05:09:18 +0000] "GET /php.php HTTP/1.1" 404 12787 "-" "Mozilla/5.0 (Windows NT 10.0; Win64; x64) AppleWebKit/537.36 (KHTML, like Gecko) Chrome/120.0.0.0 Safari/537.36"
20.44.177.173 - - [28/Apr/2026:05:09:19 +0000] "GET /wp-Blogs.php HTTP/1.1" 404 12790 "-" "Mozilla/5.0 (Windows NT 10.0; Win64; x64) AppleWebKit/537.36 (KHTML, like Gecko) Chrome/120.0.0.0 Safari/537.36"
20.44.177.173 - - [28/Apr/2026:05:09:20 +0000] "GET /wp-content/index.php HTTP/1.1" 301 - "-" "Mozilla/5.0 (Windows NT 10.0; Win64; x64) AppleWebKit/537.36 (KHTML, like Gecko) Chrome/120.0.0.0 Safari/537.36"
20.44.177.173 - - [28/Apr/2026:05:09:21 +0000] "GET /wp-content/plugins/beteng88/ws83.php HTTP/1.1" 404 12799 "-" "Mozilla/5.0 (Windows NT 10.0; Win64; x64) AppleWebKit/537.36 (KHTML, like Gecko) Chrome/120.0.0.0 Safari/537.36"
20.44.177.173 - - [28/Apr/2026:05:09:22 +0000] "GET /ws83.php HTTP/1.1" 404 12788 "-" "Mozilla/5.0 (Windows NT 10.0; Win64; x64) AppleWebKit/537.36 (KHTML, like Gecko) Chrome/120.0.0.0 Safari/537.36"
20.44.177.173 - - [28/Apr/2026:05:09:23 +0000] "GET /file61.php HTTP/1.1" 404 12789 "-" "Mozilla/5.0 (Windows NT 10.0; Win64; x64) AppleWebKit/537.36 (KHTML, like Gecko) Chrome/120.0.0.0 Safari/537.36"
20.44.177.173 - - [28/Apr/2026:05:09:24 +0000] "GET /sadcut1.php HTTP/1.1" 404 12790 "-" "Mozilla/5.0 (Windows NT 10.0; Win64; x64) AppleWebKit/537.36 (KHTML, like Gecko) Chrome/120.0.0.0 Safari/537.36"
20.44.177.173 - - [28/Apr/2026:05:09:26 +0000] "GET /y.php HTTP/1.1" 404 12786 "-" "Mozilla/5.0 (Windows NT 10.0; Win64; x64) AppleWebKit/537.36 (KHTML, like Gecko) Chrome/120.0.0.0 Safari/537.36"
20.44.177.173 - - [28/Apr/2026:05:09:27 +0000] "GET /akcc.php HTTP/1.1" 404 12788 "-" "Mozilla/5.0 (Windows NT 10.0; Win64; x64) AppleWebKit/537.36 (KHTML, like Gecko) Chrome/120.0.0.0 Safari/537.36"
20.44.177.173 - - [28/Apr/2026:05:09:28 +0000] "GET /wp-admin/user/12.php HTTP/1.1" 404 12793 "-" "Mozilla/5.0 (Windows NT 10.0; Win64; x64) AppleWebKit/537.36 (KHTML, like Gecko) Chrome/120.0.0.0 Safari/537.36"
20.44.177.173 - - [28/Apr/2026:05:09:29 +0000] "GET /index/function.php HTTP/1.1" 404 12792 "-" "Mozilla/5.0 (Windows NT 10.0; Win64; x64) AppleWebKit/537.36 (KHTML, like Gecko) Chrome/120.0.0.0 Safari/537.36"
20.44.177.173 - - [28/Apr/2026:05:09:30 +0000] "GET /term.php HTTP/1.1" 404 12787 "-" "Mozilla/5.0 (Windows NT 10.0; Win64; x64) AppleWebKit/537.36 (KHTML, like Gecko) Chrome/120.0.0.0 Safari/537.36"
20.44.177.173 - - [28/Apr/2026:05:09:31 +0000] "GET /666.php HTTP/1.1" 404 12787 "-" "Mozilla/5.0 (Windows NT 10.0; Win64; x64) AppleWebKit/537.36 (KHTML, like Gecko) Chrome/120.0.0.0 Safari/537.36"
20.44.177.173 - - [28/Apr/2026:05:09:32 +0000] "GET /7.php HTTP/1.1" 404 12786 "-" "Mozilla/5.0 (Windows NT 10.0; Win64; x64) AppleWebKit/537.36 (KHTML, like Gecko) Chrome/120.0.0.0 Safari/537.36"
20.44.177.173 - - [28/Apr/2026:05:09:34 +0000] "GET /wp-config-sample.php HTTP/1.1" 404 12794 "-" "Mozilla/5.0 (Windows NT 10.0; Win64; x64) AppleWebKit/537.36 (KHTML, like Gecko) Chrome/120.0.0.0 Safari/537.36"
20.44.177.173 - - [28/Apr/2026:05:09:35 +0000] "GET /log.php HTTP/1.1" 404 12786 "-" "Mozilla/5.0 (Windows NT 10.0; Win64; x64) AppleWebKit/537.36 (KHTML, like Gecko) Chrome/120.0.0.0 Safari/537.36"
20.44.177.173 - - [28/Apr/2026:05:09:36 +0000] "GET /a5.php HTTP/1.1" 404 12786 "-" "Mozilla/5.0 (Windows NT 10.0; Win64; x64) AppleWebKit/537.36 (KHTML, like Gecko) Chrome/120.0.0.0 Safari/537.36"
20.44.177.173 - - [28/Apr/2026:05:09:37 +0000] "GET /aa.php HTTP/1.1" 404 12786 "-" "Mozilla/5.0 (Windows NT 10.0; Win64; x64) AppleWebKit/537.36 (KHTML, like Gecko) Chrome/120.0.0.0 Safari/537.36"
20.44.177.173 - - [28/Apr/2026:05:09:38 +0000] "GET /bolt.php HTTP/1.1" 404 12788 "-" "Mozilla/5.0 (Windows NT 10.0; Win64; x64) AppleWebKit/537.36 (KHTML, like Gecko) Chrome/120.0.0.0 Safari/537.36"
20.44.177.173 - - [28/Apr/2026:05:09:39 +0000] "GET /x.php HTTP/1.1" 404 12786 "-" "Mozilla/5.0 (Windows NT 10.0; Win64; x64) AppleWebKit/537.36 (KHTML, like Gecko) Chrome/120.0.0.0 Safari/537.36"
20.44.177.173 - - [28/Apr/2026:05:09:41 +0000] "GET /jga.php HTTP/1.1" 404 12789 "-" "Mozilla/5.0 (Windows NT 10.0; Win64; x64) AppleWebKit/537.36 (KHTML, like Gecko) Chrome/120.0.0.0 Safari/537.36"
20.44.177.173 - - [28/Apr/2026:05:09:42 +0000] "GET /k.php HTTP/1.1" 404 12786 "-" "Mozilla/5.0 (Windows NT 10.0; Win64; x64) AppleWebKit/537.36 (KHTML, like Gecko) Chrome/120.0.0.0 Safari/537.36"
20.44.177.173 - - [28/Apr/2026:05:09:43 +0000] "GET /vx.php HTTP/1.1" 404 12787 "-" "Mozilla/5.0 (Windows NT 10.0; Win64; x64) AppleWebKit/537.36 (KHTML, like Gecko) Chrome/120.0.0.0 Safari/537.36"
20.44.177.173 - - [28/Apr/2026:05:09:44 +0000] "GET /ws77.php HTTP/1.1" 404 12788 "-" "Mozilla/5.0 (Windows NT 10.0; Win64; x64) AppleWebKit/537.36 (KHTML, like Gecko) Chrome/120.0.0.0 Safari/537.36"
20.44.177.173 - - [28/Apr/2026:05:09:46 +0000] "GET /2.php HTTP/1.1" 404 12786 "-" "Mozilla/5.0 (Windows NT 10.0; Win64; x64) AppleWebKit/537.36 (KHTML, like Gecko) Chrome/120.0.0.0 Safari/537.36"
