184.94.212.206 - - [28/Apr/2026:02:11:35 +0000] "POST /wp-cron.php?doing_wp_cron=1777342295.5932340621948242187500 HTTP/1.1" 200 - "-" "WordPress/6.9.4; https://primemusicproductions.com"
192.0.85.167 - - [28/Apr/2026:02:11:33 +0000] "HEAD / HTTP/1.1" 200 - "-" "jetmon/1.0 (Jetpack Site Uptime Monitor by WordPress.com)"
184.94.212.206 - - [28/Apr/2026:02:12:52 +0000] "POST /wp-cron.php?doing_wp_cron=1777342372.4459419250488281250000 HTTP/1.1" 200 - "-" "WordPress/6.9.4; https://primemusicproductions.com"
216.244.66.195 - - [28/Apr/2026:02:12:50 +0000] "GET /robots.txt HTTP/1.1" 200 298 "-" "Mozilla/5.0 (compatible; DotBot/1.2; +https://opensiteexplorer.org/dotbot; help@moz.com)"
184.94.212.206 - - [28/Apr/2026:02:15:15 +0000] "POST /wp-cron.php?doing_wp_cron=1777342515.0285170078277587890625 HTTP/1.1" 200 - "-" "WordPress/6.9.4; https://primemusicproductions.com"
43.130.53.252 - - [28/Apr/2026:02:15:12 +0000] "GET /page/4/ HTTP/1.1" 200 51010 "-" "Mozilla/5.0 (iPhone; CPU iPhone OS 13_2_3 like Mac OS X) AppleWebKit/605.1.15 (KHTML, like Gecko) Version/13.0.3 Mobile/15E148 Safari/604.1"
114.119.128.56 - - [28/Apr/2026:02:15:14 +0000] "GET /page/1/?nonamp=1 HTTP/1.1" 301 - "https://primemusicproductions.com/page/8/?nonamp=1" "Mozilla/5.0 (Linux; Android 7.0;) AppleWebKit/537.36 (HTML, like Gecko) Mobile Safari/537.36 (compatible; PetalBot;+https://webmaster.petalsearch.com/site/petalbot)"
114.119.128.56 - - [28/Apr/2026:02:15:16 +0000] "GET /?nonamp=1 HTTP/1.1" 200 51726 "https://primemusicproductions.com/page/8/?nonamp=1" "Mozilla/5.0 (Linux; Android 7.0;) AppleWebKit/537.36 (HTML, like Gecko) Mobile Safari/537.36 (compatible; PetalBot;+https://webmaster.petalsearch.com/site/petalbot)"
184.94.212.206 - - [28/Apr/2026:02:16:06 +0000] "POST /wp-cron.php?doing_wp_cron=1777342566.9476060867309570312500 HTTP/1.1" 200 - "-" "WordPress/6.9.4; https://primemusicproductions.com"
43.166.222.250 - - [28/Apr/2026:02:16:05 +0000] "GET /music-productions/are-you-new-to-the-guitar-try-these-tips-and-tricks/?share=pinterest HTTP/1.1" 302 - "-" "Mozilla/5.0 (Macintosh; Intel Mac OS X 10_15_7) AppleWebKit/605.1.15 (KHTML, like Gecko) Version/15.5 Safari/605.1.15"
184.94.212.206 - - [28/Apr/2026:02:16:26 +0000] "POST /wp-cron.php?doing_wp_cron=1777342586.0765440464019775390625 HTTP/1.1" 200 - "-" "WordPress/6.9.4; https://primemusicproductions.com"
101.32.50.151 - - [28/Apr/2026:02:16:24 +0000] "GET /music-productions/are-you-new-to-the-guitar-try-these-tips-and-tricks/?share=pinterest HTTP/1.1" 302 - "-" "Mozilla/5.0 (Macintosh; Intel Mac OS X 10_15_7) AppleWebKit/605.1.15 (KHTML, like Gecko) Version/15.5 Safari/605.1.15"
192.0.85.167 - - [28/Apr/2026:02:16:35 +0000] "HEAD / HTTP/1.1" 200 - "-" "jetmon/1.0 (Jetpack Site Uptime Monitor by WordPress.com)"
43.130.102.118 - - [28/Apr/2026:02:16:45 +0000] "GET /music-productions/are-you-new-to-the-guitar-try-these-tips-and-tricks/?share=pinterest HTTP/1.1" 302 - "-" "Mozilla/5.0 (Macintosh; Intel Mac OS X 10_15_7) AppleWebKit/605.1.15 (KHTML, like Gecko) Version/15.5 Safari/605.1.15"
184.94.212.206 - - [28/Apr/2026:02:17:06 +0000] "POST /wp-cron.php?doing_wp_cron=1777342626.0847949981689453125000 HTTP/1.1" 200 - "-" "WordPress/6.9.4; https://primemusicproductions.com"
43.133.252.44 - - [28/Apr/2026:02:17:04 +0000] "GET /music-productions/are-you-new-to-the-guitar-try-these-tips-and-tricks/?share=pinterest HTTP/1.1" 302 - "-" "Mozilla/5.0 (Macintosh; Intel Mac OS X 10_15_7) AppleWebKit/605.1.15 (KHTML, like Gecko) Version/15.5 Safari/605.1.15"
184.94.212.206 - - [28/Apr/2026:02:17:40 +0000] "POST /wp-cron.php?doing_wp_cron=1777342660.3889629840850830078125 HTTP/1.1" 200 - "-" "WordPress/6.9.4; https://primemusicproductions.com"
185.191.171.17 - - [28/Apr/2026:02:17:38 +0000] "GET /tag/quality-music/?amp HTTP/1.1" 200 48436 "-" "Mozilla/5.0 (compatible; SemrushBot/7~bl; +http://www.semrush.com/bot.html)"
185.191.171.2 - - [28/Apr/2026:02:17:42 +0000] "GET /tag/quality-music/ HTTP/1.1" 200 48436 "-" "Mozilla/5.0 (compatible; SemrushBot/7~bl; +http://www.semrush.com/bot.html)"
184.94.212.206 - - [28/Apr/2026:02:20:26 +0000] "POST /wp-cron.php?doing_wp_cron=1777342826.1763200759887695312500 HTTP/1.1" 200 - "-" "WordPress/6.9.4; https://primemusicproductions.com"
173.239.211.151 - - [28/Apr/2026:02:20:23 +0000] "POST /wp-login.php HTTP/1.1" 401 3424 "-" "Mozilla/5.0"
184.94.212.206 - - [28/Apr/2026:02:20:46 +0000] "POST /wp-cron.php?doing_wp_cron=1777342846.6080369949340820312500 HTTP/1.1" 200 - "-" "WordPress/6.9.4; https://primemusicproductions.com"
185.191.171.8 - - [28/Apr/2026:02:20:45 +0000] "GET /music-productions/play-like-a-pro-with-these-guitar-tips/ HTTP/1.1" 200 49544 "-" "Mozilla/5.0 (compatible; SemrushBot/7~bl; +http://www.semrush.com/bot.html)"
192.0.85.167 - - [28/Apr/2026:02:21:36 +0000] "HEAD / HTTP/1.1" 200 - "-" "jetmon/1.0 (Jetpack Site Uptime Monitor by WordPress.com)"
216.244.66.195 - - [28/Apr/2026:02:21:45 +0000] "GET /music-productions/beginner-tips-and-tricks-for-playing-the-guitar/?share=twitter HTTP/1.1" 302 - "-" "Mozilla/5.0 (compatible; DotBot/1.2; +https://opensiteexplorer.org/dotbot; help@moz.com)"
103.118.78.60 - - [28/Apr/2026:02:22:02 +0000] "GET /amazon-affiliate-disclaimer/?amp HTTP/1.1" 200 46453 "-" "Mozilla/5.0 (Macintosh; Intel Mac OS X 10_15_6) AppleWebKit/537.36 (KHTML, like Gecko) Brave Chrome/86.0.4240.183 Safari/537.36"
184.94.212.206 - - [28/Apr/2026:02:22:38 +0000] "POST /wp-cron.php?doing_wp_cron=1777342958.7493550777435302734375 HTTP/1.1" 200 - "-" "WordPress/6.9.4; https://primemusicproductions.com"
114.119.139.1 - - [28/Apr/2026:02:22:37 +0000] "GET /music-productions/top-tips-for-learning-to-play-guitar/?share=linkedin&amp HTTP/1.1" 302 - "https://primemusicproductions.com/music-productions/top-tips-for-learning-to-play-guitar?nonamp=1&amp" "Mozilla/5.0 (Linux; Android 7.0;) AppleWebKit/537.36 (HTML, like Gecko) Mobile Safari/537.36 (compatible; PetalBot;+https://webmaster.petalsearch.com/site/petalbot)"
185.191.171.8 - - [28/Apr/2026:02:23:19 +0000] "GET /author/primemusicproductions/page/8/?amp HTTP/1.1" 200 51281 "-" "Mozilla/5.0 (compatible; SemrushBot/7~bl; +http://www.semrush.com/bot.html)"
185.191.171.19 - - [28/Apr/2026:02:23:22 +0000] "GET /author/primemusicproductions/page/8/ HTTP/1.1" 200 51273 "-" "Mozilla/5.0 (compatible; SemrushBot/7~bl; +http://www.semrush.com/bot.html)"
43.130.101.51 - - [28/Apr/2026:02:24:18 +0000] "GET /music-productions/expert-advice-on-how-to-learn-guitar/?share=facebook HTTP/1.1" 302 - "-" "Mozilla/5.0 (Macintosh; Intel Mac OS X 10_15_7) AppleWebKit/605.1.15 (KHTML, like Gecko) Version/15.5 Safari/605.1.15"
184.94.212.206 - - [28/Apr/2026:02:24:48 +0000] "POST /wp-cron.php?doing_wp_cron=1777343088.1260299682617187500000 HTTP/1.1" 200 - "-" "WordPress/6.9.4; https://primemusicproductions.com"
43.167.239.66 - - [28/Apr/2026:02:24:46 +0000] "GET /music-productions/are-you-new-to-the-guitar-try-these-tips-and-tricks/attachment/pexels-photo-18345235/ HTTP/1.1" 200 45468 "-" "Mozilla/5.0 (iPhone; CPU iPhone OS 13_2_3 like Mac OS X) AppleWebKit/605.1.15 (KHTML, like Gecko) Version/13.0.3 Mobile/15E148 Safari/604.1"
184.94.212.206 - - [28/Apr/2026:02:26:38 +0000] "POST /wp-cron.php?doing_wp_cron=1777343198.8656198978424072265625 HTTP/1.1" 200 - "-" "WordPress/6.9.4; https://primemusicproductions.com"
192.0.85.167 - - [28/Apr/2026:02:26:37 +0000] "HEAD / HTTP/1.1" 200 - "-" "jetmon/1.0 (Jetpack Site Uptime Monitor by WordPress.com)"
184.94.212.206 - - [28/Apr/2026:02:28:35 +0000] "POST /wp-cron.php?doing_wp_cron=1777343315.8057730197906494140625 HTTP/1.1" 200 - "-" "WordPress/6.9.4; https://primemusicproductions.com"
43.132.141.247 - - [28/Apr/2026:02:28:34 +0000] "GET /music-productions/top-tips-for-learning-to-play-guitar/?share=tumblr HTTP/1.1" 302 - "-" "Mozilla/5.0 (Macintosh; Intel Mac OS X 10_15_7) AppleWebKit/605.1.15 (KHTML, like Gecko) Version/15.5 Safari/605.1.15"
114.119.155.83 - - [28/Apr/2026:02:28:47 +0000] "GET /music-productions/top-tips-for-learning-to-play-guitar/?share=linkedin HTTP/1.1" 302 - "https://primemusicproductions.com/music-productions/top-tips-for-learning-to-play-guitar/?noamp=mobile" "Mozilla/5.0 (Linux; Android 7.0;) AppleWebKit/537.36 (HTML, like Gecko) Mobile Safari/537.36 (compatible; PetalBot;+https://webmaster.petalsearch.com/site/petalbot)"
184.94.212.206 - - [28/Apr/2026:02:31:34 +0000] "POST /wp-cron.php?doing_wp_cron=1777343494.8190670013427734375000 HTTP/1.1" 200 - "-" "WordPress/6.9.4; https://primemusicproductions.com"
192.0.85.167 - - [28/Apr/2026:02:31:33 +0000] "HEAD / HTTP/1.1" 200 - "-" "jetmon/1.0 (Jetpack Site Uptime Monitor by WordPress.com)"
184.94.212.206 - - [28/Apr/2026:02:32:19 +0000] "POST /wp-cron.php?doing_wp_cron=1777343539.4902489185333251953125 HTTP/1.1" 200 - "-" "WordPress/6.9.4; https://primemusicproductions.com"
3.93.177.216 - - [28/Apr/2026:02:32:17 +0000] "GET /robots.txt HTTP/1.1" 200 153 "-" "Mozilla/5.0 (Macintosh; Intel Mac OS X 10_15_7) AppleWebKit/537.36 (KHTML, like Gecko) Chrome/108.0.0.0 Safari/537.36"
136.124.33.148 - - [28/Apr/2026:02:33:28 +0000] "GET /ads.txt HTTP/1.1" 200 58 "-" "IAB-Tech-Lab"
184.94.212.206 - - [28/Apr/2026:02:35:23 +0000] "POST /wp-cron.php?doing_wp_cron=1777343723.7719209194183349609375 HTTP/1.1" 200 - "-" "WordPress/6.9.4; https://primemusicproductions.com"
190.75.196.29 - - [28/Apr/2026:02:35:20 +0000] "GET /piano-for-all/ HTTP/1.1" 200 49235 "-" "Mozilla/5.0 (Macintosh; Intel Mac OS X 10_15_3) AppleWebKit/537.36 (KHTML, like Gecko) Chrome/87.0.4280.88 Safari/537.36"
114.119.156.165 - - [28/Apr/2026:02:35:24 +0000] "GET /music-productions/top-tips-for-learning-to-play-guitar/?nonamp=1&amp=1 HTTP/1.1" 200 49784 "https://primemusicproductions.com/music-productions/top-tips-for-learning-to-play-guitar/?nonamp=1&amp=1" "Mozilla/5.0 (Linux; Android 7.0;) AppleWebKit/537.36 (HTML, like Gecko) Mobile Safari/537.36 (compatible; PetalBot;+https://webmaster.petalsearch.com/site/petalbot)"
184.94.212.206 - - [28/Apr/2026:02:35:47 +0000] "POST /wp-cron.php?doing_wp_cron=1777343747.9446730613708496093750 HTTP/1.1" 200 - "-" "WordPress/6.9.4; https://primemusicproductions.com"
43.130.78.118 - - [28/Apr/2026:02:35:46 +0000] "GET /music-productions/guitar-playing-is-easy-if-you-learn-a-few-things-first/?share=reddit HTTP/1.1" 302 - "-" "Mozilla/5.0 (Macintosh; Intel Mac OS X 10_15_7) AppleWebKit/605.1.15 (KHTML, like Gecko) Version/15.5 Safari/605.1.15"
170.106.34.126 - - [28/Apr/2026:02:36:07 +0000] "GET /music-productions/guitar-playing-is-easy-if-you-learn-a-few-things-first/?share=reddit HTTP/1.1" 302 - "-" "Mozilla/5.0 (Macintosh; Intel Mac OS X 10_15_7) AppleWebKit/605.1.15 (KHTML, like Gecko) Version/15.5 Safari/605.1.15"
43.166.222.221 - - [28/Apr/2026:02:36:26 +0000] "GET /music-productions/guitar-playing-is-easy-if-you-learn-a-few-things-first/?share=reddit HTTP/1.1" 302 - "-" "Mozilla/5.0 (Macintosh; Intel Mac OS X 10_15_7) AppleWebKit/605.1.15 (KHTML, like Gecko) Version/15.5 Safari/605.1.15"
173.239.211.172 - - [28/Apr/2026:02:36:28 +0000] "POST /wp-login.php HTTP/1.1" 401 3425 "-" "Mozilla/5.0"
192.0.85.167 - - [28/Apr/2026:02:36:36 +0000] "HEAD / HTTP/1.1" 200 - "-" "jetmon/1.0 (Jetpack Site Uptime Monitor by WordPress.com)"
43.130.47.100 - - [28/Apr/2026:02:36:46 +0000] "GET /music-productions/guitar-playing-is-easy-if-you-learn-a-few-things-first/?share=reddit HTTP/1.1" 302 - "-" "Mozilla/5.0 (Macintosh; Intel Mac OS X 10_15_7) AppleWebKit/605.1.15 (KHTML, like Gecko) Version/15.5 Safari/605.1.15"
184.94.212.206 - - [28/Apr/2026:02:37:40 +0000] "POST /wp-cron.php?doing_wp_cron=1777343860.9300138950347900390625 HTTP/1.1" 200 - "-" "WordPress/6.9.4; https://primemusicproductions.com"
43.130.141.193 - - [28/Apr/2026:02:37:39 +0000] "GET /wp-json/oembed/1.0/embed?url=https%3A%2F%2Fprimemusicproductions.com%2Fcopyright-dcma-notice%2F HTTP/1.1" 200 1400 "-" "Mozilla/5.0 (iPhone; CPU iPhone OS 13_2_3 like Mac OS X) AppleWebKit/605.1.15 (KHTML, like Gecko) Version/13.0.3 Mobile/15E148 Safari/604.1"
184.94.212.206 - - [28/Apr/2026:02:39:47 +0000] "POST /wp-cron.php?doing_wp_cron=1777343987.0426859855651855468750 HTTP/1.1" 200 - "-" "WordPress/6.9.4; https://primemusicproductions.com"
14.232.146.249 - - [28/Apr/2026:02:39:44 +0000] "GET /piano-for-all/ HTTP/1.1" 200 49234 "-" "Mozilla/5.0 (Macintosh; Intel Mac OS X 10_15_7) AppleWebKit/537.36 (KHTML, like Gecko) Chrome/101.0.4951.54 Safari/537.36"
184.94.212.206 - - [28/Apr/2026:02:40:26 +0000] "POST /wp-cron.php?doing_wp_cron=1777344026.7580399513244628906250 HTTP/1.1" 200 - "-" "WordPress/6.9.4; https://primemusicproductions.com"
3.93.177.216 - - [28/Apr/2026:02:40:25 +0000] "GET / HTTP/1.1" 301 - "-" "Mozilla/5.0 (Macintosh; Intel Mac OS X 10_15_7) AppleWebKit/537.36 (KHTML, like Gecko) Chrome/108.0.0.0 Safari/537.36"
3.93.177.216 - - [28/Apr/2026:02:40:27 +0000] "GET / HTTP/1.1" 200 51719 "-" "Mozilla/5.0 (Macintosh; Intel Mac OS X 10_15_7) AppleWebKit/537.36 (KHTML, like Gecko) Chrome/108.0.0.0 Safari/537.36"
184.94.212.206 - - [28/Apr/2026:02:41:36 +0000] "POST /wp-cron.php?doing_wp_cron=1777344096.8544349670410156250000 HTTP/1.1" 200 - "-" "WordPress/6.9.4; https://primemusicproductions.com"
192.0.85.167 - - [28/Apr/2026:02:41:35 +0000] "HEAD / HTTP/1.1" 200 - "-" "jetmon/1.0 (Jetpack Site Uptime Monitor by WordPress.com)"
114.119.156.165 - - [28/Apr/2026:02:42:13 +0000] "GET /music-productions/top-tips-for-learning-to-play-guitar/?amp=1 HTTP/1.1" 200 49784 "https://primemusicproductions.com/music-productions/top-tips-for-learning-to-play-guitar/?amp=1" "Mozilla/5.0 (Linux; Android 7.0;) AppleWebKit/537.36 (HTML, like Gecko) Mobile Safari/537.36 (compatible; PetalBot;+https://webmaster.petalsearch.com/site/petalbot)"
170.106.34.126 - - [28/Apr/2026:02:42:21 +0000] "GET /music-productions/the-pros-will-help-you-learn-guitar-with-these-tips-2/?share=pinterest&amp HTTP/1.1" 302 - "-" "Mozilla/5.0 (Macintosh; Intel Mac OS X 10_15_7) AppleWebKit/605.1.15 (KHTML, like Gecko) Version/15.5 Safari/605.1.15"
93.123.109.165 - - [28/Apr/2026:02:42:29 +0000] "GET /.%61%77%73/%63%6F%6E%66%69%67 HTTP/1.1" 301 - "-" "Mozilla/5.0 (Windows NT 10.0; Win64; x64; rv:121.0) Gecko/20100101 Firefox/121.0"
93.123.109.165 - - [28/Apr/2026:02:42:29 +0000] "GET /.env.prod HTTP/1.1" 301 - "-" "Mozilla/5.0 (compatible; SecurityScanner/1.0)"
93.123.109.165 - - [28/Apr/2026:02:42:29 +0000] "GET /.aws/config HTTP/1.1" 301 - "-" "Mozilla/5.0 (X11; Linux x86_64) AppleWebKit/537.36 (KHTML, like Gecko) Chrome/120.0.0.0 Safari/537.36"
93.123.109.165 - - [28/Apr/2026:02:42:29 +0000] "GET /.%61%77%73/%63%72%65%64%65%6E%74%69%61%6C%73 HTTP/1.1" 301 - "-" "Mozilla/5.0 (X11; Linux x86_64) AppleWebKit/537.36 (KHTML, like Gecko) Chrome/120.0.0.0 Safari/537.36"
93.123.109.165 - - [28/Apr/2026:02:42:29 +0000] "GET /phpinfo.php HTTP/1.1" 301 - "-" "Mozilla/5.0 (X11; Linux x86_64) AppleWebKit/537.36 (KHTML, like Gecko) Chrome/120.0.0.0 Safari/537.36"
93.123.109.165 - - [28/Apr/2026:02:42:29 +0000] "GET /info.php HTTP/1.1" 301 - "-" "Mozilla/5.0 (X11; Linux x86_64) AppleWebKit/537.36 (KHTML, like Gecko) Chrome/120.0.0.0 Safari/537.36"
93.123.109.165 - - [28/Apr/2026:02:42:29 +0000] "GET /.env HTTP/1.1" 301 - "-" "Mozilla/5.0 (Windows NT 10.0; Win64; x64) AppleWebKit/537.36 (KHTML, like Gecko) Chrome/120.0.0.0 Safari/537.36"
93.123.109.165 - - [28/Apr/2026:02:42:29 +0000] "GET /i.php HTTP/1.1" 301 - "-" "Mozilla/5.0 (X11; Linux x86_64) AppleWebKit/537.36 (KHTML, like Gecko) Chrome/120.0.0.0 Safari/537.36"
93.123.109.165 - - [28/Apr/2026:02:42:29 +0000] "GET /.env.production HTTP/1.1" 301 - "-" "Mozilla/5.0 (Windows NT 10.0; Win64; x64) AppleWebKit/537.36 (KHTML, like Gecko) Chrome/120.0.0.0 Safari/537.36"
93.123.109.165 - - [28/Apr/2026:02:42:29 +0000] "GET /php.php HTTP/1.1" 301 - "-" "Mozilla/5.0 (compatible; SecurityScanner/1.0)"
93.123.109.165 - - [28/Apr/2026:02:42:29 +0000] "GET / HTTP/1.1" 200 175585 "-" "Mozilla/5.0 (compatible; SecurityScanner/1.0)"
93.123.109.165 - - [28/Apr/2026:02:42:29 +0000] "GET /.docker/config.json HTTP/1.1" 301 - "-" "Mozilla/5.0 (X11; Linux x86_64) AppleWebKit/537.36 (KHTML, like Gecko) Chrome/120.0.0.0 Safari/537.36"
93.123.109.165 - - [28/Apr/2026:02:42:29 +0000] "GET /.env.local HTTP/1.1" 301 - "-" "Mozilla/5.0 (Windows NT 10.0; Win64; x64) AppleWebKit/537.36 (KHTML, like Gecko) Chrome/120.0.0.0 Safari/537.36"
93.123.109.165 - - [28/Apr/2026:02:42:29 +0000] "GET /test.php HTTP/1.1" 301 - "-" "Mozilla/5.0 (Windows NT 10.0; Win64; x64; rv:121.0) Gecko/20100101 Firefox/121.0"
93.123.109.165 - - [28/Apr/2026:02:42:29 +0000] "GET /.aws/credentials HTTP/1.1" 301 - "-" "Mozilla/5.0 (Windows NT 10.0; Win64; x64; rv:121.0) Gecko/20100101 Firefox/121.0"
184.94.212.206 - - [28/Apr/2026:02:43:08 +0000] "POST /wp-cron.php?doing_wp_cron=1777344188.8620510101318359375000 HTTP/1.1" 200 - "-" "WordPress/6.9.4; https://primemusicproductions.com"
43.166.245.120 - - [28/Apr/2026:02:43:07 +0000] "GET /wp-json/oembed/1.0/embed?url=https%3A%2F%2Fprimemusicproductions.com%2Fcopyright-dcma-notice%2F&format=xml HTTP/1.1" 200 1439 "-" "Mozilla/5.0 (iPhone; CPU iPhone OS 13_2_3 like Mac OS X) AppleWebKit/605.1.15 (KHTML, like Gecko) Version/13.0.3 Mobile/15E148 Safari/604.1"
85.208.96.210 - - [28/Apr/2026:02:43:35 +0000] "GET /robots.txt HTTP/1.1" 200 153 "-" "Mozilla/5.0 (compatible; SemrushBot/7~bl; +http://www.semrush.com/bot.html)"
170.82.91.117 - - [28/Apr/2026:02:43:38 +0000] "GET /music-productions/learn-how-to-play-guitar-quickly-today/?share=facebook HTTP/1.1" 302 - "-" "Mozilla/5.0 (compatible; MSIE 5.0; Windows NT 10.0; Trident/5.1)"
185.191.171.11 - - [28/Apr/2026:02:43:39 +0000] "GET /page/10/?amp HTTP/1.1" 200 51082 "-" "Mozilla/5.0 (compatible; SemrushBot/7~bl; +http://www.semrush.com/bot.html)"
93.123.109.165 - - [28/Apr/2026:02:43:44 +0000] "GET /.npmrc HTTP/1.1" 301 - "-" "Mozilla/5.0 (Windows NT 10.0; Win64; x64; rv:121.0) Gecko/20100101 Firefox/121.0"
93.123.109.165 - - [28/Apr/2026:02:43:42 +0000] "GET /.%61%77%73/%63%6F%6E%66%69%67 HTTP/1.1" 301 - "-" "Mozilla/5.0 (X11; Linux x86_64) AppleWebKit/537.36 (KHTML, like Gecko) Chrome/120.0.0.0 Safari/537.36"
93.123.109.165 - - [28/Apr/2026:02:43:42 +0000] "GET /.aws/credentials HTTP/1.1" 301 - "-" "Mozilla/5.0 (X11; Linux x86_64) AppleWebKit/537.36 (KHTML, like Gecko) Chrome/120.0.0.0 Safari/537.36"
93.123.109.165 - - [28/Apr/2026:02:43:44 +0000] "GET /.dockerenv HTTP/1.1" 301 - "-" "Mozilla/5.0 (Windows NT 10.0; Win64; x64) AppleWebKit/537.36 (KHTML, like Gecko) Chrome/120.0.0.0 Safari/537.36"
93.123.109.165 - - [28/Apr/2026:02:43:42 +0000] "GET /phpinfo.php HTTP/1.1" 301 - "-" "Mozilla/5.0 (Windows NT 10.0; Win64; x64) AppleWebKit/537.36 (KHTML, like Gecko) Chrome/120.0.0.0 Safari/537.36"
93.123.109.165 - - [28/Apr/2026:02:43:44 +0000] "GET /.htpasswd HTTP/1.1" 301 - "-" "Mozilla/5.0 (Windows NT 10.0; Win64; x64; rv:121.0) Gecko/20100101 Firefox/121.0"
93.123.109.165 - - [28/Apr/2026:02:43:42 +0000] "GET /.env.prod HTTP/1.1" 301 - "-" "Mozilla/5.0 (Windows NT 10.0; Win64; x64) AppleWebKit/537.36 (KHTML, like Gecko) Chrome/120.0.0.0 Safari/537.36"
93.123.109.165 - - [28/Apr/2026:02:43:43 +0000] "GET /.env.local HTTP/1.1" 301 - "-" "Mozilla/5.0 (X11; Linux x86_64) AppleWebKit/537.36 (KHTML, like Gecko) Chrome/120.0.0.0 Safari/537.36"
85.208.96.206 - - [28/Apr/2026:02:43:43 +0000] "GET /page/10/ HTTP/1.1" 200 51072 "-" "Mozilla/5.0 (compatible; SemrushBot/7~bl; +http://www.semrush.com/bot.html)"
93.123.109.165 - - [28/Apr/2026:02:43:42 +0000] "GET /php.php HTTP/1.1" 301 - "-" "Mozilla/5.0 (Macintosh; Intel Mac OS X 10_15_7) AppleWebKit/537.36 (KHTML, like Gecko) Chrome/120.0.0.0 Safari/537.36"
93.123.109.165 - - [28/Apr/2026:02:43:43 +0000] "GET /.env HTTP/1.1" 301 - "-" "Mozilla/5.0 (Windows NT 10.0; Win64; x64) AppleWebKit/537.36 (KHTML, like Gecko) Chrome/120.0.0.0 Safari/537.36"
93.123.109.165 - - [28/Apr/2026:02:43:44 +0000] "GET /%69%6E%66%6F.%70%68%70 HTTP/1.1" 301 - "-" "Mozilla/5.0 (X11; Linux x86_64) AppleWebKit/537.36 (KHTML, like Gecko) Chrome/120.0.0.0 Safari/537.36"
93.123.109.165 - - [28/Apr/2026:02:43:42 +0000] "GET /.aws/config HTTP/1.1" 301 - "-" "Mozilla/5.0 (Windows NT 10.0; Win64; x64; rv:121.0) Gecko/20100101 Firefox/121.0"
93.123.109.165 - - [28/Apr/2026:02:43:44 +0000] "GET /.kube/config HTTP/1.1" 301 - "-" "Mozilla/5.0 (compatible; SecurityScanner/1.0)"
93.123.109.165 - - [28/Apr/2026:02:43:42 +0000] "GET /test.php HTTP/1.1" 301 - "-" "Mozilla/5.0 (compatible; SecurityScanner/1.0)"
93.123.109.165 - - [28/Apr/2026:02:43:44 +0000] "GET /%70%68%70%69%6E%66%6F.%70%68%70 HTTP/1.1" 301 - "-" "Mozilla/5.0 (X11; Linux x86_64) AppleWebKit/537.36 (KHTML, like Gecko) Chrome/120.0.0.0 Safari/537.36"
93.123.109.165 - - [28/Apr/2026:02:43:42 +0000] "GET /info.php HTTP/1.1" 301 - "-" "Mozilla/5.0 (Macintosh; Intel Mac OS X 10_15_7) AppleWebKit/537.36 (KHTML, like Gecko) Chrome/120.0.0.0 Safari/537.36"
93.123.109.165 - - [28/Apr/2026:02:43:43 +0000] "GET / HTTP/1.1" 200 175621 "-" "Mozilla/5.0 (Windows NT 10.0; Win64; x64; rv:121.0) Gecko/20100101 Firefox/121.0"
93.123.109.165 - - [28/Apr/2026:02:43:42 +0000] "GET /.%61%77%73/%63%72%65%64%65%6E%74%69%61%6C%73 HTTP/1.1" 301 - "-" "Mozilla/5.0 (Macintosh; Intel Mac OS X 10_15_7) AppleWebKit/537.36 (KHTML, like Gecko) Chrome/120.0.0.0 Safari/537.36"
93.123.109.165 - - [28/Apr/2026:02:43:44 +0000] "GET /php-info.php HTTP/1.1" 301 - "-" "Mozilla/5.0 (compatible; SecurityScanner/1.0)"
93.123.109.165 - - [28/Apr/2026:02:43:43 +0000] "GET /i.php HTTP/1.1" 301 - "-" "Mozilla/5.0 (compatible; SecurityScanner/1.0)"
93.123.109.165 - - [28/Apr/2026:02:43:43 +0000] "GET /.docker/config.json HTTP/1.1" 301 - "-" "Mozilla/5.0 (Macintosh; Intel Mac OS X 10_15_7) AppleWebKit/537.36 (KHTML, like Gecko) Chrome/120.0.0.0 Safari/537.36"
93.123.109.165 - - [28/Apr/2026:02:43:44 +0000] "GET /.env.dev HTTP/1.1" 301 - "-" "Mozilla/5.0 (Windows NT 10.0; Win64; x64) AppleWebKit/537.36 (KHTML, like Gecko) Chrome/120.0.0.0 Safari/537.36"
93.123.109.165 - - [28/Apr/2026:02:43:44 +0000] "GET /.netrc HTTP/1.1" 301 - "-" "Mozilla/5.0 (compatible; SecurityScanner/1.0)"
93.123.109.165 - - [28/Apr/2026:02:43:44 +0000] "GET /.env.test HTTP/1.1" 301 - "-" "Mozilla/5.0 (Windows NT 10.0; Win64; x64) AppleWebKit/537.36 (KHTML, like Gecko) Chrome/120.0.0.0 Safari/537.36"
93.123.109.165 - - [28/Apr/2026:02:43:44 +0000] "GET /.env.stage HTTP/1.1" 301 - "-" "Mozilla/5.0 (Macintosh; Intel Mac OS X 10_15_7) AppleWebKit/537.36 (KHTML, like Gecko) Chrome/120.0.0.0 Safari/537.36"
93.123.109.165 - - [28/Apr/2026:02:43:43 +0000] "GET / HTTP/1.1" 200 175620 "-" "Mozilla/5.0 (X11; Linux x86_64) AppleWebKit/537.36 (KHTML, like Gecko) Chrome/120.0.0.0 Safari/537.36"
93.123.109.165 - - [28/Apr/2026:02:43:44 +0000] "GET /%74%65%73%74.%70%68%70 HTTP/1.1" 301 - "-" "Mozilla/5.0 (X11; Linux x86_64) AppleWebKit/537.36 (KHTML, like Gecko) Chrome/120.0.0.0 Safari/537.36"
93.123.109.165 - - [28/Apr/2026:02:43:44 +0000] "GET /.env.staging HTTP/1.1" 301 - "-" "Mozilla/5.0 (Windows NT 10.0; Win64; x64) AppleWebKit/537.36 (KHTML, like Gecko) Chrome/120.0.0.0 Safari/537.36"
93.123.109.165 - - [28/Apr/2026:02:43:44 +0000] "GET /.env.development HTTP/1.1" 301 - "-" "Mozilla/5.0 (Windows NT 10.0; Win64; x64; rv:121.0) Gecko/20100101 Firefox/121.0"
93.123.109.165 - - [28/Apr/2026:02:43:44 +0000] "GET /php_info.php HTTP/1.1" 301 - "-" "Mozilla/5.0 (Windows NT 10.0; Win64; x64) AppleWebKit/537.36 (KHTML, like Gecko) Chrome/120.0.0.0 Safari/537.36"
184.94.212.206 - - [28/Apr/2026:02:45:36 +0000] "POST /wp-cron.php?doing_wp_cron=1777344336.7661650180816650390625 HTTP/1.1" 200 - "-" "WordPress/6.9.4; https://primemusicproductions.com"
43.156.25.251 - - [28/Apr/2026:02:45:34 +0000] "GET /music-productions/want-to-learn-to-play-the-guitar-try-these-tips-2/?share=tumblr HTTP/1.1" 302 - "-" "Mozilla/5.0 (Macintosh; Intel Mac OS X 10_15_7) AppleWebKit/605.1.15 (KHTML, like Gecko) Version/15.5 Safari/605.1.15"
184.94.212.206 - - [28/Apr/2026:02:46:37 +0000] "POST /wp-cron.php?doing_wp_cron=1777344397.1550478935241699218750 HTTP/1.1" 200 - "-" "WordPress/6.9.4; https://primemusicproductions.com"
192.0.85.167 - - [28/Apr/2026:02:46:35 +0000] "HEAD / HTTP/1.1" 200 - "-" "jetmon/1.0 (Jetpack Site Uptime Monitor by WordPress.com)"
184.94.212.206 - - [28/Apr/2026:02:47:04 +0000] "POST /wp-cron.php?doing_wp_cron=1777344424.1717519760131835937500 HTTP/1.1" 200 - "-" "WordPress/6.9.4; https://primemusicproductions.com"
57.141.18.100 - - [28/Apr/2026:02:47:02 +0000] "GET /site-map/ HTTP/1.1" 200 144681 "-" "meta-externalagent/1.1 (+https://developers.facebook.com/docs/sharing/webmasters/crawler)"
184.94.212.206 - - [28/Apr/2026:02:47:22 +0000] "GET / HTTP/1.1" 200 175591 "-" "Mozilla/5.0 (Windows NT 10.0; Win64; x64; rv:122.0) Gecko/20100101 Firefox/122.0"
184.94.212.206 - - [28/Apr/2026:02:49:17 +0000] "POST /wp-cron.php?doing_wp_cron=1777344557.0512919425964355468750 HTTP/1.1" 200 - "-" "WordPress/6.9.4; https://primemusicproductions.com"
31.202.71.199 - - [28/Apr/2026:02:49:15 +0000] "GET /page/10/ HTTP/1.1" 200 51077 "-" "Mozilla/5.0 (Windows NT 6.1; Win64; x64) AppleWebKit/537.36 (KHTML, like Gecko) Chrome/79.0.3945.88 Safari/537.36"
184.94.212.206 - - [28/Apr/2026:02:50:00 +0000] "POST /wp-cron.php?doing_wp_cron=1777344600.3505220413208007812500 HTTP/1.1" 200 - "-" "WordPress/6.9.4; https://primemusicproductions.com"
43.166.212.135 - - [28/Apr/2026:02:49:59 +0000] "GET /policies?ref=pf HTTP/1.1" 301 - "-" "Mozilla/5.0 (Macintosh; Intel Mac OS X 10_15_7) AppleWebKit/605.1.15 (KHTML, like Gecko) Version/15.5 Safari/605.1.15"
43.166.212.135 - - [28/Apr/2026:02:50:00 +0000] "GET /InVideo HTTP/1.1" 307 - "-" "Mozilla/5.0 (Macintosh; Intel Mac OS X 10_15_7) AppleWebKit/605.1.15 (KHTML, like Gecko) Version/15.5 Safari/605.1.15"
43.130.73.192 - - [28/Apr/2026:02:50:19 +0000] "GET /policies?ref=pf HTTP/1.1" 301 - "-" "Mozilla/5.0 (Macintosh; Intel Mac OS X 10_15_7) AppleWebKit/605.1.15 (KHTML, like Gecko) Version/15.5 Safari/605.1.15"
43.130.73.192 - - [28/Apr/2026:02:50:20 +0000] "GET /InVideo HTTP/1.1" 307 - "-" "Mozilla/5.0 (Macintosh; Intel Mac OS X 10_15_7) AppleWebKit/605.1.15 (KHTML, like Gecko) Version/15.5 Safari/605.1.15"
43.166.254.2 - - [28/Apr/2026:02:50:38 +0000] "GET /policies?ref=pf HTTP/1.1" 301 - "-" "Mozilla/5.0 (Macintosh; Intel Mac OS X 10_15_7) AppleWebKit/605.1.15 (KHTML, like Gecko) Version/15.5 Safari/605.1.15"
43.166.254.2 - - [28/Apr/2026:02:50:40 +0000] "GET /InVideo HTTP/1.1" 307 - "-" "Mozilla/5.0 (Macintosh; Intel Mac OS X 10_15_7) AppleWebKit/605.1.15 (KHTML, like Gecko) Version/15.5 Safari/605.1.15"
184.94.212.206 - - [28/Apr/2026:02:51:32 +0000] "POST /wp-cron.php?doing_wp_cron=1777344692.9355070590972900390625 HTTP/1.1" 200 - "-" "WordPress/6.9.4; https://primemusicproductions.com"
129.226.89.114 - - [28/Apr/2026:02:51:31 +0000] "GET /music-productions/guitar-and-what-its-like-to-play-well/?share=tumblr&amp HTTP/1.1" 302 - "-" "Mozilla/5.0 (Macintosh; Intel Mac OS X 10_15_7) AppleWebKit/605.1.15 (KHTML, like Gecko) Version/15.5 Safari/605.1.15"
192.0.85.167 - - [28/Apr/2026:02:51:35 +0000] "HEAD / HTTP/1.1" 200 - "-" "jetmon/1.0 (Jetpack Site Uptime Monitor by WordPress.com)"
43.166.223.42 - - [28/Apr/2026:02:51:51 +0000] "GET /music-productions/guitar-and-what-its-like-to-play-well/?share=tumblr&amp HTTP/1.1" 302 - "-" "Mozilla/5.0 (Macintosh; Intel Mac OS X 10_15_7) AppleWebKit/605.1.15 (KHTML, like Gecko) Version/15.5 Safari/605.1.15"
173.239.211.158 - - [28/Apr/2026:02:52:07 +0000] "POST /wp-login.php HTTP/1.1" 401 3424 "-" "Mozilla/5.0"
43.130.105.167 - - [28/Apr/2026:02:52:11 +0000] "GET /music-productions/guitar-and-what-its-like-to-play-well/?share=tumblr&amp HTTP/1.1" 302 - "-" "Mozilla/5.0 (Macintosh; Intel Mac OS X 10_15_7) AppleWebKit/605.1.15 (KHTML, like Gecko) Version/15.5 Safari/605.1.15"
43.133.232.184 - - [28/Apr/2026:02:52:30 +0000] "GET /music-productions/guitar-and-what-its-like-to-play-well/?share=tumblr&amp HTTP/1.1" 302 - "-" "Mozilla/5.0 (Macintosh; Intel Mac OS X 10_15_7) AppleWebKit/605.1.15 (KHTML, like Gecko) Version/15.5 Safari/605.1.15"
184.94.212.206 - - [28/Apr/2026:02:52:55 +0000] "POST /wp-cron.php?doing_wp_cron=1777344775.1471989154815673828125 HTTP/1.1" 200 - "-" "WordPress/6.9.4; https://primemusicproductions.com"
212.104.117.97 - - [28/Apr/2026:02:52:53 +0000] "GET /music-productions/its-always-easy-to-work-on-guitar-playing/?share=tumblr HTTP/1.1" 302 - "-" "Mozilla/5.0 (Macintosh; Intel Mac OS X 10_11_6) AppleWebKit/537.36 (KHTML, like Gecko) Brave Chrome/89.0.4389.72 Safari/537.36"
74.114.154.14 - - [28/Apr/2026:02:52:58 +0000] "GET /music-productions/its-always-easy-to-work-on-guitar-playing/ HTTP/1.1" 200 49941 "-" "Tumblr/14.0.835.186"
74.114.154.12 - - [28/Apr/2026:02:52:59 +0000] "HEAD /music-productions/its-always-easy-to-work-on-guitar-playing/ HTTP/1.1" 200 - "-" "-"
74.114.154.12 - - [28/Apr/2026:02:53:00 +0000] "GET /music-productions/its-always-easy-to-work-on-guitar-playing/ HTTP/1.1" 200 172180 "-" "-"
74.114.154.11 - - [28/Apr/2026:02:53:02 +0000] "GET /music-productions/its-always-easy-to-work-on-guitar-playing/ HTTP/1.1" 200 49946 "-" "Mozilla/5.0 (Macintosh; Intel Mac OS X 10_11_6) AppleWebKit/537.36 (KHTML, like Gecko) Brave Chrome/89.0.4389.72 Safari/537.36"
184.94.212.206 - - [28/Apr/2026:02:55:10 +0000] "POST /wp-cron.php?doing_wp_cron=1777344910.2039709091186523437500 HTTP/1.1" 200 - "-" "WordPress/6.9.4; https://primemusicproductions.com"
85.208.96.212 - - [28/Apr/2026:02:55:08 +0000] "GET /author/primemusicproductions/page/10/?amp HTTP/1.1" 200 51294 "-" "Mozilla/5.0 (compatible; SemrushBot/7~bl; +http://www.semrush.com/bot.html)"
85.208.96.202 - - [28/Apr/2026:02:55:11 +0000] "GET /author/primemusicproductions/page/10/ HTTP/1.1" 200 51285 "-" "Mozilla/5.0 (compatible; SemrushBot/7~bl; +http://www.semrush.com/bot.html)"
206.198.219.18 - - [28/Apr/2026:02:55:32 +0000] "GET /contact HTTP/1.1" 301 - "-" "Mozilla/5.0 (X11; Linux x86_64) AppleWebKit/537.36 (KHTML, like Gecko) Chrome/141.0.0.0 Safari/537.36"
206.198.219.18 - - [28/Apr/2026:02:55:33 +0000] "GET /contact/ HTTP/1.1" 200 45870 "-" "Mozilla/5.0 (X11; Linux x86_64) AppleWebKit/537.36 (KHTML, like Gecko) Chrome/141.0.0.0 Safari/537.36"
206.198.219.18 - - [28/Apr/2026:02:55:35 +0000] "GET /wp-includes/css/dist/block-library/style.min.css?ver=add92f4e98f9ce618741def37b23f2f1 HTTP/1.1" 200 15916 "https://primemusicproductions.com/contact/" "Mozilla/5.0 (X11; Linux x86_64) AppleWebKit/537.36 (KHTML, like Gecko) Chrome/141.0.0.0 Safari/537.36"
206.198.219.18 - - [28/Apr/2026:02:55:35 +0000] "GET /wp-includes/js/mediaelement/mediaelementplayer-legacy.min.css?ver=4.2.17 HTTP/1.1" 200 2592 "https://primemusicproductions.com/contact/" "Mozilla/5.0 (X11; Linux x86_64) AppleWebKit/537.36 (KHTML, like Gecko) Chrome/141.0.0.0 Safari/537.36"
206.198.219.18 - - [28/Apr/2026:02:55:35 +0000] "GET /wp-includes/js/mediaelement/wp-mediaelement.min.css?ver=add92f4e98f9ce618741def37b23f2f1 HTTP/1.1" 200 1156 "https://primemusicproductions.com/contact/" "Mozilla/5.0 (X11; Linux x86_64) AppleWebKit/537.36 (KHTML, like Gecko) Chrome/141.0.0.0 Safari/537.36"
206.198.219.18 - - [28/Apr/2026:02:55:35 +0000] "GET /wp-includes/css/dashicons.min.css?ver=add92f4e98f9ce618741def37b23f2f1 HTTP/1.1" 200 35721 "https://primemusicproductions.com/contact/" "Mozilla/5.0 (X11; Linux x86_64) AppleWebKit/537.36 (KHTML, like Gecko) Chrome/141.0.0.0 Safari/537.36"
206.198.219.18 - - [28/Apr/2026:02:55:35 +0000] "GET /wp-content/plugins/wp-accessibility-helper/assets/css/wp-accessibility-helper.min.css?ver=0.5.9.4 HTTP/1.1" 200 2005 "https://primemusicproductions.com/contact/" "Mozilla/5.0 (X11; Linux x86_64) AppleWebKit/537.36 (KHTML, like Gecko) Chrome/141.0.0.0 Safari/537.36"
206.198.219.18 - - [28/Apr/2026:02:55:35 +0000] "GET /wp-includes/css/admin-bar.min.css?ver=add92f4e98f9ce618741def37b23f2f1 HTTP/1.1" 200 3861 "https://primemusicproductions.com/contact/" "Mozilla/5.0 (X11; Linux x86_64) AppleWebKit/537.36 (KHTML, like Gecko) Chrome/141.0.0.0 Safari/537.36"
206.198.219.18 - - [28/Apr/2026:02:55:35 +0000] "GET /wp-content/themes/flatmagazinews/style.css?ver=add92f4e98f9ce618741def37b23f2f1 HTTP/1.1" 200 9896 "https://primemusicproductions.com/contact/" "Mozilla/5.0 (X11; Linux x86_64) AppleWebKit/537.36 (KHTML, like Gecko) Chrome/141.0.0.0 Safari/537.36"
206.198.219.18 - - [28/Apr/2026:02:55:35 +0000] "GET /wp-content/themes/modern-storytelling/style.css?ver=add92f4e98f9ce618741def37b23f2f1 HTTP/1.1" 200 9040 "https://primemusicproductions.com/contact/" "Mozilla/5.0 (X11; Linux x86_64) AppleWebKit/537.36 (KHTML, like Gecko) Chrome/141.0.0.0 Safari/537.36"
206.198.219.18 - - [28/Apr/2026:02:55:35 +0000] "GET /wp-content/themes/flatmagazinews/css/font-awesome.min.css?ver=add92f4e98f9ce618741def37b23f2f1 HTTP/1.1" 200 7053 "https://primemusicproductions.com/contact/" "Mozilla/5.0 (X11; Linux x86_64) AppleWebKit/537.36 (KHTML, like Gecko) Chrome/141.0.0.0 Safari/537.36"
206.198.219.18 - - [28/Apr/2026:02:55:35 +0000] "GET /wp-content/plugins/jetpack/modules/widgets/eu-cookie-law/style.css?ver=15.7.1 HTTP/1.1" 200 877 "https://primemusicproductions.com/contact/" "Mozilla/5.0 (X11; Linux x86_64) AppleWebKit/537.36 (KHTML, like Gecko) Chrome/141.0.0.0 Safari/537.36"
206.198.219.18 - - [28/Apr/2026:02:55:35 +0000] "GET /wp-includes/js/jquery/jquery.min.js?ver=3.7.1 HTTP/1.1" 200 30368 "https://primemusicproductions.com/contact/" "Mozilla/5.0 (X11; Linux x86_64) AppleWebKit/537.36 (KHTML, like Gecko) Chrome/141.0.0.0 Safari/537.36"
206.198.219.18 - - [28/Apr/2026:02:55:36 +0000] "GET /wp-includes/js/jquery/jquery-migrate.min.js?ver=3.4.1 HTTP/1.1" 200 4872 "https://primemusicproductions.com/contact/" "Mozilla/5.0 (X11; Linux x86_64) AppleWebKit/537.36 (KHTML, like Gecko) Chrome/141.0.0.0 Safari/537.36"
206.198.219.18 - - [28/Apr/2026:02:55:36 +0000] "GET /wp-content/plugins/wp-accessibility-helper/assets/js/wp-accessibility-helper.min.js?ver=1.0.0 HTTP/1.1" 200 2661 "https://primemusicproductions.com/contact/" "Mozilla/5.0 (X11; Linux x86_64) AppleWebKit/537.36 (KHTML, like Gecko) Chrome/141.0.0.0 Safari/537.36"
206.198.219.18 - - [28/Apr/2026:02:55:36 +0000] "GET /wp-content/themes/flatmagazinews/js/navigation.js?ver=20170823 HTTP/1.1" 200 1094 "https://primemusicproductions.com/contact/" "Mozilla/5.0 (X11; Linux x86_64) AppleWebKit/537.36 (KHTML, like Gecko) Chrome/141.0.0.0 Safari/537.36"
206.198.219.18 - - [28/Apr/2026:02:55:36 +0000] "GET /wp-content/themes/flatmagazinews/js/script.js?ver=20160720 HTTP/1.1" 200 1118 "https://primemusicproductions.com/contact/" "Mozilla/5.0 (X11; Linux x86_64) AppleWebKit/537.36 (KHTML, like Gecko) Chrome/141.0.0.0 Safari/537.36"
206.198.219.18 - - [28/Apr/2026:02:55:36 +0000] "GET /wp-content/themes/flatmagazinews/js/skip-link-focus-fix.js?ver=20170823 HTTP/1.1" 200 417 "https://primemusicproductions.com/contact/" "Mozilla/5.0 (X11; Linux x86_64) AppleWebKit/537.36 (KHTML, like Gecko) Chrome/141.0.0.0 Safari/537.36"
206.198.219.18 - - [28/Apr/2026:02:55:36 +0000] "GET /wp-content/themes/flatmagazinews/js/accessibility.js?ver=20160720 HTTP/1.1" 200 534 "https://primemusicproductions.com/contact/" "Mozilla/5.0 (X11; Linux x86_64) AppleWebKit/537.36 (KHTML, like Gecko) Chrome/141.0.0.0 Safari/537.36"
206.198.219.18 - - [28/Apr/2026:02:55:36 +0000] "GET /wp-content/plugins/wp-consent-api/assets/js/wp-consent-api.min.js?ver=2.0.1 HTTP/1.1" 200 822 "https://primemusicproductions.com/contact/" "Mozilla/5.0 (X11; Linux x86_64) AppleWebKit/537.36 (KHTML, like Gecko) Chrome/141.0.0.0 Safari/537.36"
206.198.219.18 - - [28/Apr/2026:02:55:36 +0000] "GET /wp-content/plugins/google-site-kit/dist/assets/js/googlesitekit-consent-mode-bc2e26cfa69fcd4a8261.js HTTP/1.1" 200 25395 "https://primemusicproductions.com/contact/" "Mozilla/5.0 (X11; Linux x86_64) AppleWebKit/537.36 (KHTML, like Gecko) Chrome/141.0.0.0 Safari/537.36"
206.198.219.18 - - [28/Apr/2026:02:55:36 +0000] "GET /wp-includes/js/mediaelement/mediaelement-and-player.min.js?ver=4.2.17 HTTP/1.1" 200 38789 "https://primemusicproductions.com/contact/" "Mozilla/5.0 (X11; Linux x86_64) AppleWebKit/537.36 (KHTML, like Gecko) Chrome/141.0.0.0 Safari/537.36"
206.198.219.18 - - [28/Apr/2026:02:55:36 +0000] "GET /wp-includes/js/mediaelement/mediaelement-migrate.min.js?ver=add92f4e98f9ce618741def37b23f2f1 HTTP/1.1" 200 540 "https://primemusicproductions.com/contact/" "Mozilla/5.0 (X11; Linux x86_64) AppleWebKit/537.36 (KHTML, like Gecko) Chrome/141.0.0.0 Safari/537.36"
206.198.219.18 - - [28/Apr/2026:02:55:36 +0000] "GET /wp-includes/js/mediaelement/wp-mediaelement.min.js?ver=add92f4e98f9ce618741def37b23f2f1 HTTP/1.1" 200 538 "https://primemusicproductions.com/contact/" "Mozilla/5.0 (X11; Linux x86_64) AppleWebKit/537.36 (KHTML, like Gecko) Chrome/141.0.0.0 Safari/537.36"
206.198.219.18 - - [28/Apr/2026:02:55:36 +0000] "GET /wp-includes/js/mediaelement/renderers/vimeo.min.js?ver=4.2.17 HTTP/1.1" 200 2284 "https://primemusicproductions.com/contact/" "Mozilla/5.0 (X11; Linux x86_64) AppleWebKit/537.36 (KHTML, like Gecko) Chrome/141.0.0.0 Safari/537.36"
206.198.219.18 - - [28/Apr/2026:02:55:37 +0000] "GET /wp-content/plugins/jetpack/_inc/build/widgets/eu-cookie-law/eu-cookie-law.min.js?ver=20180522 HTTP/1.1" 200 659 "https://primemusicproductions.com/contact/" "Mozilla/5.0 (X11; Linux x86_64) AppleWebKit/537.36 (KHTML, like Gecko) Chrome/141.0.0.0 Safari/537.36"
206.198.219.18 - - [28/Apr/2026:02:55:37 +0000] "GET /wp-content/themes/flatmagazinews/fonts/fontawesome-webfont.woff2?v=4.7.0 HTTP/1.1" 200 77162 "https://primemusicproductions.com/wp-content/themes/flatmagazinews/css/font-awesome.min.css?ver=add92f4e98f9ce618741def37b23f2f1" "Mozilla/5.0 (X11; Linux x86_64) AppleWebKit/537.36 (KHTML, like Gecko) Chrome/141.0.0.0 Safari/537.36"
206.198.219.18 - - [28/Apr/2026:02:55:38 +0000] "GET /wp-includes/js/wp-emoji-release.min.js?ver=add92f4e98f9ce618741def37b23f2f1 HTTP/1.1" 200 5375 "https://primemusicproductions.com/contact/" "Mozilla/5.0 (X11; Linux x86_64) AppleWebKit/537.36 (KHTML, like Gecko) Chrome/141.0.0.0 Safari/537.36"
184.94.212.206 - - [28/Apr/2026:02:55:48 +0000] "POST /wp-cron.php?doing_wp_cron=1777344948.0267291069030761718750 HTTP/1.1" 200 - "-" "WordPress/6.9.4; https://primemusicproductions.com"
162.62.231.139 - - [28/Apr/2026:02:55:46 +0000] "GET / HTTP/1.1" 200 51728 "-" "Mozilla/5.0 (iPhone; CPU iPhone OS 13_2_3 like Mac OS X) AppleWebKit/605.1.15 (KHTML, like Gecko) Version/13.0.3 Mobile/15E148 Safari/604.1"
114.119.155.83 - - [28/Apr/2026:02:56:01 +0000] "GET /music-productions/top-tips-for-learning-to-play-guitar/?ak_action=reject_mobile&amp=1 HTTP/1.1" 200 49784 "https://primemusicproductions.com/music-productions/top-tips-for-learning-to-play-guitar?ak_action=reject_mobile&amp=1" "Mozilla/5.0 (Linux; Android 7.0;) AppleWebKit/537.36 (HTML, like Gecko) Mobile Safari/537.36 (compatible; PetalBot;+https://webmaster.petalsearch.com/site/petalbot)"
192.0.85.167 - - [28/Apr/2026:02:56:34 +0000] "HEAD / HTTP/1.1" 200 - "-" "jetmon/1.0 (Jetpack Site Uptime Monitor by WordPress.com)"
54.144.37.49 - - [28/Apr/2026:02:56:51 +0000] "GET /robots.txt HTTP/1.1" 200 153 "-" "Mozilla/5.0 (Macintosh; Intel Mac OS X 10_15_7) AppleWebKit/537.36 (KHTML, like Gecko) Chrome/108.0.0.0 Safari/537.36"
184.94.212.206 - - [28/Apr/2026:02:58:52 +0000] "POST /wp-cron.php?doing_wp_cron=1777345132.6382880210876464843750 HTTP/1.1" 200 - "-" "WordPress/6.9.4; https://primemusicproductions.com"
77.75.76.168 - - [28/Apr/2026:02:58:51 +0000] "GET /sitemap.xml HTTP/1.1" 200 307 "-" "Mozilla/5.0 (compatible; SeznamBot/4.0; +https://o-seznam.cz/napoveda/vyhledavani/en/seznambot-crawler/)"
77.75.76.168 - - [28/Apr/2026:02:58:51 +0000] "GET /robots.txt HTTP/1.1" 200 153 "-" "Mozilla/5.0 (compatible; SeznamBot/4.0; +https://o-seznam.cz/napoveda/vyhledavani/en/seznambot-crawler/)"
184.94.212.206 - - [28/Apr/2026:02:59:41 +0000] "POST /wp-cron.php?doing_wp_cron=1777345181.5264780521392822265625 HTTP/1.1" 200 - "-" "WordPress/6.9.4; https://primemusicproductions.com"
85.208.96.208 - - [28/Apr/2026:02:59:39 +0000] "GET /music-productions/learning-to-play-guitar-some-tips-for-success/ HTTP/1.1" 200 49369 "-" "Mozilla/5.0 (compatible; SemrushBot/7~bl; +http://www.semrush.com/bot.html)"
184.94.212.206 - - [28/Apr/2026:03:01:38 +0000] "POST /wp-cron.php?doing_wp_cron=1777345298.4399158954620361328125 HTTP/1.1" 200 - "-" "WordPress/6.9.4; https://primemusicproductions.com"
192.0.85.167 - - [28/Apr/2026:03:01:36 +0000] "HEAD / HTTP/1.1" 200 - "-" "jetmon/1.0 (Jetpack Site Uptime Monitor by WordPress.com)"
184.94.212.206 - - [28/Apr/2026:03:02:44 +0000] "POST /wp-cron.php?doing_wp_cron=1777345364.7157759666442871093750 HTTP/1.1" 200 - "-" "WordPress/6.9.4; https://primemusicproductions.com"
114.119.156.165 - - [28/Apr/2026:03:02:43 +0000] "GET /music-productions/the-pros-will-help-you-learn-guitar-with-these-tips?share=pocket&amp HTTP/1.1" 301 - "https://primemusicproductions.com/music-productions/the-pros-will-help-you-learn-guitar-with-these-tips?nonamp=1&amp=1" "Mozilla/5.0 (Linux; Android 7.0;) AppleWebKit/537.36 (HTML, like Gecko) Mobile Safari/537.36 (compatible; PetalBot;+https://webmaster.petalsearch.com/site/petalbot)"
114.119.156.165 - - [28/Apr/2026:03:02:45 +0000] "GET /music-productions/the-pros-will-help-you-learn-guitar-with-these-tips/?share=pocket&amp HTTP/1.1" 200 49417 "https://primemusicproductions.com/music-productions/the-pros-will-help-you-learn-guitar-with-these-tips?nonamp=1&amp=1" "Mozilla/5.0 (Linux; Android 7.0;) AppleWebKit/537.36 (HTML, like Gecko) Mobile Safari/537.36 (compatible; PetalBot;+https://webmaster.petalsearch.com/site/petalbot)"
185.191.171.9 - - [28/Apr/2026:03:03:29 +0000] "GET /music-productions/are-you-new-to-the-guitar-try-these-tips-and-tricks/ HTTP/1.1" 200 52832 "-" "Mozilla/5.0 (compatible; SemrushBot/7~bl; +http://www.semrush.com/bot.html)"
184.94.212.206 - - [28/Apr/2026:03:04:42 +0000] "POST /wp-cron.php?doing_wp_cron=1777345482.2443020343780517578125 HTTP/1.1" 200 - "-" "WordPress/6.9.4; https://primemusicproductions.com"
43.133.220.37 - - [28/Apr/2026:03:04:40 +0000] "GET /wp-json/wp/v2/media/797 HTTP/1.1" 200 2754 "-" "Mozilla/5.0 (iPhone; CPU iPhone OS 13_2_3 like Mac OS X) AppleWebKit/605.1.15 (KHTML, like Gecko) Version/13.0.3 Mobile/15E148 Safari/604.1"
184.94.212.206 - - [28/Apr/2026:03:05:03 +0000] "POST /wp-cron.php?doing_wp_cron=1777345503.1594130992889404296875 HTTP/1.1" 200 - "-" "WordPress/6.9.4; https://primemusicproductions.com"
54.144.37.49 - - [28/Apr/2026:03:05:01 +0000] "GET / HTTP/1.1" 301 - "-" "Mozilla/5.0 (Macintosh; Intel Mac OS X 10_15_7) AppleWebKit/537.36 (KHTML, like Gecko) Chrome/108.0.0.0 Safari/537.36"
54.144.37.49 - - [28/Apr/2026:03:05:03 +0000] "GET / HTTP/1.1" 200 51721 "-" "Mozilla/5.0 (Macintosh; Intel Mac OS X 10_15_7) AppleWebKit/537.36 (KHTML, like Gecko) Chrome/108.0.0.0 Safari/537.36"
184.94.212.206 - - [28/Apr/2026:03:06:35 +0000] "POST /wp-cron.php?doing_wp_cron=1777345595.8981759548187255859375 HTTP/1.1" 200 - "-" "WordPress/6.9.4; https://primemusicproductions.com"
192.0.85.167 - - [28/Apr/2026:03:06:34 +0000] "HEAD / HTTP/1.1" 200 - "-" "jetmon/1.0 (Jetpack Site Uptime Monitor by WordPress.com)"
184.94.212.206 - - [28/Apr/2026:03:08:06 +0000] "POST /wp-cron.php?doing_wp_cron=1777345686.2501399517059326171875 HTTP/1.1" 200 - "-" "WordPress/6.9.4; https://primemusicproductions.com"
173.239.211.173 - - [28/Apr/2026:03:08:04 +0000] "POST /wp-login.php HTTP/1.1" 401 3424 "-" "Mozilla/5.0"
14.9.117.32 - - [28/Apr/2026:03:08:24 +0000] "GET /music-productions/play-like-a-pro-with-these-guitar-tips/?share=pinterest HTTP/1.1" 302 - "-" "Mozilla/5.0 (X11; Linux i686) AppleWebKit/536.0 (KHTML, like Gecko) Chrome/47.0.860.0 Safari/536.0"
184.94.212.206 - - [28/Apr/2026:03:09:54 +0000] "POST /wp-cron.php?doing_wp_cron=1777345794.3767359256744384765625 HTTP/1.1" 200 - "-" "WordPress/6.9.4; https://primemusicproductions.com"
114.119.128.56 - - [28/Apr/2026:03:09:52 +0000] "GET /music-productions/the-pros-will-help-you-learn-guitar-with-these-tips?share=linkedin&amp HTTP/1.1" 302 - "https://primemusicproductions.com/music-productions/the-pros-will-help-you-learn-guitar-with-these-tips?nonamp=1&amp=1" "Mozilla/5.0 (Linux; Android 7.0;) AppleWebKit/537.36 (HTML, like Gecko) Mobile Safari/537.36 (compatible; PetalBot;+https://webmaster.petalsearch.com/site/petalbot)"
184.94.212.206 - - [28/Apr/2026:03:11:13 +0000] "POST /wp-cron.php?doing_wp_cron=1777345873.2544069290161132812500 HTTP/1.1" 200 - "-" "WordPress/6.9.4; https://primemusicproductions.com"
185.191.171.10 - - [28/Apr/2026:03:11:10 +0000] "GET /music-productions/its-very-easy-to-learn-guitar-with-some-advice/?amp HTTP/1.1" 200 49937 "-" "Mozilla/5.0 (compatible; SemrushBot/7~bl; +http://www.semrush.com/bot.html)"
185.191.171.5 - - [28/Apr/2026:03:11:14 +0000] "GET /music-productions/its-very-easy-to-learn-guitar-with-some-advice/ HTTP/1.1" 200 49937 "-" "Mozilla/5.0 (compatible; SemrushBot/7~bl; +http://www.semrush.com/bot.html)"
192.0.85.167 - - [28/Apr/2026:03:11:35 +0000] "HEAD / HTTP/1.1" 200 - "-" "jetmon/1.0 (Jetpack Site Uptime Monitor by WordPress.com)"
185.191.171.15 - - [28/Apr/2026:03:11:49 +0000] "GET /music-productions/beat-making-software/ HTTP/1.1" 200 52307 "-" "Mozilla/5.0 (compatible; SemrushBot/7~bl; +http://www.semrush.com/bot.html)"
184.94.212.206 - - [28/Apr/2026:03:15:25 +0000] "POST /wp-cron.php?doing_wp_cron=1777346125.5818619728088378906250 HTTP/1.1" 200 - "-" "WordPress/6.9.4; https://primemusicproductions.com"
162.62.213.187 - - [28/Apr/2026:03:15:23 +0000] "GET /page/7/ HTTP/1.1" 200 51045 "-" "Mozilla/5.0 (iPhone; CPU iPhone OS 13_2_3 like Mac OS X) AppleWebKit/605.1.15 (KHTML, like Gecko) Version/13.0.3 Mobile/15E148 Safari/604.1"
184.94.212.206 - - [28/Apr/2026:03:16:25 +0000] "POST /wp-cron.php?doing_wp_cron=1777346185.5751199722290039062500 HTTP/1.1" 200 - "-" "WordPress/6.9.4; https://primemusicproductions.com"
114.119.128.56 - - [28/Apr/2026:03:16:23 +0000] "GET /music-productions/the-pros-will-help-you-learn-guitar-with-these-tips?share=facebook&amp HTTP/1.1" 302 - "https://primemusicproductions.com/music-productions/the-pros-will-help-you-learn-guitar-with-these-tips?nonamp=1&amp=1" "Mozilla/5.0 (Linux; Android 7.0;) AppleWebKit/537.36 (HTML, like Gecko) Mobile Safari/537.36 (compatible; PetalBot;+https://webmaster.petalsearch.com/site/petalbot)"
192.0.85.167 - - [28/Apr/2026:03:16:32 +0000] "HEAD / HTTP/1.1" 200 - "-" "jetmon/1.0 (Jetpack Site Uptime Monitor by WordPress.com)"
192.0.99.107 - - [28/Apr/2026:03:18:15 +0000] "GET /wp-content/uploads/Prime_Music_Productions_header_image.jpg HTTP/1.1" 200 130159 "-" "Photon/1.0"
184.94.212.206 - - [28/Apr/2026:03:19:22 +0000] "POST /wp-cron.php?doing_wp_cron=1777346362.6163749694824218750000 HTTP/1.1" 200 - "-" "WordPress/6.9.4; https://primemusicproductions.com"
43.130.67.43 - - [28/Apr/2026:03:19:21 +0000] "GET /music-productions/audio-mastering-software/?share=linkedin&amp HTTP/1.1" 302 - "-" "Mozilla/5.0 (Macintosh; Intel Mac OS X 10_15_7) AppleWebKit/605.1.15 (KHTML, like Gecko) Version/15.5 Safari/605.1.15"
184.94.212.206 - - [28/Apr/2026:03:20:39 +0000] "POST /wp-cron.php?doing_wp_cron=1777346439.0352389812469482421875 HTTP/1.1" 200 - "-" "WordPress/6.9.4; https://primemusicproductions.com"
220.181.108.91 - - [28/Apr/2026:03:20:37 +0000] "GET /2017/08/ HTTP/1.1" 200 48316 "-" "Mozilla/5.0 (compatible; Baiduspider/2.0; +http://www.baidu.com/search/spider.html)"
184.94.212.206 - - [28/Apr/2026:03:21:35 +0000] "POST /wp-cron.php?doing_wp_cron=1777346495.2442660331726074218750 HTTP/1.1" 200 - "-" "WordPress/6.9.4; https://primemusicproductions.com"
192.0.85.167 - - [28/Apr/2026:03:21:33 +0000] "HEAD / HTTP/1.1" 200 - "-" "jetmon/1.0 (Jetpack Site Uptime Monitor by WordPress.com)"
216.73.216.179 - - [28/Apr/2026:03:21:48 +0000] "GET /robots.txt HTTP/1.1" 200 153 "-" "Mozilla/5.0 AppleWebKit/537.36 (KHTML, like Gecko; compatible; ClaudeBot/1.0; +claudebot@anthropic.com)"
216.73.216.179 - - [28/Apr/2026:03:21:49 +0000] "GET /sitemap.xml HTTP/1.1" 200 307 "-" "Mozilla/5.0 AppleWebKit/537.36 (KHTML, like Gecko; compatible; ClaudeBot/1.0; +claudebot@anthropic.com)"
216.73.216.179 - - [28/Apr/2026:03:21:50 +0000] "GET /sitemap_index.xml HTTP/1.1" 200 358 "-" "Mozilla/5.0 AppleWebKit/537.36 (KHTML, like Gecko; compatible; ClaudeBot/1.0; +claudebot@anthropic.com)"
184.94.212.206 - - [28/Apr/2026:03:23:13 +0000] "POST /wp-cron.php?doing_wp_cron=1777346593.1082320213317871093750 HTTP/1.1" 200 - "-" "WordPress/6.9.4; https://primemusicproductions.com"
114.119.150.168 - - [28/Apr/2026:03:23:11 +0000] "GET /music-productions/the-pros-will-help-you-learn-guitar-with-these-tips?noamp=mobile HTTP/1.1" 301 - "https://primemusicproductions.com/music-productions/the-pros-will-help-you-learn-guitar-with-these-tips?noamp=mobile" "Mozilla/5.0 (Linux; Android 7.0;) AppleWebKit/537.36 (HTML, like Gecko) Mobile Safari/537.36 (compatible; PetalBot;+https://webmaster.petalsearch.com/site/petalbot)"
114.119.150.168 - - [28/Apr/2026:03:23:13 +0000] "GET /music-productions/the-pros-will-help-you-learn-guitar-with-these-tips/?noamp=mobile HTTP/1.1" 200 49416 "https://primemusicproductions.com/music-productions/the-pros-will-help-you-learn-guitar-with-these-tips?noamp=mobile" "Mozilla/5.0 (Linux; Android 7.0;) AppleWebKit/537.36 (HTML, like Gecko) Mobile Safari/537.36 (compatible; PetalBot;+https://webmaster.petalsearch.com/site/petalbot)"
216.73.161.90 - - [28/Apr/2026:03:23:57 +0000] "POST /wp-login.php HTTP/1.1" 401 3424 "-" "Mozilla/5.0"
184.94.212.206 - - [28/Apr/2026:03:26:06 +0000] "POST /wp-cron.php?doing_wp_cron=1777346766.0372779369354248046875 HTTP/1.1" 200 - "-" "WordPress/6.9.4; https://primemusicproductions.com"
