207.180.11.91 - - [28/Apr/2026:07:13:33 +0000] "GET /wp-json/oembed/1.0/embed?url=https%3A%2F%2Fprimemusicproductions.com%2Fmusic-productions%2Fare-you-new-to-the-guitar-try-these-tips-and-tricks%2Fattachment%2Funleashing-the-power-of-music-ai-2-2%2F HTTP/1.1" 200 1223 "-" "Mozilla/5.0 (Macintosh; Intel Mac OS X 10_15_7) AppleWebKit/537.36 (KHTML, like Gecko) Chrome/135.0.0.0 Safari/537.36"
185.191.171.13 - - [28/Apr/2026:07:13:52 +0000] "GET /music-productions/having-difficulty-learning-guitar-try-these-ideas-2/attachment/ea31b5072ff3063ed1584d05fb1d4390e277e2c818b4134994f4c771afea_640-jpg/ HTTP/1.1" 200 45298 "-" "Mozilla/5.0 (compatible; SemrushBot/7~bl; +http://www.semrush.com/bot.html)"
184.94.212.206 - - [28/Apr/2026:07:14:53 +0000] "POST /wp-cron.php?doing_wp_cron=1777360493.4156188964843750000000 HTTP/1.1" 200 - "-" "WordPress/6.9.4; https://primemusicproductions.com"
173.239.211.160 - - [28/Apr/2026:07:14:51 +0000] "POST /wp-login.php HTTP/1.1" 401 3424 "-" "Mozilla/5.0"
184.94.212.206 - - [28/Apr/2026:07:15:08 +0000] "POST /wp-cron.php?doing_wp_cron=1777360508.5285589694976806640625 HTTP/1.1" 200 - "-" "WordPress/6.9.4; https://primemusicproductions.com"
114.119.156.165 - - [28/Apr/2026:07:15:07 +0000] "GET /music-productions/try-these-tips-for-learning-guitar-the-easy-way/?share=twitter&amp HTTP/1.1" 302 - "https://primemusicproductions.com/music-productions/try-these-tips-for-learning-guitar-the-easy-way?nonamp=1&amp" "Mozilla/5.0 (Linux; Android 7.0;) AppleWebKit/537.36 (HTML, like Gecko) Mobile Safari/537.36 (compatible; PetalBot;+https://webmaster.petalsearch.com/site/petalbot)"
184.94.212.206 - - [28/Apr/2026:07:16:38 +0000] "POST /wp-cron.php?doing_wp_cron=1777360598.2006878852844238281250 HTTP/1.1" 200 - "-" "WordPress/6.9.4; https://primemusicproductions.com"
192.0.85.167 - - [28/Apr/2026:07:16:36 +0000] "HEAD / HTTP/1.1" 200 - "-" "jetmon/1.0 (Jetpack Site Uptime Monitor by WordPress.com)"
184.94.212.206 - - [28/Apr/2026:07:18:36 +0000] "POST /wp-cron.php?doing_wp_cron=1777360716.3358829021453857421875 HTTP/1.1" 200 - "-" "WordPress/6.9.4; https://primemusicproductions.com"
67.147.14.253 - - [28/Apr/2026:07:18:34 +0000] "GET /tag/practice-playing/ HTTP/1.1" 200 48174 "-" "Mozilla/5.0 (Windows NT 10.0; Win64; x64) AppleWebKit/537.36 (KHTML, like Gecko) Chrome/101.0.4951.67 Safari/537.36"
184.94.212.206 - - [28/Apr/2026:07:21:37 +0000] "POST /wp-cron.php?doing_wp_cron=1777360897.3843309879302978515625 HTTP/1.1" 200 - "-" "WordPress/6.9.4; https://primemusicproductions.com"
192.0.85.167 - - [28/Apr/2026:07:21:35 +0000] "HEAD / HTTP/1.1" 200 - "-" "jetmon/1.0 (Jetpack Site Uptime Monitor by WordPress.com)"
85.208.96.193 - - [28/Apr/2026:07:21:48 +0000] "GET /tag/music-productions/?amp HTTP/1.1" 200 51417 "-" "Mozilla/5.0 (compatible; SemrushBot/7~bl; +http://www.semrush.com/bot.html)"
185.191.171.4 - - [28/Apr/2026:07:21:51 +0000] "GET /tag/music-productions/ HTTP/1.1" 200 51411 "-" "Mozilla/5.0 (compatible; SemrushBot/7~bl; +http://www.semrush.com/bot.html)"
114.119.156.165 - - [28/Apr/2026:07:21:56 +0000] "GET /music-productions/the-pros-will-help-you-learn-guitar-with-these-tips/?share=pocket HTTP/1.1" 200 49416 "https://primemusicproductions.com/music-productions/the-pros-will-help-you-learn-guitar-with-these-tips?share=pocket" "Mozilla/5.0 (Linux; Android 7.0;) AppleWebKit/537.36 (HTML, like Gecko) Mobile Safari/537.36 (compatible; PetalBot;+https://webmaster.petalsearch.com/site/petalbot)"
184.94.212.206 - - [28/Apr/2026:07:23:48 +0000] "POST /wp-cron.php?doing_wp_cron=1777361028.6848890781402587890625 HTTP/1.1" 200 - "-" "WordPress/6.9.4; https://primemusicproductions.com"
113.164.132.77 - - [28/Apr/2026:07:23:46 +0000] "GET /author/primemusicproductions/page/7/?noamp=mobile HTTP/1.1" 200 51288 "-" "Mozilla/5.0 (Windows NT 10.0; Win64; x64) AppleWebKit/537.36 (KHTML, like Gecko) Chrome/92.0.4515.107 Safari/537.36"
184.94.212.206 - - [28/Apr/2026:07:24:30 +0000] "POST /wp-cron.php?doing_wp_cron=1777361070.5793840885162353515625 HTTP/1.1" 200 - "-" "WordPress/6.9.4; https://primemusicproductions.com"
85.208.96.209 - - [28/Apr/2026:07:24:29 +0000] "GET /music-productions/the-best-tips-and-advice-for-learning-guitar/?amp HTTP/1.1" 200 49594 "-" "Mozilla/5.0 (compatible; SemrushBot/7~bl; +http://www.semrush.com/bot.html)"
85.208.96.206 - - [28/Apr/2026:07:24:34 +0000] "GET /music-productions/the-best-tips-and-advice-for-learning-guitar/ HTTP/1.1" 200 49596 "-" "Mozilla/5.0 (compatible; SemrushBot/7~bl; +http://www.semrush.com/bot.html)"
85.208.96.193 - - [28/Apr/2026:07:24:54 +0000] "GET /cropped-cropped-prime_music_productions-6-jpg/ HTTP/1.1" 200 45180 "-" "Mozilla/5.0 (compatible; SemrushBot/7~bl; +http://www.semrush.com/bot.html)"
184.94.212.206 - - [28/Apr/2026:07:26:36 +0000] "POST /wp-cron.php?doing_wp_cron=1777361196.8854761123657226562500 HTTP/1.1" 200 - "-" "WordPress/6.9.4; https://primemusicproductions.com"
192.0.85.167 - - [28/Apr/2026:07:26:35 +0000] "HEAD / HTTP/1.1" 200 - "-" "jetmon/1.0 (Jetpack Site Uptime Monitor by WordPress.com)"
184.94.212.206 - - [28/Apr/2026:07:28:52 +0000] "POST /wp-cron.php?doing_wp_cron=1777361332.9069719314575195312500 HTTP/1.1" 200 - "-" "WordPress/6.9.4; https://primemusicproductions.com"
114.119.128.127 - - [28/Apr/2026:07:28:51 +0000] "GET /music-productions/the-pros-will-help-you-learn-guitar-with-these-tips/?share=facebook HTTP/1.1" 302 - "https://primemusicproductions.com/music-productions/the-pros-will-help-you-learn-guitar-with-these-tips/?nonamp=1&amp=1" "Mozilla/5.0 (Linux; Android 7.0;) AppleWebKit/537.36 (HTML, like Gecko) Mobile Safari/537.36 (compatible; PetalBot;+https://webmaster.petalsearch.com/site/petalbot)"
184.94.212.206 - - [28/Apr/2026:07:30:19 +0000] "POST /wp-cron.php?doing_wp_cron=1777361419.2594139575958251953125 HTTP/1.1" 200 - "-" "WordPress/6.9.4; https://primemusicproductions.com"
34.195.16.23 - - [28/Apr/2026:07:30:17 +0000] "GET /robots.txt HTTP/1.1" 200 153 "-" "Mozilla/5.0 (Macintosh; Intel Mac OS X 10_10_1) AppleWebKit/600.2.5 (KHTML, like Gecko) Version/8.0.2 Safari/600.2.5 (Gort)"
184.94.212.206 - - [28/Apr/2026:07:31:35 +0000] "POST /wp-cron.php?doing_wp_cron=1777361495.9000849723815917968750 HTTP/1.1" 200 - "-" "WordPress/6.9.4; https://primemusicproductions.com"
192.0.85.167 - - [28/Apr/2026:07:31:34 +0000] "HEAD / HTTP/1.1" 200 - "-" "jetmon/1.0 (Jetpack Site Uptime Monitor by WordPress.com)"
173.239.211.152 - - [28/Apr/2026:07:31:43 +0000] "POST /wp-login.php HTTP/1.1" 401 3424 "-" "Mozilla/5.0"
103.174.152.203 - - [28/Apr/2026:07:35:16 +0000] "GET /wp-login.php HTTP/1.1" 200 4367 "-" "Mozilla/5.0 (Windows NT 6.1; WOW64; Trident/7.0; LCJB; rv:11.0) like Gecko"
184.94.212.206 - - [28/Apr/2026:07:35:36 +0000] "POST /wp-cron.php?doing_wp_cron=1777361736.8604600429534912109375 HTTP/1.1" 200 - "-" "WordPress/6.9.4; https://primemusicproductions.com"
114.119.150.166 - - [28/Apr/2026:07:35:35 +0000] "GET /music-productions/the-pros-will-help-you-learn-guitar-with-these-tips/?nonamp=1&noamp=mobile HTTP/1.1" 200 49418 "https://primemusicproductions.com/music-productions/the-pros-will-help-you-learn-guitar-with-these-tips/?nonamp=1&noamp=mobile" "Mozilla/5.0 (Linux; Android 7.0;) AppleWebKit/537.36 (HTML, like Gecko) Mobile Safari/537.36 (compatible; PetalBot;+https://webmaster.petalsearch.com/site/petalbot)"
184.94.212.206 - - [28/Apr/2026:07:36:37 +0000] "POST /wp-cron.php?doing_wp_cron=1777361797.8347210884094238281250 HTTP/1.1" 200 - "-" "WordPress/6.9.4; https://primemusicproductions.com"
192.0.85.167 - - [28/Apr/2026:07:36:36 +0000] "HEAD / HTTP/1.1" 200 - "-" "jetmon/1.0 (Jetpack Site Uptime Monitor by WordPress.com)"
85.208.96.209 - - [28/Apr/2026:07:37:06 +0000] "GET /music-downloads/want-to-download-music-these-tips-can-help/ HTTP/1.1" 200 49624 "-" "Mozilla/5.0 (compatible; SemrushBot/7~bl; +http://www.semrush.com/bot.html)"
184.94.212.206 - - [28/Apr/2026:07:38:33 +0000] "POST /wp-cron.php?doing_wp_cron=1777361913.1442339420318603515625 HTTP/1.1" 200 - "-" "WordPress/6.9.4; https://primemusicproductions.com"
185.191.171.4 - - [28/Apr/2026:07:38:31 +0000] "GET /music-productions/from-a-to-z-this-article-covers-it-all-about-learning-guitar/?amp HTTP/1.1" 200 49721 "-" "Mozilla/5.0 (compatible; SemrushBot/7~bl; +http://www.semrush.com/bot.html)"
185.191.171.9 - - [28/Apr/2026:07:38:34 +0000] "GET /music-productions/from-a-to-z-this-article-covers-it-all-about-learning-guitar/ HTTP/1.1" 200 49719 "-" "Mozilla/5.0 (compatible; SemrushBot/7~bl; +http://www.semrush.com/bot.html)"
184.94.212.206 - - [28/Apr/2026:07:40:21 +0000] "POST /wp-cron.php?doing_wp_cron=1777362021.1291658878326416015625 HTTP/1.1" 200 - "-" "WordPress/6.9.4; https://primemusicproductions.com"
51.161.117.166 - - [28/Apr/2026:07:40:19 +0000] "GET /blog-verify HTTP/1.1" 301 - "-" "Mozilla/5.0 (Windows NT 10.0; Win64; x64; rv:149.0) Gecko/20100101 Firefox/149.0"
51.161.117.166 - - [28/Apr/2026:07:40:21 +0000] "GET /InVideo HTTP/1.1" 307 - "-" "Mozilla/5.0 (Windows NT 10.0; Win64; x64; rv:149.0) Gecko/20100101 Firefox/149.0"
216.73.216.179 - - [28/Apr/2026:07:40:27 +0000] "GET /robots.txt HTTP/1.1" 200 153 "-" "Mozilla/5.0 AppleWebKit/537.36 (KHTML, like Gecko; compatible; ClaudeBot/1.0; +claudebot@anthropic.com)"
216.73.216.179 - - [28/Apr/2026:07:40:28 +0000] "GET /sitemap_index.xml HTTP/1.1" 200 358 "-" "Mozilla/5.0 AppleWebKit/537.36 (KHTML, like Gecko; compatible; ClaudeBot/1.0; +claudebot@anthropic.com)"
184.94.212.206 - - [28/Apr/2026:07:41:36 +0000] "POST /wp-cron.php?doing_wp_cron=1777362096.3834359645843505859375 HTTP/1.1" 200 - "-" "WordPress/6.9.4; https://primemusicproductions.com"
192.0.85.167 - - [28/Apr/2026:07:41:34 +0000] "HEAD / HTTP/1.1" 200 - "-" "jetmon/1.0 (Jetpack Site Uptime Monitor by WordPress.com)"
85.208.96.193 - - [28/Apr/2026:07:42:04 +0000] "GET /music-productions/learn-your-way-around-the-guitar-with-these-tips-2/ HTTP/1.1" 200 49974 "-" "Mozilla/5.0 (compatible; SemrushBot/7~bl; +http://www.semrush.com/bot.html)"
114.119.139.115 - - [28/Apr/2026:07:42:23 +0000] "GET /music-productions/the-pros-will-help-you-learn-guitar-with-these-tips/?nonamp=1&amp=1 HTTP/1.1" 200 49417 "https://primemusicproductions.com/music-productions/the-pros-will-help-you-learn-guitar-with-these-tips/?nonamp=1&amp=1" "Mozilla/5.0 (Linux; Android 7.0;) AppleWebKit/537.36 (HTML, like Gecko) Mobile Safari/537.36 (compatible; PetalBot;+https://webmaster.petalsearch.com/site/petalbot)"
184.94.212.206 - - [28/Apr/2026:07:42:44 +0000] "POST /wp-cron.php?doing_wp_cron=1777362164.1160221099853515625000 HTTP/1.1" 200 - "-" "WordPress/6.9.4; https://primemusicproductions.com"
185.191.171.15 - - [28/Apr/2026:07:42:40 +0000] "GET /music-productions/beat-maker/?amp HTTP/1.1" 200 49043 "-" "Mozilla/5.0 (compatible; SemrushBot/7~bl; +http://www.semrush.com/bot.html)"
185.191.171.16 - - [28/Apr/2026:07:42:49 +0000] "GET /music-productions/beat-maker/ HTTP/1.1" 200 49045 "-" "Mozilla/5.0 (compatible; SemrushBot/7~bl; +http://www.semrush.com/bot.html)"
85.208.96.208 - - [28/Apr/2026:07:43:06 +0000] "GET /music-productions/beat-maker-software/ HTTP/1.1" 200 48988 "-" "Mozilla/5.0 (compatible; SemrushBot/7~bl; +http://www.semrush.com/bot.html)"
113.184.47.88 - - [28/Apr/2026:07:43:32 +0000] "GET /Music-AI?amp HTTP/1.1" 500 1046 "-" "Mozilla/5.0 (Macintosh; Intel Mac OS X 11_2_0) AppleWebKit/537.36 (KHTML, like Gecko) Brave Chrome/88.0.4324.152 Safari/537.36"
122.248.245.244 - - [28/Apr/2026:07:48:50 +0000] "HEAD / HTTP/1.1" 500 - "-" "jetmon/1.0 (Jetpack Site Uptime Monitor by WordPress.com)"
185.191.171.12 - - [28/Apr/2026:07:48:08 +0000] "GET /tag/remain-motivated/?amp HTTP/1.1" 500 164 "-" "Mozilla/5.0 (compatible; SemrushBot/7~bl; +http://www.semrush.com/bot.html)"
173.239.211.162 - - [28/Apr/2026:07:48:09 +0000] "POST /wp-login.php HTTP/1.1" 500 2431 "-" "Mozilla/5.0"
185.191.171.12 - - [28/Apr/2026:07:48:59 +0000] "GET /tag/remain-motivated/?amp HTTP/1.1" 500 164 "-" "Mozilla/5.0 (compatible; SemrushBot/7~bl; +http://www.semrush.com/bot.html)"
184.94.212.206 - - [28/Apr/2026:07:49:44 +0000] "POST /wp-cron.php?doing_wp_cron=1777362584.4867520332336425781250 HTTP/1.1" 200 - "-" "WordPress/6.9.4; https://primemusicproductions.com"
192.0.85.167 - - [28/Apr/2026:07:46:35 +0000] "HEAD / HTTP/1.1" 200 - "-" "jetmon/1.0 (Jetpack Site Uptime Monitor by WordPress.com)"
114.119.139.115 - - [28/Apr/2026:07:49:12 +0000] "GET /music-productions/the-pros-will-help-you-learn-guitar-with-these-tips/?amp=1 HTTP/1.1" 200 49418 "https://primemusicproductions.com/music-productions/the-pros-will-help-you-learn-guitar-with-these-tips?amp=1" "Mozilla/5.0 (Linux; Android 7.0;) AppleWebKit/537.36 (HTML, like Gecko) Mobile Safari/537.36 (compatible; PetalBot;+https://webmaster.petalsearch.com/site/petalbot)"
184.94.212.206 - - [28/Apr/2026:07:51:38 +0000] "POST /wp-cron.php?doing_wp_cron=1777362698.7711100578308105468750 HTTP/1.1" 200 - "-" "WordPress/6.9.4; https://primemusicproductions.com"
192.0.85.167 - - [28/Apr/2026:07:51:36 +0000] "HEAD / HTTP/1.1" 200 - "-" "jetmon/1.0 (Jetpack Site Uptime Monitor by WordPress.com)"
184.94.212.206 - - [28/Apr/2026:07:55:00 +0000] "POST /wp-cron.php?doing_wp_cron=1777362900.6869161128997802734375 HTTP/1.1" 200 - "-" "WordPress/6.9.4; https://primemusicproductions.com"
173.252.82.19 - - [28/Apr/2026:07:54:58 +0000] "GET /robots.txt HTTP/1.1" 301 - "-" "facebookexternalhit/1.1 (+http://www.facebook.com/externalhit_uatext.php)"
173.252.82.19 - - [28/Apr/2026:07:55:01 +0000] "GET /robots.txt HTTP/1.1" 200 298 "-" "facebookexternalhit/1.1 (+http://www.facebook.com/externalhit_uatext.php)"
85.208.96.193 - - [28/Apr/2026:07:55:02 +0000] "GET /tag/learning-guitar/?amp HTTP/1.1" 200 48956 "-" "Mozilla/5.0 (compatible; SemrushBot/7~bl; +http://www.semrush.com/bot.html)"
85.208.96.201 - - [28/Apr/2026:07:55:05 +0000] "GET /tag/learning-guitar/ HTTP/1.1" 200 48956 "-" "Mozilla/5.0 (compatible; SemrushBot/7~bl; +http://www.semrush.com/bot.html)"
184.94.212.206 - - [28/Apr/2026:07:56:12 +0000] "POST /wp-cron.php?doing_wp_cron=1777362972.2248809337615966796875 HTTP/1.1" 200 - "-" "WordPress/6.9.4; https://primemusicproductions.com"
114.119.155.83 - - [28/Apr/2026:07:56:10 +0000] "GET /music-productions/the-pros-will-help-you-learn-guitar-with-these-tips/ HTTP/1.1" 200 49418 "https://primemusicproductions.com/music-productions/the-pros-will-help-you-learn-guitar-with-these-tips/?nonamp=1&amp=1" "Mozilla/5.0 (Linux; Android 7.0;) AppleWebKit/537.36 (HTML, like Gecko) Mobile Safari/537.36 (compatible; PetalBot;+https://webmaster.petalsearch.com/site/petalbot)"
192.0.85.167 - - [28/Apr/2026:07:56:35 +0000] "HEAD / HTTP/1.1" 200 - "-" "jetmon/1.0 (Jetpack Site Uptime Monitor by WordPress.com)"
195.234.109.12 - - [28/Apr/2026:07:57:12 +0000] "GET /wp-content/uploads/eb31b0062cf41c22d2524518b7494097e377ffd41cb3184196f4c87ca5_640.jpg HTTP/1.1" 200 79040 "-" "Photon/1.0"
184.94.212.206 - - [28/Apr/2026:08:01:38 +0000] "POST /wp-cron.php?doing_wp_cron=1777363298.0002338886260986328125 HTTP/1.1" 200 - "-" "WordPress/6.9.4; https://primemusicproductions.com"
192.0.85.167 - - [28/Apr/2026:08:01:36 +0000] "HEAD / HTTP/1.1" 200 - "-" "jetmon/1.0 (Jetpack Site Uptime Monitor by WordPress.com)"
185.191.171.6 - - [28/Apr/2026:08:01:49 +0000] "GET /robots.txt HTTP/1.1" 200 153 "-" "Mozilla/5.0 (compatible; SemrushBot/7~bl; +http://www.semrush.com/bot.html)"
185.191.171.16 - - [28/Apr/2026:08:01:52 +0000] "GET /music-productions/guitar-playing-is-easy-if-you-learn-a-few-things-first-2/ HTTP/1.1" 200 49727 "-" "Mozilla/5.0 (compatible; SemrushBot/7~bl; +http://www.semrush.com/bot.html)"
184.94.212.206 - - [28/Apr/2026:08:01:59 +0000] "POST /wp-cron.php?doing_wp_cron=1777363319.3681290149688720703125 HTTP/1.1" 200 - "-" "WordPress/6.9.4; https://primemusicproductions.com"
185.191.171.15 - - [28/Apr/2026:08:01:58 +0000] "GET /music-downloads/easy-tips-to-make-downloading-music-a-breeze/?amp HTTP/1.1" 200 49245 "-" "Mozilla/5.0 (compatible; SemrushBot/7~bl; +http://www.semrush.com/bot.html)"
185.191.171.3 - - [28/Apr/2026:08:02:03 +0000] "GET /music-downloads/easy-tips-to-make-downloading-music-a-breeze/ HTTP/1.1" 200 49245 "-" "Mozilla/5.0 (compatible; SemrushBot/7~bl; +http://www.semrush.com/bot.html)"
184.94.212.206 - - [28/Apr/2026:08:02:54 +0000] "POST /wp-cron.php?doing_wp_cron=1777363374.5093650817871093750000 HTTP/1.1" 200 - "-" "WordPress/6.9.4; https://primemusicproductions.com"
114.119.139.115 - - [28/Apr/2026:08:02:52 +0000] "GET /music-productions/the-pros-will-help-you-learn-guitar-with-these-tips-2?share=twitter&amp HTTP/1.1" 302 - "https://primemusicproductions.com/music-productions/the-pros-will-help-you-learn-guitar-with-these-tips-2?amp" "Mozilla/5.0 (Linux; Android 7.0;) AppleWebKit/537.36 (HTML, like Gecko) Mobile Safari/537.36 (compatible; PetalBot;+https://webmaster.petalsearch.com/site/petalbot)"
143.95.158.36 - - [28/Apr/2026:08:03:20 +0000] "GET /wp-login.php HTTP/1.1" 200 4367 "-" "Mozilla/5.0 (Windows NT 6.1; WOW64; Trident/7.0; EIE11;ENGBWOL; rv:11.0) like Gecko"
184.94.212.206 - - [28/Apr/2026:08:04:34 +0000] "POST /wp-cron.php?doing_wp_cron=1777363474.9119169712066650390625 HTTP/1.1" 200 - "-" "WordPress/6.9.4; https://primemusicproductions.com"
216.73.161.74 - - [28/Apr/2026:08:04:32 +0000] "POST /wp-login.php HTTP/1.1" 401 3424 "-" "Mozilla/5.0"
184.94.212.206 - - [28/Apr/2026:08:06:36 +0000] "POST /wp-cron.php?doing_wp_cron=1777363596.0876369476318359375000 HTTP/1.1" 200 - "-" "WordPress/6.9.4; https://primemusicproductions.com"
192.0.85.167 - - [28/Apr/2026:08:06:34 +0000] "HEAD / HTTP/1.1" 200 - "-" "jetmon/1.0 (Jetpack Site Uptime Monitor by WordPress.com)"
184.94.212.206 - - [28/Apr/2026:08:09:06 +0000] "POST /wp-cron.php?doing_wp_cron=1777363746.8052389621734619140625 HTTP/1.1" 200 - "-" "WordPress/6.9.4; https://primemusicproductions.com"
14.248.209.55 - - [28/Apr/2026:08:09:04 +0000] "GET /music-productions/are-you-new-to-the-guitar-try-these-tips-and-tricks/?amp HTTP/1.1" 200 52835 "-" "Mozilla/5.0 (Macintosh; Intel Mac OS X 10_13_4) AppleWebKit/537.36 (KHTML, like Gecko) Chrome/80.0.3987.132 Safari/537.36"
92.53.96.141 - - [28/Apr/2026:08:09:11 +0000] "GET /wp-login.php HTTP/1.1" 200 4366 "-" "Mozilla/5.0 (X11; Linux x86_64; rv:60.0) Gecko/20100101 Firefox/60.0"
92.53.96.141 - - [28/Apr/2026:08:09:13 +0000] "POST /wp-login.php HTTP/1.1" 200 4366 "https://primemusicproductions.com/wp-login.php" "Mozilla/5.0 (X11; Linux x86_64; rv:60.0) Gecko/20100101 Firefox/60.0"
184.94.212.206 - - [28/Apr/2026:08:09:50 +0000] "POST /wp-cron.php?doing_wp_cron=1777363790.6999869346618652343750 HTTP/1.1" 200 - "-" "WordPress/6.9.4; https://primemusicproductions.com"
114.119.139.1 - - [28/Apr/2026:08:09:49 +0000] "GET /music-productions/the-pros-will-help-you-learn-guitar-with-these-tips-2?share=reddit&amp HTTP/1.1" 302 - "https://primemusicproductions.com/music-productions/the-pros-will-help-you-learn-guitar-with-these-tips-2?amp" "Mozilla/5.0 (Linux; Android 7.0;) AppleWebKit/537.36 (HTML, like Gecko) Mobile Safari/537.36 (compatible; PetalBot;+https://webmaster.petalsearch.com/site/petalbot)"
184.94.212.206 - - [28/Apr/2026:08:11:21 +0000] "POST /wp-cron.php?doing_wp_cron=1777363880.9828760623931884765625 HTTP/1.1" 200 - "-" "WordPress/6.9.4; https://primemusicproductions.com"
146.19.125.71 - - [28/Apr/2026:08:11:19 +0000] "GET / HTTP/1.0" 200 175592 "https://primemusicproductions.com/" "Mozilla/5.0 (Windows NT 10.0; Win64; x64) AppleWebKit/537.36 (KHTML, like Gecko) Chrome/131.0.0.0 Safari/537.36"
146.19.125.71 - - [28/Apr/2026:08:11:23 +0000] "GET /wp-login.php?action=register HTTP/1.0" 200 11809 "https://primemusicproductions.com/wp-login.php?action=register" "Mozilla/5.0 (Windows NT 10.0; Win64; x64) AppleWebKit/537.36 (KHTML, like Gecko) Chrome/131.0.0.0 Safari/537.36"
192.0.85.167 - - [28/Apr/2026:08:11:39 +0000] "HEAD / HTTP/1.1" 200 - "-" "jetmon/1.0 (Jetpack Site Uptime Monitor by WordPress.com)"
184.94.212.206 - - [28/Apr/2026:08:16:35 +0000] "POST /wp-cron.php?doing_wp_cron=1777364195.5215849876403808593750 HTTP/1.1" 200 - "-" "WordPress/6.9.4; https://primemusicproductions.com"
114.119.139.115 - - [28/Apr/2026:08:16:33 +0000] "GET /music-productions/the-pros-will-help-you-learn-guitar-with-these-tips-2?share=pinterest HTTP/1.1" 302 - "https://primemusicproductions.com/music-productions/the-pros-will-help-you-learn-guitar-with-these-tips-2?nonamp=1&noamp=mobile" "Mozilla/5.0 (Linux; Android 7.0;) AppleWebKit/537.36 (HTML, like Gecko) Mobile Safari/537.36 (compatible; PetalBot;+https://webmaster.petalsearch.com/site/petalbot)"
192.0.85.167 - - [28/Apr/2026:08:16:36 +0000] "HEAD / HTTP/1.1" 200 - "-" "jetmon/1.0 (Jetpack Site Uptime Monitor by WordPress.com)"
184.94.212.206 - - [28/Apr/2026:08:19:57 +0000] "POST /wp-cron.php?doing_wp_cron=1777364397.2598121166229248046875 HTTP/1.1" 200 - "-" "WordPress/6.9.4; https://primemusicproductions.com"
216.244.66.195 - - [28/Apr/2026:08:19:55 +0000] "GET /robots.txt HTTP/1.1" 200 298 "-" "Mozilla/5.0 (compatible; DotBot/1.2; +https://opensiteexplorer.org/dotbot; help@moz.com)"
184.94.212.206 - - [28/Apr/2026:08:21:04 +0000] "POST /wp-cron.php?doing_wp_cron=1777364464.3071711063385009765625 HTTP/1.1" 200 - "-" "WordPress/6.9.4; https://primemusicproductions.com"
216.73.161.90 - - [28/Apr/2026:08:21:01 +0000] "POST /wp-login.php HTTP/1.1" 401 3424 "-" "Mozilla/5.0"
192.0.85.167 - - [28/Apr/2026:08:21:36 +0000] "HEAD / HTTP/1.1" 200 - "-" "jetmon/1.0 (Jetpack Site Uptime Monitor by WordPress.com)"
31.192.237.107 - - [28/Apr/2026:08:21:39 +0000] "GET /wp-content/uploads/ea31b90828f21c22d2524518b7494097e377ffd41cb2134593f1c079ae_640.jpg HTTP/1.1" 200 86517 "-" "Mozilla/5.0 (Windows NT 10.0; Win64; x64) AppleWebKit/537.36 (KHTML, like Gecko) Chrome/140.0.0.0 Safari/537.36"
85.208.96.199 - - [28/Apr/2026:08:21:51 +0000] "GET /music-productions/beginner-tips-and-tricks-for-playing-the-guitar/attachment/e832b00e2ff3013ed1584d05fb1d4390e277e2c818b413469cf1c97ca5ee_640-jpg/ HTTP/1.1" 200 45285 "-" "Mozilla/5.0 (compatible; SemrushBot/7~bl; +http://www.semrush.com/bot.html)"
185.247.184.223 - - [28/Apr/2026:08:23:27 +0000] "GET /wp-content/uploads/cropped-beat_maker-1.jpg HTTP/1.1" 200 206333 "-" "Mozilla/5.0 (Windows NT 10.0; Win64; x64) AppleWebKit/537.36 (KHTML, like Gecko) Chrome/140.0.0.0 Safari/537.36"
184.94.212.206 - - [28/Apr/2026:08:23:29 +0000] "POST /wp-cron.php?doing_wp_cron=1777364609.9045538902282714843750 HTTP/1.1" 200 - "-" "WordPress/6.9.4; https://primemusicproductions.com"
114.119.128.56 - - [28/Apr/2026:08:23:20 +0000] "GET /music-productions/the-pros-will-help-you-learn-guitar-with-these-tips-2?share=facebook&amp HTTP/1.1" 302 - "https://primemusicproductions.com/music-productions/the-pros-will-help-you-learn-guitar-with-these-tips-2?amp" "Mozilla/5.0 (Linux; Android 7.0;) AppleWebKit/537.36 (HTML, like Gecko) Mobile Safari/537.36 (compatible; PetalBot;+https://webmaster.petalsearch.com/site/petalbot)"
184.94.212.206 - - [28/Apr/2026:08:26:37 +0000] "POST /wp-cron.php?doing_wp_cron=1777364797.8828279972076416015625 HTTP/1.1" 200 - "-" "WordPress/6.9.4; https://primemusicproductions.com"
192.0.85.167 - - [28/Apr/2026:08:26:36 +0000] "HEAD / HTTP/1.1" 200 - "-" "jetmon/1.0 (Jetpack Site Uptime Monitor by WordPress.com)"
216.73.216.179 - - [28/Apr/2026:08:27:31 +0000] "GET /sitemap_index.xml HTTP/1.1" 200 358 "-" "Mozilla/5.0 AppleWebKit/537.36 (KHTML, like Gecko; compatible; ClaudeBot/1.0; +claudebot@anthropic.com)"
184.94.212.206 - - [28/Apr/2026:08:27:41 +0000] "POST /wp-cron.php?doing_wp_cron=1777364861.6357789039611816406250 HTTP/1.1" 200 - "-" "WordPress/6.9.4; https://primemusicproductions.com"
51.68.111.209 - - [28/Apr/2026:08:27:40 +0000] "GET /robots.txt HTTP/1.1" 200 153 "-" "Mozilla/5.0 (compatible; MJ12bot/v2.0.5; http://mj12bot.com/)"
51.68.111.209 - - [28/Apr/2026:08:27:42 +0000] "GET / HTTP/1.1" 403 51717 "-" "Mozilla/5.0 (compatible; MJ12bot/v2.0.5; http://mj12bot.com/)"
57.141.18.54 - - [28/Apr/2026:08:27:45 +0000] "GET /music-productions/the-experts-dont-want-you-to-read-these-learning-guitar-tips-2/?share=reddit HTTP/1.1" 302 - "-" "meta-externalagent/1.1 (+https://developers.facebook.com/docs/sharing/webmasters/crawler)"
216.73.216.179 - - [28/Apr/2026:08:27:57 +0000] "GET /sitemap.xml HTTP/1.1" 200 307 "-" "Mozilla/5.0 AppleWebKit/537.36 (KHTML, like Gecko; compatible; ClaudeBot/1.0; +claudebot@anthropic.com)"
38.44.202.122 - - [28/Apr/2026:08:28:22 +0000] "GET /wp-content/uploads/Prime_Music_Productions.jpg HTTP/1.1" 200 113622 "http://primemusicproductions.com/wp-content/uploads/Prime_Music_Productions.jpg" "Mozilla/5.0 (Macintosh; Intel Mac OS X 10_15_7) AppleWebKit/605.1.15 (KHTML, like Gecko) Version/26.0 Safari/605.1.15"
184.94.212.206 - - [28/Apr/2026:08:30:10 +0000] "POST /wp-cron.php?doing_wp_cron=1777365010.2635159492492675781250 HTTP/1.1" 200 - "-" "WordPress/6.9.4; https://primemusicproductions.com"
114.119.128.127 - - [28/Apr/2026:08:30:08 +0000] "GET /music-productions/the-pros-will-help-you-learn-guitar-with-these-tips-2?share=facebook HTTP/1.1" 302 - "https://primemusicproductions.com/music-productions/the-pros-will-help-you-learn-guitar-with-these-tips-2?nonamp=1&noamp=mobile" "Mozilla/5.0 (Linux; Android 7.0;) AppleWebKit/537.36 (HTML, like Gecko) Mobile Safari/537.36 (compatible; PetalBot;+https://webmaster.petalsearch.com/site/petalbot)"
216.244.66.195 - - [28/Apr/2026:08:30:17 +0000] "GET /tag/beat-making-software/feed/ HTTP/1.1" 200 2378 "-" "Mozilla/5.0 (compatible; DotBot/1.2; +https://opensiteexplorer.org/dotbot; help@moz.com)"
184.94.212.206 - - [28/Apr/2026:08:31:04 +0000] "POST /wp-cron.php?doing_wp_cron=1777365064.4779810905456542968750 HTTP/1.1" 200 - "-" "WordPress/6.9.4; https://primemusicproductions.com"
216.244.66.195 - - [28/Apr/2026:08:31:02 +0000] "GET /music-productions/guitars-and-how-to-learn-to-play-one-well/?share=google-plus-1 HTTP/1.1" 200 171799 "-" "Mozilla/5.0 (compatible; DotBot/1.2; +https://opensiteexplorer.org/dotbot; help@moz.com)"
184.94.212.206 - - [28/Apr/2026:08:31:38 +0000] "POST /wp-cron.php?doing_wp_cron=1777365098.5993959903717041015625 HTTP/1.1" 200 - "-" "WordPress/6.9.4; https://primemusicproductions.com"
192.0.85.167 - - [28/Apr/2026:08:31:37 +0000] "HEAD / HTTP/1.1" 200 - "-" "jetmon/1.0 (Jetpack Site Uptime Monitor by WordPress.com)"
184.94.212.206 - - [28/Apr/2026:08:33:37 +0000] "POST /wp-cron.php?doing_wp_cron=1777365217.6184079647064208984375 HTTP/1.1" 200 - "-" "WordPress/6.9.4; https://primemusicproductions.com"
57.141.18.115 - - [28/Apr/2026:08:33:35 +0000] "GET /music-productions/expert-advice-you-need-when-learning-guitar/?share=pinterest HTTP/1.1" 302 - "-" "meta-externalagent/1.1 (+https://developers.facebook.com/docs/sharing/webmasters/crawler)"
113.249.101.167 - - [28/Apr/2026:08:33:39 +0000] "GET /wp-login.php HTTP/1.1" 200 4368 "-" "Apache-HttpClient/4.5.2 (Java/1.8.0_161)"
113.249.101.167 - - [28/Apr/2026:08:33:41 +0000] "GET /?author=1 HTTP/1.1" 403 51712 "-" "Apache-HttpClient/4.5.2 (Java/1.8.0_161)"
113.249.101.167 - - [28/Apr/2026:08:33:43 +0000] "GET /?author=2 HTTP/1.1" 403 51713 "-" "Apache-HttpClient/4.5.2 (Java/1.8.0_161)"
113.249.101.167 - - [28/Apr/2026:08:33:46 +0000] "GET /?author=3 HTTP/1.1" 403 51712 "-" "Apache-HttpClient/4.5.2 (Java/1.8.0_161)"
113.249.101.167 - - [28/Apr/2026:08:33:49 +0000] "GET /?author=4 HTTP/1.1" 403 51711 "-" "Apache-HttpClient/4.5.2 (Java/1.8.0_161)"
113.249.101.167 - - [28/Apr/2026:08:33:53 +0000] "GET /?author=5 HTTP/1.1" 403 51713 "-" "Apache-HttpClient/4.5.2 (Java/1.8.0_161)"
113.249.101.167 - - [28/Apr/2026:08:33:56 +0000] "GET /?author=6 HTTP/1.1" 403 51712 "-" "Apache-HttpClient/4.5.2 (Java/1.8.0_161)"
113.249.101.167 - - [28/Apr/2026:08:33:58 +0000] "GET /?author=7 HTTP/1.1" 403 51713 "-" "Apache-HttpClient/4.5.2 (Java/1.8.0_161)"
113.249.101.167 - - [28/Apr/2026:08:34:00 +0000] "GET /?author=8 HTTP/1.1" 403 51713 "-" "Apache-HttpClient/4.5.2 (Java/1.8.0_161)"
113.249.101.167 - - [28/Apr/2026:08:34:03 +0000] "GET /?author=9 HTTP/1.1" 403 51713 "-" "Apache-HttpClient/4.5.2 (Java/1.8.0_161)"
113.249.101.167 - - [28/Apr/2026:08:34:05 +0000] "GET /?author=10 HTTP/1.1" 403 51713 "-" "Apache-HttpClient/4.5.2 (Java/1.8.0_161)"
113.249.101.167 - - [28/Apr/2026:08:34:07 +0000] "GET /?author=11 HTTP/1.1" 403 51714 "-" "Apache-HttpClient/4.5.2 (Java/1.8.0_161)"
113.249.101.167 - - [28/Apr/2026:08:34:09 +0000] "GET /?author=12 HTTP/1.1" 403 51712 "-" "Apache-HttpClient/4.5.2 (Java/1.8.0_161)"
113.249.101.167 - - [28/Apr/2026:08:34:12 +0000] "GET /?author=13 HTTP/1.1" 403 51714 "-" "Apache-HttpClient/4.5.2 (Java/1.8.0_161)"
113.249.101.167 - - [28/Apr/2026:08:34:15 +0000] "GET /?author=14 HTTP/1.1" 403 51715 "-" "Apache-HttpClient/4.5.2 (Java/1.8.0_161)"
113.249.101.167 - - [28/Apr/2026:08:34:17 +0000] "GET /?author=15 HTTP/1.1" 403 51714 "-" "Apache-HttpClient/4.5.2 (Java/1.8.0_161)"
113.249.101.167 - - [28/Apr/2026:08:34:19 +0000] "GET /?author=16 HTTP/1.1" 403 51713 "-" "Apache-HttpClient/4.5.2 (Java/1.8.0_161)"
113.249.101.167 - - [28/Apr/2026:08:34:21 +0000] "GET /?author=17 HTTP/1.1" 403 51714 "-" "Apache-HttpClient/4.5.2 (Java/1.8.0_161)"
184.94.212.206 - - [28/Apr/2026:08:34:25 +0000] "POST /wp-cron.php?doing_wp_cron=1777365265.6425390243530273437500 HTTP/1.1" 200 - "-" "WordPress/6.9.4; https://primemusicproductions.com"
113.249.101.167 - - [28/Apr/2026:08:34:24 +0000] "GET /?author=18 HTTP/1.1" 403 51714 "-" "Apache-HttpClient/4.5.2 (Java/1.8.0_161)"
113.249.101.167 - - [28/Apr/2026:08:34:27 +0000] "GET /?author=19 HTTP/1.1" 403 51713 "-" "Apache-HttpClient/4.5.2 (Java/1.8.0_161)"
113.249.101.167 - - [28/Apr/2026:08:34:30 +0000] "GET /?author=20 HTTP/1.1" 403 51714 "-" "Apache-HttpClient/4.5.2 (Java/1.8.0_161)"
184.94.212.206 - - [28/Apr/2026:08:36:30 +0000] "POST /wp-cron.php?doing_wp_cron=1777365389.9841709136962890625000 HTTP/1.1" 200 - "-" "WordPress/6.9.4; https://primemusicproductions.com"
185.191.171.13 - - [28/Apr/2026:08:36:28 +0000] "GET /music-productions/having-a-hard-time-learning-guitar-try-these-tips/?amp HTTP/1.1" 200 50124 "-" "Mozilla/5.0 (compatible; SemrushBot/7~bl; +http://www.semrush.com/bot.html)"
192.0.85.167 - - [28/Apr/2026:08:36:35 +0000] "HEAD / HTTP/1.1" 200 - "-" "jetmon/1.0 (Jetpack Site Uptime Monitor by WordPress.com)"
185.191.171.15 - - [28/Apr/2026:08:36:35 +0000] "GET /music-productions/having-a-hard-time-learning-guitar-try-these-tips/ HTTP/1.1" 200 50122 "-" "Mozilla/5.0 (compatible; SemrushBot/7~bl; +http://www.semrush.com/bot.html)"
184.94.212.206 - - [28/Apr/2026:08:37:39 +0000] "POST /wp-cron.php?doing_wp_cron=1777365459.1441590785980224609375 HTTP/1.1" 200 - "-" "WordPress/6.9.4; https://primemusicproductions.com"
216.73.161.76 - - [28/Apr/2026:08:37:36 +0000] "POST /wp-login.php HTTP/1.1" 401 3425 "-" "Mozilla/5.0"
184.94.212.206 - - [28/Apr/2026:08:38:25 +0000] "POST /wp-cron.php?doing_wp_cron=1777365505.9215099811553955078125 HTTP/1.1" 200 - "-" "WordPress/6.9.4; https://primemusicproductions.com"
57.141.18.103 - - [28/Apr/2026:08:38:24 +0000] "GET /music-productions/the-experts-dont-want-you-to-read-these-learning-guitar-tips-2/?share=tumblr HTTP/1.1" 302 - "-" "meta-externalagent/1.1 (+https://developers.facebook.com/docs/sharing/webmasters/crawler)"
216.73.216.179 - - [28/Apr/2026:08:39:07 +0000] "GET /news-sitemap.xml HTTP/1.1" 200 317 "-" "Mozilla/5.0 AppleWebKit/537.36 (KHTML, like Gecko; compatible; ClaudeBot/1.0; +claudebot@anthropic.com)"
184.94.212.206 - - [28/Apr/2026:08:40:23 +0000] "POST /wp-cron.php?doing_wp_cron=1777365623.0332090854644775390625 HTTP/1.1" 200 - "-" "WordPress/6.9.4; https://primemusicproductions.com"
114.119.134.161 - - [28/Apr/2026:08:40:21 +0000] "GET /robots.txt HTTP/1.1" 200 153 "-" "Mozilla/5.0 (compatible;PetalBot;+https://webmaster.petalsearch.com/site/petalbot)"
184.94.212.206 - - [28/Apr/2026:08:41:36 +0000] "POST /wp-cron.php?doing_wp_cron=1777365696.2662179470062255859375 HTTP/1.1" 200 - "-" "WordPress/6.9.4; https://primemusicproductions.com"
192.0.85.167 - - [28/Apr/2026:08:41:34 +0000] "HEAD / HTTP/1.1" 200 - "-" "jetmon/1.0 (Jetpack Site Uptime Monitor by WordPress.com)"
184.94.212.206 - - [28/Apr/2026:08:43:48 +0000] "POST /wp-cron.php?doing_wp_cron=1777365828.9119329452514648437500 HTTP/1.1" 200 - "-" "WordPress/6.9.4; https://primemusicproductions.com"
114.119.150.166 - - [28/Apr/2026:08:43:47 +0000] "GET /thumb_4-l6rem0rny-jpg-3/ HTTP/1.1" 200 45162 "https://primemusicproductions.com/thumb_4-l6rem0rny-jpg-3/" "Mozilla/5.0 (Linux; Android 7.0;) AppleWebKit/537.36 (HTML, like Gecko) Mobile Safari/537.36 (compatible; PetalBot;+https://webmaster.petalsearch.com/site/petalbot)"
184.94.212.206 - - [28/Apr/2026:08:46:35 +0000] "POST /wp-cron.php?doing_wp_cron=1777365995.5773880481719970703125 HTTP/1.1" 200 - "-" "WordPress/6.9.4; https://primemusicproductions.com"
192.0.85.167 - - [28/Apr/2026:08:46:33 +0000] "HEAD / HTTP/1.1" 200 - "-" "jetmon/1.0 (Jetpack Site Uptime Monitor by WordPress.com)"
184.94.212.206 - - [28/Apr/2026:08:50:08 +0000] "POST /wp-cron.php?doing_wp_cron=1777366208.6532011032104492187500 HTTP/1.1" 200 - "-" "WordPress/6.9.4; https://primemusicproductions.com"
103.211.200.45 - - [28/Apr/2026:08:50:07 +0000] "GET /wp-login.php HTTP/1.1" 200 4366 "-" "Mozilla/5.0 (Windows NT 6.1; Trident/7.0; MDDRJS; rv:11.0) like Gecko"
57.141.18.92 - - [28/Apr/2026:08:50:00 +0000] "GET /category-sitemap.xml HTTP/1.1" 200 899 "-" "meta-externalagent/1.1 (+https://developers.facebook.com/docs/sharing/webmasters/crawler)"
103.211.200.45 - - [28/Apr/2026:08:50:09 +0000] "POST /wp-login.php HTTP/1.1" 200 4366 "https://primemusicproductions.com/wp-login.php" "Mozilla/5.0 (Windows NT 6.1; Trident/7.0; MDDRJS; rv:11.0) like Gecko"
146.19.125.71 - - [28/Apr/2026:08:50:23 +0000] "GET / HTTP/1.0" 200 175592 "https://primemusicproductions.com/" "Mozilla/5.0 (Windows NT 10.0; Win64; x64) AppleWebKit/537.36 (KHTML, like Gecko) Chrome/130.0.0.0 Safari/537.36"
146.19.125.71 - - [28/Apr/2026:08:50:27 +0000] "GET /wp-login.php?action=register HTTP/1.0" 200 11809 "https://primemusicproductions.com/wp-login.php?action=register" "Mozilla/5.0 (Windows NT 10.0; Win64; x64) AppleWebKit/537.36 (KHTML, like Gecko) Chrome/130.0.0.0 Safari/537.36"
114.119.155.83 - - [28/Apr/2026:08:50:38 +0000] "GET /thumb_-gkpagtrlia-jpg/ HTTP/1.1" 200 45195 "https://primemusicproductions.com/thumb_-gkpagtrlia-jpg/" "Mozilla/5.0 (Linux; Android 7.0;) AppleWebKit/537.36 (HTML, like Gecko) Mobile Safari/537.36 (compatible; PetalBot;+https://webmaster.petalsearch.com/site/petalbot)"
184.94.212.206 - - [28/Apr/2026:08:51:39 +0000] "POST /wp-cron.php?doing_wp_cron=1777366299.1564478874206542968750 HTTP/1.1" 200 - "-" "WordPress/6.9.4; https://primemusicproductions.com"
192.0.85.167 - - [28/Apr/2026:08:51:37 +0000] "HEAD / HTTP/1.1" 200 - "-" "jetmon/1.0 (Jetpack Site Uptime Monitor by WordPress.com)"
184.94.212.206 - - [28/Apr/2026:08:52:45 +0000] "POST /wp-cron.php?doing_wp_cron=1777366365.1233251094818115234375 HTTP/1.1" 200 - "-" "WordPress/6.9.4; https://primemusicproductions.com"
170.106.180.139 - - [28/Apr/2026:08:52:43 +0000] "GET / HTTP/1.1" 301 - "http://www.primemusicproductions.com" "Mozilla/5.0 (iPhone; CPU iPhone OS 13_2_3 like Mac OS X) AppleWebKit/605.1.15 (KHTML, like Gecko) Version/13.0.3 Mobile/15E148 Safari/604.1"
170.106.180.139 - - [28/Apr/2026:08:52:45 +0000] "GET / HTTP/1.1" 200 51728 "https://www.primemusicproductions.com/" "Mozilla/5.0 (iPhone; CPU iPhone OS 13_2_3 like Mac OS X) AppleWebKit/605.1.15 (KHTML, like Gecko) Version/13.0.3 Mobile/15E148 Safari/604.1"
123.23.154.94 - - [28/Apr/2026:08:53:09 +0000] "GET /music-productions/learning-guitar-the-best-article-on-the-topic-is-here-2/?share=linkedin HTTP/1.1" 302 - "-" "Mozilla/5.0 (Windows NT 10.0; WOW64) AppleWebKit/537.36 (KHTML, like Gecko) Chrome/75.0.3770.100 Safari/537.36"
216.73.216.179 - - [28/Apr/2026:08:54:11 +0000] "GET /robots.txt HTTP/1.1" 200 153 "-" "Mozilla/5.0 AppleWebKit/537.36 (KHTML, like Gecko; compatible; ClaudeBot/1.0; +claudebot@anthropic.com)"
216.73.216.179 - - [28/Apr/2026:08:54:13 +0000] "GET /page/1/ HTTP/1.1" 301 - "-" "Mozilla/5.0 AppleWebKit/537.36 (KHTML, like Gecko; compatible; ClaudeBot/1.0; +claudebot@anthropic.com)"
184.94.212.206 - - [28/Apr/2026:08:54:24 +0000] "POST /wp-cron.php?doing_wp_cron=1777366464.7611200809478759765625 HTTP/1.1" 200 - "-" "WordPress/6.9.4; https://primemusicproductions.com"
173.239.211.157 - - [28/Apr/2026:08:54:23 +0000] "POST /wp-login.php HTTP/1.1" 401 3424 "-" "Mozilla/5.0"
41.13.164.211 - - [28/Apr/2026:08:54:38 +0000] "GET /music-productions/having-difficulty-learning-guitar-try-these-ideas/?share=reddit HTTP/1.1" 302 - "-" "Mozilla/5.0 (compatible; MSIE 8.0; Windows NT 10.0; Trident/5.0)"
184.94.212.206 - - [28/Apr/2026:08:56:35 +0000] "POST /wp-cron.php?doing_wp_cron=1777366595.5722870826721191406250 HTTP/1.1" 200 - "-" "WordPress/6.9.4; https://primemusicproductions.com"
192.0.85.167 - - [28/Apr/2026:08:56:33 +0000] "HEAD / HTTP/1.1" 200 - "-" "jetmon/1.0 (Jetpack Site Uptime Monitor by WordPress.com)"
114.119.128.56 - - [28/Apr/2026:08:57:29 +0000] "GET /tag/music-productions/amp/page/3 HTTP/1.1" 301 - "https://primemusicproductions.com/tag/music-productions/amp/page/2" "Mozilla/5.0 (Linux; Android 7.0;) AppleWebKit/537.36 (HTML, like Gecko) Mobile Safari/537.36 (compatible; PetalBot;+https://webmaster.petalsearch.com/site/petalbot)"
114.119.128.56 - - [28/Apr/2026:08:57:31 +0000] "GET /InVideo HTTP/1.1" 307 - "https://primemusicproductions.com/tag/music-productions/amp/page/2" "Mozilla/5.0 (Linux; Android 7.0;) AppleWebKit/537.36 (HTML, like Gecko) Mobile Safari/537.36 (compatible; PetalBot;+https://webmaster.petalsearch.com/site/petalbot)"
184.94.212.206 - - [28/Apr/2026:08:59:31 +0000] "POST /wp-cron.php?doing_wp_cron=1777366771.5667929649353027343750 HTTP/1.1" 200 - "-" "WordPress/6.9.4; https://primemusicproductions.com"
27.46.69.14 - - [28/Apr/2026:08:59:29 +0000] "GET /robots.txt HTTP/1.1" 200 153 "-" "Mozilla/5.0 (Windows NT 10.0; WOW64) AppleWebKit/537.36 (KHTML, like Gecko) Chrome/71.0.4159.132 Safari/537.36 Core/1.70.3722.400 QQBrowser/10.5.3739.400"
184.94.212.206 - - [28/Apr/2026:09:01:41 +0000] "POST /wp-cron.php?doing_wp_cron=1777366901.3989429473876953125000 HTTP/1.1" 200 - "-" "WordPress/6.9.4; https://primemusicproductions.com"
192.0.85.167 - - [28/Apr/2026:09:01:39 +0000] "HEAD / HTTP/1.1" 200 - "-" "jetmon/1.0 (Jetpack Site Uptime Monitor by WordPress.com)"
184.94.212.206 - - [28/Apr/2026:09:04:18 +0000] "POST /wp-cron.php?doing_wp_cron=1777367058.6228260993957519531250 HTTP/1.1" 200 - "-" "WordPress/6.9.4; https://primemusicproductions.com"
114.119.150.166 - - [28/Apr/2026:09:04:16 +0000] "GET /tag/music-downloads/?ak_action=reject_mobile&noamp=mobile HTTP/1.1" 200 48444 "https://primemusicproductions.com/tag/music-downloads?ak_action=reject_mobile&noamp=mobile" "Mozilla/5.0 (Linux; Android 7.0;) AppleWebKit/537.36 (HTML, like Gecko) Mobile Safari/537.36 (compatible; PetalBot;+https://webmaster.petalsearch.com/site/petalbot)"
184.94.212.206 - - [28/Apr/2026:09:05:08 +0000] "POST /wp-cron.php?doing_wp_cron=1777367108.1238799095153808593750 HTTP/1.1" 200 - "-" "WordPress/6.9.4; https://primemusicproductions.com"
216.244.66.195 - - [28/Apr/2026:09:05:06 +0000] "GET /robots.txt HTTP/1.1" 200 298 "-" "Mozilla/5.0 (compatible; DotBot/1.2; +https://opensiteexplorer.org/dotbot; help@moz.com)"
184.94.212.206 - - [28/Apr/2026:09:06:37 +0000] "POST /wp-cron.php?doing_wp_cron=1777367197.9553859233856201171875 HTTP/1.1" 200 - "-" "WordPress/6.9.4; https://primemusicproductions.com"
192.0.85.167 - - [28/Apr/2026:09:06:36 +0000] "HEAD / HTTP/1.1" 200 - "-" "jetmon/1.0 (Jetpack Site Uptime Monitor by WordPress.com)"
184.94.212.206 - - [28/Apr/2026:09:09:53 +0000] "POST /wp-cron.php?doing_wp_cron=1777367393.2798569202423095703125 HTTP/1.1" 200 - "-" "WordPress/6.9.4; https://primemusicproductions.com"
85.208.96.195 - - [28/Apr/2026:09:09:51 +0000] "GET /robots.txt HTTP/1.1" 200 153 "-" "Mozilla/5.0 (compatible; SemrushBot/7~bl; +http://www.semrush.com/bot.html)"
185.191.171.17 - - [28/Apr/2026:09:09:53 +0000] "GET /music-productions/playing-the-guitar-like-a-pro-tips-and-tricks-2/?amp HTTP/1.1" 200 50057 "-" "Mozilla/5.0 (compatible; SemrushBot/7~bl; +http://www.semrush.com/bot.html)"
185.191.171.17 - - [28/Apr/2026:09:09:56 +0000] "GET /music-productions/playing-the-guitar-like-a-pro-tips-and-tricks-2/ HTTP/1.1" 200 50057 "-" "Mozilla/5.0 (compatible; SemrushBot/7~bl; +http://www.semrush.com/bot.html)"
184.94.212.206 - - [28/Apr/2026:09:11:16 +0000] "POST /wp-cron.php?doing_wp_cron=1777367476.5822079181671142578125 HTTP/1.1" 200 - "-" "WordPress/6.9.4; https://primemusicproductions.com"
173.239.211.171 - - [28/Apr/2026:09:11:14 +0000] "POST /wp-login.php HTTP/1.1" 401 3425 "-" "Mozilla/5.0"
114.119.139.115 - - [28/Apr/2026:09:11:16 +0000] "GET /tag/learning-process?nonamp=1&noamp=mobile HTTP/1.1" 301 - "https://primemusicproductions.com/tag/learning-process?nonamp=1&amp" "Mozilla/5.0 (Linux; Android 7.0;) AppleWebKit/537.36 (HTML, like Gecko) Mobile Safari/537.36 (compatible; PetalBot;+https://webmaster.petalsearch.com/site/petalbot)"
114.119.139.115 - - [28/Apr/2026:09:11:17 +0000] "GET /tag/learning-process/?nonamp=1&noamp=mobile HTTP/1.1" 200 48148 "https://primemusicproductions.com/tag/learning-process?nonamp=1&amp" "Mozilla/5.0 (Linux; Android 7.0;) AppleWebKit/537.36 (HTML, like Gecko) Mobile Safari/537.36 (compatible; PetalBot;+https://webmaster.petalsearch.com/site/petalbot)"
192.0.85.167 - - [28/Apr/2026:09:11:36 +0000] "HEAD / HTTP/1.1" 200 - "-" "jetmon/1.0 (Jetpack Site Uptime Monitor by WordPress.com)"
184.94.212.206 - - [28/Apr/2026:09:15:09 +0000] "POST /wp-cron.php?doing_wp_cron=1777367709.8788599967956542968750 HTTP/1.1" 200 - "-" "WordPress/6.9.4; https://primemusicproductions.com"
216.73.216.179 - - [28/Apr/2026:09:15:06 +0000] "GET /sitemap.xml HTTP/1.1" 200 307 "-" "Mozilla/5.0 AppleWebKit/537.36 (KHTML, like Gecko; compatible; ClaudeBot/1.0; +claudebot@anthropic.com)"
192.0.87.71 - - [28/Apr/2026:09:15:13 +0000] "POST /?for=jetpack&jetpack=comms&token=QidWi9C4eusK%5EA50u%5EW3Vmie%2A%2Af%29Qgax%3A1%3A1&timestamp=1777367713&nonce=zJImaQlunn&body-hash=0D0tsgFYEoPBCY2GaQMjIGBI%2FTY%3D&signature=Zc%2BstxU%2FgDbTxKecYMImGJdwlRo%3D HTTP/1.1" 200 691 "https://primemusicproductions.com/?for=jetpack&jetpack=comms&token=QidWi9C4eusK%5EA50u%5EW3Vmie%2A%2Af%29Qgax%3A1%3A1&timestamp=1777367713&nonce=zJImaQlunn&body-hash=0D0tsgFYEoPBCY2GaQMjIGBI%2FTY%3D&signature=Zc%2BstxU%2FgDbTxKecYMImGJdwlRo%3D" "Jetpack by WordPress.com"
184.94.212.206 - - [28/Apr/2026:09:15:17 +0000] "GET /wp-json/jetpack/v4/sync/spawn-sync?time=1777367717&request_lock_id=95162336-eee9-4fc8-b58b-a75dcb8e5c02 HTTP/1.1" 200 37 "-" "WordPress/6.9.4; https://primemusicproductions.com"
184.94.212.206 - - [28/Apr/2026:09:16:38 +0000] "POST /wp-cron.php?doing_wp_cron=1777367798.0475809574127197265625 HTTP/1.1" 200 - "-" "WordPress/6.9.4; https://primemusicproductions.com"
192.0.85.167 - - [28/Apr/2026:09:16:36 +0000] "HEAD / HTTP/1.1" 200 - "-" "jetmon/1.0 (Jetpack Site Uptime Monitor by WordPress.com)"
216.244.66.195 - - [28/Apr/2026:09:16:38 +0000] "GET /tag/guitar-player/feed/ HTTP/1.1" 200 3835 "-" "Mozilla/5.0 (compatible; DotBot/1.2; +https://opensiteexplorer.org/dotbot; help@moz.com)"
184.94.212.206 - - [28/Apr/2026:09:18:08 +0000] "POST /wp-cron.php?doing_wp_cron=1777367888.5834500789642333984375 HTTP/1.1" 200 - "-" "WordPress/6.9.4; https://primemusicproductions.com"
114.119.150.168 - - [28/Apr/2026:09:18:06 +0000] "GET /tag/known-websites/?nonamp=1&amp HTTP/1.1" 200 48128 "https://primemusicproductions.com/tag/known-websites/?nonamp=1&amp" "Mozilla/5.0 (Linux; Android 7.0;) AppleWebKit/537.36 (HTML, like Gecko) Mobile Safari/537.36 (compatible; PetalBot;+https://webmaster.petalsearch.com/site/petalbot)"
184.94.212.206 - - [28/Apr/2026:09:20:34 +0000] "POST /wp-cron.php?doing_wp_cron=1777368034.2408559322357177734375 HTTP/1.1" 200 - "-" "WordPress/6.9.4; https://primemusicproductions.com"
216.73.216.179 - - [28/Apr/2026:09:20:32 +0000] "GET /sitemap_index.xml HTTP/1.1" 200 358 "-" "Mozilla/5.0 AppleWebKit/537.36 (KHTML, like Gecko; compatible; ClaudeBot/1.0; +claudebot@anthropic.com)"
184.94.212.206 - - [28/Apr/2026:09:21:37 +0000] "POST /wp-cron.php?doing_wp_cron=1777368097.0396959781646728515625 HTTP/1.1" 200 - "-" "WordPress/6.9.4; https://primemusicproductions.com"
192.0.85.167 - - [28/Apr/2026:09:21:35 +0000] "HEAD / HTTP/1.1" 200 - "-" "jetmon/1.0 (Jetpack Site Uptime Monitor by WordPress.com)"
78.159.131.56 - - [28/Apr/2026:09:22:55 +0000] "GET /txets.php HTTP/1.1" 301 - "http://primemusicproductions.com/txets.php" "Mozilla/5.0 (Windows NT 10.0; Win64; x64; rv:133.0) Gecko/20100101 Firefox/133.0"
78.159.131.56 - - [28/Apr/2026:09:22:52 +0000] "GET / HTTP/1.1" 200 175592 "-" "Mozilla/5.0 (Windows NT 10.0; Win64; x64) AppleWebKit/537.36 (KHTML, like Gecko) Chrome/131.0.0.0 Safari/537.36"
184.94.212.206 - - [28/Apr/2026:09:23:08 +0000] "POST /wp-cron.php?doing_wp_cron=1777368188.5508630275726318359375 HTTP/1.1" 200 - "-" "WordPress/6.9.4; https://primemusicproductions.com"
216.75.132.125 - - [28/Apr/2026:09:23:37 +0000] "GET /wp-json/oembed/1.0/embed?url=https%3A%2F%2Fprimemusicproductions.com%2Fmusic-productions%2Ffrom-a-to-z-this-article-covers-it-all-about-learning-guitar%2F HTTP/1.1" 200 1441 "-" "Mozilla/5.0 (Macintosh; Intel Mac OS X 10_15_7) AppleWebKit/537.36 (KHTML, like Gecko) Chrome/135.0.0.0 Safari/537.36"
216.73.216.179 - - [28/Apr/2026:09:24:14 +0000] "GET /news-sitemap.xml HTTP/1.1" 200 317 "-" "Mozilla/5.0 AppleWebKit/537.36 (KHTML, like Gecko; compatible; ClaudeBot/1.0; +claudebot@anthropic.com)"
184.94.212.206 - - [28/Apr/2026:09:24:55 +0000] "POST /wp-cron.php?doing_wp_cron=1777368295.0824620723724365234375 HTTP/1.1" 200 - "-" "WordPress/6.9.4; https://primemusicproductions.com"
114.119.128.127 - - [28/Apr/2026:09:24:53 +0000] "GET /tag/educate-yourself/?nonamp=1&noamp=mobile HTTP/1.1" 200 48141 "https://primemusicproductions.com/tag/educate-yourself/?nonamp=1&noamp=mobile" "Mozilla/5.0 (Linux; Android 7.0;) AppleWebKit/537.36 (HTML, like Gecko) Mobile Safari/537.36 (compatible; PetalBot;+https://webmaster.petalsearch.com/site/petalbot)"
184.94.212.206 - - [28/Apr/2026:09:25:28 +0000] "POST /wp-cron.php?doing_wp_cron=1777368328.2124850749969482421875 HTTP/1.1" 200 - "-" "WordPress/6.9.4; https://primemusicproductions.com"
185.191.171.3 - - [28/Apr/2026:09:25:26 +0000] "GET /music-productions/work-on-learning-the-guitar-with-these-fantastic-tips-2/ HTTP/1.1" 200 50050 "-" "Mozilla/5.0 (compatible; SemrushBot/7~bl; +http://www.semrush.com/bot.html)"
184.94.212.206 - - [28/Apr/2026:09:26:38 +0000] "POST /wp-cron.php?doing_wp_cron=1777368398.9725739955902099609375 HTTP/1.1" 200 - "-" "WordPress/6.9.4; https://primemusicproductions.com"
192.0.85.167 - - [28/Apr/2026:09:26:37 +0000] "HEAD / HTTP/1.1" 200 - "-" "jetmon/1.0 (Jetpack Site Uptime Monitor by WordPress.com)"
185.100.159.90 - - [28/Apr/2026:09:27:14 +0000] "GET /music-productions/are-you-new-to-the-guitar-try-these-tips-and-tricks/attachment/harnessing-the-power-of-ai HTTP/1.1" 301 - "-" "Mozilla/5.0 (Windows NT 10.0; Win64; x64) AppleWebKit/537.36 (KHTML, like Gecko) Chrome/140.0.0.0 Safari/537.36"
94.156.180.239 - - [28/Apr/2026:09:27:16 +0000] "GET /music-productions/are-you-new-to-the-guitar-try-these-tips-and-tricks/attachment/harnessing-the-power-of-ai/ HTTP/1.1" 200 144993 "-" "Mozilla/5.0 (Windows NT 10.0; Win64; x64) AppleWebKit/537.36 (KHTML, like Gecko) Chrome/140.0.0.0 Safari/537.36"
184.94.212.206 - - [28/Apr/2026:09:27:48 +0000] "POST /wp-cron.php?doing_wp_cron=1777368468.5875461101531982421875 HTTP/1.1" 200 - "-" "WordPress/6.9.4; https://primemusicproductions.com"
173.239.211.174 - - [28/Apr/2026:09:27:46 +0000] "POST /wp-login.php HTTP/1.1" 401 3424 "-" "Mozilla/5.0"
184.94.212.206 - - [28/Apr/2026:09:31:31 +0000] "POST /wp-cron.php?doing_wp_cron=1777368691.8372700214385986328125 HTTP/1.1" 200 - "-" "WordPress/6.9.4; https://primemusicproductions.com"
114.119.156.165 - - [28/Apr/2026:09:31:29 +0000] "GET /tag/downloading-music/?nonamp=1&noamp=mobile HTTP/1.1" 200 51053 "https://primemusicproductions.com/tag/downloading-music/?nonamp=1&noamp=mobile" "Mozilla/5.0 (Linux; Android 7.0;) AppleWebKit/537.36 (HTML, like Gecko) Mobile Safari/537.36 (compatible; PetalBot;+https://webmaster.petalsearch.com/site/petalbot)"
192.0.85.167 - - [28/Apr/2026:09:31:35 +0000] "HEAD / HTTP/1.1" 200 - "-" "jetmon/1.0 (Jetpack Site Uptime Monitor by WordPress.com)"
184.94.212.206 - - [28/Apr/2026:09:33:10 +0000] "POST /wp-cron.php?doing_wp_cron=1777368790.8392519950866699218750 HTTP/1.1" 200 - "-" "WordPress/6.9.4; https://primemusicproductions.com"
43.167.215.96 - - [28/Apr/2026:09:33:09 +0000] "GET /music-productions/beat-maker-software/?share=twitter&amp HTTP/1.1" 302 - "-" "Mozilla/5.0 (Macintosh; Intel Mac OS X 10_15_7) AppleWebKit/605.1.15 (KHTML, like Gecko) Version/15.5 Safari/605.1.15"
57.141.18.107 - - [28/Apr/2026:09:33:32 +0000] "GET /music-productions/expert-advice-you-need-when-learning-guitar/?share=linkedin HTTP/1.1" 302 - "-" "meta-externalagent/1.1 (+https://developers.facebook.com/docs/sharing/webmasters/crawler)"
185.191.171.18 - - [28/Apr/2026:09:33:43 +0000] "GET /music-productions/everything-there-is-to-know-about-learning-guitar/?amp HTTP/1.1" 200 49490 "-" "Mozilla/5.0 (compatible; SemrushBot/7~bl; +http://www.semrush.com/bot.html)"
85.208.96.194 - - [28/Apr/2026:09:33:46 +0000] "GET /music-productions/everything-there-is-to-know-about-learning-guitar/ HTTP/1.1" 200 49489 "-" "Mozilla/5.0 (compatible; SemrushBot/7~bl; +http://www.semrush.com/bot.html)"
184.94.212.206 - - [28/Apr/2026:09:36:37 +0000] "POST /wp-cron.php?doing_wp_cron=1777368997.9141280651092529296875 HTTP/1.1" 200 - "-" "WordPress/6.9.4; https://primemusicproductions.com"
