146.19.125.71 - - [27/Apr/2026:17:59:12 +0000] "POST /wp-login.php?action=register HTTP/1.0" 200 8874 "https://primemusicproductions.com/wp-login.php?action=register" "Mozilla/5.0 (Windows NT 10.0; Win64; x64) AppleWebKit/537.36 (KHTML, like Gecko) Chrome/131.0.0.0 Safari/537.36 Avast/131.0.0.0"
146.19.125.71 - - [27/Apr/2026:17:59:14 +0000] "GET / HTTP/1.0" 200 175592 "https://primemusicproductions.com/" "Mozilla/5.0 (Windows NT 10.0; Win64; x64) AppleWebKit/537.36 (KHTML, like Gecko) Chrome/131.0.0.0 Safari/537.36 Avast/131.0.0.0"
184.94.212.206 - - [27/Apr/2026:18:01:39 +0000] "POST /wp-cron.php?doing_wp_cron=1777312898.9933729171752929687500 HTTP/1.1" 200 - "-" "WordPress/6.9.4; https://primemusicproductions.com"
192.0.85.167 - - [27/Apr/2026:18:01:37 +0000] "HEAD / HTTP/1.1" 200 - "-" "jetmon/1.0 (Jetpack Site Uptime Monitor by WordPress.com)"
184.94.212.206 - - [27/Apr/2026:18:03:48 +0000] "POST /wp-cron.php?doing_wp_cron=1777313028.0327970981597900390625 HTTP/1.1" 200 - "-" "WordPress/6.9.4; https://primemusicproductions.com"
114.119.156.165 - - [27/Apr/2026:18:03:46 +0000] "GET /music-productions/want-to-learn-to-play-the-guitar-try-these-tips-2?share=facebook&amp HTTP/1.1" 302 - "https://primemusicproductions.com/music-productions/want-to-learn-to-play-the-guitar-try-these-tips-2?nonamp=1&amp" "Mozilla/5.0 (Linux; Android 7.0;) AppleWebKit/537.36 (HTML, like Gecko) Mobile Safari/537.36 (compatible; PetalBot;+https://webmaster.petalsearch.com/site/petalbot)"
184.94.212.206 - - [27/Apr/2026:18:06:37 +0000] "POST /wp-cron.php?doing_wp_cron=1777313197.1563279628753662109375 HTTP/1.1" 200 - "-" "WordPress/6.9.4; https://primemusicproductions.com"
192.0.85.167 - - [27/Apr/2026:18:06:35 +0000] "HEAD / HTTP/1.1" 200 - "-" "jetmon/1.0 (Jetpack Site Uptime Monitor by WordPress.com)"
184.94.212.206 - - [27/Apr/2026:18:10:45 +0000] "POST /wp-cron.php?doing_wp_cron=1777313445.5782039165496826171875 HTTP/1.1" 200 - "-" "WordPress/6.9.4; https://primemusicproductions.com"
114.119.139.1 - - [27/Apr/2026:18:10:43 +0000] "GET /music-productions/want-to-learn-to-play-the-guitar-try-these-tips-2/amp HTTP/1.1" 301 - "https://primemusicproductions.com/music-productions/guitars-and-how-to-learn-to-play-one-well?nonamp=1" "Mozilla/5.0 (Linux; Android 7.0;) AppleWebKit/537.36 (HTML, like Gecko) Mobile Safari/537.36 (compatible; PetalBot;+https://webmaster.petalsearch.com/site/petalbot)"
114.119.139.1 - - [27/Apr/2026:18:10:45 +0000] "GET /InVideo HTTP/1.1" 307 - "https://primemusicproductions.com/music-productions/guitars-and-how-to-learn-to-play-one-well?nonamp=1" "Mozilla/5.0 (Linux; Android 7.0;) AppleWebKit/537.36 (HTML, like Gecko) Mobile Safari/537.36 (compatible; PetalBot;+https://webmaster.petalsearch.com/site/petalbot)"
192.0.85.167 - - [27/Apr/2026:18:11:34 +0000] "HEAD / HTTP/1.1" 200 - "-" "jetmon/1.0 (Jetpack Site Uptime Monitor by WordPress.com)"
184.94.212.206 - - [27/Apr/2026:18:16:39 +0000] "POST /wp-cron.php?doing_wp_cron=1777313799.6826069355010986328125 HTTP/1.1" 200 - "-" "WordPress/6.9.4; https://primemusicproductions.com"
192.0.85.167 - - [27/Apr/2026:18:16:37 +0000] "HEAD / HTTP/1.1" 200 - "-" "jetmon/1.0 (Jetpack Site Uptime Monitor by WordPress.com)"
184.94.212.206 - - [27/Apr/2026:18:17:22 +0000] "POST /wp-cron.php?doing_wp_cron=1777313842.3458750247955322265625 HTTP/1.1" 200 - "-" "WordPress/6.9.4; https://primemusicproductions.com"
114.119.150.168 - - [27/Apr/2026:18:17:21 +0000] "GET /music-productions/want-to-learn-to-play-the-guitar-try-these-tips-2/?share=twitter&amp HTTP/1.1" 302 - "https://primemusicproductions.com/music-productions/want-to-learn-to-play-the-guitar-try-these-tips-2?amp" "Mozilla/5.0 (Linux; Android 7.0;) AppleWebKit/537.36 (HTML, like Gecko) Mobile Safari/537.36 (compatible; PetalBot;+https://webmaster.petalsearch.com/site/petalbot)"
184.94.212.206 - - [27/Apr/2026:18:19:50 +0000] "POST /wp-cron.php?doing_wp_cron=1777313990.2392919063568115234375 HTTP/1.1" 200 - "-" "WordPress/6.9.4; https://primemusicproductions.com"
160.179.41.171 - - [27/Apr/2026:18:19:48 +0000] "GET /music-productions/easy-tips-to-learning-the-guitar/?amp HTTP/1.1" 200 49537 "-" "Mozilla/5.0 (Windows NT 4.0; WOW64) AppleWebKit/537.36 (KHTML, like Gecko) Chrome/37.0.2049.0 Safari/537.36"
184.94.212.206 - - [27/Apr/2026:18:20:07 +0000] "POST /wp-cron.php?doing_wp_cron=1777314007.8288779258728027343750 HTTP/1.1" 200 - "-" "WordPress/6.9.4; https://primemusicproductions.com"
216.73.216.179 - - [27/Apr/2026:18:20:06 +0000] "GET /robots.txt HTTP/1.1" 200 153 "-" "Mozilla/5.0 AppleWebKit/537.36 (KHTML, like Gecko; compatible; ClaudeBot/1.0; +claudebot@anthropic.com)"
216.73.216.179 - - [27/Apr/2026:18:20:08 +0000] "GET /sitemap_index.xml HTTP/1.1" 200 358 "-" "Mozilla/5.0 AppleWebKit/537.36 (KHTML, like Gecko; compatible; ClaudeBot/1.0; +claudebot@anthropic.com)"
192.0.114.49 - - [27/Apr/2026:18:21:32 +0000] "GET /wp-content/uploads/Prime_Music_Productions_header_image.jpg HTTP/1.1" 200 130159 "-" "Photon/1.0"
184.94.212.206 - - [27/Apr/2026:18:21:36 +0000] "POST /wp-cron.php?doing_wp_cron=1777314096.9468100070953369140625 HTTP/1.1" 200 - "-" "WordPress/6.9.4; https://primemusicproductions.com"
192.0.85.167 - - [27/Apr/2026:18:21:35 +0000] "HEAD / HTTP/1.1" 200 - "-" "jetmon/1.0 (Jetpack Site Uptime Monitor by WordPress.com)"
192.0.101.58 - - [27/Apr/2026:18:22:44 +0000] "GET /wp-content/uploads/ea37b20d20f6053ed1584d05fb1d4390e277e2c818b413499cf3c87ba0e9_640.jpg HTTP/1.1" 200 46198 "-" "Photon/1.0"
123.30.184.84 - - [27/Apr/2026:18:22:45 +0000] "GET /wp-login.php HTTP/1.1" 200 4367 "-" "Mozilla/5.0 (Windows NT 6.3; Win64; x64; rv:60.0) Gecko/20100101 Firefox/60.0"
123.30.184.84 - - [27/Apr/2026:18:22:47 +0000] "POST /wp-login.php HTTP/1.1" 200 4367 "https://primemusicproductions.com/wp-login.php" "Mozilla/5.0 (Windows NT 6.3; Win64; x64; rv:60.0) Gecko/20100101 Firefox/60.0"
184.94.212.206 - - [27/Apr/2026:18:24:14 +0000] "POST /wp-cron.php?doing_wp_cron=1777314254.5880041122436523437500 HTTP/1.1" 200 - "-" "WordPress/6.9.4; https://primemusicproductions.com"
114.119.156.165 - - [27/Apr/2026:18:24:12 +0000] "GET /music-productions/want-to-learn-to-play-the-guitar-try-these-tips-2/?share=pocket&amp HTTP/1.1" 200 49665 "https://primemusicproductions.com/music-productions/want-to-learn-to-play-the-guitar-try-these-tips-2/?share=pocket&amp" "Mozilla/5.0 (Linux; Android 7.0;) AppleWebKit/537.36 (HTML, like Gecko) Mobile Safari/537.36 (compatible; PetalBot;+https://webmaster.petalsearch.com/site/petalbot)"
184.94.212.206 - - [27/Apr/2026:18:26:37 +0000] "POST /wp-cron.php?doing_wp_cron=1777314397.7103250026702880859375 HTTP/1.1" 200 - "-" "WordPress/6.9.4; https://primemusicproductions.com"
192.0.85.167 - - [27/Apr/2026:18:26:36 +0000] "HEAD / HTTP/1.1" 200 - "-" "jetmon/1.0 (Jetpack Site Uptime Monitor by WordPress.com)"
184.94.212.206 - - [27/Apr/2026:18:28:54 +0000] "POST /wp-cron.php?doing_wp_cron=1777314534.7478969097137451171875 HTTP/1.1" 200 - "-" "WordPress/6.9.4; https://primemusicproductions.com"
216.244.66.195 - - [27/Apr/2026:18:28:52 +0000] "GET /robots.txt HTTP/1.1" 200 298 "-" "Mozilla/5.0 (compatible; DotBot/1.2; +https://opensiteexplorer.org/dotbot; help@moz.com)"
184.94.212.206 - - [27/Apr/2026:18:30:26 +0000] "POST /wp-cron.php?doing_wp_cron=1777314626.8352689743041992187500 HTTP/1.1" 200 - "-" "WordPress/6.9.4; https://primemusicproductions.com"
5.36.209.6 - - [27/Apr/2026:18:30:25 +0000] "GET /music-productions/top-tips-for-learning-to-play-guitar/?share=tumblr HTTP/1.1" 302 - "-" "Mozilla/5.0 (Windows NT 10.0) AppleWebKit/537.36 (KHTML, like Gecko) Chrome/75.0.3770.100 ADG/11.0.2510 AOLBUILD/11.0.2510 Safari/537.36"
184.94.212.206 - - [27/Apr/2026:18:31:02 +0000] "POST /wp-cron.php?doing_wp_cron=1777314662.8396849632263183593750 HTTP/1.1" 200 - "-" "WordPress/6.9.4; https://primemusicproductions.com"
114.119.150.168 - - [27/Apr/2026:18:31:01 +0000] "GET /music-productions/want-to-learn-to-play-the-guitar-try-these-tips-2/?share=pocket HTTP/1.1" 200 49665 "https://primemusicproductions.com/music-productions/want-to-learn-to-play-the-guitar-try-these-tips-2/?share=pocket" "Mozilla/5.0 (Linux; Android 7.0;) AppleWebKit/537.36 (HTML, like Gecko) Mobile Safari/537.36 (compatible; PetalBot;+https://webmaster.petalsearch.com/site/petalbot)"
184.94.212.206 - - [27/Apr/2026:18:31:26 +0000] "POST /wp-cron.php?doing_wp_cron=1777314686.5612089633941650390625 HTTP/1.1" 200 - "-" "WordPress/6.9.4; https://primemusicproductions.com"
190.185.109.83 - - [27/Apr/2026:18:31:25 +0000] "GET / HTTP/1.1" 200 51716 "-" "Mozilla/5.0 (Macintosh; Intel Mac OS X 10_15_7) AppleWebKit/537.36 (KHTML, like Gecko) Chrome/146.0.0.0 Safari/537.36"
190.185.109.83 - - [27/Apr/2026:18:31:27 +0000] "GET /wp-content/plugins/jetpack/modules/infinite-scroll/infinity.css?ver=20140422 HTTP/1.1" 200 1532 "https://primemusicproductions.com" "Mozilla/5.0 (Windows NT 10.0; Win64; x64) AppleWebKit/537.36 (KHTML, like Gecko) Chrome/145.0.0.0 Safari/537.36"
190.185.109.83 - - [27/Apr/2026:18:31:28 +0000] "GET /wp-includes/css/dist/block-library/style.min.css?ver=add92f4e98f9ce618741def37b23f2f1 HTTP/1.1" 200 15916 "https://primemusicproductions.com" "Mozilla/5.0 (Windows NT 10.0; Win64; x64) AppleWebKit/537.36 (KHTML, like Gecko) Chrome/145.0.0.0 Safari/537.36"
190.185.109.83 - - [27/Apr/2026:18:31:28 +0000] "GET /wp-includes/js/mediaelement/mediaelementplayer-legacy.min.css?ver=4.2.17 HTTP/1.1" 200 2592 "https://primemusicproductions.com" "Mozilla/5.0 (Windows NT 10.0; Win64; x64) AppleWebKit/537.36 (KHTML, like Gecko) Chrome/145.0.0.0 Safari/537.36"
190.185.109.83 - - [27/Apr/2026:18:31:29 +0000] "GET /wp-includes/js/mediaelement/wp-mediaelement.min.css?ver=add92f4e98f9ce618741def37b23f2f1 HTTP/1.1" 200 1156 "https://primemusicproductions.com" "Mozilla/5.0 (Windows NT 10.0; Win64; x64) AppleWebKit/537.36 (KHTML, like Gecko) Chrome/145.0.0.0 Safari/537.36"
190.185.109.83 - - [27/Apr/2026:18:31:30 +0000] "GET /wp-includes/css/dashicons.min.css?ver=add92f4e98f9ce618741def37b23f2f1 HTTP/1.1" 200 35721 "https://primemusicproductions.com" "Mozilla/5.0 (Windows NT 10.0; Win64; x64) AppleWebKit/537.36 (KHTML, like Gecko) Chrome/145.0.0.0 Safari/537.36"
190.185.109.83 - - [27/Apr/2026:18:31:31 +0000] "GET /wp-includes/css/admin-bar.min.css?ver=add92f4e98f9ce618741def37b23f2f1 HTTP/1.1" 200 3861 "https://primemusicproductions.com" "Mozilla/5.0 (Windows NT 10.0; Win64; x64) AppleWebKit/537.36 (KHTML, like Gecko) Chrome/145.0.0.0 Safari/537.36"
190.185.109.83 - - [27/Apr/2026:18:31:31 +0000] "GET /wp-content/plugins/wp-accessibility-helper/assets/css/wp-accessibility-helper.min.css?ver=0.5.9.4 HTTP/1.1" 200 2005 "https://primemusicproductions.com" "Mozilla/5.0 (Windows NT 10.0; Win64; x64) AppleWebKit/537.36 (KHTML, like Gecko) Chrome/145.0.0.0 Safari/537.36"
216.73.216.179 - - [27/Apr/2026:18:31:30 +0000] "GET /sitemap.xml HTTP/1.1" 200 307 "-" "Mozilla/5.0 AppleWebKit/537.36 (KHTML, like Gecko; compatible; ClaudeBot/1.0; +claudebot@anthropic.com)"
190.185.109.83 - - [27/Apr/2026:18:31:32 +0000] "GET /wp-content/themes/flatmagazinews/style.css?ver=add92f4e98f9ce618741def37b23f2f1 HTTP/1.1" 200 9896 "https://primemusicproductions.com" "Mozilla/5.0 (Windows NT 10.0; Win64; x64) AppleWebKit/537.36 (KHTML, like Gecko) Chrome/145.0.0.0 Safari/537.36"
190.185.109.83 - - [27/Apr/2026:18:31:34 +0000] "GET /wp-content/themes/flatmagazinews/css/font-awesome.min.css?ver=add92f4e98f9ce618741def37b23f2f1 HTTP/1.1" 200 7053 "https://primemusicproductions.com" "Mozilla/5.0 (Windows NT 10.0; Win64; x64) AppleWebKit/537.36 (KHTML, like Gecko) Chrome/145.0.0.0 Safari/537.36"
190.185.109.83 - - [27/Apr/2026:18:31:35 +0000] "GET /wp-content/themes/modern-storytelling/style.css?ver=add92f4e98f9ce618741def37b23f2f1 HTTP/1.1" 200 9040 "https://primemusicproductions.com" "Mozilla/5.0 (Windows NT 10.0; Win64; x64) AppleWebKit/537.36 (KHTML, like Gecko) Chrome/145.0.0.0 Safari/537.36"
192.0.85.167 - - [27/Apr/2026:18:31:36 +0000] "HEAD / HTTP/1.1" 200 - "-" "jetmon/1.0 (Jetpack Site Uptime Monitor by WordPress.com)"
209.127.8.219 - - [27/Apr/2026:18:31:39 +0000] "GET /wp-content/plugins/jetpack/modules/carousel/jetpack-carousel.css?ver=15.7.1 HTTP/1.1" 200 4331 "https://primemusicproductions.com" "Mozilla/5.0 (Windows NT 10.0; Win64; x64) AppleWebKit/537.36 (KHTML, like Gecko) Chrome/145.0.0.0 Safari/537.36"
209.127.8.219 - - [27/Apr/2026:18:31:40 +0000] "GET /wp-content/plugins/jetpack/modules/tiled-gallery/tiled-gallery/tiled-gallery.css?ver=2023-08-21 HTTP/1.1" 200 909 "https://primemusicproductions.com" "Mozilla/5.0 (Windows NT 10.0; Win64; x64) AppleWebKit/537.36 (KHTML, like Gecko) Chrome/145.0.0.0 Safari/537.36"
209.127.8.219 - - [27/Apr/2026:18:31:41 +0000] "GET /wp-content/plugins/jetpack/modules/widgets/eu-cookie-law/style.css?ver=15.7.1 HTTP/1.1" 200 877 "https://primemusicproductions.com" "Mozilla/5.0 (Windows NT 10.0; Win64; x64) AppleWebKit/537.36 (KHTML, like Gecko) Chrome/145.0.0.0 Safari/537.36"
190.185.109.83 - - [27/Apr/2026:18:31:41 +0000] "GET /?comment=A+very+good+article+with+nice+explanations.+The+site+is+useful+and+%0D%0Afull+of+strong+resources.+https%3A%2F%2Fnews100.pp.ua%2F.&email=reggiehale317%40gmail.com&author=read+more&url=https%3A%2F%2Fnews100.pp.ua%2F&submit=Post+Comment HTTP/1.1" 200 51939 "https://primemusicproductions.com" "Mozilla/5.0 (Macintosh; Intel Mac OS X 10_15_7) AppleWebKit/537.36 (KHTML, like Gecko) Chrome/146.0.0.0 Safari/537.36"
209.127.8.219 - - [27/Apr/2026:18:31:43 +0000] "GET / HTTP/1.1" 200 51714 "-" "Mozilla/5.0 (compatible; Googlebot/2.1; +http://www.google.com/bot.html)"
184.94.212.206 - - [27/Apr/2026:18:32:07 +0000] "POST /wp-cron.php?doing_wp_cron=1777314727.0690600872039794921875 HTTP/1.1" 200 - "-" "WordPress/6.9.4; https://primemusicproductions.com"
85.208.96.200 - - [27/Apr/2026:18:32:05 +0000] "GET /music-productions/want-to-rock-try-these-guitar-tips-and-tricks-2/?amp HTTP/1.1" 200 49141 "-" "Mozilla/5.0 (compatible; SemrushBot/7~bl; +http://www.semrush.com/bot.html)"
185.191.171.10 - - [27/Apr/2026:18:32:09 +0000] "GET /music-productions/want-to-rock-try-these-guitar-tips-and-tricks-2/ HTTP/1.1" 200 49140 "-" "Mozilla/5.0 (compatible; SemrushBot/7~bl; +http://www.semrush.com/bot.html)"
184.94.212.206 - - [27/Apr/2026:18:36:37 +0000] "POST /wp-cron.php?doing_wp_cron=1777314997.2113080024719238281250 HTTP/1.1" 200 - "-" "WordPress/6.9.4; https://primemusicproductions.com"
192.0.85.167 - - [27/Apr/2026:18:36:35 +0000] "HEAD / HTTP/1.1" 200 - "-" "jetmon/1.0 (Jetpack Site Uptime Monitor by WordPress.com)"
184.94.212.206 - - [27/Apr/2026:18:37:56 +0000] "POST /wp-cron.php?doing_wp_cron=1777315076.6594109535217285156250 HTTP/1.1" 200 - "-" "WordPress/6.9.4; https://primemusicproductions.com"
114.119.155.83 - - [27/Apr/2026:18:37:54 +0000] "GET /music-productions/want-to-learn-to-play-the-guitar-try-these-tips-2/?share=linkedin&amp HTTP/1.1" 302 - "https://primemusicproductions.com/music-productions/want-to-learn-to-play-the-guitar-try-these-tips-2?amp" "Mozilla/5.0 (Linux; Android 7.0;) AppleWebKit/537.36 (HTML, like Gecko) Mobile Safari/537.36 (compatible; PetalBot;+https://webmaster.petalsearch.com/site/petalbot)"
184.94.212.206 - - [27/Apr/2026:18:38:05 +0000] "POST /wp-cron.php?doing_wp_cron=1777315085.0602691173553466796875 HTTP/1.1" 200 - "-" "WordPress/6.9.4; https://primemusicproductions.com"
216.73.216.179 - - [27/Apr/2026:18:38:03 +0000] "GET /news-sitemap.xml HTTP/1.1" 200 317 "-" "Mozilla/5.0 AppleWebKit/537.36 (KHTML, like Gecko; compatible; ClaudeBot/1.0; +claudebot@anthropic.com)"
146.19.125.71 - - [27/Apr/2026:18:38:49 +0000] "GET / HTTP/1.0" 200 175592 "https://primemusicproductions.com/" "Mozilla/5.0 (Windows NT 10.0; Win64; x64) AppleWebKit/537.36 (KHTML, like Gecko) Chrome/130.0.0.0 Safari/537.36"
146.19.125.71 - - [27/Apr/2026:18:38:54 +0000] "GET /wp-login.php?action=register HTTP/1.0" 200 8699 "https://primemusicproductions.com/wp-login.php?action=register" "Mozilla/5.0 (Windows NT 10.0; Win64; x64) AppleWebKit/537.36 (KHTML, like Gecko) Chrome/130.0.0.0 Safari/537.36"
146.19.125.71 - - [27/Apr/2026:18:38:56 +0000] "POST /wp-login.php?action=register HTTP/1.0" 302 - "https://primemusicproductions.com/wp-login.php?action=register" "Mozilla/5.0 (Windows NT 10.0; Win64; x64) AppleWebKit/537.36 (KHTML, like Gecko) Chrome/130.0.0.0 Safari/537.36"
184.94.212.206 - - [27/Apr/2026:18:38:57 +0000] "GET /wp-json/jetpack/v4/sync/spawn-sync?time=1777315137&request_lock_id=655cc149-9f26-46bf-a6c1-8bf09c565cdf HTTP/1.1" 200 37 "-" "WordPress/6.9.4; https://primemusicproductions.com"
146.19.125.71 - - [27/Apr/2026:18:38:59 +0000] "GET /wp-login.php?checkemail=registered HTTP/1.0" 200 7511 "https://primemusicproductions.com/wp-login.php?checkemail=registered" "Mozilla/5.0 (Windows NT 10.0; Win64; x64) AppleWebKit/537.36 (KHTML, like Gecko) Chrome/130.0.0.0 Safari/537.36"
57.141.18.3 - - [27/Apr/2026:18:39:11 +0000] "GET /wp-content/uploads/cropped-beat_maker-1.jpg HTTP/1.1" 200 206333 "-" "meta-externalagent/1.1 (+https://developers.facebook.com/docs/sharing/webmasters/crawler)"
184.94.212.206 - - [27/Apr/2026:18:41:00 +0000] "POST /wp-cron.php?doing_wp_cron=1777315260.0684230327606201171875 HTTP/1.1" 200 - "-" "WordPress/6.9.4; https://primemusicproductions.com"
14.185.229.195 - - [27/Apr/2026:18:40:58 +0000] "GET /terms-of-use/?amp HTTP/1.1" 200 47222 "-" "Mozilla/5.0 (Macintosh; Intel Mac OS X 11_1_0) AppleWebKit/537.36 (KHTML, like Gecko) Chrome/88.0.4324.146 Safari/537.36"
123.16.205.3 - - [27/Apr/2026:18:41:21 +0000] "GET /music-productions/learn-to-play-guitar-with-these-tips-straight-from-the-pros/ HTTP/1.1" 200 50161 "-" "Mozilla/5.0 (Windows NT 6.1; Win64; x64) AppleWebKit/537.36 (KHTML, like Gecko) Chrome/75.0.3770.100 Safari/537.36"
192.0.85.167 - - [27/Apr/2026:18:41:34 +0000] "HEAD / HTTP/1.1" 200 - "-" "jetmon/1.0 (Jetpack Site Uptime Monitor by WordPress.com)"
184.94.212.206 - - [27/Apr/2026:18:44:41 +0000] "POST /wp-cron.php?doing_wp_cron=1777315481.0195629596710205078125 HTTP/1.1" 200 - "-" "WordPress/6.9.4; https://primemusicproductions.com"
114.119.150.168 - - [27/Apr/2026:18:44:39 +0000] "GET /music-productions/want-to-learn-to-play-the-guitar-try-these-tips-2/?share=linkedin HTTP/1.1" 302 - "https://primemusicproductions.com/music-productions/want-to-learn-to-play-the-guitar-try-these-tips-2/?amp=1" "Mozilla/5.0 (Linux; Android 7.0;) AppleWebKit/537.36 (HTML, like Gecko) Mobile Safari/537.36 (compatible; PetalBot;+https://webmaster.petalsearch.com/site/petalbot)"
184.94.212.206 - - [27/Apr/2026:18:46:36 +0000] "POST /wp-cron.php?doing_wp_cron=1777315596.7191469669342041015625 HTTP/1.1" 200 - "-" "WordPress/6.9.4; https://primemusicproductions.com"
192.0.85.167 - - [27/Apr/2026:18:46:34 +0000] "HEAD / HTTP/1.1" 200 - "-" "jetmon/1.0 (Jetpack Site Uptime Monitor by WordPress.com)"
184.94.212.206 - - [27/Apr/2026:18:47:28 +0000] "POST /wp-cron.php?doing_wp_cron=1777315648.4064800739288330078125 HTTP/1.1" 200 - "-" "WordPress/6.9.4; https://primemusicproductions.com"
216.244.66.195 - - [27/Apr/2026:18:47:26 +0000] "GET /music-downloads/everything-youll-ever-need-to-know-about-music-downloads/?share=google-plus-1 HTTP/1.1" 200 172490 "-" "Mozilla/5.0 (compatible; DotBot/1.2; +https://opensiteexplorer.org/dotbot; help@moz.com)"
184.94.212.206 - - [27/Apr/2026:18:49:21 +0000] "POST /wp-cron.php?doing_wp_cron=1777315761.1703510284423828125000 HTTP/1.1" 200 - "-" "WordPress/6.9.4; https://primemusicproductions.com"
216.244.66.195 - - [27/Apr/2026:18:49:19 +0000] "GET /music-productions/basic-step-by-step-tips-for-those-music-downloads/?share=tumblr HTTP/1.1" 302 - "-" "Mozilla/5.0 (compatible; DotBot/1.2; +https://opensiteexplorer.org/dotbot; help@moz.com)"
184.94.212.206 - - [27/Apr/2026:18:49:26 +0000] "POST /wp-cron.php?doing_wp_cron=1777315766.4649798870086669921875 HTTP/1.1" 200 - "-" "WordPress/6.9.4; https://primemusicproductions.com"
216.244.66.195 - - [27/Apr/2026:18:49:25 +0000] "GET /music-productions/beat-maker/?share=facebook HTTP/1.1" 302 - "-" "Mozilla/5.0 (compatible; DotBot/1.2; +https://opensiteexplorer.org/dotbot; help@moz.com)"
216.244.66.195 - - [27/Apr/2026:18:49:29 +0000] "GET /music-productions/playing-the-guitar-like-a-pro-tips-and-tricks-2/?share=twitter HTTP/1.1" 302 - "-" "Mozilla/5.0 (compatible; DotBot/1.2; +https://opensiteexplorer.org/dotbot; help@moz.com)"
216.244.66.195 - - [27/Apr/2026:18:49:53 +0000] "GET /music-productions/simple-and-effective-tips-on-learning-guitar/?share=facebook HTTP/1.1" 302 - "-" "Mozilla/5.0 (compatible; DotBot/1.2; +https://opensiteexplorer.org/dotbot; help@moz.com)"
184.94.212.206 - - [27/Apr/2026:18:50:16 +0000] "POST /wp-cron.php?doing_wp_cron=1777315816.5594830513000488281250 HTTP/1.1" 200 - "-" "WordPress/6.9.4; https://primemusicproductions.com"
216.244.66.195 - - [27/Apr/2026:18:50:15 +0000] "GET /music-downloads/considering-downloading-music-check-out-these-tips-first/?share=pinterest HTTP/1.1" 302 - "-" "Mozilla/5.0 (compatible; DotBot/1.2; +https://opensiteexplorer.org/dotbot; help@moz.com)"
184.94.212.206 - - [27/Apr/2026:18:51:27 +0000] "POST /wp-cron.php?doing_wp_cron=1777315887.3479440212249755859375 HTTP/1.1" 200 - "-" "WordPress/6.9.4; https://primemusicproductions.com"
114.119.150.166 - - [27/Apr/2026:18:51:25 +0000] "GET /music-productions/want-to-learn-to-play-the-guitar-try-these-tips-2/?nonamp=1&amp HTTP/1.1" 200 49664 "https://primemusicproductions.com/music-productions/want-to-learn-to-play-the-guitar-try-these-tips-2?nonamp=1&amp" "Mozilla/5.0 (Linux; Android 7.0;) AppleWebKit/537.36 (HTML, like Gecko) Mobile Safari/537.36 (compatible; PetalBot;+https://webmaster.petalsearch.com/site/petalbot)"
192.0.85.167 - - [27/Apr/2026:18:51:33 +0000] "HEAD / HTTP/1.1" 200 - "-" "jetmon/1.0 (Jetpack Site Uptime Monitor by WordPress.com)"
45.186.209.150 - - [27/Apr/2026:18:52:10 +0000] "GET / HTTP/1.1" 200 51717 "-" "Mozilla/5.0 (Windows NT 10.0; Win64; x64) AppleWebKit/537.36 (KHTML, like Gecko) Chrome/94.0.4606.81 Safari/537.36"
184.94.212.206 - - [27/Apr/2026:18:54:30 +0000] "POST /wp-cron.php?doing_wp_cron=1777316070.8490209579467773437500 HTTP/1.1" 200 - "-" "WordPress/6.9.4; https://primemusicproductions.com"
112.86.225.193 - - [27/Apr/2026:18:54:29 +0000] "GET /music-productions/guitar-playing-is-easy-if-you-learn-a-few-things-first/?share=reddit&amp HTTP/1.1" 302 - "-" "Sogou web spider/4.0(+http://www.sogou.com/docs/help/webmasters.htm#07)"
184.94.212.206 - - [27/Apr/2026:18:55:27 +0000] "POST /wp-cron.php?doing_wp_cron=1777316127.5969069004058837890625 HTTP/1.1" 200 - "-" "WordPress/6.9.4; https://primemusicproductions.com"
185.191.171.2 - - [27/Apr/2026:18:55:25 +0000] "GET /robots.txt HTTP/1.1" 200 153 "-" "Mozilla/5.0 (compatible; SemrushBot/7~bl; +http://www.semrush.com/bot.html)"
85.208.96.194 - - [27/Apr/2026:18:55:28 +0000] "GET /music-productions/having-a-hard-time-learning-guitar-try-these-tips/ HTTP/1.1" 200 50121 "-" "Mozilla/5.0 (compatible; SemrushBot/7~bl; +http://www.semrush.com/bot.html)"
184.94.212.206 - - [27/Apr/2026:18:56:34 +0000] "POST /wp-cron.php?doing_wp_cron=1777316194.4892370700836181640625 HTTP/1.1" 200 - "-" "WordPress/6.9.4; https://primemusicproductions.com"
192.0.85.167 - - [27/Apr/2026:18:56:32 +0000] "HEAD / HTTP/1.1" 200 - "-" "jetmon/1.0 (Jetpack Site Uptime Monitor by WordPress.com)"
184.94.212.206 - - [27/Apr/2026:18:58:20 +0000] "POST /wp-cron.php?doing_wp_cron=1777316300.4240460395812988281250 HTTP/1.1" 200 - "-" "WordPress/6.9.4; https://primemusicproductions.com"
146.174.177.187 - - [27/Apr/2026:18:58:18 +0000] "GET /tag/simple-songs/ HTTP/1.1" 200 48416 "-" "Mozilla/5.0 (Macintosh; Intel Mac OS X 15_2_1) AppleWebKit/537.36 (KHTML, like Gecko) Chrome/131.0.6778.139 Safari/537.36"
114.119.156.165 - - [27/Apr/2026:18:58:21 +0000] "GET /tag/free-music/?nonamp=1&noamp=mobile HTTP/1.1" 200 48453 "https://primemusicproductions.com/tag/free-music/?nonamp=1&noamp=mobile" "Mozilla/5.0 (Linux; Android 7.0;) AppleWebKit/537.36 (HTML, like Gecko) Mobile Safari/537.36 (compatible; PetalBot;+https://webmaster.petalsearch.com/site/petalbot)"
184.94.212.206 - - [27/Apr/2026:19:01:43 +0000] "POST /wp-cron.php?doing_wp_cron=1777316503.8996400833129882812500 HTTP/1.1" 200 - "-" "WordPress/6.9.4; https://primemusicproductions.com"
192.0.85.167 - - [27/Apr/2026:19:01:37 +0000] "HEAD / HTTP/1.1" 200 - "-" "jetmon/1.0 (Jetpack Site Uptime Monitor by WordPress.com)"
184.94.212.206 - - [27/Apr/2026:19:03:21 +0000] "POST /wp-cron.php?doing_wp_cron=1777316601.3796610832214355468750 HTTP/1.1" 200 - "-" "WordPress/6.9.4; https://primemusicproductions.com"
45.6.64.40 - - [27/Apr/2026:19:03:19 +0000] "GET / HTTP/1.1" 200 51716 "-" "Mozilla/5.0 (Windows NT 10.0; Win64; x64) AppleWebKit/537.36 (KHTML, like Gecko) Chrome/94.0.4606.81 Safari/537.36"
184.94.212.206 - - [27/Apr/2026:19:05:12 +0000] "POST /wp-cron.php?doing_wp_cron=1777316712.4792900085449218750000 HTTP/1.1" 200 - "-" "WordPress/6.9.4; https://primemusicproductions.com"
114.119.150.166 - - [27/Apr/2026:19:05:10 +0000] "GET /page/8?amp HTTP/1.1" 301 - "https://primemusicproductions.com/page/7?amp" "Mozilla/5.0 (Linux; Android 7.0;) AppleWebKit/537.36 (HTML, like Gecko) Mobile Safari/537.36 (compatible; PetalBot;+https://webmaster.petalsearch.com/site/petalbot)"
114.119.150.166 - - [27/Apr/2026:19:05:12 +0000] "GET /page/8/?amp HTTP/1.1" 200 51073 "https://primemusicproductions.com/page/7?amp" "Mozilla/5.0 (Linux; Android 7.0;) AppleWebKit/537.36 (HTML, like Gecko) Mobile Safari/537.36 (compatible; PetalBot;+https://webmaster.petalsearch.com/site/petalbot)"
184.94.212.206 - - [27/Apr/2026:19:06:37 +0000] "POST /wp-cron.php?doing_wp_cron=1777316797.6534280776977539062500 HTTP/1.1" 200 - "-" "WordPress/6.9.4; https://primemusicproductions.com"
192.0.85.167 - - [27/Apr/2026:19:06:35 +0000] "HEAD / HTTP/1.1" 200 - "-" "jetmon/1.0 (Jetpack Site Uptime Monitor by WordPress.com)"
85.208.96.193 - - [27/Apr/2026:19:06:42 +0000] "GET /anti-spam-policy/?amp HTTP/1.1" 200 46517 "-" "Mozilla/5.0 (compatible; SemrushBot/7~bl; +http://www.semrush.com/bot.html)"
185.191.171.13 - - [27/Apr/2026:19:06:45 +0000] "GET /anti-spam-policy/ HTTP/1.1" 200 46517 "-" "Mozilla/5.0 (compatible; SemrushBot/7~bl; +http://www.semrush.com/bot.html)"
184.94.212.206 - - [27/Apr/2026:19:11:06 +0000] "POST /wp-cron.php?doing_wp_cron=1777317065.9835450649261474609375 HTTP/1.1" 200 - "-" "WordPress/6.9.4; https://primemusicproductions.com"
112.86.225.230 - - [27/Apr/2026:19:11:04 +0000] "GET /amazon-affiliate-disclaimer/ HTTP/1.1" 200 46449 "-" "Sogou web spider/4.0(+http://www.sogou.com/docs/help/webmasters.htm#07)"
192.0.85.167 - - [27/Apr/2026:19:11:36 +0000] "HEAD / HTTP/1.1" 200 - "-" "jetmon/1.0 (Jetpack Site Uptime Monitor by WordPress.com)"
85.208.96.204 - - [27/Apr/2026:19:11:53 +0000] "GET /author/primemusicproductions/page/5/?amp HTTP/1.1" 200 51154 "-" "Mozilla/5.0 (compatible; SemrushBot/7~bl; +http://www.semrush.com/bot.html)"
114.119.128.127 - - [27/Apr/2026:19:11:54 +0000] "GET /page/2 HTTP/1.1" 301 - "https://primemusicproductions.com/page/5" "Mozilla/5.0 (Linux; Android 7.0;) AppleWebKit/537.36 (HTML, like Gecko) Mobile Safari/537.36 (compatible; PetalBot;+https://webmaster.petalsearch.com/site/petalbot)"
114.119.128.127 - - [27/Apr/2026:19:11:56 +0000] "GET /page/2/ HTTP/1.1" 200 51006 "https://primemusicproductions.com/page/5" "Mozilla/5.0 (Linux; Android 7.0;) AppleWebKit/537.36 (HTML, like Gecko) Mobile Safari/537.36 (compatible; PetalBot;+https://webmaster.petalsearch.com/site/petalbot)"
185.191.171.14 - - [27/Apr/2026:19:11:56 +0000] "GET /author/primemusicproductions/page/5/ HTTP/1.1" 200 51143 "-" "Mozilla/5.0 (compatible; SemrushBot/7~bl; +http://www.semrush.com/bot.html)"
184.94.212.206 - - [27/Apr/2026:19:12:55 +0000] "POST /wp-cron.php?doing_wp_cron=1777317175.7271749973297119140625 HTTP/1.1" 200 - "-" "WordPress/6.9.4; https://primemusicproductions.com"
85.208.96.200 - - [27/Apr/2026:19:12:53 +0000] "GET /music-productions/try-these-tips-for-learning-guitar-the-easy-way/?amp HTTP/1.1" 200 49157 "-" "Mozilla/5.0 (compatible; SemrushBot/7~bl; +http://www.semrush.com/bot.html)"
85.208.96.205 - - [27/Apr/2026:19:12:57 +0000] "GET /music-productions/try-these-tips-for-learning-guitar-the-easy-way/ HTTP/1.1" 200 49157 "-" "Mozilla/5.0 (compatible; SemrushBot/7~bl; +http://www.semrush.com/bot.html)"
184.94.212.206 - - [27/Apr/2026:19:15:43 +0000] "POST /wp-cron.php?doing_wp_cron=1777317343.3420228958129882812500 HTTP/1.1" 200 - "-" "WordPress/6.9.4; https://primemusicproductions.com"
173.239.211.170 - - [27/Apr/2026:19:15:39 +0000] "GET /wp-login.php HTTP/1.1" 200 4128 "-" "Mozilla/5.0"
173.239.211.170 - - [27/Apr/2026:19:15:43 +0000] "GET /?author=1 HTTP/1.1" 403 51710 "-" "Mozilla/5.0"
173.239.211.167 - - [27/Apr/2026:19:15:46 +0000] "GET /?rest_route=/wp/v2/users HTTP/1.1" 401 110 "-" "Mozilla/5.0"
173.239.211.167 - - [27/Apr/2026:19:15:47 +0000] "GET /feed HTTP/1.1" 301 - "-" "Mozilla/5.0"
173.239.211.167 - - [27/Apr/2026:19:15:49 +0000] "GET /feed/ HTTP/1.1" 200 3324 "-" "Mozilla/5.0"
184.94.212.206 - - [27/Apr/2026:19:16:16 +0000] "POST /wp-cron.php?doing_wp_cron=1777317376.2151329517364501953125 HTTP/1.1" 200 - "-" "WordPress/6.9.4; https://primemusicproductions.com"
216.244.66.195 - - [27/Apr/2026:19:16:14 +0000] "GET /robots.txt HTTP/1.1" 200 298 "-" "Mozilla/5.0 (compatible; DotBot/1.2; +https://opensiteexplorer.org/dotbot; help@moz.com)"
192.0.85.167 - - [27/Apr/2026:19:16:33 +0000] "HEAD / HTTP/1.1" 200 - "-" "jetmon/1.0 (Jetpack Site Uptime Monitor by WordPress.com)"
184.94.212.206 - - [27/Apr/2026:19:18:08 +0000] "POST /wp-cron.php?doing_wp_cron=1777317488.5342810153961181640625 HTTP/1.1" 200 - "-" "WordPress/6.9.4; https://primemusicproductions.com"
146.19.125.71 - - [27/Apr/2026:19:18:06 +0000] "GET / HTTP/1.0" 200 175592 "https://primemusicproductions.com/" "Mozilla/5.0 (Windows NT 10.0; Win64; x64) AppleWebKit/537.36 (KHTML, like Gecko) Chrome/130.0.0.0 Safari/537.36"
146.19.125.71 - - [27/Apr/2026:19:18:10 +0000] "GET /wp-login.php?action=register HTTP/1.0" 200 8699 "https://primemusicproductions.com/wp-login.php?action=register" "Mozilla/5.0 (Windows NT 10.0; Win64; x64) AppleWebKit/537.36 (KHTML, like Gecko) Chrome/130.0.0.0 Safari/537.36"
146.19.125.71 - - [27/Apr/2026:19:18:13 +0000] "POST /wp-login.php?action=register HTTP/1.0" 302 - "https://primemusicproductions.com/wp-login.php?action=register" "Mozilla/5.0 (Windows NT 10.0; Win64; x64) AppleWebKit/537.36 (KHTML, like Gecko) Chrome/130.0.0.0 Safari/537.36"
184.94.212.206 - - [27/Apr/2026:19:18:14 +0000] "GET /wp-json/jetpack/v4/sync/spawn-sync?time=1777317494&request_lock_id=2b91ce4e-e038-4810-aa85-f6c52a52b81a HTTP/1.1" 200 37 "-" "WordPress/6.9.4; https://primemusicproductions.com"
146.19.125.71 - - [27/Apr/2026:19:18:16 +0000] "GET /wp-login.php?checkemail=registered HTTP/1.0" 200 7511 "https://primemusicproductions.com/wp-login.php?checkemail=registered" "Mozilla/5.0 (Windows NT 10.0; Win64; x64) AppleWebKit/537.36 (KHTML, like Gecko) Chrome/130.0.0.0 Safari/537.36"
114.119.139.1 - - [27/Apr/2026:19:18:57 +0000] "GET /page/1/?amp=1 HTTP/1.1" 301 - "https://primemusicproductions.com/page/5/?amp=1" "Mozilla/5.0 (Linux; Android 7.0;) AppleWebKit/537.36 (HTML, like Gecko) Mobile Safari/537.36 (compatible; PetalBot;+https://webmaster.petalsearch.com/site/petalbot)"
114.119.139.1 - - [27/Apr/2026:19:18:59 +0000] "GET /?amp=1 HTTP/1.1" 200 51718 "https://primemusicproductions.com/page/5/?amp=1" "Mozilla/5.0 (Linux; Android 7.0;) AppleWebKit/537.36 (HTML, like Gecko) Mobile Safari/537.36 (compatible; PetalBot;+https://webmaster.petalsearch.com/site/petalbot)"
184.94.212.206 - - [27/Apr/2026:19:21:36 +0000] "POST /wp-cron.php?doing_wp_cron=1777317696.3515648841857910156250 HTTP/1.1" 200 - "-" "WordPress/6.9.4; https://primemusicproductions.com"
192.0.85.167 - - [27/Apr/2026:19:21:34 +0000] "HEAD / HTTP/1.1" 200 - "-" "jetmon/1.0 (Jetpack Site Uptime Monitor by WordPress.com)"
184.94.212.206 - - [27/Apr/2026:19:24:14 +0000] "POST /wp-cron.php?doing_wp_cron=1777317854.2265241146087646484375 HTTP/1.1" 200 - "-" "WordPress/6.9.4; https://primemusicproductions.com"
216.73.216.179 - - [27/Apr/2026:19:24:12 +0000] "GET /robots.txt HTTP/1.1" 200 153 "-" "Mozilla/5.0 AppleWebKit/537.36 (KHTML, like Gecko; compatible; ClaudeBot/1.0; +claudebot@anthropic.com)"
216.73.216.179 - - [27/Apr/2026:19:24:14 +0000] "GET /sitemap.xml HTTP/1.1" 200 307 "-" "Mozilla/5.0 AppleWebKit/537.36 (KHTML, like Gecko; compatible; ClaudeBot/1.0; +claudebot@anthropic.com)"
184.94.212.206 - - [27/Apr/2026:19:24:24 +0000] "POST /wp-cron.php?doing_wp_cron=1777317864.2427690029144287109375 HTTP/1.1" 200 - "-" "WordPress/6.9.4; https://primemusicproductions.com"
216.73.216.179 - - [27/Apr/2026:19:24:23 +0000] "GET /sitemap_index.xml HTTP/1.1" 200 358 "-" "Mozilla/5.0 AppleWebKit/537.36 (KHTML, like Gecko; compatible; ClaudeBot/1.0; +claudebot@anthropic.com)"
184.94.212.206 - - [27/Apr/2026:19:26:34 +0000] "POST /wp-cron.php?doing_wp_cron=1777317994.0439219474792480468750 HTTP/1.1" 200 - "-" "WordPress/6.9.4; https://primemusicproductions.com"
192.0.85.167 - - [27/Apr/2026:19:26:32 +0000] "HEAD / HTTP/1.1" 200 - "-" "jetmon/1.0 (Jetpack Site Uptime Monitor by WordPress.com)"
114.119.155.83 - - [27/Apr/2026:19:26:38 +0000] "GET /music-productions/work-on-learning-the-guitar-with-these-fantastic-tips?share=pocket&amp HTTP/1.1" 301 - "https://primemusicproductions.com/music-productions/work-on-learning-the-guitar-with-these-fantastic-tips?nonamp=1&amp" "Mozilla/5.0 (Linux; Android 7.0;) AppleWebKit/537.36 (HTML, like Gecko) Mobile Safari/537.36 (compatible; PetalBot;+https://webmaster.petalsearch.com/site/petalbot)"
114.119.155.83 - - [27/Apr/2026:19:26:39 +0000] "GET /music-productions/work-on-learning-the-guitar-with-these-fantastic-tips/?share=pocket&amp HTTP/1.1" 200 49471 "https://primemusicproductions.com/music-productions/work-on-learning-the-guitar-with-these-fantastic-tips?nonamp=1&amp" "Mozilla/5.0 (Linux; Android 7.0;) AppleWebKit/537.36 (HTML, like Gecko) Mobile Safari/537.36 (compatible; PetalBot;+https://webmaster.petalsearch.com/site/petalbot)"
184.94.212.206 - - [27/Apr/2026:19:29:13 +0000] "POST /wp-cron.php?doing_wp_cron=1777318153.6270780563354492187500 HTTP/1.1" 200 - "-" "WordPress/6.9.4; https://primemusicproductions.com"
185.191.171.3 - - [27/Apr/2026:19:29:11 +0000] "GET /tag/start-practicing/?amp HTTP/1.1" 200 48147 "-" "Mozilla/5.0 (compatible; SemrushBot/7~bl; +http://www.semrush.com/bot.html)"
185.191.171.4 - - [27/Apr/2026:19:29:15 +0000] "GET /tag/start-practicing/ HTTP/1.1" 200 48147 "-" "Mozilla/5.0 (compatible; SemrushBot/7~bl; +http://www.semrush.com/bot.html)"
184.94.212.206 - - [27/Apr/2026:19:29:38 +0000] "POST /wp-cron.php?doing_wp_cron=1777318178.2350180149078369140625 HTTP/1.1" 200 - "-" "WordPress/6.9.4; https://primemusicproductions.com"
216.73.216.179 - - [27/Apr/2026:19:29:37 +0000] "GET /news-sitemap.xml HTTP/1.1" 200 317 "-" "Mozilla/5.0 AppleWebKit/537.36 (KHTML, like Gecko; compatible; ClaudeBot/1.0; +claudebot@anthropic.com)"
184.94.212.206 - - [27/Apr/2026:19:31:37 +0000] "POST /wp-cron.php?doing_wp_cron=1777318297.7697160243988037109375 HTTP/1.1" 200 - "-" "WordPress/6.9.4; https://primemusicproductions.com"
192.0.85.167 - - [27/Apr/2026:19:31:36 +0000] "HEAD / HTTP/1.1" 200 - "-" "jetmon/1.0 (Jetpack Site Uptime Monitor by WordPress.com)"
184.94.212.206 - - [27/Apr/2026:19:32:15 +0000] "POST /wp-cron.php?doing_wp_cron=1777318335.7434339523315429687500 HTTP/1.1" 200 - "-" "WordPress/6.9.4; https://primemusicproductions.com"
20.223.136.145 - - [27/Apr/2026:19:32:14 +0000] "GET /wp-content/plugins/hellopress/wp_filemanager.php HTTP/1.1" 301 - "-" "-"
20.223.136.145 - - [27/Apr/2026:19:32:16 +0000] "GET /InVideo HTTP/1.1" 307 - "-" "-"
20.223.136.145 - - [27/Apr/2026:19:32:18 +0000] "GET /file.php HTTP/1.1" 301 - "-" "-"
20.223.136.145 - - [27/Apr/2026:19:32:19 +0000] "GET /InVideo HTTP/1.1" 307 - "-" "-"
20.223.136.145 - - [27/Apr/2026:19:32:21 +0000] "GET /3369.php HTTP/1.1" 301 - "-" "-"
20.223.136.145 - - [27/Apr/2026:19:32:22 +0000] "GET /InVideo HTTP/1.1" 307 - "-" "-"
20.223.136.145 - - [27/Apr/2026:19:32:23 +0000] "GET /mg.php HTTP/1.1" 301 - "-" "-"
20.223.136.145 - - [27/Apr/2026:19:32:25 +0000] "GET /InVideo HTTP/1.1" 307 - "-" "-"
20.223.136.145 - - [27/Apr/2026:19:32:26 +0000] "GET /file-kikikoko.php HTTP/1.1" 301 - "-" "-"
20.223.136.145 - - [27/Apr/2026:19:32:27 +0000] "GET /InVideo HTTP/1.1" 307 - "-" "-"
20.223.136.145 - - [27/Apr/2026:19:32:28 +0000] "GET /spawns.php HTTP/1.1" 301 - "-" "-"
20.223.136.145 - - [27/Apr/2026:19:32:29 +0000] "GET /InVideo HTTP/1.1" 307 - "-" "-"
20.223.136.145 - - [27/Apr/2026:19:32:31 +0000] "GET /t3s.php HTTP/1.1" 301 - "-" "-"
20.223.136.145 - - [27/Apr/2026:19:32:32 +0000] "GET /InVideo HTTP/1.1" 307 - "-" "-"
20.223.136.145 - - [27/Apr/2026:19:32:33 +0000] "GET /uwu.php HTTP/1.1" 301 - "-" "-"
20.223.136.145 - - [27/Apr/2026:19:32:34 +0000] "GET /InVideo HTTP/1.1" 307 - "-" "-"
184.94.212.206 - - [27/Apr/2026:19:32:36 +0000] "POST /wp-cron.php?doing_wp_cron=1777318356.7641630172729492187500 HTTP/1.1" 200 - "-" "WordPress/6.9.4; https://primemusicproductions.com"
20.223.136.145 - - [27/Apr/2026:19:32:35 +0000] "GET /uwa.php HTTP/1.1" 301 - "-" "-"
20.223.136.145 - - [27/Apr/2026:19:32:37 +0000] "GET /InVideo HTTP/1.1" 307 - "-" "-"
20.223.136.145 - - [27/Apr/2026:19:32:38 +0000] "GET /crgio.php HTTP/1.1" 301 - "-" "-"
20.223.136.145 - - [27/Apr/2026:19:32:40 +0000] "GET /InVideo HTTP/1.1" 307 - "-" "-"
20.223.136.145 - - [27/Apr/2026:19:32:41 +0000] "GET /geforce.php HTTP/1.1" 301 - "-" "-"
20.223.136.145 - - [27/Apr/2026:19:32:42 +0000] "GET /InVideo HTTP/1.1" 307 - "-" "-"
20.223.136.145 - - [27/Apr/2026:19:32:43 +0000] "GET /wp-load.php HTTP/1.1" 200 - "-" "-"
20.223.136.145 - - [27/Apr/2026:19:32:45 +0000] "GET /77.php HTTP/1.1" 301 - "-" "-"
20.223.136.145 - - [27/Apr/2026:19:32:46 +0000] "GET /InVideo HTTP/1.1" 307 - "-" "-"
20.223.136.145 - - [27/Apr/2026:19:32:47 +0000] "GET /.sghb.php HTTP/1.1" 301 - "-" "-"
20.223.136.145 - - [27/Apr/2026:19:32:49 +0000] "GET /InVideo HTTP/1.1" 307 - "-" "-"
20.223.136.145 - - [27/Apr/2026:19:32:50 +0000] "GET /zoko.php HTTP/1.1" 301 - "-" "-"
20.223.136.145 - - [27/Apr/2026:19:32:51 +0000] "GET /InVideo HTTP/1.1" 307 - "-" "-"
20.223.136.145 - - [27/Apr/2026:19:32:52 +0000] "GET /solo1.php HTTP/1.1" 301 - "-" "-"
20.223.136.145 - - [27/Apr/2026:19:32:54 +0000] "GET /InVideo HTTP/1.1" 307 - "-" "-"
20.223.136.145 - - [27/Apr/2026:19:32:55 +0000] "GET /locales.php HTTP/1.1" 301 - "-" "-"
20.223.136.145 - - [27/Apr/2026:19:32:56 +0000] "GET /InVideo HTTP/1.1" 307 - "-" "-"
20.223.136.145 - - [27/Apr/2026:19:32:58 +0000] "GET /bgymj.php HTTP/1.1" 301 - "-" "-"
20.223.136.145 - - [27/Apr/2026:19:32:59 +0000] "GET /InVideo HTTP/1.1" 307 - "-" "-"
20.223.136.145 - - [27/Apr/2026:19:33:00 +0000] "GET /pucci.php HTTP/1.1" 301 - "-" "-"
20.223.136.145 - - [27/Apr/2026:19:33:01 +0000] "GET /InVideo HTTP/1.1" 307 - "-" "-"
20.223.136.145 - - [27/Apr/2026:19:33:03 +0000] "GET /wp-includes/blocks/details/ HTTP/1.1" 301 - "-" "-"
20.223.136.145 - - [27/Apr/2026:19:33:04 +0000] "GET /InVideo HTTP/1.1" 307 - "-" "-"
20.223.136.145 - - [27/Apr/2026:19:33:05 +0000] "GET /.dj/index.php HTTP/1.1" 301 - "-" "-"
20.223.136.145 - - [27/Apr/2026:19:33:06 +0000] "GET /InVideo HTTP/1.1" 307 - "-" "-"
114.119.150.166 - - [27/Apr/2026:19:33:08 +0000] "GET /music-productions/what-you-should-know-about-learning-the-guitar?nonamp=1&noamp=mobile HTTP/1.1" 301 - "https://primemusicproductions.com/music-productions/what-you-should-know-about-learning-the-guitar?nonamp=1&amp=1" "Mozilla/5.0 (Linux; Android 7.0;) AppleWebKit/537.36 (HTML, like Gecko) Mobile Safari/537.36 (compatible; PetalBot;+https://webmaster.petalsearch.com/site/petalbot)"
20.223.136.145 - - [27/Apr/2026:19:33:08 +0000] "GET /wp-includes/blocks/audio/ HTTP/1.1" 301 - "-" "-"
20.223.136.145 - - [27/Apr/2026:19:33:09 +0000] "GET /InVideo HTTP/1.1" 307 - "-" "-"
114.119.150.166 - - [27/Apr/2026:19:33:09 +0000] "GET /music-productions/what-you-should-know-about-learning-the-guitar/?nonamp=1&noamp=mobile HTTP/1.1" 200 50199 "https://primemusicproductions.com/music-productions/what-you-should-know-about-learning-the-guitar?nonamp=1&amp=1" "Mozilla/5.0 (Linux; Android 7.0;) AppleWebKit/537.36 (HTML, like Gecko) Mobile Safari/537.36 (compatible; PetalBot;+https://webmaster.petalsearch.com/site/petalbot)"
20.223.136.145 - - [27/Apr/2026:19:33:10 +0000] "GET /.tmb/ HTTP/1.1" 301 - "-" "-"
20.223.136.145 - - [27/Apr/2026:19:33:12 +0000] "GET /InVideo HTTP/1.1" 307 - "-" "-"
20.223.136.145 - - [27/Apr/2026:19:33:13 +0000] "GET /one.php HTTP/1.1" 301 - "-" "-"
20.223.136.145 - - [27/Apr/2026:19:33:14 +0000] "GET /InVideo HTTP/1.1" 307 - "-" "-"
20.223.136.145 - - [27/Apr/2026:19:33:16 +0000] "GET /no20.php HTTP/1.1" 301 - "-" "-"
20.223.136.145 - - [27/Apr/2026:19:33:17 +0000] "GET /InVideo HTTP/1.1" 307 - "-" "-"
20.223.136.145 - - [27/Apr/2026:19:33:18 +0000] "GET /yasnu.php HTTP/1.1" 301 - "-" "-"
20.223.136.145 - - [27/Apr/2026:19:33:20 +0000] "GET /InVideo HTTP/1.1" 307 - "-" "-"
20.223.136.145 - - [27/Apr/2026:19:33:22 +0000] "GET /sl.php HTTP/1.1" 301 - "-" "-"
20.223.136.145 - - [27/Apr/2026:19:33:23 +0000] "GET /InVideo HTTP/1.1" 307 - "-" "-"
20.223.136.145 - - [27/Apr/2026:19:33:24 +0000] "GET /vuln.php HTTP/1.1" 301 - "-" "-"
20.223.136.145 - - [27/Apr/2026:19:33:26 +0000] "GET /InVideo HTTP/1.1" 307 - "-" "-"
20.223.136.145 - - [27/Apr/2026:19:33:27 +0000] "GET /wp-temp.php HTTP/1.1" 301 - "-" "-"
20.223.136.145 - - [27/Apr/2026:19:33:28 +0000] "GET /InVideo HTTP/1.1" 307 - "-" "-"
20.223.136.145 - - [27/Apr/2026:19:33:30 +0000] "GET /wp-content/themes/twentytwentyfive/assets/ HTTP/1.1" 301 - "-" "-"
20.223.136.145 - - [27/Apr/2026:19:33:31 +0000] "GET /InVideo HTTP/1.1" 307 - "-" "-"
20.223.136.145 - - [27/Apr/2026:19:33:32 +0000] "GET /wp-includes/blocks/buttons/ HTTP/1.1" 301 - "-" "-"
20.223.136.145 - - [27/Apr/2026:19:33:33 +0000] "GET /InVideo HTTP/1.1" 307 - "-" "-"
20.223.136.145 - - [27/Apr/2026:19:33:35 +0000] "GET /class-bda.php HTTP/1.1" 301 - "-" "-"
20.223.136.145 - - [27/Apr/2026:19:33:36 +0000] "GET /InVideo HTTP/1.1" 307 - "-" "-"
20.223.136.145 - - [27/Apr/2026:19:33:37 +0000] "GET /bhm.php HTTP/1.1" 301 - "-" "-"
20.223.136.145 - - [27/Apr/2026:19:33:38 +0000] "GET /InVideo HTTP/1.1" 307 - "-" "-"
20.223.136.145 - - [27/Apr/2026:19:33:39 +0000] "GET /xmu.php HTTP/1.1" 301 - "-" "-"
20.223.136.145 - - [27/Apr/2026:19:33:41 +0000] "GET /InVideo HTTP/1.1" 307 - "-" "-"
20.223.136.145 - - [27/Apr/2026:19:33:42 +0000] "GET /ref.php HTTP/1.1" 301 - "-" "-"
20.223.136.145 - - [27/Apr/2026:19:33:43 +0000] "GET /InVideo HTTP/1.1" 307 - "-" "-"
20.223.136.145 - - [27/Apr/2026:19:33:45 +0000] "GET /wp-xme.php HTTP/1.1" 301 - "-" "-"
20.223.136.145 - - [27/Apr/2026:19:33:46 +0000] "GET /InVideo HTTP/1.1" 307 - "-" "-"
20.223.136.145 - - [27/Apr/2026:19:33:47 +0000] "GET /adminer.php HTTP/1.1" 301 - "-" "-"
20.223.136.145 - - [27/Apr/2026:19:33:48 +0000] "GET /InVideo HTTP/1.1" 307 - "-" "-"
20.223.136.145 - - [27/Apr/2026:19:33:50 +0000] "GET /ktfow.php HTTP/1.1" 301 - "-" "-"
20.223.136.145 - - [27/Apr/2026:19:33:51 +0000] "GET /InVideo HTTP/1.1" 307 - "-" "-"
20.223.136.145 - - [27/Apr/2026:19:33:53 +0000] "GET /mode.php HTTP/1.1" 301 - "-" "-"
20.223.136.145 - - [27/Apr/2026:19:33:54 +0000] "GET /InVideo HTTP/1.1" 307 - "-" "-"
20.223.136.145 - - [27/Apr/2026:19:33:56 +0000] "GET /2468.php HTTP/1.1" 301 - "-" "-"
20.223.136.145 - - [27/Apr/2026:19:33:57 +0000] "GET /InVideo HTTP/1.1" 307 - "-" "-"
20.223.136.145 - - [27/Apr/2026:19:33:58 +0000] "GET /wp-admin/js/index.php HTTP/1.1" 301 - "-" "-"
20.223.136.145 - - [27/Apr/2026:19:33:59 +0000] "GET /InVideo HTTP/1.1" 307 - "-" "-"
20.223.136.145 - - [27/Apr/2026:19:34:01 +0000] "GET /dx.php HTTP/1.1" 301 - "-" "-"
20.223.136.145 - - [27/Apr/2026:19:34:02 +0000] "GET /InVideo HTTP/1.1" 307 - "-" "-"
20.223.136.145 - - [27/Apr/2026:19:34:03 +0000] "GET /amdin.php HTTP/1.1" 301 - "-" "-"
20.223.136.145 - - [27/Apr/2026:19:34:05 +0000] "GET /InVideo HTTP/1.1" 307 - "-" "-"
20.223.136.145 - - [27/Apr/2026:19:34:06 +0000] "GET /huya.php HTTP/1.1" 301 - "-" "-"
216.244.66.195 - - [27/Apr/2026:19:34:07 +0000] "GET /music-productions/beat-making-software/?share=google-plus-1 HTTP/1.1" 200 183112 "-" "Mozilla/5.0 (compatible; DotBot/1.2; +https://opensiteexplorer.org/dotbot; help@moz.com)"
20.223.136.145 - - [27/Apr/2026:19:34:07 +0000] "GET /InVideo HTTP/1.1" 307 - "-" "-"
20.223.136.145 - - [27/Apr/2026:19:34:08 +0000] "GET /puc.php HTTP/1.1" 301 - "-" "-"
20.223.136.145 - - [27/Apr/2026:19:34:10 +0000] "GET /InVideo HTTP/1.1" 307 - "-" "-"
20.223.136.145 - - [27/Apr/2026:19:34:11 +0000] "GET /themes.php HTTP/1.1" 301 - "-" "-"
20.223.136.145 - - [27/Apr/2026:19:34:12 +0000] "GET /InVideo HTTP/1.1" 307 - "-" "-"
20.223.136.145 - - [27/Apr/2026:19:34:14 +0000] "GET /ewp.php HTTP/1.1" 301 - "-" "-"
20.223.136.145 - - [27/Apr/2026:19:34:15 +0000] "GET /InVideo HTTP/1.1" 307 - "-" "-"
20.223.136.145 - - [27/Apr/2026:19:34:16 +0000] "GET /dx.php HTTP/1.1" 301 - "-" "-"
20.223.136.145 - - [27/Apr/2026:19:34:18 +0000] "GET /InVideo HTTP/1.1" 307 - "-" "-"
20.223.136.145 - - [27/Apr/2026:19:34:19 +0000] "GET /xff.php HTTP/1.1" 301 - "-" "-"
20.223.136.145 - - [27/Apr/2026:19:34:20 +0000] "GET /InVideo HTTP/1.1" 307 - "-" "-"
20.223.136.145 - - [27/Apr/2026:19:34:21 +0000] "GET /lupo.php HTTP/1.1" 301 - "-" "-"
20.223.136.145 - - [27/Apr/2026:19:34:22 +0000] "GET /InVideo HTTP/1.1" 307 - "-" "-"
184.94.212.206 - - [27/Apr/2026:19:34:25 +0000] "POST /wp-cron.php?doing_wp_cron=1777318465.6324579715728759765625 HTTP/1.1" 200 - "-" "WordPress/6.9.4; https://primemusicproductions.com"
20.223.136.145 - - [27/Apr/2026:19:34:24 +0000] "GET /awa.php HTTP/1.1" 301 - "-" "-"
20.223.136.145 - - [27/Apr/2026:19:34:25 +0000] "GET /InVideo HTTP/1.1" 307 - "-" "-"
20.223.136.145 - - [27/Apr/2026:19:34:27 +0000] "GET /popo.php HTTP/1.1" 301 - "-" "-"
20.223.136.145 - - [27/Apr/2026:19:34:28 +0000] "GET /InVideo HTTP/1.1" 307 - "-" "-"
20.223.136.145 - - [27/Apr/2026:19:34:30 +0000] "GET /13.php HTTP/1.1" 301 - "-" "-"
20.223.136.145 - - [27/Apr/2026:19:34:31 +0000] "GET /InVideo HTTP/1.1" 307 - "-" "-"
20.223.136.145 - - [27/Apr/2026:19:34:32 +0000] "GET /11.php HTTP/1.1" 301 - "-" "-"
20.223.136.145 - - [27/Apr/2026:19:34:33 +0000] "GET /InVideo HTTP/1.1" 307 - "-" "-"
20.223.136.145 - - [27/Apr/2026:19:34:34 +0000] "GET /p.php HTTP/1.1" 301 - "-" "-"
20.223.136.145 - - [27/Apr/2026:19:34:35 +0000] "GET /InVideo HTTP/1.1" 307 - "-" "-"
184.94.212.206 - - [27/Apr/2026:19:35:49 +0000] "POST /wp-cron.php?doing_wp_cron=1777318549.3083689212799072265625 HTTP/1.1" 200 - "-" "WordPress/6.9.4; https://primemusicproductions.com"
20.223.136.145 - - [27/Apr/2026:19:35:47 +0000] "GET /shell.php HTTP/1.1" 301 - "-" "-"
20.223.136.145 - - [27/Apr/2026:19:35:49 +0000] "GET /InVideo HTTP/1.1" 307 - "-" "-"
20.223.136.145 - - [27/Apr/2026:19:35:51 +0000] "GET /seo.php HTTP/1.1" 301 - "-" "-"
216.244.66.195 - - [27/Apr/2026:19:35:51 +0000] "GET /music-downloads/want-to-learn-about-music-downloads-read-on/?share=reddit HTTP/1.1" 302 - "-" "Mozilla/5.0 (compatible; DotBot/1.2; +https://opensiteexplorer.org/dotbot; help@moz.com)"
20.223.136.145 - - [27/Apr/2026:19:35:52 +0000] "GET /InVideo HTTP/1.1" 307 - "-" "-"
20.223.136.145 - - [27/Apr/2026:19:35:53 +0000] "GET /7.php HTTP/1.1" 301 - "-" "-"
20.223.136.145 - - [27/Apr/2026:19:35:55 +0000] "GET /InVideo HTTP/1.1" 307 - "-" "-"
20.223.136.145 - - [27/Apr/2026:19:35:56 +0000] "GET /8.php HTTP/1.1" 301 - "-" "-"
20.223.136.145 - - [27/Apr/2026:19:35:57 +0000] "GET /InVideo HTTP/1.1" 307 - "-" "-"
216.244.66.195 - - [27/Apr/2026:19:35:57 +0000] "GET /music-productions/beat-maker-software/?share=reddit HTTP/1.1" 302 - "-" "Mozilla/5.0 (compatible; DotBot/1.2; +https://opensiteexplorer.org/dotbot; help@moz.com)"
20.223.136.145 - - [27/Apr/2026:19:35:58 +0000] "GET /1.php HTTP/1.1" 301 - "-" "-"
20.223.136.145 - - [27/Apr/2026:19:36:02 +0000] "GET /InVideo HTTP/1.1" 307 - "-" "-"
20.223.136.145 - - [27/Apr/2026:19:36:04 +0000] "GET /2.php HTTP/1.1" 301 - "-" "-"
20.223.136.145 - - [27/Apr/2026:19:36:06 +0000] "GET /InVideo HTTP/1.1" 307 - "-" "-"
20.223.136.145 - - [27/Apr/2026:19:36:07 +0000] "GET /3.php HTTP/1.1" 301 - "-" "-"
20.223.136.145 - - [27/Apr/2026:19:36:08 +0000] "GET /InVideo HTTP/1.1" 307 - "-" "-"
20.223.136.145 - - [27/Apr/2026:19:36:09 +0000] "GET /4.php HTTP/1.1" 301 - "-" "-"
20.223.136.145 - - [27/Apr/2026:19:36:10 +0000] "GET /InVideo HTTP/1.1" 307 - "-" "-"
20.223.136.145 - - [27/Apr/2026:19:36:12 +0000] "GET /5.php HTTP/1.1" 301 - "-" "-"
20.223.136.145 - - [27/Apr/2026:19:36:13 +0000] "GET /InVideo HTTP/1.1" 307 - "-" "-"
20.223.136.145 - - [27/Apr/2026:19:36:14 +0000] "GET /6.php HTTP/1.1" 301 - "-" "-"
20.223.136.145 - - [27/Apr/2026:19:36:15 +0000] "GET /InVideo HTTP/1.1" 307 - "-" "-"
20.223.136.145 - - [27/Apr/2026:19:36:17 +0000] "GET /9.php HTTP/1.1" 301 - "-" "-"
20.223.136.145 - - [27/Apr/2026:19:36:18 +0000] "GET /InVideo HTTP/1.1" 307 - "-" "-"
20.223.136.145 - - [27/Apr/2026:19:36:19 +0000] "GET /10.php HTTP/1.1" 301 - "-" "-"
20.223.136.145 - - [27/Apr/2026:19:36:20 +0000] "GET /InVideo HTTP/1.1" 307 - "-" "-"
20.223.136.145 - - [27/Apr/2026:19:36:22 +0000] "GET /100.php HTTP/1.1" 301 - "-" "-"
20.223.136.145 - - [27/Apr/2026:19:36:23 +0000] "GET /InVideo HTTP/1.1" 307 - "-" "-"
20.223.136.145 - - [27/Apr/2026:19:36:24 +0000] "GET /.well-known/nastar.php HTTP/1.1" 301 - "-" "-"
20.223.136.145 - - [27/Apr/2026:19:36:25 +0000] "GET /InVideo HTTP/1.1" 307 - "-" "-"
20.223.136.145 - - [27/Apr/2026:19:36:26 +0000] "GET /2026w.php HTTP/1.1" 301 - "-" "-"
20.223.136.145 - - [27/Apr/2026:19:36:27 +0000] "GET /InVideo HTTP/1.1" 307 - "-" "-"
