193.37.32.199 - - [27/Apr/2026:20:55:09 +0000] "GET /wp-includes/ HTTP/1.1" 301 - "http://primemusicproductions.com/wp-includes/" "Go-http-client/1.1"
193.37.32.199 - - [27/Apr/2026:20:55:11 +0000] "GET /InVideo HTTP/1.1" 307 - "https://primemusicproductions.com/wp-includes/" "Go-http-client/1.1"
193.37.32.199 - - [27/Apr/2026:20:55:12 +0000] "GET /wp-content/themes/fukasawa/inc/classes/403.php HTTP/1.1" 301 - "http://primemusicproductions.com/wp-content/themes/fukasawa/inc/classes/403.php" "Go-http-client/1.1"
193.37.32.199 - - [27/Apr/2026:20:55:14 +0000] "GET /InVideo HTTP/1.1" 307 - "https://primemusicproductions.com/wp-content/themes/fukasawa/inc/classes/403.php" "Go-http-client/1.1"
193.37.32.199 - - [27/Apr/2026:20:55:15 +0000] "GET /wp-content/themes/admin.php HTTP/1.1" 301 - "http://primemusicproductions.com/wp-content/themes/admin.php" "Go-http-client/1.1"
193.37.32.199 - - [27/Apr/2026:20:55:16 +0000] "GET /InVideo HTTP/1.1" 307 - "https://primemusicproductions.com/wp-content/themes/admin.php" "Go-http-client/1.1"
193.37.32.199 - - [27/Apr/2026:20:55:18 +0000] "GET /system_core.php HTTP/1.1" 301 - "http://primemusicproductions.com/system_core.php" "Go-http-client/1.1"
193.37.32.199 - - [27/Apr/2026:20:55:19 +0000] "GET /InVideo HTTP/1.1" 307 - "https://primemusicproductions.com/system_core.php" "Go-http-client/1.1"
193.37.32.199 - - [27/Apr/2026:20:55:20 +0000] "GET /222.php HTTP/1.1" 301 - "http://primemusicproductions.com/222.php" "Go-http-client/1.1"
193.37.32.199 - - [27/Apr/2026:20:55:22 +0000] "GET /InVideo HTTP/1.1" 307 - "https://primemusicproductions.com/222.php" "Go-http-client/1.1"
193.37.32.199 - - [27/Apr/2026:20:55:23 +0000] "GET /wp-includes/theme-compat/ HTTP/1.1" 301 - "http://primemusicproductions.com/wp-includes/theme-compat/" "Go-http-client/1.1"
193.37.32.199 - - [27/Apr/2026:20:55:24 +0000] "GET /InVideo HTTP/1.1" 307 - "https://primemusicproductions.com/wp-includes/theme-compat/" "Go-http-client/1.1"
193.37.32.199 - - [27/Apr/2026:20:55:26 +0000] "GET /wp-content/themes/ HTTP/1.1" 200 - "http://primemusicproductions.com/wp-content/themes/" "Go-http-client/1.1"
193.37.32.199 - - [27/Apr/2026:20:55:26 +0000] "GET /edit.php HTTP/1.1" 301 - "http://primemusicproductions.com/edit.php" "Go-http-client/1.1"
17.241.75.16 - - [27/Apr/2026:20:55:28 +0000] "GET /wp-includes/css/admin-bar.min.css?ver=add92f4e98f9ce618741def37b23f2f1 HTTP/1.1" 200 3861 "https://primemusicproductions.com/tag/downloading-music/page/2/?amp" "Mozilla/5.0 (Macintosh; Intel Mac OS X 10_15_7) AppleWebKit/605.1.15 (KHTML, like Gecko) Version/17.4 Safari/605.1.15 (Applebot/0.1; +http://www.apple.com/go/applebot)"
193.37.32.199 - - [27/Apr/2026:20:55:27 +0000] "GET /InVideo HTTP/1.1" 307 - "https://primemusicproductions.com/edit.php" "Go-http-client/1.1"
17.241.219.64 - - [27/Apr/2026:20:55:30 +0000] "GET /wp-includes/js/mediaelement/mediaelementplayer-legacy.min.css?ver=4.2.17 HTTP/1.1" 200 2592 "https://primemusicproductions.com/tag/downloading-music/page/2/?amp" "Mozilla/5.0 (Macintosh; Intel Mac OS X 10_15_7) AppleWebKit/605.1.15 (KHTML, like Gecko) Version/17.4 Safari/605.1.15 (Applebot/0.1; +http://www.apple.com/go/applebot)"
193.37.32.213 - - [27/Apr/2026:20:55:29 +0000] "GET /wp-admin.php HTTP/1.1" 301 - "http://primemusicproductions.com/wp-admin.php" "Go-http-client/1.1"
17.241.227.211 - - [27/Apr/2026:20:55:31 +0000] "GET /wp-content/plugins/wp-accessibility-helper/assets/css/wp-accessibility-helper.min.css?ver=0.5.9.4 HTTP/1.1" 200 2005 "https://primemusicproductions.com/tag/downloading-music/page/2/?amp" "Mozilla/5.0 (Macintosh; Intel Mac OS X 10_15_7) AppleWebKit/605.1.15 (KHTML, like Gecko) Version/17.4 Safari/605.1.15 (Applebot/0.1; +http://www.apple.com/go/applebot)"
193.37.32.213 - - [27/Apr/2026:20:55:30 +0000] "GET /InVideo HTTP/1.1" 307 - "https://primemusicproductions.com/wp-admin.php" "Go-http-client/1.1"
193.37.32.213 - - [27/Apr/2026:20:55:32 +0000] "GET /wp-content/plugins/ HTTP/1.1" 200 - "http://primemusicproductions.com/wp-content/plugins/" "Go-http-client/1.1"
193.37.32.213 - - [27/Apr/2026:20:55:32 +0000] "GET /wp-includes/css/dist/components/ HTTP/1.1" 301 - "http://primemusicproductions.com/wp-includes/css/dist/components/" "Go-http-client/1.1"
17.241.219.254 - - [27/Apr/2026:20:55:34 +0000] "GET /wp-includes/css/dashicons.min.css?ver=add92f4e98f9ce618741def37b23f2f1 HTTP/1.1" 200 35721 "https://primemusicproductions.com/tag/downloading-music/page/2/?amp" "Mozilla/5.0 (Macintosh; Intel Mac OS X 10_15_7) AppleWebKit/605.1.15 (KHTML, like Gecko) Version/17.4 Safari/605.1.15 (Applebot/0.1; +http://www.apple.com/go/applebot)"
193.37.32.213 - - [27/Apr/2026:20:55:34 +0000] "GET /InVideo HTTP/1.1" 307 - "https://primemusicproductions.com/wp-includes/css/dist/components/" "Go-http-client/1.1"
17.241.219.254 - - [27/Apr/2026:20:55:35 +0000] "GET /wp-includes/js/mediaelement/wp-mediaelement.min.css?ver=add92f4e98f9ce618741def37b23f2f1 HTTP/1.1" 200 1156 "https://primemusicproductions.com/tag/downloading-music/page/2/?amp" "Mozilla/5.0 (Macintosh; Intel Mac OS X 10_15_7) AppleWebKit/605.1.15 (KHTML, like Gecko) Version/17.4 Safari/605.1.15 (Applebot/0.1; +http://www.apple.com/go/applebot)"
193.37.32.213 - - [27/Apr/2026:20:55:35 +0000] "GET /images/ HTTP/1.1" 301 - "http://primemusicproductions.com/images/" "Go-http-client/1.1"
17.241.219.243 - - [27/Apr/2026:20:55:37 +0000] "GET /wp-content/themes/flatmagazinews/style.css?ver=add92f4e98f9ce618741def37b23f2f1 HTTP/1.1" 200 9896 "https://primemusicproductions.com/tag/downloading-music/page/2/?amp" "Mozilla/5.0 (Macintosh; Intel Mac OS X 10_15_7) AppleWebKit/605.1.15 (KHTML, like Gecko) Version/17.4 Safari/605.1.15 (Applebot/0.1; +http://www.apple.com/go/applebot)"
193.37.32.213 - - [27/Apr/2026:20:55:36 +0000] "GET /InVideo HTTP/1.1" 307 - "https://primemusicproductions.com/images/" "Go-http-client/1.1"
17.241.75.187 - - [27/Apr/2026:20:55:38 +0000] "GET /wp-content/themes/flatmagazinews/css/font-awesome.min.css?ver=add92f4e98f9ce618741def37b23f2f1 HTTP/1.1" 200 7053 "https://primemusicproductions.com/tag/downloading-music/page/2/?amp" "Mozilla/5.0 (Macintosh; Intel Mac OS X 10_15_7) AppleWebKit/605.1.15 (KHTML, like Gecko) Version/17.4 Safari/605.1.15 (Applebot/0.1; +http://www.apple.com/go/applebot)"
193.37.32.213 - - [27/Apr/2026:20:55:38 +0000] "GET /radio.php HTTP/1.1" 301 - "http://primemusicproductions.com/radio.php" "Go-http-client/1.1"
17.241.75.240 - - [27/Apr/2026:20:55:39 +0000] "GET /wp-content/themes/modern-storytelling/style.css?ver=add92f4e98f9ce618741def37b23f2f1 HTTP/1.1" 200 9040 "https://primemusicproductions.com/tag/downloading-music/page/2/?amp" "Mozilla/5.0 (Macintosh; Intel Mac OS X 10_15_7) AppleWebKit/605.1.15 (KHTML, like Gecko) Version/17.4 Safari/605.1.15 (Applebot/0.1; +http://www.apple.com/go/applebot)"
193.37.32.213 - - [27/Apr/2026:20:55:39 +0000] "GET /InVideo HTTP/1.1" 307 - "https://primemusicproductions.com/radio.php" "Go-http-client/1.1"
17.241.219.22 - - [27/Apr/2026:20:55:40 +0000] "GET /wp-includes/css/dist/block-library/style.min.css?ver=add92f4e98f9ce618741def37b23f2f1 HTTP/1.1" 200 15916 "https://primemusicproductions.com/tag/downloading-music/page/2/?amp" "Mozilla/5.0 (Macintosh; Intel Mac OS X 10_15_7) AppleWebKit/605.1.15 (KHTML, like Gecko) Version/17.4 Safari/605.1.15 (Applebot/0.1; +http://www.apple.com/go/applebot)"
17.241.219.152 - - [27/Apr/2026:20:55:41 +0000] "GET /wp-content/plugins/jetpack/_inc/blocks/swiper.css?ver=15.7.1 HTTP/1.1" 200 2512 "https://primemusicproductions.com/tag/downloading-music/page/2/?amp" "Mozilla/5.0 (Macintosh; Intel Mac OS X 10_15_7) AppleWebKit/605.1.15 (KHTML, like Gecko) Version/17.4 Safari/605.1.15 (Applebot/0.1; +http://www.apple.com/go/applebot)"
193.37.32.213 - - [27/Apr/2026:20:55:40 +0000] "GET /wp-includes/blocks/archives/ HTTP/1.1" 301 - "http://primemusicproductions.com/wp-includes/blocks/archives/" "Go-http-client/1.1"
17.241.227.134 - - [27/Apr/2026:20:55:42 +0000] "GET /wp-content/plugins/jetpack/modules/carousel/jetpack-carousel.css?ver=15.7.1 HTTP/1.1" 200 4331 "https://primemusicproductions.com/tag/downloading-music/page/2/?amp" "Mozilla/5.0 (Macintosh; Intel Mac OS X 10_15_7) AppleWebKit/605.1.15 (KHTML, like Gecko) Version/17.4 Safari/605.1.15 (Applebot/0.1; +http://www.apple.com/go/applebot)"
193.37.32.213 - - [27/Apr/2026:20:55:41 +0000] "GET /InVideo HTTP/1.1" 307 - "https://primemusicproductions.com/wp-includes/blocks/archives/" "Go-http-client/1.1"
17.241.227.175 - - [27/Apr/2026:20:55:43 +0000] "GET /wp-content/plugins/jetpack/modules/tiled-gallery/tiled-gallery/tiled-gallery.css?ver=2023-08-21 HTTP/1.1" 200 909 "https://primemusicproductions.com/tag/downloading-music/page/2/?amp" "Mozilla/5.0 (Macintosh; Intel Mac OS X 10_15_7) AppleWebKit/605.1.15 (KHTML, like Gecko) Version/17.4 Safari/605.1.15 (Applebot/0.1; +http://www.apple.com/go/applebot)"
17.241.227.30 - - [27/Apr/2026:20:55:44 +0000] "GET /wp-includes/js/jquery/jquery.min.js?ver=3.7.1 HTTP/1.1" 200 30368 "https://primemusicproductions.com/tag/downloading-music/page/2/?amp" "Mozilla/5.0 (Macintosh; Intel Mac OS X 10_15_7) AppleWebKit/605.1.15 (KHTML, like Gecko) Version/17.4 Safari/605.1.15 (Applebot/0.1; +http://www.apple.com/go/applebot)"
184.94.212.206 - - [27/Apr/2026:20:55:44 +0000] "POST /wp-cron.php?doing_wp_cron=1777323344.3209009170532226562500 HTTP/1.1" 200 - "-" "WordPress/6.9.4; https://primemusicproductions.com"
193.37.32.213 - - [27/Apr/2026:20:55:43 +0000] "GET /wp-admin/images/admin.php HTTP/1.1" 301 - "http://primemusicproductions.com/wp-admin/images/admin.php" "Go-http-client/1.1"
193.37.32.213 - - [27/Apr/2026:20:55:44 +0000] "GET /InVideo HTTP/1.1" 307 - "https://primemusicproductions.com/wp-admin/images/admin.php" "Go-http-client/1.1"
17.241.227.95 - - [27/Apr/2026:20:55:45 +0000] "GET /wp-includes/js/jquery/jquery-migrate.min.js?ver=3.4.1 HTTP/1.1" 200 4872 "https://primemusicproductions.com/tag/downloading-music/page/2/?amp" "Mozilla/5.0 (Macintosh; Intel Mac OS X 10_15_7) AppleWebKit/605.1.15 (KHTML, like Gecko) Version/17.4 Safari/605.1.15 (Applebot/0.1; +http://www.apple.com/go/applebot)"
17.241.75.211 - - [27/Apr/2026:20:55:46 +0000] "GET /wp-content/plugins/jetpack/modules/widgets/eu-cookie-law/style.css?ver=15.7.1 HTTP/1.1" 200 877 "https://primemusicproductions.com/tag/downloading-music/page/2/?amp" "Mozilla/5.0 (Macintosh; Intel Mac OS X 10_15_7) AppleWebKit/605.1.15 (KHTML, like Gecko) Version/17.4 Safari/605.1.15 (Applebot/0.1; +http://www.apple.com/go/applebot)"
193.37.32.213 - - [27/Apr/2026:20:55:46 +0000] "GET /wp-includes/php-compat/ HTTP/1.1" 301 - "http://primemusicproductions.com/wp-includes/php-compat/" "Go-http-client/1.1"
193.37.32.213 - - [27/Apr/2026:20:55:47 +0000] "GET /InVideo HTTP/1.1" 307 - "https://primemusicproductions.com/wp-includes/php-compat/" "Go-http-client/1.1"
17.241.227.153 - - [27/Apr/2026:20:55:48 +0000] "GET /wp-content/themes/flatmagazinews/js/navigation.js?ver=20170823 HTTP/1.1" 200 1094 "https://primemusicproductions.com/tag/downloading-music/page/2/?amp" "Mozilla/5.0 (Macintosh; Intel Mac OS X 10_15_7) AppleWebKit/605.1.15 (KHTML, like Gecko) Version/17.4 Safari/605.1.15 (Applebot/0.1; +http://www.apple.com/go/applebot)"
17.241.75.70 - - [27/Apr/2026:20:55:49 +0000] "GET /wp-content/themes/flatmagazinews/js/skip-link-focus-fix.js?ver=20170823 HTTP/1.1" 200 417 "https://primemusicproductions.com/tag/downloading-music/page/2/?amp" "Mozilla/5.0 (Macintosh; Intel Mac OS X 10_15_7) AppleWebKit/605.1.15 (KHTML, like Gecko) Version/17.4 Safari/605.1.15 (Applebot/0.1; +http://www.apple.com/go/applebot)"
193.37.32.213 - - [27/Apr/2026:20:55:49 +0000] "GET /wp-includes/ID3/ HTTP/1.1" 301 - "http://primemusicproductions.com/wp-includes/ID3/" "Go-http-client/1.1"
17.241.75.31 - - [27/Apr/2026:20:55:50 +0000] "GET /wp-content/themes/flatmagazinews/js/script.js?ver=20160720 HTTP/1.1" 200 1118 "https://primemusicproductions.com/tag/downloading-music/page/2/?amp" "Mozilla/5.0 (Macintosh; Intel Mac OS X 10_15_7) AppleWebKit/605.1.15 (KHTML, like Gecko) Version/17.4 Safari/605.1.15 (Applebot/0.1; +http://www.apple.com/go/applebot)"
193.37.32.213 - - [27/Apr/2026:20:55:50 +0000] "GET /InVideo HTTP/1.1" 307 - "https://primemusicproductions.com/wp-includes/ID3/" "Go-http-client/1.1"
17.241.75.88 - - [27/Apr/2026:20:55:51 +0000] "GET /wp-content/themes/flatmagazinews/js/accessibility.js?ver=20160720 HTTP/1.1" 200 534 "https://primemusicproductions.com/tag/downloading-music/page/2/?amp" "Mozilla/5.0 (Macintosh; Intel Mac OS X 10_15_7) AppleWebKit/605.1.15 (KHTML, like Gecko) Version/17.4 Safari/605.1.15 (Applebot/0.1; +http://www.apple.com/go/applebot)"
17.241.219.163 - - [27/Apr/2026:20:55:52 +0000] "GET /wp-content/plugins/jetpack/_inc/build/carousel/jetpack-carousel.min.js?ver=15.7.1 HTTP/1.1" 200 7649 "https://primemusicproductions.com/tag/downloading-music/page/2/?amp" "Mozilla/5.0 (Macintosh; Intel Mac OS X 10_15_7) AppleWebKit/605.1.15 (KHTML, like Gecko) Version/17.4 Safari/605.1.15 (Applebot/0.1; +http://www.apple.com/go/applebot)"
193.37.32.213 - - [27/Apr/2026:20:55:52 +0000] "GET /wp-admin/css/colors/blue/ HTTP/1.1" 301 - "http://primemusicproductions.com/wp-admin/css/colors/blue/" "Go-http-client/1.1"
17.241.227.215 - - [27/Apr/2026:20:55:53 +0000] "GET /wp-content/plugins/jetpack/_inc/build/tiled-gallery/tiled-gallery/tiled-gallery.min.js?ver=15.7.1 HTTP/1.1" 200 1070 "https://primemusicproductions.com/tag/downloading-music/page/2/?amp" "Mozilla/5.0 (Macintosh; Intel Mac OS X 10_15_7) AppleWebKit/605.1.15 (KHTML, like Gecko) Version/17.4 Safari/605.1.15 (Applebot/0.1; +http://www.apple.com/go/applebot)"
193.37.32.213 - - [27/Apr/2026:20:55:53 +0000] "GET /InVideo HTTP/1.1" 307 - "https://primemusicproductions.com/wp-admin/css/colors/blue/" "Go-http-client/1.1"
17.241.219.238 - - [27/Apr/2026:20:55:55 +0000] "GET /wp-content/plugins/google-site-kit/dist/assets/js/googlesitekit-consent-mode-bc2e26cfa69fcd4a8261.js HTTP/1.1" 200 25395 "https://primemusicproductions.com/tag/downloading-music/page/2/?amp" "Mozilla/5.0 (Macintosh; Intel Mac OS X 10_15_7) AppleWebKit/605.1.15 (KHTML, like Gecko) Version/17.4 Safari/605.1.15 (Applebot/0.1; +http://www.apple.com/go/applebot)"
17.241.75.215 - - [27/Apr/2026:20:55:55 +0000] "GET /wp-content/plugins/wp-consent-api/assets/js/wp-consent-api.min.js?ver=2.0.1 HTTP/1.1" 200 822 "https://primemusicproductions.com/tag/downloading-music/page/2/?amp" "Mozilla/5.0 (Macintosh; Intel Mac OS X 10_15_7) AppleWebKit/605.1.15 (KHTML, like Gecko) Version/17.4 Safari/605.1.15 (Applebot/0.1; +http://www.apple.com/go/applebot)"
193.37.32.213 - - [27/Apr/2026:20:55:55 +0000] "GET /bless.php HTTP/1.1" 301 - "http://primemusicproductions.com/bless.php" "Go-http-client/1.1"
17.241.227.62 - - [27/Apr/2026:20:55:57 +0000] "GET /wp-includes/js/mediaelement/mediaelement-and-player.min.js?ver=4.2.17 HTTP/1.1" 200 38789 "https://primemusicproductions.com/tag/downloading-music/page/2/?amp" "Mozilla/5.0 (Macintosh; Intel Mac OS X 10_15_7) AppleWebKit/605.1.15 (KHTML, like Gecko) Version/17.4 Safari/605.1.15 (Applebot/0.1; +http://www.apple.com/go/applebot)"
193.37.32.213 - - [27/Apr/2026:20:55:56 +0000] "GET /InVideo HTTP/1.1" 307 - "https://primemusicproductions.com/bless.php" "Go-http-client/1.1"
17.241.75.248 - - [27/Apr/2026:20:55:57 +0000] "GET /wp-includes/js/mediaelement/mediaelement-migrate.min.js?ver=add92f4e98f9ce618741def37b23f2f1 HTTP/1.1" 200 540 "https://primemusicproductions.com/tag/downloading-music/page/2/?amp" "Mozilla/5.0 (Macintosh; Intel Mac OS X 10_15_7) AppleWebKit/605.1.15 (KHTML, like Gecko) Version/17.4 Safari/605.1.15 (Applebot/0.1; +http://www.apple.com/go/applebot)"
17.241.227.156 - - [27/Apr/2026:20:55:58 +0000] "GET /wp-includes/js/mediaelement/wp-mediaelement.min.js?ver=add92f4e98f9ce618741def37b23f2f1 HTTP/1.1" 200 538 "https://primemusicproductions.com/tag/downloading-music/page/2/?amp" "Mozilla/5.0 (Macintosh; Intel Mac OS X 10_15_7) AppleWebKit/605.1.15 (KHTML, like Gecko) Version/17.4 Safari/605.1.15 (Applebot/0.1; +http://www.apple.com/go/applebot)"
193.37.32.213 - - [27/Apr/2026:20:55:58 +0000] "GET /wp-content/plugins/so-pinyin-slugs/inc/main_json.php HTTP/1.1" 301 - "http://primemusicproductions.com/wp-content/plugins/so-pinyin-slugs/inc/main_json.php" "Go-http-client/1.1"
17.241.219.123 - - [27/Apr/2026:20:55:59 +0000] "GET /wp-includes/js/mediaelement/renderers/vimeo.min.js?ver=4.2.17 HTTP/1.1" 200 2284 "https://primemusicproductions.com/tag/downloading-music/page/2/?amp" "Mozilla/5.0 (Macintosh; Intel Mac OS X 10_15_7) AppleWebKit/605.1.15 (KHTML, like Gecko) Version/17.4 Safari/605.1.15 (Applebot/0.1; +http://www.apple.com/go/applebot)"
193.37.32.213 - - [27/Apr/2026:20:55:59 +0000] "GET /InVideo HTTP/1.1" 307 - "https://primemusicproductions.com/wp-content/plugins/so-pinyin-slugs/inc/main_json.php" "Go-http-client/1.1"
17.241.75.165 - - [27/Apr/2026:20:56:01 +0000] "GET /wp-content/plugins/jetpack/_inc/build/widgets/eu-cookie-law/eu-cookie-law.min.js?ver=20180522 HTTP/1.1" 200 659 "https://primemusicproductions.com/tag/downloading-music/page/2/?amp" "Mozilla/5.0 (Macintosh; Intel Mac OS X 10_15_7) AppleWebKit/605.1.15 (KHTML, like Gecko) Version/17.4 Safari/605.1.15 (Applebot/0.1; +http://www.apple.com/go/applebot)"
17.241.75.49 - - [27/Apr/2026:20:56:02 +0000] "GET /wp-includes/js/wp-emoji-release.min.js?ver=add92f4e98f9ce618741def37b23f2f1 HTTP/1.1" 200 5375 "https://primemusicproductions.com/tag/downloading-music/page/2/?amp" "Mozilla/5.0 (Macintosh; Intel Mac OS X 10_15_7) AppleWebKit/605.1.15 (KHTML, like Gecko) Version/17.4 Safari/605.1.15 (Applebot/0.1; +http://www.apple.com/go/applebot)"
193.37.32.213 - - [27/Apr/2026:20:56:01 +0000] "GET /wp-admin/css/colors/modern/test2.php HTTP/1.1" 301 - "http://primemusicproductions.com/wp-admin/css/colors/modern/test2.php" "Go-http-client/1.1"
193.37.32.213 - - [27/Apr/2026:20:56:02 +0000] "GET /InVideo HTTP/1.1" 307 - "https://primemusicproductions.com/wp-admin/css/colors/modern/test2.php" "Go-http-client/1.1"
193.37.32.213 - - [27/Apr/2026:20:56:04 +0000] "GET /info.php HTTP/1.1" 301 - "http://primemusicproductions.com/info.php" "Go-http-client/1.1"
193.37.32.213 - - [27/Apr/2026:20:56:05 +0000] "GET /InVideo HTTP/1.1" 307 - "https://primemusicproductions.com/info.php" "Go-http-client/1.1"
193.37.32.213 - - [27/Apr/2026:20:56:06 +0000] "GET /wp-file.php HTTP/1.1" 301 - "http://primemusicproductions.com/wp-file.php" "Go-http-client/1.1"
193.37.32.213 - - [27/Apr/2026:20:56:08 +0000] "GET /InVideo HTTP/1.1" 307 - "https://primemusicproductions.com/wp-file.php" "Go-http-client/1.1"
193.37.32.213 - - [27/Apr/2026:20:56:09 +0000] "GET /wp-content/upgrade/ HTTP/1.1" 301 - "http://primemusicproductions.com/wp-content/upgrade/" "Go-http-client/1.1"
193.37.32.213 - - [27/Apr/2026:20:56:11 +0000] "GET /InVideo HTTP/1.1" 307 - "https://primemusicproductions.com/wp-content/upgrade/" "Go-http-client/1.1"
184.94.212.206 - - [27/Apr/2026:20:56:13 +0000] "POST /wp-cron.php?doing_wp_cron=1777323373.7820770740509033203125 HTTP/1.1" 200 - "-" "WordPress/6.9.4; https://primemusicproductions.com"
193.37.32.213 - - [27/Apr/2026:20:56:12 +0000] "GET /index/function.php HTTP/1.1" 301 - "http://primemusicproductions.com/index/function.php" "Go-http-client/1.1"
193.37.32.213 - - [27/Apr/2026:20:56:14 +0000] "GET /InVideo HTTP/1.1" 307 - "https://primemusicproductions.com/index/function.php" "Go-http-client/1.1"
193.37.32.213 - - [27/Apr/2026:20:56:15 +0000] "GET /wp-admin/css/colors/light/ HTTP/1.1" 301 - "http://primemusicproductions.com/wp-admin/css/colors/light/" "Go-http-client/1.1"
193.37.32.213 - - [27/Apr/2026:20:56:16 +0000] "GET /InVideo HTTP/1.1" 307 - "https://primemusicproductions.com/wp-admin/css/colors/light/" "Go-http-client/1.1"
193.37.32.213 - - [27/Apr/2026:20:56:18 +0000] "GET /wp-content/about.php HTTP/1.1" 301 - "http://primemusicproductions.com/wp-content/about.php" "Go-http-client/1.1"
193.37.32.213 - - [27/Apr/2026:20:56:19 +0000] "GET /InVideo HTTP/1.1" 307 - "https://primemusicproductions.com/wp-content/about.php" "Go-http-client/1.1"
193.37.32.213 - - [27/Apr/2026:20:56:20 +0000] "GET /wp-content/plugins/plugin/ HTTP/1.1" 301 - "http://primemusicproductions.com/wp-content/plugins/plugin/" "Go-http-client/1.1"
193.37.32.213 - - [27/Apr/2026:20:56:22 +0000] "GET /InVideo HTTP/1.1" 307 - "https://primemusicproductions.com/wp-content/plugins/plugin/" "Go-http-client/1.1"
193.37.32.213 - - [27/Apr/2026:20:56:23 +0000] "GET /wp-includes/widgets/chosen.php HTTP/1.1" 301 - "http://primemusicproductions.com/wp-includes/widgets/chosen.php" "Go-http-client/1.1"
193.37.32.213 - - [27/Apr/2026:20:56:24 +0000] "GET /InVideo HTTP/1.1" 307 - "https://primemusicproductions.com/wp-includes/widgets/chosen.php" "Go-http-client/1.1"
193.37.32.213 - - [27/Apr/2026:20:56:27 +0000] "GET /wp-includes/block-bindings/ HTTP/1.1" 301 - "http://primemusicproductions.com/wp-includes/block-bindings/" "Go-http-client/1.1"
193.37.32.213 - - [27/Apr/2026:20:56:28 +0000] "GET /InVideo HTTP/1.1" 307 - "https://primemusicproductions.com/wp-includes/block-bindings/" "Go-http-client/1.1"
193.37.32.213 - - [27/Apr/2026:20:56:29 +0000] "GET /wp-good.php HTTP/1.1" 301 - "http://primemusicproductions.com/wp-good.php" "Go-http-client/1.1"
193.37.32.213 - - [27/Apr/2026:20:56:31 +0000] "GET /InVideo HTTP/1.1" 307 - "https://primemusicproductions.com/wp-good.php" "Go-http-client/1.1"
193.37.32.213 - - [27/Apr/2026:20:56:32 +0000] "GET /ioxi-o.php HTTP/1.1" 301 - "http://primemusicproductions.com/ioxi-o.php" "Go-http-client/1.1"
193.37.32.213 - - [27/Apr/2026:20:56:33 +0000] "GET /InVideo HTTP/1.1" 307 - "https://primemusicproductions.com/ioxi-o.php" "Go-http-client/1.1"
192.0.85.167 - - [27/Apr/2026:20:56:33 +0000] "HEAD / HTTP/1.1" 200 - "-" "jetmon/1.0 (Jetpack Site Uptime Monitor by WordPress.com)"
193.37.32.213 - - [27/Apr/2026:20:56:36 +0000] "GET /wp-content/plugins/enhanced-text-widget/analyst/src/403x.php HTTP/1.1" 301 - "http://primemusicproductions.com/wp-content/plugins/enhanced-text-widget/analyst/src/403x.php" "Go-http-client/1.1"
193.37.32.213 - - [27/Apr/2026:20:56:37 +0000] "GET /InVideo HTTP/1.1" 307 - "https://primemusicproductions.com/wp-content/plugins/enhanced-text-widget/analyst/src/403x.php" "Go-http-client/1.1"
193.37.32.213 - - [27/Apr/2026:20:56:39 +0000] "GET /bolt.php HTTP/1.1" 301 - "http://primemusicproductions.com/bolt.php" "Go-http-client/1.1"
193.37.32.213 - - [27/Apr/2026:20:56:40 +0000] "GET /InVideo HTTP/1.1" 307 - "https://primemusicproductions.com/bolt.php" "Go-http-client/1.1"
193.37.32.213 - - [27/Apr/2026:20:56:41 +0000] "GET /wp-includes/css/dist/ HTTP/1.1" 301 - "http://primemusicproductions.com/wp-includes/css/dist/" "Go-http-client/1.1"
193.37.32.213 - - [27/Apr/2026:20:56:42 +0000] "GET /InVideo HTTP/1.1" 307 - "https://primemusicproductions.com/wp-includes/css/dist/" "Go-http-client/1.1"
193.37.32.213 - - [27/Apr/2026:20:56:44 +0000] "GET /wp-includes/fonts/ HTTP/1.1" 301 - "http://primemusicproductions.com/wp-includes/fonts/" "Go-http-client/1.1"
193.37.32.213 - - [27/Apr/2026:20:56:45 +0000] "GET /InVideo HTTP/1.1" 307 - "https://primemusicproductions.com/wp-includes/fonts/" "Go-http-client/1.1"
193.37.32.213 - - [27/Apr/2026:20:56:46 +0000] "GET /wp-content/uploads/config.php HTTP/1.1" 301 - "http://primemusicproductions.com/wp-content/uploads/config.php" "Go-http-client/1.1"
193.37.32.213 - - [27/Apr/2026:20:56:48 +0000] "GET /InVideo HTTP/1.1" 307 - "https://primemusicproductions.com/wp-content/uploads/config.php" "Go-http-client/1.1"
193.37.32.213 - - [27/Apr/2026:20:56:49 +0000] "GET /wp-includes/header.php HTTP/1.1" 301 - "http://primemusicproductions.com/wp-includes/header.php" "Go-http-client/1.1"
193.37.32.213 - - [27/Apr/2026:20:56:50 +0000] "GET /InVideo HTTP/1.1" 307 - "https://primemusicproductions.com/wp-includes/header.php" "Go-http-client/1.1"
193.37.32.213 - - [27/Apr/2026:20:56:52 +0000] "GET /wp-content/plugins/hello.php HTTP/1.1" 301 - "http://primemusicproductions.com/wp-content/plugins/hello.php" "Go-http-client/1.1"
193.37.32.213 - - [27/Apr/2026:20:56:54 +0000] "GET /InVideo HTTP/1.1" 307 - "https://primemusicproductions.com/wp-content/plugins/hello.php" "Go-http-client/1.1"
193.37.32.213 - - [27/Apr/2026:20:56:55 +0000] "GET /wp-includes/blocks/pullquote/ HTTP/1.1" 301 - "http://primemusicproductions.com/wp-includes/blocks/pullquote/" "Go-http-client/1.1"
193.37.32.213 - - [27/Apr/2026:20:56:56 +0000] "GET /InVideo HTTP/1.1" 307 - "https://primemusicproductions.com/wp-includes/blocks/pullquote/" "Go-http-client/1.1"
193.37.32.213 - - [27/Apr/2026:20:56:58 +0000] "GET /wp-content/uploads/2024/ HTTP/1.1" 301 - "http://primemusicproductions.com/wp-content/uploads/2024/" "Go-http-client/1.1"
193.37.32.213 - - [27/Apr/2026:20:56:59 +0000] "GET /InVideo HTTP/1.1" 307 - "https://primemusicproductions.com/wp-content/uploads/2024/" "Go-http-client/1.1"
193.37.32.213 - - [27/Apr/2026:20:57:01 +0000] "GET /wp-includes/sodium_compat/src/Core/ HTTP/1.1" 301 - "http://primemusicproductions.com/wp-includes/sodium_compat/src/Core/" "Go-http-client/1.1"
193.37.32.213 - - [27/Apr/2026:20:57:02 +0000] "GET /InVideo HTTP/1.1" 307 - "https://primemusicproductions.com/wp-includes/sodium_compat/src/Core/" "Go-http-client/1.1"
193.37.32.213 - - [27/Apr/2026:20:57:04 +0000] "GET /wp-admin/js/widgets/ HTTP/1.1" 301 - "http://primemusicproductions.com/wp-admin/js/widgets/" "Go-http-client/1.1"
193.37.32.213 - - [27/Apr/2026:20:57:05 +0000] "GET /InVideo HTTP/1.1" 307 - "https://primemusicproductions.com/wp-admin/js/widgets/" "Go-http-client/1.1"
193.37.32.213 - - [27/Apr/2026:20:57:07 +0000] "GET /.well-known/ HTTP/1.1" 301 - "http://primemusicproductions.com/.well-known/" "Go-http-client/1.1"
193.37.32.213 - - [27/Apr/2026:20:57:08 +0000] "GET /InVideo HTTP/1.1" 307 - "https://primemusicproductions.com/.well-known/" "Go-http-client/1.1"
193.37.32.213 - - [27/Apr/2026:20:57:09 +0000] "GET /wp-content/plugins/filester/assets/css/404.php HTTP/1.1" 301 - "http://primemusicproductions.com/wp-content/plugins/filester/assets/css/404.php" "Go-http-client/1.1"
193.37.32.213 - - [27/Apr/2026:20:57:11 +0000] "GET /InVideo HTTP/1.1" 307 - "https://primemusicproductions.com/wp-content/plugins/filester/assets/css/404.php" "Go-http-client/1.1"
193.37.32.213 - - [27/Apr/2026:20:57:12 +0000] "GET /ws.php HTTP/1.1" 301 - "http://primemusicproductions.com/ws.php" "Go-http-client/1.1"
193.37.32.213 - - [27/Apr/2026:20:57:13 +0000] "GET /InVideo HTTP/1.1" 307 - "https://primemusicproductions.com/ws.php" "Go-http-client/1.1"
193.37.32.213 - - [27/Apr/2026:20:57:15 +0000] "GET /simple.php HTTP/1.1" 301 - "http://primemusicproductions.com/simple.php" "Go-http-client/1.1"
193.37.32.213 - - [27/Apr/2026:20:57:16 +0000] "GET /InVideo HTTP/1.1" 307 - "https://primemusicproductions.com/simple.php" "Go-http-client/1.1"
193.37.32.213 - - [27/Apr/2026:20:57:17 +0000] "GET /wp-includes/Text/ HTTP/1.1" 301 - "http://primemusicproductions.com/wp-includes/Text/" "Go-http-client/1.1"
193.37.32.213 - - [27/Apr/2026:20:57:19 +0000] "GET /InVideo HTTP/1.1" 307 - "https://primemusicproductions.com/wp-includes/Text/" "Go-http-client/1.1"
193.37.32.213 - - [27/Apr/2026:20:57:20 +0000] "GET /wp-includes/PHPMailer/ HTTP/1.1" 301 - "http://primemusicproductions.com/wp-includes/PHPMailer/" "Go-http-client/1.1"
193.37.32.213 - - [27/Apr/2026:20:57:21 +0000] "GET /InVideo HTTP/1.1" 307 - "https://primemusicproductions.com/wp-includes/PHPMailer/" "Go-http-client/1.1"
193.37.32.213 - - [27/Apr/2026:20:57:23 +0000] "GET /wp-includes/css/dist/edit-post/ HTTP/1.1" 301 - "http://primemusicproductions.com/wp-includes/css/dist/edit-post/" "Go-http-client/1.1"
193.37.32.213 - - [27/Apr/2026:20:57:24 +0000] "GET /InVideo HTTP/1.1" 307 - "https://primemusicproductions.com/wp-includes/css/dist/edit-post/" "Go-http-client/1.1"
193.37.32.213 - - [27/Apr/2026:20:57:26 +0000] "GET /wp-includes/assets/ HTTP/1.1" 301 - "http://primemusicproductions.com/wp-includes/assets/" "Go-http-client/1.1"
193.37.32.213 - - [27/Apr/2026:20:57:27 +0000] "GET /InVideo HTTP/1.1" 307 - "https://primemusicproductions.com/wp-includes/assets/" "Go-http-client/1.1"
193.37.32.213 - - [27/Apr/2026:20:57:28 +0000] "GET /wordpress/wp-admin/maint/ HTTP/1.1" 301 - "http://primemusicproductions.com/wordpress/wp-admin/maint/" "Go-http-client/1.1"
193.37.32.213 - - [27/Apr/2026:20:57:30 +0000] "GET /InVideo HTTP/1.1" 307 - "https://primemusicproductions.com/wordpress/wp-admin/maint/" "Go-http-client/1.1"
193.37.32.213 - - [27/Apr/2026:20:57:31 +0000] "GET /wp-includes/themes.php HTTP/1.1" 301 - "http://primemusicproductions.com/wp-includes/themes.php" "Go-http-client/1.1"
193.37.32.213 - - [27/Apr/2026:20:57:32 +0000] "GET /InVideo HTTP/1.1" 307 - "https://primemusicproductions.com/wp-includes/themes.php" "Go-http-client/1.1"
193.37.32.213 - - [27/Apr/2026:20:57:34 +0000] "GET /as.php HTTP/1.1" 301 - "http://primemusicproductions.com/as.php" "Go-http-client/1.1"
193.37.32.213 - - [27/Apr/2026:20:57:36 +0000] "GET /InVideo HTTP/1.1" 307 - "https://primemusicproductions.com/as.php" "Go-http-client/1.1"
184.94.212.206 - - [27/Apr/2026:20:57:38 +0000] "POST /wp-cron.php?doing_wp_cron=1777323458.5199949741363525390625 HTTP/1.1" 200 - "-" "WordPress/6.9.4; https://primemusicproductions.com"
193.37.32.213 - - [27/Apr/2026:20:57:37 +0000] "GET /buy.php HTTP/1.1" 301 - "http://primemusicproductions.com/buy.php" "Go-http-client/1.1"
193.37.32.213 - - [27/Apr/2026:20:57:38 +0000] "GET /InVideo HTTP/1.1" 307 - "https://primemusicproductions.com/buy.php" "Go-http-client/1.1"
193.37.32.213 - - [27/Apr/2026:20:57:40 +0000] "GET /wp-admin/includes/ HTTP/1.1" 301 - "http://primemusicproductions.com/wp-admin/includes/" "Go-http-client/1.1"
193.37.32.213 - - [27/Apr/2026:20:57:41 +0000] "GET /InVideo HTTP/1.1" 307 - "https://primemusicproductions.com/wp-admin/includes/" "Go-http-client/1.1"
193.37.32.213 - - [27/Apr/2026:20:57:43 +0000] "GET /wa/ HTTP/1.1" 301 - "http://primemusicproductions.com/wa/" "Go-http-client/1.1"
193.37.32.213 - - [27/Apr/2026:20:57:44 +0000] "GET /InVideo HTTP/1.1" 307 - "https://primemusicproductions.com/wa/" "Go-http-client/1.1"
193.37.32.213 - - [27/Apr/2026:20:57:46 +0000] "GET /wp-admin/maint/ HTTP/1.1" 301 - "http://primemusicproductions.com/wp-admin/maint/" "Go-http-client/1.1"
193.37.32.213 - - [27/Apr/2026:20:57:47 +0000] "GET /InVideo HTTP/1.1" 307 - "https://primemusicproductions.com/wp-admin/maint/" "Go-http-client/1.1"
193.37.32.213 - - [27/Apr/2026:20:57:48 +0000] "GET /wp-content/themes/404.php HTTP/1.1" 301 - "http://primemusicproductions.com/wp-content/themes/404.php" "Go-http-client/1.1"
193.37.32.213 - - [27/Apr/2026:20:57:49 +0000] "GET /InVideo HTTP/1.1" 307 - "https://primemusicproductions.com/wp-content/themes/404.php" "Go-http-client/1.1"
193.37.32.188 - - [27/Apr/2026:20:57:51 +0000] "GET /ahax.php HTTP/1.1" 301 - "http://primemusicproductions.com/ahax.php" "Go-http-client/1.1"
193.37.32.188 - - [27/Apr/2026:20:57:53 +0000] "GET /InVideo HTTP/1.1" 307 - "https://primemusicproductions.com/ahax.php" "Go-http-client/1.1"
193.37.32.188 - - [27/Apr/2026:20:57:54 +0000] "GET /wp-content/buy.php HTTP/1.1" 301 - "http://primemusicproductions.com/wp-content/buy.php" "Go-http-client/1.1"
193.37.32.188 - - [27/Apr/2026:20:57:55 +0000] "GET /InVideo HTTP/1.1" 307 - "https://primemusicproductions.com/wp-content/buy.php" "Go-http-client/1.1"
193.37.32.188 - - [27/Apr/2026:20:57:57 +0000] "GET /wp-includes/blocks/comment-date/ HTTP/1.1" 301 - "http://primemusicproductions.com/wp-includes/blocks/comment-date/" "Go-http-client/1.1"
193.37.32.188 - - [27/Apr/2026:20:57:58 +0000] "GET /InVideo HTTP/1.1" 307 - "https://primemusicproductions.com/wp-includes/blocks/comment-date/" "Go-http-client/1.1"
193.37.32.188 - - [27/Apr/2026:20:57:59 +0000] "GET /wp-content/plugins/admin.php HTTP/1.1" 301 - "http://primemusicproductions.com/wp-content/plugins/admin.php" "Go-http-client/1.1"
193.37.32.188 - - [27/Apr/2026:20:58:01 +0000] "GET /InVideo HTTP/1.1" 307 - "https://primemusicproductions.com/wp-content/plugins/admin.php" "Go-http-client/1.1"
193.37.32.188 - - [27/Apr/2026:20:58:03 +0000] "GET /admin.php?p= HTTP/1.1" 301 - "http://primemusicproductions.com/admin.php?p=" "Go-http-client/1.1"
193.37.32.188 - - [27/Apr/2026:20:58:04 +0000] "GET /InVideo HTTP/1.1" 307 - "https://primemusicproductions.com/admin.php?p=" "Go-http-client/1.1"
193.37.32.188 - - [27/Apr/2026:20:58:06 +0000] "GET /wp-includes/rest-api/fields/ HTTP/1.1" 301 - "http://primemusicproductions.com/wp-includes/rest-api/fields/" "Go-http-client/1.1"
193.37.32.188 - - [27/Apr/2026:20:58:07 +0000] "GET /InVideo HTTP/1.1" 307 - "https://primemusicproductions.com/wp-includes/rest-api/fields/" "Go-http-client/1.1"
193.37.32.188 - - [27/Apr/2026:20:58:09 +0000] "GET /log.php HTTP/1.1" 301 - "http://primemusicproductions.com/log.php" "Go-http-client/1.1"
193.37.32.188 - - [27/Apr/2026:20:58:10 +0000] "GET /InVideo HTTP/1.1" 307 - "https://primemusicproductions.com/log.php" "Go-http-client/1.1"
193.37.32.188 - - [27/Apr/2026:20:58:11 +0000] "GET /wp-includes/js/tinymce/themes/about.php HTTP/1.1" 301 - "http://primemusicproductions.com/wp-includes/js/tinymce/themes/about.php" "Go-http-client/1.1"
193.37.32.188 - - [27/Apr/2026:20:58:13 +0000] "GET /InVideo HTTP/1.1" 307 - "https://primemusicproductions.com/wp-includes/js/tinymce/themes/about.php" "Go-http-client/1.1"
193.37.32.188 - - [27/Apr/2026:20:58:14 +0000] "GET /wp-content/wp-conflg.php HTTP/1.1" 301 - "http://primemusicproductions.com/wp-content/wp-conflg.php" "Go-http-client/1.1"
44.218.170.184 - - [27/Apr/2026:20:58:15 +0000] "GET /music-productions/play-like-a-pro-with-these-guitar-tips/ HTTP/1.1" 200 49544 "-" "Mozilla/5.0 AppleWebKit/537.36 (KHTML, like Gecko; compatible; Amazonbot/0.1; +https://developer.amazon.com/support/amazonbot) Chrome/119.0.6045.214 Safari/537.36"
193.37.32.188 - - [27/Apr/2026:20:58:15 +0000] "GET /InVideo HTTP/1.1" 307 - "https://primemusicproductions.com/wp-content/wp-conflg.php" "Go-http-client/1.1"
85.208.96.210 - - [27/Apr/2026:20:58:17 +0000] "GET /tag/guitar-playing/?amp HTTP/1.1" 200 49363 "-" "Mozilla/5.0 (compatible; SemrushBot/7~bl; +http://www.semrush.com/bot.html)"
193.37.32.188 - - [27/Apr/2026:20:58:17 +0000] "GET /wp-includes/certificates/ HTTP/1.1" 301 - "http://primemusicproductions.com/wp-includes/certificates/" "Go-http-client/1.1"
193.37.32.188 - - [27/Apr/2026:20:58:18 +0000] "GET /InVideo HTTP/1.1" 307 - "https://primemusicproductions.com/wp-includes/certificates/" "Go-http-client/1.1"
193.37.32.188 - - [27/Apr/2026:20:58:20 +0000] "GET /wp-content/themes/about.php HTTP/1.1" 301 - "http://primemusicproductions.com/wp-content/themes/about.php" "Go-http-client/1.1"
193.37.32.188 - - [27/Apr/2026:20:58:21 +0000] "GET /InVideo HTTP/1.1" 307 - "https://primemusicproductions.com/wp-content/themes/about.php" "Go-http-client/1.1"
185.191.171.15 - - [27/Apr/2026:20:58:21 +0000] "GET /tag/guitar-playing/ HTTP/1.1" 200 49363 "-" "Mozilla/5.0 (compatible; SemrushBot/7~bl; +http://www.semrush.com/bot.html)"
193.37.32.188 - - [27/Apr/2026:20:58:23 +0000] "GET /mini.php HTTP/1.1" 301 - "http://primemusicproductions.com/mini.php" "Go-http-client/1.1"
193.37.32.188 - - [27/Apr/2026:20:58:24 +0000] "GET /InVideo HTTP/1.1" 307 - "https://primemusicproductions.com/mini.php" "Go-http-client/1.1"
193.37.32.188 - - [27/Apr/2026:20:58:25 +0000] "GET /wp-includes/panel.php HTTP/1.1" 301 - "http://primemusicproductions.com/wp-includes/panel.php" "Go-http-client/1.1"
193.37.32.188 - - [27/Apr/2026:20:58:27 +0000] "GET /InVideo HTTP/1.1" 307 - "https://primemusicproductions.com/wp-includes/panel.php" "Go-http-client/1.1"
193.37.32.188 - - [27/Apr/2026:20:58:28 +0000] "GET /wp-includes/Text/Diff/ HTTP/1.1" 301 - "http://primemusicproductions.com/wp-includes/Text/Diff/" "Go-http-client/1.1"
193.37.32.188 - - [27/Apr/2026:20:58:30 +0000] "GET /InVideo HTTP/1.1" 307 - "https://primemusicproductions.com/wp-includes/Text/Diff/" "Go-http-client/1.1"
193.37.32.188 - - [27/Apr/2026:20:58:32 +0000] "GET /root.php HTTP/1.1" 301 - "http://primemusicproductions.com/root.php" "Go-http-client/1.1"
193.37.32.188 - - [27/Apr/2026:20:58:33 +0000] "GET /InVideo HTTP/1.1" 307 - "https://primemusicproductions.com/root.php" "Go-http-client/1.1"
193.37.32.188 - - [27/Apr/2026:20:58:35 +0000] "GET /wp-includes/js/dist/development/ HTTP/1.1" 301 - "http://primemusicproductions.com/wp-includes/js/dist/development/" "Go-http-client/1.1"
193.37.32.188 - - [27/Apr/2026:20:58:36 +0000] "GET /InVideo HTTP/1.1" 307 - "https://primemusicproductions.com/wp-includes/js/dist/development/" "Go-http-client/1.1"
193.37.32.188 - - [27/Apr/2026:20:58:37 +0000] "GET /wp-admin/network/ HTTP/1.1" 302 - "http://primemusicproductions.com/wp-admin/network/" "Go-http-client/1.1"
193.37.32.188 - - [27/Apr/2026:20:58:39 +0000] "GET /wp-login.php?redirect_to=https%3A%2F%2Fprimemusicproductions.com%2Fwp-admin%2Fnetwork%2F&reauth=1 HTTP/1.1" 200 4034 "https://primemusicproductions.com/wp-admin/network/" "Go-http-client/1.1"
193.37.32.188 - - [27/Apr/2026:20:58:41 +0000] "GET /m.php HTTP/1.1" 301 - "http://primemusicproductions.com/m.php" "Go-http-client/1.1"
193.37.32.188 - - [27/Apr/2026:20:58:42 +0000] "GET /InVideo HTTP/1.1" 307 - "https://primemusicproductions.com/m.php" "Go-http-client/1.1"
193.37.32.188 - - [27/Apr/2026:20:58:43 +0000] "GET /admin/function.php HTTP/1.1" 301 - "http://primemusicproductions.com/admin/function.php" "Go-http-client/1.1"
193.37.32.188 - - [27/Apr/2026:20:58:45 +0000] "GET /InVideo HTTP/1.1" 307 - "https://primemusicproductions.com/admin/function.php" "Go-http-client/1.1"
193.37.32.188 - - [27/Apr/2026:20:58:46 +0000] "GET /wp-includes/blocks/code/ HTTP/1.1" 301 - "http://primemusicproductions.com/wp-includes/blocks/code/" "Go-http-client/1.1"
193.37.32.188 - - [27/Apr/2026:20:58:47 +0000] "GET /InVideo HTTP/1.1" 307 - "https://primemusicproductions.com/wp-includes/blocks/code/" "Go-http-client/1.1"
193.37.32.188 - - [27/Apr/2026:20:58:49 +0000] "GET /wp-includes/js/jcrop/Jcrop.php HTTP/1.1" 301 - "http://primemusicproductions.com/wp-includes/js/jcrop/Jcrop.php" "Go-http-client/1.1"
193.37.32.188 - - [27/Apr/2026:20:58:50 +0000] "GET /InVideo HTTP/1.1" 307 - "https://primemusicproductions.com/wp-includes/js/jcrop/Jcrop.php" "Go-http-client/1.1"
193.37.32.188 - - [27/Apr/2026:20:58:51 +0000] "GET /wp-includes/blocks/comments-pagination-numbers/ HTTP/1.1" 301 - "http://primemusicproductions.com/wp-includes/blocks/comments-pagination-numbers/" "Go-http-client/1.1"
193.37.32.188 - - [27/Apr/2026:20:58:52 +0000] "GET /InVideo HTTP/1.1" 307 - "https://primemusicproductions.com/wp-includes/blocks/comments-pagination-numbers/" "Go-http-client/1.1"
193.37.32.188 - - [27/Apr/2026:20:58:54 +0000] "GET /a.php HTTP/1.1" 301 - "http://primemusicproductions.com/a.php" "Go-http-client/1.1"
193.37.32.188 - - [27/Apr/2026:20:58:55 +0000] "GET /InVideo HTTP/1.1" 307 - "https://primemusicproductions.com/a.php" "Go-http-client/1.1"
193.37.32.188 - - [27/Apr/2026:20:58:57 +0000] "GET /wp-admin/maint/includes/ HTTP/1.1" 301 - "http://primemusicproductions.com/wp-admin/maint/includes/" "Go-http-client/1.1"
193.37.32.188 - - [27/Apr/2026:20:58:58 +0000] "GET /InVideo HTTP/1.1" 307 - "https://primemusicproductions.com/wp-admin/maint/includes/" "Go-http-client/1.1"
193.37.32.188 - - [27/Apr/2026:20:58:59 +0000] "GET /wp-content/languages/themes/ HTTP/1.1" 301 - "http://primemusicproductions.com/wp-content/languages/themes/" "Go-http-client/1.1"
193.37.32.188 - - [27/Apr/2026:20:59:01 +0000] "GET /InVideo HTTP/1.1" 307 - "https://primemusicproductions.com/wp-content/languages/themes/" "Go-http-client/1.1"
193.37.32.188 - - [27/Apr/2026:20:59:02 +0000] "GET /wp-includes/blocks/footnotes/ HTTP/1.1" 301 - "http://primemusicproductions.com/wp-includes/blocks/footnotes/" "Go-http-client/1.1"
193.37.32.188 - - [27/Apr/2026:20:59:04 +0000] "GET /InVideo HTTP/1.1" 307 - "https://primemusicproductions.com/wp-includes/blocks/footnotes/" "Go-http-client/1.1"
193.37.32.188 - - [27/Apr/2026:20:59:05 +0000] "GET /wp-admin/css/colors/midnight/ HTTP/1.1" 301 - "http://primemusicproductions.com/wp-admin/css/colors/midnight/" "Go-http-client/1.1"
193.37.32.188 - - [27/Apr/2026:20:59:06 +0000] "GET /InVideo HTTP/1.1" 307 - "https://primemusicproductions.com/wp-admin/css/colors/midnight/" "Go-http-client/1.1"
193.37.32.188 - - [27/Apr/2026:20:59:08 +0000] "GET /wp-content/themes/theme-check/main.php HTTP/1.1" 301 - "http://primemusicproductions.com/wp-content/themes/theme-check/main.php" "Go-http-client/1.1"
193.37.32.188 - - [27/Apr/2026:20:59:09 +0000] "GET /InVideo HTTP/1.1" 307 - "https://primemusicproductions.com/wp-content/themes/theme-check/main.php" "Go-http-client/1.1"
193.37.32.188 - - [27/Apr/2026:20:59:11 +0000] "GET /wp-includes/sodium_compat/lib/ HTTP/1.1" 301 - "http://primemusicproductions.com/wp-includes/sodium_compat/lib/" "Go-http-client/1.1"
193.37.32.188 - - [27/Apr/2026:20:59:12 +0000] "GET /InVideo HTTP/1.1" 307 - "https://primemusicproductions.com/wp-includes/sodium_compat/lib/" "Go-http-client/1.1"
193.37.32.188 - - [27/Apr/2026:20:59:13 +0000] "GET /wp-content/uploads/upload.php HTTP/1.1" 301 - "http://primemusicproductions.com/wp-content/uploads/upload.php" "Go-http-client/1.1"
193.37.32.188 - - [27/Apr/2026:20:59:15 +0000] "GET /InVideo HTTP/1.1" 307 - "https://primemusicproductions.com/wp-content/uploads/upload.php" "Go-http-client/1.1"
193.37.32.188 - - [27/Apr/2026:20:59:16 +0000] "GET /wp-domain.php HTTP/1.1" 301 - "http://primemusicproductions.com/wp-domain.php" "Go-http-client/1.1"
193.37.32.188 - - [27/Apr/2026:20:59:17 +0000] "GET /InVideo HTTP/1.1" 307 - "https://primemusicproductions.com/wp-domain.php" "Go-http-client/1.1"
185.191.171.6 - - [27/Apr/2026:20:59:18 +0000] "GET /music-downloads/understand-music-downloads-by-following-this-advice/ HTTP/1.1" 200 49651 "-" "Mozilla/5.0 (compatible; SemrushBot/7~bl; +http://www.semrush.com/bot.html)"
193.37.32.188 - - [27/Apr/2026:20:59:19 +0000] "GET /wp-content/themes/radio.php HTTP/1.1" 301 - "http://primemusicproductions.com/wp-content/themes/radio.php" "Go-http-client/1.1"
193.37.32.188 - - [27/Apr/2026:20:59:21 +0000] "GET /InVideo HTTP/1.1" 307 - "https://primemusicproductions.com/wp-content/themes/radio.php" "Go-http-client/1.1"
193.37.32.188 - - [27/Apr/2026:20:59:22 +0000] "GET /rip.php HTTP/1.1" 301 - "http://primemusicproductions.com/rip.php" "Go-http-client/1.1"
193.37.32.188 - - [27/Apr/2026:20:59:23 +0000] "GET /InVideo HTTP/1.1" 307 - "https://primemusicproductions.com/rip.php" "Go-http-client/1.1"
184.94.212.206 - - [27/Apr/2026:20:59:26 +0000] "POST /wp-cron.php?doing_wp_cron=1777323566.3097579479217529296875 HTTP/1.1" 200 - "-" "WordPress/6.9.4; https://primemusicproductions.com"
193.37.32.188 - - [27/Apr/2026:20:59:25 +0000] "GET /wp-content/themes/fukasawa/inc/classes/403x.php HTTP/1.1" 301 - "http://primemusicproductions.com/wp-content/themes/fukasawa/inc/classes/403x.php" "Go-http-client/1.1"
193.37.32.188 - - [27/Apr/2026:20:59:26 +0000] "GET /InVideo HTTP/1.1" 307 - "https://primemusicproductions.com/wp-content/themes/fukasawa/inc/classes/403x.php" "Go-http-client/1.1"
193.37.32.188 - - [27/Apr/2026:20:59:28 +0000] "GET /wp-content/options.php HTTP/1.1" 301 - "http://primemusicproductions.com/wp-content/options.php" "Go-http-client/1.1"
193.37.32.188 - - [27/Apr/2026:20:59:29 +0000] "GET /InVideo HTTP/1.1" 307 - "https://primemusicproductions.com/wp-content/options.php" "Go-http-client/1.1"
193.37.32.188 - - [27/Apr/2026:20:59:31 +0000] "GET /wp-includes/config.php HTTP/1.1" 301 - "http://primemusicproductions.com/wp-includes/config.php" "Go-http-client/1.1"
193.37.32.188 - - [27/Apr/2026:20:59:32 +0000] "GET /InVideo HTTP/1.1" 307 - "https://primemusicproductions.com/wp-includes/config.php" "Go-http-client/1.1"
193.37.32.188 - - [27/Apr/2026:20:59:33 +0000] "GET /wp-includes/SimplePie/src/Content/Type/ HTTP/1.1" 301 - "http://primemusicproductions.com/wp-includes/SimplePie/src/Content/Type/" "Go-http-client/1.1"
193.37.32.188 - - [27/Apr/2026:20:59:35 +0000] "GET /InVideo HTTP/1.1" 307 - "https://primemusicproductions.com/wp-includes/SimplePie/src/Content/Type/" "Go-http-client/1.1"
193.37.32.188 - - [27/Apr/2026:20:59:36 +0000] "GET /css.php HTTP/1.1" 301 - "http://primemusicproductions.com/css.php" "Go-http-client/1.1"
193.37.32.188 - - [27/Apr/2026:20:59:37 +0000] "GET /InVideo HTTP/1.1" 307 - "https://primemusicproductions.com/css.php" "Go-http-client/1.1"
193.37.32.188 - - [27/Apr/2026:20:59:39 +0000] "GET /wp-includes/blocks/freeform/ HTTP/1.1" 301 - "http://primemusicproductions.com/wp-includes/blocks/freeform/" "Go-http-client/1.1"
193.37.32.188 - - [27/Apr/2026:20:59:40 +0000] "GET /InVideo HTTP/1.1" 307 - "https://primemusicproductions.com/wp-includes/blocks/freeform/" "Go-http-client/1.1"
193.37.32.188 - - [27/Apr/2026:20:59:42 +0000] "GET /wp-includes/blocks/post-comments-form/ HTTP/1.1" 301 - "http://primemusicproductions.com/wp-includes/blocks/post-comments-form/" "Go-http-client/1.1"
193.37.32.188 - - [27/Apr/2026:20:59:43 +0000] "GET /InVideo HTTP/1.1" 307 - "https://primemusicproductions.com/wp-includes/blocks/post-comments-form/" "Go-http-client/1.1"
193.37.32.188 - - [27/Apr/2026:20:59:44 +0000] "GET /system_log.php HTTP/1.1" 301 - "http://primemusicproductions.com/system_log.php" "Go-http-client/1.1"
193.37.32.188 - - [27/Apr/2026:20:59:46 +0000] "GET /InVideo HTTP/1.1" 307 - "https://primemusicproductions.com/system_log.php" "Go-http-client/1.1"
193.37.32.188 - - [27/Apr/2026:20:59:47 +0000] "GET /wp-content/themes/neve/assets/apps/dashboard/build/ HTTP/1.1" 301 - "http://primemusicproductions.com/wp-content/themes/neve/assets/apps/dashboard/build/" "Go-http-client/1.1"
193.37.32.188 - - [27/Apr/2026:20:59:48 +0000] "GET /InVideo HTTP/1.1" 307 - "https://primemusicproductions.com/wp-content/themes/neve/assets/apps/dashboard/build/" "Go-http-client/1.1"
193.37.32.188 - - [27/Apr/2026:20:59:50 +0000] "GET /wp-includes/images/ HTTP/1.1" 301 - "http://primemusicproductions.com/wp-includes/images/" "Go-http-client/1.1"
193.37.32.188 - - [27/Apr/2026:20:59:51 +0000] "GET /InVideo HTTP/1.1" 307 - "https://primemusicproductions.com/wp-includes/images/" "Go-http-client/1.1"
193.37.32.188 - - [27/Apr/2026:20:59:53 +0000] "GET /xmlrpc.php HTTP/1.1" 301 - "http://primemusicproductions.com/xmlrpc.php" "Go-http-client/1.1"
193.37.32.188 - - [27/Apr/2026:20:59:54 +0000] "GET /InVideo HTTP/1.1" 307 - "https://primemusicproductions.com/xmlrpc.php" "Go-http-client/1.1"
193.37.32.188 - - [27/Apr/2026:20:59:55 +0000] "GET /wp-admin/css/colors/ocean/ HTTP/1.1" 301 - "http://primemusicproductions.com/wp-admin/css/colors/ocean/" "Go-http-client/1.1"
193.37.32.188 - - [27/Apr/2026:20:59:57 +0000] "GET /InVideo HTTP/1.1" 307 - "https://primemusicproductions.com/wp-admin/css/colors/ocean/" "Go-http-client/1.1"
184.94.212.206 - - [27/Apr/2026:20:59:59 +0000] "POST /wp-cron.php?doing_wp_cron=1777323599.4826600551605224609375 HTTP/1.1" 200 - "-" "WordPress/6.9.4; https://primemusicproductions.com"
193.37.32.188 - - [27/Apr/2026:20:59:58 +0000] "GET /wp-includes/widgets/ HTTP/1.1" 301 - "http://primemusicproductions.com/wp-includes/widgets/" "Go-http-client/1.1"
193.37.32.188 - - [27/Apr/2026:20:59:59 +0000] "GET /InVideo HTTP/1.1" 307 - "https://primemusicproductions.com/wp-includes/widgets/" "Go-http-client/1.1"
193.37.32.188 - - [27/Apr/2026:21:00:01 +0000] "GET /wp-includes/blocks/comment-content/ HTTP/1.1" 301 - "http://primemusicproductions.com/wp-includes/blocks/comment-content/" "Go-http-client/1.1"
193.37.32.188 - - [27/Apr/2026:21:00:03 +0000] "GET /InVideo HTTP/1.1" 307 - "https://primemusicproductions.com/wp-includes/blocks/comment-content/" "Go-http-client/1.1"
193.37.32.188 - - [27/Apr/2026:21:00:06 +0000] "GET /wp-content/languages/ HTTP/1.1" 301 - "http://primemusicproductions.com/wp-content/languages/" "Go-http-client/1.1"
193.37.32.188 - - [27/Apr/2026:21:00:08 +0000] "GET /InVideo HTTP/1.1" 307 - "https://primemusicproductions.com/wp-content/languages/" "Go-http-client/1.1"
193.37.32.188 - - [27/Apr/2026:21:00:09 +0000] "GET /worksec.php HTTP/1.1" 301 - "http://primemusicproductions.com/worksec.php" "Go-http-client/1.1"
193.37.32.188 - - [27/Apr/2026:21:00:11 +0000] "GET /InVideo HTTP/1.1" 307 - "https://primemusicproductions.com/worksec.php" "Go-http-client/1.1"
193.37.32.188 - - [27/Apr/2026:21:00:12 +0000] "GET /wp-content/packed.php HTTP/1.1" 301 - "http://primemusicproductions.com/wp-content/packed.php" "Go-http-client/1.1"
193.37.32.188 - - [27/Apr/2026:21:00:14 +0000] "GET /InVideo HTTP/1.1" 307 - "https://primemusicproductions.com/wp-content/packed.php" "Go-http-client/1.1"
193.37.32.188 - - [27/Apr/2026:21:00:16 +0000] "GET /wp-admin/network/cache/ HTTP/1.1" 301 - "http://primemusicproductions.com/wp-admin/network/cache/" "Go-http-client/1.1"
193.37.32.211 - - [27/Apr/2026:21:00:18 +0000] "GET /InVideo HTTP/1.1" 307 - "https://primemusicproductions.com/wp-admin/network/cache/" "Go-http-client/1.1"
193.37.32.211 - - [27/Apr/2026:21:00:19 +0000] "GET /wp-content/themes/twentytwentyfour/patterns/file.php HTTP/1.1" 301 - "http://primemusicproductions.com/wp-content/themes/twentytwentyfour/patterns/file.php" "Go-http-client/1.1"
193.37.32.211 - - [27/Apr/2026:21:00:20 +0000] "GET /InVideo HTTP/1.1" 307 - "https://primemusicproductions.com/wp-content/themes/twentytwentyfour/patterns/file.php" "Go-http-client/1.1"
193.37.32.211 - - [27/Apr/2026:21:00:22 +0000] "GET /wp-content/admin-header.php HTTP/1.1" 301 - "http://primemusicproductions.com/wp-content/admin-header.php" "Go-http-client/1.1"
193.37.32.211 - - [27/Apr/2026:21:00:24 +0000] "GET /InVideo HTTP/1.1" 307 - "https://primemusicproductions.com/wp-content/admin-header.php" "Go-http-client/1.1"
