114.119.139.115 - - [27/Apr/2026:13:33:24 +0000] "GET /tag/music-productions/page/2/?amp HTTP/1.1" 200 50991 "https://primemusicproductions.com/tag/music-productions/page/2/?amp" "Mozilla/5.0 (Linux; Android 7.0;) AppleWebKit/537.36 (HTML, like Gecko) Mobile Safari/537.36 (compatible; PetalBot;+https://webmaster.petalsearch.com/site/petalbot)"
216.73.216.179 - - [27/Apr/2026:13:33:25 +0000] "GET /robots.txt HTTP/1.1" 200 153 "-" "Mozilla/5.0 AppleWebKit/537.36 (KHTML, like Gecko; compatible; ClaudeBot/1.0; +claudebot@anthropic.com)"
216.73.216.179 - - [27/Apr/2026:13:33:27 +0000] "GET /sitemap_index.xml HTTP/1.1" 200 358 "-" "Mozilla/5.0 AppleWebKit/537.36 (KHTML, like Gecko; compatible; ClaudeBot/1.0; +claudebot@anthropic.com)"
184.94.212.206 - - [27/Apr/2026:13:36:39 +0000] "POST /wp-cron.php?doing_wp_cron=1777296999.6073079109191894531250 HTTP/1.1" 200 - "-" "WordPress/6.9.4; https://primemusicproductions.com"
192.0.85.167 - - [27/Apr/2026:13:36:37 +0000] "HEAD / HTTP/1.1" 200 - "-" "jetmon/1.0 (Jetpack Site Uptime Monitor by WordPress.com)"
184.94.212.206 - - [27/Apr/2026:13:38:52 +0000] "POST /wp-cron.php?doing_wp_cron=1777297132.7852339744567871093750 HTTP/1.1" 200 - "-" "WordPress/6.9.4; https://primemusicproductions.com"
114.119.139.115 - - [27/Apr/2026:13:38:51 +0000] "GET /tag/music-downloads?ak_action=reject_mobile&amp HTTP/1.1" 301 - "https://primemusicproductions.com/tag/music-downloads?ak_action=reject_mobile&noamp=mobile" "Mozilla/5.0 (Linux; Android 7.0;) AppleWebKit/537.36 (HTML, like Gecko) Mobile Safari/537.36 (compatible; PetalBot;+https://webmaster.petalsearch.com/site/petalbot)"
114.119.139.115 - - [27/Apr/2026:13:38:53 +0000] "GET /tag/music-downloads/?ak_action=reject_mobile&amp HTTP/1.1" 200 48445 "https://primemusicproductions.com/tag/music-downloads?ak_action=reject_mobile&noamp=mobile" "Mozilla/5.0 (Linux; Android 7.0;) AppleWebKit/537.36 (HTML, like Gecko) Mobile Safari/537.36 (compatible; PetalBot;+https://webmaster.petalsearch.com/site/petalbot)"
184.94.212.206 - - [27/Apr/2026:13:40:58 +0000] "POST /wp-cron.php?doing_wp_cron=1777297258.5899200439453125000000 HTTP/1.1" 200 - "-" "WordPress/6.9.4; https://primemusicproductions.com"
173.239.240.118 - - [27/Apr/2026:13:40:55 +0000] "POST /wp-login.php HTTP/1.1" 401 3424 "-" "Mozilla/5.0"
192.0.85.167 - - [27/Apr/2026:13:41:38 +0000] "HEAD / HTTP/1.1" 200 - "-" "jetmon/1.0 (Jetpack Site Uptime Monitor by WordPress.com)"
184.94.212.206 - - [27/Apr/2026:13:44:29 +0000] "POST /wp-cron.php?doing_wp_cron=1777297469.1240029335021972656250 HTTP/1.1" 200 - "-" "WordPress/6.9.4; https://primemusicproductions.com"
114.119.128.127 - - [27/Apr/2026:13:44:27 +0000] "GET /tag/begin-learning/?nonamp=1&noamp=mobile HTTP/1.1" 200 48439 "https://primemusicproductions.com/tag/begin-learning/?nonamp=1&noamp=mobile" "Mozilla/5.0 (Linux; Android 7.0;) AppleWebKit/537.36 (HTML, like Gecko) Mobile Safari/537.36 (compatible; PetalBot;+https://webmaster.petalsearch.com/site/petalbot)"
184.94.212.206 - - [27/Apr/2026:13:45:40 +0000] "POST /wp-cron.php?doing_wp_cron=1777297540.9232869148254394531250 HTTP/1.1" 200 - "-" "WordPress/6.9.4; https://primemusicproductions.com"
216.73.216.179 - - [27/Apr/2026:13:45:39 +0000] "GET /sitemap.xml HTTP/1.1" 200 307 "-" "Mozilla/5.0 AppleWebKit/537.36 (KHTML, like Gecko; compatible; ClaudeBot/1.0; +claudebot@anthropic.com)"
184.94.212.206 - - [27/Apr/2026:13:46:38 +0000] "POST /wp-cron.php?doing_wp_cron=1777297598.4544889926910400390625 HTTP/1.1" 200 - "-" "WordPress/6.9.4; https://primemusicproductions.com"
192.0.85.167 - - [27/Apr/2026:13:46:36 +0000] "HEAD / HTTP/1.1" 200 - "-" "jetmon/1.0 (Jetpack Site Uptime Monitor by WordPress.com)"
216.244.66.195 - - [27/Apr/2026:13:46:50 +0000] "GET /index.php?page_id=4&pg=2 HTTP/1.1" 301 - "-" "Mozilla/5.0 (compatible; DotBot/1.2; +https://opensiteexplorer.org/dotbot; help@moz.com)"
184.94.212.206 - - [27/Apr/2026:13:49:15 +0000] "POST /wp-cron.php?doing_wp_cron=1777297755.1328279972076416015625 HTTP/1.1" 200 - "-" "WordPress/6.9.4; https://primemusicproductions.com"
142.44.228.52 - - [27/Apr/2026:13:49:13 +0000] "GET /site-map/ HTTP/1.1" 200 45511 "-" "Mozilla/5.0 (compatible; AhrefsBot/7.0; +http://ahrefs.com/robot/)"
184.94.212.206 - - [27/Apr/2026:13:50:45 +0000] "POST /wp-cron.php?doing_wp_cron=1777297845.7724399566650390625000 HTTP/1.1" 200 - "-" "WordPress/6.9.4; https://primemusicproductions.com"
114.119.150.166 - - [27/Apr/2026:13:50:44 +0000] "GET /site-map HTTP/1.1" 301 - "https://primemusicproductions.com/music-productions/interested-in-downloading-music-read-this-piece?noamp=mobile" "Mozilla/5.0 (Linux; Android 7.0;) AppleWebKit/537.36 (HTML, like Gecko) Mobile Safari/537.36 (compatible; PetalBot;+https://webmaster.petalsearch.com/site/petalbot)"
114.119.150.166 - - [27/Apr/2026:13:50:46 +0000] "GET /site-map/ HTTP/1.1" 200 45519 "https://primemusicproductions.com/music-productions/interested-in-downloading-music-read-this-piece?noamp=mobile" "Mozilla/5.0 (Linux; Android 7.0;) AppleWebKit/537.36 (HTML, like Gecko) Mobile Safari/537.36 (compatible; PetalBot;+https://webmaster.petalsearch.com/site/petalbot)"
20.207.194.44 - - [27/Apr/2026:13:51:18 +0000] "GET /wp-content/plugins/admin.php HTTP/1.1" 301 - "-" "Mozilla/5.0 (Windows NT 10.0; Win64; x64) AppleWebKit/537.36 (KHTML, like Gecko) Chrome/120.0.0.0 Safari/537.36"
20.207.194.44 - - [27/Apr/2026:13:51:19 +0000] "GET /admin.php HTTP/1.1" 301 - "-" "Mozilla/5.0 (Windows NT 10.0; Win64; x64) AppleWebKit/537.36 (KHTML, like Gecko) Chrome/120.0.0.0 Safari/537.36"
20.207.194.44 - - [27/Apr/2026:13:51:21 +0000] "GET /wk/index.php HTTP/1.1" 301 - "-" "Mozilla/5.0 (Windows NT 10.0; Win64; x64) AppleWebKit/537.36 (KHTML, like Gecko) Chrome/120.0.0.0 Safari/537.36"
20.207.194.44 - - [27/Apr/2026:13:51:22 +0000] "GET /supyffqkrnyxagxcjucnCdefault.php HTTP/1.1" 301 - "-" "Mozilla/5.0 (Windows NT 10.0; Win64; x64) AppleWebKit/537.36 (KHTML, like Gecko) Chrome/120.0.0.0 Safari/537.36"
20.207.194.44 - - [27/Apr/2026:13:51:24 +0000] "GET /elp.php HTTP/1.1" 301 - "-" "Mozilla/5.0 (Windows NT 10.0; Win64; x64) AppleWebKit/537.36 (KHTML, like Gecko) Chrome/120.0.0.0 Safari/537.36"
20.207.194.44 - - [27/Apr/2026:13:51:25 +0000] "GET /adminfuns.php HTTP/1.1" 301 - "-" "Mozilla/5.0 (Windows NT 10.0; Win64; x64) AppleWebKit/537.36 (KHTML, like Gecko) Chrome/120.0.0.0 Safari/537.36"
20.207.194.44 - - [27/Apr/2026:13:51:27 +0000] "GET /.tmb/cloud.php HTTP/1.1" 301 - "-" "Mozilla/5.0 (Windows NT 10.0; Win64; x64) AppleWebKit/537.36 (KHTML, like Gecko) Chrome/120.0.0.0 Safari/537.36"
20.207.194.44 - - [27/Apr/2026:13:51:28 +0000] "GET /php8.php HTTP/1.1" 301 - "-" "Mozilla/5.0 (Windows NT 10.0; Win64; x64) AppleWebKit/537.36 (KHTML, like Gecko) Chrome/120.0.0.0 Safari/537.36"
20.207.194.44 - - [27/Apr/2026:13:51:30 +0000] "GET /.well-known HTTP/1.1" 301 259 "-" "Mozilla/5.0 (Windows NT 10.0; Win64; x64) AppleWebKit/537.36 (KHTML, like Gecko) Chrome/120.0.0.0 Safari/537.36"
20.207.194.44 - - [27/Apr/2026:13:51:30 +0000] "GET /inputs.php HTTP/1.1" 301 - "-" "Mozilla/5.0 (Windows NT 10.0; Win64; x64) AppleWebKit/537.36 (KHTML, like Gecko) Chrome/120.0.0.0 Safari/537.36"
20.207.194.44 - - [27/Apr/2026:13:51:31 +0000] "GET /goods.php HTTP/1.1" 301 - "-" "Mozilla/5.0 (Windows NT 10.0; Win64; x64) AppleWebKit/537.36 (KHTML, like Gecko) Chrome/120.0.0.0 Safari/537.36"
20.207.194.44 - - [27/Apr/2026:13:51:33 +0000] "GET /classwithtostring.php HTTP/1.1" 301 - "-" "Mozilla/5.0 (Windows NT 10.0; Win64; x64) AppleWebKit/537.36 (KHTML, like Gecko) Chrome/120.0.0.0 Safari/537.36"
192.0.85.167 - - [27/Apr/2026:13:51:34 +0000] "HEAD / HTTP/1.1" 200 - "-" "jetmon/1.0 (Jetpack Site Uptime Monitor by WordPress.com)"
20.207.194.44 - - [27/Apr/2026:13:51:34 +0000] "GET /simple.php HTTP/1.1" 301 - "-" "Mozilla/5.0 (Windows NT 10.0; Win64; x64) AppleWebKit/537.36 (KHTML, like Gecko) Chrome/120.0.0.0 Safari/537.36"
20.207.194.44 - - [27/Apr/2026:13:51:36 +0000] "GET /wp-mail.php HTTP/1.1" 403 1053 "-" "Mozilla/5.0 (Windows NT 10.0; Win64; x64) AppleWebKit/537.36 (KHTML, like Gecko) Chrome/120.0.0.0 Safari/537.36"
20.207.194.44 - - [27/Apr/2026:13:51:37 +0000] "GET /about.php HTTP/1.1" 301 - "-" "Mozilla/5.0 (Windows NT 10.0; Win64; x64) AppleWebKit/537.36 (KHTML, like Gecko) Chrome/120.0.0.0 Safari/537.36"
20.207.194.44 - - [27/Apr/2026:13:51:39 +0000] "GET /1.php HTTP/1.1" 301 - "-" "Mozilla/5.0 (Windows NT 10.0; Win64; x64) AppleWebKit/537.36 (KHTML, like Gecko) Chrome/120.0.0.0 Safari/537.36"
20.207.194.44 - - [27/Apr/2026:13:51:40 +0000] "GET /file.php HTTP/1.1" 301 - "-" "Mozilla/5.0 (Windows NT 10.0; Win64; x64) AppleWebKit/537.36 (KHTML, like Gecko) Chrome/120.0.0.0 Safari/537.36"
20.207.194.44 - - [27/Apr/2026:13:51:42 +0000] "GET /404.php HTTP/1.1" 301 - "-" "Mozilla/5.0 (Windows NT 10.0; Win64; x64) AppleWebKit/537.36 (KHTML, like Gecko) Chrome/120.0.0.0 Safari/537.36"
20.207.194.44 - - [27/Apr/2026:13:51:43 +0000] "GET /wp-login.php HTTP/1.1" 200 3920 "-" "Mozilla/5.0 (Windows NT 10.0; Win64; x64) AppleWebKit/537.36 (KHTML, like Gecko) Chrome/120.0.0.0 Safari/537.36"
20.207.194.44 - - [27/Apr/2026:13:51:45 +0000] "GET /index.php/feed/atom HTTP/1.1" 301 - "-" "Mozilla/5.0 (Windows NT 10.0; Win64; x64) AppleWebKit/537.36 (KHTML, like Gecko) Chrome/120.0.0.0 Safari/537.36"
38.196.252.3 - - [27/Apr/2026:13:51:47 +0000] "GET /InVideo HTTP/1.1" 307 - "https://primemusicproductions.com/" "Mozilla/5.0 (Macintosh; Intel Mac OS X 10_15_7) AppleWebKit/537.36 (KHTML, like Gecko) Chrome/134.0.0.0 Safari/537.36 Edg/134.0.0.0"
20.207.194.44 - - [27/Apr/2026:13:51:47 +0000] "GET /php.php HTTP/1.1" 301 - "-" "Mozilla/5.0 (Windows NT 10.0; Win64; x64) AppleWebKit/537.36 (KHTML, like Gecko) Chrome/120.0.0.0 Safari/537.36"
20.207.194.44 - - [27/Apr/2026:13:51:49 +0000] "GET /wp-includes/Text/Diff/Engine.php HTTP/1.1" 301 - "-" "Mozilla/5.0 (Windows NT 10.0; Win64; x64) AppleWebKit/537.36 (KHTML, like Gecko) Chrome/120.0.0.0 Safari/537.36"
20.207.194.44 - - [27/Apr/2026:13:51:50 +0000] "GET /wp-content/admin.php HTTP/1.1" 301 - "-" "Mozilla/5.0 (Windows NT 10.0; Win64; x64) AppleWebKit/537.36 (KHTML, like Gecko) Chrome/120.0.0.0 Safari/537.36"
20.207.194.44 - - [27/Apr/2026:13:51:52 +0000] "GET /wp-content/themes/admin.php HTTP/1.1" 301 - "-" "Mozilla/5.0 (Windows NT 10.0; Win64; x64) AppleWebKit/537.36 (KHTML, like Gecko) Chrome/120.0.0.0 Safari/537.36"
20.207.194.44 - - [27/Apr/2026:13:51:53 +0000] "GET /7.php HTTP/1.1" 301 - "-" "Mozilla/5.0 (Windows NT 10.0; Win64; x64) AppleWebKit/537.36 (KHTML, like Gecko) Chrome/120.0.0.0 Safari/537.36"
20.207.194.44 - - [27/Apr/2026:13:51:55 +0000] "GET /wp-content/index.php HTTP/1.1" 200 - "-" "Mozilla/5.0 (Windows NT 10.0; Win64; x64) AppleWebKit/537.36 (KHTML, like Gecko) Chrome/120.0.0.0 Safari/537.36"
20.207.194.44 - - [27/Apr/2026:13:51:55 +0000] "GET /.well-known/acme-challenge/index.php HTTP/1.1" 301 - "-" "Mozilla/5.0 (Windows NT 10.0; Win64; x64) AppleWebKit/537.36 (KHTML, like Gecko) Chrome/120.0.0.0 Safari/537.36"
20.207.194.44 - - [27/Apr/2026:13:51:56 +0000] "GET /atomlib.php HTTP/1.1" 301 - "-" "Mozilla/5.0 (Windows NT 10.0; Win64; x64) AppleWebKit/537.36 (KHTML, like Gecko) Chrome/120.0.0.0 Safari/537.36"
20.207.194.44 - - [27/Apr/2026:13:51:58 +0000] "GET /chosen.php HTTP/1.1" 301 - "-" "Mozilla/5.0 (Windows NT 10.0; Win64; x64) AppleWebKit/537.36 (KHTML, like Gecko) Chrome/120.0.0.0 Safari/537.36"
20.207.194.44 - - [27/Apr/2026:13:52:00 +0000] "GET /css.php HTTP/1.1" 301 - "-" "Mozilla/5.0 (Windows NT 10.0; Win64; x64) AppleWebKit/537.36 (KHTML, like Gecko) Chrome/120.0.0.0 Safari/537.36"
20.207.194.44 - - [27/Apr/2026:13:52:02 +0000] "GET /files.php HTTP/1.1" 301 - "-" "Mozilla/5.0 (Windows NT 10.0; Win64; x64) AppleWebKit/537.36 (KHTML, like Gecko) Chrome/120.0.0.0 Safari/537.36"
20.207.194.44 - - [27/Apr/2026:13:52:04 +0000] "GET /index/function.php HTTP/1.1" 301 - "-" "Mozilla/5.0 (Windows NT 10.0; Win64; x64) AppleWebKit/537.36 (KHTML, like Gecko) Chrome/120.0.0.0 Safari/537.36"
20.207.194.44 - - [27/Apr/2026:13:52:06 +0000] "GET /buy.php HTTP/1.1" 301 - "-" "Mozilla/5.0 (Windows NT 10.0; Win64; x64) AppleWebKit/537.36 (KHTML, like Gecko) Chrome/120.0.0.0 Safari/537.36"
20.207.194.44 - - [27/Apr/2026:13:52:07 +0000] "GET /info.php HTTP/1.1" 301 - "-" "Mozilla/5.0 (Windows NT 10.0; Win64; x64) AppleWebKit/537.36 (KHTML, like Gecko) Chrome/120.0.0.0 Safari/537.36"
20.207.194.44 - - [27/Apr/2026:13:52:09 +0000] "GET /wp.php HTTP/1.1" 301 - "-" "Mozilla/5.0 (Windows NT 10.0; Win64; x64) AppleWebKit/537.36 (KHTML, like Gecko) Chrome/120.0.0.0 Safari/537.36"
20.207.194.44 - - [27/Apr/2026:13:52:11 +0000] "GET /wp-content/uploads/index.php HTTP/1.1" 301 - "-" "Mozilla/5.0 (Windows NT 10.0; Win64; x64) AppleWebKit/537.36 (KHTML, like Gecko) Chrome/120.0.0.0 Safari/537.36"
20.207.194.44 - - [27/Apr/2026:13:52:12 +0000] "GET /wp-config-sample.php HTTP/1.1" 301 - "-" "Mozilla/5.0 (Windows NT 10.0; Win64; x64) AppleWebKit/537.36 (KHTML, like Gecko) Chrome/120.0.0.0 Safari/537.36"
20.207.194.44 - - [27/Apr/2026:13:52:14 +0000] "GET /wp-content/themes/x/bypass.php HTTP/1.1" 301 - "-" "Mozilla/5.0 (Windows NT 10.0; Win64; x64) AppleWebKit/537.36 (KHTML, like Gecko) Chrome/120.0.0.0 Safari/537.36"
20.207.194.44 - - [27/Apr/2026:13:52:15 +0000] "GET /666.php HTTP/1.1" 301 - "-" "Mozilla/5.0 (Windows NT 10.0; Win64; x64) AppleWebKit/537.36 (KHTML, like Gecko) Chrome/120.0.0.0 Safari/537.36"
20.207.194.44 - - [27/Apr/2026:13:52:17 +0000] "GET /bgymj.php HTTP/1.1" 301 - "-" "Mozilla/5.0 (Windows NT 10.0; Win64; x64) AppleWebKit/537.36 (KHTML, like Gecko) Chrome/120.0.0.0 Safari/537.36"
20.207.194.44 - - [27/Apr/2026:13:52:18 +0000] "GET /control.php HTTP/1.1" 301 - "-" "Mozilla/5.0 (Windows NT 10.0; Win64; x64) AppleWebKit/537.36 (KHTML, like Gecko) Chrome/120.0.0.0 Safari/537.36"
20.207.194.44 - - [27/Apr/2026:13:52:20 +0000] "GET /randkeyword.PhP7 HTTP/1.1" 301 - "-" "Mozilla/5.0 (Windows NT 10.0; Win64; x64) AppleWebKit/537.36 (KHTML, like Gecko) Chrome/120.0.0.0 Safari/537.36"
20.207.194.44 - - [27/Apr/2026:13:52:21 +0000] "GET /wp-content/plugins/core-plugin/include.php HTTP/1.1" 301 - "-" "Mozilla/5.0 (Windows NT 10.0; Win64; x64) AppleWebKit/537.36 (KHTML, like Gecko) Chrome/120.0.0.0 Safari/537.36"
20.207.194.44 - - [27/Apr/2026:13:52:23 +0000] "GET /wp-includes/assets/ty.php HTTP/1.1" 301 - "-" "Mozilla/5.0 (Windows NT 10.0; Win64; x64) AppleWebKit/537.36 (KHTML, like Gecko) Chrome/120.0.0.0 Safari/537.36"
20.207.194.44 - - [27/Apr/2026:13:52:25 +0000] "GET /file61.php HTTP/1.1" 301 - "-" "Mozilla/5.0 (Windows NT 10.0; Win64; x64) AppleWebKit/537.36 (KHTML, like Gecko) Chrome/120.0.0.0 Safari/537.36"
20.207.194.44 - - [27/Apr/2026:13:52:26 +0000] "GET /p.php HTTP/1.1" 301 - "-" "Mozilla/5.0 (Windows NT 10.0; Win64; x64) AppleWebKit/537.36 (KHTML, like Gecko) Chrome/120.0.0.0 Safari/537.36"
20.207.194.44 - - [27/Apr/2026:13:52:28 +0000] "GET /ms-edit.php HTTP/1.1" 301 - "-" "Mozilla/5.0 (Windows NT 10.0; Win64; x64) AppleWebKit/537.36 (KHTML, like Gecko) Chrome/120.0.0.0 Safari/537.36"
20.207.194.44 - - [27/Apr/2026:13:52:29 +0000] "GET /alfanew.PHP7 HTTP/1.1" 301 - "-" "Mozilla/5.0 (Windows NT 10.0; Win64; x64) AppleWebKit/537.36 (KHTML, like Gecko) Chrome/120.0.0.0 Safari/537.36"
20.207.194.44 - - [27/Apr/2026:13:52:31 +0000] "GET /cgi-bin HTTP/1.1" 301 - "-" "Mozilla/5.0 (Windows NT 10.0; Win64; x64) AppleWebKit/537.36 (KHTML, like Gecko) Chrome/120.0.0.0 Safari/537.36"
20.207.194.44 - - [27/Apr/2026:13:52:33 +0000] "GET /dx.php HTTP/1.1" 301 - "-" "Mozilla/5.0 (Windows NT 10.0; Win64; x64) AppleWebKit/537.36 (KHTML, like Gecko) Chrome/120.0.0.0 Safari/537.36"
20.207.194.44 - - [27/Apr/2026:13:52:34 +0000] "GET /wp-admin/maint/index.php HTTP/1.1" 301 - "-" "Mozilla/5.0 (Windows NT 10.0; Win64; x64) AppleWebKit/537.36 (KHTML, like Gecko) Chrome/120.0.0.0 Safari/537.36"
20.207.194.44 - - [27/Apr/2026:13:52:36 +0000] "GET /.well-known/pki-validation HTTP/1.1" 301 274 "-" "Mozilla/5.0 (Windows NT 10.0; Win64; x64) AppleWebKit/537.36 (KHTML, like Gecko) Chrome/120.0.0.0 Safari/537.36"
184.94.212.206 - - [27/Apr/2026:13:52:37 +0000] "POST /wp-cron.php?doing_wp_cron=1777297957.4978070259094238281250 HTTP/1.1" 200 - "-" "WordPress/6.9.4; https://primemusicproductions.com"
20.207.194.44 - - [27/Apr/2026:13:52:36 +0000] "GET /doc.php HTTP/1.1" 301 - "-" "Mozilla/5.0 (Windows NT 10.0; Win64; x64) AppleWebKit/537.36 (KHTML, like Gecko) Chrome/120.0.0.0 Safari/537.36"
20.207.194.44 - - [27/Apr/2026:13:52:37 +0000] "GET /tool.php HTTP/1.1" 301 - "-" "Mozilla/5.0 (Windows NT 10.0; Win64; x64) AppleWebKit/537.36 (KHTML, like Gecko) Chrome/120.0.0.0 Safari/537.36"
20.207.194.44 - - [27/Apr/2026:13:52:39 +0000] "GET /xx.php HTTP/1.1" 301 - "-" "Mozilla/5.0 (Windows NT 10.0; Win64; x64) AppleWebKit/537.36 (KHTML, like Gecko) Chrome/120.0.0.0 Safari/537.36"
20.207.194.44 - - [27/Apr/2026:13:52:40 +0000] "GET /xxx.php HTTP/1.1" 301 - "-" "Mozilla/5.0 (Windows NT 10.0; Win64; x64) AppleWebKit/537.36 (KHTML, like Gecko) Chrome/120.0.0.0 Safari/537.36"
20.207.194.44 - - [27/Apr/2026:13:52:42 +0000] "GET /100.php HTTP/1.1" 301 - "-" "Mozilla/5.0 (Windows NT 10.0; Win64; x64) AppleWebKit/537.36 (KHTML, like Gecko) Chrome/120.0.0.0 Safari/537.36"
20.207.194.44 - - [27/Apr/2026:13:52:43 +0000] "GET /wp-admin/network/about.php HTTP/1.1" 302 - "-" "Mozilla/5.0 (Windows NT 10.0; Win64; x64) AppleWebKit/537.36 (KHTML, like Gecko) Chrome/120.0.0.0 Safari/537.36"
20.207.194.44 - - [27/Apr/2026:13:52:45 +0000] "GET /wp-blog.php HTTP/1.1" 301 - "-" "Mozilla/5.0 (Windows NT 10.0; Win64; x64) AppleWebKit/537.36 (KHTML, like Gecko) Chrome/120.0.0.0 Safari/537.36"
20.207.194.44 - - [27/Apr/2026:13:52:47 +0000] "GET /wp-content/themes/index.php HTTP/1.1" 200 - "-" "Mozilla/5.0 (Windows NT 10.0; Win64; x64) AppleWebKit/537.36 (KHTML, like Gecko) Chrome/120.0.0.0 Safari/537.36"
20.207.194.44 - - [27/Apr/2026:13:52:47 +0000] "GET /wp-includes/images HTTP/1.1" 301 266 "-" "Mozilla/5.0 (Windows NT 10.0; Win64; x64) AppleWebKit/537.36 (KHTML, like Gecko) Chrome/120.0.0.0 Safari/537.36"
20.207.194.44 - - [27/Apr/2026:13:52:47 +0000] "GET /data.php HTTP/1.1" 301 - "-" "Mozilla/5.0 (Windows NT 10.0; Win64; x64) AppleWebKit/537.36 (KHTML, like Gecko) Chrome/120.0.0.0 Safari/537.36"
20.207.194.44 - - [27/Apr/2026:13:52:49 +0000] "GET /ioxi-o.php HTTP/1.1" 301 - "-" "Mozilla/5.0 (Windows NT 10.0; Win64; x64) AppleWebKit/537.36 (KHTML, like Gecko) Chrome/120.0.0.0 Safari/537.36"
20.207.194.44 - - [27/Apr/2026:13:52:50 +0000] "GET /as.php HTTP/1.1" 301 - "-" "Mozilla/5.0 (Windows NT 10.0; Win64; x64) AppleWebKit/537.36 (KHTML, like Gecko) Chrome/120.0.0.0 Safari/537.36"
20.207.194.44 - - [27/Apr/2026:13:52:53 +0000] "GET /term.php HTTP/1.1" 301 - "-" "Mozilla/5.0 (Windows NT 10.0; Win64; x64) AppleWebKit/537.36 (KHTML, like Gecko) Chrome/120.0.0.0 Safari/537.36"
20.207.194.44 - - [27/Apr/2026:13:52:54 +0000] "GET /vx.php HTTP/1.1" 301 - "-" "Mozilla/5.0 (Windows NT 10.0; Win64; x64) AppleWebKit/537.36 (KHTML, like Gecko) Chrome/120.0.0.0 Safari/537.36"
20.207.194.44 - - [27/Apr/2026:13:52:56 +0000] "GET /wp-includes/PHPMailer HTTP/1.1" 301 269 "-" "Mozilla/5.0 (Windows NT 10.0; Win64; x64) AppleWebKit/537.36 (KHTML, like Gecko) Chrome/120.0.0.0 Safari/537.36"
20.207.194.44 - - [27/Apr/2026:13:52:56 +0000] "GET /a7.php HTTP/1.1" 301 - "-" "Mozilla/5.0 (Windows NT 10.0; Win64; x64) AppleWebKit/537.36 (KHTML, like Gecko) Chrome/120.0.0.0 Safari/537.36"
20.207.194.44 - - [27/Apr/2026:13:52:57 +0000] "GET /wp-admin/css/colors/ectoplasm HTTP/1.1" 301 277 "-" "Mozilla/5.0 (Windows NT 10.0; Win64; x64) AppleWebKit/537.36 (KHTML, like Gecko) Chrome/120.0.0.0 Safari/537.36"
20.207.194.44 - - [27/Apr/2026:13:52:58 +0000] "GET /wp-content/themes/seotheme/mar.php HTTP/1.1" 301 - "-" "Mozilla/5.0 (Windows NT 10.0; Win64; x64) AppleWebKit/537.36 (KHTML, like Gecko) Chrome/120.0.0.0 Safari/537.36"
20.207.194.44 - - [27/Apr/2026:13:52:59 +0000] "GET /222.php HTTP/1.1" 301 - "-" "Mozilla/5.0 (Windows NT 10.0; Win64; x64) AppleWebKit/537.36 (KHTML, like Gecko) Chrome/120.0.0.0 Safari/537.36"
20.207.194.44 - - [27/Apr/2026:13:53:01 +0000] "GET /7logs.php HTTP/1.1" 301 - "-" "Mozilla/5.0 (Windows NT 10.0; Win64; x64) AppleWebKit/537.36 (KHTML, like Gecko) Chrome/120.0.0.0 Safari/537.36"
20.207.194.44 - - [27/Apr/2026:13:53:03 +0000] "GET /a.php HTTP/1.1" 301 - "-" "Mozilla/5.0 (Windows NT 10.0; Win64; x64) AppleWebKit/537.36 (KHTML, like Gecko) Chrome/120.0.0.0 Safari/537.36"
20.207.194.44 - - [27/Apr/2026:13:53:05 +0000] "GET /abc.php HTTP/1.1" 301 - "-" "Mozilla/5.0 (Windows NT 10.0; Win64; x64) AppleWebKit/537.36 (KHTML, like Gecko) Chrome/120.0.0.0 Safari/537.36"
20.207.194.44 - - [27/Apr/2026:13:53:07 +0000] "GET /fone1.php HTTP/1.1" 301 - "-" "Mozilla/5.0 (Windows NT 10.0; Win64; x64) AppleWebKit/537.36 (KHTML, like Gecko) Chrome/120.0.0.0 Safari/537.36"
20.207.194.44 - - [27/Apr/2026:13:53:08 +0000] "GET /lib.php HTTP/1.1" 301 - "-" "Mozilla/5.0 (Windows NT 10.0; Win64; x64) AppleWebKit/537.36 (KHTML, like Gecko) Chrome/120.0.0.0 Safari/537.36"
20.207.194.44 - - [27/Apr/2026:13:53:10 +0000] "GET /sadcut1.php HTTP/1.1" 301 - "-" "Mozilla/5.0 (Windows NT 10.0; Win64; x64) AppleWebKit/537.36 (KHTML, like Gecko) Chrome/120.0.0.0 Safari/537.36"
20.207.194.44 - - [27/Apr/2026:13:53:12 +0000] "GET /wp-includes/interactivity-api/index.php HTTP/1.1" 301 - "-" "Mozilla/5.0 (Windows NT 10.0; Win64; x64) AppleWebKit/537.36 (KHTML, like Gecko) Chrome/120.0.0.0 Safari/537.36"
20.207.194.44 - - [27/Apr/2026:13:53:13 +0000] "GET /xmlrpc.php HTTP/1.1" 301 - "-" "Mozilla/5.0 (Windows NT 10.0; Win64; x64) AppleWebKit/537.36 (KHTML, like Gecko) Chrome/120.0.0.0 Safari/537.36"
20.207.194.44 - - [27/Apr/2026:13:53:15 +0000] "GET /aa.php HTTP/1.1" 301 - "-" "Mozilla/5.0 (Windows NT 10.0; Win64; x64) AppleWebKit/537.36 (KHTML, like Gecko) Chrome/120.0.0.0 Safari/537.36"
20.207.194.44 - - [27/Apr/2026:13:53:16 +0000] "GET /admin.php/wp-includes/certificates/about.php HTTP/1.1" 301 - "-" "Mozilla/5.0 (Windows NT 10.0; Win64; x64) AppleWebKit/537.36 (KHTML, like Gecko) Chrome/120.0.0.0 Safari/537.36"
20.207.194.44 - - [27/Apr/2026:13:53:18 +0000] "GET /amax.php HTTP/1.1" 301 - "-" "Mozilla/5.0 (Windows NT 10.0; Win64; x64) AppleWebKit/537.36 (KHTML, like Gecko) Chrome/120.0.0.0 Safari/537.36"
20.207.194.44 - - [27/Apr/2026:13:53:19 +0000] "GET /av.php HTTP/1.1" 301 - "-" "Mozilla/5.0 (Windows NT 10.0; Win64; x64) AppleWebKit/537.36 (KHTML, like Gecko) Chrome/120.0.0.0 Safari/537.36"
20.207.194.44 - - [27/Apr/2026:13:53:21 +0000] "GET /function/function.php HTTP/1.1" 301 - "-" "Mozilla/5.0 (Windows NT 10.0; Win64; x64) AppleWebKit/537.36 (KHTML, like Gecko) Chrome/120.0.0.0 Safari/537.36"
20.207.194.44 - - [27/Apr/2026:13:53:23 +0000] "GET /modules/mod_footer/tmpl/index.php HTTP/1.1" 301 - "-" "Mozilla/5.0 (Windows NT 10.0; Win64; x64) AppleWebKit/537.36 (KHTML, like Gecko) Chrome/120.0.0.0 Safari/537.36"
20.207.194.44 - - [27/Apr/2026:13:53:24 +0000] "GET /wp-admin/js/index.php HTTP/1.1" 301 - "-" "Mozilla/5.0 (Windows NT 10.0; Win64; x64) AppleWebKit/537.36 (KHTML, like Gecko) Chrome/120.0.0.0 Safari/537.36"
20.207.194.44 - - [27/Apr/2026:13:53:26 +0000] "GET /wp-content/plugins/WordPressCore/include.php HTTP/1.1" 301 - "-" "Mozilla/5.0 (Windows NT 10.0; Win64; x64) AppleWebKit/537.36 (KHTML, like Gecko) Chrome/120.0.0.0 Safari/537.36"
20.207.194.44 - - [27/Apr/2026:13:53:27 +0000] "GET /wp-content/plugins/index.php HTTP/1.1" 200 - "-" "Mozilla/5.0 (Windows NT 10.0; Win64; x64) AppleWebKit/537.36 (KHTML, like Gecko) Chrome/120.0.0.0 Safari/537.36"
20.207.194.44 - - [27/Apr/2026:13:53:27 +0000] "GET /wp-content/upgrade/index.php HTTP/1.1" 301 - "-" "Mozilla/5.0 (Windows NT 10.0; Win64; x64) AppleWebKit/537.36 (KHTML, like Gecko) Chrome/120.0.0.0 Safari/537.36"
20.207.194.44 - - [27/Apr/2026:13:53:29 +0000] "GET /ahax.php HTTP/1.1" 301 - "-" "Mozilla/5.0 (Windows NT 10.0; Win64; x64) AppleWebKit/537.36 (KHTML, like Gecko) Chrome/120.0.0.0 Safari/537.36"
20.207.194.44 - - [27/Apr/2026:13:53:30 +0000] "GET /alfa.php HTTP/1.1" 301 - "-" "Mozilla/5.0 (Windows NT 10.0; Win64; x64) AppleWebKit/537.36 (KHTML, like Gecko) Chrome/120.0.0.0 Safari/537.36"
20.207.194.44 - - [27/Apr/2026:13:53:32 +0000] "GET /bolt.php HTTP/1.1" 301 - "-" "Mozilla/5.0 (Windows NT 10.0; Win64; x64) AppleWebKit/537.36 (KHTML, like Gecko) Chrome/120.0.0.0 Safari/537.36"
20.207.194.44 - - [27/Apr/2026:13:53:33 +0000] "GET /wp-content/themes/about.php HTTP/1.1" 301 - "-" "Mozilla/5.0 (Windows NT 10.0; Win64; x64) AppleWebKit/537.36 (KHTML, like Gecko) Chrome/120.0.0.0 Safari/537.36"
20.207.194.44 - - [27/Apr/2026:13:53:35 +0000] "GET /wp-includes/Text/index.php HTTP/1.1" 301 - "-" "Mozilla/5.0 (Windows NT 10.0; Win64; x64) AppleWebKit/537.36 (KHTML, like Gecko) Chrome/120.0.0.0 Safari/537.36"
20.207.194.44 - - [27/Apr/2026:13:53:36 +0000] "GET /wp-signin.php HTTP/1.1" 301 - "-" "Mozilla/5.0 (Windows NT 10.0; Win64; x64) AppleWebKit/537.36 (KHTML, like Gecko) Chrome/120.0.0.0 Safari/537.36"
20.207.194.44 - - [27/Apr/2026:13:53:38 +0000] "GET /x.php HTTP/1.1" 301 - "-" "Mozilla/5.0 (Windows NT 10.0; Win64; x64) AppleWebKit/537.36 (KHTML, like Gecko) Chrome/120.0.0.0 Safari/537.36"
20.207.194.44 - - [27/Apr/2026:13:53:39 +0000] "GET /about/function.php HTTP/1.1" 301 - "-" "Mozilla/5.0 (Windows NT 10.0; Win64; x64) AppleWebKit/537.36 (KHTML, like Gecko) Chrome/120.0.0.0 Safari/537.36"
20.207.194.44 - - [27/Apr/2026:13:53:40 +0000] "GET /bless.php HTTP/1.1" 301 - "-" "Mozilla/5.0 (Windows NT 10.0; Win64; x64) AppleWebKit/537.36 (KHTML, like Gecko) Chrome/120.0.0.0 Safari/537.36"
20.207.194.44 - - [27/Apr/2026:13:53:42 +0000] "GET /content.php HTTP/1.1" 301 - "-" "Mozilla/5.0 (Windows NT 10.0; Win64; x64) AppleWebKit/537.36 (KHTML, like Gecko) Chrome/120.0.0.0 Safari/537.36"
20.207.194.44 - - [27/Apr/2026:13:53:43 +0000] "GET /radio.php HTTP/1.1" 301 - "-" "Mozilla/5.0 (Windows NT 10.0; Win64; x64) AppleWebKit/537.36 (KHTML, like Gecko) Chrome/120.0.0.0 Safari/537.36"
20.207.194.44 - - [27/Apr/2026:13:53:45 +0000] "GET /wp-content/about.php HTTP/1.1" 301 - "-" "Mozilla/5.0 (Windows NT 10.0; Win64; x64) AppleWebKit/537.36 (KHTML, like Gecko) Chrome/120.0.0.0 Safari/537.36"
20.207.194.44 - - [27/Apr/2026:13:53:47 +0000] "GET /wp-content/uploads/admin.php HTTP/1.1" 301 - "-" "Mozilla/5.0 (Windows NT 10.0; Win64; x64) AppleWebKit/537.36 (KHTML, like Gecko) Chrome/120.0.0.0 Safari/537.36"
20.207.194.44 - - [27/Apr/2026:13:53:49 +0000] "GET /wp-includes/pomo HTTP/1.1" 301 264 "-" "Mozilla/5.0 (Windows NT 10.0; Win64; x64) AppleWebKit/537.36 (KHTML, like Gecko) Chrome/120.0.0.0 Safari/537.36"
20.207.194.44 - - [27/Apr/2026:13:53:49 +0000] "GET /.dj/index.php HTTP/1.1" 301 - "-" "Mozilla/5.0 (Windows NT 10.0; Win64; x64) AppleWebKit/537.36 (KHTML, like Gecko) Chrome/120.0.0.0 Safari/537.36"
20.207.194.44 - - [27/Apr/2026:13:53:51 +0000] "GET /aaa.php HTTP/1.1" 301 - "-" "Mozilla/5.0 (Windows NT 10.0; Win64; x64) AppleWebKit/537.36 (KHTML, like Gecko) Chrome/120.0.0.0 Safari/537.36"
20.207.194.44 - - [27/Apr/2026:13:53:52 +0000] "GET /abcd.php HTTP/1.1" 301 - "-" "Mozilla/5.0 (Windows NT 10.0; Win64; x64) AppleWebKit/537.36 (KHTML, like Gecko) Chrome/120.0.0.0 Safari/537.36"
20.207.194.44 - - [27/Apr/2026:13:53:54 +0000] "GET /admin/function.php HTTP/1.1" 301 - "-" "Mozilla/5.0 (Windows NT 10.0; Win64; x64) AppleWebKit/537.36 (KHTML, like Gecko) Chrome/120.0.0.0 Safari/537.36"
216.244.66.195 - - [27/Apr/2026:13:54:06 +0000] "GET /music-productions/guitar-playing-is-something-youll-have-fun-learning/?share=linkedin HTTP/1.1" 302 - "-" "Mozilla/5.0 (compatible; DotBot/1.2; +https://opensiteexplorer.org/dotbot; help@moz.com)"
216.244.66.195 - - [27/Apr/2026:13:54:11 +0000] "GET /music-productions/the-experts-dont-want-you-to-read-these-learning-guitar-tips-2/?share=linkedin HTTP/1.1" 302 - "-" "Mozilla/5.0 (compatible; DotBot/1.2; +https://opensiteexplorer.org/dotbot; help@moz.com)"
184.94.212.206 - - [27/Apr/2026:13:54:29 +0000] "POST /wp-cron.php?doing_wp_cron=1777298069.1446049213409423828125 HTTP/1.1" 200 - "-" "WordPress/6.9.4; https://primemusicproductions.com"
216.244.66.195 - - [27/Apr/2026:13:54:27 +0000] "GET /music-productions/learn-your-way-around-the-guitar-with-these-tips/?share=pinterest HTTP/1.1" 302 - "-" "Mozilla/5.0 (compatible; DotBot/1.2; +https://opensiteexplorer.org/dotbot; help@moz.com)"
184.94.212.206 - - [27/Apr/2026:13:56:34 +0000] "POST /wp-cron.php?doing_wp_cron=1777298194.3163230419158935546875 HTTP/1.1" 200 - "-" "WordPress/6.9.4; https://primemusicproductions.com"
192.0.85.167 - - [27/Apr/2026:13:56:32 +0000] "HEAD / HTTP/1.1" 200 - "-" "jetmon/1.0 (Jetpack Site Uptime Monitor by WordPress.com)"
173.239.240.139 - - [27/Apr/2026:13:56:42 +0000] "POST /wp-login.php HTTP/1.1" 200 11795 "-" "Mozilla/5.0"
184.94.212.206 - - [27/Apr/2026:13:59:28 +0000] "POST /wp-cron.php?doing_wp_cron=1777298368.4599139690399169921875 HTTP/1.1" 200 - "-" "WordPress/6.9.4; https://primemusicproductions.com"
200.71.21.253 - - [27/Apr/2026:13:59:26 +0000] "GET /piano-for-all/ HTTP/1.1" 200 49234 "-" "Mozilla/5.0 (compatible; MSIE 8.0; Windows NT 5.1; Trident/4.1)"
184.94.212.206 - - [27/Apr/2026:14:00:44 +0000] "POST /wp-cron.php?doing_wp_cron=1777298444.6587800979614257812500 HTTP/1.1" 200 - "-" "WordPress/6.9.4; https://primemusicproductions.com"
114.119.139.1 - - [27/Apr/2026:14:00:42 +0000] "GET /piano-for-all/?amp HTTP/1.1" 200 49238 "https://primemusicproductions.com/piano-for-all?amp" "Mozilla/5.0 (Linux; Android 7.0;) AppleWebKit/537.36 (HTML, like Gecko) Mobile Safari/537.36 (compatible; PetalBot;+https://webmaster.petalsearch.com/site/petalbot)"
184.94.212.206 - - [27/Apr/2026:14:01:35 +0000] "POST /wp-cron.php?doing_wp_cron=1777298495.6204020977020263671875 HTTP/1.1" 200 - "-" "WordPress/6.9.4; https://primemusicproductions.com"
192.0.85.167 - - [27/Apr/2026:14:01:33 +0000] "HEAD / HTTP/1.1" 200 - "-" "jetmon/1.0 (Jetpack Site Uptime Monitor by WordPress.com)"
184.94.212.206 - - [27/Apr/2026:14:05:54 +0000] "POST /wp-cron.php?doing_wp_cron=1777298754.2706348896026611328125 HTTP/1.1" 200 - "-" "WordPress/6.9.4; https://primemusicproductions.com"
77.75.78.163 - - [27/Apr/2026:14:05:52 +0000] "GET /tag/music-download/ HTTP/1.1" 200 48452 "-" "Mozilla/5.0 (compatible; SeznamBot/4.0; +https://o-seznam.cz/napoveda/vyhledavani/en/seznambot-crawler/)"
85.11.167.19 - - [27/Apr/2026:14:05:57 +0000] "GET /.env HTTP/1.1" 301 - "-" "python-requests/2.32.4"
85.11.167.19 - - [27/Apr/2026:14:05:58 +0000] "GET /InVideo HTTP/1.1" 307 - "-" "python-requests/2.32.4"
114.119.139.115 - - [27/Apr/2026:14:05:59 +0000] "GET /page/9?noamp=mobile HTTP/1.1" 301 - "https://primemusicproductions.com/page/7?noamp=mobile" "Mozilla/5.0 (Linux; Android 7.0;) AppleWebKit/537.36 (HTML, like Gecko) Mobile Safari/537.36 (compatible; PetalBot;+https://webmaster.petalsearch.com/site/petalbot)"
85.11.167.19 - - [27/Apr/2026:14:06:00 +0000] "GET / HTTP/1.1" 403 51714 "-" "python-requests/2.32.4"
114.119.139.115 - - [27/Apr/2026:14:06:00 +0000] "GET /page/9/?noamp=mobile HTTP/1.1" 200 51024 "https://primemusicproductions.com/page/7?noamp=mobile" "Mozilla/5.0 (Linux; Android 7.0;) AppleWebKit/537.36 (HTML, like Gecko) Mobile Safari/537.36 (compatible; PetalBot;+https://webmaster.petalsearch.com/site/petalbot)"
192.0.85.167 - - [27/Apr/2026:14:06:37 +0000] "HEAD / HTTP/1.1" 200 - "-" "jetmon/1.0 (Jetpack Site Uptime Monitor by WordPress.com)"
184.94.212.206 - - [27/Apr/2026:14:11:35 +0000] "POST /wp-cron.php?doing_wp_cron=1777299095.1416659355163574218750 HTTP/1.1" 200 - "-" "WordPress/6.9.4; https://primemusicproductions.com"
192.0.85.167 - - [27/Apr/2026:14:11:33 +0000] "HEAD / HTTP/1.1" 200 - "-" "jetmon/1.0 (Jetpack Site Uptime Monitor by WordPress.com)"
184.94.212.206 - - [27/Apr/2026:14:12:41 +0000] "POST /wp-cron.php?doing_wp_cron=1777299161.7584440708160400390625 HTTP/1.1" 200 - "-" "WordPress/6.9.4; https://primemusicproductions.com"
173.239.240.123 - - [27/Apr/2026:14:12:39 +0000] "POST /wp-login.php HTTP/1.1" 401 3424 "-" "Mozilla/5.0"
112.86.225.41 - - [27/Apr/2026:14:13:59 +0000] "GET /careers/?ref=pf HTTP/1.1" 301 - "-" "Sogou web spider/4.0(+http://www.sogou.com/docs/help/webmasters.htm#07)"
112.86.225.41 - - [27/Apr/2026:14:14:01 +0000] "GET /InVideo HTTP/1.1" 307 - "-" "Sogou web spider/4.0(+http://www.sogou.com/docs/help/webmasters.htm#07)"
98.83.72.38 - - [27/Apr/2026:14:15:20 +0000] "GET /PianoForAll HTTP/1.1" 301 - "-" "Mozilla/5.0 AppleWebKit/537.36 (KHTML, like Gecko; compatible; Amazonbot/0.1; +https://developer.amazon.com/support/amazonbot) Chrome/119.0.6045.214 Safari/537.36"
184.94.212.206 - - [27/Apr/2026:14:16:36 +0000] "POST /wp-cron.php?doing_wp_cron=1777299396.7924079895019531250000 HTTP/1.1" 200 - "-" "WordPress/6.9.4; https://primemusicproductions.com"
192.0.85.167 - - [27/Apr/2026:14:16:35 +0000] "HEAD / HTTP/1.1" 200 - "-" "jetmon/1.0 (Jetpack Site Uptime Monitor by WordPress.com)"
114.119.128.56 - - [27/Apr/2026:14:16:49 +0000] "GET /page/5?nonamp=1&noamp=mobile HTTP/1.1" 301 - "https://primemusicproductions.com/page/3?nonamp=1&noamp=mobile" "Mozilla/5.0 (Linux; Android 7.0;) AppleWebKit/537.36 (HTML, like Gecko) Mobile Safari/537.36 (compatible; PetalBot;+https://webmaster.petalsearch.com/site/petalbot)"
114.119.128.56 - - [27/Apr/2026:14:16:51 +0000] "GET /page/5/?nonamp=1&noamp=mobile HTTP/1.1" 200 50988 "https://primemusicproductions.com/page/3?nonamp=1&noamp=mobile" "Mozilla/5.0 (Linux; Android 7.0;) AppleWebKit/537.36 (HTML, like Gecko) Mobile Safari/537.36 (compatible; PetalBot;+https://webmaster.petalsearch.com/site/petalbot)"
184.94.212.206 - - [27/Apr/2026:14:20:43 +0000] "POST /wp-cron.php?doing_wp_cron=1777299643.2902119159698486328125 HTTP/1.1" 200 - "-" "WordPress/6.9.4; https://primemusicproductions.com"
57.141.18.22 - - [27/Apr/2026:14:20:41 +0000] "GET /sitemap.xml HTTP/1.1" 200 549 "-" "meta-externalagent/1.1 (+https://developers.facebook.com/docs/sharing/webmasters/crawler)"
192.0.85.167 - - [27/Apr/2026:14:21:34 +0000] "HEAD / HTTP/1.1" 200 - "-" "jetmon/1.0 (Jetpack Site Uptime Monitor by WordPress.com)"
5.62.145.144 - - [27/Apr/2026:14:21:37 +0000] "GET /music-productions/what-you-should-know-about-learning-the-guitar-2/?amp HTTP/1.1" 200 50209 "-" "Mozilla/5.0 (Macintosh; Intel Mac OS X 10_15_2) AppleWebKit/537.36 (KHTML, like Gecko) Brave Chrome/78.0.3904.97 Safari/537.36"
184.94.212.206 - - [27/Apr/2026:14:24:16 +0000] "POST /wp-cron.php?doing_wp_cron=1777299856.9618890285491943359375 HTTP/1.1" 200 - "-" "WordPress/6.9.4; https://primemusicproductions.com"
84.54.70.165 - - [27/Apr/2026:14:24:13 +0000] "GET /author/primemusicproductions/page/7/?noamp=mobile HTTP/1.1" 200 51289 "-" "Mozilla/5.0 (Macintosh; Intel Mac OS X 10_15_6) AppleWebKit/537.36 (KHTML, like Gecko) Brave Chrome/83.0.4103.106 Safari/537.36"
184.94.212.206 - - [27/Apr/2026:14:26:36 +0000] "POST /wp-cron.php?doing_wp_cron=1777299996.6084170341491699218750 HTTP/1.1" 200 - "-" "WordPress/6.9.4; https://primemusicproductions.com"
192.0.85.167 - - [27/Apr/2026:14:26:34 +0000] "HEAD / HTTP/1.1" 200 - "-" "jetmon/1.0 (Jetpack Site Uptime Monitor by WordPress.com)"
184.94.212.206 - - [27/Apr/2026:14:27:43 +0000] "POST /wp-cron.php?doing_wp_cron=1777300063.0038979053497314453125 HTTP/1.1" 200 - "-" "WordPress/6.9.4; https://primemusicproductions.com"
114.119.139.115 - - [27/Apr/2026:14:27:41 +0000] "GET /page/3/?noamp=mobile HTTP/1.1" 200 51035 "https://primemusicproductions.com/page/4/?noamp=mobile" "Mozilla/5.0 (Linux; Android 7.0;) AppleWebKit/537.36 (HTML, like Gecko) Mobile Safari/537.36 (compatible; PetalBot;+https://webmaster.petalsearch.com/site/petalbot)"
173.239.240.126 - - [27/Apr/2026:14:28:29 +0000] "POST /wp-login.php HTTP/1.1" 200 11795 "-" "Mozilla/5.0"
165.22.116.110 - - [27/Apr/2026:14:29:09 +0000] "GET /wp-login.php HTTP/1.1" 200 4368 "-" "Mozilla/5.0 (Windows NT 6.1; WOW64; Trident/7.0; EIE10;ENUSMSE; rv:11.0) like Gecko"
165.22.116.110 - - [27/Apr/2026:14:29:10 +0000] "POST /wp-login.php HTTP/1.1" 200 4368 "https://primemusicproductions.com/wp-login.php" "Mozilla/5.0 (Windows NT 6.1; WOW64; Trident/7.0; EIE10;ENUSMSE; rv:11.0) like Gecko"
184.94.212.206 - - [27/Apr/2026:14:31:34 +0000] "POST /wp-cron.php?doing_wp_cron=1777300294.0868070125579833984375 HTTP/1.1" 200 - "-" "WordPress/6.9.4; https://primemusicproductions.com"
192.0.85.167 - - [27/Apr/2026:14:31:32 +0000] "HEAD / HTTP/1.1" 200 - "-" "jetmon/1.0 (Jetpack Site Uptime Monitor by WordPress.com)"
184.94.212.206 - - [27/Apr/2026:14:33:10 +0000] "POST /wp-cron.php?doing_wp_cron=1777300390.3957018852233886718750 HTTP/1.1" 200 - "-" "WordPress/6.9.4; https://primemusicproductions.com"
114.119.156.165 - - [27/Apr/2026:14:33:08 +0000] "GET /page/2/?nonamp=1&noamp=mobile HTTP/1.1" 200 51040 "https://primemusicproductions.com/page/2/?nonamp=1&noamp=mobile" "Mozilla/5.0 (Linux; Android 7.0;) AppleWebKit/537.36 (HTML, like Gecko) Mobile Safari/537.36 (compatible; PetalBot;+https://webmaster.petalsearch.com/site/petalbot)"
184.94.212.206 - - [27/Apr/2026:14:36:38 +0000] "POST /wp-cron.php?doing_wp_cron=1777300598.0902669429779052734375 HTTP/1.1" 200 - "-" "WordPress/6.9.4; https://primemusicproductions.com"
192.0.85.167 - - [27/Apr/2026:14:36:36 +0000] "HEAD / HTTP/1.1" 200 - "-" "jetmon/1.0 (Jetpack Site Uptime Monitor by WordPress.com)"
184.94.212.206 - - [27/Apr/2026:14:38:34 +0000] "POST /wp-cron.php?doing_wp_cron=1777300714.6766059398651123046875 HTTP/1.1" 200 - "-" "WordPress/6.9.4; https://primemusicproductions.com"
114.119.128.127 - - [27/Apr/2026:14:38:32 +0000] "GET /page/11?nonamp=1&noamp=mobile HTTP/1.1" 301 - "https://primemusicproductions.com/page/3?nonamp=1&noamp=mobile" "Mozilla/5.0 (Linux; Android 7.0;) AppleWebKit/537.36 (HTML, like Gecko) Mobile Safari/537.36 (compatible; PetalBot;+https://webmaster.petalsearch.com/site/petalbot)"
114.119.128.127 - - [27/Apr/2026:14:38:35 +0000] "GET /page/11/?nonamp=1&noamp=mobile HTTP/1.1" 200 50899 "https://primemusicproductions.com/page/3?nonamp=1&noamp=mobile" "Mozilla/5.0 (Linux; Android 7.0;) AppleWebKit/537.36 (HTML, like Gecko) Mobile Safari/537.36 (compatible; PetalBot;+https://webmaster.petalsearch.com/site/petalbot)"
184.94.212.206 - - [27/Apr/2026:14:41:37 +0000] "POST /wp-cron.php?doing_wp_cron=1777300897.3767058849334716796875 HTTP/1.1" 200 - "-" "WordPress/6.9.4; https://primemusicproductions.com"
192.0.85.167 - - [27/Apr/2026:14:41:35 +0000] "HEAD / HTTP/1.1" 200 - "-" "jetmon/1.0 (Jetpack Site Uptime Monitor by WordPress.com)"
103.52.135.29 - - [27/Apr/2026:14:42:23 +0000] "GET /music-productions/guitar-playing-is-easy-if-you-learn-a-few-things-first-2/ HTTP/1.1" 200 49731 "-" "Mozilla/5.0 (Windows NT 6.3; Win64; x64) AppleWebKit/537.36 (KHTML, like Gecko) Brave Chrome/86.0.4240.198 Safari/537.36"
184.94.212.206 - - [27/Apr/2026:14:43:56 +0000] "POST /wp-cron.php?doing_wp_cron=1777301036.7484970092773437500000 HTTP/1.1" 200 - "-" "WordPress/6.9.4; https://primemusicproductions.com"
173.239.240.118 - - [27/Apr/2026:14:43:54 +0000] "POST /wp-login.php HTTP/1.1" 401 3424 "-" "Mozilla/5.0"
114.119.150.166 - - [27/Apr/2026:14:43:56 +0000] "GET /page/11/ HTTP/1.1" 200 50873 "https://primemusicproductions.com/page/11/" "Mozilla/5.0 (Linux; Android 7.0;) AppleWebKit/537.36 (HTML, like Gecko) Mobile Safari/537.36 (compatible; PetalBot;+https://webmaster.petalsearch.com/site/petalbot)"
184.94.212.206 - - [27/Apr/2026:14:46:33 +0000] "POST /wp-cron.php?doing_wp_cron=1777301193.4889299869537353515625 HTTP/1.1" 200 - "-" "WordPress/6.9.4; https://primemusicproductions.com"
192.0.85.167 - - [27/Apr/2026:14:46:31 +0000] "HEAD / HTTP/1.1" 200 - "-" "jetmon/1.0 (Jetpack Site Uptime Monitor by WordPress.com)"
77.75.76.163 - - [27/Apr/2026:14:46:53 +0000] "GET /tag/download-music/ HTTP/1.1" 200 49389 "-" "Mozilla/5.0 (compatible; SeznamBot/4.0; +https://o-seznam.cz/napoveda/vyhledavani/en/seznambot-crawler/)"
184.94.212.206 - - [27/Apr/2026:14:47:30 +0000] "POST /wp-cron.php?doing_wp_cron=1777301250.5072278976440429687500 HTTP/1.1" 200 - "-" "WordPress/6.9.4; https://primemusicproductions.com"
85.208.96.208 - - [27/Apr/2026:14:47:29 +0000] "GET /robots.txt HTTP/1.1" 200 153 "-" "Mozilla/5.0 (compatible; SemrushBot/7~bl; +http://www.semrush.com/bot.html)"
185.191.171.14 - - [27/Apr/2026:14:47:31 +0000] "GET /thumb_cvme_eylpxu-jpg/ HTTP/1.1" 200 45156 "-" "Mozilla/5.0 (compatible; SemrushBot/7~bl; +http://www.semrush.com/bot.html)"
184.94.212.206 - - [27/Apr/2026:14:49:27 +0000] "POST /wp-cron.php?doing_wp_cron=1777301367.7419309616088867187500 HTTP/1.1" 200 - "-" "WordPress/6.9.4; https://primemusicproductions.com"
114.119.139.1 - - [27/Apr/2026:14:49:25 +0000] "GET /page/1/ HTTP/1.1" 301 - "https://primemusicproductions.com/page/11/" "Mozilla/5.0 (Linux; Android 7.0;) AppleWebKit/537.36 (HTML, like Gecko) Mobile Safari/537.36 (compatible; PetalBot;+https://webmaster.petalsearch.com/site/petalbot)"
114.119.139.1 - - [27/Apr/2026:14:49:28 +0000] "GET / HTTP/1.1" 200 51724 "https://primemusicproductions.com/page/11/" "Mozilla/5.0 (Linux; Android 7.0;) AppleWebKit/537.36 (HTML, like Gecko) Mobile Safari/537.36 (compatible; PetalBot;+https://webmaster.petalsearch.com/site/petalbot)"
184.94.212.206 - - [27/Apr/2026:14:51:35 +0000] "POST /wp-cron.php?doing_wp_cron=1777301495.0206151008605957031250 HTTP/1.1" 200 - "-" "WordPress/6.9.4; https://primemusicproductions.com"
192.0.85.167 - - [27/Apr/2026:14:51:32 +0000] "HEAD / HTTP/1.1" 200 - "-" "jetmon/1.0 (Jetpack Site Uptime Monitor by WordPress.com)"
184.94.212.206 - - [27/Apr/2026:14:54:37 +0000] "POST /wp-cron.php?doing_wp_cron=1777301677.7001640796661376953125 HTTP/1.1" 200 - "-" "WordPress/6.9.4; https://primemusicproductions.com"
117.203.213.185 - - [27/Apr/2026:14:54:35 +0000] "GET /author/primemusicproductions/ HTTP/1.1" 200 51916 "-" "Mozilla/5.0 (iPhone; CPU iPhone OS 2_2_1 like Mac OS X) AppleWebKit/532.1 (KHTML, like Gecko) CriOS/22.0.841.0 Mobile/41L123 Safari/532.1"
184.94.212.206 - - [27/Apr/2026:14:55:01 +0000] "POST /wp-cron.php?doing_wp_cron=1777301701.4546499252319335937500 HTTP/1.1" 200 - "-" "WordPress/6.9.4; https://primemusicproductions.com"
114.119.139.1 - - [27/Apr/2026:14:54:59 +0000] "GET /music-productions/work-on-learning-the-guitar-with-these-fantastic-tips-2?share=linkedin HTTP/1.1" 302 - "https://primemusicproductions.com/music-productions/work-on-learning-the-guitar-with-these-fantastic-tips-2?nonamp=1&noamp=mobile" "Mozilla/5.0 (Linux; Android 7.0;) AppleWebKit/537.36 (HTML, like Gecko) Mobile Safari/537.36 (compatible; PetalBot;+https://webmaster.petalsearch.com/site/petalbot)"
184.94.212.206 - - [27/Apr/2026:14:56:35 +0000] "POST /wp-cron.php?doing_wp_cron=1777301795.0405969619750976562500 HTTP/1.1" 200 - "-" "WordPress/6.9.4; https://primemusicproductions.com"
192.0.85.167 - - [27/Apr/2026:14:56:33 +0000] "HEAD / HTTP/1.1" 200 - "-" "jetmon/1.0 (Jetpack Site Uptime Monitor by WordPress.com)"
184.94.212.206 - - [27/Apr/2026:14:59:39 +0000] "POST /wp-cron.php?doing_wp_cron=1777301979.7259180545806884765625 HTTP/1.1" 200 - "-" "WordPress/6.9.4; https://primemusicproductions.com"
173.239.240.143 - - [27/Apr/2026:14:59:37 +0000] "POST /wp-login.php HTTP/1.1" 401 3425 "-" "Mozilla/5.0"
184.94.212.206 - - [27/Apr/2026:15:00:13 +0000] "POST /wp-cron.php?doing_wp_cron=1777302013.4174768924713134765625 HTTP/1.1" 200 - "-" "WordPress/6.9.4; https://primemusicproductions.com"
114.119.128.127 - - [27/Apr/2026:15:00:11 +0000] "GET /music-productions/work-on-learning-the-guitar-with-these-fantastic-tips-2?nonamp=1&noamp=mobile HTTP/1.1" 301 - "https://primemusicproductions.com/music-productions/work-on-learning-the-guitar-with-these-fantastic-tips-2?nonamp=1&noamp=mobile" "Mozilla/5.0 (Linux; Android 7.0;) AppleWebKit/537.36 (HTML, like Gecko) Mobile Safari/537.36 (compatible; PetalBot;+https://webmaster.petalsearch.com/site/petalbot)"
114.119.128.127 - - [27/Apr/2026:15:00:13 +0000] "GET /music-productions/work-on-learning-the-guitar-with-these-fantastic-tips-2/?nonamp=1&noamp=mobile HTTP/1.1" 200 50057 "https://primemusicproductions.com/music-productions/work-on-learning-the-guitar-with-these-fantastic-tips-2?nonamp=1&noamp=mobile" "Mozilla/5.0 (Linux; Android 7.0;) AppleWebKit/537.36 (HTML, like Gecko) Mobile Safari/537.36 (compatible; PetalBot;+https://webmaster.petalsearch.com/site/petalbot)"
184.94.212.206 - - [27/Apr/2026:15:01:39 +0000] "POST /wp-cron.php?doing_wp_cron=1777302099.6275889873504638671875 HTTP/1.1" 200 - "-" "WordPress/6.9.4; https://primemusicproductions.com"
192.0.85.167 - - [27/Apr/2026:15:01:37 +0000] "HEAD / HTTP/1.1" 200 - "-" "jetmon/1.0 (Jetpack Site Uptime Monitor by WordPress.com)"
184.94.212.206 - - [27/Apr/2026:15:06:04 +0000] "POST /wp-cron.php?doing_wp_cron=1777302364.5834379196166992187500 HTTP/1.1" 200 - "-" "WordPress/6.9.4; https://primemusicproductions.com"
114.119.139.1 - - [27/Apr/2026:15:06:02 +0000] "GET /music-productions/work-on-learning-the-guitar-with-these-fantastic-tips-2/?noamp=mobile HTTP/1.1" 200 50061 "https://primemusicproductions.com/music-productions/work-on-learning-the-guitar-with-these-fantastic-tips-2/?noamp=mobile" "Mozilla/5.0 (Linux; Android 7.0;) AppleWebKit/537.36 (HTML, like Gecko) Mobile Safari/537.36 (compatible; PetalBot;+https://webmaster.petalsearch.com/site/petalbot)"
192.0.85.167 - - [27/Apr/2026:15:06:33 +0000] "HEAD / HTTP/1.1" 200 - "-" "jetmon/1.0 (Jetpack Site Uptime Monitor by WordPress.com)"
62.210.185.4 - - [27/Apr/2026:15:08:33 +0000] "GET /wp-login.php HTTP/1.1" 200 4366 "-" "Mozilla/5.0 (Windows NT 10.0; WOW64; Trident/7.0; MDDRJS; rv:11.0) like Gecko"
62.210.185.4 - - [27/Apr/2026:15:08:35 +0000] "POST /wp-login.php HTTP/1.1" 200 4366 "https://primemusicproductions.com/wp-login.php" "Mozilla/5.0 (Windows NT 10.0; WOW64; Trident/7.0; MDDRJS; rv:11.0) like Gecko"
184.94.212.206 - - [27/Apr/2026:15:11:37 +0000] "POST /wp-cron.php?doing_wp_cron=1777302697.2925639152526855468750 HTTP/1.1" 200 - "-" "WordPress/6.9.4; https://primemusicproductions.com"
192.0.85.167 - - [27/Apr/2026:15:11:35 +0000] "HEAD / HTTP/1.1" 200 - "-" "jetmon/1.0 (Jetpack Site Uptime Monitor by WordPress.com)"
184.94.212.206 - - [27/Apr/2026:15:12:39 +0000] "POST /wp-cron.php?doing_wp_cron=1777302759.6874520778656005859375 HTTP/1.1" 200 - "-" "WordPress/6.9.4; https://primemusicproductions.com"
114.119.150.166 - - [27/Apr/2026:15:12:37 +0000] "GET /music-productions/when-you-need-comprehensive-data-on-learning-guitar-read-this/?share=pinterest HTTP/1.1" 302 - "https://primemusicproductions.com/music-productions/when-you-need-comprehensive-data-on-learning-guitar-read-this?nonamp=1" "Mozilla/5.0 (Linux; Android 7.0;) AppleWebKit/537.36 (HTML, like Gecko) Mobile Safari/537.36 (compatible; PetalBot;+https://webmaster.petalsearch.com/site/petalbot)"
184.94.212.206 - - [27/Apr/2026:15:16:38 +0000] "POST /wp-cron.php?doing_wp_cron=1777302998.2038860321044921875000 HTTP/1.1" 200 - "-" "WordPress/6.9.4; https://primemusicproductions.com"
192.0.85.167 - - [27/Apr/2026:15:16:36 +0000] "HEAD / HTTP/1.1" 200 - "-" "jetmon/1.0 (Jetpack Site Uptime Monitor by WordPress.com)"
216.73.216.179 - - [27/Apr/2026:15:16:45 +0000] "GET /robots.txt HTTP/1.1" 200 153 "-" "Mozilla/5.0 AppleWebKit/537.36 (KHTML, like Gecko; compatible; ClaudeBot/1.0; +claudebot@anthropic.com)"
216.73.216.179 - - [27/Apr/2026:15:16:46 +0000] "GET /sitemap.xml HTTP/1.1" 200 307 "-" "Mozilla/5.0 AppleWebKit/537.36 (KHTML, like Gecko; compatible; ClaudeBot/1.0; +claudebot@anthropic.com)"
184.94.212.206 - - [27/Apr/2026:15:16:59 +0000] "POST /wp-cron.php?doing_wp_cron=1777303019.6786010265350341796875 HTTP/1.1" 200 - "-" "WordPress/6.9.4; https://primemusicproductions.com"
114.119.139.1 - - [27/Apr/2026:15:16:58 +0000] "GET /music-productions/what-you-should-know-about-learning-the-guitar-2/?share=facebook&amp HTTP/1.1" 302 - "https://primemusicproductions.com/music-productions/what-you-should-know-about-learning-the-guitar-2/?amp" "Mozilla/5.0 (Linux; Android 7.0;) AppleWebKit/537.36 (HTML, like Gecko) Mobile Safari/537.36 (compatible; PetalBot;+https://webmaster.petalsearch.com/site/petalbot)"
184.94.212.206 - - [27/Apr/2026:15:19:06 +0000] "POST /wp-cron.php?doing_wp_cron=1777303146.0844879150390625000000 HTTP/1.1" 200 - "-" "WordPress/6.9.4; https://primemusicproductions.com"
57.141.18.66 - - [27/Apr/2026:15:19:04 +0000] "GET /category-sitemap.xml HTTP/1.1" 200 899 "-" "meta-externalagent/1.1 (+https://developers.facebook.com/docs/sharing/webmasters/crawler)"
184.94.212.206 - - [27/Apr/2026:15:20:55 +0000] "POST /wp-cron.php?doing_wp_cron=1777303255.0599000453948974609375 HTTP/1.1" 200 - "-" "WordPress/6.9.4; https://primemusicproductions.com"
216.73.216.179 - - [27/Apr/2026:15:20:53 +0000] "GET /sitemap_index.xml HTTP/1.1" 200 358 "-" "Mozilla/5.0 AppleWebKit/537.36 (KHTML, like Gecko; compatible; ClaudeBot/1.0; +claudebot@anthropic.com)"
192.0.85.167 - - [27/Apr/2026:15:21:34 +0000] "HEAD / HTTP/1.1" 200 - "-" "jetmon/1.0 (Jetpack Site Uptime Monitor by WordPress.com)"
155.212.135.191 - - [27/Apr/2026:15:22:55 +0000] "GET /wp-login.php HTTP/1.1" 200 4368 "-" "Mozilla/5.0 (X11; Ubuntu; Linux x86_64; rv:61.0) Gecko/20100101 Firefox/61.0"
155.212.135.191 - - [27/Apr/2026:15:23:00 +0000] "POST /wp-login.php HTTP/1.1" 200 4368 "https://primemusicproductions.com/wp-login.php" "Mozilla/5.0 (X11; Ubuntu; Linux x86_64; rv:61.0) Gecko/20100101 Firefox/61.0"
184.94.212.206 - - [27/Apr/2026:15:23:47 +0000] "POST /wp-cron.php?doing_wp_cron=1777303427.0074720382690429687500 HTTP/1.1" 200 - "-" "WordPress/6.9.4; https://primemusicproductions.com"
98.83.177.42 - - [27/Apr/2026:15:23:45 +0000] "GET / HTTP/1.1" 200 51714 "-" "Mozilla/5.0 AppleWebKit/537.36 (KHTML, like Gecko; compatible; Amazonbot/0.1; +https://developer.amazon.com/support/amazonbot) Chrome/119.0.6045.214 Safari/537.36"
