20.223.136.145 - - [27/Apr/2026:19:36:29 +0000] "GET /xwpg.php HTTP/1.1" 301 - "-" "-"
20.223.136.145 - - [27/Apr/2026:19:36:30 +0000] "GET /InVideo HTTP/1.1" 307 - "-" "-"
20.223.136.145 - - [27/Apr/2026:19:36:31 +0000] "GET /ass.php HTTP/1.1" 301 - "-" "-"
216.244.66.195 - - [27/Apr/2026:19:36:32 +0000] "GET /music-productions/having-difficulty-learning-guitar-try-these-ideas-3/?share=linkedin HTTP/1.1" 302 - "-" "Mozilla/5.0 (compatible; DotBot/1.2; +https://opensiteexplorer.org/dotbot; help@moz.com)"
20.223.136.145 - - [27/Apr/2026:19:36:32 +0000] "GET /InVideo HTTP/1.1" 307 - "-" "-"
20.223.136.145 - - [27/Apr/2026:19:36:34 +0000] "GET /about.php HTTP/1.1" 301 - "-" "-"
20.223.136.145 - - [27/Apr/2026:19:36:35 +0000] "GET /InVideo HTTP/1.1" 307 - "-" "-"
202.76.173.97 - - [27/Apr/2026:19:36:35 +0000] "GET /thumb_cvme_eylpxu-jpg/ HTTP/1.1" 200 45156 "-" "Opera/9.80 (Windows NT 6.0; U; en) Presto/2.2.15 Version/10.10"
20.223.136.145 - - [27/Apr/2026:19:36:36 +0000] "GET /no18.php HTTP/1.1" 301 - "-" "-"
192.0.85.167 - - [27/Apr/2026:19:36:36 +0000] "HEAD / HTTP/1.1" 200 - "-" "jetmon/1.0 (Jetpack Site Uptime Monitor by WordPress.com)"
20.223.136.145 - - [27/Apr/2026:19:36:37 +0000] "GET /InVideo HTTP/1.1" 307 - "-" "-"
20.223.136.145 - - [27/Apr/2026:19:36:39 +0000] "GET /fine.php HTTP/1.1" 301 - "-" "-"
20.223.136.145 - - [27/Apr/2026:19:36:40 +0000] "GET /InVideo HTTP/1.1" 307 - "-" "-"
20.223.136.145 - - [27/Apr/2026:19:36:41 +0000] "GET /hplfuns.php HTTP/1.1" 301 - "-" "-"
20.223.136.145 - - [27/Apr/2026:19:36:43 +0000] "GET /InVideo HTTP/1.1" 307 - "-" "-"
20.223.136.145 - - [27/Apr/2026:19:36:44 +0000] "GET /xa.php HTTP/1.1" 301 - "-" "-"
20.223.136.145 - - [27/Apr/2026:19:36:45 +0000] "GET /InVideo HTTP/1.1" 307 - "-" "-"
20.223.136.145 - - [27/Apr/2026:19:36:47 +0000] "GET /admin.php HTTP/1.1" 301 - "-" "-"
20.223.136.145 - - [27/Apr/2026:19:36:48 +0000] "GET /InVideo HTTP/1.1" 307 - "-" "-"
20.223.136.145 - - [27/Apr/2026:19:36:49 +0000] "GET /inege.php HTTP/1.1" 301 - "-" "-"
20.223.136.145 - - [27/Apr/2026:19:36:50 +0000] "GET /InVideo HTTP/1.1" 307 - "-" "-"
20.223.136.145 - - [27/Apr/2026:19:36:52 +0000] "GET /uuu.php HTTP/1.1" 301 - "-" "-"
20.223.136.145 - - [27/Apr/2026:19:36:53 +0000] "GET /InVideo HTTP/1.1" 307 - "-" "-"
20.223.136.145 - - [27/Apr/2026:19:36:54 +0000] "GET /no1.php HTTP/1.1" 301 - "-" "-"
20.223.136.145 - - [27/Apr/2026:19:36:55 +0000] "GET /InVideo HTTP/1.1" 307 - "-" "-"
20.223.136.145 - - [27/Apr/2026:19:36:56 +0000] "GET /w2025.php HTTP/1.1" 301 - "-" "-"
20.223.136.145 - - [27/Apr/2026:19:36:57 +0000] "GET /InVideo HTTP/1.1" 307 - "-" "-"
20.223.136.145 - - [27/Apr/2026:19:36:59 +0000] "GET /fvvff.php HTTP/1.1" 301 - "-" "-"
20.223.136.145 - - [27/Apr/2026:19:37:00 +0000] "GET /InVideo HTTP/1.1" 307 - "-" "-"
20.223.136.145 - - [27/Apr/2026:19:37:01 +0000] "GET /a2.php HTTP/1.1" 301 - "-" "-"
20.223.136.145 - - [27/Apr/2026:19:37:03 +0000] "GET /InVideo HTTP/1.1" 307 - "-" "-"
20.223.136.145 - - [27/Apr/2026:19:37:04 +0000] "GET /edit.php HTTP/1.1" 301 - "-" "-"
20.223.136.145 - - [27/Apr/2026:19:37:05 +0000] "GET /InVideo HTTP/1.1" 307 - "-" "-"
20.223.136.145 - - [27/Apr/2026:19:37:06 +0000] "GET /ioxi-o.php HTTP/1.1" 301 - "-" "-"
20.223.136.145 - - [27/Apr/2026:19:37:08 +0000] "GET /InVideo HTTP/1.1" 307 - "-" "-"
20.223.136.145 - - [27/Apr/2026:19:37:09 +0000] "GET /wp-content/admin.php HTTP/1.1" 301 - "-" "-"
20.223.136.145 - - [27/Apr/2026:19:37:10 +0000] "GET /InVideo HTTP/1.1" 307 - "-" "-"
20.223.136.145 - - [27/Apr/2026:19:37:11 +0000] "GET /66.php HTTP/1.1" 301 - "-" "-"
20.223.136.145 - - [27/Apr/2026:19:37:12 +0000] "GET /InVideo HTTP/1.1" 307 - "-" "-"
20.223.136.145 - - [27/Apr/2026:19:37:14 +0000] "GET /a5.php HTTP/1.1" 301 - "-" "-"
20.223.136.145 - - [27/Apr/2026:19:37:15 +0000] "GET /InVideo HTTP/1.1" 307 - "-" "-"
20.223.136.145 - - [27/Apr/2026:19:37:16 +0000] "GET /f6.php HTTP/1.1" 301 - "-" "-"
20.223.136.145 - - [27/Apr/2026:19:37:17 +0000] "GET /InVideo HTTP/1.1" 307 - "-" "-"
20.223.136.145 - - [27/Apr/2026:19:37:19 +0000] "GET /inputs.php HTTP/1.1" 301 - "-" "-"
20.223.136.145 - - [27/Apr/2026:19:37:20 +0000] "GET /InVideo HTTP/1.1" 307 - "-" "-"
20.223.136.145 - - [27/Apr/2026:19:37:21 +0000] "GET /style.php HTTP/1.1" 301 - "-" "-"
20.223.136.145 - - [27/Apr/2026:19:37:22 +0000] "GET /InVideo HTTP/1.1" 307 - "-" "-"
20.223.136.145 - - [27/Apr/2026:19:37:24 +0000] "GET /av.php HTTP/1.1" 301 - "-" "-"
20.223.136.145 - - [27/Apr/2026:19:37:25 +0000] "GET /InVideo HTTP/1.1" 307 - "-" "-"
20.223.136.145 - - [27/Apr/2026:19:37:26 +0000] "GET /wp-admin/css/bolt.php HTTP/1.1" 301 - "-" "-"
20.223.136.145 - - [27/Apr/2026:19:37:27 +0000] "GET /InVideo HTTP/1.1" 307 - "-" "-"
20.223.136.145 - - [27/Apr/2026:19:37:29 +0000] "GET /wp-act.php HTTP/1.1" 301 - "-" "-"
20.223.136.145 - - [27/Apr/2026:19:37:30 +0000] "GET /InVideo HTTP/1.1" 307 - "-" "-"
20.223.136.145 - - [27/Apr/2026:19:37:31 +0000] "GET /classwithtostring.php?p= HTTP/1.1" 301 - "-" "-"
20.223.136.145 - - [27/Apr/2026:19:37:32 +0000] "GET /InVideo HTTP/1.1" 307 - "-" "-"
20.223.136.145 - - [27/Apr/2026:19:37:34 +0000] "GET /wp-content/themes/index.php HTTP/1.1" 200 - "-" "-"
184.94.212.206 - - [27/Apr/2026:19:37:37 +0000] "POST /wp-cron.php?doing_wp_cron=1777318657.7257809638977050781250 HTTP/1.1" 200 - "-" "WordPress/6.9.4; https://primemusicproductions.com"
20.223.136.145 - - [27/Apr/2026:19:37:36 +0000] "GET /sbhu.php HTTP/1.1" 301 - "-" "-"
20.223.136.145 - - [27/Apr/2026:19:37:37 +0000] "GET /InVideo HTTP/1.1" 307 - "-" "-"
20.223.136.145 - - [27/Apr/2026:19:37:39 +0000] "GET /wp-blog.php HTTP/1.1" 301 - "-" "-"
57.141.18.9 - - [27/Apr/2026:19:37:39 +0000] "GET /music-productions/want-to-learn-to-play-the-guitar-try-these-tips-2/attachment/eb35b90620f5053ed1584d05fb1d4390e277e2c818b4124193f4c77ba4e4_640-jpg HTTP/1.1" 301 - "-" "meta-externalagent/1.1 (+https://developers.facebook.com/docs/sharing/webmasters/crawler)"
20.223.136.145 - - [27/Apr/2026:19:37:40 +0000] "GET /InVideo HTTP/1.1" 307 - "-" "-"
57.141.18.34 - - [27/Apr/2026:19:37:42 +0000] "GET /music-productions/want-to-learn-to-play-the-guitar-try-these-tips-2/attachment/eb35b90620f5053ed1584d05fb1d4390e277e2c818b4124193f4c77ba4e4_640-jpg/ HTTP/1.1" 200 145514 "-" "meta-externalagent/1.1 (+https://developers.facebook.com/docs/sharing/webmasters/crawler)"
20.223.136.145 - - [27/Apr/2026:19:37:42 +0000] "GET /wp-includes/js/jquery/ HTTP/1.1" 301 - "-" "-"
20.223.136.145 - - [27/Apr/2026:19:37:43 +0000] "GET /InVideo HTTP/1.1" 307 - "-" "-"
20.223.136.145 - - [27/Apr/2026:19:37:45 +0000] "GET /wp-content/admin.php HTTP/1.1" 301 - "-" "-"
20.223.136.145 - - [27/Apr/2026:19:37:46 +0000] "GET /InVideo HTTP/1.1" 307 - "-" "-"
20.223.136.145 - - [27/Apr/2026:19:37:47 +0000] "GET /ms-edit.php HTTP/1.1" 301 - "-" "-"
20.223.136.145 - - [27/Apr/2026:19:37:48 +0000] "GET /InVideo HTTP/1.1" 307 - "-" "-"
20.223.136.145 - - [27/Apr/2026:19:37:50 +0000] "GET /adminfuns.php HTTP/1.1" 301 - "-" "-"
20.223.136.145 - - [27/Apr/2026:19:37:51 +0000] "GET /InVideo HTTP/1.1" 307 - "-" "-"
20.223.136.145 - - [27/Apr/2026:19:37:52 +0000] "GET /goods.php HTTP/1.1" 301 - "-" "-"
20.223.136.145 - - [27/Apr/2026:19:37:53 +0000] "GET /InVideo HTTP/1.1" 307 - "-" "-"
20.223.136.145 - - [27/Apr/2026:19:37:55 +0000] "GET /ms-edit.php HTTP/1.1" 301 - "-" "-"
20.223.136.145 - - [27/Apr/2026:19:37:56 +0000] "GET /InVideo HTTP/1.1" 307 - "-" "-"
20.223.136.145 - - [27/Apr/2026:19:37:57 +0000] "GET /222.php HTTP/1.1" 301 - "-" "-"
20.223.136.145 - - [27/Apr/2026:19:37:59 +0000] "GET /InVideo HTTP/1.1" 307 - "-" "-"
20.223.136.145 - - [27/Apr/2026:19:38:00 +0000] "GET /cgi-bin/index.php HTTP/1.1" 301 - "-" "-"
20.223.136.145 - - [27/Apr/2026:19:38:02 +0000] "GET /InVideo HTTP/1.1" 307 - "-" "-"
20.223.136.145 - - [27/Apr/2026:19:38:03 +0000] "GET /fff.php HTTP/1.1" 301 - "-" "-"
20.223.136.145 - - [27/Apr/2026:19:38:04 +0000] "GET /InVideo HTTP/1.1" 307 - "-" "-"
20.223.136.145 - - [27/Apr/2026:19:38:06 +0000] "GET /wp-content/ HTTP/1.1" 200 - "-" "-"
184.94.212.206 - - [27/Apr/2026:19:38:07 +0000] "POST /wp-cron.php?doing_wp_cron=1777318687.5914480686187744140625 HTTP/1.1" 200 - "-" "WordPress/6.9.4; https://primemusicproductions.com"
20.223.136.145 - - [27/Apr/2026:19:38:06 +0000] "GET /makeasmtp.php?p= HTTP/1.1" 301 - "-" "-"
20.223.136.145 - - [27/Apr/2026:19:38:07 +0000] "GET /InVideo HTTP/1.1" 307 - "-" "-"
20.223.136.145 - - [27/Apr/2026:19:38:09 +0000] "GET /admin1.php HTTP/1.1" 301 - "-" "-"
20.223.136.145 - - [27/Apr/2026:19:38:10 +0000] "GET /InVideo HTTP/1.1" 307 - "-" "-"
20.223.136.145 - - [27/Apr/2026:19:38:11 +0000] "GET /wp-includes/css/dist/ HTTP/1.1" 301 - "-" "-"
20.223.136.145 - - [27/Apr/2026:19:38:12 +0000] "GET /InVideo HTTP/1.1" 307 - "-" "-"
20.223.136.145 - - [27/Apr/2026:19:38:13 +0000] "GET /BDKR28WP.php HTTP/1.1" 301 - "-" "-"
20.223.136.145 - - [27/Apr/2026:19:38:15 +0000] "GET /InVideo HTTP/1.1" 307 - "-" "-"
20.223.136.145 - - [27/Apr/2026:19:38:16 +0000] "GET /wp-includes/l10n/ HTTP/1.1" 301 - "-" "-"
20.223.136.145 - - [27/Apr/2026:19:38:17 +0000] "GET /InVideo HTTP/1.1" 307 - "-" "-"
20.223.136.145 - - [27/Apr/2026:19:38:18 +0000] "GET /wp-content/uploads/ HTTP/1.1" 301 - "-" "-"
20.223.136.145 - - [27/Apr/2026:19:38:19 +0000] "GET /InVideo HTTP/1.1" 307 - "-" "-"
20.223.136.145 - - [27/Apr/2026:19:38:21 +0000] "GET /wp.php HTTP/1.1" 301 - "-" "-"
20.223.136.145 - - [27/Apr/2026:19:38:22 +0000] "GET /InVideo HTTP/1.1" 307 - "-" "-"
20.223.136.145 - - [27/Apr/2026:19:38:24 +0000] "GET /wp-admin/js/fi.php HTTP/1.1" 301 - "-" "-"
20.223.136.145 - - [27/Apr/2026:19:38:25 +0000] "GET /InVideo HTTP/1.1" 307 - "-" "-"
20.223.136.145 - - [27/Apr/2026:19:38:26 +0000] "GET /fe5.php HTTP/1.1" 301 - "-" "-"
20.223.136.145 - - [27/Apr/2026:19:38:27 +0000] "GET /InVideo HTTP/1.1" 307 - "-" "-"
20.223.136.145 - - [27/Apr/2026:19:38:28 +0000] "GET /wp-content/uploads/2021/02/index.php HTTP/1.1" 301 - "-" "-"
20.223.136.145 - - [27/Apr/2026:19:38:30 +0000] "GET /InVideo HTTP/1.1" 307 - "-" "-"
20.223.136.145 - - [27/Apr/2026:19:38:31 +0000] "GET /av.php HTTP/1.1" 301 - "-" "-"
20.223.136.145 - - [27/Apr/2026:19:38:32 +0000] "GET /InVideo HTTP/1.1" 307 - "-" "-"
20.223.136.145 - - [27/Apr/2026:19:38:34 +0000] "GET /abcd.php HTTP/1.1" 301 - "-" "-"
20.223.136.145 - - [27/Apr/2026:19:38:35 +0000] "GET /InVideo HTTP/1.1" 307 - "-" "-"
20.223.136.145 - - [27/Apr/2026:19:38:36 +0000] "GET /a1.php HTTP/1.1" 301 - "-" "-"
20.223.136.145 - - [27/Apr/2026:19:38:37 +0000] "GET /InVideo HTTP/1.1" 307 - "-" "-"
20.223.136.145 - - [27/Apr/2026:19:38:39 +0000] "GET /update/f35.php HTTP/1.1" 301 - "-" "-"
20.223.136.145 - - [27/Apr/2026:19:38:40 +0000] "GET /InVideo HTTP/1.1" 307 - "-" "-"
20.223.136.145 - - [27/Apr/2026:19:38:41 +0000] "GET /wp-includes/Text/Diff/Engine/about.php HTTP/1.1" 301 - "-" "-"
20.223.136.145 - - [27/Apr/2026:19:38:42 +0000] "GET /InVideo HTTP/1.1" 307 - "-" "-"
20.223.136.145 - - [27/Apr/2026:19:38:44 +0000] "GET /f35.php HTTP/1.1" 301 - "-" "-"
20.223.136.145 - - [27/Apr/2026:19:38:45 +0000] "GET /InVideo HTTP/1.1" 307 - "-" "-"
20.223.136.145 - - [27/Apr/2026:19:38:46 +0000] "GET /wp-includes/css/index.php?p= HTTP/1.1" 301 - "-" "-"
20.223.136.145 - - [27/Apr/2026:19:38:47 +0000] "GET /InVideo HTTP/1.1" 307 - "-" "-"
20.223.136.145 - - [27/Apr/2026:19:38:48 +0000] "GET /wp-includes/SimplePie/ HTTP/1.1" 301 - "-" "-"
20.223.136.145 - - [27/Apr/2026:19:38:50 +0000] "GET /InVideo HTTP/1.1" 307 - "-" "-"
20.223.136.145 - - [27/Apr/2026:19:38:51 +0000] "GET /k.php HTTP/1.1" 301 - "-" "-"
20.223.136.145 - - [27/Apr/2026:19:38:52 +0000] "GET /InVideo HTTP/1.1" 307 - "-" "-"
20.223.136.145 - - [27/Apr/2026:19:38:53 +0000] "GET /bal.php HTTP/1.1" 301 - "-" "-"
20.223.136.145 - - [27/Apr/2026:19:38:55 +0000] "GET /InVideo HTTP/1.1" 307 - "-" "-"
20.223.136.145 - - [27/Apr/2026:19:38:56 +0000] "GET /in.php HTTP/1.1" 301 - "-" "-"
20.223.136.145 - - [27/Apr/2026:19:38:57 +0000] "GET /InVideo HTTP/1.1" 307 - "-" "-"
20.223.136.145 - - [27/Apr/2026:19:38:59 +0000] "GET /gssdd.php HTTP/1.1" 301 - "-" "-"
20.223.136.145 - - [27/Apr/2026:19:39:00 +0000] "GET /InVideo HTTP/1.1" 307 - "-" "-"
20.223.136.145 - - [27/Apr/2026:19:39:01 +0000] "GET /cgi-bin/admin.php HTTP/1.1" 301 - "-" "-"
20.223.136.145 - - [27/Apr/2026:19:39:03 +0000] "GET /InVideo HTTP/1.1" 307 - "-" "-"
20.223.136.145 - - [27/Apr/2026:19:39:05 +0000] "GET /bs1.php HTTP/1.1" 301 - "-" "-"
20.223.136.145 - - [27/Apr/2026:19:39:06 +0000] "GET /InVideo HTTP/1.1" 307 - "-" "-"
20.223.136.145 - - [27/Apr/2026:19:39:07 +0000] "GET /wp-content/plugins/pwnd/as.php HTTP/1.1" 301 - "-" "-"
20.223.136.145 - - [27/Apr/2026:19:39:08 +0000] "GET /InVideo HTTP/1.1" 307 - "-" "-"
20.223.136.145 - - [27/Apr/2026:19:39:10 +0000] "GET /axx.php HTTP/1.1" 301 - "-" "-"
20.223.136.145 - - [27/Apr/2026:19:39:11 +0000] "GET /InVideo HTTP/1.1" 307 - "-" "-"
20.223.136.145 - - [27/Apr/2026:19:39:12 +0000] "GET /gettest.php HTTP/1.1" 301 - "-" "-"
20.223.136.145 - - [27/Apr/2026:19:39:13 +0000] "GET /InVideo HTTP/1.1" 307 - "-" "-"
20.223.136.145 - - [27/Apr/2026:19:39:14 +0000] "GET /acp.php HTTP/1.1" 301 - "-" "-"
20.223.136.145 - - [27/Apr/2026:19:39:16 +0000] "GET /InVideo HTTP/1.1" 307 - "-" "-"
20.223.136.145 - - [27/Apr/2026:19:39:17 +0000] "GET /file48.php HTTP/1.1" 301 - "-" "-"
20.223.136.145 - - [27/Apr/2026:19:39:18 +0000] "GET /InVideo HTTP/1.1" 307 - "-" "-"
20.223.136.145 - - [27/Apr/2026:19:39:19 +0000] "GET /wp-content/ HTTP/1.1" 200 - "-" "-"
20.223.136.145 - - [27/Apr/2026:19:39:20 +0000] "GET /simple.php HTTP/1.1" 301 - "-" "-"
20.223.136.145 - - [27/Apr/2026:19:39:21 +0000] "GET /InVideo HTTP/1.1" 307 - "-" "-"
114.119.150.168 - - [27/Apr/2026:19:39:21 +0000] "GET /music-productions/want-to-learn-to-play-the-guitar-try-these-tips/amp/?amp HTTP/1.1" 301 - "https://primemusicproductions.com/music-productions/want-to-learn-to-play-the-guitar-try-these-tips/amp" "Mozilla/5.0 (Linux; Android 7.0;) AppleWebKit/537.36 (HTML, like Gecko) Mobile Safari/537.36 (compatible; PetalBot;+https://webmaster.petalsearch.com/site/petalbot)"
20.223.136.145 - - [27/Apr/2026:19:39:22 +0000] "GET /drykl.php HTTP/1.1" 301 - "-" "-"
114.119.150.168 - - [27/Apr/2026:19:39:23 +0000] "GET /InVideo HTTP/1.1" 307 - "https://primemusicproductions.com/music-productions/want-to-learn-to-play-the-guitar-try-these-tips/amp" "Mozilla/5.0 (Linux; Android 7.0;) AppleWebKit/537.36 (HTML, like Gecko) Mobile Safari/537.36 (compatible; PetalBot;+https://webmaster.petalsearch.com/site/petalbot)"
20.223.136.145 - - [27/Apr/2026:19:39:23 +0000] "GET /InVideo HTTP/1.1" 307 - "-" "-"
184.94.212.206 - - [27/Apr/2026:19:39:26 +0000] "POST /wp-cron.php?doing_wp_cron=1777318766.2158229351043701171875 HTTP/1.1" 200 - "-" "WordPress/6.9.4; https://primemusicproductions.com"
20.223.136.145 - - [27/Apr/2026:19:39:25 +0000] "GET /xxx.php HTTP/1.1" 301 - "-" "-"
20.223.136.145 - - [27/Apr/2026:19:39:26 +0000] "GET /InVideo HTTP/1.1" 307 - "-" "-"
20.223.136.145 - - [27/Apr/2026:19:39:27 +0000] "GET /hypo.php HTTP/1.1" 301 - "-" "-"
20.223.136.145 - - [27/Apr/2026:19:39:28 +0000] "GET /InVideo HTTP/1.1" 307 - "-" "-"
20.223.136.145 - - [27/Apr/2026:19:39:29 +0000] "GET /file18.php HTTP/1.1" 301 - "-" "-"
20.223.136.145 - - [27/Apr/2026:19:39:31 +0000] "GET /InVideo HTTP/1.1" 307 - "-" "-"
20.223.136.145 - - [27/Apr/2026:19:39:32 +0000] "GET /xwx1.php HTTP/1.1" 301 - "-" "-"
20.223.136.145 - - [27/Apr/2026:19:39:33 +0000] "GET /InVideo HTTP/1.1" 307 - "-" "-"
20.223.136.145 - - [27/Apr/2026:19:39:34 +0000] "GET /wp-admin/css/colors/blue/ HTTP/1.1" 301 - "-" "-"
20.223.136.145 - - [27/Apr/2026:19:39:35 +0000] "GET /InVideo HTTP/1.1" 307 - "-" "-"
20.223.136.145 - - [27/Apr/2026:19:39:37 +0000] "GET /chosen.php HTTP/1.1" 301 - "-" "-"
20.223.136.145 - - [27/Apr/2026:19:39:38 +0000] "GET /InVideo HTTP/1.1" 307 - "-" "-"
184.94.212.206 - - [27/Apr/2026:19:41:36 +0000] "POST /wp-cron.php?doing_wp_cron=1777318896.9505779743194580078125 HTTP/1.1" 200 - "-" "WordPress/6.9.4; https://primemusicproductions.com"
192.0.85.167 - - [27/Apr/2026:19:41:35 +0000] "HEAD / HTTP/1.1" 200 - "-" "jetmon/1.0 (Jetpack Site Uptime Monitor by WordPress.com)"
184.94.212.206 - - [27/Apr/2026:19:46:07 +0000] "POST /wp-cron.php?doing_wp_cron=1777319167.6241950988769531250000 HTTP/1.1" 200 - "-" "WordPress/6.9.4; https://primemusicproductions.com"
114.119.139.115 - - [27/Apr/2026:19:46:05 +0000] "GET /music-productions/want-to-learn-to-play-the-guitar-try-these-tips-2/?noamp=mobile HTTP/1.1" 200 49665 "https://primemusicproductions.com/music-productions/want-to-learn-to-play-the-guitar-try-these-tips-2/?noamp=mobile" "Mozilla/5.0 (Linux; Android 7.0;) AppleWebKit/537.36 (HTML, like Gecko) Mobile Safari/537.36 (compatible; PetalBot;+https://webmaster.petalsearch.com/site/petalbot)"
184.94.212.206 - - [27/Apr/2026:19:46:34 +0000] "POST /wp-cron.php?doing_wp_cron=1777319194.7589979171752929687500 HTTP/1.1" 200 - "-" "WordPress/6.9.4; https://primemusicproductions.com"
192.0.85.167 - - [27/Apr/2026:19:46:33 +0000] "HEAD / HTTP/1.1" 200 - "-" "jetmon/1.0 (Jetpack Site Uptime Monitor by WordPress.com)"
184.94.212.206 - - [27/Apr/2026:19:47:39 +0000] "POST /wp-cron.php?doing_wp_cron=1777319259.8052420616149902343750 HTTP/1.1" 200 - "-" "WordPress/6.9.4; https://primemusicproductions.com"
85.208.96.201 - - [27/Apr/2026:19:47:38 +0000] "GET /music-productions/everything-there-is-to-know-about-learning-guitar/ HTTP/1.1" 200 49489 "-" "Mozilla/5.0 (compatible; SemrushBot/7~bl; +http://www.semrush.com/bot.html)"
184.94.212.206 - - [27/Apr/2026:19:51:37 +0000] "POST /wp-cron.php?doing_wp_cron=1777319497.8026249408721923828125 HTTP/1.1" 200 - "-" "WordPress/6.9.4; https://primemusicproductions.com"
192.0.85.167 - - [27/Apr/2026:19:51:36 +0000] "HEAD / HTTP/1.1" 200 - "-" "jetmon/1.0 (Jetpack Site Uptime Monitor by WordPress.com)"
184.94.212.206 - - [27/Apr/2026:19:52:52 +0000] "POST /wp-cron.php?doing_wp_cron=1777319572.6464810371398925781250 HTTP/1.1" 200 - "-" "WordPress/6.9.4; https://primemusicproductions.com"
114.119.128.56 - - [27/Apr/2026:19:52:50 +0000] "GET /music-productions/want-to-learn-to-play-the-guitar-try-these-tips-2/?amp=1 HTTP/1.1" 200 49663 "https://primemusicproductions.com/music-productions/want-to-learn-to-play-the-guitar-try-these-tips-2/?amp=1" "Mozilla/5.0 (Linux; Android 7.0;) AppleWebKit/537.36 (HTML, like Gecko) Mobile Safari/537.36 (compatible; PetalBot;+https://webmaster.petalsearch.com/site/petalbot)"
184.94.212.206 - - [27/Apr/2026:19:56:36 +0000] "POST /wp-cron.php?doing_wp_cron=1777319796.0834009647369384765625 HTTP/1.1" 200 - "-" "WordPress/6.9.4; https://primemusicproductions.com"
192.0.85.167 - - [27/Apr/2026:19:56:34 +0000] "HEAD / HTTP/1.1" 200 - "-" "jetmon/1.0 (Jetpack Site Uptime Monitor by WordPress.com)"
184.94.212.206 - - [27/Apr/2026:19:58:41 +0000] "POST /wp-cron.php?doing_wp_cron=1777319921.7174808979034423828125 HTTP/1.1" 200 - "-" "WordPress/6.9.4; https://primemusicproductions.com"
191.115.221.72 - - [27/Apr/2026:19:58:39 +0000] "GET /music-productions/are-you-ready-to-learn-the-guitar-check-this-out/?share=tumblr HTTP/1.1" 302 - "-" "Mozilla/5.0 (Macintosh; Intel Mac OS X 10_15_7) AppleWebKit/537.36 (KHTML, like Gecko) Chrome/106.0.0.0 Safari/537.36"
74.114.154.10 - - [27/Apr/2026:19:58:46 +0000] "GET /music-productions/are-you-ready-to-learn-the-guitar-check-this-out/ HTTP/1.1" 200 49831 "-" "Tumblr/14.0.835.186"
74.114.154.12 - - [27/Apr/2026:19:58:48 +0000] "HEAD /music-productions/are-you-ready-to-learn-the-guitar-check-this-out/ HTTP/1.1" 200 - "-" "-"
74.114.154.12 - - [27/Apr/2026:19:58:49 +0000] "GET /music-productions/are-you-ready-to-learn-the-guitar-check-this-out/ HTTP/1.1" 200 171480 "-" "-"
74.114.154.10 - - [27/Apr/2026:19:58:50 +0000] "GET /music-productions/are-you-ready-to-learn-the-guitar-check-this-out/ HTTP/1.1" 200 49830 "-" "Mozilla/5.0 (Macintosh; Intel Mac OS X 10_15_7) AppleWebKit/537.36 (KHTML, like Gecko) Chrome/106.0.0.0 Safari/537.36"
66.249.66.32 - - [27/Apr/2026:19:58:56 +0000] "GET /ads.txt HTTP/1.1" 200 58 "-" "Google-adstxt"
184.94.212.206 - - [27/Apr/2026:19:59:52 +0000] "POST /wp-cron.php?doing_wp_cron=1777319992.0154318809509277343750 HTTP/1.1" 200 - "-" "WordPress/6.9.4; https://primemusicproductions.com"
114.119.150.168 - - [27/Apr/2026:19:59:50 +0000] "GET /music-productions/unleashing-the-power-of-music-ai?share=pocket HTTP/1.1" 301 - "-" "Mozilla/5.0 (Linux; Android 7.0;) AppleWebKit/537.36 (HTML, like Gecko) Mobile Safari/537.36 (compatible; PetalBot;+https://webmaster.petalsearch.com/site/petalbot)"
114.119.150.168 - - [27/Apr/2026:19:59:52 +0000] "GET /music-productions/unleashing-the-power-of-music-ai/?share=pocket HTTP/1.1" 200 58327 "https://primemusicproductions.com/music-productions/unleashing-the-power-of-music-ai?share=pocket" "Mozilla/5.0 (Linux; Android 7.0;) AppleWebKit/537.36 (HTML, like Gecko) Mobile Safari/537.36 (compatible; PetalBot;+https://webmaster.petalsearch.com/site/petalbot)"
184.94.212.206 - - [27/Apr/2026:20:01:04 +0000] "POST /wp-cron.php?doing_wp_cron=1777320064.8446888923645019531250 HTTP/1.1" 200 - "-" "WordPress/6.9.4; https://primemusicproductions.com"
185.191.171.14 - - [27/Apr/2026:20:01:02 +0000] "GET /robots.txt HTTP/1.1" 200 153 "-" "Mozilla/5.0 (compatible; SemrushBot/7~bl; +http://www.semrush.com/bot.html)"
184.94.212.206 - - [27/Apr/2026:20:01:11 +0000] "POST /wp-cron.php?doing_wp_cron=1777320071.2472300529479980468750 HTTP/1.1" 200 - "-" "WordPress/6.9.4; https://primemusicproductions.com"
185.191.171.14 - - [27/Apr/2026:20:01:09 +0000] "GET /beat_maker-2/ HTTP/1.1" 200 45277 "-" "Mozilla/5.0 (compatible; SemrushBot/7~bl; +http://www.semrush.com/bot.html)"
192.0.85.167 - - [27/Apr/2026:20:01:35 +0000] "HEAD / HTTP/1.1" 200 - "-" "jetmon/1.0 (Jetpack Site Uptime Monitor by WordPress.com)"
184.94.212.206 - - [27/Apr/2026:20:02:49 +0000] "POST /wp-cron.php?doing_wp_cron=1777320169.8332619667053222656250 HTTP/1.1" 200 - "-" "WordPress/6.9.4; https://primemusicproductions.com"
104.210.140.130 - - [27/Apr/2026:20:02:47 +0000] "GET /robots.txt HTTP/1.1" 200 153 "-" "Mozilla/5.0 (Macintosh; Intel Mac OS X 10_15_7) AppleWebKit/537.36 (KHTML, like Gecko) Chrome/131.0.0.0 Safari/537.36; compatible; OAI-SearchBot/1.0; +https://openai.com/searchbot"
216.244.66.195 - - [27/Apr/2026:20:03:25 +0000] "GET /robots.txt HTTP/1.1" 200 298 "-" "Mozilla/5.0 (compatible; DotBot/1.2; +https://opensiteexplorer.org/dotbot; help@moz.com)"
184.94.212.206 - - [27/Apr/2026:20:05:35 +0000] "POST /wp-cron.php?doing_wp_cron=1777320335.2811660766601562500000 HTTP/1.1" 200 - "-" "WordPress/6.9.4; https://primemusicproductions.com"
20.255.80.192 - - [27/Apr/2026:20:05:33 +0000] "GET /inputs.php HTTP/1.1" 301 - "-" "Mozilla/5.0 (Windows NT 10.0; Win64; x64) AppleWebKit/537.36 (KHTML, like Gecko) Chrome/120.0.0.0 Safari/537.36"
20.255.80.192 - - [27/Apr/2026:20:05:35 +0000] "GET /ioxi-o.php HTTP/1.1" 301 - "-" "Mozilla/5.0 (Windows NT 10.0; Win64; x64) AppleWebKit/537.36 (KHTML, like Gecko) Chrome/120.0.0.0 Safari/537.36"
20.255.80.192 - - [27/Apr/2026:20:05:37 +0000] "GET /function/function.php HTTP/1.1" 301 - "-" "Mozilla/5.0 (Windows NT 10.0; Win64; x64) AppleWebKit/537.36 (KHTML, like Gecko) Chrome/120.0.0.0 Safari/537.36"
20.255.80.192 - - [27/Apr/2026:20:05:38 +0000] "GET /rip.php HTTP/1.1" 301 - "-" "Mozilla/5.0 (Windows NT 10.0; Win64; x64) AppleWebKit/537.36 (KHTML, like Gecko) Chrome/120.0.0.0 Safari/537.36"
20.255.80.192 - - [27/Apr/2026:20:05:39 +0000] "GET /admin.php HTTP/1.1" 301 - "-" "Mozilla/5.0 (Windows NT 10.0; Win64; x64) AppleWebKit/537.36 (KHTML, like Gecko) Chrome/120.0.0.0 Safari/537.36"
20.255.80.192 - - [27/Apr/2026:20:05:40 +0000] "GET /wp-content/uploads/index.php HTTP/1.1" 301 - "-" "Mozilla/5.0 (Windows NT 10.0; Win64; x64) AppleWebKit/537.36 (KHTML, like Gecko) Chrome/120.0.0.0 Safari/537.36"
20.255.80.192 - - [27/Apr/2026:20:05:42 +0000] "GET /cache.php HTTP/1.1" 301 - "-" "Mozilla/5.0 (Windows NT 10.0; Win64; x64) AppleWebKit/537.36 (KHTML, like Gecko) Chrome/120.0.0.0 Safari/537.36"
184.94.212.206 - - [27/Apr/2026:20:05:44 +0000] "POST /wp-cron.php?doing_wp_cron=1777320344.2767798900604248046875 HTTP/1.1" 200 - "-" "WordPress/6.9.4; https://primemusicproductions.com"
20.255.80.192 - - [27/Apr/2026:20:05:43 +0000] "GET /themes.php HTTP/1.1" 301 - "-" "Mozilla/5.0 (Windows NT 10.0; Win64; x64) AppleWebKit/537.36 (KHTML, like Gecko) Chrome/120.0.0.0 Safari/537.36"
20.255.80.192 - - [27/Apr/2026:20:05:44 +0000] "GET /an.php HTTP/1.1" 301 - "-" "Mozilla/5.0 (Windows NT 10.0; Win64; x64) AppleWebKit/537.36 (KHTML, like Gecko) Chrome/120.0.0.0 Safari/537.36"
20.255.80.192 - - [27/Apr/2026:20:05:46 +0000] "GET /index/function.php HTTP/1.1" 301 - "-" "Mozilla/5.0 (Windows NT 10.0; Win64; x64) AppleWebKit/537.36 (KHTML, like Gecko) Chrome/120.0.0.0 Safari/537.36"
20.255.80.192 - - [27/Apr/2026:20:05:47 +0000] "GET /randkeyword.PhP7 HTTP/1.1" 301 - "-" "Mozilla/5.0 (Windows NT 10.0; Win64; x64) AppleWebKit/537.36 (KHTML, like Gecko) Chrome/120.0.0.0 Safari/537.36"
20.255.80.192 - - [27/Apr/2026:20:05:48 +0000] "GET /ws.php HTTP/1.1" 301 - "-" "Mozilla/5.0 (Windows NT 10.0; Win64; x64) AppleWebKit/537.36 (KHTML, like Gecko) Chrome/120.0.0.0 Safari/537.36"
20.255.80.192 - - [27/Apr/2026:20:05:49 +0000] "GET /404.php HTTP/1.1" 301 - "-" "Mozilla/5.0 (Windows NT 10.0; Win64; x64) AppleWebKit/537.36 (KHTML, like Gecko) Chrome/120.0.0.0 Safari/537.36"
20.255.80.192 - - [27/Apr/2026:20:05:50 +0000] "GET /wp-admin/user.php HTTP/1.1" 301 - "-" "Mozilla/5.0 (Windows NT 10.0; Win64; x64) AppleWebKit/537.36 (KHTML, like Gecko) Chrome/120.0.0.0 Safari/537.36"
20.255.80.192 - - [27/Apr/2026:20:05:52 +0000] "GET /wp-conf.php HTTP/1.1" 301 - "-" "Mozilla/5.0 (Windows NT 10.0; Win64; x64) AppleWebKit/537.36 (KHTML, like Gecko) Chrome/120.0.0.0 Safari/537.36"
20.255.80.192 - - [27/Apr/2026:20:05:53 +0000] "GET /wp-content/themes/hideo/network.php HTTP/1.1" 301 - "-" "Mozilla/5.0 (Windows NT 10.0; Win64; x64) AppleWebKit/537.36 (KHTML, like Gecko) Chrome/120.0.0.0 Safari/537.36"
20.255.80.192 - - [27/Apr/2026:20:05:54 +0000] "GET /wp-login.php HTTP/1.1" 200 4129 "-" "Mozilla/5.0 (Windows NT 10.0; Win64; x64) AppleWebKit/537.36 (KHTML, like Gecko) Chrome/120.0.0.0 Safari/537.36"
20.255.80.192 - - [27/Apr/2026:20:05:56 +0000] "GET /abc.php HTTP/1.1" 301 - "-" "Mozilla/5.0 (Windows NT 10.0; Win64; x64) AppleWebKit/537.36 (KHTML, like Gecko) Chrome/120.0.0.0 Safari/537.36"
20.255.80.192 - - [27/Apr/2026:20:05:57 +0000] "GET /abcd.php HTTP/1.1" 301 - "-" "Mozilla/5.0 (Windows NT 10.0; Win64; x64) AppleWebKit/537.36 (KHTML, like Gecko) Chrome/120.0.0.0 Safari/537.36"
20.255.80.192 - - [27/Apr/2026:20:05:58 +0000] "GET /as.php HTTP/1.1" 301 - "-" "Mozilla/5.0 (Windows NT 10.0; Win64; x64) AppleWebKit/537.36 (KHTML, like Gecko) Chrome/120.0.0.0 Safari/537.36"
20.255.80.192 - - [27/Apr/2026:20:05:59 +0000] "GET /wp-trackback.php HTTP/1.1" 301 - "-" "Mozilla/5.0 (Windows NT 10.0; Win64; x64) AppleWebKit/537.36 (KHTML, like Gecko) Chrome/120.0.0.0 Safari/537.36"
20.255.80.192 - - [27/Apr/2026:20:06:00 +0000] "GET /about.php HTTP/1.1" 301 - "-" "Mozilla/5.0 (Windows NT 10.0; Win64; x64) AppleWebKit/537.36 (KHTML, like Gecko) Chrome/120.0.0.0 Safari/537.36"
20.255.80.192 - - [27/Apr/2026:20:06:02 +0000] "GET /file.php HTTP/1.1" 301 - "-" "Mozilla/5.0 (Windows NT 10.0; Win64; x64) AppleWebKit/537.36 (KHTML, like Gecko) Chrome/120.0.0.0 Safari/537.36"
20.255.80.192 - - [27/Apr/2026:20:06:03 +0000] "GET /adminfuns.php HTTP/1.1" 301 - "-" "Mozilla/5.0 (Windows NT 10.0; Win64; x64) AppleWebKit/537.36 (KHTML, like Gecko) Chrome/120.0.0.0 Safari/537.36"
20.255.80.192 - - [27/Apr/2026:20:06:04 +0000] "GET /wp-good.php HTTP/1.1" 301 - "-" "Mozilla/5.0 (Windows NT 10.0; Win64; x64) AppleWebKit/537.36 (KHTML, like Gecko) Chrome/120.0.0.0 Safari/537.36"
20.255.80.192 - - [27/Apr/2026:20:06:05 +0000] "GET /xmlrpc.php HTTP/1.1" 301 - "-" "Mozilla/5.0 (Windows NT 10.0; Win64; x64) AppleWebKit/537.36 (KHTML, like Gecko) Chrome/120.0.0.0 Safari/537.36"
20.255.80.192 - - [27/Apr/2026:20:06:07 +0000] "GET /goods.php HTTP/1.1" 301 - "-" "Mozilla/5.0 (Windows NT 10.0; Win64; x64) AppleWebKit/537.36 (KHTML, like Gecko) Chrome/120.0.0.0 Safari/537.36"
20.255.80.192 - - [27/Apr/2026:20:06:08 +0000] "GET /class-t.api.php HTTP/1.1" 301 - "-" "Mozilla/5.0 (Windows NT 10.0; Win64; x64) AppleWebKit/537.36 (KHTML, like Gecko) Chrome/120.0.0.0 Safari/537.36"
20.255.80.192 - - [27/Apr/2026:20:06:09 +0000] "GET /sf.php HTTP/1.1" 301 - "-" "Mozilla/5.0 (Windows NT 10.0; Win64; x64) AppleWebKit/537.36 (KHTML, like Gecko) Chrome/120.0.0.0 Safari/537.36"
20.255.80.192 - - [27/Apr/2026:20:06:10 +0000] "GET /kbfr.php HTTP/1.1" 301 - "-" "Mozilla/5.0 (Windows NT 10.0; Win64; x64) AppleWebKit/537.36 (KHTML, like Gecko) Chrome/120.0.0.0 Safari/537.36"
20.255.80.192 - - [27/Apr/2026:20:06:11 +0000] "GET /autoload_classmap.php HTTP/1.1" 301 - "-" "Mozilla/5.0 (Windows NT 10.0; Win64; x64) AppleWebKit/537.36 (KHTML, like Gecko) Chrome/120.0.0.0 Safari/537.36"
20.255.80.192 - - [27/Apr/2026:20:06:12 +0000] "GET /chosen.php?p= HTTP/1.1" 301 - "-" "Mozilla/5.0 (Windows NT 10.0; Win64; x64) AppleWebKit/537.36 (KHTML, like Gecko) Chrome/120.0.0.0 Safari/537.36"
20.255.80.192 - - [27/Apr/2026:20:06:14 +0000] "GET /classwithtostring.php HTTP/1.1" 301 - "-" "Mozilla/5.0 (Windows NT 10.0; Win64; x64) AppleWebKit/537.36 (KHTML, like Gecko) Chrome/120.0.0.0 Safari/537.36"
20.255.80.192 - - [27/Apr/2026:20:06:15 +0000] "GET /defaults.php HTTP/1.1" 301 - "-" "Mozilla/5.0 (Windows NT 10.0; Win64; x64) AppleWebKit/537.36 (KHTML, like Gecko) Chrome/120.0.0.0 Safari/537.36"
20.255.80.192 - - [27/Apr/2026:20:06:16 +0000] "GET /.well-known/ HTTP/1.1" 301 - "-" "Mozilla/5.0 (Windows NT 10.0; Win64; x64) AppleWebKit/537.36 (KHTML, like Gecko) Chrome/120.0.0.0 Safari/537.36"
20.255.80.192 - - [27/Apr/2026:20:06:17 +0000] "GET /info.php HTTP/1.1" 301 - "-" "Mozilla/5.0 (Windows NT 10.0; Win64; x64) AppleWebKit/537.36 (KHTML, like Gecko) Chrome/120.0.0.0 Safari/537.36"
20.255.80.192 - - [27/Apr/2026:20:06:18 +0000] "GET /cgi-bin/ HTTP/1.1" 301 - "-" "Mozilla/5.0 (Windows NT 10.0; Win64; x64) AppleWebKit/537.36 (KHTML, like Gecko) Chrome/120.0.0.0 Safari/537.36"
20.255.80.192 - - [27/Apr/2026:20:06:20 +0000] "GET /wp-includes/Requests/src/Response/about.php HTTP/1.1" 301 - "-" "Mozilla/5.0 (Windows NT 10.0; Win64; x64) AppleWebKit/537.36 (KHTML, like Gecko) Chrome/120.0.0.0 Safari/537.36"
20.255.80.192 - - [27/Apr/2026:20:06:21 +0000] "GET /wp-includes/html-api/ HTTP/1.1" 301 - "-" "Mozilla/5.0 (Windows NT 10.0; Win64; x64) AppleWebKit/537.36 (KHTML, like Gecko) Chrome/120.0.0.0 Safari/537.36"
20.255.80.192 - - [27/Apr/2026:20:06:22 +0000] "GET /wp-content/admin.php HTTP/1.1" 301 - "-" "Mozilla/5.0 (Windows NT 10.0; Win64; x64) AppleWebKit/537.36 (KHTML, like Gecko) Chrome/120.0.0.0 Safari/537.36"
20.255.80.192 - - [27/Apr/2026:20:06:23 +0000] "GET /wp-admin/css/colors/ectoplasm/ HTTP/1.1" 301 - "-" "Mozilla/5.0 (Windows NT 10.0; Win64; x64) AppleWebKit/537.36 (KHTML, like Gecko) Chrome/120.0.0.0 Safari/537.36"
20.255.80.192 - - [27/Apr/2026:20:06:24 +0000] "GET /wp-content/uploads/ HTTP/1.1" 301 - "-" "Mozilla/5.0 (Windows NT 10.0; Win64; x64) AppleWebKit/537.36 (KHTML, like Gecko) Chrome/120.0.0.0 Safari/537.36"
20.255.80.192 - - [27/Apr/2026:20:06:26 +0000] "GET /wp-content/themes/admin.php HTTP/1.1" 301 - "-" "Mozilla/5.0 (Windows NT 10.0; Win64; x64) AppleWebKit/537.36 (KHTML, like Gecko) Chrome/120.0.0.0 Safari/537.36"
20.255.80.192 - - [27/Apr/2026:20:06:27 +0000] "GET /wp-content/themes/index.php HTTP/1.1" 200 - "-" "Mozilla/5.0 (Windows NT 10.0; Win64; x64) AppleWebKit/537.36 (KHTML, like Gecko) Chrome/120.0.0.0 Safari/537.36"
20.255.80.192 - - [27/Apr/2026:20:06:27 +0000] "GET /wp-content/plugins/index.php HTTP/1.1" 200 - "-" "Mozilla/5.0 (Windows NT 10.0; Win64; x64) AppleWebKit/537.36 (KHTML, like Gecko) Chrome/120.0.0.0 Safari/537.36"
20.255.80.192 - - [27/Apr/2026:20:06:27 +0000] "GET /wp-includes/PHPMailer/ HTTP/1.1" 301 - "-" "Mozilla/5.0 (Windows NT 10.0; Win64; x64) AppleWebKit/537.36 (KHTML, like Gecko) Chrome/120.0.0.0 Safari/537.36"
20.255.80.192 - - [27/Apr/2026:20:06:29 +0000] "GET /wp-includes/images/ HTTP/1.1" 301 - "-" "Mozilla/5.0 (Windows NT 10.0; Win64; x64) AppleWebKit/537.36 (KHTML, like Gecko) Chrome/120.0.0.0 Safari/537.36"
20.255.80.192 - - [27/Apr/2026:20:06:30 +0000] "GET /wp-content/plugins/WordPressCore/ HTTP/1.1" 301 - "-" "Mozilla/5.0 (Windows NT 10.0; Win64; x64) AppleWebKit/537.36 (KHTML, like Gecko) Chrome/120.0.0.0 Safari/537.36"
114.119.139.115 - - [27/Apr/2026:20:06:33 +0000] "GET /music-productions/unleashing-the-power-of-music-ai?share=pinterest&amp HTTP/1.1" 302 - "-" "Mozilla/5.0 (Linux; Android 7.0;) AppleWebKit/537.36 (HTML, like Gecko) Mobile Safari/537.36 (compatible; PetalBot;+https://webmaster.petalsearch.com/site/petalbot)"
192.0.85.167 - - [27/Apr/2026:20:06:36 +0000] "HEAD / HTTP/1.1" 200 - "-" "jetmon/1.0 (Jetpack Site Uptime Monitor by WordPress.com)"
184.94.212.206 - - [27/Apr/2026:20:09:31 +0000] "POST /wp-cron.php?doing_wp_cron=1777320571.3022119998931884765625 HTTP/1.1" 200 - "-" "WordPress/6.9.4; https://primemusicproductions.com"
23.23.104.107 - - [27/Apr/2026:20:09:28 +0000] "GET /music-productions/techno-beat-maker/ HTTP/1.1" 200 52609 "-" "Mozilla/5.0 AppleWebKit/537.36 (KHTML, like Gecko; compatible; Amazonbot/0.1; +https://developer.amazon.com/support/amazonbot) Chrome/119.0.6045.214 Safari/537.36"
103.151.189.133 - - [27/Apr/2026:20:10:23 +0000] "GET /xmlrpc.php?rsd HTTP/1.1" 301 - "-" "Mozilla/5.0 (compatible; MSIE 5.0; Windows NT 6.0; Trident/4.0)"
184.94.212.206 - - [27/Apr/2026:20:10:25 +0000] "POST /wp-cron.php?doing_wp_cron=1777320625.2982048988342285156250 HTTP/1.1" 200 - "-" "WordPress/6.9.4; https://primemusicproductions.com"
49.235.136.28 - - [27/Apr/2026:20:10:23 +0000] "GET / HTTP/1.1" 301 - "http://www.primemusicproductions.com" "Mozilla/5.0 (iPhone; CPU iPhone OS 13_2_3 like Mac OS X) AppleWebKit/605.1.15 (KHTML, like Gecko) Version/13.0.3 Mobile/15E148 Safari/604.1"
165.101.226.21 - - [27/Apr/2026:20:10:28 +0000] "GET /InVideo HTTP/1.1" 307 - "-" "Opera/9.15.(X11; Linux x86_64; doi-IN) Presto/2.9.166 Version/10.00"
184.94.212.206 - - [27/Apr/2026:20:11:35 +0000] "POST /wp-cron.php?doing_wp_cron=1777320695.2279689311981201171875 HTTP/1.1" 200 - "-" "WordPress/6.9.4; https://primemusicproductions.com"
192.0.85.167 - - [27/Apr/2026:20:11:33 +0000] "HEAD / HTTP/1.1" 200 - "-" "jetmon/1.0 (Jetpack Site Uptime Monitor by WordPress.com)"
184.94.212.206 - - [27/Apr/2026:20:13:20 +0000] "POST /wp-cron.php?doing_wp_cron=1777320800.4453680515289306640625 HTTP/1.1" 200 - "-" "WordPress/6.9.4; https://primemusicproductions.com"
114.119.155.83 - - [27/Apr/2026:20:13:18 +0000] "GET /music-productions/unleashing-the-power-of-music-ai/attachment/exploring-music-ai-revolutionizing-the-music-industry/ HTTP/1.1" 200 45234 "https://primemusicproductions.com/music-productions/unleashing-the-power-of-music-ai/attachment/exploring-music-ai-revolutionizing-the-music-industry/" "Mozilla/5.0 (Linux; Android 7.0;) AppleWebKit/537.36 (HTML, like Gecko) Mobile Safari/537.36 (compatible; PetalBot;+https://webmaster.petalsearch.com/site/petalbot)"
184.94.212.206 - - [27/Apr/2026:20:16:36 +0000] "POST /wp-cron.php?doing_wp_cron=1777320996.9060950279235839843750 HTTP/1.1" 200 - "-" "WordPress/6.9.4; https://primemusicproductions.com"
192.0.85.167 - - [27/Apr/2026:20:16:35 +0000] "HEAD / HTTP/1.1" 200 - "-" "jetmon/1.0 (Jetpack Site Uptime Monitor by WordPress.com)"
184.94.212.206 - - [27/Apr/2026:20:18:27 +0000] "POST /wp-cron.php?doing_wp_cron=1777321107.6879379749298095703125 HTTP/1.1" 200 - "-" "WordPress/6.9.4; https://primemusicproductions.com"
108.167.132.42 - - [27/Apr/2026:20:18:25 +0000] "GET /wp-login.php HTTP/1.1" 200 4129 "-" "Mozilla/5.0 (X11; Ubuntu; Linux x86_64; rv:60.0) Gecko/20100101 Firefox/60.0"
108.167.132.42 - - [27/Apr/2026:20:18:28 +0000] "POST /wp-login.php HTTP/1.1" 401 1427 "https://primemusicproductions.com/wp-login.php" "Mozilla/5.0 (X11; Ubuntu; Linux x86_64; rv:60.0) Gecko/20100101 Firefox/60.0"
184.94.212.206 - - [27/Apr/2026:20:20:09 +0000] "POST /wp-cron.php?doing_wp_cron=1777321209.8138830661773681640625 HTTP/1.1" 200 - "-" "WordPress/6.9.4; https://primemusicproductions.com"
114.119.150.168 - - [27/Apr/2026:20:20:07 +0000] "GET /music-productions/unleashing-the-power-of-music-ai/?share=twitter&amp HTTP/1.1" 302 - "https://primemusicproductions.com/music-productions/unleashing-the-power-of-music-ai?amp" "Mozilla/5.0 (Linux; Android 7.0;) AppleWebKit/537.36 (HTML, like Gecko) Mobile Safari/537.36 (compatible; PetalBot;+https://webmaster.petalsearch.com/site/petalbot)"
184.94.212.206 - - [27/Apr/2026:20:21:38 +0000] "POST /wp-cron.php?doing_wp_cron=1777321298.0235359668731689453125 HTTP/1.1" 200 - "-" "WordPress/6.9.4; https://primemusicproductions.com"
192.0.85.167 - - [27/Apr/2026:20:21:36 +0000] "HEAD / HTTP/1.1" 200 - "-" "jetmon/1.0 (Jetpack Site Uptime Monitor by WordPress.com)"
216.244.66.195 - - [27/Apr/2026:20:22:06 +0000] "GET /music-downloads/an-easy-guide-to-what-you-need-to-understand-about-music-downloads/?share=google-plus-1 HTTP/1.1" 200 182645 "-" "Mozilla/5.0 (compatible; DotBot/1.2; +https://opensiteexplorer.org/dotbot; help@moz.com)"
216.244.66.195 - - [27/Apr/2026:20:22:25 +0000] "GET /music-productions/are-you-ready-to-learn-the-guitar-check-this-out/?share=google-plus-1 HTTP/1.1" 200 171480 "-" "Mozilla/5.0 (compatible; DotBot/1.2; +https://opensiteexplorer.org/dotbot; help@moz.com)"
184.94.212.206 - - [27/Apr/2026:20:25:29 +0000] "POST /wp-cron.php?doing_wp_cron=1777321529.5304288864135742187500 HTTP/1.1" 200 - "-" "WordPress/6.9.4; https://primemusicproductions.com"
85.208.96.211 - - [27/Apr/2026:20:25:27 +0000] "GET /music-productions/having-difficulty-learning-guitar-try-these-ideas-3/ HTTP/1.1" 200 49668 "-" "Mozilla/5.0 (compatible; SemrushBot/7~bl; +http://www.semrush.com/bot.html)"
216.244.66.195 - - [27/Apr/2026:20:25:39 +0000] "GET /music-productions/learn-your-way-around-the-guitar-with-these-tips/?share=pocket HTTP/1.1" 200 169771 "-" "Mozilla/5.0 (compatible; DotBot/1.2; +https://opensiteexplorer.org/dotbot; help@moz.com)"
184.94.212.206 - - [27/Apr/2026:20:25:52 +0000] "POST /wp-cron.php?doing_wp_cron=1777321552.9439120292663574218750 HTTP/1.1" 200 - "-" "WordPress/6.9.4; https://primemusicproductions.com"
185.191.171.18 - - [27/Apr/2026:20:25:51 +0000] "GET /music-productions/basic-step-by-step-tips-for-those-music-downloads/?amp HTTP/1.1" 200 50210 "-" "Mozilla/5.0 (compatible; SemrushBot/7~bl; +http://www.semrush.com/bot.html)"
185.191.171.14 - - [27/Apr/2026:20:25:54 +0000] "GET /music-productions/basic-step-by-step-tips-for-those-music-downloads/ HTTP/1.1" 200 50209 "-" "Mozilla/5.0 (compatible; SemrushBot/7~bl; +http://www.semrush.com/bot.html)"
192.0.85.167 - - [27/Apr/2026:20:26:34 +0000] "HEAD / HTTP/1.1" 200 - "-" "jetmon/1.0 (Jetpack Site Uptime Monitor by WordPress.com)"
114.119.155.83 - - [27/Apr/2026:20:27:15 +0000] "GET /music-productions/unleashing-the-power-of-music-ai/?share=pocket&amp HTTP/1.1" 200 58333 "https://primemusicproductions.com/music-productions/unleashing-the-power-of-music-ai/?share=pocket&amp" "Mozilla/5.0 (Linux; Android 7.0;) AppleWebKit/537.36 (HTML, like Gecko) Mobile Safari/537.36 (compatible; PetalBot;+https://webmaster.petalsearch.com/site/petalbot)"
184.94.212.206 - - [27/Apr/2026:20:28:06 +0000] "POST /wp-cron.php?doing_wp_cron=1777321686.7502739429473876953125 HTTP/1.1" 200 - "-" "WordPress/6.9.4; https://primemusicproductions.com"
162.220.232.230 - - [27/Apr/2026:20:28:04 +0000] "GET / HTTP/1.1" 200 51717 "https://www.google.com/" "Mozilla/5.0 (Windows NT 10.0; Win64; x64) AppleWebKit/537.36 (KHTML, like Gecko) Chrome/124.0.0.0 Safari/537.36 Edg/124.0.0.0"
162.220.232.230 - - [27/Apr/2026:20:28:11 +0000] "GET /wp-content/themes/flatmagazinews/js/script.js?ver=20160720 HTTP/1.1" 200 1118 "https://primemusicproductions.com" "Mozilla/5.0 (Windows NT 10.0; Win64; x64) AppleWebKit/537.36 (KHTML, like Gecko) Chrome/124.0.0.0 Safari/537.36 Edg/124.0.0.0"
162.220.232.230 - - [27/Apr/2026:20:28:12 +0000] "GET /wp-content/themes/flatmagazinews/js/skip-link-focus-fix.js?ver=20170823 HTTP/1.1" 200 417 "https://primemusicproductions.com" "Mozilla/5.0 (Windows NT 10.0; Win64; x64) AppleWebKit/537.36 (KHTML, like Gecko) Chrome/124.0.0.0 Safari/537.36 Edg/124.0.0.0"
162.220.232.230 - - [27/Apr/2026:20:28:12 +0000] "GET /wp-includes/js/jquery/jquery-migrate.min.js?ver=3.4.1 HTTP/1.1" 200 4872 "https://primemusicproductions.com" "Mozilla/5.0 (Windows NT 10.0; Win64; x64) AppleWebKit/537.36 (KHTML, like Gecko) Chrome/124.0.0.0 Safari/537.36 Edg/124.0.0.0"
162.220.232.230 - - [27/Apr/2026:20:28:12 +0000] "GET /wp-content/plugins/jetpack/_inc/build/infinite-scroll/infinity.min.js?ver=15.7.1-is5.0.1 HTTP/1.1" 200 4058 "https://primemusicproductions.com" "Mozilla/5.0 (Windows NT 10.0; Win64; x64) AppleWebKit/537.36 (KHTML, like Gecko) Chrome/124.0.0.0 Safari/537.36 Edg/124.0.0.0"
162.220.232.230 - - [27/Apr/2026:20:28:14 +0000] "GET /wp-content/plugins/wp-accessibility-helper/assets/js/wp-accessibility-helper.min.js?ver=1.0.0 HTTP/1.1" 200 2661 "https://primemusicproductions.com" "Mozilla/5.0 (Windows NT 10.0; Win64; x64) AppleWebKit/537.36 (KHTML, like Gecko) Chrome/124.0.0.0 Safari/537.36 Edg/124.0.0.0"
162.220.232.230 - - [27/Apr/2026:20:28:14 +0000] "GET /wp-content/themes/flatmagazinews/js/navigation.js?ver=20170823 HTTP/1.1" 200 1094 "https://primemusicproductions.com" "Mozilla/5.0 (Windows NT 10.0; Win64; x64) AppleWebKit/537.36 (KHTML, like Gecko) Chrome/124.0.0.0 Safari/537.36 Edg/124.0.0.0"
162.220.232.230 - - [27/Apr/2026:20:28:14 +0000] "GET /wp-content/themes/flatmagazinews/js/accessibility.js?ver=20160720 HTTP/1.1" 200 534 "https://primemusicproductions.com" "Mozilla/5.0 (Windows NT 10.0; Win64; x64) AppleWebKit/537.36 (KHTML, like Gecko) Chrome/124.0.0.0 Safari/537.36 Edg/124.0.0.0"
162.220.232.230 - - [27/Apr/2026:20:28:14 +0000] "GET /wp-content/plugins/jetpack/_inc/build/tiled-gallery/tiled-gallery/tiled-gallery.min.js?ver=15.7.1 HTTP/1.1" 200 1070 "https://primemusicproductions.com" "Mozilla/5.0 (Windows NT 10.0; Win64; x64) AppleWebKit/537.36 (KHTML, like Gecko) Chrome/124.0.0.0 Safari/537.36 Edg/124.0.0.0"
162.220.232.230 - - [27/Apr/2026:20:28:17 +0000] "GET /wp-content/plugins/wp-consent-api/assets/js/wp-consent-api.min.js?ver=2.0.1 HTTP/1.1" 200 822 "https://primemusicproductions.com" "Mozilla/5.0 (Windows NT 10.0; Win64; x64) AppleWebKit/537.36 (KHTML, like Gecko) Chrome/124.0.0.0 Safari/537.36 Edg/124.0.0.0"
162.220.232.230 - - [27/Apr/2026:20:28:17 +0000] "GET /wp-includes/js/jquery/jquery.min.js?ver=3.7.1 HTTP/1.1" 200 30368 "https://primemusicproductions.com" "Mozilla/5.0 (Windows NT 10.0; Win64; x64) AppleWebKit/537.36 (KHTML, like Gecko) Chrome/124.0.0.0 Safari/537.36 Edg/124.0.0.0"
162.220.232.230 - - [27/Apr/2026:20:28:17 +0000] "GET /wp-includes/js/mediaelement/mediaelement-and-player.min.js?ver=4.2.17 HTTP/1.1" 200 38789 "https://primemusicproductions.com" "Mozilla/5.0 (Windows NT 10.0; Win64; x64) AppleWebKit/537.36 (KHTML, like Gecko) Chrome/124.0.0.0 Safari/537.36 Edg/124.0.0.0"
162.220.232.230 - - [27/Apr/2026:20:28:17 +0000] "GET /wp-content/plugins/jetpack/_inc/build/carousel/jetpack-carousel.min.js?ver=15.7.1 HTTP/1.1" 200 7649 "https://primemusicproductions.com" "Mozilla/5.0 (Windows NT 10.0; Win64; x64) AppleWebKit/537.36 (KHTML, like Gecko) Chrome/124.0.0.0 Safari/537.36 Edg/124.0.0.0"
162.220.232.230 - - [27/Apr/2026:20:28:19 +0000] "GET /wp-content/plugins/google-site-kit/dist/assets/js/googlesitekit-consent-mode-bc2e26cfa69fcd4a8261.js HTTP/1.1" 200 25395 "https://primemusicproductions.com" "Mozilla/5.0 (Windows NT 10.0; Win64; x64) AppleWebKit/537.36 (KHTML, like Gecko) Chrome/124.0.0.0 Safari/537.36 Edg/124.0.0.0"
162.220.232.230 - - [27/Apr/2026:20:28:20 +0000] "GET / HTTP/1.1" 200 51717 "https://primemusicproductions.com" "Mozilla/5.0 (Windows NT 10.0; Win64; x64) AppleWebKit/537.36 (KHTML, like Gecko) Chrome/124.0.0.0 Safari/537.36 Edg/124.0.0.0"
162.220.232.230 - - [27/Apr/2026:20:28:22 +0000] "GET /wp-includes/js/mediaelement/mediaelement-migrate.min.js?ver=add92f4e98f9ce618741def37b23f2f1 HTTP/1.1" 200 540 "https://primemusicproductions.com" "Mozilla/5.0 (Windows NT 10.0; Win64; x64) AppleWebKit/537.36 (KHTML, like Gecko) Chrome/124.0.0.0 Safari/537.36 Edg/124.0.0.0"
162.220.232.230 - - [27/Apr/2026:20:28:23 +0000] "GET /wp-includes/js/mediaelement/wp-mediaelement.min.js?ver=add92f4e98f9ce618741def37b23f2f1 HTTP/1.1" 200 538 "https://primemusicproductions.com" "Mozilla/5.0 (Windows NT 10.0; Win64; x64) AppleWebKit/537.36 (KHTML, like Gecko) Chrome/124.0.0.0 Safari/537.36 Edg/124.0.0.0"
162.220.232.230 - - [27/Apr/2026:20:28:23 +0000] "GET /wp-includes/js/mediaelement/renderers/vimeo.min.js?ver=4.2.17 HTTP/1.1" 200 2284 "https://primemusicproductions.com" "Mozilla/5.0 (Windows NT 10.0; Win64; x64) AppleWebKit/537.36 (KHTML, like Gecko) Chrome/124.0.0.0 Safari/537.36 Edg/124.0.0.0"
162.220.232.230 - - [27/Apr/2026:20:28:23 +0000] "GET /piano-for-all/ HTTP/1.1" 200 49235 "https://primemusicproductions.com" "Mozilla/5.0 (Windows NT 10.0; Win64; x64) AppleWebKit/537.36 (KHTML, like Gecko) Chrome/124.0.0.0 Safari/537.36 Edg/124.0.0.0"
162.220.232.230 - - [27/Apr/2026:20:28:25 +0000] "GET /wp-content/plugins/jetpack/_inc/build/widgets/eu-cookie-law/eu-cookie-law.min.js?ver=20180522 HTTP/1.1" 200 659 "https://primemusicproductions.com" "Mozilla/5.0 (Windows NT 10.0; Win64; x64) AppleWebKit/537.36 (KHTML, like Gecko) Chrome/124.0.0.0 Safari/537.36 Edg/124.0.0.0"
162.220.232.230 - - [27/Apr/2026:20:28:25 +0000] "GET /site-map/ HTTP/1.1" 200 45514 "https://primemusicproductions.com" "Mozilla/5.0 (Windows NT 10.0; Win64; x64) AppleWebKit/537.36 (KHTML, like Gecko) Chrome/124.0.0.0 Safari/537.36 Edg/124.0.0.0"
162.220.232.230 - - [27/Apr/2026:20:28:25 +0000] "GET /contact/ HTTP/1.1" 200 45868 "https://primemusicproductions.com" "Mozilla/5.0 (Windows NT 10.0; Win64; x64) AppleWebKit/537.36 (KHTML, like Gecko) Chrome/124.0.0.0 Safari/537.36 Edg/124.0.0.0"
162.220.232.230 - - [27/Apr/2026:20:28:25 +0000] "GET /about-us/ HTTP/1.1" 200 47125 "https://primemusicproductions.com" "Mozilla/5.0 (Windows NT 10.0; Win64; x64) AppleWebKit/537.36 (KHTML, like Gecko) Chrome/124.0.0.0 Safari/537.36 Edg/124.0.0.0"
162.220.232.230 - - [27/Apr/2026:20:28:26 +0000] "GET /music-productions/unleashing-the-power-of-music-ai/ HTTP/1.1" 200 58317 "https://primemusicproductions.com" "Mozilla/5.0 (Windows NT 10.0; Win64; x64) AppleWebKit/537.36 (KHTML, like Gecko) Chrome/124.0.0.0 Safari/537.36 Edg/124.0.0.0"
162.220.232.230 - - [27/Apr/2026:20:28:29 +0000] "GET /author/primemusicproductions/ HTTP/1.1" 200 51909 "https://primemusicproductions.com" "Mozilla/5.0 (Windows NT 10.0; Win64; x64) AppleWebKit/537.36 (KHTML, like Gecko) Chrome/124.0.0.0 Safari/537.36 Edg/124.0.0.0"
162.220.232.230 - - [27/Apr/2026:20:28:31 +0000] "GET /music-productions/are-you-new-to-the-guitar-try-these-tips-and-tricks/ HTTP/1.1" 200 52836 "https://primemusicproductions.com" "Mozilla/5.0 (Windows NT 10.0; Win64; x64) AppleWebKit/537.36 (KHTML, like Gecko) Chrome/124.0.0.0 Safari/537.36 Edg/124.0.0.0"
162.220.232.230 - - [27/Apr/2026:20:28:31 +0000] "GET /music-productions/guitar-playing-and-how-you-can-succeed-at-it-2/ HTTP/1.1" 200 49493 "https://primemusicproductions.com" "Mozilla/5.0 (Windows NT 10.0; Win64; x64) AppleWebKit/537.36 (KHTML, like Gecko) Chrome/124.0.0.0 Safari/537.36 Edg/124.0.0.0"
162.220.232.230 - - [27/Apr/2026:20:28:31 +0000] "GET /music-productions/top-tips-for-learning-to-play-guitar/ HTTP/1.1" 200 49777 "https://primemusicproductions.com" "Mozilla/5.0 (Windows NT 10.0; Win64; x64) AppleWebKit/537.36 (KHTML, like Gecko) Chrome/124.0.0.0 Safari/537.36 Edg/124.0.0.0"
162.220.232.230 - - [27/Apr/2026:20:28:32 +0000] "GET /music-productions/learn-to-play-guitar-with-these-tips-straight-from-the-pros/ HTTP/1.1" 200 50161 "https://primemusicproductions.com" "Mozilla/5.0 (Windows NT 10.0; Win64; x64) AppleWebKit/537.36 (KHTML, like Gecko) Chrome/124.0.0.0 Safari/537.36 Edg/124.0.0.0"
162.220.232.230 - - [27/Apr/2026:20:28:34 +0000] "GET /music-productions/when-you-need-comprehensive-data-on-learning-guitar-read-this/ HTTP/1.1" 200 49930 "https://primemusicproductions.com" "Mozilla/5.0 (Windows NT 10.0; Win64; x64) AppleWebKit/537.36 (KHTML, like Gecko) Chrome/124.0.0.0 Safari/537.36 Edg/124.0.0.0"
162.220.232.230 - - [27/Apr/2026:20:28:37 +0000] "GET /music-productions/what-you-should-know-about-learning-the-guitar-2/ HTTP/1.1" 200 50208 "https://primemusicproductions.com" "Mozilla/5.0 (Windows NT 10.0; Win64; x64) AppleWebKit/537.36 (KHTML, like Gecko) Chrome/124.0.0.0 Safari/537.36 Edg/124.0.0.0"
162.220.232.230 - - [27/Apr/2026:20:28:37 +0000] "GET /page/2/ HTTP/1.1" 200 50998 "https://primemusicproductions.com" "Mozilla/5.0 (Windows NT 10.0; Win64; x64) AppleWebKit/537.36 (KHTML, like Gecko) Chrome/124.0.0.0 Safari/537.36 Edg/124.0.0.0"
162.220.232.230 - - [27/Apr/2026:20:28:37 +0000] "GET /page/3/ HTTP/1.1" 200 51007 "https://primemusicproductions.com" "Mozilla/5.0 (Windows NT 10.0; Win64; x64) AppleWebKit/537.36 (KHTML, like Gecko) Chrome/124.0.0.0 Safari/537.36 Edg/124.0.0.0"
184.94.212.206 - - [27/Apr/2026:20:29:39 +0000] "POST /wp-cron.php?doing_wp_cron=1777321779.4238340854644775390625 HTTP/1.1" 200 - "-" "WordPress/6.9.4; https://primemusicproductions.com"
14.254.212.98 - - [27/Apr/2026:20:29:37 +0000] "GET /music-productions/how-to-learn-guitar-some-tips-for-success/?noamp=mobile HTTP/1.1" 200 49891 "-" "Mozilla/5.0 (Macintosh; Intel Mac OS X 10_15_3) AppleWebKit/537.36 (KHTML, like Gecko) Brave Chrome/80.0.3987.87 Safari/537.36"
