103.157.205.152 - - [28/Apr/2026:06:52:03 +0000] "GET / HTTP/1.0" 200 175592 "https://primemusicproductions.com/" "Mozilla/5.0 (Windows NT 10.0; Win64; x64) AppleWebKit/537.36 (KHTML, like Gecko) Chrome/131.0.0.0 Safari/537.36 Avast/131.0.0.0"
103.157.205.152 - - [28/Apr/2026:06:52:06 +0000] "POST / HTTP/1.0" 500 2512 "https://primemusicproductions.com/" "Mozilla/5.0 (Windows NT 10.0; Win64; x64) AppleWebKit/537.36 (KHTML, like Gecko) Chrome/131.0.0.0 Safari/537.36 Avast/131.0.0.0"
184.94.212.206 - - [28/Apr/2026:06:53:00 +0000] "POST /wp-cron.php?doing_wp_cron=1777359180.3157510757446289062500 HTTP/1.1" 200 - "-" "WordPress/6.9.4; https://primemusicproductions.com"
85.208.96.201 - - [28/Apr/2026:06:52:58 +0000] "GET /music-productions/expert-advice-you-need-when-learning-guitar/ HTTP/1.1" 200 49958 "-" "Mozilla/5.0 (compatible; SemrushBot/7~bl; +http://www.semrush.com/bot.html)"
57.141.18.28 - - [28/Apr/2026:06:53:51 +0000] "GET /news-sitemap.xml HTTP/1.1" 200 574 "-" "meta-externalagent/1.1 (+https://developers.facebook.com/docs/sharing/webmasters/crawler)"
184.94.212.206 - - [28/Apr/2026:06:54:44 +0000] "POST /wp-cron.php?doing_wp_cron=1777359284.2867600917816162109375 HTTP/1.1" 200 - "-" "WordPress/6.9.4; https://primemusicproductions.com"
114.119.156.165 - - [28/Apr/2026:06:54:42 +0000] "GET /music-productions/the-pros-will-help-you-learn-guitar-with-these-tips?share=reddit&amp HTTP/1.1" 302 - "https://primemusicproductions.com/music-productions/the-pros-will-help-you-learn-guitar-with-these-tips?nonamp=1&amp=1" "Mozilla/5.0 (Linux; Android 7.0;) AppleWebKit/537.36 (HTML, like Gecko) Mobile Safari/537.36 (compatible; PetalBot;+https://webmaster.petalsearch.com/site/petalbot)"
184.94.212.206 - - [28/Apr/2026:06:56:39 +0000] "POST /wp-cron.php?doing_wp_cron=1777359399.3877739906311035156250 HTTP/1.1" 200 - "-" "WordPress/6.9.4; https://primemusicproductions.com"
192.0.85.167 - - [28/Apr/2026:06:56:37 +0000] "HEAD / HTTP/1.1" 200 - "-" "jetmon/1.0 (Jetpack Site Uptime Monitor by WordPress.com)"
184.94.212.206 - - [28/Apr/2026:06:57:57 +0000] "POST /wp-cron.php?doing_wp_cron=1777359477.5766470432281494140625 HTTP/1.1" 200 - "-" "WordPress/6.9.4; https://primemusicproductions.com"
173.239.211.168 - - [28/Apr/2026:06:57:55 +0000] "POST /wp-login.php HTTP/1.1" 401 3424 "-" "Mozilla/5.0"
216.244.66.195 - - [28/Apr/2026:06:58:58 +0000] "GET /music-productions/easy-tips-to-learning-the-guitar/?share=google-plus-1 HTTP/1.1" 200 169608 "-" "Mozilla/5.0 (compatible; DotBot/1.2; +https://opensiteexplorer.org/dotbot; help@moz.com)"
184.94.212.206 - - [28/Apr/2026:07:00:54 +0000] "POST /wp-cron.php?doing_wp_cron=1777359654.2962789535522460937500 HTTP/1.1" 200 - "-" "WordPress/6.9.4; https://primemusicproductions.com"
85.208.96.207 - - [28/Apr/2026:07:00:52 +0000] "GET /robots.txt HTTP/1.1" 200 153 "-" "Mozilla/5.0 (compatible; SemrushBot/7~bl; +http://www.semrush.com/bot.html)"
85.208.96.194 - - [28/Apr/2026:07:00:54 +0000] "GET /music-productions/music-downloads-knowledge-directly-from-the-experts/ HTTP/1.1" 200 49706 "-" "Mozilla/5.0 (compatible; SemrushBot/7~bl; +http://www.semrush.com/bot.html)"
184.94.212.206 - - [28/Apr/2026:07:01:14 +0000] "POST /wp-cron.php?doing_wp_cron=1777359674.7122828960418701171875 HTTP/1.1" 200 - "-" "WordPress/6.9.4; https://primemusicproductions.com"
67.38.35.85 - - [28/Apr/2026:07:01:13 +0000] "GET /music-productions/the-experts-dont-want-you-to-read-these-learning-guitar-tips/attachment/e834b70e2bf3083ed1584d05fb1d4390e277e2c818b4124195f2c670aeee_640-jpg/ HTTP/1.1" 200 45308 "-" "Mozilla/5.0 (Macintosh; Intel Mac OS X 10_15_7) AppleWebKit/537.36 (KHTML, like Gecko) Chrome/131.0.0.0 Safari/537.36"
114.119.155.83 - - [28/Apr/2026:07:01:30 +0000] "GET /music-productions/work-on-learning-the-guitar-with-these-fantastic-tips-2/?share=tumblr HTTP/1.1" 302 - "https://primemusicproductions.com/music-productions/work-on-learning-the-guitar-with-these-fantastic-tips-2?nonamp=1&amp=1" "Mozilla/5.0 (Linux; Android 7.0;) AppleWebKit/537.36 (HTML, like Gecko) Mobile Safari/537.36 (compatible; PetalBot;+https://webmaster.petalsearch.com/site/petalbot)"
192.0.85.167 - - [28/Apr/2026:07:01:38 +0000] "HEAD / HTTP/1.1" 200 - "-" "jetmon/1.0 (Jetpack Site Uptime Monitor by WordPress.com)"
184.94.212.206 - - [28/Apr/2026:07:04:51 +0000] "POST /wp-cron.php?doing_wp_cron=1777359891.7161920070648193359375 HTTP/1.1" 200 - "-" "WordPress/6.9.4; https://primemusicproductions.com"
212.221.158.251 - - [28/Apr/2026:07:04:49 +0000] "GET /privacy-policy/ HTTP/1.1" 200 48326 "-" "Mozilla/5.0 (Macintosh; Intel Mac OS X 10_15_7) AppleWebKit/537.36 (KHTML, like Gecko) Chrome/136.0.0.0 Safari/537.36"
184.94.212.206 - - [28/Apr/2026:07:06:42 +0000] "POST /wp-cron.php?doing_wp_cron=1777360002.0443799495697021484375 HTTP/1.1" 200 - "-" "WordPress/6.9.4; https://primemusicproductions.com"
192.0.85.167 - - [28/Apr/2026:07:06:40 +0000] "HEAD / HTTP/1.1" 200 - "-" "jetmon/1.0 (Jetpack Site Uptime Monitor by WordPress.com)"
184.94.212.206 - - [28/Apr/2026:07:08:22 +0000] "POST /wp-cron.php?doing_wp_cron=1777360102.3525569438934326171875 HTTP/1.1" 200 - "-" "WordPress/6.9.4; https://primemusicproductions.com"
114.119.128.56 - - [28/Apr/2026:07:08:20 +0000] "GET /music-productions/what-you-should-know-about-learning-the-guitar-2/?share=pinterest&amp HTTP/1.1" 302 - "https://primemusicproductions.com/music-productions/what-you-should-know-about-learning-the-guitar-2/?amp" "Mozilla/5.0 (Linux; Android 7.0;) AppleWebKit/537.36 (HTML, like Gecko) Mobile Safari/537.36 (compatible; PetalBot;+https://webmaster.petalsearch.com/site/petalbot)"
66.249.92.33 - - [28/Apr/2026:07:08:45 +0000] "GET /piano-for-all/ HTTP/1.1" 200 49236 "-" "Mozilla/5.0 (Macintosh; Intel Mac OS X 10_7_3) AppleWebKit/[WEBKIT_VERSION] (KHTML, like Gecko, Mediapartners-Google) Chrome/[CHROME_VERSION] Safari/[WEBKIT_VERSION]"
66.249.92.32 - - [28/Apr/2026:07:08:45 +0000] "GET /anti-spam-policy/ HTTP/1.1" 200 46521 "-" "Mozilla/5.0 (Linux; Android 4.0.4; Galaxy Nexus Build/IMM76B) AppleWebKit/537.36 (KHTML, like Gecko; Mediapartners-Google) Chrome/146.0.7680.177 Mobile Safari/537.36"
66.249.92.32 - - [28/Apr/2026:07:08:45 +0000] "GET /anti-spam-policy/ HTTP/1.1" 200 46520 "-" "Mozilla/5.0 (Macintosh; Intel Mac OS X 10_7_3) AppleWebKit/537.36 (KHTML, like Gecko, Mediapartners-Google) Chrome/146.0.7680.177 Safari/537.36"
66.249.92.32 - - [28/Apr/2026:07:08:47 +0000] "GET /wp-content/plugins/wp-accessibility-helper/assets/css/wp-accessibility-helper.min.css?ver=0.5.9.4 HTTP/1.1" 200 2005 "https://primemusicproductions.com/anti-spam-policy/" "Mozilla/5.0 (Linux; Android 4.0.4; Galaxy Nexus Build/IMM76B) AppleWebKit/537.36 (KHTML, like Gecko; Mediapartners-Google) Chrome/146.0.7680.177 Mobile Safari/537.36"
66.249.92.33 - - [28/Apr/2026:07:08:47 +0000] "GET /wp-includes/js/mediaelement/wp-mediaelement.min.css?ver=add92f4e98f9ce618741def37b23f2f1 HTTP/1.1" 200 1156 "https://primemusicproductions.com/anti-spam-policy/" "Mozilla/5.0 (Linux; Android 4.0.4; Galaxy Nexus Build/IMM76B) AppleWebKit/537.36 (KHTML, like Gecko; Mediapartners-Google) Chrome/146.0.7680.177 Mobile Safari/537.36"
66.249.92.32 - - [28/Apr/2026:07:08:47 +0000] "GET /wp-includes/js/mediaelement/mediaelementplayer-legacy.min.css?ver=4.2.17 HTTP/1.1" 200 2592 "https://primemusicproductions.com/anti-spam-policy/" "Mozilla/5.0 (Linux; Android 4.0.4; Galaxy Nexus Build/IMM76B) AppleWebKit/537.36 (KHTML, like Gecko; Mediapartners-Google) Chrome/146.0.7680.177 Mobile Safari/537.36"
66.249.92.32 - - [28/Apr/2026:07:08:47 +0000] "GET /wp-content/plugins/jetpack/modules/widgets/eu-cookie-law/style.css?ver=15.7.1 HTTP/1.1" 200 877 "https://primemusicproductions.com/anti-spam-policy/" "Mozilla/5.0 (Macintosh; Intel Mac OS X 10_7_3) AppleWebKit/537.36 (KHTML, like Gecko, Mediapartners-Google) Chrome/146.0.7680.177 Safari/537.36"
66.249.92.32 - - [28/Apr/2026:07:08:47 +0000] "GET /wp-content/plugins/wp-accessibility-helper/assets/images/accessibility-48.jpg HTTP/1.1" 200 1581 "https://primemusicproductions.com/anti-spam-policy/" "Mozilla/5.0 (Macintosh; Intel Mac OS X 10_7_3) AppleWebKit/537.36 (KHTML, like Gecko, Mediapartners-Google) Chrome/146.0.7680.177 Safari/537.36"
66.249.92.33 - - [28/Apr/2026:07:08:47 +0000] "GET /wp-content/plugins/jetpack/modules/widgets/eu-cookie-law/style.css?ver=15.7.1 HTTP/1.1" 200 877 "https://primemusicproductions.com/anti-spam-policy/" "Mozilla/5.0 (Linux; Android 4.0.4; Galaxy Nexus Build/IMM76B) AppleWebKit/537.36 (KHTML, like Gecko; Mediapartners-Google) Chrome/146.0.7680.177 Mobile Safari/537.36"
66.249.92.33 - - [28/Apr/2026:07:08:47 +0000] "GET /wp-includes/js/jquery/jquery-migrate.min.js?ver=3.4.1 HTTP/1.1" 200 4872 "https://primemusicproductions.com/anti-spam-policy/" "Mozilla/5.0 (Linux; Android 4.0.4; Galaxy Nexus Build/IMM76B) AppleWebKit/537.36 (KHTML, like Gecko; Mediapartners-Google) Chrome/146.0.7680.177 Mobile Safari/537.36"
66.249.92.32 - - [28/Apr/2026:07:08:47 +0000] "GET /wp-includes/css/admin-bar.min.css?ver=add92f4e98f9ce618741def37b23f2f1 HTTP/1.1" 200 3861 "https://primemusicproductions.com/anti-spam-policy/" "Mozilla/5.0 (Linux; Android 4.0.4; Galaxy Nexus Build/IMM76B) AppleWebKit/537.36 (KHTML, like Gecko; Mediapartners-Google) Chrome/146.0.7680.177 Mobile Safari/537.36"
66.249.92.32 - - [28/Apr/2026:07:08:47 +0000] "GET /wp-content/plugins/wp-accessibility-helper/assets/images/accessibility-48.jpg HTTP/1.1" 200 1581 "https://primemusicproductions.com/anti-spam-policy/" "Mozilla/5.0 (Linux; Android 4.0.4; Galaxy Nexus Build/IMM76B) AppleWebKit/537.36 (KHTML, like Gecko; Mediapartners-Google) Chrome/146.0.7680.177 Mobile Safari/537.36"
66.249.92.33 - - [28/Apr/2026:07:08:47 +0000] "GET /wp-includes/js/jquery/jquery.min.js?ver=3.7.1 HTTP/1.1" 200 30368 "https://primemusicproductions.com/anti-spam-policy/" "Mozilla/5.0 (Linux; Android 4.0.4; Galaxy Nexus Build/IMM76B) AppleWebKit/537.36 (KHTML, like Gecko; Mediapartners-Google) Chrome/146.0.7680.177 Mobile Safari/537.36"
66.249.92.33 - - [28/Apr/2026:07:08:47 +0000] "GET /wp-content/themes/modern-storytelling/style.css?ver=add92f4e98f9ce618741def37b23f2f1 HTTP/1.1" 200 9040 "https://primemusicproductions.com/anti-spam-policy/" "Mozilla/5.0 (Linux; Android 4.0.4; Galaxy Nexus Build/IMM76B) AppleWebKit/537.36 (KHTML, like Gecko; Mediapartners-Google) Chrome/146.0.7680.177 Mobile Safari/537.36"
66.249.92.33 - - [28/Apr/2026:07:08:47 +0000] "GET /wp-content/themes/flatmagazinews/style.css?ver=add92f4e98f9ce618741def37b23f2f1 HTTP/1.1" 200 9896 "https://primemusicproductions.com/anti-spam-policy/" "Mozilla/5.0 (Linux; Android 4.0.4; Galaxy Nexus Build/IMM76B) AppleWebKit/537.36 (KHTML, like Gecko; Mediapartners-Google) Chrome/146.0.7680.177 Mobile Safari/537.36"
66.249.92.33 - - [28/Apr/2026:07:08:47 +0000] "GET /wp-includes/css/dashicons.min.css?ver=add92f4e98f9ce618741def37b23f2f1 HTTP/1.1" 200 35721 "https://primemusicproductions.com/anti-spam-policy/" "Mozilla/5.0 (Linux; Android 4.0.4; Galaxy Nexus Build/IMM76B) AppleWebKit/537.36 (KHTML, like Gecko; Mediapartners-Google) Chrome/146.0.7680.177 Mobile Safari/537.36"
66.249.92.32 - - [28/Apr/2026:07:08:47 +0000] "GET /wp-includes/css/dist/block-library/style.min.css?ver=add92f4e98f9ce618741def37b23f2f1 HTTP/1.1" 200 15916 "https://primemusicproductions.com/anti-spam-policy/" "Mozilla/5.0 (Linux; Android 4.0.4; Galaxy Nexus Build/IMM76B) AppleWebKit/537.36 (KHTML, like Gecko; Mediapartners-Google) Chrome/146.0.7680.177 Mobile Safari/537.36"
66.249.92.33 - - [28/Apr/2026:07:08:47 +0000] "GET /wp-includes/js/jquery/jquery-migrate.min.js?ver=3.4.1 HTTP/1.1" 200 4872 "https://primemusicproductions.com/anti-spam-policy/" "Mozilla/5.0 (Macintosh; Intel Mac OS X 10_7_3) AppleWebKit/537.36 (KHTML, like Gecko, Mediapartners-Google) Chrome/146.0.7680.177 Safari/537.36"
66.249.92.33 - - [28/Apr/2026:07:08:47 +0000] "GET /wp-content/uploads/cropped-beat_maker-1.jpg HTTP/1.1" 200 206333 "https://primemusicproductions.com/anti-spam-policy/" "Mozilla/5.0 (Macintosh; Intel Mac OS X 10_7_3) AppleWebKit/537.36 (KHTML, like Gecko, Mediapartners-Google) Chrome/146.0.7680.177 Safari/537.36"
66.249.92.34 - - [28/Apr/2026:07:08:47 +0000] "GET /wp-content/themes/flatmagazinews/css/font-awesome.min.css?ver=add92f4e98f9ce618741def37b23f2f1 HTTP/1.1" 200 7053 "https://primemusicproductions.com/anti-spam-policy/" "Mozilla/5.0 (Macintosh; Intel Mac OS X 10_7_3) AppleWebKit/537.36 (KHTML, like Gecko, Mediapartners-Google) Chrome/146.0.7680.177 Safari/537.36"
66.249.92.34 - - [28/Apr/2026:07:08:47 +0000] "GET /wp-includes/css/dist/block-library/style.min.css?ver=add92f4e98f9ce618741def37b23f2f1 HTTP/1.1" 200 15916 "https://primemusicproductions.com/anti-spam-policy/" "Mozilla/5.0 (Macintosh; Intel Mac OS X 10_7_3) AppleWebKit/537.36 (KHTML, like Gecko, Mediapartners-Google) Chrome/146.0.7680.177 Safari/537.36"
66.249.92.33 - - [28/Apr/2026:07:08:47 +0000] "GET /wp-includes/css/dashicons.min.css?ver=add92f4e98f9ce618741def37b23f2f1 HTTP/1.1" 200 35721 "https://primemusicproductions.com/anti-spam-policy/" "Mozilla/5.0 (Macintosh; Intel Mac OS X 10_7_3) AppleWebKit/537.36 (KHTML, like Gecko, Mediapartners-Google) Chrome/146.0.7680.177 Safari/537.36"
66.249.92.34 - - [28/Apr/2026:07:08:47 +0000] "GET /wp-includes/js/mediaelement/mediaelementplayer-legacy.min.css?ver=4.2.17 HTTP/1.1" 200 2592 "https://primemusicproductions.com/anti-spam-policy/" "Mozilla/5.0 (Macintosh; Intel Mac OS X 10_7_3) AppleWebKit/537.36 (KHTML, like Gecko, Mediapartners-Google) Chrome/146.0.7680.177 Safari/537.36"
66.249.92.34 - - [28/Apr/2026:07:08:47 +0000] "GET /wp-content/plugins/wp-accessibility-helper/assets/css/wp-accessibility-helper.min.css?ver=0.5.9.4 HTTP/1.1" 200 2005 "https://primemusicproductions.com/anti-spam-policy/" "Mozilla/5.0 (Macintosh; Intel Mac OS X 10_7_3) AppleWebKit/537.36 (KHTML, like Gecko, Mediapartners-Google) Chrome/146.0.7680.177 Safari/537.36"
66.249.92.34 - - [28/Apr/2026:07:08:47 +0000] "GET /wp-includes/js/jquery/jquery.min.js?ver=3.7.1 HTTP/1.1" 200 30368 "https://primemusicproductions.com/anti-spam-policy/" "Mozilla/5.0 (Macintosh; Intel Mac OS X 10_7_3) AppleWebKit/537.36 (KHTML, like Gecko, Mediapartners-Google) Chrome/146.0.7680.177 Safari/537.36"
66.249.92.34 - - [28/Apr/2026:07:08:47 +0000] "GET /wp-content/themes/modern-storytelling/style.css?ver=add92f4e98f9ce618741def37b23f2f1 HTTP/1.1" 200 9040 "https://primemusicproductions.com/anti-spam-policy/" "Mozilla/5.0 (Macintosh; Intel Mac OS X 10_7_3) AppleWebKit/537.36 (KHTML, like Gecko, Mediapartners-Google) Chrome/146.0.7680.177 Safari/537.36"
66.249.92.34 - - [28/Apr/2026:07:08:47 +0000] "GET /wp-content/themes/flatmagazinews/css/font-awesome.min.css?ver=add92f4e98f9ce618741def37b23f2f1 HTTP/1.1" 200 7053 "https://primemusicproductions.com/anti-spam-policy/" "Mozilla/5.0 (Linux; Android 4.0.4; Galaxy Nexus Build/IMM76B) AppleWebKit/537.36 (KHTML, like Gecko; Mediapartners-Google) Chrome/146.0.7680.177 Mobile Safari/537.36"
66.249.92.34 - - [28/Apr/2026:07:08:47 +0000] "GET /wp-content/themes/flatmagazinews/style.css?ver=add92f4e98f9ce618741def37b23f2f1 HTTP/1.1" 200 9896 "https://primemusicproductions.com/anti-spam-policy/" "Mozilla/5.0 (Macintosh; Intel Mac OS X 10_7_3) AppleWebKit/537.36 (KHTML, like Gecko, Mediapartners-Google) Chrome/146.0.7680.177 Safari/537.36"
66.249.92.33 - - [28/Apr/2026:07:08:47 +0000] "GET /wp-includes/css/admin-bar.min.css?ver=add92f4e98f9ce618741def37b23f2f1 HTTP/1.1" 200 3861 "https://primemusicproductions.com/anti-spam-policy/" "Mozilla/5.0 (Macintosh; Intel Mac OS X 10_7_3) AppleWebKit/537.36 (KHTML, like Gecko, Mediapartners-Google) Chrome/146.0.7680.177 Safari/537.36"
66.249.92.34 - - [28/Apr/2026:07:08:47 +0000] "GET /wp-includes/js/mediaelement/wp-mediaelement.min.css?ver=add92f4e98f9ce618741def37b23f2f1 HTTP/1.1" 200 1156 "https://primemusicproductions.com/anti-spam-policy/" "Mozilla/5.0 (Macintosh; Intel Mac OS X 10_7_3) AppleWebKit/537.36 (KHTML, like Gecko, Mediapartners-Google) Chrome/146.0.7680.177 Safari/537.36"
66.249.92.34 - - [28/Apr/2026:07:08:47 +0000] "GET /wp-content/plugins/wp-accessibility-helper/assets/js/wp-accessibility-helper.min.js?ver=1.0.0 HTTP/1.1" 200 2661 "https://primemusicproductions.com/anti-spam-policy/" "Mozilla/5.0 (Macintosh; Intel Mac OS X 10_7_3) AppleWebKit/537.36 (KHTML, like Gecko, Mediapartners-Google) Chrome/146.0.7680.177 Safari/537.36"
66.249.92.32 - - [28/Apr/2026:07:08:47 +0000] "GET /wp-content/themes/flatmagazinews/js/navigation.js?ver=20170823 HTTP/1.1" 200 1094 "https://primemusicproductions.com/anti-spam-policy/" "Mozilla/5.0 (Macintosh; Intel Mac OS X 10_7_3) AppleWebKit/537.36 (KHTML, like Gecko, Mediapartners-Google) Chrome/146.0.7680.177 Safari/537.36"
66.249.92.34 - - [28/Apr/2026:07:08:47 +0000] "GET /wp-content/uploads/cropped-beat_maker-1.jpg HTTP/1.1" 200 206333 "https://primemusicproductions.com/anti-spam-policy/" "Mozilla/5.0 (Linux; Android 4.0.4; Galaxy Nexus Build/IMM76B) AppleWebKit/537.36 (KHTML, like Gecko; Mediapartners-Google) Chrome/146.0.7680.177 Mobile Safari/537.36"
66.249.92.34 - - [28/Apr/2026:07:08:47 +0000] "GET /wp-content/plugins/wp-accessibility-helper/assets/js/wp-accessibility-helper.min.js?ver=1.0.0 HTTP/1.1" 200 2661 "https://primemusicproductions.com/anti-spam-policy/" "Mozilla/5.0 (Linux; Android 4.0.4; Galaxy Nexus Build/IMM76B) AppleWebKit/537.36 (KHTML, like Gecko; Mediapartners-Google) Chrome/146.0.7680.177 Mobile Safari/537.36"
66.249.92.32 - - [28/Apr/2026:07:08:47 +0000] "GET /wp-content/themes/flatmagazinews/js/navigation.js?ver=20170823 HTTP/1.1" 200 1094 "https://primemusicproductions.com/anti-spam-policy/" "Mozilla/5.0 (Linux; Android 4.0.4; Galaxy Nexus Build/IMM76B) AppleWebKit/537.36 (KHTML, like Gecko; Mediapartners-Google) Chrome/146.0.7680.177 Mobile Safari/537.36"
66.249.92.32 - - [28/Apr/2026:07:08:47 +0000] "GET /wp-content/themes/flatmagazinews/js/skip-link-focus-fix.js?ver=20170823 HTTP/1.1" 200 417 "https://primemusicproductions.com/anti-spam-policy/" "Mozilla/5.0 (Linux; Android 4.0.4; Galaxy Nexus Build/IMM76B) AppleWebKit/537.36 (KHTML, like Gecko; Mediapartners-Google) Chrome/146.0.7680.177 Mobile Safari/537.36"
66.249.92.33 - - [28/Apr/2026:07:08:47 +0000] "GET /wp-content/themes/flatmagazinews/js/accessibility.js?ver=20160720 HTTP/1.1" 200 534 "https://primemusicproductions.com/anti-spam-policy/" "Mozilla/5.0 (Linux; Android 4.0.4; Galaxy Nexus Build/IMM76B) AppleWebKit/537.36 (KHTML, like Gecko; Mediapartners-Google) Chrome/146.0.7680.177 Mobile Safari/537.36"
66.249.92.32 - - [28/Apr/2026:07:08:47 +0000] "GET /wp-includes/js/mediaelement/mediaelement-migrate.min.js?ver=add92f4e98f9ce618741def37b23f2f1 HTTP/1.1" 200 540 "https://primemusicproductions.com/anti-spam-policy/" "Mozilla/5.0 (Linux; Android 4.0.4; Galaxy Nexus Build/IMM76B) AppleWebKit/537.36 (KHTML, like Gecko; Mediapartners-Google) Chrome/146.0.7680.177 Mobile Safari/537.36"
66.249.92.34 - - [28/Apr/2026:07:08:47 +0000] "GET /wp-includes/js/mediaelement/mediaelement-and-player.min.js?ver=4.2.17 HTTP/1.1" 200 38789 "https://primemusicproductions.com/anti-spam-policy/" "Mozilla/5.0 (Linux; Android 4.0.4; Galaxy Nexus Build/IMM76B) AppleWebKit/537.36 (KHTML, like Gecko; Mediapartners-Google) Chrome/146.0.7680.177 Mobile Safari/537.36"
66.249.92.34 - - [28/Apr/2026:07:08:47 +0000] "GET /wp-content/themes/flatmagazinews/js/script.js?ver=20160720 HTTP/1.1" 200 1118 "https://primemusicproductions.com/anti-spam-policy/" "Mozilla/5.0 (Linux; Android 4.0.4; Galaxy Nexus Build/IMM76B) AppleWebKit/537.36 (KHTML, like Gecko; Mediapartners-Google) Chrome/146.0.7680.177 Mobile Safari/537.36"
66.249.92.32 - - [28/Apr/2026:07:08:47 +0000] "GET /wp-content/plugins/google-site-kit/dist/assets/js/googlesitekit-consent-mode-bc2e26cfa69fcd4a8261.js HTTP/1.1" 200 25395 "https://primemusicproductions.com/anti-spam-policy/" "Mozilla/5.0 (Linux; Android 4.0.4; Galaxy Nexus Build/IMM76B) AppleWebKit/537.36 (KHTML, like Gecko; Mediapartners-Google) Chrome/146.0.7680.177 Mobile Safari/537.36"
66.249.92.34 - - [28/Apr/2026:07:08:47 +0000] "GET /wp-includes/js/mediaelement/mediaelement-migrate.min.js?ver=add92f4e98f9ce618741def37b23f2f1 HTTP/1.1" 200 540 "https://primemusicproductions.com/anti-spam-policy/" "Mozilla/5.0 (Macintosh; Intel Mac OS X 10_7_3) AppleWebKit/537.36 (KHTML, like Gecko, Mediapartners-Google) Chrome/146.0.7680.177 Safari/537.36"
66.249.92.33 - - [28/Apr/2026:07:08:47 +0000] "GET /wp-includes/js/mediaelement/renderers/vimeo.min.js?ver=4.2.17 HTTP/1.1" 200 2284 "https://primemusicproductions.com/anti-spam-policy/" "Mozilla/5.0 (Linux; Android 4.0.4; Galaxy Nexus Build/IMM76B) AppleWebKit/537.36 (KHTML, like Gecko; Mediapartners-Google) Chrome/146.0.7680.177 Mobile Safari/537.36"
66.249.92.34 - - [28/Apr/2026:07:08:47 +0000] "GET /wp-includes/js/mediaelement/renderers/vimeo.min.js?ver=4.2.17 HTTP/1.1" 200 2284 "https://primemusicproductions.com/anti-spam-policy/" "Mozilla/5.0 (Macintosh; Intel Mac OS X 10_7_3) AppleWebKit/537.36 (KHTML, like Gecko, Mediapartners-Google) Chrome/146.0.7680.177 Safari/537.36"
66.249.92.33 - - [28/Apr/2026:07:08:47 +0000] "GET /wp-content/themes/flatmagazinews/js/skip-link-focus-fix.js?ver=20170823 HTTP/1.1" 200 417 "https://primemusicproductions.com/anti-spam-policy/" "Mozilla/5.0 (Macintosh; Intel Mac OS X 10_7_3) AppleWebKit/537.36 (KHTML, like Gecko, Mediapartners-Google) Chrome/146.0.7680.177 Safari/537.36"
66.249.92.33 - - [28/Apr/2026:07:08:47 +0000] "GET /wp-includes/js/mediaelement/mediaelement-and-player.min.js?ver=4.2.17 HTTP/1.1" 200 38789 "https://primemusicproductions.com/anti-spam-policy/" "Mozilla/5.0 (Macintosh; Intel Mac OS X 10_7_3) AppleWebKit/537.36 (KHTML, like Gecko, Mediapartners-Google) Chrome/146.0.7680.177 Safari/537.36"
66.249.92.33 - - [28/Apr/2026:07:08:47 +0000] "GET /wp-content/plugins/jetpack/_inc/build/widgets/eu-cookie-law/eu-cookie-law.min.js?ver=20180522 HTTP/1.1" 200 659 "https://primemusicproductions.com/anti-spam-policy/" "Mozilla/5.0 (Linux; Android 4.0.4; Galaxy Nexus Build/IMM76B) AppleWebKit/537.36 (KHTML, like Gecko; Mediapartners-Google) Chrome/146.0.7680.177 Mobile Safari/537.36"
66.249.92.34 - - [28/Apr/2026:07:08:47 +0000] "GET /wp-content/plugins/wp-consent-api/assets/js/wp-consent-api.min.js?ver=2.0.1 HTTP/1.1" 200 822 "https://primemusicproductions.com/anti-spam-policy/" "Mozilla/5.0 (Linux; Android 4.0.4; Galaxy Nexus Build/IMM76B) AppleWebKit/537.36 (KHTML, like Gecko; Mediapartners-Google) Chrome/146.0.7680.177 Mobile Safari/537.36"
66.249.92.34 - - [28/Apr/2026:07:08:47 +0000] "GET /wp-content/plugins/google-site-kit/dist/assets/js/googlesitekit-consent-mode-bc2e26cfa69fcd4a8261.js HTTP/1.1" 200 25395 "https://primemusicproductions.com/anti-spam-policy/" "Mozilla/5.0 (Macintosh; Intel Mac OS X 10_7_3) AppleWebKit/537.36 (KHTML, like Gecko, Mediapartners-Google) Chrome/146.0.7680.177 Safari/537.36"
66.249.92.32 - - [28/Apr/2026:07:08:47 +0000] "GET /wp-includes/js/mediaelement/wp-mediaelement.min.js?ver=add92f4e98f9ce618741def37b23f2f1 HTTP/1.1" 200 538 "https://primemusicproductions.com/anti-spam-policy/" "Mozilla/5.0 (Macintosh; Intel Mac OS X 10_7_3) AppleWebKit/537.36 (KHTML, like Gecko, Mediapartners-Google) Chrome/146.0.7680.177 Safari/537.36"
66.249.92.32 - - [28/Apr/2026:07:08:47 +0000] "GET /wp-content/plugins/wp-consent-api/assets/js/wp-consent-api.min.js?ver=2.0.1 HTTP/1.1" 200 822 "https://primemusicproductions.com/anti-spam-policy/" "Mozilla/5.0 (Macintosh; Intel Mac OS X 10_7_3) AppleWebKit/537.36 (KHTML, like Gecko, Mediapartners-Google) Chrome/146.0.7680.177 Safari/537.36"
66.249.92.34 - - [28/Apr/2026:07:08:47 +0000] "GET /wp-content/plugins/jetpack/_inc/build/widgets/eu-cookie-law/eu-cookie-law.min.js?ver=20180522 HTTP/1.1" 200 659 "https://primemusicproductions.com/anti-spam-policy/" "Mozilla/5.0 (Macintosh; Intel Mac OS X 10_7_3) AppleWebKit/537.36 (KHTML, like Gecko, Mediapartners-Google) Chrome/146.0.7680.177 Safari/537.36"
66.249.92.32 - - [28/Apr/2026:07:08:47 +0000] "GET /wp-content/themes/flatmagazinews/js/script.js?ver=20160720 HTTP/1.1" 200 1118 "https://primemusicproductions.com/anti-spam-policy/" "Mozilla/5.0 (Macintosh; Intel Mac OS X 10_7_3) AppleWebKit/537.36 (KHTML, like Gecko, Mediapartners-Google) Chrome/146.0.7680.177 Safari/537.36"
66.249.92.34 - - [28/Apr/2026:07:08:47 +0000] "GET /wp-content/themes/flatmagazinews/js/accessibility.js?ver=20160720 HTTP/1.1" 200 534 "https://primemusicproductions.com/anti-spam-policy/" "Mozilla/5.0 (Macintosh; Intel Mac OS X 10_7_3) AppleWebKit/537.36 (KHTML, like Gecko, Mediapartners-Google) Chrome/146.0.7680.177 Safari/537.36"
66.249.92.34 - - [28/Apr/2026:07:08:47 +0000] "GET /wp-content/themes/flatmagazinews/fonts/fontawesome-webfont.woff2?v=4.7.0 HTTP/1.1" 200 77162 "https://primemusicproductions.com/wp-content/themes/flatmagazinews/css/font-awesome.min.css?ver=add92f4e98f9ce618741def37b23f2f1" "Mozilla/5.0 (Linux; Android 4.0.4; Galaxy Nexus Build/IMM76B) AppleWebKit/537.36 (KHTML, like Gecko; Mediapartners-Google) Chrome/146.0.7680.177 Mobile Safari/537.36"
66.249.92.32 - - [28/Apr/2026:07:08:47 +0000] "GET /wp-includes/js/mediaelement/wp-mediaelement.min.js?ver=add92f4e98f9ce618741def37b23f2f1 HTTP/1.1" 200 538 "https://primemusicproductions.com/anti-spam-policy/" "Mozilla/5.0 (Linux; Android 4.0.4; Galaxy Nexus Build/IMM76B) AppleWebKit/537.36 (KHTML, like Gecko; Mediapartners-Google) Chrome/146.0.7680.177 Mobile Safari/537.36"
66.249.92.34 - - [28/Apr/2026:07:08:47 +0000] "GET /music-productions/learn-to-play-guitar-with-these-tips-straight-from-the-pros/ HTTP/1.1" 200 50162 "-" "Mozilla/5.0 (Macintosh; Intel Mac OS X 10_7_3) AppleWebKit/[WEBKIT_VERSION] (KHTML, like Gecko, Mediapartners-Google) Chrome/[CHROME_VERSION] Safari/[WEBKIT_VERSION]"
66.249.92.33 - - [28/Apr/2026:07:08:48 +0000] "GET /?amp HTTP/1.1" 200 51713 "-" "Mozilla/5.0 (Macintosh; Intel Mac OS X 10_7_3) AppleWebKit/[WEBKIT_VERSION] (KHTML, like Gecko, Mediapartners-Google) Chrome/[CHROME_VERSION] Safari/[WEBKIT_VERSION]"
66.249.92.33 - - [28/Apr/2026:07:08:48 +0000] "GET / HTTP/1.1" 200 51720 "-" "Mozilla/5.0 (Linux; Android 4.0.4; Galaxy Nexus Build/IMM76B) AppleWebKit/[WEBKIT_VERSION] (KHTML, like Gecko; Mediapartners-Google) Chrome/[CHROME_VERSION] Mobile Safari/[WEBKIT_VERSION]"
66.249.92.33 - - [28/Apr/2026:07:08:50 +0000] "GET /contact/ HTTP/1.1" 200 45870 "-" "Mozilla/5.0 (Linux; Android 4.0.4; Galaxy Nexus Build/IMM76B) AppleWebKit/[WEBKIT_VERSION] (KHTML, like Gecko; Mediapartners-Google) Chrome/[CHROME_VERSION] Mobile Safari/[WEBKIT_VERSION]"
66.249.92.32 - - [28/Apr/2026:07:08:50 +0000] "GET / HTTP/1.1" 200 51718 "-" "Mozilla/5.0 (Macintosh; Intel Mac OS X 10_7_3) AppleWebKit/[WEBKIT_VERSION] (KHTML, like Gecko, Mediapartners-Google) Chrome/[CHROME_VERSION] Safari/[WEBKIT_VERSION]"
66.249.92.33 - - [28/Apr/2026:07:08:51 +0000] "GET /anti-spam-policy/ HTTP/1.1" 200 46521 "-" "Mozilla/5.0 (Linux; Android 4.0.4; Galaxy Nexus Build/IMM76B) AppleWebKit/[WEBKIT_VERSION] (KHTML, like Gecko; Mediapartners-Google) Chrome/[CHROME_VERSION] Mobile Safari/[WEBKIT_VERSION]"
66.249.92.32 - - [28/Apr/2026:07:08:51 +0000] "GET /?amp HTTP/1.1" 200 51712 "-" "Mozilla/5.0 (Linux; Android 4.0.4; Galaxy Nexus Build/IMM76B) AppleWebKit/[WEBKIT_VERSION] (KHTML, like Gecko; Mediapartners-Google) Chrome/[CHROME_VERSION] Mobile Safari/[WEBKIT_VERSION]"
66.249.92.32 - - [28/Apr/2026:07:08:53 +0000] "GET /contact/ HTTP/1.1" 200 45870 "-" "Mozilla/5.0 (Linux; Android 4.0.4; Galaxy Nexus Build/IMM76B) AppleWebKit/537.36 (KHTML, like Gecko; Mediapartners-Google) Chrome/146.0.7680.177 Mobile Safari/537.36"
66.249.92.33 - - [28/Apr/2026:07:08:53 +0000] "GET /music-productions/guitar-playing-and-how-you-can-succeed-at-it-2/ HTTP/1.1" 200 49495 "-" "Mozilla/5.0 (Linux; Android 4.0.4; Galaxy Nexus Build/IMM76B) AppleWebKit/[WEBKIT_VERSION] (KHTML, like Gecko; Mediapartners-Google) Chrome/[CHROME_VERSION] Mobile Safari/[WEBKIT_VERSION]"
66.249.92.32 - - [28/Apr/2026:07:08:53 +0000] "GET /contact/ HTTP/1.1" 200 45870 "-" "Mozilla/5.0 (Macintosh; Intel Mac OS X 10_7_3) AppleWebKit/537.36 (KHTML, like Gecko, Mediapartners-Google) Chrome/146.0.7680.177 Safari/537.36"
66.249.92.32 - - [28/Apr/2026:07:08:53 +0000] "GET /music-productions/learn-to-play-guitar-with-these-tips-straight-from-the-pros/ HTTP/1.1" 200 50161 "-" "Mozilla/5.0 (Linux; Android 4.0.4; Galaxy Nexus Build/IMM76B) AppleWebKit/[WEBKIT_VERSION] (KHTML, like Gecko; Mediapartners-Google) Chrome/[CHROME_VERSION] Mobile Safari/[WEBKIT_VERSION]"
66.249.92.32 - - [28/Apr/2026:07:08:54 +0000] "GET /contact/ HTTP/1.1" 200 45870 "-" "Mozilla/5.0 (Macintosh; Intel Mac OS X 10_7_3) AppleWebKit/[WEBKIT_VERSION] (KHTML, like Gecko, Mediapartners-Google) Chrome/[CHROME_VERSION] Safari/[WEBKIT_VERSION]"
66.249.92.33 - - [28/Apr/2026:07:08:54 +0000] "GET /music-productions/top-tips-for-learning-to-play-guitar/ HTTP/1.1" 200 49778 "-" "Mozilla/5.0 (Macintosh; Intel Mac OS X 10_7_3) AppleWebKit/[WEBKIT_VERSION] (KHTML, like Gecko, Mediapartners-Google) Chrome/[CHROME_VERSION] Safari/[WEBKIT_VERSION]"
66.249.92.33 - - [28/Apr/2026:07:08:56 +0000] "GET /anti-spam-policy/ HTTP/1.1" 200 46520 "-" "Mozilla/5.0 (Macintosh; Intel Mac OS X 10_7_3) AppleWebKit/[WEBKIT_VERSION] (KHTML, like Gecko, Mediapartners-Google) Chrome/[CHROME_VERSION] Safari/[WEBKIT_VERSION]"
66.249.92.33 - - [28/Apr/2026:07:08:56 +0000] "GET /music-productions/guitar-playing-and-how-you-can-succeed-at-it-2/ HTTP/1.1" 200 49495 "-" "Mozilla/5.0 (Macintosh; Intel Mac OS X 10_7_3) AppleWebKit/[WEBKIT_VERSION] (KHTML, like Gecko, Mediapartners-Google) Chrome/[CHROME_VERSION] Safari/[WEBKIT_VERSION]"
66.249.92.32 - - [28/Apr/2026:07:08:57 +0000] "GET /music-productions/top-tips-for-learning-to-play-guitar/ HTTP/1.1" 200 49778 "-" "Mozilla/5.0 (Linux; Android 4.0.4; Galaxy Nexus Build/IMM76B) AppleWebKit/[WEBKIT_VERSION] (KHTML, like Gecko; Mediapartners-Google) Chrome/[CHROME_VERSION] Mobile Safari/[WEBKIT_VERSION]"
66.249.92.33 - - [28/Apr/2026:07:08:57 +0000] "GET /piano-for-all/ HTTP/1.1" 200 49236 "-" "Mozilla/5.0 (Linux; Android 4.0.4; Galaxy Nexus Build/IMM76B) AppleWebKit/[WEBKIT_VERSION] (KHTML, like Gecko; Mediapartners-Google) Chrome/[CHROME_VERSION] Mobile Safari/[WEBKIT_VERSION]"
66.249.92.32 - - [28/Apr/2026:07:09:01 +0000] "GET /?amp HTTP/1.1" 200 51714 "-" "Mozilla/5.0 (Linux; Android 4.0.4; Galaxy Nexus Build/IMM76B) AppleWebKit/537.36 (KHTML, like Gecko; Mediapartners-Google) Chrome/146.0.7680.177 Mobile Safari/537.36"
66.249.92.34 - - [28/Apr/2026:07:09:01 +0000] "GET /?amp HTTP/1.1" 200 51713 "-" "Mozilla/5.0 (Macintosh; Intel Mac OS X 10_7_3) AppleWebKit/537.36 (KHTML, like Gecko, Mediapartners-Google) Chrome/146.0.7680.177 Safari/537.36"
66.249.92.32 - - [28/Apr/2026:07:09:03 +0000] "GET /wp-content/plugins/jetpack/_inc/build/infinite-scroll/infinity.min.js?ver=15.7.1-is5.0.1 HTTP/1.1" 200 4058 "https://primemusicproductions.com/?amp" "Mozilla/5.0 (Linux; Android 4.0.4; Galaxy Nexus Build/IMM76B) AppleWebKit/537.36 (KHTML, like Gecko; Mediapartners-Google) Chrome/146.0.7680.177 Mobile Safari/537.36"
66.249.92.34 - - [28/Apr/2026:07:09:03 +0000] "GET /wp-content/plugins/jetpack/modules/carousel/jetpack-carousel.css?ver=15.7.1 HTTP/1.1" 200 4331 "https://primemusicproductions.com/?amp" "Mozilla/5.0 (Linux; Android 4.0.4; Galaxy Nexus Build/IMM76B) AppleWebKit/537.36 (KHTML, like Gecko; Mediapartners-Google) Chrome/146.0.7680.177 Mobile Safari/537.36"
66.249.92.32 - - [28/Apr/2026:07:09:03 +0000] "GET /wp-content/plugins/jetpack/modules/tiled-gallery/tiled-gallery/tiled-gallery.css?ver=2023-08-21 HTTP/1.1" 200 909 "https://primemusicproductions.com/?amp" "Mozilla/5.0 (Linux; Android 4.0.4; Galaxy Nexus Build/IMM76B) AppleWebKit/537.36 (KHTML, like Gecko; Mediapartners-Google) Chrome/146.0.7680.177 Mobile Safari/537.36"
66.249.92.34 - - [28/Apr/2026:07:09:03 +0000] "GET /wp-content/plugins/jetpack/_inc/blocks/swiper.css?ver=15.7.1 HTTP/1.1" 200 2512 "https://primemusicproductions.com/?amp" "Mozilla/5.0 (Linux; Android 4.0.4; Galaxy Nexus Build/IMM76B) AppleWebKit/537.36 (KHTML, like Gecko; Mediapartners-Google) Chrome/146.0.7680.177 Mobile Safari/537.36"
66.249.92.33 - - [28/Apr/2026:07:09:03 +0000] "GET /wp-content/plugins/jetpack/modules/infinite-scroll/infinity.css?ver=20140422 HTTP/1.1" 200 1532 "https://primemusicproductions.com/?amp" "Mozilla/5.0 (Linux; Android 4.0.4; Galaxy Nexus Build/IMM76B) AppleWebKit/537.36 (KHTML, like Gecko; Mediapartners-Google) Chrome/146.0.7680.177 Mobile Safari/537.36"
66.249.92.34 - - [28/Apr/2026:07:09:03 +0000] "GET /wp-content/plugins/jetpack/_inc/build/carousel/jetpack-carousel.min.js?ver=15.7.1 HTTP/1.1" 200 7649 "https://primemusicproductions.com/?amp" "Mozilla/5.0 (Linux; Android 4.0.4; Galaxy Nexus Build/IMM76B) AppleWebKit/537.36 (KHTML, like Gecko; Mediapartners-Google) Chrome/146.0.7680.177 Mobile Safari/537.36"
66.249.92.34 - - [28/Apr/2026:07:09:03 +0000] "GET /wp-content/plugins/jetpack/modules/infinite-scroll/infinity.css?ver=20140422 HTTP/1.1" 200 1532 "https://primemusicproductions.com/?amp" "Mozilla/5.0 (Macintosh; Intel Mac OS X 10_7_3) AppleWebKit/537.36 (KHTML, like Gecko, Mediapartners-Google) Chrome/146.0.7680.177 Safari/537.36"
66.249.92.34 - - [28/Apr/2026:07:09:03 +0000] "GET /wp-content/plugins/jetpack/_inc/blocks/swiper.css?ver=15.7.1 HTTP/1.1" 200 2512 "https://primemusicproductions.com/?amp" "Mozilla/5.0 (Macintosh; Intel Mac OS X 10_7_3) AppleWebKit/537.36 (KHTML, like Gecko, Mediapartners-Google) Chrome/146.0.7680.177 Safari/537.36"
66.249.92.32 - - [28/Apr/2026:07:09:03 +0000] "GET /wp-content/plugins/jetpack/modules/carousel/jetpack-carousel.css?ver=15.7.1 HTTP/1.1" 200 4331 "https://primemusicproductions.com/?amp" "Mozilla/5.0 (Macintosh; Intel Mac OS X 10_7_3) AppleWebKit/537.36 (KHTML, like Gecko, Mediapartners-Google) Chrome/146.0.7680.177 Safari/537.36"
66.249.92.34 - - [28/Apr/2026:07:09:03 +0000] "GET /wp-content/plugins/jetpack/_inc/build/tiled-gallery/tiled-gallery/tiled-gallery.min.js?ver=15.7.1 HTTP/1.1" 200 1070 "https://primemusicproductions.com/?amp" "Mozilla/5.0 (Linux; Android 4.0.4; Galaxy Nexus Build/IMM76B) AppleWebKit/537.36 (KHTML, like Gecko; Mediapartners-Google) Chrome/146.0.7680.177 Mobile Safari/537.36"
66.249.92.32 - - [28/Apr/2026:07:09:03 +0000] "GET /wp-content/plugins/jetpack/modules/tiled-gallery/tiled-gallery/tiled-gallery.css?ver=2023-08-21 HTTP/1.1" 200 909 "https://primemusicproductions.com/?amp" "Mozilla/5.0 (Macintosh; Intel Mac OS X 10_7_3) AppleWebKit/537.36 (KHTML, like Gecko, Mediapartners-Google) Chrome/146.0.7680.177 Safari/537.36"
66.249.92.34 - - [28/Apr/2026:07:09:03 +0000] "GET /wp-content/plugins/jetpack/_inc/build/infinite-scroll/infinity.min.js?ver=15.7.1-is5.0.1 HTTP/1.1" 200 4058 "https://primemusicproductions.com/?amp" "Mozilla/5.0 (Macintosh; Intel Mac OS X 10_7_3) AppleWebKit/537.36 (KHTML, like Gecko, Mediapartners-Google) Chrome/146.0.7680.177 Safari/537.36"
66.249.92.32 - - [28/Apr/2026:07:09:03 +0000] "GET /wp-content/plugins/jetpack/_inc/build/carousel/jetpack-carousel.min.js?ver=15.7.1 HTTP/1.1" 200 7649 "https://primemusicproductions.com/?amp" "Mozilla/5.0 (Macintosh; Intel Mac OS X 10_7_3) AppleWebKit/537.36 (KHTML, like Gecko, Mediapartners-Google) Chrome/146.0.7680.177 Safari/537.36"
66.249.92.33 - - [28/Apr/2026:07:09:03 +0000] "GET /wp-content/plugins/jetpack/_inc/build/tiled-gallery/tiled-gallery/tiled-gallery.min.js?ver=15.7.1 HTTP/1.1" 200 1070 "https://primemusicproductions.com/?amp" "Mozilla/5.0 (Macintosh; Intel Mac OS X 10_7_3) AppleWebKit/537.36 (KHTML, like Gecko, Mediapartners-Google) Chrome/146.0.7680.177 Safari/537.36"
66.249.92.32 - - [28/Apr/2026:07:09:08 +0000] "GET /wp-includes/js/mediaelement/mejs-controls.svg HTTP/1.1" 200 1413 "https://primemusicproductions.com/wp-includes/js/mediaelement/mediaelementplayer-legacy.min.css?ver=4.2.17" "Mozilla/5.0 (Linux; Android 4.0.4; Galaxy Nexus Build/IMM76B) AppleWebKit/537.36 (KHTML, like Gecko; Mediapartners-Google) Chrome/146.0.7680.177 Mobile Safari/537.36"
66.249.92.33 - - [28/Apr/2026:07:09:09 +0000] "GET /music-productions/guitar-playing-and-how-you-can-succeed-at-it-2/ HTTP/1.1" 200 49492 "-" "Mozilla/5.0 (Linux; Android 4.0.4; Galaxy Nexus Build/IMM76B) AppleWebKit/537.36 (KHTML, like Gecko; Mediapartners-Google) Chrome/146.0.7680.177 Mobile Safari/537.36"
66.249.92.33 - - [28/Apr/2026:07:09:09 +0000] "GET /music-productions/guitar-playing-and-how-you-can-succeed-at-it-2/ HTTP/1.1" 200 49493 "-" "Mozilla/5.0 (Macintosh; Intel Mac OS X 10_7_3) AppleWebKit/537.36 (KHTML, like Gecko, Mediapartners-Google) Chrome/146.0.7680.177 Safari/537.36"
66.249.92.33 - - [28/Apr/2026:07:09:10 +0000] "GET /wp-content/plugins/jetpack/modules/related-posts/related-posts.css?ver=20240116 HTTP/1.1" 200 1735 "https://primemusicproductions.com/music-productions/guitar-playing-and-how-you-can-succeed-at-it-2/" "Mozilla/5.0 (Linux; Android 4.0.4; Galaxy Nexus Build/IMM76B) AppleWebKit/537.36 (KHTML, like Gecko; Mediapartners-Google) Chrome/146.0.7680.177 Mobile Safari/537.36"
66.249.92.32 - - [28/Apr/2026:07:09:10 +0000] "GET /wp-content/plugins/jetpack/_inc/build/social-logos/social-logos.css?ver=15.7.1 HTTP/1.1" 200 9611 "https://primemusicproductions.com/music-productions/guitar-playing-and-how-you-can-succeed-at-it-2/" "Mozilla/5.0 (Linux; Android 4.0.4; Galaxy Nexus Build/IMM76B) AppleWebKit/537.36 (KHTML, like Gecko; Mediapartners-Google) Chrome/146.0.7680.177 Mobile Safari/537.36"
66.249.92.32 - - [28/Apr/2026:07:09:10 +0000] "GET /wp-content/plugins/jetpack/_inc/build/related-posts/related-posts.min.js?ver=20240116 HTTP/1.1" 200 1915 "https://primemusicproductions.com/music-productions/guitar-playing-and-how-you-can-succeed-at-it-2/" "Mozilla/5.0 (Macintosh; Intel Mac OS X 10_7_3) AppleWebKit/537.36 (KHTML, like Gecko, Mediapartners-Google) Chrome/146.0.7680.177 Safari/537.36"
66.249.92.33 - - [28/Apr/2026:07:09:10 +0000] "GET /wp-content/plugins/jetpack/modules/related-posts/related-posts.css?ver=20240116 HTTP/1.1" 200 1735 "https://primemusicproductions.com/music-productions/guitar-playing-and-how-you-can-succeed-at-it-2/" "Mozilla/5.0 (Macintosh; Intel Mac OS X 10_7_3) AppleWebKit/537.36 (KHTML, like Gecko, Mediapartners-Google) Chrome/146.0.7680.177 Safari/537.36"
66.249.92.33 - - [28/Apr/2026:07:09:10 +0000] "GET /wp-content/plugins/jetpack/_inc/build/likes/queuehandler.min.js?ver=15.7.1 HTTP/1.1" 200 2401 "https://primemusicproductions.com/music-productions/guitar-playing-and-how-you-can-succeed-at-it-2/" "Mozilla/5.0 (Linux; Android 4.0.4; Galaxy Nexus Build/IMM76B) AppleWebKit/537.36 (KHTML, like Gecko; Mediapartners-Google) Chrome/146.0.7680.177 Mobile Safari/537.36"
66.249.92.33 - - [28/Apr/2026:07:09:10 +0000] "GET /wp-content/plugins/jetpack/_inc/build/related-posts/related-posts.min.js?ver=20240116 HTTP/1.1" 200 1915 "https://primemusicproductions.com/music-productions/guitar-playing-and-how-you-can-succeed-at-it-2/" "Mozilla/5.0 (Linux; Android 4.0.4; Galaxy Nexus Build/IMM76B) AppleWebKit/537.36 (KHTML, like Gecko; Mediapartners-Google) Chrome/146.0.7680.177 Mobile Safari/537.36"
66.249.92.33 - - [28/Apr/2026:07:09:10 +0000] "GET /wp-content/plugins/jetpack/modules/sharedaddy/sharing.css?ver=15.7.1 HTTP/1.1" 200 3384 "https://primemusicproductions.com/music-productions/guitar-playing-and-how-you-can-succeed-at-it-2/" "Mozilla/5.0 (Linux; Android 4.0.4; Galaxy Nexus Build/IMM76B) AppleWebKit/537.36 (KHTML, like Gecko; Mediapartners-Google) Chrome/146.0.7680.177 Mobile Safari/537.36"
66.249.92.32 - - [28/Apr/2026:07:09:10 +0000] "GET /wp-content/plugins/jetpack/_inc/build/sharedaddy/sharing.min.js?ver=15.7.1 HTTP/1.1" 200 2934 "https://primemusicproductions.com/music-productions/guitar-playing-and-how-you-can-succeed-at-it-2/" "Mozilla/5.0 (Linux; Android 4.0.4; Galaxy Nexus Build/IMM76B) AppleWebKit/537.36 (KHTML, like Gecko; Mediapartners-Google) Chrome/146.0.7680.177 Mobile Safari/537.36"
66.249.92.33 - - [28/Apr/2026:07:09:10 +0000] "GET /wp-content/plugins/jetpack/_inc/build/likes/queuehandler.min.js?ver=15.7.1 HTTP/1.1" 200 2401 "https://primemusicproductions.com/music-productions/guitar-playing-and-how-you-can-succeed-at-it-2/" "Mozilla/5.0 (Macintosh; Intel Mac OS X 10_7_3) AppleWebKit/537.36 (KHTML, like Gecko, Mediapartners-Google) Chrome/146.0.7680.177 Safari/537.36"
66.249.92.33 - - [28/Apr/2026:07:09:10 +0000] "GET /wp-content/plugins/jetpack/modules/sharedaddy/sharing.css?ver=15.7.1 HTTP/1.1" 200 3384 "https://primemusicproductions.com/music-productions/guitar-playing-and-how-you-can-succeed-at-it-2/" "Mozilla/5.0 (Macintosh; Intel Mac OS X 10_7_3) AppleWebKit/537.36 (KHTML, like Gecko, Mediapartners-Google) Chrome/146.0.7680.177 Safari/537.36"
66.249.92.33 - - [28/Apr/2026:07:09:10 +0000] "GET /wp-content/plugins/jetpack/_inc/build/social-logos/social-logos.css?ver=15.7.1 HTTP/1.1" 200 9611 "https://primemusicproductions.com/music-productions/guitar-playing-and-how-you-can-succeed-at-it-2/" "Mozilla/5.0 (Macintosh; Intel Mac OS X 10_7_3) AppleWebKit/537.36 (KHTML, like Gecko, Mediapartners-Google) Chrome/146.0.7680.177 Safari/537.36"
66.249.92.32 - - [28/Apr/2026:07:09:10 +0000] "GET /wp-content/plugins/jetpack/_inc/build/sharedaddy/sharing.min.js?ver=15.7.1 HTTP/1.1" 200 2934 "https://primemusicproductions.com/music-productions/guitar-playing-and-how-you-can-succeed-at-it-2/" "Mozilla/5.0 (Macintosh; Intel Mac OS X 10_7_3) AppleWebKit/537.36 (KHTML, like Gecko, Mediapartners-Google) Chrome/146.0.7680.177 Safari/537.36"
66.249.92.32 - - [28/Apr/2026:07:09:17 +0000] "GET /music-productions/learn-to-play-guitar-with-these-tips-straight-from-the-pros/ HTTP/1.1" 200 50160 "-" "Mozilla/5.0 (Macintosh; Intel Mac OS X 10_7_3) AppleWebKit/537.36 (KHTML, like Gecko, Mediapartners-Google) Chrome/146.0.7680.177 Safari/537.36"
66.249.92.32 - - [28/Apr/2026:07:09:17 +0000] "GET /music-productions/learn-to-play-guitar-with-these-tips-straight-from-the-pros/ HTTP/1.1" 200 50161 "-" "Mozilla/5.0 (Linux; Android 4.0.4; Galaxy Nexus Build/IMM76B) AppleWebKit/537.36 (KHTML, like Gecko; Mediapartners-Google) Chrome/146.0.7680.177 Mobile Safari/537.36"
66.249.92.32 - - [28/Apr/2026:07:09:18 +0000] "GET /music-productions/learn-to-play-guitar-with-these-tips-straight-from-the-pros/?relatedposts=1 HTTP/1.1" 200 932 "https://primemusicproductions.com/music-productions/learn-to-play-guitar-with-these-tips-straight-from-the-pros/" "Mozilla/5.0 (Linux; Android 4.0.4; Galaxy Nexus Build/IMM76B) AppleWebKit/537.36 (KHTML, like Gecko; Mediapartners-Google) Chrome/146.0.7680.177 Mobile Safari/537.36"
66.249.92.32 - - [28/Apr/2026:07:09:18 +0000] "GET /music-productions/learn-to-play-guitar-with-these-tips-straight-from-the-pros/?relatedposts=1 HTTP/1.1" 200 932 "https://primemusicproductions.com/music-productions/learn-to-play-guitar-with-these-tips-straight-from-the-pros/" "Mozilla/5.0 (Macintosh; Intel Mac OS X 10_7_3) AppleWebKit/537.36 (KHTML, like Gecko, Mediapartners-Google) Chrome/146.0.7680.177 Safari/537.36"
66.249.92.32 - - [28/Apr/2026:07:09:19 +0000] "GET /music-productions/guitar-playing-and-how-you-can-succeed-at-it-2/?relatedposts=1 HTTP/1.1" 200 924 "https://primemusicproductions.com/music-productions/guitar-playing-and-how-you-can-succeed-at-it-2/" "Mozilla/5.0 (Macintosh; Intel Mac OS X 10_7_3) AppleWebKit/537.36 (KHTML, like Gecko, Mediapartners-Google) Chrome/146.0.7680.177 Safari/537.36"
66.249.92.32 - - [28/Apr/2026:07:09:23 +0000] "GET /wp-includes/js/mediaelement/mejs-controls.svg HTTP/1.1" 200 1413 "https://primemusicproductions.com/wp-includes/js/mediaelement/mediaelementplayer-legacy.min.css?ver=4.2.17" "Mozilla/5.0 (Macintosh; Intel Mac OS X 10_7_3) AppleWebKit/537.36 (KHTML, like Gecko, Mediapartners-Google) Chrome/146.0.7680.177 Safari/537.36"
66.249.92.32 - - [28/Apr/2026:07:09:23 +0000] "GET /wp-content/themes/flatmagazinews/fonts/fontawesome-webfont.woff2?v=4.7.0 HTTP/1.1" 200 77162 "https://primemusicproductions.com/wp-content/themes/flatmagazinews/css/font-awesome.min.css?ver=add92f4e98f9ce618741def37b23f2f1" "Mozilla/5.0 (Macintosh; Intel Mac OS X 10_7_3) AppleWebKit/537.36 (KHTML, like Gecko, Mediapartners-Google) Chrome/146.0.7680.177 Safari/537.36"
66.249.92.32 - - [28/Apr/2026:07:09:25 +0000] "GET / HTTP/1.1" 200 51720 "-" "Mozilla/5.0 (Linux; Android 4.0.4; Galaxy Nexus Build/IMM76B) AppleWebKit/537.36 (KHTML, like Gecko; Mediapartners-Google) Chrome/146.0.7680.177 Mobile Safari/537.36"
184.94.212.206 - - [28/Apr/2026:07:09:26 +0000] "POST /wp-cron.php?doing_wp_cron=1777360166.1276710033416748046875 HTTP/1.1" 200 - "-" "WordPress/6.9.4; https://primemusicproductions.com"
66.249.92.32 - - [28/Apr/2026:07:09:24 +0000] "GET / HTTP/1.1" 200 51720 "-" "Mozilla/5.0 (Macintosh; Intel Mac OS X 10_7_3) AppleWebKit/537.36 (KHTML, like Gecko, Mediapartners-Google) Chrome/146.0.7680.177 Safari/537.36"
185.191.171.11 - - [28/Apr/2026:07:09:30 +0000] "GET /tag/techno-beat-maker/?amp HTTP/1.1" 200 49734 "-" "Mozilla/5.0 (compatible; SemrushBot/7~bl; +http://www.semrush.com/bot.html)"
66.249.92.33 - - [28/Apr/2026:07:09:31 +0000] "GET /music-productions/guitar-playing-and-how-you-can-succeed-at-it-2/?relatedposts=1 HTTP/1.1" 200 924 "https://primemusicproductions.com/music-productions/guitar-playing-and-how-you-can-succeed-at-it-2/" "Mozilla/5.0 (Macintosh; Intel Mac OS X 10_7_3) AppleWebKit/537.36 (KHTML, like Gecko, Mediapartners-Google) Chrome/146.0.7680.177 Safari/537.36"
66.249.92.33 - - [28/Apr/2026:07:09:32 +0000] "GET /piano-for-all/ HTTP/1.1" 200 49236 "-" "Mozilla/5.0 (Linux; Android 4.0.4; Galaxy Nexus Build/IMM76B) AppleWebKit/537.36 (KHTML, like Gecko; Mediapartners-Google) Chrome/146.0.7680.177 Mobile Safari/537.36"
66.249.92.33 - - [28/Apr/2026:07:09:34 +0000] "GET /wp-includes/blocks/heading/style.min.css?ver=add92f4e98f9ce618741def37b23f2f1 HTTP/1.1" 200 211 "https://primemusicproductions.com/piano-for-all/" "Mozilla/5.0 (Linux; Android 4.0.4; Galaxy Nexus Build/IMM76B) AppleWebKit/537.36 (KHTML, like Gecko; Mediapartners-Google) Chrome/146.0.7680.177 Mobile Safari/537.36"
66.249.92.33 - - [28/Apr/2026:07:09:34 +0000] "GET /wp-includes/js/dist/vendor/wp-polyfill.min.js?ver=3.15.0 HTTP/1.1" 200 11852 "https://primemusicproductions.com/piano-for-all/" "Mozilla/5.0 (Linux; Android 4.0.4; Galaxy Nexus Build/IMM76B) AppleWebKit/537.36 (KHTML, like Gecko; Mediapartners-Google) Chrome/146.0.7680.177 Mobile Safari/537.36"
66.249.92.32 - - [28/Apr/2026:07:09:34 +0000] "GET /wp-includes/blocks/paragraph/style.min.css?ver=add92f4e98f9ce618741def37b23f2f1 HTTP/1.1" 200 341 "https://primemusicproductions.com/piano-for-all/" "Mozilla/5.0 (Linux; Android 4.0.4; Galaxy Nexus Build/IMM76B) AppleWebKit/537.36 (KHTML, like Gecko; Mediapartners-Google) Chrome/146.0.7680.177 Mobile Safari/537.36"
66.249.92.33 - - [28/Apr/2026:07:09:34 +0000] "GET /wp-content/plugins/jetpack/jetpack_vendor/automattic/jetpack-classic-theme-helper/dist/responsive-videos/responsive-videos.css?minify=false&ver=1a16f71f21c6d197f51b HTTP/1.1" 200 101 "https://primemusicproductions.com/piano-for-all/" "Mozilla/5.0 (Linux; Android 4.0.4; Galaxy Nexus Build/IMM76B) AppleWebKit/537.36 (KHTML, like Gecko; Mediapartners-Google) Chrome/146.0.7680.177 Mobile Safari/537.36"
66.249.92.33 - - [28/Apr/2026:07:09:34 +0000] "GET /wp-includes/blocks/list/style.min.css?ver=add92f4e98f9ce618741def37b23f2f1 HTTP/1.1" 200 108 "https://primemusicproductions.com/piano-for-all/" "Mozilla/5.0 (Linux; Android 4.0.4; Galaxy Nexus Build/IMM76B) AppleWebKit/537.36 (KHTML, like Gecko; Mediapartners-Google) Chrome/146.0.7680.177 Mobile Safari/537.36"
66.249.92.33 - - [28/Apr/2026:07:09:34 +0000] "GET /wp-includes/js/dist/i18n.min.js?ver=c26c3dc7bed366793375 HTTP/1.1" 200 2229 "https://primemusicproductions.com/piano-for-all/" "Mozilla/5.0 (Linux; Android 4.0.4; Galaxy Nexus Build/IMM76B) AppleWebKit/537.36 (KHTML, like Gecko; Mediapartners-Google) Chrome/146.0.7680.177 Mobile Safari/537.36"
66.249.92.33 - - [28/Apr/2026:07:09:33 +0000] "GET /piano-for-all/ HTTP/1.1" 200 49234 "-" "Mozilla/5.0 (Macintosh; Intel Mac OS X 10_7_3) AppleWebKit/537.36 (KHTML, like Gecko, Mediapartners-Google) Chrome/146.0.7680.177 Safari/537.36"
66.249.92.33 - - [28/Apr/2026:07:09:34 +0000] "GET /wp-includes/js/dist/hooks.min.js?ver=dd5603f07f9220ed27f1 HTTP/1.1" 200 1941 "https://primemusicproductions.com/piano-for-all/" "Mozilla/5.0 (Linux; Android 4.0.4; Galaxy Nexus Build/IMM76B) AppleWebKit/537.36 (KHTML, like Gecko; Mediapartners-Google) Chrome/146.0.7680.177 Mobile Safari/537.36"
66.249.92.33 - - [28/Apr/2026:07:09:34 +0000] "GET /wp-content/plugins/jetpack/jetpack_vendor/automattic/jetpack-classic-theme-helper/dist/responsive-videos/responsive-videos.js?minify=false&ver=1a16f71f21c6d197f51b HTTP/1.1" 200 645 "https://primemusicproductions.com/piano-for-all/" "Mozilla/5.0 (Linux; Android 4.0.4; Galaxy Nexus Build/IMM76B) AppleWebKit/537.36 (KHTML, like Gecko; Mediapartners-Google) Chrome/146.0.7680.177 Mobile Safari/537.36"
66.249.92.32 - - [28/Apr/2026:07:09:34 +0000] "GET /wp-includes/blocks/heading/style.min.css?ver=add92f4e98f9ce618741def37b23f2f1 HTTP/1.1" 200 211 "https://primemusicproductions.com/piano-for-all/" "Mozilla/5.0 (Macintosh; Intel Mac OS X 10_7_3) AppleWebKit/537.36 (KHTML, like Gecko, Mediapartners-Google) Chrome/146.0.7680.177 Safari/537.36"
66.249.92.33 - - [28/Apr/2026:07:09:34 +0000] "GET /wp-includes/blocks/paragraph/style.min.css?ver=add92f4e98f9ce618741def37b23f2f1 HTTP/1.1" 200 341 "https://primemusicproductions.com/piano-for-all/" "Mozilla/5.0 (Macintosh; Intel Mac OS X 10_7_3) AppleWebKit/537.36 (KHTML, like Gecko, Mediapartners-Google) Chrome/146.0.7680.177 Safari/537.36"
