184.94.212.206 - - [27/Apr/2026:15:26:35 +0000] "POST /wp-cron.php?doing_wp_cron=1777303595.2074449062347412109375 HTTP/1.1" 200 - "-" "WordPress/6.9.4; https://primemusicproductions.com"
192.0.85.167 - - [27/Apr/2026:15:26:33 +0000] "HEAD / HTTP/1.1" 200 - "-" "jetmon/1.0 (Jetpack Site Uptime Monitor by WordPress.com)"
114.119.128.127 - - [27/Apr/2026:15:27:20 +0000] "GET /music-productions/want-to-rock-try-these-guitar-tips-and-tricks/?share=twitter&amp HTTP/1.1" 302 - "https://primemusicproductions.com/music-productions/want-to-rock-try-these-guitar-tips-and-tricks?nonamp=1&amp" "Mozilla/5.0 (Linux; Android 7.0;) AppleWebKit/537.36 (HTML, like Gecko) Mobile Safari/537.36 (compatible; PetalBot;+https://webmaster.petalsearch.com/site/petalbot)"
34.101.189.231 - - [27/Apr/2026:15:27:43 +0000] "GET /wp-login.php HTTP/1.1" 200 4367 "-" "Mozilla/5.0 (Windows NT 6.1; WOW64; Trident/7.0; MATP; MATP; rv:11.0) like Gecko"
34.101.189.231 - - [27/Apr/2026:15:27:44 +0000] "POST /wp-login.php HTTP/1.1" 200 4367 "https://primemusicproductions.com/wp-login.php" "Mozilla/5.0 (Windows NT 6.1; WOW64; Trident/7.0; MATP; MATP; rv:11.0) like Gecko"
184.94.212.206 - - [27/Apr/2026:15:31:36 +0000] "POST /wp-cron.php?doing_wp_cron=1777303896.2268431186676025390625 HTTP/1.1" 200 - "-" "WordPress/6.9.4; https://primemusicproductions.com"
192.0.85.167 - - [27/Apr/2026:15:31:34 +0000] "HEAD / HTTP/1.1" 200 - "-" "jetmon/1.0 (Jetpack Site Uptime Monitor by WordPress.com)"
184.94.212.206 - - [27/Apr/2026:15:32:25 +0000] "POST /wp-cron.php?doing_wp_cron=1777303945.0642609596252441406250 HTTP/1.1" 200 - "-" "WordPress/6.9.4; https://primemusicproductions.com"
43.157.52.37 - - [27/Apr/2026:15:32:23 +0000] "GET / HTTP/1.1" 301 - "http://www.primemusicproductions.com" "Mozilla/5.0 (iPhone; CPU iPhone OS 13_2_3 like Mac OS X) AppleWebKit/605.1.15 (KHTML, like Gecko) Version/13.0.3 Mobile/15E148 Safari/604.1"
43.157.52.37 - - [27/Apr/2026:15:32:26 +0000] "GET / HTTP/1.1" 200 51724 "https://www.primemusicproductions.com/" "Mozilla/5.0 (iPhone; CPU iPhone OS 13_2_3 like Mac OS X) AppleWebKit/605.1.15 (KHTML, like Gecko) Version/13.0.3 Mobile/15E148 Safari/604.1"
184.94.212.206 - - [27/Apr/2026:15:32:47 +0000] "POST /wp-cron.php?doing_wp_cron=1777303967.0037550926208496093750 HTTP/1.1" 200 - "-" "WordPress/6.9.4; https://primemusicproductions.com"
114.119.156.165 - - [27/Apr/2026:15:32:45 +0000] "GET /music-productions/want-to-rock-try-these-guitar-tips-and-tricks/?amp HTTP/1.1" 200 49226 "https://primemusicproductions.com/music-productions/want-to-rock-try-these-guitar-tips-and-tricks/?amp" "Mozilla/5.0 (Linux; Android 7.0;) AppleWebKit/537.36 (HTML, like Gecko) Mobile Safari/537.36 (compatible; PetalBot;+https://webmaster.petalsearch.com/site/petalbot)"
65.254.225.222 - - [27/Apr/2026:15:32:45 +0000] "GET /wp-login.php HTTP/1.1" 200 4129 "-" "Mozilla/5.0 (Macintosh; Intel Mac OS X 10_11_6) AppleWebKit/602.2.14 (KHTML, like Gecko) Version/10.0.1 Safari/602.2.14"
65.254.225.222 - - [27/Apr/2026:15:32:47 +0000] "POST /wp-login.php HTTP/1.1" 401 1430 "https://primemusicproductions.com/wp-login.php" "Mozilla/5.0 (Macintosh; Intel Mac OS X 10_11_6) AppleWebKit/602.2.14 (KHTML, like Gecko) Version/10.0.1 Safari/602.2.14"
184.94.212.206 - - [27/Apr/2026:15:36:34 +0000] "POST /wp-cron.php?doing_wp_cron=1777304194.6333699226379394531250 HTTP/1.1" 200 - "-" "WordPress/6.9.4; https://primemusicproductions.com"
216.73.216.179 - - [27/Apr/2026:15:36:33 +0000] "GET /news-sitemap.xml HTTP/1.1" 200 317 "-" "Mozilla/5.0 AppleWebKit/537.36 (KHTML, like Gecko; compatible; ClaudeBot/1.0; +claudebot@anthropic.com)"
192.0.85.167 - - [27/Apr/2026:15:36:34 +0000] "HEAD / HTTP/1.1" 200 - "-" "jetmon/1.0 (Jetpack Site Uptime Monitor by WordPress.com)"
184.94.212.206 - - [27/Apr/2026:15:38:25 +0000] "POST /wp-cron.php?doing_wp_cron=1777304305.3129379749298095703125 HTTP/1.1" 200 - "-" "WordPress/6.9.4; https://primemusicproductions.com"
114.119.128.56 - - [27/Apr/2026:15:38:23 +0000] "GET /music-productions/want-to-rock-try-these-guitar-tips-and-tricks-2?share=twitter HTTP/1.1" 302 - "https://primemusicproductions.com/music-productions/want-to-rock-try-these-guitar-tips-and-tricks-2?nonamp=1" "Mozilla/5.0 (Linux; Android 7.0;) AppleWebKit/537.36 (HTML, like Gecko) Mobile Safari/537.36 (compatible; PetalBot;+https://webmaster.petalsearch.com/site/petalbot)"
146.19.125.71 - - [27/Apr/2026:15:38:53 +0000] "GET / HTTP/1.0" 200 175592 "https://primemusicproductions.com/" "Mozilla/5.0 (Windows NT 10.0; Win64; x64) AppleWebKit/537.36 (KHTML, like Gecko) Chrome/131.0.0.0 Safari/537.36 Avast/131.0.0.0"
146.19.125.71 - - [27/Apr/2026:15:38:56 +0000] "GET /wp-login.php?action=register HTTP/1.0" 200 8699 "https://primemusicproductions.com/wp-login.php?action=register" "Mozilla/5.0 (Windows NT 10.0; Win64; x64) AppleWebKit/537.36 (KHTML, like Gecko) Chrome/131.0.0.0 Safari/537.36 Avast/131.0.0.0"
146.19.125.71 - - [27/Apr/2026:15:38:59 +0000] "POST /wp-login.php?action=register HTTP/1.0" 302 - "https://primemusicproductions.com/wp-login.php?action=register" "Mozilla/5.0 (Windows NT 10.0; Win64; x64) AppleWebKit/537.36 (KHTML, like Gecko) Chrome/131.0.0.0 Safari/537.36 Avast/131.0.0.0"
197.248.193.217 - - [27/Apr/2026:15:39:00 +0000] "GET /music-productions/top-tips-for-learning-to-play-guitar/ HTTP/1.1" 200 49776 "-" "Mozilla/5.0 (Macintosh; Intel Mac OS X 10_15_7) AppleWebKit/537.36 (KHTML, like Gecko) Chrome/107.0.0.0 Safari/537.36"
184.94.212.206 - - [27/Apr/2026:15:39:01 +0000] "GET /wp-json/jetpack/v4/sync/spawn-sync?time=1777304341&request_lock_id=19a1e9e8-fb2a-4795-a39c-66c4023faf14 HTTP/1.1" 200 37 "-" "WordPress/6.9.4; https://primemusicproductions.com"
146.19.125.71 - - [27/Apr/2026:15:39:03 +0000] "GET /wp-login.php?checkemail=registered HTTP/1.0" 200 7511 "https://primemusicproductions.com/wp-login.php?checkemail=registered" "Mozilla/5.0 (Windows NT 10.0; Win64; x64) AppleWebKit/537.36 (KHTML, like Gecko) Chrome/131.0.0.0 Safari/537.36 Avast/131.0.0.0"
184.94.212.206 - - [27/Apr/2026:15:41:33 +0000] "POST /wp-cron.php?doing_wp_cron=1777304493.8747889995574951171875 HTTP/1.1" 200 - "-" "WordPress/6.9.4; https://primemusicproductions.com"
192.0.85.167 - - [27/Apr/2026:15:41:32 +0000] "HEAD / HTTP/1.1" 200 - "-" "jetmon/1.0 (Jetpack Site Uptime Monitor by WordPress.com)"
184.94.212.206 - - [27/Apr/2026:15:43:40 +0000] "POST /wp-cron.php?doing_wp_cron=1777304620.4775938987731933593750 HTTP/1.1" 200 - "-" "WordPress/6.9.4; https://primemusicproductions.com"
114.119.128.56 - - [27/Apr/2026:15:43:38 +0000] "GET /music-productions/want-to-rock-try-these-guitar-tips-and-tricks-2?share=tumblr HTTP/1.1" 302 - "https://primemusicproductions.com/music-productions/want-to-rock-try-these-guitar-tips-and-tricks-2?nonamp=1" "Mozilla/5.0 (Linux; Android 7.0;) AppleWebKit/537.36 (HTML, like Gecko) Mobile Safari/537.36 (compatible; PetalBot;+https://webmaster.petalsearch.com/site/petalbot)"
184.94.212.206 - - [27/Apr/2026:15:45:31 +0000] "POST /wp-cron.php?doing_wp_cron=1777304731.4503591060638427734375 HTTP/1.1" 200 - "-" "WordPress/6.9.4; https://primemusicproductions.com"
14.181.82.136 - - [27/Apr/2026:15:45:29 +0000] "GET /tag/the-guitar/ HTTP/1.1" 200 48168 "-" "Mozilla/5.0 (Macintosh; Intel Mac OS X 14.2; rv:133.0) Gecko/20100101 Firefox/133.0"
184.94.212.206 - - [27/Apr/2026:15:46:35 +0000] "POST /wp-cron.php?doing_wp_cron=1777304795.3206601142883300781250 HTTP/1.1" 200 - "-" "WordPress/6.9.4; https://primemusicproductions.com"
192.0.85.167 - - [27/Apr/2026:15:46:33 +0000] "HEAD / HTTP/1.1" 200 - "-" "jetmon/1.0 (Jetpack Site Uptime Monitor by WordPress.com)"
184.94.212.206 - - [27/Apr/2026:15:49:13 +0000] "POST /wp-cron.php?doing_wp_cron=1777304953.4951069355010986328125 HTTP/1.1" 200 - "-" "WordPress/6.9.4; https://primemusicproductions.com"
114.119.150.168 - - [27/Apr/2026:15:49:11 +0000] "GET /music-productions/want-to-rock-try-these-guitar-tips-and-tricks-2?share=pocket HTTP/1.1" 301 - "https://primemusicproductions.com/music-productions/want-to-rock-try-these-guitar-tips-and-tricks-2?nonamp=1" "Mozilla/5.0 (Linux; Android 7.0;) AppleWebKit/537.36 (HTML, like Gecko) Mobile Safari/537.36 (compatible; PetalBot;+https://webmaster.petalsearch.com/site/petalbot)"
114.119.150.168 - - [27/Apr/2026:15:49:14 +0000] "GET /music-productions/want-to-rock-try-these-guitar-tips-and-tricks-2/?share=pocket HTTP/1.1" 200 49149 "https://primemusicproductions.com/music-productions/want-to-rock-try-these-guitar-tips-and-tricks-2?nonamp=1" "Mozilla/5.0 (Linux; Android 7.0;) AppleWebKit/537.36 (HTML, like Gecko) Mobile Safari/537.36 (compatible; PetalBot;+https://webmaster.petalsearch.com/site/petalbot)"
184.94.212.206 - - [27/Apr/2026:15:50:27 +0000] "POST /wp-cron.php?doing_wp_cron=1777305027.2276570796966552734375 HTTP/1.1" 200 - "-" "WordPress/6.9.4; https://primemusicproductions.com"
34.224.9.144 - - [27/Apr/2026:15:50:25 +0000] "GET /wp-json/wp/v2/categories/9 HTTP/1.1" 200 1347 "-" "Mozilla/5.0 AppleWebKit/537.36 (KHTML, like Gecko; compatible; Amazonbot/0.1; +https://developer.amazon.com/support/amazonbot) Chrome/119.0.6045.214 Safari/537.36"
184.94.212.206 - - [27/Apr/2026:15:51:36 +0000] "POST /wp-cron.php?doing_wp_cron=1777305096.4303929805755615234375 HTTP/1.1" 200 - "-" "WordPress/6.9.4; https://primemusicproductions.com"
192.0.85.167 - - [27/Apr/2026:15:51:34 +0000] "HEAD / HTTP/1.1" 200 - "-" "jetmon/1.0 (Jetpack Site Uptime Monitor by WordPress.com)"
66.249.66.33 - - [27/Apr/2026:15:52:56 +0000] "GET /ads.txt HTTP/1.1" 200 58 "-" "Mozilla/5.0 (compatible; Googlebot/2.1; +http://www.google.com/bot.html)"
184.94.212.206 - - [27/Apr/2026:15:53:09 +0000] "POST /wp-cron.php?doing_wp_cron=1777305189.0722970962524414062500 HTTP/1.1" 200 - "-" "WordPress/6.9.4; https://primemusicproductions.com"
66.249.66.64 - - [27/Apr/2026:15:53:07 +0000] "GET /robots.txt HTTP/1.1" 200 153 "-" "Mozilla/5.0 (compatible; Googlebot/2.1; +http://www.google.com/bot.html)"
66.249.66.78 - - [27/Apr/2026:15:53:15 +0000] "GET /ads.txt HTTP/1.1" 200 58 "-" "Mozilla/5.0 (compatible; Googlebot/2.1; +http://www.google.com/bot.html)"
184.94.212.206 - - [27/Apr/2026:15:54:31 +0000] "POST /wp-cron.php?doing_wp_cron=1777305271.2099130153656005859375 HTTP/1.1" 200 - "-" "WordPress/6.9.4; https://primemusicproductions.com"
3.224.104.67 - - [27/Apr/2026:15:54:29 +0000] "GET /music-productions/play-like-a-pro-with-these-guitar-tips/ HTTP/1.1" 200 49544 "-" "Mozilla/5.0 AppleWebKit/537.36 (KHTML, like Gecko; compatible; Amazonbot/0.1; +https://developer.amazon.com/support/amazonbot) Chrome/119.0.6045.214 Safari/537.36"
148.251.4.168 - - [27/Apr/2026:15:54:33 +0000] "GET / HTTP/1.0" 200 175592 "https://primemusicproductions.com/" "Mozilla/5.0 (Windows NT 10.0; Win64; x64) AppleWebKit/537.36 (KHTML, like Gecko) Chrome/131.0.0.0 Safari/537.36"
148.251.4.168 - - [27/Apr/2026:15:54:37 +0000] "POST / HTTP/1.0" 200 175519 "https://primemusicproductions.com/" "Mozilla/5.0 (Windows NT 10.0; Win64; x64) AppleWebKit/537.36 (KHTML, like Gecko) Chrome/131.0.0.0 Safari/537.36"
103.23.199.220 - - [27/Apr/2026:15:55:45 +0000] "GET /wp-login.php HTTP/1.1" 200 4367 "-" "Mozilla/4.0 (compatible; MSIE 7.0; Windows NT 6.2; WOW64; Trident/7.0; .NET4.0C; .NET4.0E; Tablet PC 2.0)"
103.23.199.220 - - [27/Apr/2026:15:55:50 +0000] "POST /wp-login.php HTTP/1.1" 200 4367 "https://primemusicproductions.com/wp-login.php" "Mozilla/4.0 (compatible; MSIE 7.0; Windows NT 6.2; WOW64; Trident/7.0; .NET4.0C; .NET4.0E; Tablet PC 2.0)"
184.94.212.206 - - [27/Apr/2026:15:56:35 +0000] "POST /wp-cron.php?doing_wp_cron=1777305395.7467970848083496093750 HTTP/1.1" 200 - "-" "WordPress/6.9.4; https://primemusicproductions.com"
192.0.85.167 - - [27/Apr/2026:15:56:34 +0000] "HEAD / HTTP/1.1" 200 - "-" "jetmon/1.0 (Jetpack Site Uptime Monitor by WordPress.com)"
66.249.66.34 - - [27/Apr/2026:15:58:56 +0000] "GET /ads.txt HTTP/1.1" 304 - "-" "Google-adstxt"
184.94.212.206 - - [27/Apr/2026:16:00:06 +0000] "POST /wp-cron.php?doing_wp_cron=1777305606.7889800071716308593750 HTTP/1.1" 200 - "-" "WordPress/6.9.4; https://primemusicproductions.com"
114.119.155.83 - - [27/Apr/2026:16:00:04 +0000] "GET /music-productions/want-to-rock-try-these-guitar-tips-and-tricks-2?nonamp=1&amp HTTP/1.1" 301 - "https://primemusicproductions.com/music-productions/want-to-rock-try-these-guitar-tips-and-tricks-2?nonamp=1" "Mozilla/5.0 (Linux; Android 7.0;) AppleWebKit/537.36 (HTML, like Gecko) Mobile Safari/537.36 (compatible; PetalBot;+https://webmaster.petalsearch.com/site/petalbot)"
114.119.155.83 - - [27/Apr/2026:16:00:07 +0000] "GET /music-productions/want-to-rock-try-these-guitar-tips-and-tricks-2/?nonamp=1&amp HTTP/1.1" 200 49144 "https://primemusicproductions.com/music-productions/want-to-rock-try-these-guitar-tips-and-tricks-2?nonamp=1" "Mozilla/5.0 (Linux; Android 7.0;) AppleWebKit/537.36 (HTML, like Gecko) Mobile Safari/537.36 (compatible; PetalBot;+https://webmaster.petalsearch.com/site/petalbot)"
184.94.212.206 - - [27/Apr/2026:16:01:39 +0000] "POST /wp-cron.php?doing_wp_cron=1777305699.0442290306091308593750 HTTP/1.1" 200 - "-" "WordPress/6.9.4; https://primemusicproductions.com"
192.0.85.167 - - [27/Apr/2026:16:01:37 +0000] "HEAD / HTTP/1.1" 200 - "-" "jetmon/1.0 (Jetpack Site Uptime Monitor by WordPress.com)"
184.94.212.206 - - [27/Apr/2026:16:03:19 +0000] "POST /wp-cron.php?doing_wp_cron=1777305799.7086811065673828125000 HTTP/1.1" 200 - "-" "WordPress/6.9.4; https://primemusicproductions.com"
216.244.66.195 - - [27/Apr/2026:16:03:17 +0000] "GET /robots.txt HTTP/1.1" 200 298 "-" "Mozilla/5.0 (compatible; DotBot/1.2; +https://opensiteexplorer.org/dotbot; help@moz.com)"
93.93.202.44 - - [27/Apr/2026:16:05:19 +0000] "GET /wp-login.php HTTP/1.1" 200 4365 "-" "Mozilla/5.0 (Macintosh; Intel Mac OS X 10_13_4) AppleWebKit/605.1.15 (KHTML, like Gecko) Version/11.1 Safari/605.1.15"
184.94.212.206 - - [27/Apr/2026:16:05:22 +0000] "POST /wp-cron.php?doing_wp_cron=1777305922.0383489131927490234375 HTTP/1.1" 200 - "-" "WordPress/6.9.4; https://primemusicproductions.com"
114.119.150.168 - - [27/Apr/2026:16:05:20 +0000] "GET /music-productions/want-to-rock-try-these-guitar-tips-and-tricks-2/?share=twitter&amp HTTP/1.1" 302 - "https://primemusicproductions.com/music-productions/want-to-rock-try-these-guitar-tips-and-tricks-2?nonamp=1&amp=1" "Mozilla/5.0 (Linux; Android 7.0;) AppleWebKit/537.36 (HTML, like Gecko) Mobile Safari/537.36 (compatible; PetalBot;+https://webmaster.petalsearch.com/site/petalbot)"
93.93.202.44 - - [27/Apr/2026:16:05:22 +0000] "POST /wp-login.php HTTP/1.1" 200 4365 "https://primemusicproductions.com/wp-login.php" "Mozilla/5.0 (Macintosh; Intel Mac OS X 10_13_4) AppleWebKit/605.1.15 (KHTML, like Gecko) Version/11.1 Safari/605.1.15"
184.94.212.206 - - [27/Apr/2026:16:06:37 +0000] "POST /wp-cron.php?doing_wp_cron=1777305997.6450190544128417968750 HTTP/1.1" 200 - "-" "WordPress/6.9.4; https://primemusicproductions.com"
192.0.85.167 - - [27/Apr/2026:16:06:36 +0000] "HEAD / HTTP/1.1" 200 - "-" "jetmon/1.0 (Jetpack Site Uptime Monitor by WordPress.com)"
184.94.212.206 - - [27/Apr/2026:16:09:20 +0000] "POST /wp-cron.php?doing_wp_cron=1777306160.7983839511871337890625 HTTP/1.1" 200 - "-" "WordPress/6.9.4; https://primemusicproductions.com"
44.215.231.15 - - [27/Apr/2026:16:09:18 +0000] "GET /music-productions/expert-advice-you-need-when-learning-guitar/ HTTP/1.1" 200 49958 "-" "Mozilla/5.0 AppleWebKit/537.36 (KHTML, like Gecko; compatible; Amazonbot/0.1; +https://developer.amazon.com/support/amazonbot) Chrome/119.0.6045.214 Safari/537.36"
184.94.212.206 - - [27/Apr/2026:16:10:49 +0000] "POST /wp-cron.php?doing_wp_cron=1777306249.3858339786529541015625 HTTP/1.1" 200 - "-" "WordPress/6.9.4; https://primemusicproductions.com"
114.119.150.168 - - [27/Apr/2026:16:10:47 +0000] "GET /music-productions/want-to-rock-try-these-guitar-tips-and-tricks-2/?share=reddit&amp HTTP/1.1" 302 - "https://primemusicproductions.com/music-productions/want-to-rock-try-these-guitar-tips-and-tricks-2?nonamp=1&amp=1" "Mozilla/5.0 (Linux; Android 7.0;) AppleWebKit/537.36 (HTML, like Gecko) Mobile Safari/537.36 (compatible; PetalBot;+https://webmaster.petalsearch.com/site/petalbot)"
192.0.85.167 - - [27/Apr/2026:16:11:32 +0000] "HEAD / HTTP/1.1" 200 - "-" "jetmon/1.0 (Jetpack Site Uptime Monitor by WordPress.com)"
216.73.216.179 - - [27/Apr/2026:16:11:42 +0000] "GET /sitemap.xml HTTP/1.1" 200 307 "-" "Mozilla/5.0 AppleWebKit/537.36 (KHTML, like Gecko; compatible; ClaudeBot/1.0; +claudebot@anthropic.com)"
184.94.212.206 - - [27/Apr/2026:16:13:20 +0000] "POST /wp-cron.php?doing_wp_cron=1777306400.4585940837860107421875 HTTP/1.1" 200 - "-" "WordPress/6.9.4; https://primemusicproductions.com"
103.106.218.136 - - [27/Apr/2026:16:13:18 +0000] "GET /wp-json/ HTTP/1.1" 200 37226 "-" "Mozilla/5.0 (X11; Linux x86_64) AppleWebKit/532.0 (KHTML, like Gecko) Chrome/16.0.883.0 Safari/532.0"
184.94.212.206 - - [27/Apr/2026:16:16:13 +0000] "POST /wp-cron.php?doing_wp_cron=1777306573.4173340797424316406250 HTTP/1.1" 200 - "-" "WordPress/6.9.4; https://primemusicproductions.com"
114.119.139.1 - - [27/Apr/2026:16:16:11 +0000] "GET /music-productions/want-to-rock-try-these-guitar-tips-and-tricks-2/?nonamp=1&noamp=mobile HTTP/1.1" 200 49142 "https://primemusicproductions.com/music-productions/want-to-rock-try-these-guitar-tips-and-tricks-2/?nonamp=1&noamp=mobile" "Mozilla/5.0 (Linux; Android 7.0;) AppleWebKit/537.36 (HTML, like Gecko) Mobile Safari/537.36 (compatible; PetalBot;+https://webmaster.petalsearch.com/site/petalbot)"
192.0.85.167 - - [27/Apr/2026:16:16:32 +0000] "HEAD / HTTP/1.1" 200 - "-" "jetmon/1.0 (Jetpack Site Uptime Monitor by WordPress.com)"
184.94.212.206 - - [27/Apr/2026:16:17:09 +0000] "POST /wp-cron.php?doing_wp_cron=1777306629.6164050102233886718750 HTTP/1.1" 200 - "-" "WordPress/6.9.4; https://primemusicproductions.com"
112.86.225.229 - - [27/Apr/2026:16:17:07 +0000] "GET /music-productions/expert-advice-you-need-when-learning-guitar/?share=tumblr HTTP/1.1" 302 - "-" "Sogou web spider/4.0(+http://www.sogou.com/docs/help/webmasters.htm#07)"
184.94.212.206 - - [27/Apr/2026:16:18:31 +0000] "POST /wp-cron.php?doing_wp_cron=1777306711.7481141090393066406250 HTTP/1.1" 200 - "-" "WordPress/6.9.4; https://primemusicproductions.com"
146.19.125.71 - - [27/Apr/2026:16:18:29 +0000] "GET / HTTP/1.0" 200 175592 "https://primemusicproductions.com/" "Mozilla/5.0 (Windows NT 10.0; Win64; x64) AppleWebKit/537.36 (KHTML, like Gecko) Chrome/130.0.0.0 Safari/537.36 CCleaner/130.0.0.0"
146.19.125.71 - - [27/Apr/2026:16:18:33 +0000] "GET /wp-login.php?action=register HTTP/1.0" 200 8699 "https://primemusicproductions.com/wp-login.php?action=register" "Mozilla/5.0 (Windows NT 10.0; Win64; x64) AppleWebKit/537.36 (KHTML, like Gecko) Chrome/130.0.0.0 Safari/537.36 CCleaner/130.0.0.0"
146.19.125.71 - - [27/Apr/2026:16:18:36 +0000] "POST /wp-login.php?action=register HTTP/1.0" 302 - "https://primemusicproductions.com/wp-login.php?action=register" "Mozilla/5.0 (Windows NT 10.0; Win64; x64) AppleWebKit/537.36 (KHTML, like Gecko) Chrome/130.0.0.0 Safari/537.36 CCleaner/130.0.0.0"
184.94.212.206 - - [27/Apr/2026:16:18:38 +0000] "GET /wp-json/jetpack/v4/sync/spawn-sync?time=1777306718&request_lock_id=9c45efdd-9e8b-4007-98d2-444228964010 HTTP/1.1" 200 37 "-" "WordPress/6.9.4; https://primemusicproductions.com"
146.19.125.71 - - [27/Apr/2026:16:18:40 +0000] "GET /wp-login.php?checkemail=registered HTTP/1.0" 200 7511 "https://primemusicproductions.com/wp-login.php?checkemail=registered" "Mozilla/5.0 (Windows NT 10.0; Win64; x64) AppleWebKit/537.36 (KHTML, like Gecko) Chrome/130.0.0.0 Safari/537.36 CCleaner/130.0.0.0"
184.94.212.206 - - [27/Apr/2026:16:21:36 +0000] "POST /wp-cron.php?doing_wp_cron=1777306896.3249669075012207031250 HTTP/1.1" 200 - "-" "WordPress/6.9.4; https://primemusicproductions.com"
114.119.155.83 - - [27/Apr/2026:16:21:34 +0000] "GET /music-productions/want-to-rock-try-these-guitar-tips-and-tricks-2/?nonamp=1&amp HTTP/1.1" 200 49148 "https://primemusicproductions.com/music-productions/want-to-rock-try-these-guitar-tips-and-tricks-2/?nonamp=1&amp" "Mozilla/5.0 (Linux; Android 7.0;) AppleWebKit/537.36 (HTML, like Gecko) Mobile Safari/537.36 (compatible; PetalBot;+https://webmaster.petalsearch.com/site/petalbot)"
192.0.85.167 - - [27/Apr/2026:16:21:35 +0000] "HEAD / HTTP/1.1" 200 - "-" "jetmon/1.0 (Jetpack Site Uptime Monitor by WordPress.com)"
184.94.212.206 - - [27/Apr/2026:16:21:38 +0000] "PURGE / HTTP/1.1" 200 51654 "-" "WordPress/6.9.4; https://primemusicproductions.com"
184.94.212.206 - - [27/Apr/2026:16:21:40 +0000] "PURGE /wp-json/ HTTP/1.1" 404 117 "-" "WordPress/6.9.4; https://primemusicproductions.com"
184.94.212.206 - - [27/Apr/2026:16:23:00 +0000] "POST /wp-cron.php?doing_wp_cron=1777306980.3845438957214355468750 HTTP/1.1" 200 - "-" "WordPress/6.9.4; https://primemusicproductions.com"
216.244.66.195 - - [27/Apr/2026:16:22:59 +0000] "GET /music-productions/beat-maker-software/?share=linkedin HTTP/1.1" 302 - "-" "Mozilla/5.0 (compatible; DotBot/1.2; +https://opensiteexplorer.org/dotbot; help@moz.com)"
216.244.66.195 - - [27/Apr/2026:16:23:26 +0000] "GET /music-productions/are-you-ready-to-learn-the-guitar-check-this-out/?share=facebook HTTP/1.1" 302 - "-" "Mozilla/5.0 (compatible; DotBot/1.2; +https://opensiteexplorer.org/dotbot; help@moz.com)"
184.94.212.206 - - [27/Apr/2026:16:26:36 +0000] "POST /wp-cron.php?doing_wp_cron=1777307196.8958098888397216796875 HTTP/1.1" 200 - "-" "WordPress/6.9.4; https://primemusicproductions.com"
192.0.85.167 - - [27/Apr/2026:16:26:34 +0000] "HEAD / HTTP/1.1" 200 - "-" "jetmon/1.0 (Jetpack Site Uptime Monitor by WordPress.com)"
114.119.150.166 - - [27/Apr/2026:16:27:26 +0000] "GET /music-productions/want-to-rock-try-these-guitar-tips-and-tricks-2 HTTP/1.1" 301 - "https://primemusicproductions.com/author/primemusicproductions/page/10?nonamp=1" "Mozilla/5.0 (Linux; Android 7.0;) AppleWebKit/537.36 (KHTML, like Gecko) Mobile Safari/537.36 (compatible; PetalBot;+https://webmaster.petalsearch.com/site/petalbot)"
184.94.212.206 - - [27/Apr/2026:16:27:43 +0000] "POST /wp-cron.php?doing_wp_cron=1777307263.1950659751892089843750 HTTP/1.1" 200 - "-" "WordPress/6.9.4; https://primemusicproductions.com"
114.119.150.166 - - [27/Apr/2026:16:27:41 +0000] "GET /music-productions/want-to-rock-try-these-guitar-tips-and-tricks-2/ HTTP/1.1" 200 49148 "https://primemusicproductions.com/author/primemusicproductions/page/10?nonamp=1" "Mozilla/5.0 (Linux; Android 7.0;) AppleWebKit/537.36 (KHTML, like Gecko) Mobile Safari/537.36 (compatible; PetalBot;+https://webmaster.petalsearch.com/site/petalbot)"
184.94.212.206 - - [27/Apr/2026:16:31:36 +0000] "POST /wp-cron.php?doing_wp_cron=1777307496.7142670154571533203125 HTTP/1.1" 200 - "-" "WordPress/6.9.4; https://primemusicproductions.com"
192.0.85.167 - - [27/Apr/2026:16:31:32 +0000] "HEAD / HTTP/1.1" 200 - "-" "jetmon/1.0 (Jetpack Site Uptime Monitor by WordPress.com)"
43.172.197.140 - - [27/Apr/2026:16:31:46 +0000] "GET /music-productions/guitars-and-how-to-learn-to-play-one-well-2/ HTTP/1.1" 200 49776 "-" "Mozilla/5.0 (Windows NT 10.0; Win64; x64) AppleWebKit/537.36 (KHTML, like Gecko) Chrome/104.0.5112.81 Safari/537.36"
43.172.196.242 - - [27/Apr/2026:16:31:49 +0000] "GET /wp-content/plugins/jetpack/modules/sharedaddy/sharing.css?ver=15.7.1 HTTP/1.1" 200 3384 "https://primemusicproductions.com/music-productions/guitars-and-how-to-learn-to-play-one-well-2/" "Mozilla/5.0 (Windows NT 10.0; Win64; x64) AppleWebKit/537.36 (KHTML, like Gecko) Chrome/104.0.5112.81 Safari/537.36"
43.172.194.149 - - [27/Apr/2026:16:31:49 +0000] "GET /wp-content/plugins/jetpack/_inc/build/related-posts/related-posts.min.js?ver=20240116 HTTP/1.1" 200 1915 "https://primemusicproductions.com/music-productions/guitars-and-how-to-learn-to-play-one-well-2/" "Mozilla/5.0 (Windows NT 10.0; Win64; x64) AppleWebKit/537.36 (KHTML, like Gecko) Chrome/104.0.5112.81 Safari/537.36"
43.173.178.203 - - [27/Apr/2026:16:31:49 +0000] "GET /wp-content/plugins/jetpack/_inc/build/social-logos/social-logos.css?ver=15.7.1 HTTP/1.1" 200 9611 "https://primemusicproductions.com/music-productions/guitars-and-how-to-learn-to-play-one-well-2/" "Mozilla/5.0 (Windows NT 10.0; Win64; x64) AppleWebKit/537.36 (KHTML, like Gecko) Chrome/104.0.5112.81 Safari/537.36"
43.173.178.19 - - [27/Apr/2026:16:31:49 +0000] "GET /wp-content/plugins/jetpack/modules/related-posts/related-posts.css?ver=20240116 HTTP/1.1" 200 1735 "https://primemusicproductions.com/music-productions/guitars-and-how-to-learn-to-play-one-well-2/" "Mozilla/5.0 (Windows NT 10.0; Win64; x64) AppleWebKit/537.36 (KHTML, like Gecko) Chrome/104.0.5112.81 Safari/537.36"
43.173.173.202 - - [27/Apr/2026:16:31:50 +0000] "GET /wp-content/plugins/google-site-kit/dist/assets/js/googlesitekit-consent-mode-bc2e26cfa69fcd4a8261.js HTTP/1.1" 200 25395 "https://primemusicproductions.com/music-productions/guitars-and-how-to-learn-to-play-one-well-2/" "Mozilla/5.0 (Windows NT 10.0; Win64; x64) AppleWebKit/537.36 (KHTML, like Gecko) Chrome/104.0.5112.81 Safari/537.36"
43.172.196.39 - - [27/Apr/2026:16:32:00 +0000] "GET /wp-content/plugins/jetpack/_inc/build/widgets/eu-cookie-law/eu-cookie-law.min.js?ver=20180522 HTTP/1.1" 200 659 "https://primemusicproductions.com/music-productions/guitars-and-how-to-learn-to-play-one-well-2/" "Mozilla/5.0 (Windows NT 10.0; Win64; x64) AppleWebKit/537.36 (KHTML, like Gecko) Chrome/104.0.5112.81 Safari/537.36"
43.173.173.217 - - [27/Apr/2026:16:32:00 +0000] "GET /wp-includes/js/mediaelement/mediaelement-and-player.min.js?ver=4.2.17 HTTP/1.1" 200 38789 "https://primemusicproductions.com/music-productions/guitars-and-how-to-learn-to-play-one-well-2/" "Mozilla/5.0 (Windows NT 10.0; Win64; x64) AppleWebKit/537.36 (KHTML, like Gecko) Chrome/104.0.5112.81 Safari/537.36"
43.172.196.61 - - [27/Apr/2026:16:32:00 +0000] "GET /wp-content/plugins/jetpack/_inc/build/sharedaddy/sharing.min.js?ver=15.7.1 HTTP/1.1" 200 2934 "https://primemusicproductions.com/music-productions/guitars-and-how-to-learn-to-play-one-well-2/" "Mozilla/5.0 (Windows NT 10.0; Win64; x64) AppleWebKit/537.36 (KHTML, like Gecko) Chrome/104.0.5112.81 Safari/537.36"
184.94.212.206 - - [27/Apr/2026:16:32:36 +0000] "POST /wp-cron.php?doing_wp_cron=1777307556.8777699470520019531250 HTTP/1.1" 200 - "-" "WordPress/6.9.4; https://primemusicproductions.com"
114.119.139.1 - - [27/Apr/2026:16:32:34 +0000] "GET /music-productions/want-to-learn-to-play-the-guitar-try-these-tips?share=pocket&amp HTTP/1.1" 301 - "https://primemusicproductions.com/music-productions/want-to-learn-to-play-the-guitar-try-these-tips?amp=1" "Mozilla/5.0 (Linux; Android 7.0;) AppleWebKit/537.36 (HTML, like Gecko) Mobile Safari/537.36 (compatible; PetalBot;+https://webmaster.petalsearch.com/site/petalbot)"
114.119.139.1 - - [27/Apr/2026:16:32:37 +0000] "GET /music-productions/want-to-learn-to-play-the-guitar-try-these-tips/?share=pocket&amp HTTP/1.1" 200 50270 "https://primemusicproductions.com/music-productions/want-to-learn-to-play-the-guitar-try-these-tips?amp=1" "Mozilla/5.0 (Linux; Android 7.0;) AppleWebKit/537.36 (HTML, like Gecko) Mobile Safari/537.36 (compatible; PetalBot;+https://webmaster.petalsearch.com/site/petalbot)"
216.73.216.179 - - [27/Apr/2026:16:32:49 +0000] "GET /robots.txt HTTP/1.1" 200 153 "-" "Mozilla/5.0 AppleWebKit/537.36 (KHTML, like Gecko; compatible; ClaudeBot/1.0; +claudebot@anthropic.com)"
216.73.216.179 - - [27/Apr/2026:16:32:50 +0000] "GET /news-sitemap.xml HTTP/1.1" 200 317 "-" "Mozilla/5.0 AppleWebKit/537.36 (KHTML, like Gecko; compatible; ClaudeBot/1.0; +claudebot@anthropic.com)"
184.94.212.206 - - [27/Apr/2026:16:36:37 +0000] "POST /wp-cron.php?doing_wp_cron=1777307797.3414959907531738281250 HTTP/1.1" 200 - "-" "WordPress/6.9.4; https://primemusicproductions.com"
192.0.85.167 - - [27/Apr/2026:16:36:35 +0000] "HEAD / HTTP/1.1" 200 - "-" "jetmon/1.0 (Jetpack Site Uptime Monitor by WordPress.com)"
184.94.212.206 - - [27/Apr/2026:16:38:34 +0000] "POST /wp-cron.php?doing_wp_cron=1777307914.5993111133575439453125 HTTP/1.1" 200 - "-" "WordPress/6.9.4; https://primemusicproductions.com"
114.119.150.166 - - [27/Apr/2026:16:38:32 +0000] "GET /music-productions/want-to-learn-to-play-the-guitar-try-these-tips?share=pinterest&amp HTTP/1.1" 302 - "https://primemusicproductions.com/music-productions/want-to-learn-to-play-the-guitar-try-these-tips?amp=1" "Mozilla/5.0 (Linux; Android 7.0;) AppleWebKit/537.36 (HTML, like Gecko) Mobile Safari/537.36 (compatible; PetalBot;+https://webmaster.petalsearch.com/site/petalbot)"
3.208.146.193 - - [27/Apr/2026:16:38:33 +0000] "GET /music-productions/learn-to-play-guitar-with-these-tips-straight-from-the-pros/ HTTP/1.1" 200 50157 "-" "Mozilla/5.0 AppleWebKit/537.36 (KHTML, like Gecko; compatible; Amazonbot/0.1; +https://developer.amazon.com/support/amazonbot) Chrome/119.0.6045.214 Safari/537.36"
184.94.212.206 - - [27/Apr/2026:16:41:36 +0000] "POST /wp-cron.php?doing_wp_cron=1777308096.1718640327453613281250 HTTP/1.1" 200 - "-" "WordPress/6.9.4; https://primemusicproductions.com"
192.0.85.167 - - [27/Apr/2026:16:41:34 +0000] "HEAD / HTTP/1.1" 200 - "-" "jetmon/1.0 (Jetpack Site Uptime Monitor by WordPress.com)"
184.94.212.206 - - [27/Apr/2026:16:43:19 +0000] "POST /wp-cron.php?doing_wp_cron=1777308199.2116351127624511718750 HTTP/1.1" 200 - "-" "WordPress/6.9.4; https://primemusicproductions.com"
114.119.128.127 - - [27/Apr/2026:16:43:17 +0000] "GET /music-productions/want-to-learn-to-play-the-guitar-try-these-tips?share=pinterest HTTP/1.1" 302 - "https://primemusicproductions.com/music-productions/want-to-learn-to-play-the-guitar-try-these-tips?nonamp=1&noamp=mobile" "Mozilla/5.0 (Linux; Android 7.0;) AppleWebKit/537.36 (HTML, like Gecko) Mobile Safari/537.36 (compatible; PetalBot;+https://webmaster.petalsearch.com/site/petalbot)"
216.73.216.179 - - [27/Apr/2026:16:43:27 +0000] "GET /sitemap_index.xml HTTP/1.1" 200 358 "-" "Mozilla/5.0 AppleWebKit/537.36 (KHTML, like Gecko; compatible; ClaudeBot/1.0; +claudebot@anthropic.com)"
184.94.212.206 - - [27/Apr/2026:16:46:12 +0000] "POST /wp-cron.php?doing_wp_cron=1777308372.9661750793457031250000 HTTP/1.1" 200 - "-" "WordPress/6.9.4; https://primemusicproductions.com"
14.184.15.50 - - [27/Apr/2026:16:46:11 +0000] "GET /music-productions/learn-to-play-guitar-with-these-tips-straight-from-the-pros/ HTTP/1.1" 200 50161 "-" "Mozilla/5.0 (Windows; U; Windows NT 5.0) AppleWebKit/534.6.6 (KHTML, like Gecko) Version/4.1 Safari/534.6.6"
103.188.93.202 - - [27/Apr/2026:16:46:13 +0000] "GET /music-productions/guitar-playing-and-how-you-can-succeed-at-it-2/ HTTP/1.1" 200 49492 "-" "Mozilla/5.0 (compatible; MSIE 8.0; Windows 98; Win 9x 4.90; Trident/4.1)"
192.0.85.167 - - [27/Apr/2026:16:46:35 +0000] "HEAD / HTTP/1.1" 200 - "-" "jetmon/1.0 (Jetpack Site Uptime Monitor by WordPress.com)"
184.94.212.206 - - [27/Apr/2026:16:49:36 +0000] "POST /wp-cron.php?doing_wp_cron=1777308576.3459260463714599609375 HTTP/1.1" 200 - "-" "WordPress/6.9.4; https://primemusicproductions.com"
114.119.139.1 - - [27/Apr/2026:16:49:34 +0000] "GET /music-productions/want-to-learn-to-play-the-guitar-try-these-tips?amp=1 HTTP/1.1" 301 - "https://primemusicproductions.com/music-productions/want-to-learn-to-play-the-guitar-try-these-tips/" "Mozilla/5.0 (Linux; Android 7.0;) AppleWebKit/537.36 (HTML, like Gecko) Mobile Safari/537.36 (compatible; PetalBot;+https://webmaster.petalsearch.com/site/petalbot)"
114.119.139.1 - - [27/Apr/2026:16:49:36 +0000] "GET /music-productions/want-to-learn-to-play-the-guitar-try-these-tips/?amp=1 HTTP/1.1" 200 50270 "https://primemusicproductions.com/music-productions/want-to-learn-to-play-the-guitar-try-these-tips/" "Mozilla/5.0 (Linux; Android 7.0;) AppleWebKit/537.36 (HTML, like Gecko) Mobile Safari/537.36 (compatible; PetalBot;+https://webmaster.petalsearch.com/site/petalbot)"
184.94.212.206 - - [27/Apr/2026:16:51:37 +0000] "POST /wp-cron.php?doing_wp_cron=1777308697.8633189201354980468750 HTTP/1.1" 200 - "-" "WordPress/6.9.4; https://primemusicproductions.com"
192.0.85.167 - - [27/Apr/2026:16:51:36 +0000] "HEAD / HTTP/1.1" 200 - "-" "jetmon/1.0 (Jetpack Site Uptime Monitor by WordPress.com)"
216.244.66.195 - - [27/Apr/2026:16:52:25 +0000] "GET /robots.txt HTTP/1.1" 200 298 "-" "Mozilla/5.0 (compatible; DotBot/1.2; +https://opensiteexplorer.org/dotbot; help@moz.com)"
66.249.66.33 - - [27/Apr/2026:16:54:14 +0000] "GET /ads.txt HTTP/1.1" 304 - "-" "Google-adstxt"
184.94.212.206 - - [27/Apr/2026:16:55:49 +0000] "POST /wp-cron.php?doing_wp_cron=1777308949.4723660945892333984375 HTTP/1.1" 200 - "-" "WordPress/6.9.4; https://primemusicproductions.com"
114.119.155.83 - - [27/Apr/2026:16:55:47 +0000] "GET /music-productions/want-to-learn-to-play-the-guitar-try-these-tips/?share=pinterest HTTP/1.1" 302 - "https://primemusicproductions.com/music-productions/want-to-learn-to-play-the-guitar-try-these-tips/?amp" "Mozilla/5.0 (Linux; Android 7.0;) AppleWebKit/537.36 (HTML, like Gecko) Mobile Safari/537.36 (compatible; PetalBot;+https://webmaster.petalsearch.com/site/petalbot)"
192.0.85.167 - - [27/Apr/2026:16:56:35 +0000] "HEAD / HTTP/1.1" 200 - "-" "jetmon/1.0 (Jetpack Site Uptime Monitor by WordPress.com)"
184.94.212.206 - - [27/Apr/2026:17:00:12 +0000] "POST /wp-cron.php?doing_wp_cron=1777309212.8458371162414550781250 HTTP/1.1" 200 - "-" "WordPress/6.9.4; https://primemusicproductions.com"
207.180.11.223 - - [27/Apr/2026:17:00:10 +0000] "GET /wp-json/oembed/1.0/embed?url=https%3A%2F%2Fprimemusicproductions.com%2Fmusic-productions%2Fare-you-new-to-the-guitar-try-these-tips-and-tricks%2Fattachment%2Funleashing-the-power-of-music-ai-2-2%2F HTTP/1.1" 200 1226 "-" "Mozilla/5.0 (Macintosh; Intel Mac OS X 10_15_7) AppleWebKit/537.36 (KHTML, like Gecko) Chrome/135.0.0.0 Safari/537.36"
54.236.1.13 - - [27/Apr/2026:17:00:13 +0000] "GET / HTTP/1.1" 200 51713 "-" "Mozilla/5.0 (compatible; Pinterestbot/1.0; +http://www.pinterest.com/bot.html)"
184.94.212.206 - - [27/Apr/2026:17:01:39 +0000] "POST /wp-cron.php?doing_wp_cron=1777309299.3495640754699707031250 HTTP/1.1" 200 - "-" "WordPress/6.9.4; https://primemusicproductions.com"
192.0.85.167 - - [27/Apr/2026:17:01:37 +0000] "HEAD / HTTP/1.1" 200 - "-" "jetmon/1.0 (Jetpack Site Uptime Monitor by WordPress.com)"
184.94.212.206 - - [27/Apr/2026:17:03:04 +0000] "POST /wp-cron.php?doing_wp_cron=1777309384.8167679309844970703125 HTTP/1.1" 200 - "-" "WordPress/6.9.4; https://primemusicproductions.com"
114.119.150.166 - - [27/Apr/2026:17:03:03 +0000] "GET /music-productions/want-to-learn-to-play-the-guitar-try-these-tips/?share=facebook HTTP/1.1" 302 - "https://primemusicproductions.com/music-productions/want-to-learn-to-play-the-guitar-try-these-tips/?amp" "Mozilla/5.0 (Linux; Android 7.0;) AppleWebKit/537.36 (HTML, like Gecko) Mobile Safari/537.36 (compatible; PetalBot;+https://webmaster.petalsearch.com/site/petalbot)"
184.94.212.206 - - [27/Apr/2026:17:06:37 +0000] "POST /wp-cron.php?doing_wp_cron=1777309597.7144119739532470703125 HTTP/1.1" 200 - "-" "WordPress/6.9.4; https://primemusicproductions.com"
192.0.85.167 - - [27/Apr/2026:17:06:35 +0000] "HEAD / HTTP/1.1" 200 - "-" "jetmon/1.0 (Jetpack Site Uptime Monitor by WordPress.com)"
184.94.212.206 - - [27/Apr/2026:17:09:41 +0000] "POST /wp-cron.php?doing_wp_cron=1777309781.7675240039825439453125 HTTP/1.1" 200 - "-" "WordPress/6.9.4; https://primemusicproductions.com"
114.119.128.56 - - [27/Apr/2026:17:09:39 +0000] "GET /music-productions/want-to-learn-to-play-the-guitar-try-these-tips/?nonamp=1&noamp=mobile HTTP/1.1" 200 50270 "https://primemusicproductions.com/music-productions/want-to-learn-to-play-the-guitar-try-these-tips/?nonamp=1&noamp=mobile" "Mozilla/5.0 (Linux; Android 7.0;) AppleWebKit/537.36 (HTML, like Gecko) Mobile Safari/537.36 (compatible; PetalBot;+https://webmaster.petalsearch.com/site/petalbot)"
184.94.212.206 - - [27/Apr/2026:17:10:21 +0000] "POST /wp-cron.php?doing_wp_cron=1777309821.9042689800262451171875 HTTP/1.1" 200 - "-" "WordPress/6.9.4; https://primemusicproductions.com"
216.244.66.195 - - [27/Apr/2026:17:10:20 +0000] "GET /music-productions/guitar-playing-is-something-youll-have-fun-learning/?share=google-plus-1 HTTP/1.1" 200 170193 "-" "Mozilla/5.0 (compatible; DotBot/1.2; +https://opensiteexplorer.org/dotbot; help@moz.com)"
216.244.66.195 - - [27/Apr/2026:17:10:26 +0000] "GET /music-productions/want-to-learn-to-play-the-guitar-try-these-tips-2/?share=google-plus-1 HTTP/1.1" 200 170292 "-" "Mozilla/5.0 (compatible; DotBot/1.2; +https://opensiteexplorer.org/dotbot; help@moz.com)"
184.94.212.206 - - [27/Apr/2026:17:11:38 +0000] "POST /wp-cron.php?doing_wp_cron=1777309898.2499260902404785156250 HTTP/1.1" 200 - "-" "WordPress/6.9.4; https://primemusicproductions.com"
192.0.85.167 - - [27/Apr/2026:17:11:36 +0000] "HEAD / HTTP/1.1" 200 - "-" "jetmon/1.0 (Jetpack Site Uptime Monitor by WordPress.com)"
216.244.66.195 - - [27/Apr/2026:17:11:53 +0000] "GET /music-productions/learn-to-play-guitar-with-these-tips-straight-from-the-pros/?share=tumblr HTTP/1.1" 302 - "-" "Mozilla/5.0 (compatible; DotBot/1.2; +https://opensiteexplorer.org/dotbot; help@moz.com)"
216.244.66.195 - - [27/Apr/2026:17:12:23 +0000] "GET /music-downloads/everything-youll-ever-need-to-know-about-music-downloads/?share=twitter HTTP/1.1" 302 - "-" "Mozilla/5.0 (compatible; DotBot/1.2; +https://opensiteexplorer.org/dotbot; help@moz.com)"
184.94.212.206 - - [27/Apr/2026:17:16:03 +0000] "POST /wp-cron.php?doing_wp_cron=1777310163.0485351085662841796875 HTTP/1.1" 200 - "-" "WordPress/6.9.4; https://primemusicproductions.com"
114.119.155.83 - - [27/Apr/2026:17:16:01 +0000] "GET /music-productions/want-to-learn-to-play-the-guitar-try-these-tips/ HTTP/1.1" 200 50270 "https://primemusicproductions.com/music-productions/want-to-learn-to-play-the-guitar-try-these-tips/?amp" "Mozilla/5.0 (Linux; Android 7.0;) AppleWebKit/537.36 (HTML, like Gecko) Mobile Safari/537.36 (compatible; PetalBot;+https://webmaster.petalsearch.com/site/petalbot)"
184.94.212.206 - - [27/Apr/2026:17:16:39 +0000] "POST /wp-cron.php?doing_wp_cron=1777310199.2365109920501708984375 HTTP/1.1" 200 - "-" "WordPress/6.9.4; https://primemusicproductions.com"
192.0.85.167 - - [27/Apr/2026:17:16:37 +0000] "HEAD / HTTP/1.1" 200 - "-" "jetmon/1.0 (Jetpack Site Uptime Monitor by WordPress.com)"
184.94.212.206 - - [27/Apr/2026:17:21:34 +0000] "POST /wp-cron.php?doing_wp_cron=1777310494.6660020351409912109375 HTTP/1.1" 200 - "-" "WordPress/6.9.4; https://primemusicproductions.com"
192.0.85.167 - - [27/Apr/2026:17:21:32 +0000] "HEAD / HTTP/1.1" 200 - "-" "jetmon/1.0 (Jetpack Site Uptime Monitor by WordPress.com)"
184.94.212.206 - - [27/Apr/2026:17:22:49 +0000] "POST /wp-cron.php?doing_wp_cron=1777310569.2281351089477539062500 HTTP/1.1" 200 - "-" "WordPress/6.9.4; https://primemusicproductions.com"
114.119.156.165 - - [27/Apr/2026:17:22:47 +0000] "GET /music-productions/want-to-learn-to-play-the-guitar-try-these-tips-2?share=twitter&amp HTTP/1.1" 302 - "https://primemusicproductions.com/music-productions/want-to-learn-to-play-the-guitar-try-these-tips-2?nonamp=1&amp" "Mozilla/5.0 (Linux; Android 7.0;) AppleWebKit/537.36 (HTML, like Gecko) Mobile Safari/537.36 (compatible; PetalBot;+https://webmaster.petalsearch.com/site/petalbot)"
184.94.212.206 - - [27/Apr/2026:17:26:05 +0000] "POST /wp-cron.php?doing_wp_cron=1777310765.2344329357147216796875 HTTP/1.1" 200 - "-" "WordPress/6.9.4; https://primemusicproductions.com"
4.232.90.232 - - [27/Apr/2026:17:26:03 +0000] "GET /wp-content/plugins/hellopress/wp_filemanager.php HTTP/1.1" 301 - "-" "-"
4.232.90.232 - - [27/Apr/2026:17:26:06 +0000] "GET /InVideo HTTP/1.1" 307 - "-" "-"
4.232.90.232 - - [27/Apr/2026:17:26:09 +0000] "GET /file.php HTTP/1.1" 301 - "-" "-"
4.232.90.232 - - [27/Apr/2026:17:26:10 +0000] "GET /InVideo HTTP/1.1" 307 - "-" "-"
4.232.90.232 - - [27/Apr/2026:17:26:12 +0000] "GET /3369.php HTTP/1.1" 301 - "-" "-"
4.232.90.232 - - [27/Apr/2026:17:26:13 +0000] "GET /InVideo HTTP/1.1" 307 - "-" "-"
4.232.90.232 - - [27/Apr/2026:17:26:14 +0000] "GET /mg.php HTTP/1.1" 301 - "-" "-"
4.232.90.232 - - [27/Apr/2026:17:26:16 +0000] "GET /InVideo HTTP/1.1" 307 - "-" "-"
4.232.90.232 - - [27/Apr/2026:17:26:17 +0000] "GET /file-kikikoko.php HTTP/1.1" 301 - "-" "-"
4.232.90.232 - - [27/Apr/2026:17:26:18 +0000] "GET /InVideo HTTP/1.1" 307 - "-" "-"
4.232.90.232 - - [27/Apr/2026:17:26:20 +0000] "GET /spawns.php HTTP/1.1" 301 - "-" "-"
4.232.90.232 - - [27/Apr/2026:17:26:21 +0000] "GET /InVideo HTTP/1.1" 307 - "-" "-"
4.232.90.232 - - [27/Apr/2026:17:26:23 +0000] "GET /t3s.php HTTP/1.1" 301 - "-" "-"
4.232.90.232 - - [27/Apr/2026:17:26:24 +0000] "GET /InVideo HTTP/1.1" 307 - "-" "-"
4.232.90.232 - - [27/Apr/2026:17:26:25 +0000] "GET /uwu.php HTTP/1.1" 301 - "-" "-"
4.232.90.232 - - [27/Apr/2026:17:26:26 +0000] "GET /InVideo HTTP/1.1" 307 - "-" "-"
4.232.90.232 - - [27/Apr/2026:17:26:28 +0000] "GET /uwa.php HTTP/1.1" 301 - "-" "-"
4.232.90.232 - - [27/Apr/2026:17:26:29 +0000] "GET /InVideo HTTP/1.1" 307 - "-" "-"
4.232.90.232 - - [27/Apr/2026:17:26:30 +0000] "GET /crgio.php HTTP/1.1" 301 - "-" "-"
4.232.90.232 - - [27/Apr/2026:17:26:31 +0000] "GET /InVideo HTTP/1.1" 307 - "-" "-"
4.232.90.232 - - [27/Apr/2026:17:26:33 +0000] "GET /geforce.php HTTP/1.1" 301 - "-" "-"
4.232.90.232 - - [27/Apr/2026:17:26:34 +0000] "GET /InVideo HTTP/1.1" 307 - "-" "-"
4.232.90.232 - - [27/Apr/2026:17:26:35 +0000] "GET /wp-load.php HTTP/1.1" 200 - "-" "-"
192.0.85.167 - - [27/Apr/2026:17:26:37 +0000] "HEAD / HTTP/1.1" 200 - "-" "jetmon/1.0 (Jetpack Site Uptime Monitor by WordPress.com)"
4.232.90.232 - - [27/Apr/2026:17:26:37 +0000] "GET /77.php HTTP/1.1" 301 - "-" "-"
4.232.90.232 - - [27/Apr/2026:17:26:38 +0000] "GET /InVideo HTTP/1.1" 307 - "-" "-"
4.232.90.232 - - [27/Apr/2026:17:26:39 +0000] "GET /.sghb.php HTTP/1.1" 301 - "-" "-"
4.232.90.232 - - [27/Apr/2026:17:26:41 +0000] "GET /InVideo HTTP/1.1" 307 - "-" "-"
4.232.90.232 - - [27/Apr/2026:17:26:42 +0000] "GET /zoko.php HTTP/1.1" 301 - "-" "-"
4.232.90.232 - - [27/Apr/2026:17:26:43 +0000] "GET /InVideo HTTP/1.1" 307 - "-" "-"
4.232.90.232 - - [27/Apr/2026:17:26:44 +0000] "GET /solo1.php HTTP/1.1" 301 - "-" "-"
4.232.90.232 - - [27/Apr/2026:17:26:46 +0000] "GET /InVideo HTTP/1.1" 307 - "-" "-"
4.232.90.232 - - [27/Apr/2026:17:26:47 +0000] "GET /locales.php HTTP/1.1" 301 - "-" "-"
4.232.90.232 - - [27/Apr/2026:17:26:48 +0000] "GET /InVideo HTTP/1.1" 307 - "-" "-"
4.232.90.232 - - [27/Apr/2026:17:26:49 +0000] "GET /bgymj.php HTTP/1.1" 301 - "-" "-"
4.232.90.232 - - [27/Apr/2026:17:26:50 +0000] "GET /InVideo HTTP/1.1" 307 - "-" "-"
4.232.90.232 - - [27/Apr/2026:17:26:52 +0000] "GET /pucci.php HTTP/1.1" 301 - "-" "-"
4.232.90.232 - - [27/Apr/2026:17:26:53 +0000] "GET /InVideo HTTP/1.1" 307 - "-" "-"
4.232.90.232 - - [27/Apr/2026:17:26:54 +0000] "GET /wp-includes/blocks/details/ HTTP/1.1" 301 - "-" "-"
4.232.90.232 - - [27/Apr/2026:17:26:55 +0000] "GET /InVideo HTTP/1.1" 307 - "-" "-"
4.232.90.232 - - [27/Apr/2026:17:26:57 +0000] "GET /.dj/index.php HTTP/1.1" 301 - "-" "-"
4.232.90.232 - - [27/Apr/2026:17:26:58 +0000] "GET /InVideo HTTP/1.1" 307 - "-" "-"
4.232.90.232 - - [27/Apr/2026:17:26:59 +0000] "GET /wp-includes/blocks/audio/ HTTP/1.1" 301 - "-" "-"
4.232.90.232 - - [27/Apr/2026:17:27:00 +0000] "GET /InVideo HTTP/1.1" 307 - "-" "-"
4.232.90.232 - - [27/Apr/2026:17:27:02 +0000] "GET /.tmb/ HTTP/1.1" 301 - "-" "-"
4.232.90.232 - - [27/Apr/2026:17:27:03 +0000] "GET /InVideo HTTP/1.1" 307 - "-" "-"
4.232.90.232 - - [27/Apr/2026:17:27:04 +0000] "GET /one.php HTTP/1.1" 301 - "-" "-"
4.232.90.232 - - [27/Apr/2026:17:27:05 +0000] "GET /InVideo HTTP/1.1" 307 - "-" "-"
4.232.90.232 - - [27/Apr/2026:17:27:07 +0000] "GET /no20.php HTTP/1.1" 301 - "-" "-"
4.232.90.232 - - [27/Apr/2026:17:27:08 +0000] "GET /InVideo HTTP/1.1" 307 - "-" "-"
4.232.90.232 - - [27/Apr/2026:17:27:09 +0000] "GET /yasnu.php HTTP/1.1" 301 - "-" "-"
4.232.90.232 - - [27/Apr/2026:17:27:10 +0000] "GET /InVideo HTTP/1.1" 307 - "-" "-"
4.232.90.232 - - [27/Apr/2026:17:27:12 +0000] "GET /sl.php HTTP/1.1" 301 - "-" "-"
4.232.90.232 - - [27/Apr/2026:17:27:13 +0000] "GET /InVideo HTTP/1.1" 307 - "-" "-"
4.232.90.232 - - [27/Apr/2026:17:27:14 +0000] "GET /vuln.php HTTP/1.1" 301 - "-" "-"
4.232.90.232 - - [27/Apr/2026:17:27:15 +0000] "GET /InVideo HTTP/1.1" 307 - "-" "-"
4.232.90.232 - - [27/Apr/2026:17:27:17 +0000] "GET /wp-temp.php HTTP/1.1" 301 - "-" "-"
4.232.90.232 - - [27/Apr/2026:17:27:18 +0000] "GET /InVideo HTTP/1.1" 307 - "-" "-"
4.232.90.232 - - [27/Apr/2026:17:27:19 +0000] "GET /wp-content/themes/twentytwentyfive/assets/ HTTP/1.1" 301 - "-" "-"
4.232.90.232 - - [27/Apr/2026:17:27:20 +0000] "GET /InVideo HTTP/1.1" 307 - "-" "-"
4.232.90.232 - - [27/Apr/2026:17:27:21 +0000] "GET /wp-includes/blocks/buttons/ HTTP/1.1" 301 - "-" "-"
4.232.90.232 - - [27/Apr/2026:17:27:23 +0000] "GET /InVideo HTTP/1.1" 307 - "-" "-"
4.232.90.232 - - [27/Apr/2026:17:27:24 +0000] "GET /class-bda.php HTTP/1.1" 301 - "-" "-"
4.232.90.232 - - [27/Apr/2026:17:27:26 +0000] "GET /InVideo HTTP/1.1" 307 - "-" "-"
4.232.90.232 - - [27/Apr/2026:17:27:27 +0000] "GET /bhm.php HTTP/1.1" 301 - "-" "-"
4.232.90.232 - - [27/Apr/2026:17:27:28 +0000] "GET /InVideo HTTP/1.1" 307 - "-" "-"
4.232.90.232 - - [27/Apr/2026:17:27:29 +0000] "GET /xmu.php HTTP/1.1" 301 - "-" "-"
4.232.90.232 - - [27/Apr/2026:17:27:31 +0000] "GET /InVideo HTTP/1.1" 307 - "-" "-"
4.232.90.232 - - [27/Apr/2026:17:27:32 +0000] "GET /ref.php HTTP/1.1" 301 - "-" "-"
4.232.90.232 - - [27/Apr/2026:17:27:33 +0000] "GET /InVideo HTTP/1.1" 307 - "-" "-"
4.232.90.232 - - [27/Apr/2026:17:27:34 +0000] "GET /wp-xme.php HTTP/1.1" 301 - "-" "-"
184.94.212.206 - - [27/Apr/2026:17:27:36 +0000] "POST /wp-cron.php?doing_wp_cron=1777310856.1055619716644287109375 HTTP/1.1" 200 - "-" "WordPress/6.9.4; https://primemusicproductions.com"
197.3.174.25 - - [27/Apr/2026:17:27:34 +0000] "GET /music-productions/are-you-new-to-the-guitar-try-these-tips-and-tricks/ HTTP/1.1" 200 52835 "-" "Mozilla/5.0 (Windows NT 6.1) AppleWebKit/532.2 (KHTML, like Gecko) Chrome/21.0.859.0 Safari/532.2"
4.232.90.232 - - [27/Apr/2026:17:27:36 +0000] "GET /InVideo HTTP/1.1" 307 - "-" "-"
4.232.90.232 - - [27/Apr/2026:17:27:37 +0000] "GET /adminer.php HTTP/1.1" 301 - "-" "-"
4.232.90.232 - - [27/Apr/2026:17:27:38 +0000] "GET /InVideo HTTP/1.1" 307 - "-" "-"
4.232.90.232 - - [27/Apr/2026:17:27:40 +0000] "GET /ktfow.php HTTP/1.1" 301 - "-" "-"
4.232.90.232 - - [27/Apr/2026:17:27:41 +0000] "GET /InVideo HTTP/1.1" 307 - "-" "-"
4.232.90.232 - - [27/Apr/2026:17:27:42 +0000] "GET /mode.php HTTP/1.1" 301 - "-" "-"
4.232.90.232 - - [27/Apr/2026:17:27:43 +0000] "GET /InVideo HTTP/1.1" 307 - "-" "-"
4.232.90.232 - - [27/Apr/2026:17:27:45 +0000] "GET /2468.php HTTP/1.1" 301 - "-" "-"
4.232.90.232 - - [27/Apr/2026:17:27:46 +0000] "GET /InVideo HTTP/1.1" 307 - "-" "-"
4.232.90.232 - - [27/Apr/2026:17:27:47 +0000] "GET /wp-admin/js/index.php HTTP/1.1" 301 - "-" "-"
4.232.90.232 - - [27/Apr/2026:17:27:49 +0000] "GET /InVideo HTTP/1.1" 307 - "-" "-"
4.232.90.232 - - [27/Apr/2026:17:27:50 +0000] "GET /dx.php HTTP/1.1" 301 - "-" "-"
4.232.90.232 - - [27/Apr/2026:17:27:51 +0000] "GET /InVideo HTTP/1.1" 307 - "-" "-"
4.232.90.232 - - [27/Apr/2026:17:27:53 +0000] "GET /amdin.php HTTP/1.1" 301 - "-" "-"
4.232.90.232 - - [27/Apr/2026:17:27:54 +0000] "GET /InVideo HTTP/1.1" 307 - "-" "-"
4.232.90.232 - - [27/Apr/2026:17:27:55 +0000] "GET /huya.php HTTP/1.1" 301 - "-" "-"
4.232.90.232 - - [27/Apr/2026:17:27:56 +0000] "GET /InVideo HTTP/1.1" 307 - "-" "-"
4.232.90.232 - - [27/Apr/2026:17:27:58 +0000] "GET /puc.php HTTP/1.1" 301 - "-" "-"
4.232.90.232 - - [27/Apr/2026:17:27:59 +0000] "GET /InVideo HTTP/1.1" 307 - "-" "-"
4.232.90.232 - - [27/Apr/2026:17:28:00 +0000] "GET /themes.php HTTP/1.1" 301 - "-" "-"
4.232.90.232 - - [27/Apr/2026:17:28:01 +0000] "GET /InVideo HTTP/1.1" 307 - "-" "-"
4.232.90.232 - - [27/Apr/2026:17:28:03 +0000] "GET /ewp.php HTTP/1.1" 301 - "-" "-"
4.232.90.232 - - [27/Apr/2026:17:28:05 +0000] "GET /InVideo HTTP/1.1" 307 - "-" "-"
4.232.90.232 - - [27/Apr/2026:17:28:06 +0000] "GET /dx.php HTTP/1.1" 301 - "-" "-"
4.232.90.232 - - [27/Apr/2026:17:28:07 +0000] "GET /InVideo HTTP/1.1" 307 - "-" "-"
4.232.90.232 - - [27/Apr/2026:17:28:09 +0000] "GET /xff.php HTTP/1.1" 301 - "-" "-"
4.232.90.232 - - [27/Apr/2026:17:28:10 +0000] "GET /InVideo HTTP/1.1" 307 - "-" "-"
4.232.90.232 - - [27/Apr/2026:17:28:11 +0000] "GET /lupo.php HTTP/1.1" 301 - "-" "-"
4.232.90.232 - - [27/Apr/2026:17:28:12 +0000] "GET /InVideo HTTP/1.1" 307 - "-" "-"
4.232.90.232 - - [27/Apr/2026:17:28:14 +0000] "GET /awa.php HTTP/1.1" 301 - "-" "-"
4.232.90.232 - - [27/Apr/2026:17:28:15 +0000] "GET /InVideo HTTP/1.1" 307 - "-" "-"
4.232.90.232 - - [27/Apr/2026:17:28:16 +0000] "GET /popo.php HTTP/1.1" 301 - "-" "-"
4.232.90.232 - - [27/Apr/2026:17:28:17 +0000] "GET /InVideo HTTP/1.1" 307 - "-" "-"
4.232.90.232 - - [27/Apr/2026:17:28:19 +0000] "GET /13.php HTTP/1.1" 301 - "-" "-"
4.232.90.232 - - [27/Apr/2026:17:28:20 +0000] "GET /InVideo HTTP/1.1" 307 - "-" "-"
4.232.90.232 - - [27/Apr/2026:17:28:22 +0000] "GET /11.php HTTP/1.1" 301 - "-" "-"
4.232.90.232 - - [27/Apr/2026:17:28:23 +0000] "GET /InVideo HTTP/1.1" 307 - "-" "-"
4.232.90.232 - - [27/Apr/2026:17:28:24 +0000] "GET /p.php HTTP/1.1" 301 - "-" "-"
4.232.90.232 - - [27/Apr/2026:17:28:25 +0000] "GET /InVideo HTTP/1.1" 307 - "-" "-"
4.232.90.232 - - [27/Apr/2026:17:28:27 +0000] "GET /wp-includes/Requests/ HTTP/1.1" 301 - "-" "-"
4.232.90.232 - - [27/Apr/2026:17:28:28 +0000] "GET /InVideo HTTP/1.1" 307 - "-" "-"
4.232.90.232 - - [27/Apr/2026:17:28:29 +0000] "GET /bthil.php HTTP/1.1" 301 - "-" "-"
4.232.90.232 - - [27/Apr/2026:17:28:30 +0000] "GET /InVideo HTTP/1.1" 307 - "-" "-"
4.232.90.232 - - [27/Apr/2026:17:28:32 +0000] "GET /shell.php HTTP/1.1" 301 - "-" "-"
4.232.90.232 - - [27/Apr/2026:17:28:33 +0000] "GET /InVideo HTTP/1.1" 307 - "-" "-"
4.232.90.232 - - [27/Apr/2026:17:28:34 +0000] "GET /seo.php HTTP/1.1" 301 - "-" "-"
