MOON
Server: Apache
System: Linux server1.primemusicproductions.com 4.18.0-477.27.2.el8_8.x86_64 #1 SMP Fri Sep 29 08:21:01 EDT 2023 x86_64
User: primrwxj (1001)
PHP: 8.3.3
Disabled: NONE
Upload Files
File: //home/primrwxj/logs/primemusicproductions.com-ssl_log.bkup
184.94.212.206 - - [27/Apr/2026:12:06:36 +0000] "POST /wp-cron.php?doing_wp_cron=1777291596.5264770984649658203125 HTTP/1.1" 200 - "-" "WordPress/6.9.4; https://primemusicproductions.com"
192.0.85.167 - - [27/Apr/2026:12:06:34 +0000] "HEAD / HTTP/1.1" 200 - "-" "jetmon/1.0 (Jetpack Site Uptime Monitor by WordPress.com)"
184.94.212.206 - - [27/Apr/2026:12:08:26 +0000] "POST /wp-cron.php?doing_wp_cron=1777291706.2571129798889160156250 HTTP/1.1" 200 - "-" "WordPress/6.9.4; https://primemusicproductions.com"
114.119.150.166 - - [27/Apr/2026:12:08:24 +0000] "GET /music-productions/what-you-should-know-about-learning-the-guitar-2/?amp HTTP/1.1" 200 50215 "https://primemusicproductions.com/music-productions/what-you-should-know-about-learning-the-guitar-2/?amp" "Mozilla/5.0 (Linux; Android 7.0;) AppleWebKit/537.36 (HTML, like Gecko) Mobile Safari/537.36 (compatible; PetalBot;+https://webmaster.petalsearch.com/site/petalbot)"
184.94.212.206 - - [27/Apr/2026:12:10:52 +0000] "POST /wp-cron.php?doing_wp_cron=1777291852.8720300197601318359375 HTTP/1.1" 200 - "-" "WordPress/6.9.4; https://primemusicproductions.com"
173.239.240.129 - - [27/Apr/2026:12:10:50 +0000] "POST /wp-login.php HTTP/1.1" 401 3424 "-" "Mozilla/5.0"
192.0.85.167 - - [27/Apr/2026:12:11:36 +0000] "HEAD / HTTP/1.1" 200 - "-" "jetmon/1.0 (Jetpack Site Uptime Monitor by WordPress.com)"
216.244.66.195 - - [27/Apr/2026:12:11:59 +0000] "GET /music-productions/beat-maker/?share=tumblr HTTP/1.1" 302 - "-" "Mozilla/5.0 (compatible; DotBot/1.2; +https://opensiteexplorer.org/dotbot; help@moz.com)"
184.94.212.206 - - [27/Apr/2026:12:13:12 +0000] "POST /wp-cron.php?doing_wp_cron=1777291992.4188079833984375000000 HTTP/1.1" 200 - "-" "WordPress/6.9.4; https://primemusicproductions.com"
216.244.66.195 - - [27/Apr/2026:12:13:10 +0000] "GET /music-productions/learning-guitar-no-other-article-online-provides-you-these-tips/?share=twitter HTTP/1.1" 302 - "-" "Mozilla/5.0 (compatible; DotBot/1.2; +https://opensiteexplorer.org/dotbot; help@moz.com)"
184.94.212.206 - - [27/Apr/2026:12:14:26 +0000] "POST /wp-cron.php?doing_wp_cron=1777292066.0480639934539794921875 HTTP/1.1" 200 - "-" "WordPress/6.9.4; https://primemusicproductions.com"
114.119.156.165 - - [27/Apr/2026:12:14:24 +0000] "GET /music-productions/what-you-should-know-about-learning-the-guitar HTTP/1.1" 301 - "https://primemusicproductions.com/tag/begin-slowly?nonamp=1&noamp=mobile" "Mozilla/5.0 (Linux; Android 7.0;) AppleWebKit/537.36 (HTML, like Gecko) Mobile Safari/537.36 (compatible; PetalBot;+https://webmaster.petalsearch.com/site/petalbot)"
114.119.156.165 - - [27/Apr/2026:12:14:26 +0000] "GET /music-productions/what-you-should-know-about-learning-the-guitar/ HTTP/1.1" 200 50198 "https://primemusicproductions.com/tag/begin-slowly?nonamp=1&noamp=mobile" "Mozilla/5.0 (Linux; Android 7.0;) AppleWebKit/537.36 (HTML, like Gecko) Mobile Safari/537.36 (compatible; PetalBot;+https://webmaster.petalsearch.com/site/petalbot)"
39.34.154.70 - - [27/Apr/2026:12:14:26 +0000] "GET /music-productions/are-you-new-to-the-guitar-try-these-tips-and-tricks/ HTTP/1.1" 200 52833 "-" "Mozilla/5.0 (Macintosh; Intel Mac OS X 10_11_6) AppleWebKit/537.36 (KHTML, like Gecko) Brave Chrome/87.0.4280.141 Safari/537.36"
184.94.212.206 - - [27/Apr/2026:12:15:15 +0000] "POST /wp-cron.php?doing_wp_cron=1777292115.7080159187316894531250 HTTP/1.1" 200 - "-" "WordPress/6.9.4; https://primemusicproductions.com"
216.244.66.195 - - [27/Apr/2026:12:15:13 +0000] "GET /music-productions/the-experts-dont-want-you-to-read-these-learning-guitar-tips/?share=pocket HTTP/1.1" 200 171767 "-" "Mozilla/5.0 (compatible; DotBot/1.2; +https://opensiteexplorer.org/dotbot; help@moz.com)"
184.94.212.206 - - [27/Apr/2026:12:16:37 +0000] "POST /wp-cron.php?doing_wp_cron=1777292197.0118350982666015625000 HTTP/1.1" 200 - "-" "WordPress/6.9.4; https://primemusicproductions.com"
192.0.85.167 - - [27/Apr/2026:12:16:35 +0000] "HEAD / HTTP/1.1" 200 - "-" "jetmon/1.0 (Jetpack Site Uptime Monitor by WordPress.com)"
184.94.212.206 - - [27/Apr/2026:12:18:20 +0000] "POST /wp-cron.php?doing_wp_cron=1777292300.0314350128173828125000 HTTP/1.1" 200 - "-" "WordPress/6.9.4; https://primemusicproductions.com"
104.198.68.113 - - [27/Apr/2026:12:18:18 +0000] "GET / HTTP/1.1" 200 51714 "-" "Go-http-client/1.1"
184.94.212.206 - - [27/Apr/2026:12:20:38 +0000] "POST /wp-cron.php?doing_wp_cron=1777292438.8296070098876953125000 HTTP/1.1" 200 - "-" "WordPress/6.9.4; https://primemusicproductions.com"
114.119.156.165 - - [27/Apr/2026:12:20:37 +0000] "GET /music-productions/want-to-rock-try-these-guitar-tips-and-tricks?share=pinterest HTTP/1.1" 302 - "https://primemusicproductions.com/music-productions/want-to-rock-try-these-guitar-tips-and-tricks?nonamp=1" "Mozilla/5.0 (Linux; Android 7.0;) AppleWebKit/537.36 (HTML, like Gecko) Mobile Safari/537.36 (compatible; PetalBot;+https://webmaster.petalsearch.com/site/petalbot)"
184.94.212.206 - - [27/Apr/2026:12:21:02 +0000] "POST /wp-cron.php?doing_wp_cron=1777292462.4542129039764404296875 HTTP/1.1" 200 - "-" "WordPress/6.9.4; https://primemusicproductions.com"
113.180.216.136 - - [27/Apr/2026:12:21:00 +0000] "GET /post-sitemap.xml HTTP/1.1" 200 3075 "-" "Mozilla/5.0 (Macintosh; Intel Mac OS X 15.2; rv:127.0) Gecko/20100101 Firefox/127.0"
14.183.45.33 - - [27/Apr/2026:12:21:26 +0000] "GET /image-sitemap-1.xml HTTP/1.1" 200 3672 "-" "Mozilla/5.0 (Macintosh; Intel Mac OS X 11.0; rv:136.0) Gecko/20100101 Firefox/136.0"
192.0.85.167 - - [27/Apr/2026:12:21:37 +0000] "HEAD / HTTP/1.1" 200 - "-" "jetmon/1.0 (Jetpack Site Uptime Monitor by WordPress.com)"
184.94.212.206 - - [27/Apr/2026:12:23:14 +0000] "POST /wp-cron.php?doing_wp_cron=1777292594.5759780406951904296875 HTTP/1.1" 200 - "-" "WordPress/6.9.4; https://primemusicproductions.com"
43.229.9.28 - - [27/Apr/2026:12:23:12 +0000] "GET /robots.txt HTTP/1.1" 200 153 "-" "Exabot"
43.229.9.28 - - [27/Apr/2026:12:23:16 +0000] "GET /robots.txt HTTP/1.1" 200 153 "-" "Exabot"
184.94.212.206 - - [27/Apr/2026:12:25:04 +0000] "POST /wp-cron.php?doing_wp_cron=1777292704.3493349552154541015625 HTTP/1.1" 200 - "-" "WordPress/6.9.4; https://primemusicproductions.com"
216.73.216.179 - - [27/Apr/2026:12:25:02 +0000] "GET /robots.txt HTTP/1.1" 200 153 "-" "Mozilla/5.0 AppleWebKit/537.36 (KHTML, like Gecko; compatible; ClaudeBot/1.0; +claudebot@anthropic.com)"
216.73.216.179 - - [27/Apr/2026:12:25:04 +0000] "GET /sitemap_index.xml HTTP/1.1" 200 358 "-" "Mozilla/5.0 AppleWebKit/537.36 (KHTML, like Gecko; compatible; ClaudeBot/1.0; +claudebot@anthropic.com)"
184.94.212.206 - - [27/Apr/2026:12:26:36 +0000] "POST /wp-cron.php?doing_wp_cron=1777292796.9549689292907714843750 HTTP/1.1" 200 - "-" "WordPress/6.9.4; https://primemusicproductions.com"
192.0.85.167 - - [27/Apr/2026:12:26:35 +0000] "HEAD / HTTP/1.1" 200 - "-" "jetmon/1.0 (Jetpack Site Uptime Monitor by WordPress.com)"
173.239.240.142 - - [27/Apr/2026:12:26:45 +0000] "POST /wp-login.php HTTP/1.1" 200 11795 "-" "Mozilla/5.0"
114.119.156.165 - - [27/Apr/2026:12:27:07 +0000] "GET /music-productions/want-to-rock-try-these-guitar-tips-and-tricks?share=linkedin HTTP/1.1" 302 - "https://primemusicproductions.com/music-productions/want-to-rock-try-these-guitar-tips-and-tricks?nonamp=1" "Mozilla/5.0 (Linux; Android 7.0;) AppleWebKit/537.36 (HTML, like Gecko) Mobile Safari/537.36 (compatible; PetalBot;+https://webmaster.petalsearch.com/site/petalbot)"
43.229.9.173 - - [27/Apr/2026:12:27:11 +0000] "GET /author/primemusicproductions/ HTTP/1.1" 200 51912 "-" "Mozilla/5.0 (Windows NT 10.0; Win64; x64) AppleWebKit/537.36 (KHTML, like Gecko) Chrome/139.0.0.0 Safari/537.36"
85.208.96.193 - - [27/Apr/2026:12:27:34 +0000] "GET /music-productions/unleashing-the-power-of-music-ai/attachment/the-promise-of-ai-music-generators-creating-studio-quality-music-with-a-click-of-a-button/ HTTP/1.1" 200 45293 "-" "Mozilla/5.0 (compatible; SemrushBot/7~bl; +http://www.semrush.com/bot.html)"
184.94.212.206 - - [27/Apr/2026:12:27:38 +0000] "POST /wp-cron.php?doing_wp_cron=1777292858.6921639442443847656250 HTTP/1.1" 200 - "-" "WordPress/6.9.4; https://primemusicproductions.com"
216.173.74.182 - - [27/Apr/2026:12:27:37 +0000] "GET /music-productions/learn-to-play-guitar-with-these-tips-straight-from-the-pros/ HTTP/1.1" 200 50162 "-" "Mozilla/5.0 (Macintosh; Intel Mac OS X 10_15_7) AppleWebKit/537.36 (KHTML, like Gecko) Chrome/139.0.0.0 Safari/537.36"
154.73.250.177 - - [27/Apr/2026:12:27:38 +0000] "GET /music-productions/learn-to-play-guitar-with-these-tips-straight-from-the-pros/ HTTP/1.1" 200 50162 "-" "Mozilla/5.0 (Macintosh; Intel Mac OS X 10_15_7) AppleWebKit/537.36 (KHTML, like Gecko) Chrome/142.0.0.0 Safari/537.36"
18.246.161.198 - - [27/Apr/2026:12:27:39 +0000] "GET /wp-json/oembed/1.0/embed?url=https%3A%2F%2Fprimemusicproductions.com%2Fmusic-productions%2Flearn-to-play-guitar-with-these-tips-straight-from-the-pros%2F&format=xml HTTP/1.1" 200 1470 "-" "axios/1.15.0"
44.243.173.151 - - [27/Apr/2026:12:27:40 +0000] "GET /wp-json/oembed/1.0/embed?url=https%3A%2F%2Fprimemusicproductions.com%2Fmusic-productions%2Flearn-to-play-guitar-with-these-tips-straight-from-the-pros%2F&format=xml HTTP/1.1" 200 1471 "-" "axios/1.15.0"
45.56.175.151 - - [27/Apr/2026:12:28:03 +0000] "GET /music-productions/techno-beat-maker/ HTTP/1.1" 200 52615 "-" "Mozilla/5.0 (Windows NT 10.0; Win64; x64) AppleWebKit/537.36 (KHTML, like Gecko) Chrome/139.0.0.0 Safari/537.36"
44.243.173.151 - - [27/Apr/2026:12:28:05 +0000] "GET /wp-json/oembed/1.0/embed?url=https%3A%2F%2Fprimemusicproductions.com%2Fmusic-productions%2Ftechno-beat-maker%2F&format=xml HTTP/1.1" 200 1435 "-" "axios/1.15.0"
67.227.14.181 - - [27/Apr/2026:12:28:29 +0000] "GET /music-productions/what-you-should-know-about-learning-the-guitar-2/ HTTP/1.1" 200 50208 "-" "Mozilla/5.0 (Windows NT 10.0; Win64; x64) AppleWebKit/537.36 (KHTML, like Gecko) Chrome/139.0.0.0 Safari/537.36"
34.210.123.12 - - [27/Apr/2026:12:28:31 +0000] "GET /wp-json/oembed/1.0/embed?url=https%3A%2F%2Fprimemusicproductions.com%2Fmusic-productions%2Fwhat-you-should-know-about-learning-the-guitar-2%2F&format=xml HTTP/1.1" 200 1454 "-" "axios/1.15.0"
216.73.216.179 - - [27/Apr/2026:12:28:49 +0000] "GET /sitemap.xml HTTP/1.1" 200 307 "-" "Mozilla/5.0 AppleWebKit/537.36 (KHTML, like Gecko; compatible; ClaudeBot/1.0; +claudebot@anthropic.com)"
82.23.235.12 - - [27/Apr/2026:12:28:57 +0000] "GET /music-productions/guitar-playing-and-how-you-can-succeed-at-it-2/ HTTP/1.1" 200 49495 "-" "Mozilla/5.0 (Macintosh; Intel Mac OS X 10_15_7) AppleWebKit/537.36 (KHTML, like Gecko) Chrome/139.0.0.0 Safari/537.36"
44.244.94.132 - - [27/Apr/2026:12:29:01 +0000] "GET /wp-json/oembed/1.0/embed?url=https%3A%2F%2Fprimemusicproductions.com%2Fmusic-productions%2Fguitar-playing-and-how-you-can-succeed-at-it-2%2F&format=xml HTTP/1.1" 200 1442 "-" "axios/1.15.0"
166.88.64.153 - - [27/Apr/2026:12:29:22 +0000] "GET /music-productions/are-you-new-to-the-guitar-try-these-tips-and-tricks/ HTTP/1.1" 200 52835 "-" "Mozilla/5.0 (Windows NT 10.0; Win64; x64) AppleWebKit/537.36 (KHTML, like Gecko) Chrome/137.0.0.0 Safari/537.36"
184.94.212.206 - - [27/Apr/2026:12:29:25 +0000] "POST /wp-cron.php?doing_wp_cron=1777292965.0997200012207031250000 HTTP/1.1" 200 - "-" "WordPress/6.9.4; https://primemusicproductions.com"
34.220.218.112 - - [27/Apr/2026:12:29:23 +0000] "GET /wp-json/oembed/1.0/embed?url=https%3A%2F%2Fprimemusicproductions.com%2Fmusic-productions%2Fare-you-new-to-the-guitar-try-these-tips-and-tricks%2F&format=xml HTTP/1.1" 200 1448 "-" "axios/1.15.0"
23.27.196.123 - - [27/Apr/2026:12:29:48 +0000] "GET /music-productions/when-you-need-comprehensive-data-on-learning-guitar-read-this/ HTTP/1.1" 200 49930 "-" "Mozilla/5.0 (Windows NT 10.0; Win64; x64) AppleWebKit/537.36 (KHTML, like Gecko) Chrome/139.0.0.0 Safari/537.36"
54.184.142.236 - - [27/Apr/2026:12:29:50 +0000] "GET /wp-json/oembed/1.0/embed?url=https%3A%2F%2Fprimemusicproductions.com%2Fmusic-productions%2Fwhen-you-need-comprehensive-data-on-learning-guitar-read-this%2F&format=xml HTTP/1.1" 200 1469 "-" "axios/1.15.0"
184.94.212.206 - - [27/Apr/2026:12:30:16 +0000] "POST /wp-cron.php?doing_wp_cron=1777293016.5124859809875488281250 HTTP/1.1" 200 - "-" "WordPress/6.9.4; https://primemusicproductions.com"
107.181.148.212 - - [27/Apr/2026:12:30:14 +0000] "GET /music-productions/top-tips-for-learning-to-play-guitar/ HTTP/1.1" 200 49777 "-" "Mozilla/5.0 (Macintosh; Intel Mac OS X 10_15_7) AppleWebKit/537.36 (KHTML, like Gecko) Chrome/139.0.0.0 Safari/537.36"
44.244.94.132 - - [27/Apr/2026:12:30:17 +0000] "GET /wp-json/oembed/1.0/embed?url=https%3A%2F%2Fprimemusicproductions.com%2Fmusic-productions%2Ftop-tips-for-learning-to-play-guitar%2F&format=xml HTTP/1.1" 200 1442 "-" "axios/1.15.0"
184.94.212.206 - - [27/Apr/2026:12:31:14 +0000] "POST /wp-cron.php?doing_wp_cron=1777293074.5013370513916015625000 HTTP/1.1" 200 - "-" "WordPress/6.9.4; https://primemusicproductions.com"
27.159.75.50 - - [27/Apr/2026:12:31:12 +0000] "GET / HTTP/1.1" 200 51725 "-" "Mozilla/5.0 (iPhone; CPU iPhone OS 14_6 like Mac OS X) AppleWebKit/605.1.15 (KHTML, like Gecko) Version/14.0.3 Mobile/15E148 Safari/604.1"
27.159.75.50 - - [27/Apr/2026:12:31:17 +0000] "GET / HTTP/1.1" 200 51723 "-" "Mozilla/5.0 (iPhone; CPU iPhone OS 14_6 like Mac OS X) AppleWebKit/605.1.15 (KHTML, like Gecko) Version/14.0.3 Mobile/15E148 Safari/604.1"
27.159.75.50 - - [27/Apr/2026:12:31:21 +0000] "GET /wp-includes/js/mediaelement/wp-mediaelement.min.css?ver=add92f4e98f9ce618741def37b23f2f1 HTTP/1.1" 200 1156 "https://primemusicproductions.com/" "Mozilla/5.0 (iPhone; CPU iPhone OS 14_6 like Mac OS X) AppleWebKit/605.1.15 (KHTML, like Gecko) Version/14.0.3 Mobile/15E148 Safari/604.1"
27.159.75.50 - - [27/Apr/2026:12:31:22 +0000] "GET /wp-includes/css/admin-bar.min.css?ver=add92f4e98f9ce618741def37b23f2f1 HTTP/1.1" 200 3861 "https://primemusicproductions.com/" "Mozilla/5.0 (iPhone; CPU iPhone OS 14_6 like Mac OS X) AppleWebKit/605.1.15 (KHTML, like Gecko) Version/14.0.3 Mobile/15E148 Safari/604.1"
27.159.75.50 - - [27/Apr/2026:12:31:22 +0000] "GET /wp-includes/css/dist/block-library/style.min.css?ver=add92f4e98f9ce618741def37b23f2f1 HTTP/1.1" 200 15916 "https://primemusicproductions.com/" "Mozilla/5.0 (iPhone; CPU iPhone OS 14_6 like Mac OS X) AppleWebKit/605.1.15 (KHTML, like Gecko) Version/14.0.3 Mobile/15E148 Safari/604.1"
27.159.75.50 - - [27/Apr/2026:12:31:22 +0000] "GET /wp-includes/js/mediaelement/mediaelementplayer-legacy.min.css?ver=4.2.17 HTTP/1.1" 200 2592 "https://primemusicproductions.com/" "Mozilla/5.0 (iPhone; CPU iPhone OS 14_6 like Mac OS X) AppleWebKit/605.1.15 (KHTML, like Gecko) Version/14.0.3 Mobile/15E148 Safari/604.1"
27.159.75.50 - - [27/Apr/2026:12:31:23 +0000] "GET /wp-content/plugins/wp-accessibility-helper/assets/css/wp-accessibility-helper.min.css?ver=0.5.9.4 HTTP/1.1" 200 2005 "https://primemusicproductions.com/" "Mozilla/5.0 (iPhone; CPU iPhone OS 14_6 like Mac OS X) AppleWebKit/605.1.15 (KHTML, like Gecko) Version/14.0.3 Mobile/15E148 Safari/604.1"
27.159.75.50 - - [27/Apr/2026:12:31:23 +0000] "GET /wp-content/plugins/jetpack/modules/infinite-scroll/infinity.css?ver=20140422 HTTP/1.1" 200 1532 "https://primemusicproductions.com/" "Mozilla/5.0 (iPhone; CPU iPhone OS 14_6 like Mac OS X) AppleWebKit/605.1.15 (KHTML, like Gecko) Version/14.0.3 Mobile/15E148 Safari/604.1"
27.159.75.50 - - [27/Apr/2026:12:31:23 +0000] "GET /wp-content/themes/flatmagazinews/style.css?ver=add92f4e98f9ce618741def37b23f2f1 HTTP/1.1" 200 9896 "https://primemusicproductions.com/" "Mozilla/5.0 (iPhone; CPU iPhone OS 14_6 like Mac OS X) AppleWebKit/605.1.15 (KHTML, like Gecko) Version/14.0.3 Mobile/15E148 Safari/604.1"
27.159.75.50 - - [27/Apr/2026:12:31:23 +0000] "GET /wp-content/themes/flatmagazinews/css/font-awesome.min.css?ver=add92f4e98f9ce618741def37b23f2f1 HTTP/1.1" 200 7053 "https://primemusicproductions.com/" "Mozilla/5.0 (iPhone; CPU iPhone OS 14_6 like Mac OS X) AppleWebKit/605.1.15 (KHTML, like Gecko) Version/14.0.3 Mobile/15E148 Safari/604.1"
27.159.75.50 - - [27/Apr/2026:12:31:23 +0000] "GET /wp-content/themes/modern-storytelling/style.css?ver=add92f4e98f9ce618741def37b23f2f1 HTTP/1.1" 200 9040 "https://primemusicproductions.com/" "Mozilla/5.0 (iPhone; CPU iPhone OS 14_6 like Mac OS X) AppleWebKit/605.1.15 (KHTML, like Gecko) Version/14.0.3 Mobile/15E148 Safari/604.1"
27.159.75.50 - - [27/Apr/2026:12:31:23 +0000] "GET /wp-content/plugins/jetpack/_inc/blocks/swiper.css?ver=15.7.1 HTTP/1.1" 200 2512 "https://primemusicproductions.com/" "Mozilla/5.0 (iPhone; CPU iPhone OS 14_6 like Mac OS X) AppleWebKit/605.1.15 (KHTML, like Gecko) Version/14.0.3 Mobile/15E148 Safari/604.1"
27.159.75.50 - - [27/Apr/2026:12:31:24 +0000] "GET /wp-content/plugins/jetpack/modules/tiled-gallery/tiled-gallery/tiled-gallery.css?ver=2023-08-21 HTTP/1.1" 200 909 "https://primemusicproductions.com/" "Mozilla/5.0 (iPhone; CPU iPhone OS 14_6 like Mac OS X) AppleWebKit/605.1.15 (KHTML, like Gecko) Version/14.0.3 Mobile/15E148 Safari/604.1"
27.159.75.50 - - [27/Apr/2026:12:31:24 +0000] "GET /wp-content/plugins/jetpack/modules/carousel/jetpack-carousel.css?ver=15.7.1 HTTP/1.1" 200 4331 "https://primemusicproductions.com/" "Mozilla/5.0 (iPhone; CPU iPhone OS 14_6 like Mac OS X) AppleWebKit/605.1.15 (KHTML, like Gecko) Version/14.0.3 Mobile/15E148 Safari/604.1"
27.159.75.50 - - [27/Apr/2026:12:31:24 +0000] "GET /wp-includes/css/dashicons.min.css?ver=add92f4e98f9ce618741def37b23f2f1 HTTP/1.1" 200 35721 "https://primemusicproductions.com/" "Mozilla/5.0 (iPhone; CPU iPhone OS 14_6 like Mac OS X) AppleWebKit/605.1.15 (KHTML, like Gecko) Version/14.0.3 Mobile/15E148 Safari/604.1"
27.159.75.50 - - [27/Apr/2026:12:31:24 +0000] "GET /wp-includes/js/jquery/jquery.min.js?ver=3.7.1 HTTP/1.1" 200 30368 "https://primemusicproductions.com/" "Mozilla/5.0 (iPhone; CPU iPhone OS 14_6 like Mac OS X) AppleWebKit/605.1.15 (KHTML, like Gecko) Version/14.0.3 Mobile/15E148 Safari/604.1"
27.159.75.50 - - [27/Apr/2026:12:31:24 +0000] "GET /wp-includes/js/jquery/jquery-migrate.min.js?ver=3.4.1 HTTP/1.1" 200 4872 "https://primemusicproductions.com/" "Mozilla/5.0 (iPhone; CPU iPhone OS 14_6 like Mac OS X) AppleWebKit/605.1.15 (KHTML, like Gecko) Version/14.0.3 Mobile/15E148 Safari/604.1"
27.159.75.50 - - [27/Apr/2026:12:31:24 +0000] "GET /wp-content/plugins/jetpack/modules/widgets/eu-cookie-law/style.css?ver=15.7.1 HTTP/1.1" 200 877 "https://primemusicproductions.com/" "Mozilla/5.0 (iPhone; CPU iPhone OS 14_6 like Mac OS X) AppleWebKit/605.1.15 (KHTML, like Gecko) Version/14.0.3 Mobile/15E148 Safari/604.1"
27.159.75.50 - - [27/Apr/2026:12:31:24 +0000] "GET /wp-content/plugins/jetpack/_inc/build/infinite-scroll/infinity.min.js?ver=15.7.1-is5.0.1 HTTP/1.1" 200 4058 "https://primemusicproductions.com/" "Mozilla/5.0 (iPhone; CPU iPhone OS 14_6 like Mac OS X) AppleWebKit/605.1.15 (KHTML, like Gecko) Version/14.0.3 Mobile/15E148 Safari/604.1"
27.159.75.50 - - [27/Apr/2026:12:31:24 +0000] "GET /wp-content/plugins/wp-accessibility-helper/assets/js/wp-accessibility-helper.min.js?ver=1.0.0 HTTP/1.1" 200 2661 "https://primemusicproductions.com/" "Mozilla/5.0 (iPhone; CPU iPhone OS 14_6 like Mac OS X) AppleWebKit/605.1.15 (KHTML, like Gecko) Version/14.0.3 Mobile/15E148 Safari/604.1"
27.159.75.50 - - [27/Apr/2026:12:31:25 +0000] "GET /wp-content/themes/flatmagazinews/js/navigation.js?ver=20170823 HTTP/1.1" 200 1094 "https://primemusicproductions.com/" "Mozilla/5.0 (iPhone; CPU iPhone OS 14_6 like Mac OS X) AppleWebKit/605.1.15 (KHTML, like Gecko) Version/14.0.3 Mobile/15E148 Safari/604.1"
27.159.75.50 - - [27/Apr/2026:12:31:25 +0000] "GET /wp-content/themes/flatmagazinews/js/skip-link-focus-fix.js?ver=20170823 HTTP/1.1" 200 417 "https://primemusicproductions.com/" "Mozilla/5.0 (iPhone; CPU iPhone OS 14_6 like Mac OS X) AppleWebKit/605.1.15 (KHTML, like Gecko) Version/14.0.3 Mobile/15E148 Safari/604.1"
27.159.75.50 - - [27/Apr/2026:12:31:25 +0000] "GET /wp-content/themes/flatmagazinews/js/script.js?ver=20160720 HTTP/1.1" 200 1118 "https://primemusicproductions.com/" "Mozilla/5.0 (iPhone; CPU iPhone OS 14_6 like Mac OS X) AppleWebKit/605.1.15 (KHTML, like Gecko) Version/14.0.3 Mobile/15E148 Safari/604.1"
27.159.75.50 - - [27/Apr/2026:12:31:25 +0000] "GET /wp-content/themes/flatmagazinews/js/accessibility.js?ver=20160720 HTTP/1.1" 200 534 "https://primemusicproductions.com/" "Mozilla/5.0 (iPhone; CPU iPhone OS 14_6 like Mac OS X) AppleWebKit/605.1.15 (KHTML, like Gecko) Version/14.0.3 Mobile/15E148 Safari/604.1"
27.159.75.50 - - [27/Apr/2026:12:31:25 +0000] "GET /wp-content/plugins/jetpack/_inc/build/tiled-gallery/tiled-gallery/tiled-gallery.min.js?ver=15.7.1 HTTP/1.1" 200 1070 "https://primemusicproductions.com/" "Mozilla/5.0 (iPhone; CPU iPhone OS 14_6 like Mac OS X) AppleWebKit/605.1.15 (KHTML, like Gecko) Version/14.0.3 Mobile/15E148 Safari/604.1"
27.159.75.50 - - [27/Apr/2026:12:31:25 +0000] "GET /wp-content/plugins/google-site-kit/dist/assets/js/googlesitekit-consent-mode-bc2e26cfa69fcd4a8261.js HTTP/1.1" 200 25395 "https://primemusicproductions.com/" "Mozilla/5.0 (iPhone; CPU iPhone OS 14_6 like Mac OS X) AppleWebKit/605.1.15 (KHTML, like Gecko) Version/14.0.3 Mobile/15E148 Safari/604.1"
27.159.75.50 - - [27/Apr/2026:12:31:26 +0000] "GET /wp-content/plugins/jetpack/_inc/build/carousel/jetpack-carousel.min.js?ver=15.7.1 HTTP/1.1" 200 7649 "https://primemusicproductions.com/" "Mozilla/5.0 (iPhone; CPU iPhone OS 14_6 like Mac OS X) AppleWebKit/605.1.15 (KHTML, like Gecko) Version/14.0.3 Mobile/15E148 Safari/604.1"
27.159.75.50 - - [27/Apr/2026:12:31:26 +0000] "GET /wp-includes/js/mediaelement/mediaelement-and-player.min.js?ver=4.2.17 HTTP/1.1" 200 38789 "https://primemusicproductions.com/" "Mozilla/5.0 (iPhone; CPU iPhone OS 14_6 like Mac OS X) AppleWebKit/605.1.15 (KHTML, like Gecko) Version/14.0.3 Mobile/15E148 Safari/604.1"
27.159.75.50 - - [27/Apr/2026:12:31:26 +0000] "GET /wp-includes/js/mediaelement/mediaelement-migrate.min.js?ver=add92f4e98f9ce618741def37b23f2f1 HTTP/1.1" 200 540 "https://primemusicproductions.com/" "Mozilla/5.0 (iPhone; CPU iPhone OS 14_6 like Mac OS X) AppleWebKit/605.1.15 (KHTML, like Gecko) Version/14.0.3 Mobile/15E148 Safari/604.1"
27.159.75.50 - - [27/Apr/2026:12:31:26 +0000] "GET /wp-includes/js/mediaelement/wp-mediaelement.min.js?ver=add92f4e98f9ce618741def37b23f2f1 HTTP/1.1" 200 538 "https://primemusicproductions.com/" "Mozilla/5.0 (iPhone; CPU iPhone OS 14_6 like Mac OS X) AppleWebKit/605.1.15 (KHTML, like Gecko) Version/14.0.3 Mobile/15E148 Safari/604.1"
27.159.75.50 - - [27/Apr/2026:12:31:26 +0000] "GET /wp-includes/js/mediaelement/renderers/vimeo.min.js?ver=4.2.17 HTTP/1.1" 200 2284 "https://primemusicproductions.com/" "Mozilla/5.0 (iPhone; CPU iPhone OS 14_6 like Mac OS X) AppleWebKit/605.1.15 (KHTML, like Gecko) Version/14.0.3 Mobile/15E148 Safari/604.1"
27.159.75.50 - - [27/Apr/2026:12:31:26 +0000] "GET /wp-content/plugins/jetpack/_inc/build/widgets/eu-cookie-law/eu-cookie-law.min.js?ver=20180522 HTTP/1.1" 200 659 "https://primemusicproductions.com/" "Mozilla/5.0 (iPhone; CPU iPhone OS 14_6 like Mac OS X) AppleWebKit/605.1.15 (KHTML, like Gecko) Version/14.0.3 Mobile/15E148 Safari/604.1"
27.159.75.50 - - [27/Apr/2026:12:31:26 +0000] "GET /wp-content/plugins/wp-consent-api/assets/js/wp-consent-api.min.js?ver=2.0.1 HTTP/1.1" 200 822 "https://primemusicproductions.com/" "Mozilla/5.0 (iPhone; CPU iPhone OS 14_6 like Mac OS X) AppleWebKit/605.1.15 (KHTML, like Gecko) Version/14.0.3 Mobile/15E148 Safari/604.1"
27.159.75.50 - - [27/Apr/2026:12:31:27 +0000] "GET /wp-content/plugins/wp-accessibility-helper/assets/images/accessibility-48.jpg HTTP/1.1" 200 1581 "https://primemusicproductions.com/" "Mozilla/5.0 (iPhone; CPU iPhone OS 14_6 like Mac OS X) AppleWebKit/605.1.15 (KHTML, like Gecko) Version/14.0.3 Mobile/15E148 Safari/604.1"
27.159.75.50 - - [27/Apr/2026:12:31:27 +0000] "GET /wp-content/themes/flatmagazinews/fonts/fontawesome-webfont.woff2?v=4.7.0 HTTP/1.1" 200 77160 "https://primemusicproductions.com/wp-content/themes/flatmagazinews/css/font-awesome.min.css?ver=add92f4e98f9ce618741def37b23f2f1" "Mozilla/5.0 (iPhone; CPU iPhone OS 14_6 like Mac OS X) AppleWebKit/605.1.15 (KHTML, like Gecko) Version/14.0.3 Mobile/15E148 Safari/604.1"
192.0.85.167 - - [27/Apr/2026:12:31:35 +0000] "HEAD / HTTP/1.1" 200 - "-" "jetmon/1.0 (Jetpack Site Uptime Monitor by WordPress.com)"
173.252.82.25 - - [27/Apr/2026:12:31:39 +0000] "GET /robots.txt HTTP/1.1" 301 - "-" "facebookexternalhit/1.1 (+http://www.facebook.com/externalhit_uatext.php)"
173.252.82.25 - - [27/Apr/2026:12:31:40 +0000] "GET /robots.txt HTTP/1.1" 200 298 "-" "facebookexternalhit/1.1 (+http://www.facebook.com/externalhit_uatext.php)"
27.159.75.50 - - [27/Apr/2026:12:31:27 +0000] "GET /wp-content/uploads/cropped-beat_maker-1.jpg HTTP/1.1" 200 206333 "https://primemusicproductions.com/" "Mozilla/5.0 (iPhone; CPU iPhone OS 14_6 like Mac OS X) AppleWebKit/605.1.15 (KHTML, like Gecko) Version/14.0.3 Mobile/15E148 Safari/604.1"
27.159.75.50 - - [27/Apr/2026:12:32:54 +0000] "GET /wp-includes/js/wp-emoji-release.min.js?ver=add92f4e98f9ce618741def37b23f2f1 HTTP/1.1" 200 5375 "https://primemusicproductions.com/" "Mozilla/5.0 (iPhone; CPU iPhone OS 14_6 like Mac OS X) AppleWebKit/605.1.15 (KHTML, like Gecko) Version/14.0.3 Mobile/15E148 Safari/604.1"
27.159.75.50 - - [27/Apr/2026:12:32:56 +0000] "GET /wp-includes/js/mediaelement/mejs-controls.svg HTTP/1.1" 200 1413 "https://primemusicproductions.com/wp-includes/js/mediaelement/mediaelementplayer-legacy.min.css?ver=4.2.17" "Mozilla/5.0 (iPhone; CPU iPhone OS 14_6 like Mac OS X) AppleWebKit/605.1.15 (KHTML, like Gecko) Version/14.0.3 Mobile/15E148 Safari/604.1"
184.94.212.206 - - [27/Apr/2026:12:33:16 +0000] "POST /wp-cron.php?doing_wp_cron=1777293196.0243430137634277343750 HTTP/1.1" 200 - "-" "WordPress/6.9.4; https://primemusicproductions.com"
66.249.92.33 - - [27/Apr/2026:12:33:14 +0000] "GET / HTTP/1.1" 200 51714 "-" "Mediapartners-Google"
66.249.66.33 - - [27/Apr/2026:12:33:17 +0000] "GET /wp-content/plugins/jetpack/modules/infinite-scroll/infinity.css?ver=20140422 HTTP/1.1" 200 1532 "https://primemusicproductions.com/" "Mediapartners-Google"
66.249.66.66 - - [27/Apr/2026:12:33:19 +0000] "GET /wp-content/themes/flatmagazinews/js/skip-link-focus-fix.js?ver=20170823 HTTP/1.1" 200 417 "https://primemusicproductions.com/" "Mediapartners-Google"
114.119.150.168 - - [27/Apr/2026:12:33:22 +0000] "GET /music-productions/want-to-rock-try-these-guitar-tips-and-tricks?nonamp=1&noamp=mobile HTTP/1.1" 301 - "https://primemusicproductions.com/music-productions/want-to-rock-try-these-guitar-tips-and-tricks?nonamp=1&amp" "Mozilla/5.0 (Linux; Android 7.0;) AppleWebKit/537.36 (HTML, like Gecko) Mobile Safari/537.36 (compatible; PetalBot;+https://webmaster.petalsearch.com/site/petalbot)"
114.119.150.168 - - [27/Apr/2026:12:33:23 +0000] "GET /music-productions/want-to-rock-try-these-guitar-tips-and-tricks/?nonamp=1&noamp=mobile HTTP/1.1" 200 49226 "https://primemusicproductions.com/music-productions/want-to-rock-try-these-guitar-tips-and-tricks?nonamp=1&amp" "Mozilla/5.0 (Linux; Android 7.0;) AppleWebKit/537.36 (HTML, like Gecko) Mobile Safari/537.36 (compatible; PetalBot;+https://webmaster.petalsearch.com/site/petalbot)"
27.159.75.50 - - [27/Apr/2026:12:33:31 +0000] "GET / HTTP/1.1" 200 51724 "-" "Mozilla/5.0 (iPhone; CPU iPhone OS 14_6 like Mac OS X) AppleWebKit/605.1.15 (KHTML, like Gecko) Version/14.0.3 Mobile/15E148 Safari/604.1"
66.249.74.32 - - [27/Apr/2026:12:34:21 +0000] "GET /robots.txt HTTP/1.1" 301 - "-" "Mozilla/5.0 (compatible; Googlebot/2.1; +http://www.google.com/bot.html)"
184.94.212.206 - - [27/Apr/2026:12:34:25 +0000] "POST /wp-cron.php?doing_wp_cron=1777293265.2667410373687744140625 HTTP/1.1" 200 - "-" "WordPress/6.9.4; https://primemusicproductions.com"
66.249.66.34 - - [27/Apr/2026:12:34:23 +0000] "GET /robots.txt HTTP/1.1" 200 153 "-" "Mozilla/5.0 (compatible; Googlebot/2.1; +http://www.google.com/bot.html)"
184.94.212.206 - - [27/Apr/2026:12:35:09 +0000] "POST /wp-cron.php?doing_wp_cron=1777293309.1831459999084472656250 HTTP/1.1" 200 - "-" "WordPress/6.9.4; https://primemusicproductions.com"
216.73.216.179 - - [27/Apr/2026:12:35:07 +0000] "GET /news-sitemap.xml HTTP/1.1" 200 317 "-" "Mozilla/5.0 AppleWebKit/537.36 (KHTML, like Gecko; compatible; ClaudeBot/1.0; +claudebot@anthropic.com)"
27.159.75.50 - - [27/Apr/2026:12:35:16 +0000] "GET /page/2/ HTTP/1.1" 200 51003 "https://primemusicproductions.com/" "Mozilla/5.0 (iPhone; CPU iPhone OS 14_6 like Mac OS X) AppleWebKit/605.1.15 (KHTML, like Gecko) Version/14.0.3 Mobile/15E148 Safari/604.1"
184.94.212.206 - - [27/Apr/2026:12:35:54 +0000] "POST /wp-cron.php?doing_wp_cron=1777293354.9037249088287353515625 HTTP/1.1" 200 - "-" "WordPress/6.9.4; https://primemusicproductions.com"
54.39.136.119 - - [27/Apr/2026:12:35:51 +0000] "GET /robots.txt HTTP/1.1" 200 153 "-" "Mozilla/5.0 (compatible; AhrefsBot/7.0; +http://ahrefs.com/robot/)"
142.44.233.151 - - [27/Apr/2026:12:35:56 +0000] "GET /site-map/ HTTP/1.1" 200 45511 "-" "Mozilla/5.0 (compatible; AhrefsBot/7.0; +http://ahrefs.com/robot/)"
192.0.85.167 - - [27/Apr/2026:12:36:35 +0000] "HEAD / HTTP/1.1" 200 - "-" "jetmon/1.0 (Jetpack Site Uptime Monitor by WordPress.com)"
146.19.125.71 - - [27/Apr/2026:12:36:35 +0000] "GET / HTTP/1.0" 200 175592 "https://primemusicproductions.com/" "Mozilla/5.0 (Windows NT 10.0; Win64; x64) AppleWebKit/537.36 (KHTML, like Gecko) Chrome/131.0.0.0 Safari/537.36"
146.19.125.71 - - [27/Apr/2026:12:36:39 +0000] "GET /wp-login.php?action=register HTTP/1.0" 200 8699 "https://primemusicproductions.com/wp-login.php?action=register" "Mozilla/5.0 (Windows NT 10.0; Win64; x64) AppleWebKit/537.36 (KHTML, like Gecko) Chrome/131.0.0.0 Safari/537.36"
146.19.125.71 - - [27/Apr/2026:12:36:42 +0000] "POST /wp-login.php?action=register HTTP/1.0" 302 - "https://primemusicproductions.com/wp-login.php?action=register" "Mozilla/5.0 (Windows NT 10.0; Win64; x64) AppleWebKit/537.36 (KHTML, like Gecko) Chrome/131.0.0.0 Safari/537.36"
184.94.212.206 - - [27/Apr/2026:12:36:48 +0000] "GET /wp-json/jetpack/v4/sync/spawn-sync?time=1777293408&request_lock_id=282db6d0-47b3-4bf0-a1b2-b574fd678562 HTTP/1.1" 200 37 "-" "WordPress/6.9.4; https://primemusicproductions.com"
146.19.125.71 - - [27/Apr/2026:12:36:50 +0000] "GET /wp-login.php?checkemail=registered HTTP/1.0" 200 7511 "https://primemusicproductions.com/wp-login.php?checkemail=registered" "Mozilla/5.0 (Windows NT 10.0; Win64; x64) AppleWebKit/537.36 (KHTML, like Gecko) Chrome/131.0.0.0 Safari/537.36"
184.94.212.206 - - [27/Apr/2026:12:38:56 +0000] "POST /wp-cron.php?doing_wp_cron=1777293536.2312750816345214843750 HTTP/1.1" 200 - "-" "WordPress/6.9.4; https://primemusicproductions.com"
114.119.128.56 - - [27/Apr/2026:12:38:54 +0000] "GET /music-productions/want-to-rock-try-these-guitar-tips-and-tricks?noamp=mobile HTTP/1.1" 301 - "https://primemusicproductions.com/music-productions/want-to-rock-try-these-guitar-tips-and-tricks?amp" "Mozilla/5.0 (Linux; Android 7.0;) AppleWebKit/537.36 (HTML, like Gecko) Mobile Safari/537.36 (compatible; PetalBot;+https://webmaster.petalsearch.com/site/petalbot)"
114.119.128.56 - - [27/Apr/2026:12:38:56 +0000] "GET /music-productions/want-to-rock-try-these-guitar-tips-and-tricks/?noamp=mobile HTTP/1.1" 200 49226 "https://primemusicproductions.com/music-productions/want-to-rock-try-these-guitar-tips-and-tricks?amp" "Mozilla/5.0 (Linux; Android 7.0;) AppleWebKit/537.36 (HTML, like Gecko) Mobile Safari/537.36 (compatible; PetalBot;+https://webmaster.petalsearch.com/site/petalbot)"
184.94.212.206 - - [27/Apr/2026:12:41:05 +0000] "POST /wp-cron.php?doing_wp_cron=1777293665.3683409690856933593750 HTTP/1.1" 200 - "-" "WordPress/6.9.4; https://primemusicproductions.com"
173.239.240.129 - - [27/Apr/2026:12:41:03 +0000] "POST /wp-login.php HTTP/1.1" 401 3424 "-" "Mozilla/5.0"
145.223.131.91 - - [27/Apr/2026:12:41:13 +0000] "GET /tag/when-downloading-music/?noamp=mobile HTTP/1.1" 200 48136 "-" "Mozilla/5.0 (Macintosh; Intel Mac OS X 10_15_7) AppleWebKit/537.36 (KHTML, like Gecko) Chrome/120.0.0.0 Safari/537.36"
146.174.163.103 - - [27/Apr/2026:12:41:21 +0000] "GET /sitemap-1.xml HTTP/1.1" 200 2336 "-" "Mozilla/5.0 (Macintosh; Intel Mac OS X 15_1_0) AppleWebKit/537.36 (KHTML, like Gecko) Chrome/129.0.6668.100 Safari/537.36"
192.0.85.167 - - [27/Apr/2026:12:41:33 +0000] "HEAD / HTTP/1.1" 200 - "-" "jetmon/1.0 (Jetpack Site Uptime Monitor by WordPress.com)"
184.94.212.206 - - [27/Apr/2026:12:44:50 +0000] "POST /wp-cron.php?doing_wp_cron=1777293890.5087909698486328125000 HTTP/1.1" 200 - "-" "WordPress/6.9.4; https://primemusicproductions.com"
77.75.77.62 - - [27/Apr/2026:12:44:45 +0000] "GET /tag/enjoy-playing/ HTTP/1.1" 200 48121 "-" "Mozilla/5.0 (compatible; SeznamBot/4.0; +https://o-seznam.cz/napoveda/vyhledavani/en/seznambot-crawler/)"
114.119.139.1 - - [27/Apr/2026:12:44:52 +0000] "GET /music-productions/want-to-rock-try-these-guitar-tips-and-tricks?amp HTTP/1.1" 301 - "https://primemusicproductions.com/music-productions/how-to-learn-guitar-some-tips-for-success?amp=1" "Mozilla/5.0 (Linux; Android 7.0;) AppleWebKit/537.36 (HTML, like Gecko) Mobile Safari/537.36 (compatible; PetalBot;+https://webmaster.petalsearch.com/site/petalbot)"
114.119.139.1 - - [27/Apr/2026:12:44:54 +0000] "GET /music-productions/want-to-rock-try-these-guitar-tips-and-tricks/?amp HTTP/1.1" 200 49226 "https://primemusicproductions.com/music-productions/how-to-learn-guitar-some-tips-for-success?amp=1" "Mozilla/5.0 (Linux; Android 7.0;) AppleWebKit/537.36 (HTML, like Gecko) Mobile Safari/537.36 (compatible; PetalBot;+https://webmaster.petalsearch.com/site/petalbot)"
184.94.212.206 - - [27/Apr/2026:12:46:35 +0000] "POST /wp-cron.php?doing_wp_cron=1777293995.2537019252777099609375 HTTP/1.1" 200 - "-" "WordPress/6.9.4; https://primemusicproductions.com"
192.0.85.167 - - [27/Apr/2026:12:46:33 +0000] "HEAD / HTTP/1.1" 200 - "-" "jetmon/1.0 (Jetpack Site Uptime Monitor by WordPress.com)"
184.94.212.206 - - [27/Apr/2026:12:48:02 +0000] "POST /wp-cron.php?doing_wp_cron=1777294082.9427130222320556640625 HTTP/1.1" 200 - "-" "WordPress/6.9.4; https://primemusicproductions.com"
187.230.192.51 - - [27/Apr/2026:12:48:00 +0000] "GET /music-productions/play-like-a-pro-with-these-guitar-tips/?share=pocket HTTP/1.1" 200 49545 "-" "Mozilla/5.0 (compatible; MSIE 5.0; Windows NT 4.0; Trident/4.1)"
184.94.212.206 - - [27/Apr/2026:12:49:20 +0000] "POST /wp-cron.php?doing_wp_cron=1777294160.3494369983673095703125 HTTP/1.1" 200 - "-" "WordPress/6.9.4; https://primemusicproductions.com"
43.167.239.66 - - [27/Apr/2026:12:49:18 +0000] "GET / HTTP/1.1" 200 51723 "http://primemusicproductions.com" "Mozilla/5.0 (iPhone; CPU iPhone OS 13_2_3 like Mac OS X) AppleWebKit/605.1.15 (KHTML, like Gecko) Version/13.0.3 Mobile/15E148 Safari/604.1"
184.94.212.206 - - [27/Apr/2026:12:49:36 +0000] "POST /wp-cron.php?doing_wp_cron=1777294176.0057420730590820312500 HTTP/1.1" 200 - "-" "WordPress/6.9.4; https://primemusicproductions.com"
202.76.169.55 - - [27/Apr/2026:12:49:34 +0000] "GET /category-sitemap.xml HTTP/1.1" 200 405 "-" "Mozilla/5.0 (Macintosh; Intel Mac OS X 12_6_0) AppleWebKit/537.36 (KHTML, like Gecko) Chrome/129.0.6668.58 Safari/537.36"
184.94.212.206 - - [27/Apr/2026:12:50:58 +0000] "POST /wp-cron.php?doing_wp_cron=1777294258.6868729591369628906250 HTTP/1.1" 200 - "-" "WordPress/6.9.4; https://primemusicproductions.com"
114.119.128.127 - - [27/Apr/2026:12:50:56 +0000] "GET /music-productions/want-to-rock-try-these-guitar-tips-and-tricks/?share=twitter&amp HTTP/1.1" 302 - "https://primemusicproductions.com/music-productions/want-to-rock-try-these-guitar-tips-and-tricks?nonamp=1&amp" "Mozilla/5.0 (Linux; Android 7.0;) AppleWebKit/537.36 (HTML, like Gecko) Mobile Safari/537.36 (compatible; PetalBot;+https://webmaster.petalsearch.com/site/petalbot)"
192.0.85.167 - - [27/Apr/2026:12:51:33 +0000] "HEAD / HTTP/1.1" 200 - "-" "jetmon/1.0 (Jetpack Site Uptime Monitor by WordPress.com)"
184.94.212.206 - - [27/Apr/2026:12:53:33 +0000] "POST /wp-cron.php?doing_wp_cron=1777294413.5822699069976806640625 HTTP/1.1" 200 - "-" "WordPress/6.9.4; https://primemusicproductions.com"
49.36.136.153 - - [27/Apr/2026:12:53:31 +0000] "GET /music-productions/guitars-and-how-to-learn-to-play-one-well-2/?share=facebook HTTP/1.1" 302 - "-" "Opera/9.93.(X11; Linux x86_64; bo-CN) Presto/2.9.174 Version/10.00"
52.4.238.8 - - [27/Apr/2026:12:53:36 +0000] "GET /music-productions/learn-to-play-guitar-with-these-tips-straight-from-the-pros/ HTTP/1.1" 200 50159 "-" "Mozilla/5.0 AppleWebKit/537.36 (KHTML, like Gecko; compatible; Amazonbot/0.1; +https://developer.amazon.com/support/amazonbot) Chrome/119.0.6045.214 Safari/537.36"
3.94.156.104 - - [27/Apr/2026:12:53:42 +0000] "GET /music-productions/guitar-playing-is-easy-if-you-learn-a-few-things-first/ HTTP/1.1" 200 49375 "-" "Mozilla/5.0 AppleWebKit/537.36 (KHTML, like Gecko; compatible; Amazonbot/0.1; +https://developer.amazon.com/support/amazonbot) Chrome/119.0.6045.214 Safari/537.36"
184.94.212.206 - - [27/Apr/2026:12:54:39 +0000] "POST /wp-cron.php?doing_wp_cron=1777294479.2283940315246582031250 HTTP/1.1" 200 - "-" "WordPress/6.9.4; https://primemusicproductions.com"
173.239.240.130 - - [27/Apr/2026:12:54:36 +0000] "POST /wp-login.php HTTP/1.1" 401 3424 "-" "Mozilla/5.0"
184.94.212.206 - - [27/Apr/2026:12:56:35 +0000] "POST /wp-cron.php?doing_wp_cron=1777294595.9217460155487060546875 HTTP/1.1" 200 - "-" "WordPress/6.9.4; https://primemusicproductions.com"
192.0.85.167 - - [27/Apr/2026:12:56:34 +0000] "HEAD / HTTP/1.1" 200 - "-" "jetmon/1.0 (Jetpack Site Uptime Monitor by WordPress.com)"
114.119.150.168 - - [27/Apr/2026:12:56:57 +0000] "GET /music-productions/want-to-rock-try-these-guitar-tips-and-tricks/?share=pinterest&amp HTTP/1.1" 302 - "https://primemusicproductions.com/music-productions/want-to-rock-try-these-guitar-tips-and-tricks?nonamp=1&amp" "Mozilla/5.0 (Linux; Android 7.0;) AppleWebKit/537.36 (HTML, like Gecko) Mobile Safari/537.36 (compatible; PetalBot;+https://webmaster.petalsearch.com/site/petalbot)"
184.94.212.206 - - [27/Apr/2026:12:58:05 +0000] "POST /wp-cron.php?doing_wp_cron=1777294685.2907938957214355468750 HTTP/1.1" 200 - "-" "WordPress/6.9.4; https://primemusicproductions.com"
66.249.66.192 - - [27/Apr/2026:12:58:03 +0000] "GET /music-productions/guitars-and-how-to-learn-to-play-one-well/ HTTP/1.1" 200 49885 "-" "Mozilla/5.0 (compatible; Googlebot/2.1; +http://www.google.com/bot.html)"
77.75.77.62 - - [27/Apr/2026:12:58:47 +0000] "GET /about-us/ HTTP/1.1" 200 47124 "-" "Mozilla/5.0 (compatible; SeznamBot/4.0; +https://o-seznam.cz/napoveda/vyhledavani/en/seznambot-crawler/)"
184.94.212.206 - - [27/Apr/2026:13:00:24 +0000] "POST /wp-cron.php?doing_wp_cron=1777294824.0593960285186767578125 HTTP/1.1" 200 - "-" "WordPress/6.9.4; https://primemusicproductions.com"
102.129.223.92 - - [27/Apr/2026:13:00:21 +0000] "GET / HTTP/1.1" 200 51716 "http://primemusicproductions.com" "Mozilla/5.0 (Windows NT 10.0; WOW64) AppleWebKit/537.36 (KHTML, like Gecko) Chrome/114.0.0.0 Safari/537.36 Vivaldi/5.3.2679.68"
102.129.223.92 - - [27/Apr/2026:13:00:25 +0000] "GET /contact/ HTTP/1.1" 200 45868 "http://primemusicproductions.com" "Mozilla/5.0 (Windows NT 10.0; WOW64) AppleWebKit/537.36 (KHTML, like Gecko) Chrome/114.0.0.0 Safari/537.36 Vivaldi/5.3.2679.68"
102.129.223.92 - - [27/Apr/2026:13:00:28 +0000] "GET /music-productions/unleashing-the-power-of-music-ai/attachment/unleashing-the-power-of-music-ai-1-resized-2/ HTTP/1.1" 200 45283 "http://primemusicproductions.com" "Mozilla/5.0 (Windows NT 10.0; WOW64) AppleWebKit/537.36 (KHTML, like Gecko) Chrome/114.0.0.0 Safari/537.36 Vivaldi/5.3.2679.68"
102.129.223.92 - - [27/Apr/2026:13:00:31 +0000] "GET /wp-login.php?action=googlesitekit_auth HTTP/1.1" 200 3567 "http://primemusicproductions.com" "Mozilla/5.0 (Windows NT 10.0; WOW64) AppleWebKit/537.36 (KHTML, like Gecko) Chrome/114.0.0.0 Safari/537.36 Vivaldi/5.3.2679.68"
184.94.212.206 - - [27/Apr/2026:13:01:37 +0000] "POST /wp-cron.php?doing_wp_cron=1777294897.9304969310760498046875 HTTP/1.1" 200 - "-" "WordPress/6.9.4; https://primemusicproductions.com"
192.0.85.167 - - [27/Apr/2026:13:01:35 +0000] "HEAD / HTTP/1.1" 200 - "-" "jetmon/1.0 (Jetpack Site Uptime Monitor by WordPress.com)"
184.94.212.206 - - [27/Apr/2026:13:03:04 +0000] "POST /wp-cron.php?doing_wp_cron=1777294984.5774810314178466796875 HTTP/1.1" 200 - "-" "WordPress/6.9.4; https://primemusicproductions.com"
114.119.128.56 - - [27/Apr/2026:13:03:02 +0000] "GET /music-productions/want-to-rock-try-these-guitar-tips-and-tricks/?share=pinterest HTTP/1.1" 302 - "https://primemusicproductions.com/music-productions/want-to-rock-try-these-guitar-tips-and-tricks?noamp=mobile" "Mozilla/5.0 (Linux; Android 7.0;) AppleWebKit/537.36 (HTML, like Gecko) Mobile Safari/537.36 (compatible; PetalBot;+https://webmaster.petalsearch.com/site/petalbot)"
184.94.212.206 - - [27/Apr/2026:13:06:43 +0000] "POST /wp-cron.php?doing_wp_cron=1777295203.1508979797363281250000 HTTP/1.1" 200 - "-" "WordPress/6.9.4; https://primemusicproductions.com"
192.0.85.167 - - [27/Apr/2026:13:06:41 +0000] "HEAD / HTTP/1.1" 200 - "-" "jetmon/1.0 (Jetpack Site Uptime Monitor by WordPress.com)"
184.94.212.206 - - [27/Apr/2026:13:09:11 +0000] "POST /wp-cron.php?doing_wp_cron=1777295351.7281429767608642578125 HTTP/1.1" 200 - "-" "WordPress/6.9.4; https://primemusicproductions.com"
114.119.128.127 - - [27/Apr/2026:13:09:09 +0000] "GET /music-productions/want-to-rock-try-these-guitar-tips-and-tricks/?nonamp=1&amp=1 HTTP/1.1" 200 49225 "https://primemusicproductions.com/music-productions/want-to-rock-try-these-guitar-tips-and-tricks/?nonamp=1&amp=1" "Mozilla/5.0 (Linux; Android 7.0;) AppleWebKit/537.36 (HTML, like Gecko) Mobile Safari/537.36 (compatible; PetalBot;+https://webmaster.petalsearch.com/site/petalbot)"
184.94.212.206 - - [27/Apr/2026:13:09:38 +0000] "POST /wp-cron.php?doing_wp_cron=1777295378.9849030971527099609375 HTTP/1.1" 200 - "-" "WordPress/6.9.4; https://primemusicproductions.com"
173.239.240.123 - - [27/Apr/2026:13:09:37 +0000] "POST /wp-login.php HTTP/1.1" 401 3424 "-" "Mozilla/5.0"
184.94.212.206 - - [27/Apr/2026:13:11:35 +0000] "POST /wp-cron.php?doing_wp_cron=1777295495.9505560398101806640625 HTTP/1.1" 200 - "-" "WordPress/6.9.4; https://primemusicproductions.com"
192.0.85.167 - - [27/Apr/2026:13:11:34 +0000] "HEAD / HTTP/1.1" 200 - "-" "jetmon/1.0 (Jetpack Site Uptime Monitor by WordPress.com)"
184.94.212.206 - - [27/Apr/2026:13:15:09 +0000] "POST /wp-cron.php?doing_wp_cron=1777295709.4916141033172607421875 HTTP/1.1" 200 - "-" "WordPress/6.9.4; https://primemusicproductions.com"
114.119.139.115 - - [27/Apr/2026:13:15:07 +0000] "GET /tag/quality-music/?nonamp=1&amp HTTP/1.1" 200 48445 "https://primemusicproductions.com/tag/quality-music/?nonamp=1&amp" "Mozilla/5.0 (Linux; Android 7.0;) AppleWebKit/537.36 (HTML, like Gecko) Mobile Safari/537.36 (compatible; PetalBot;+https://webmaster.petalsearch.com/site/petalbot)"
52.167.144.189 - - [27/Apr/2026:13:15:10 +0000] "GET /sitemap.xml HTTP/1.1" 200 307 "-" "Mozilla/5.0 AppleWebKit/537.36 (KHTML, like Gecko; compatible; bingbot/2.0; +http://www.bing.com/bingbot.htm) Chrome/116.0.1938.76 Safari/537.36"
184.94.212.206 - - [27/Apr/2026:13:15:57 +0000] "POST /wp-cron.php?doing_wp_cron=1777295757.7554380893707275390625 HTTP/1.1" 200 - "-" "WordPress/6.9.4; https://primemusicproductions.com"
146.19.125.71 - - [27/Apr/2026:13:15:55 +0000] "GET / HTTP/1.0" 200 175592 "https://primemusicproductions.com/" "Mozilla/5.0 (Windows NT 10.0; Win64; x64) AppleWebKit/537.36 (KHTML, like Gecko) Chrome/129.0.0.0 Safari/537.36"
146.19.125.71 - - [27/Apr/2026:13:15:59 +0000] "GET /wp-login.php?action=register HTTP/1.0" 200 8699 "https://primemusicproductions.com/wp-login.php?action=register" "Mozilla/5.0 (Windows NT 10.0; Win64; x64) AppleWebKit/537.36 (KHTML, like Gecko) Chrome/129.0.0.0 Safari/537.36"
184.94.212.206 - - [27/Apr/2026:13:16:05 +0000] "POST /wp-cron.php?doing_wp_cron=1777295765.1335411071777343750000 HTTP/1.1" 200 - "-" "WordPress/6.9.4; https://primemusicproductions.com"
146.19.125.71 - - [27/Apr/2026:13:16:03 +0000] "POST /wp-login.php?action=register HTTP/1.0" 302 - "https://primemusicproductions.com/wp-login.php?action=register" "Mozilla/5.0 (Windows NT 10.0; Win64; x64) AppleWebKit/537.36 (KHTML, like Gecko) Chrome/129.0.0.0 Safari/537.36"
184.94.212.206 - - [27/Apr/2026:13:16:05 +0000] "GET /wp-json/jetpack/v4/sync/spawn-sync?time=1777295765&request_lock_id=eed87372-1c0b-4412-ac26-334a6ed41a88 HTTP/1.1" 200 37 "-" "WordPress/6.9.4; https://primemusicproductions.com"
146.19.125.71 - - [27/Apr/2026:13:16:07 +0000] "GET /wp-login.php?checkemail=registered HTTP/1.0" 200 7511 "https://primemusicproductions.com/wp-login.php?checkemail=registered" "Mozilla/5.0 (Windows NT 10.0; Win64; x64) AppleWebKit/537.36 (KHTML, like Gecko) Chrome/129.0.0.0 Safari/537.36"
184.94.212.206 - - [27/Apr/2026:13:16:36 +0000] "POST /wp-cron.php?doing_wp_cron=1777295796.2191619873046875000000 HTTP/1.1" 200 - "-" "WordPress/6.9.4; https://primemusicproductions.com"
192.0.85.167 - - [27/Apr/2026:13:16:34 +0000] "HEAD / HTTP/1.1" 200 - "-" "jetmon/1.0 (Jetpack Site Uptime Monitor by WordPress.com)"
184.94.212.206 - - [27/Apr/2026:13:21:11 +0000] "POST /wp-cron.php?doing_wp_cron=1777296071.4293758869171142578125 HTTP/1.1" 200 - "-" "WordPress/6.9.4; https://primemusicproductions.com"
117.62.235.53 - - [27/Apr/2026:13:21:09 +0000] "GET / HTTP/1.1" 200 51720 "http://primemusicproductions.com" "Mozilla/5.0 (iPhone; CPU iPhone OS 13_2_3 like Mac OS X) AppleWebKit/605.1.15 (KHTML, like Gecko) Version/13.0.3 Mobile/15E148 Safari/604.1"
114.119.139.1 - - [27/Apr/2026:13:21:21 +0000] "GET /tag/practice-session?nonamp=1&amp HTTP/1.1" 301 - "-" "Mozilla/5.0 (Linux; Android 7.0;) AppleWebKit/537.36 (HTML, like Gecko) Mobile Safari/537.36 (compatible; PetalBot;+https://webmaster.petalsearch.com/site/petalbot)"
114.119.139.1 - - [27/Apr/2026:13:21:22 +0000] "GET /tag/practice-session/?nonamp=1&amp HTTP/1.1" 200 48109 "https://primemusicproductions.com/tag/practice-session?nonamp=1&amp" "Mozilla/5.0 (Linux; Android 7.0;) AppleWebKit/537.36 (HTML, like Gecko) Mobile Safari/537.36 (compatible; PetalBot;+https://webmaster.petalsearch.com/site/petalbot)"
192.0.85.167 - - [27/Apr/2026:13:21:36 +0000] "HEAD / HTTP/1.1" 200 - "-" "jetmon/1.0 (Jetpack Site Uptime Monitor by WordPress.com)"
216.73.216.179 - - [27/Apr/2026:13:21:40 +0000] "GET /news-sitemap.xml HTTP/1.1" 200 317 "-" "Mozilla/5.0 AppleWebKit/537.36 (KHTML, like Gecko; compatible; ClaudeBot/1.0; +claudebot@anthropic.com)"
184.94.212.206 - - [27/Apr/2026:13:24:29 +0000] "POST /wp-cron.php?doing_wp_cron=1777296269.7250208854675292968750 HTTP/1.1" 200 - "-" "WordPress/6.9.4; https://primemusicproductions.com"
57.141.18.51 - - [27/Apr/2026:13:24:27 +0000] "GET /site-map/?amp HTTP/1.1" 200 144681 "-" "meta-externalagent/1.1 (+https://developers.facebook.com/docs/sharing/webmasters/crawler)"
173.239.240.127 - - [27/Apr/2026:13:25:13 +0000] "POST /wp-login.php HTTP/1.1" 200 11795 "-" "Mozilla/5.0"
184.94.212.206 - - [27/Apr/2026:13:25:33 +0000] "POST /wp-cron.php?doing_wp_cron=1777296333.8497979640960693359375 HTTP/1.1" 200 - "-" "WordPress/6.9.4; https://primemusicproductions.com"
52.2.226.16 - - [27/Apr/2026:13:25:32 +0000] "GET /robots.txt HTTP/1.1" 200 153 "-" "Mozilla/5.0 (Macintosh; Intel Mac OS X 10_10_1) AppleWebKit/600.2.5 (KHTML, like Gecko) Version/8.0.2 Safari/600.2.5 (Gort)"
184.94.212.206 - - [27/Apr/2026:13:26:38 +0000] "POST /wp-cron.php?doing_wp_cron=1777296398.3209409713745117187500 HTTP/1.1" 200 - "-" "WordPress/6.9.4; https://primemusicproductions.com"
192.0.85.167 - - [27/Apr/2026:13:26:36 +0000] "HEAD / HTTP/1.1" 200 - "-" "jetmon/1.0 (Jetpack Site Uptime Monitor by WordPress.com)"
114.119.155.83 - - [27/Apr/2026:13:27:13 +0000] "GET /tag/musical-instrument?nonamp=1&noamp=mobile HTTP/1.1" 301 - "-" "Mozilla/5.0 (Linux; Android 7.0;) AppleWebKit/537.36 (HTML, like Gecko) Mobile Safari/537.36 (compatible; PetalBot;+https://webmaster.petalsearch.com/site/petalbot)"
114.119.155.83 - - [27/Apr/2026:13:27:15 +0000] "GET /tag/musical-instrument/?nonamp=1&noamp=mobile HTTP/1.1" 200 48104 "https://primemusicproductions.com/tag/musical-instrument?nonamp=1&noamp=mobile" "Mozilla/5.0 (Linux; Android 7.0;) AppleWebKit/537.36 (HTML, like Gecko) Mobile Safari/537.36 (compatible; PetalBot;+https://webmaster.petalsearch.com/site/petalbot)"
184.94.212.206 - - [27/Apr/2026:13:31:04 +0000] "POST /wp-cron.php?doing_wp_cron=1777296664.2714819908142089843750 HTTP/1.1" 200 - "-" "WordPress/6.9.4; https://primemusicproductions.com"
216.244.66.195 - - [27/Apr/2026:13:31:02 +0000] "GET /robots.txt HTTP/1.1" 200 298 "-" "Mozilla/5.0 (compatible; DotBot/1.2; +https://opensiteexplorer.org/dotbot; help@moz.com)"
184.94.212.206 - - [27/Apr/2026:13:31:35 +0000] "POST /wp-cron.php?doing_wp_cron=1777296695.8542630672454833984375 HTTP/1.1" 200 - "-" "WordPress/6.9.4; https://primemusicproductions.com"
192.0.85.167 - - [27/Apr/2026:13:31:34 +0000] "HEAD / HTTP/1.1" 200 - "-" "jetmon/1.0 (Jetpack Site Uptime Monitor by WordPress.com)"
184.94.212.206 - - [27/Apr/2026:13:33:26 +0000] "POST /wp-cron.php?doing_wp_cron=1777296806.1166100502014160156250 HTTP/1.1" 200 - "-" "WordPress/6.9.4; https://primemusicproductions.com"
