114.119.128.56 - - [28/Apr/2026:04:58:59 +0000] "GET /music-productions/when-you-need-comprehensive-data-on-learning-guitar-read-this?amp=1 HTTP/1.1" 301 - "https://primemusicproductions.com/music-productions/when-you-need-comprehensive-data-on-learning-guitar-read-this" "Mozilla/5.0 (Linux; Android 7.0;) AppleWebKit/537.36 (HTML, like Gecko) Mobile Safari/537.36 (compatible; PetalBot;+https://webmaster.petalsearch.com/site/petalbot)"
114.119.128.56 - - [28/Apr/2026:04:59:01 +0000] "GET /music-productions/when-you-need-comprehensive-data-on-learning-guitar-read-this/?amp=1 HTTP/1.1" 200 49936 "https://primemusicproductions.com/music-productions/when-you-need-comprehensive-data-on-learning-guitar-read-this" "Mozilla/5.0 (Linux; Android 7.0;) AppleWebKit/537.36 (HTML, like Gecko) Mobile Safari/537.36 (compatible; PetalBot;+https://webmaster.petalsearch.com/site/petalbot)"
184.94.212.206 - - [28/Apr/2026:05:00:55 +0000] "POST /wp-cron.php?doing_wp_cron=1777352455.8362219333648681640625 HTTP/1.1" 200 - "-" "WordPress/6.9.4; https://primemusicproductions.com"
112.208.173.188 - - [28/Apr/2026:05:00:54 +0000] "GET /music-productions/its-very-easy-to-learn-guitar-with-some-advice/?share=tumblr HTTP/1.1" 302 - "-" "Opera/9.89.(Windows NT 10.0; yo-NG) Presto/2.9.187 Version/11.00"
184.94.212.206 - - [28/Apr/2026:05:01:05 +0000] "POST /wp-cron.php?doing_wp_cron=1777352465.3549220561981201171875 HTTP/1.1" 200 - "-" "WordPress/6.9.4; https://primemusicproductions.com"
74.114.154.11 - - [28/Apr/2026:05:01:03 +0000] "GET /music-productions/its-very-easy-to-learn-guitar-with-some-advice/ HTTP/1.1" 200 49937 "-" "Tumblr/14.0.835.186"
74.114.154.13 - - [28/Apr/2026:05:01:05 +0000] "HEAD /music-productions/its-very-easy-to-learn-guitar-with-some-advice/ HTTP/1.1" 200 - "-" "-"
74.114.154.10 - - [28/Apr/2026:05:01:06 +0000] "GET /music-productions/its-very-easy-to-learn-guitar-with-some-advice/ HTTP/1.1" 200 172432 "-" "-"
184.94.212.206 - - [28/Apr/2026:05:01:10 +0000] "POST /wp-cron.php?doing_wp_cron=1777352470.7022249698638916015625 HTTP/1.1" 200 - "-" "WordPress/6.9.4; https://primemusicproductions.com"
74.114.154.12 - - [28/Apr/2026:05:01:09 +0000] "GET /music-productions/its-very-easy-to-learn-guitar-with-some-advice/ HTTP/1.1" 200 49939 "-" "Mozilla/5.0 (Macintosh; U; Intel Mac OS X 10_11_8) AppleWebKit/535.0 (KHTML, like Gecko) Chrome/24.0.828.0 Safari/535.0"
192.0.85.167 - - [28/Apr/2026:05:01:35 +0000] "HEAD / HTTP/1.1" 200 - "-" "jetmon/1.0 (Jetpack Site Uptime Monitor by WordPress.com)"
184.94.212.206 - - [28/Apr/2026:05:02:28 +0000] "POST /wp-cron.php?doing_wp_cron=1777352548.5456819534301757812500 HTTP/1.1" 200 - "-" "WordPress/6.9.4; https://primemusicproductions.com"
173.239.211.166 - - [28/Apr/2026:05:02:26 +0000] "POST /wp-login.php HTTP/1.1" 401 3424 "-" "Mozilla/5.0"
195.250.26.105 - - [28/Apr/2026:05:03:19 +0000] "GET /wp-login.php HTTP/1.1" 200 4367 "-" "Mozilla/5.0 (Windows NT 6.3; ARM; Trident/7.0; Touch; rv:11.0) like Gecko"
195.250.26.105 - - [28/Apr/2026:05:03:21 +0000] "POST /wp-login.php HTTP/1.1" 200 4367 "https://primemusicproductions.com/wp-login.php" "Mozilla/5.0 (Windows NT 6.3; ARM; Trident/7.0; Touch; rv:11.0) like Gecko"
184.94.212.206 - - [28/Apr/2026:05:05:30 +0000] "POST /wp-cron.php?doing_wp_cron=1777352730.3950560092926025390625 HTTP/1.1" 200 - "-" "WordPress/6.9.4; https://primemusicproductions.com"
168.144.143.160 - - [28/Apr/2026:05:05:28 +0000] "GET /sftp-config.json HTTP/1.1" 301 - "-" "Mozilla/5.0 (Macintosh; Intel Mac OS X 10.15; rv:77.0) Gecko/20100101 Firefox/77.0"
168.144.143.160 - - [28/Apr/2026:05:05:30 +0000] "GET /InVideo HTTP/1.1" 307 - "-" "Mozilla/5.0 (Macintosh; Intel Mac OS X 10.15; rv:77.0) Gecko/20100101 Firefox/77.0"
168.144.143.160 - - [28/Apr/2026:05:05:33 +0000] "GET /.vscode/sftp.json HTTP/1.1" 301 - "-" "Mozilla/5.0 (Macintosh; Intel Mac OS X 10.15; rv:77.0) Gecko/20100101 Firefox/77.0"
168.144.143.160 - - [28/Apr/2026:05:05:34 +0000] "GET /InVideo HTTP/1.1" 307 - "-" "Mozilla/5.0 (Macintosh; Intel Mac OS X 10.15; rv:77.0) Gecko/20100101 Firefox/77.0"
168.144.143.160 - - [28/Apr/2026:05:05:37 +0000] "GET /.vscode/ftp-config.json HTTP/1.1" 301 - "-" "Mozilla/5.0 (Macintosh; Intel Mac OS X 10.15; rv:77.0) Gecko/20100101 Firefox/77.0"
168.144.143.160 - - [28/Apr/2026:05:05:38 +0000] "GET /InVideo HTTP/1.1" 307 - "-" "Mozilla/5.0 (Macintosh; Intel Mac OS X 10.15; rv:77.0) Gecko/20100101 Firefox/77.0"
168.144.143.160 - - [28/Apr/2026:05:05:41 +0000] "GET /.vscode/ftp-sync.json HTTP/1.1" 301 - "-" "Mozilla/5.0 (Macintosh; Intel Mac OS X 10.15; rv:77.0) Gecko/20100101 Firefox/77.0"
168.144.143.160 - - [28/Apr/2026:05:05:42 +0000] "GET /InVideo HTTP/1.1" 307 - "-" "Mozilla/5.0 (Macintosh; Intel Mac OS X 10.15; rv:77.0) Gecko/20100101 Firefox/77.0"
184.94.212.206 - - [28/Apr/2026:05:05:45 +0000] "POST /wp-cron.php?doing_wp_cron=1777352745.9058570861816406250000 HTTP/1.1" 200 - "-" "WordPress/6.9.4; https://primemusicproductions.com"
168.144.143.160 - - [28/Apr/2026:05:05:44 +0000] "GET /.sftp-config.json HTTP/1.1" 301 - "-" "Mozilla/5.0 (Macintosh; Intel Mac OS X 10.15; rv:77.0) Gecko/20100101 Firefox/77.0"
168.144.143.160 - - [28/Apr/2026:05:05:46 +0000] "GET /InVideo HTTP/1.1" 307 - "-" "Mozilla/5.0 (Macintosh; Intel Mac OS X 10.15; rv:77.0) Gecko/20100101 Firefox/77.0"
168.144.143.160 - - [28/Apr/2026:05:05:48 +0000] "GET /ftp-sync.json HTTP/1.1" 301 - "-" "Mozilla/5.0 (Macintosh; Intel Mac OS X 10.15; rv:77.0) Gecko/20100101 Firefox/77.0"
168.144.143.160 - - [28/Apr/2026:05:05:49 +0000] "GET /InVideo HTTP/1.1" 307 - "-" "Mozilla/5.0 (Macintosh; Intel Mac OS X 10.15; rv:77.0) Gecko/20100101 Firefox/77.0"
168.144.143.160 - - [28/Apr/2026:05:05:52 +0000] "GET /.ftp-sync.json HTTP/1.1" 301 - "-" "Mozilla/5.0 (Macintosh; Intel Mac OS X 10.15; rv:77.0) Gecko/20100101 Firefox/77.0"
168.144.143.160 - - [28/Apr/2026:05:05:53 +0000] "GET /InVideo HTTP/1.1" 307 - "-" "Mozilla/5.0 (Macintosh; Intel Mac OS X 10.15; rv:77.0) Gecko/20100101 Firefox/77.0"
168.144.143.160 - - [28/Apr/2026:05:05:56 +0000] "GET /ftp-config.json HTTP/1.1" 301 - "-" "Mozilla/5.0 (Macintosh; Intel Mac OS X 10.15; rv:77.0) Gecko/20100101 Firefox/77.0"
168.144.143.160 - - [28/Apr/2026:05:05:57 +0000] "GET /InVideo HTTP/1.1" 307 - "-" "Mozilla/5.0 (Macintosh; Intel Mac OS X 10.15; rv:77.0) Gecko/20100101 Firefox/77.0"
168.144.143.160 - - [28/Apr/2026:05:06:00 +0000] "GET /.ftp-config.json HTTP/1.1" 301 - "-" "Mozilla/5.0 (Macintosh; Intel Mac OS X 10.15; rv:77.0) Gecko/20100101 Firefox/77.0"
168.144.143.160 - - [28/Apr/2026:05:06:01 +0000] "GET /InVideo HTTP/1.1" 307 - "-" "Mozilla/5.0 (Macintosh; Intel Mac OS X 10.15; rv:77.0) Gecko/20100101 Firefox/77.0"
114.119.128.127 - - [28/Apr/2026:05:06:16 +0000] "GET /music-productions/what-you-should-know-about-learning-the-guitar-2?share=tumblr HTTP/1.1" 302 - "https://primemusicproductions.com/music-productions/what-you-should-know-about-learning-the-guitar-2" "Mozilla/5.0 (Linux; Android 7.0;) AppleWebKit/537.36 (HTML, like Gecko) Mobile Safari/537.36 (compatible; PetalBot;+https://webmaster.petalsearch.com/site/petalbot)"
192.0.85.167 - - [28/Apr/2026:05:06:33 +0000] "HEAD / HTTP/1.1" 200 - "-" "jetmon/1.0 (Jetpack Site Uptime Monitor by WordPress.com)"
184.94.212.206 - - [28/Apr/2026:05:08:48 +0000] "POST /wp-cron.php?doing_wp_cron=1777352928.1557140350341796875000 HTTP/1.1" 200 - "-" "WordPress/6.9.4; https://primemusicproductions.com"
82.9.114.132 - - [28/Apr/2026:05:08:46 +0000] "GET /music-productions/are-you-new-to-the-guitar-try-these-tips-and-tricks/attachment/breaking-barriers/ HTTP/1.1" 200 45289 "-" "Mozilla/5.0 (Macintosh; Intel Mac OS X 10_15_7) AppleWebKit/537.36 (KHTML, like Gecko) Chrome/124.0.0.0 Safari/537.36"
185.191.171.11 - - [28/Apr/2026:05:08:50 +0000] "GET /tag/music-file/?amp HTTP/1.1" 200 48115 "-" "Mozilla/5.0 (compatible; SemrushBot/7~bl; +http://www.semrush.com/bot.html)"
85.208.96.206 - - [28/Apr/2026:05:08:54 +0000] "GET /tag/music-file/ HTTP/1.1" 200 48115 "-" "Mozilla/5.0 (compatible; SemrushBot/7~bl; +http://www.semrush.com/bot.html)"
184.94.212.206 - - [28/Apr/2026:05:11:36 +0000] "POST /wp-cron.php?doing_wp_cron=1777353096.6832449436187744140625 HTTP/1.1" 200 - "-" "WordPress/6.9.4; https://primemusicproductions.com"
192.0.85.167 - - [28/Apr/2026:05:11:34 +0000] "HEAD / HTTP/1.1" 200 - "-" "jetmon/1.0 (Jetpack Site Uptime Monitor by WordPress.com)"
114.119.156.165 - - [28/Apr/2026:05:12:27 +0000] "GET /wp-login.php?jetpack-sso-show-default-form=0 HTTP/1.1" 200 3920 "https://primemusicproductions.com/wp-login.php?jetpack-sso-show-default-form=0" "Mozilla/5.0 (Linux; Android 7.0;) AppleWebKit/537.36 (HTML, like Gecko) Mobile Safari/537.36 (compatible; PetalBot;+https://webmaster.petalsearch.com/site/petalbot)"
184.94.212.206 - - [28/Apr/2026:05:16:36 +0000] "POST /wp-cron.php?doing_wp_cron=1777353396.5598559379577636718750 HTTP/1.1" 200 - "-" "WordPress/6.9.4; https://primemusicproductions.com"
192.0.85.167 - - [28/Apr/2026:05:16:34 +0000] "HEAD / HTTP/1.1" 200 - "-" "jetmon/1.0 (Jetpack Site Uptime Monitor by WordPress.com)"
184.94.212.206 - - [28/Apr/2026:05:19:06 +0000] "POST /wp-cron.php?doing_wp_cron=1777353546.7792489528656005859375 HTTP/1.1" 200 - "-" "WordPress/6.9.4; https://primemusicproductions.com"
173.239.211.165 - - [28/Apr/2026:05:19:04 +0000] "POST /wp-login.php HTTP/1.1" 401 3424 "-" "Mozilla/5.0"
184.94.212.206 - - [28/Apr/2026:05:19:25 +0000] "POST /wp-cron.php?doing_wp_cron=1777353565.8753850460052490234375 HTTP/1.1" 200 - "-" "WordPress/6.9.4; https://primemusicproductions.com"
114.119.150.166 - - [28/Apr/2026:05:19:24 +0000] "GET /tag/simple-songs?nonamp=1&amp HTTP/1.1" 301 - "-" "Mozilla/5.0 (Linux; Android 7.0;) AppleWebKit/537.36 (HTML, like Gecko) Mobile Safari/537.36 (compatible; PetalBot;+https://webmaster.petalsearch.com/site/petalbot)"
114.119.150.166 - - [28/Apr/2026:05:19:26 +0000] "GET /tag/simple-songs/?nonamp=1&amp HTTP/1.1" 200 48421 "https://primemusicproductions.com/tag/simple-songs?nonamp=1&amp" "Mozilla/5.0 (Linux; Android 7.0;) AppleWebKit/537.36 (HTML, like Gecko) Mobile Safari/537.36 (compatible; PetalBot;+https://webmaster.petalsearch.com/site/petalbot)"
184.94.212.206 - - [28/Apr/2026:05:21:20 +0000] "POST /wp-cron.php?doing_wp_cron=1777353680.2528209686279296875000 HTTP/1.1" 200 - "-" "WordPress/6.9.4; https://primemusicproductions.com"
85.208.96.203 - - [28/Apr/2026:05:21:18 +0000] "GET /music-productions/guitar-and-what-its-like-to-play-well/?amp HTTP/1.1" 200 49435 "-" "Mozilla/5.0 (compatible; SemrushBot/7~bl; +http://www.semrush.com/bot.html)"
185.191.171.11 - - [28/Apr/2026:05:21:22 +0000] "GET /music-productions/guitar-and-what-its-like-to-play-well/ HTTP/1.1" 200 49434 "-" "Mozilla/5.0 (compatible; SemrushBot/7~bl; +http://www.semrush.com/bot.html)"
185.191.171.19 - - [28/Apr/2026:05:21:26 +0000] "GET /music-productions/easy-tips-to-learning-the-guitar/ HTTP/1.1" 200 49533 "-" "Mozilla/5.0 (compatible; SemrushBot/7~bl; +http://www.semrush.com/bot.html)"
192.0.85.167 - - [28/Apr/2026:05:21:32 +0000] "HEAD / HTTP/1.1" 200 - "-" "jetmon/1.0 (Jetpack Site Uptime Monitor by WordPress.com)"
184.94.212.206 - - [28/Apr/2026:05:25:08 +0000] "POST /wp-cron.php?doing_wp_cron=1777353908.5439119338989257812500 HTTP/1.1" 200 - "-" "WordPress/6.9.4; https://primemusicproductions.com"
185.191.171.19 - - [28/Apr/2026:05:25:06 +0000] "GET /category/music-productions/?amp HTTP/1.1" 200 51796 "-" "Mozilla/5.0 (compatible; SemrushBot/7~bl; +http://www.semrush.com/bot.html)"
185.191.171.16 - - [28/Apr/2026:05:25:10 +0000] "GET /category/music-productions/ HTTP/1.1" 200 51789 "-" "Mozilla/5.0 (compatible; SemrushBot/7~bl; +http://www.semrush.com/bot.html)"
185.213.175.173 - - [28/Apr/2026:05:25:14 +0000] "GET / HTTP/1.1" 200 51714 "-" "Mozilla/5.0 (Macintosh; Intel Mac OS X 10_15_7) AppleWebKit/537.36"
185.213.175.173 - - [28/Apr/2026:05:25:14 +0000] "GET /.git/HEAD HTTP/1.1" 301 - "-" "Mozilla/5.0 (Macintosh; Intel Mac OS X 10_15_7) AppleWebKit/537.36"
185.213.175.173 - - [28/Apr/2026:05:25:14 +0000] "GET /.git/config HTTP/1.1" 301 - "-" "Mozilla/5.0 (Macintosh; Intel Mac OS X 10_15_7) AppleWebKit/537.36"
185.213.175.173 - - [28/Apr/2026:05:25:16 +0000] "GET /wp-content/plugins/wp-consent-api/assets/js/wp-consent-api.min.js?ver=2.0.1 HTTP/1.1" 200 822 "-" "Mozilla/5.0 (Macintosh; Intel Mac OS X 10_15_7) AppleWebKit/537.36"
185.213.175.173 - - [28/Apr/2026:05:25:16 +0000] "GET /wp-content/themes/flatmagazinews/js/accessibility.js?ver=20160720 HTTP/1.1" 200 534 "-" "Mozilla/5.0 (Macintosh; Intel Mac OS X 10_15_7) AppleWebKit/537.36"
185.213.175.173 - - [28/Apr/2026:05:25:16 +0000] "GET /wp-includes/js/jquery/jquery-migrate.min.js?ver=3.4.1 HTTP/1.1" 200 4872 "-" "Mozilla/5.0 (Macintosh; Intel Mac OS X 10_15_7) AppleWebKit/537.36"
185.213.175.173 - - [28/Apr/2026:05:25:16 +0000] "GET /wp-content/plugins/wp-accessibility-helper/assets/js/wp-accessibility-helper.min.js?ver=1.0.0 HTTP/1.1" 200 2661 "-" "Mozilla/5.0 (Macintosh; Intel Mac OS X 10_15_7) AppleWebKit/537.36"
185.213.175.173 - - [28/Apr/2026:05:25:16 +0000] "GET /wp-includes/js/jquery/jquery.min.js?ver=3.7.1 HTTP/1.1" 200 30368 "-" "Mozilla/5.0 (Macintosh; Intel Mac OS X 10_15_7) AppleWebKit/537.36"
185.213.175.173 - - [28/Apr/2026:05:25:16 +0000] "GET /wp-content/plugins/jetpack/_inc/build/infinite-scroll/infinity.min.js?ver=15.7.1-is5.0.1 HTTP/1.1" 200 4058 "-" "Mozilla/5.0 (Macintosh; Intel Mac OS X 10_15_7) AppleWebKit/537.36"
185.213.175.173 - - [28/Apr/2026:05:25:16 +0000] "GET /wp-content/plugins/jetpack/_inc/build/carousel/jetpack-carousel.min.js?ver=15.7.1 HTTP/1.1" 200 7649 "-" "Mozilla/5.0 (Macintosh; Intel Mac OS X 10_15_7) AppleWebKit/537.36"
185.213.175.173 - - [28/Apr/2026:05:25:16 +0000] "GET /wp-content/themes/flatmagazinews/js/navigation.js?ver=20170823 HTTP/1.1" 200 1094 "-" "Mozilla/5.0 (Macintosh; Intel Mac OS X 10_15_7) AppleWebKit/537.36"
185.213.175.173 - - [28/Apr/2026:05:25:16 +0000] "GET /wp-content/plugins/google-site-kit/dist/assets/js/googlesitekit-consent-mode-bc2e26cfa69fcd4a8261.js HTTP/1.1" 200 25395 "-" "Mozilla/5.0 (Macintosh; Intel Mac OS X 10_15_7) AppleWebKit/537.36"
185.213.175.173 - - [28/Apr/2026:05:25:16 +0000] "GET /wp-content/themes/flatmagazinews/js/skip-link-focus-fix.js?ver=20170823 HTTP/1.1" 200 417 "-" "Mozilla/5.0 (Macintosh; Intel Mac OS X 10_15_7) AppleWebKit/537.36"
185.213.175.173 - - [28/Apr/2026:05:25:16 +0000] "GET /wp-content/themes/flatmagazinews/js/script.js?ver=20160720 HTTP/1.1" 200 1118 "-" "Mozilla/5.0 (Macintosh; Intel Mac OS X 10_15_7) AppleWebKit/537.36"
185.213.175.173 - - [28/Apr/2026:05:25:16 +0000] "GET /wp-includes/js/mediaelement/mediaelement-and-player.min.js?ver=4.2.17 HTTP/1.1" 200 38789 "-" "Mozilla/5.0 (Macintosh; Intel Mac OS X 10_15_7) AppleWebKit/537.36"
185.213.175.173 - - [28/Apr/2026:05:25:16 +0000] "GET /wp-content/plugins/jetpack/_inc/build/tiled-gallery/tiled-gallery/tiled-gallery.min.js?ver=15.7.1 HTTP/1.1" 200 1070 "-" "Mozilla/5.0 (Macintosh; Intel Mac OS X 10_15_7) AppleWebKit/537.36"
85.208.96.206 - - [28/Apr/2026:05:25:16 +0000] "GET /tag/free-music/?amp HTTP/1.1" 200 48445 "-" "Mozilla/5.0 (compatible; SemrushBot/7~bl; +http://www.semrush.com/bot.html)"
185.213.175.173 - - [28/Apr/2026:05:25:16 +0000] "GET /InVideo HTTP/1.1" 307 - "https://mail.primemusicproductions.com/.git/config" "Mozilla/5.0 (Macintosh; Intel Mac OS X 10_15_7) AppleWebKit/537.36"
185.213.175.173 - - [28/Apr/2026:05:25:16 +0000] "GET /InVideo HTTP/1.1" 307 - "https://mail.primemusicproductions.com/.git/HEAD" "Mozilla/5.0 (Macintosh; Intel Mac OS X 10_15_7) AppleWebKit/537.36"
185.191.171.19 - - [28/Apr/2026:05:25:19 +0000] "GET /tag/free-music/ HTTP/1.1" 200 48443 "-" "Mozilla/5.0 (compatible; SemrushBot/7~bl; +http://www.semrush.com/bot.html)"
184.94.212.206 - - [28/Apr/2026:05:26:00 +0000] "POST /wp-cron.php?doing_wp_cron=1777353960.8908939361572265625000 HTTP/1.1" 200 - "-" "WordPress/6.9.4; https://primemusicproductions.com"
114.119.156.165 - - [28/Apr/2026:05:25:59 +0000] "GET /tag/entire-song?nonamp=1&noamp=mobile HTTP/1.1" 301 - "-" "Mozilla/5.0 (Linux; Android 7.0;) AppleWebKit/537.36 (HTML, like Gecko) Mobile Safari/537.36 (compatible; PetalBot;+https://webmaster.petalsearch.com/site/petalbot)"
114.119.156.165 - - [28/Apr/2026:05:26:01 +0000] "GET /tag/entire-song/?nonamp=1&noamp=mobile HTTP/1.1" 200 48115 "https://primemusicproductions.com/tag/entire-song?nonamp=1&noamp=mobile" "Mozilla/5.0 (Linux; Android 7.0;) AppleWebKit/537.36 (HTML, like Gecko) Mobile Safari/537.36 (compatible; PetalBot;+https://webmaster.petalsearch.com/site/petalbot)"
192.0.85.167 - - [28/Apr/2026:05:26:34 +0000] "HEAD / HTTP/1.1" 200 - "-" "jetmon/1.0 (Jetpack Site Uptime Monitor by WordPress.com)"
184.94.212.206 - - [28/Apr/2026:05:30:43 +0000] "POST /wp-cron.php?doing_wp_cron=1777354243.1540050506591796875000 HTTP/1.1" 200 - "-" "WordPress/6.9.4; https://primemusicproductions.com"
85.208.96.201 - - [28/Apr/2026:05:30:41 +0000] "GET /anti-spam-policy/ HTTP/1.1" 200 46518 "-" "Mozilla/5.0 (compatible; SemrushBot/7~bl; +http://www.semrush.com/bot.html)"
14.172.7.38 - - [28/Apr/2026:05:31:00 +0000] "GET /tag/enjoy-playing-guitar/ HTTP/1.1" 200 48135 "-" "Mozilla/5.0 (Macintosh; Intel Mac OS X 11.0; rv:135.0) Gecko/20100101 Firefox/135.0"
184.94.212.206 - - [28/Apr/2026:05:31:39 +0000] "POST /wp-cron.php?doing_wp_cron=1777354299.5167939662933349609375 HTTP/1.1" 200 - "-" "WordPress/6.9.4; https://primemusicproductions.com"
192.0.85.167 - - [28/Apr/2026:05:31:37 +0000] "HEAD / HTTP/1.1" 200 - "-" "jetmon/1.0 (Jetpack Site Uptime Monitor by WordPress.com)"
184.94.212.206 - - [28/Apr/2026:05:32:58 +0000] "POST /wp-cron.php?doing_wp_cron=1777354378.1309928894042968750000 HTTP/1.1" 200 - "-" "WordPress/6.9.4; https://primemusicproductions.com"
114.119.139.115 - - [28/Apr/2026:05:32:56 +0000] "GET /tag/downloading-music/page/2?nonamp=1&amp HTTP/1.1" 301 - "https://primemusicproductions.com/tag/downloading-music/page/2?nonamp=1&noamp=mobile" "Mozilla/5.0 (Linux; Android 7.0;) AppleWebKit/537.36 (HTML, like Gecko) Mobile Safari/537.36 (compatible; PetalBot;+https://webmaster.petalsearch.com/site/petalbot)"
114.119.139.115 - - [28/Apr/2026:05:32:58 +0000] "GET /tag/downloading-music/page/2/?nonamp=1&amp HTTP/1.1" 200 48261 "https://primemusicproductions.com/tag/downloading-music/page/2?nonamp=1&noamp=mobile" "Mozilla/5.0 (Linux; Android 7.0;) AppleWebKit/537.36 (HTML, like Gecko) Mobile Safari/537.36 (compatible; PetalBot;+https://webmaster.petalsearch.com/site/petalbot)"
184.94.212.206 - - [28/Apr/2026:05:35:27 +0000] "POST /wp-cron.php?doing_wp_cron=1777354527.7117650508880615234375 HTTP/1.1" 200 - "-" "WordPress/6.9.4; https://primemusicproductions.com"
173.239.211.173 - - [28/Apr/2026:05:35:25 +0000] "POST /wp-login.php HTTP/1.1" 401 3424 "-" "Mozilla/5.0"
184.94.212.206 - - [28/Apr/2026:05:36:37 +0000] "POST /wp-cron.php?doing_wp_cron=1777354597.6839239597320556640625 HTTP/1.1" 200 - "-" "WordPress/6.9.4; https://primemusicproductions.com"
192.0.85.167 - - [28/Apr/2026:05:36:35 +0000] "HEAD / HTTP/1.1" 200 - "-" "jetmon/1.0 (Jetpack Site Uptime Monitor by WordPress.com)"
14.161.231.83 - - [28/Apr/2026:05:37:02 +0000] "GET /music-productions/want-to-learn-to-play-the-guitar-try-these-tips-2/?share=linkedin HTTP/1.1" 302 - "-" "Mozilla/5.0 (Windows NT 10.0; Win64; x64) AppleWebKit/537.36 (KHTML, like Gecko) Chrome/91.0.4472.124 Safari/537.36"
216.73.216.179 - - [28/Apr/2026:05:37:03 +0000] "GET /robots.txt HTTP/1.1" 200 153 "-" "Mozilla/5.0 AppleWebKit/537.36 (KHTML, like Gecko; compatible; ClaudeBot/1.0; +claudebot@anthropic.com)"
216.73.216.179 - - [28/Apr/2026:05:37:04 +0000] "GET /sitemap_index.xml HTTP/1.1" 200 358 "-" "Mozilla/5.0 AppleWebKit/537.36 (KHTML, like Gecko; compatible; ClaudeBot/1.0; +claudebot@anthropic.com)"
113.174.4.168 - - [28/Apr/2026:05:39:03 +0000] "GET /Music-AI HTTP/1.1" 307 - "-" "Mozilla/5.0 (Macintosh; Intel Mac OS X 10_12_6) AppleWebKit/537.36 (KHTML, like Gecko) Chrome/88.0.4324.182 Safari/537.36"
184.94.212.206 - - [28/Apr/2026:05:39:40 +0000] "POST /wp-cron.php?doing_wp_cron=1777354780.6577930450439453125000 HTTP/1.1" 200 - "-" "WordPress/6.9.4; https://primemusicproductions.com"
114.119.139.1 - - [28/Apr/2026:05:39:38 +0000] "GET /site-map?pg=2&amp HTTP/1.1" 301 - "https://primemusicproductions.com/site-map?pg=2&amp=1" "Mozilla/5.0 (Linux; Android 7.0;) AppleWebKit/537.36 (HTML, like Gecko) Mobile Safari/537.36 (compatible; PetalBot;+https://webmaster.petalsearch.com/site/petalbot)"
114.119.139.1 - - [28/Apr/2026:05:39:41 +0000] "GET /site-map/?pg=2&amp HTTP/1.1" 200 45519 "https://primemusicproductions.com/site-map?pg=2&amp=1" "Mozilla/5.0 (Linux; Android 7.0;) AppleWebKit/537.36 (HTML, like Gecko) Mobile Safari/537.36 (compatible; PetalBot;+https://webmaster.petalsearch.com/site/petalbot)"
184.94.212.206 - - [28/Apr/2026:05:40:14 +0000] "POST /wp-cron.php?doing_wp_cron=1777354814.4933218955993652343750 HTTP/1.1" 200 - "-" "WordPress/6.9.4; https://primemusicproductions.com"
98.92.202.130 - - [28/Apr/2026:05:40:13 +0000] "GET / HTTP/1.1" 200 51722 "-" "Mozilla/5.0 (Windows NT 10.0; Win64; x64) AppleWebKit/537.36 (KHTML, like Gecko) Chrome/125.0.0.0 Safari/537.36"
34.233.114.237 - - [28/Apr/2026:05:40:19 +0000] "GET /wp-json/wp/v2/posts/371 HTTP/1.1" 200 5818 "-" "Mozilla/5.0 AppleWebKit/537.36 (KHTML, like Gecko; compatible; Amazonbot/0.1; +https://developer.amazon.com/support/amazonbot) Chrome/119.0.6045.214 Safari/537.36"
157.66.47.86 - - [28/Apr/2026:05:40:41 +0000] "GET /wp-login.php HTTP/1.1" 200 4365 "-" "Mozilla/5.0 (Windows NT 6.3; Win64; x64; Trident/7.0; Touch; rv:11.0) like Gecko"
157.66.47.86 - - [28/Apr/2026:05:40:43 +0000] "POST /wp-login.php HTTP/1.1" 200 4365 "https://primemusicproductions.com/wp-login.php" "Mozilla/5.0 (Windows NT 6.3; Win64; x64; Trident/7.0; Touch; rv:11.0) like Gecko"
184.94.212.206 - - [28/Apr/2026:05:41:35 +0000] "POST /wp-cron.php?doing_wp_cron=1777354895.7071940898895263671875 HTTP/1.1" 200 - "-" "WordPress/6.9.4; https://primemusicproductions.com"
192.0.85.167 - - [28/Apr/2026:05:41:33 +0000] "HEAD / HTTP/1.1" 200 - "-" "jetmon/1.0 (Jetpack Site Uptime Monitor by WordPress.com)"
184.94.212.206 - - [28/Apr/2026:05:45:45 +0000] "POST /wp-cron.php?doing_wp_cron=1777355145.8922750949859619140625 HTTP/1.1" 200 - "-" "WordPress/6.9.4; https://primemusicproductions.com"
172.59.190.212 - - [28/Apr/2026:05:45:44 +0000] "GET /music-productions/want-to-learn-to-play-the-guitar-try-these-tips-2/attachment/eb35b90620f5053ed1584d05fb1d4390e277e2c818b4124193f4c77ba4e4_640-jpg/ HTTP/1.1" 200 45282 "-" "Mozilla/5.0 (Windows NT 10.0; Win64; x64) AppleWebKit/537.36 (KHTML, like Gecko) Chrome/101.0.4951.67 Safari/537.36"
184.94.212.206 - - [28/Apr/2026:05:45:47 +0000] "POST /wp-admin/admin-ajax.php?action=wordfence_testAjax HTTP/1.1" 200 32 "-" "WordPress/6.9.4; https://primemusicproductions.com"
184.94.212.206 - - [28/Apr/2026:05:45:49 +0000] "GET /wp-admin/admin-ajax.php?action=wordfence_doScan&isFork=0&scanMode=quick&cronKey=e94256c7f6b358d3fa54b1b1b9aa97e4&signature=9300c666626dc5e13e301f5d92228193d202511c6c1182e4106b92bbdca9330a HTTP/1.1" 200 - "-" "WordPress/6.9.4; https://primemusicproductions.com"
184.94.212.206 - - [28/Apr/2026:05:46:05 +0000] "POST /wp-cron.php?doing_wp_cron=1777355165.9268341064453125000000 HTTP/1.1" 200 - "-" "WordPress/6.9.4; https://primemusicproductions.com"
70.119.168.140 - - [28/Apr/2026:05:46:04 +0000] "GET /tag/known-websites/ HTTP/1.1" 200 48123 "-" "Mozilla/5.0 (Windows NT 10.0; Win64; x64) AppleWebKit/537.36 (KHTML, like Gecko) Chrome/100.0.4896.75 Safari/537.36"
184.94.212.206 - - [28/Apr/2026:05:46:29 +0000] "POST /wp-cron.php?doing_wp_cron=1777355189.3028690814971923828125 HTTP/1.1" 200 - "-" "WordPress/6.9.4; https://primemusicproductions.com"
114.119.156.165 - - [28/Apr/2026:05:46:28 +0000] "GET /privacy-policy/?amp HTTP/1.1" 200 48330 "https://primemusicproductions.com/privacy-policy/?amp" "Mozilla/5.0 (Linux; Android 7.0;) AppleWebKit/537.36 (HTML, like Gecko) Mobile Safari/537.36 (compatible; PetalBot;+https://webmaster.petalsearch.com/site/petalbot)"
192.0.85.167 - - [28/Apr/2026:05:46:34 +0000] "HEAD / HTTP/1.1" 200 - "-" "jetmon/1.0 (Jetpack Site Uptime Monitor by WordPress.com)"
184.94.212.206 - - [28/Apr/2026:05:47:00 +0000] "POST /wp-cron.php?doing_wp_cron=1777355220.8007109165191650390625 HTTP/1.1" 200 - "-" "WordPress/6.9.4; https://primemusicproductions.com"
73.101.87.113 - - [28/Apr/2026:05:46:59 +0000] "GET /music-productions/beginner-tips-and-tricks-for-playing-the-guitar/attachment/e832b00e2ff3013ed1584d05fb1d4390e277e2c818b413469cf1c97ca5ee_640-jpg/ HTTP/1.1" 200 45287 "-" "Mozilla/5.0 (Macintosh; Intel Mac OS X 10_15_7) AppleWebKit/537.36 (KHTML, like Gecko) Chrome/124.0.0.0 Safari/537.36"
184.94.212.206 - - [28/Apr/2026:05:51:36 +0000] "POST /wp-cron.php?doing_wp_cron=1777355496.2191989421844482421875 HTTP/1.1" 200 - "-" "WordPress/6.9.4; https://primemusicproductions.com"
192.0.85.167 - - [28/Apr/2026:05:51:35 +0000] "HEAD / HTTP/1.1" 200 - "-" "jetmon/1.0 (Jetpack Site Uptime Monitor by WordPress.com)"
173.239.211.164 - - [28/Apr/2026:05:51:33 +0000] "POST /wp-login.php HTTP/1.1" 401 3424 "-" "Mozilla/5.0"
184.94.212.206 - - [28/Apr/2026:05:52:43 +0000] "POST /wp-cron.php?doing_wp_cron=1777355563.6499838829040527343750 HTTP/1.1" 200 - "-" "WordPress/6.9.4; https://primemusicproductions.com"
146.19.125.71 - - [28/Apr/2026:05:52:41 +0000] "GET / HTTP/1.0" 200 175592 "https://primemusicproductions.com/" "Mozilla/5.0 (Windows NT 10.0; Win64; x64) AppleWebKit/537.36 (KHTML, like Gecko) Chrome/130.0.0.0 Safari/537.36 CCleaner/130.0.0.0"
146.19.125.71 - - [28/Apr/2026:05:52:46 +0000] "GET /wp-login.php?action=register HTTP/1.0" 200 8699 "https://primemusicproductions.com/wp-login.php?action=register" "Mozilla/5.0 (Windows NT 10.0; Win64; x64) AppleWebKit/537.36 (KHTML, like Gecko) Chrome/130.0.0.0 Safari/537.36 CCleaner/130.0.0.0"
146.19.125.71 - - [28/Apr/2026:05:52:48 +0000] "POST /wp-login.php?action=register HTTP/1.0" 302 - "https://primemusicproductions.com/wp-login.php?action=register" "Mozilla/5.0 (Windows NT 10.0; Win64; x64) AppleWebKit/537.36 (KHTML, like Gecko) Chrome/130.0.0.0 Safari/537.36 CCleaner/130.0.0.0"
184.94.212.206 - - [28/Apr/2026:05:52:50 +0000] "GET /wp-json/jetpack/v4/sync/spawn-sync?time=1777355570&request_lock_id=5c60bbf4-51e1-4418-a5d8-b82776a1120c HTTP/1.1" 200 37 "-" "WordPress/6.9.4; https://primemusicproductions.com"
146.19.125.71 - - [28/Apr/2026:05:52:53 +0000] "GET /wp-login.php?checkemail=registered HTTP/1.0" 200 7511 "https://primemusicproductions.com/wp-login.php?checkemail=registered" "Mozilla/5.0 (Windows NT 10.0; Win64; x64) AppleWebKit/537.36 (KHTML, like Gecko) Chrome/130.0.0.0 Safari/537.36 CCleaner/130.0.0.0"
116.179.32.37 - - [28/Apr/2026:05:53:02 +0000] "GET /2017/10/ HTTP/1.1" 200 49039 "-" "Mozilla/5.0 (compatible; Baiduspider/2.0; +http://www.baidu.com/search/spider.html)"
114.119.155.83 - - [28/Apr/2026:05:53:18 +0000] "GET /page/7?nonamp=1&amp HTTP/1.1" 301 - "https://primemusicproductions.com/page/8?nonamp=1&amp" "Mozilla/5.0 (Linux; Android 7.0;) AppleWebKit/537.36 (HTML, like Gecko) Mobile Safari/537.36 (compatible; PetalBot;+https://webmaster.petalsearch.com/site/petalbot)"
114.119.155.83 - - [28/Apr/2026:05:53:19 +0000] "GET /page/7/?nonamp=1&amp HTTP/1.1" 200 51077 "https://primemusicproductions.com/page/8?nonamp=1&amp" "Mozilla/5.0 (Linux; Android 7.0;) AppleWebKit/537.36 (HTML, like Gecko) Mobile Safari/537.36 (compatible; PetalBot;+https://webmaster.petalsearch.com/site/petalbot)"
184.94.212.206 - - [28/Apr/2026:05:54:26 +0000] "POST /wp-cron.php?doing_wp_cron=1777355666.3739089965820312500000 HTTP/1.1" 200 - "-" "WordPress/6.9.4; https://primemusicproductions.com"
43.157.95.239 - - [28/Apr/2026:05:54:24 +0000] "GET / HTTP/1.1" 200 51727 "http://primemusicproductions.com" "Mozilla/5.0 (iPhone; CPU iPhone OS 13_2_3 like Mac OS X) AppleWebKit/605.1.15 (KHTML, like Gecko) Version/13.0.3 Mobile/15E148 Safari/604.1"
184.94.212.206 - - [28/Apr/2026:05:56:36 +0000] "POST /wp-cron.php?doing_wp_cron=1777355796.4358439445495605468750 HTTP/1.1" 200 - "-" "WordPress/6.9.4; https://primemusicproductions.com"
192.0.85.167 - - [28/Apr/2026:05:56:34 +0000] "HEAD / HTTP/1.1" 200 - "-" "jetmon/1.0 (Jetpack Site Uptime Monitor by WordPress.com)"
37.19.212.29 - - [28/Apr/2026:05:56:53 +0000] "GET /music-productions/techno-beat-maker/ HTTP/1.1" 200 52616 "-" "Mozilla/5.0 (Windows NT 10.0; Win64; x64) AppleWebKit/537.36 (KHTML, like Gecko) Chrome/116.0.0.0 Safari/537.36"
184.94.212.206 - - [28/Apr/2026:05:58:27 +0000] "POST /wp-cron.php?doing_wp_cron=1777355907.7111170291900634765625 HTTP/1.1" 200 - "-" "WordPress/6.9.4; https://primemusicproductions.com"
85.208.96.203 - - [28/Apr/2026:05:58:25 +0000] "GET /robots.txt HTTP/1.1" 200 153 "-" "Mozilla/5.0 (compatible; SemrushBot/7~bl; +http://www.semrush.com/bot.html)"
85.208.96.198 - - [28/Apr/2026:05:58:28 +0000] "GET /music-productions/the-experts-dont-want-you-to-read-these-learning-guitar-tips/ HTTP/1.1" 200 49879 "-" "Mozilla/5.0 (compatible; SemrushBot/7~bl; +http://www.semrush.com/bot.html)"
184.94.212.206 - - [28/Apr/2026:05:59:56 +0000] "POST /wp-cron.php?doing_wp_cron=1777355996.3333570957183837890625 HTTP/1.1" 200 - "-" "WordPress/6.9.4; https://primemusicproductions.com"
34.205.170.13 - - [28/Apr/2026:05:59:54 +0000] "GET /music-productions/learning-guitar-the-best-article-on-the-topic-is-here-2/ HTTP/1.1" 200 49771 "-" "Mozilla/5.0 AppleWebKit/537.36 (KHTML, like Gecko; compatible; Amazonbot/0.1; +https://developer.amazon.com/support/amazonbot) Chrome/119.0.6045.214 Safari/537.36"
184.94.212.206 - - [28/Apr/2026:06:00:09 +0000] "POST /wp-cron.php?doing_wp_cron=1777356009.1822209358215332031250 HTTP/1.1" 200 - "-" "WordPress/6.9.4; https://primemusicproductions.com"
114.119.128.56 - - [28/Apr/2026:06:00:07 +0000] "GET /page/11/?amp=1 HTTP/1.1" 200 50879 "https://primemusicproductions.com?amp=1" "Mozilla/5.0 (Linux; Android 7.0;) AppleWebKit/537.36 (HTML, like Gecko) Mobile Safari/537.36 (compatible; PetalBot;+https://webmaster.petalsearch.com/site/petalbot)"
184.94.212.206 - - [28/Apr/2026:06:01:40 +0000] "POST /wp-cron.php?doing_wp_cron=1777356100.5637190341949462890625 HTTP/1.1" 200 - "-" "WordPress/6.9.4; https://primemusicproductions.com"
192.0.85.167 - - [28/Apr/2026:06:01:38 +0000] "HEAD / HTTP/1.1" 200 - "-" "jetmon/1.0 (Jetpack Site Uptime Monitor by WordPress.com)"
184.94.212.206 - - [28/Apr/2026:06:05:31 +0000] "POST /wp-cron.php?doing_wp_cron=1777356331.5303659439086914062500 HTTP/1.1" 200 - "-" "WordPress/6.9.4; https://primemusicproductions.com"
85.208.96.201 - - [28/Apr/2026:06:05:29 +0000] "GET /music-productions/its-always-easy-to-work-on-guitar-playing/ HTTP/1.1" 200 49944 "-" "Mozilla/5.0 (compatible; SemrushBot/7~bl; +http://www.semrush.com/bot.html)"
184.94.212.206 - - [28/Apr/2026:06:06:37 +0000] "POST /wp-cron.php?doing_wp_cron=1777356397.5187261104583740234375 HTTP/1.1" 200 - "-" "WordPress/6.9.4; https://primemusicproductions.com"
192.0.85.167 - - [28/Apr/2026:06:06:35 +0000] "HEAD / HTTP/1.1" 200 - "-" "jetmon/1.0 (Jetpack Site Uptime Monitor by WordPress.com)"
114.119.139.1 - - [28/Apr/2026:06:06:55 +0000] "GET /music-productions/work-on-learning-the-guitar-with-these-fantastic-tips-2?share=pocket HTTP/1.1" 301 - "https://primemusicproductions.com/music-productions/work-on-learning-the-guitar-with-these-fantastic-tips-2?nonamp=1&noamp=mobile" "Mozilla/5.0 (Linux; Android 7.0;) AppleWebKit/537.36 (HTML, like Gecko) Mobile Safari/537.36 (compatible; PetalBot;+https://webmaster.petalsearch.com/site/petalbot)"
114.119.139.1 - - [28/Apr/2026:06:06:56 +0000] "GET /music-productions/work-on-learning-the-guitar-with-these-fantastic-tips-2/?share=pocket HTTP/1.1" 200 50059 "https://primemusicproductions.com/music-productions/work-on-learning-the-guitar-with-these-fantastic-tips-2?nonamp=1&noamp=mobile" "Mozilla/5.0 (Linux; Android 7.0;) AppleWebKit/537.36 (HTML, like Gecko) Mobile Safari/537.36 (compatible; PetalBot;+https://webmaster.petalsearch.com/site/petalbot)"
184.94.212.206 - - [28/Apr/2026:06:08:14 +0000] "POST /wp-cron.php?doing_wp_cron=1777356494.4968280792236328125000 HTTP/1.1" 200 - "-" "WordPress/6.9.4; https://primemusicproductions.com"
216.73.161.80 - - [28/Apr/2026:06:08:12 +0000] "POST /wp-login.php HTTP/1.1" 401 3424 "-" "Mozilla/5.0"
184.94.212.206 - - [28/Apr/2026:06:10:42 +0000] "POST /wp-cron.php?doing_wp_cron=1777356642.3635220527648925781250 HTTP/1.1" 200 - "-" "WordPress/6.9.4; https://primemusicproductions.com"
124.236.100.56 - - [28/Apr/2026:06:10:40 +0000] "GET / HTTP/1.1" 200 51721 "-" "Mozilla/5.0 (Windows NT 6.1; Win64; x64) AppleWebKit/537.36 (KHTML, like Gecko) Chrome/61.0.3163.100 Safari/537.36"
184.94.212.206 - - [28/Apr/2026:06:11:39 +0000] "POST /wp-cron.php?doing_wp_cron=1777356699.5161299705505371093750 HTTP/1.1" 200 - "-" "WordPress/6.9.4; https://primemusicproductions.com"
192.0.85.167 - - [28/Apr/2026:06:11:37 +0000] "HEAD / HTTP/1.1" 200 - "-" "jetmon/1.0 (Jetpack Site Uptime Monitor by WordPress.com)"
184.94.212.206 - - [28/Apr/2026:06:13:46 +0000] "POST /wp-cron.php?doing_wp_cron=1777356826.2003049850463867187500 HTTP/1.1" 200 - "-" "WordPress/6.9.4; https://primemusicproductions.com"
114.119.156.165 - - [28/Apr/2026:06:13:44 +0000] "GET /music-productions/what-you-should-know-about-learning-the-guitar/?amp HTTP/1.1" 200 50200 "https://primemusicproductions.com/music-productions/what-you-should-know-about-learning-the-guitar/?amp" "Mozilla/5.0 (Linux; Android 7.0;) AppleWebKit/537.36 (HTML, like Gecko) Mobile Safari/537.36 (compatible; PetalBot;+https://webmaster.petalsearch.com/site/petalbot)"
184.94.212.206 - - [28/Apr/2026:06:16:38 +0000] "POST /wp-cron.php?doing_wp_cron=1777356998.4974720478057861328125 HTTP/1.1" 200 - "-" "WordPress/6.9.4; https://primemusicproductions.com"
192.0.85.167 - - [28/Apr/2026:06:16:36 +0000] "HEAD / HTTP/1.1" 200 - "-" "jetmon/1.0 (Jetpack Site Uptime Monitor by WordPress.com)"
103.124.95.161 - - [28/Apr/2026:06:18:49 +0000] "GET /wp-login.php HTTP/1.1" 200 4367 "-" "Mozilla/5.0 (Macintosh; Intel Mac OS X 10_13) AppleWebKit/604.1.38 (KHTML, like Gecko) Version/11.0 Safari/604.1.38"
103.124.95.161 - - [28/Apr/2026:06:18:51 +0000] "POST /wp-login.php HTTP/1.1" 200 4367 "https://primemusicproductions.com/wp-login.php" "Mozilla/5.0 (Macintosh; Intel Mac OS X 10_13) AppleWebKit/604.1.38 (KHTML, like Gecko) Version/11.0 Safari/604.1.38"
184.94.212.206 - - [28/Apr/2026:06:20:36 +0000] "POST /wp-cron.php?doing_wp_cron=1777357236.7584168910980224609375 HTTP/1.1" 200 - "-" "WordPress/6.9.4; https://primemusicproductions.com"
114.119.150.166 - - [28/Apr/2026:06:20:34 +0000] "GET /music-productions/want-to-learn-to-play-the-guitar-try-these-tips/?share=pocket HTTP/1.1" 200 50270 "https://primemusicproductions.com/music-productions/want-to-learn-to-play-the-guitar-try-these-tips/?share=pocket" "Mozilla/5.0 (Linux; Android 7.0;) AppleWebKit/537.36 (HTML, like Gecko) Mobile Safari/537.36 (compatible; PetalBot;+https://webmaster.petalsearch.com/site/petalbot)"
184.94.212.206 - - [28/Apr/2026:06:21:36 +0000] "POST /wp-cron.php?doing_wp_cron=1777357296.2225720882415771484375 HTTP/1.1" 200 - "-" "WordPress/6.9.4; https://primemusicproductions.com"
192.0.85.167 - - [28/Apr/2026:06:21:34 +0000] "HEAD / HTTP/1.1" 200 - "-" "jetmon/1.0 (Jetpack Site Uptime Monitor by WordPress.com)"
185.191.171.3 - - [28/Apr/2026:06:22:01 +0000] "GET /cropped-prime_music_productions_header_image-1-jpg/ HTTP/1.1" 200 45197 "-" "Mozilla/5.0 (compatible; SemrushBot/7~bl; +http://www.semrush.com/bot.html)"
184.94.212.206 - - [28/Apr/2026:06:24:53 +0000] "POST /wp-cron.php?doing_wp_cron=1777357493.2662489414215087890625 HTTP/1.1" 200 - "-" "WordPress/6.9.4; https://primemusicproductions.com"
173.239.211.163 - - [28/Apr/2026:06:24:51 +0000] "POST /wp-login.php HTTP/1.1" 401 3424 "-" "Mozilla/5.0"
184.94.212.206 - - [28/Apr/2026:06:25:05 +0000] "POST /wp-cron.php?doing_wp_cron=1777357505.5112059116363525390625 HTTP/1.1" 200 - "-" "WordPress/6.9.4; https://primemusicproductions.com"
185.191.171.2 - - [28/Apr/2026:06:25:04 +0000] "GET /music-productions/having-difficulty-learning-guitar-try-these-ideas/ HTTP/1.1" 200 49934 "-" "Mozilla/5.0 (compatible; SemrushBot/7~bl; +http://www.semrush.com/bot.html)"
184.94.212.206 - - [28/Apr/2026:06:26:08 +0000] "POST /wp-cron.php?doing_wp_cron=1777357568.9444019794464111328125 HTTP/1.1" 200 - "-" "WordPress/6.9.4; https://primemusicproductions.com"
45.148.10.120 - - [28/Apr/2026:06:26:07 +0000] "GET /.git/config HTTP/1.1" 301 - "-" "Mozilla/5.0 (Linux; U; Android 2.3.3; en-us ; LS670 Build/GRI40) AppleWebKit/533.1 (KHTML, like Gecko) Version/4.0 Mobile Safari/533.1/UCBrowser/8.6.1.262/145/355"
192.0.85.167 - - [28/Apr/2026:06:26:37 +0000] "HEAD / HTTP/1.1" 200 - "-" "jetmon/1.0 (Jetpack Site Uptime Monitor by WordPress.com)"
184.94.212.206 - - [28/Apr/2026:06:27:50 +0000] "POST /wp-cron.php?doing_wp_cron=1777357670.7750909328460693359375 HTTP/1.1" 200 - "-" "WordPress/6.9.4; https://primemusicproductions.com"
114.119.156.165 - - [28/Apr/2026:06:27:49 +0000] "GET /music-productions/want-to-learn-to-play-the-guitar-try-these-tips-2?share=pinterest&amp HTTP/1.1" 302 - "https://primemusicproductions.com/music-productions/want-to-learn-to-play-the-guitar-try-these-tips-2?nonamp=1&amp" "Mozilla/5.0 (Linux; Android 7.0;) AppleWebKit/537.36 (HTML, like Gecko) Mobile Safari/537.36 (compatible; PetalBot;+https://webmaster.petalsearch.com/site/petalbot)"
185.191.171.13 - - [28/Apr/2026:06:28:05 +0000] "GET /category/music-productions/page/3/?amp HTTP/1.1" 200 51100 "-" "Mozilla/5.0 (compatible; SemrushBot/7~bl; +http://www.semrush.com/bot.html)"
57.141.18.54 - - [28/Apr/2026:06:28:07 +0000] "GET /page-sitemap.xml HTTP/1.1" 200 2509 "-" "meta-externalagent/1.1 (+https://developers.facebook.com/docs/sharing/webmasters/crawler)"
85.208.96.201 - - [28/Apr/2026:06:28:10 +0000] "GET /category/music-productions/page/3/ HTTP/1.1" 200 51092 "-" "Mozilla/5.0 (compatible; SemrushBot/7~bl; +http://www.semrush.com/bot.html)"
50.6.229.148 - - [28/Apr/2026:06:28:45 +0000] "GET /wp-login.php HTTP/1.1" 200 4126 "-" "Mozilla/5.0 (Macintosh; Intel Mac OS X 10_13_4) AppleWebKit/537.36 (KHTML, like Gecko) Chrome/67.0.3396.79 Safari/537.36"
50.6.229.148 - - [28/Apr/2026:06:28:47 +0000] "POST /wp-login.php HTTP/1.1" 401 1429 "https://primemusicproductions.com/wp-login.php" "Mozilla/5.0 (Macintosh; Intel Mac OS X 10_13_4) AppleWebKit/537.36 (KHTML, like Gecko) Chrome/67.0.3396.79 Safari/537.36"
184.94.212.206 - - [28/Apr/2026:06:31:37 +0000] "POST /wp-cron.php?doing_wp_cron=1777357896.9999470710754394531250 HTTP/1.1" 200 - "-" "WordPress/6.9.4; https://primemusicproductions.com"
192.0.85.167 - - [28/Apr/2026:06:31:34 +0000] "HEAD / HTTP/1.1" 200 - "-" "jetmon/1.0 (Jetpack Site Uptime Monitor by WordPress.com)"
216.73.216.179 - - [28/Apr/2026:06:31:42 +0000] "GET /news-sitemap.xml HTTP/1.1" 200 317 "-" "Mozilla/5.0 AppleWebKit/537.36 (KHTML, like Gecko; compatible; ClaudeBot/1.0; +claudebot@anthropic.com)"
184.94.212.206 - - [28/Apr/2026:06:32:29 +0000] "POST /wp-cron.php?doing_wp_cron=1777357949.5999360084533691406250 HTTP/1.1" 200 - "-" "WordPress/6.9.4; https://primemusicproductions.com"
146.19.125.71 - - [28/Apr/2026:06:32:27 +0000] "GET / HTTP/1.0" 200 175592 "https://primemusicproductions.com/" "Mozilla/5.0 (Windows NT 10.0; Win64; x64) AppleWebKit/537.36 (KHTML, like Gecko) Chrome/130.0.0.0 Safari/537.36"
91.215.85.104 - - [28/Apr/2026:06:32:30 +0000] "GET / HTTP/1.1" 200 51723 "-" "Mozilla/5.0 (X11; Linux i686; rv:1.9.7.20) Gecko/ Firefox/3.6.2"
146.19.125.71 - - [28/Apr/2026:06:32:31 +0000] "GET /wp-login.php?action=register HTTP/1.0" 200 8699 "https://primemusicproductions.com/wp-login.php?action=register" "Mozilla/5.0 (Windows NT 10.0; Win64; x64) AppleWebKit/537.36 (KHTML, like Gecko) Chrome/130.0.0.0 Safari/537.36"
146.19.125.71 - - [28/Apr/2026:06:32:34 +0000] "POST /wp-login.php?action=register HTTP/1.0" 302 - "https://primemusicproductions.com/wp-login.php?action=register" "Mozilla/5.0 (Windows NT 10.0; Win64; x64) AppleWebKit/537.36 (KHTML, like Gecko) Chrome/130.0.0.0 Safari/537.36"
184.94.212.206 - - [28/Apr/2026:06:32:37 +0000] "POST /wp-cron.php?doing_wp_cron=1777357957.7643001079559326171875 HTTP/1.1" 200 - "-" "WordPress/6.9.4; https://primemusicproductions.com"
184.94.212.206 - - [28/Apr/2026:06:32:35 +0000] "GET /wp-json/jetpack/v4/sync/spawn-sync?time=1777357955&request_lock_id=6616ae41-0949-49ac-8664-74c81bb13309 HTTP/1.1" 200 37 "-" "WordPress/6.9.4; https://primemusicproductions.com"
146.19.125.71 - - [28/Apr/2026:06:32:37 +0000] "GET /wp-login.php?checkemail=registered HTTP/1.0" 200 7511 "https://primemusicproductions.com/wp-login.php?checkemail=registered" "Mozilla/5.0 (Windows NT 10.0; Win64; x64) AppleWebKit/537.36 (KHTML, like Gecko) Chrome/130.0.0.0 Safari/537.36"
57.141.18.6 - - [28/Apr/2026:06:33:57 +0000] "GET /post_tag-sitemap.xml HTTP/1.1" 200 8785 "-" "meta-externalagent/1.1 (+https://developers.facebook.com/docs/sharing/webmasters/crawler)"
114.119.155.83 - - [28/Apr/2026:06:34:13 +0000] "GET /music-productions/unleashing-the-power-of-music-ai/?share=tumblr&amp HTTP/1.1" 302 - "https://primemusicproductions.com/music-productions/unleashing-the-power-of-music-ai?amp" "Mozilla/5.0 (Linux; Android 7.0;) AppleWebKit/537.36 (HTML, like Gecko) Mobile Safari/537.36 (compatible; PetalBot;+https://webmaster.petalsearch.com/site/petalbot)"
184.94.212.206 - - [28/Apr/2026:06:35:53 +0000] "POST /wp-cron.php?doing_wp_cron=1777358153.4598679542541503906250 HTTP/1.1" 200 - "-" "WordPress/6.9.4; https://primemusicproductions.com"
66.81.169.1 - - [28/Apr/2026:06:35:51 +0000] "GET /tag/playing-guitar/ HTTP/1.1" 200 49851 "-" "Mozilla/5.0 (Macintosh; Intel Mac OS X 10_15_7) AppleWebKit/537.36 (KHTML, like Gecko) Chrome/136.0.0.0 Safari/537.36"
192.0.85.167 - - [28/Apr/2026:06:36:36 +0000] "HEAD / HTTP/1.1" 200 - "-" "jetmon/1.0 (Jetpack Site Uptime Monitor by WordPress.com)"
216.73.216.179 - - [28/Apr/2026:06:37:10 +0000] "GET /robots.txt HTTP/1.1" 200 153 "-" "Mozilla/5.0 AppleWebKit/537.36 (KHTML, like Gecko; compatible; ClaudeBot/1.0; +claudebot@anthropic.com)"
216.73.216.179 - - [28/Apr/2026:06:37:11 +0000] "GET /sitemap.xml HTTP/1.1" 200 307 "-" "Mozilla/5.0 AppleWebKit/537.36 (KHTML, like Gecko; compatible; ClaudeBot/1.0; +claudebot@anthropic.com)"
184.94.212.206 - - [28/Apr/2026:06:38:02 +0000] "POST /wp-cron.php?doing_wp_cron=1777358282.4933490753173828125000 HTTP/1.1" 200 - "-" "WordPress/6.9.4; https://primemusicproductions.com"
216.73.216.179 - - [28/Apr/2026:06:38:00 +0000] "GET /about-us/ HTTP/1.1" 200 47123 "-" "Mozilla/5.0 AppleWebKit/537.36 (KHTML, like Gecko; compatible; ClaudeBot/1.0; +claudebot@anthropic.com)"
184.94.212.206 - - [28/Apr/2026:06:40:33 +0000] "POST /wp-cron.php?doing_wp_cron=1777358433.9488449096679687500000 HTTP/1.1" 200 - "-" "WordPress/6.9.4; https://primemusicproductions.com"
66.61.34.254 - - [28/Apr/2026:06:40:32 +0000] "GET /tag/musical-instrument/ HTTP/1.1" 200 48101 "-" "Mozilla/5.0 (Windows NT 10.0; Win64; x64) AppleWebKit/537.36 (KHTML, like Gecko) Chrome/99.0.4844.51 Safari/537.36"
184.94.212.206 - - [28/Apr/2026:06:41:07 +0000] "POST /wp-cron.php?doing_wp_cron=1777358467.8203780651092529296875 HTTP/1.1" 200 - "-" "WordPress/6.9.4; https://primemusicproductions.com"
114.119.150.168 - - [28/Apr/2026:06:41:06 +0000] "GET /music-productions/top-tips-for-learning-to-play-guitar?share=reddit&amp HTTP/1.1" 302 - "https://primemusicproductions.com/music-productions/top-tips-for-learning-to-play-guitar?nonamp=1&amp" "Mozilla/5.0 (Linux; Android 7.0;) AppleWebKit/537.36 (HTML, like Gecko) Mobile Safari/537.36 (compatible; PetalBot;+https://webmaster.petalsearch.com/site/petalbot)"
216.73.216.179 - - [28/Apr/2026:06:41:16 +0000] "GET /amazon-affiliate-disclaimer/ HTTP/1.1" 200 46448 "-" "Mozilla/5.0 AppleWebKit/537.36 (KHTML, like Gecko; compatible; ClaudeBot/1.0; +claudebot@anthropic.com)"
173.239.211.169 - - [28/Apr/2026:06:41:22 +0000] "POST /wp-login.php HTTP/1.1" 401 3424 "-" "Mozilla/5.0"
192.0.85.167 - - [28/Apr/2026:06:41:40 +0000] "HEAD / HTTP/1.1" 200 - "-" "jetmon/1.0 (Jetpack Site Uptime Monitor by WordPress.com)"
184.94.212.206 - - [28/Apr/2026:06:42:37 +0000] "POST /wp-cron.php?doing_wp_cron=1777358557.2141859531402587890625 HTTP/1.1" 200 - "-" "WordPress/6.9.4; https://primemusicproductions.com"
216.73.216.179 - - [28/Apr/2026:06:42:35 +0000] "GET /sitemap_index.xml HTTP/1.1" 200 358 "-" "Mozilla/5.0 AppleWebKit/537.36 (KHTML, like Gecko; compatible; ClaudeBot/1.0; +claudebot@anthropic.com)"
216.73.216.179 - - [28/Apr/2026:06:43:46 +0000] "GET /copyright-dcma-notice/ HTTP/1.1" 200 49008 "-" "Mozilla/5.0 AppleWebKit/537.36 (KHTML, like Gecko; compatible; ClaudeBot/1.0; +claudebot@anthropic.com)"
185.191.171.11 - - [28/Apr/2026:06:43:51 +0000] "GET /music-productions/need-help-understanding-music-downloads-try-these-ideas/ HTTP/1.1" 200 49167 "-" "Mozilla/5.0 (compatible; SemrushBot/7~bl; +http://www.semrush.com/bot.html)"
184.94.212.206 - - [28/Apr/2026:06:45:56 +0000] "POST /wp-cron.php?doing_wp_cron=1777358756.3323740959167480468750 HTTP/1.1" 200 - "-" "WordPress/6.9.4; https://primemusicproductions.com"
185.191.171.19 - - [28/Apr/2026:06:45:54 +0000] "GET /music-productions/expert-advice-on-how-to-learn-guitar/?amp HTTP/1.1" 200 50268 "-" "Mozilla/5.0 (compatible; SemrushBot/7~bl; +http://www.semrush.com/bot.html)"
85.208.96.199 - - [28/Apr/2026:06:45:57 +0000] "GET /music-productions/expert-advice-on-how-to-learn-guitar/ HTTP/1.1" 200 50268 "-" "Mozilla/5.0 (compatible; SemrushBot/7~bl; +http://www.semrush.com/bot.html)"
184.94.212.206 - - [28/Apr/2026:06:46:38 +0000] "POST /wp-cron.php?doing_wp_cron=1777358798.2393729686737060546875 HTTP/1.1" 200 - "-" "WordPress/6.9.4; https://primemusicproductions.com"
192.0.85.167 - - [28/Apr/2026:06:46:36 +0000] "HEAD / HTTP/1.1" 200 - "-" "jetmon/1.0 (Jetpack Site Uptime Monitor by WordPress.com)"
184.94.212.206 - - [28/Apr/2026:06:47:53 +0000] "POST /wp-cron.php?doing_wp_cron=1777358873.9426438808441162109375 HTTP/1.1" 200 - "-" "WordPress/6.9.4; https://primemusicproductions.com"
114.119.155.83 - - [28/Apr/2026:06:47:50 +0000] "GET /music-productions/top-tips-for-learning-to-play-guitar?nonamp=1&amp HTTP/1.1" 301 - "https://primemusicproductions.com/music-productions/top-tips-for-learning-to-play-guitar?nonamp=1&amp" "Mozilla/5.0 (Linux; Android 7.0;) AppleWebKit/537.36 (HTML, like Gecko) Mobile Safari/537.36 (compatible; PetalBot;+https://webmaster.petalsearch.com/site/petalbot)"
114.119.155.83 - - [28/Apr/2026:06:47:54 +0000] "GET /music-productions/top-tips-for-learning-to-play-guitar/?nonamp=1&amp HTTP/1.1" 200 49782 "https://primemusicproductions.com/music-productions/top-tips-for-learning-to-play-guitar?nonamp=1&amp" "Mozilla/5.0 (Linux; Android 7.0;) AppleWebKit/537.36 (HTML, like Gecko) Mobile Safari/537.36 (compatible; PetalBot;+https://webmaster.petalsearch.com/site/petalbot)"
184.94.212.206 - - [28/Apr/2026:06:48:38 +0000] "POST /wp-cron.php?doing_wp_cron=1777358918.1600179672241210937500 HTTP/1.1" 200 - "-" "WordPress/6.9.4; https://primemusicproductions.com"
216.244.66.195 - - [28/Apr/2026:06:48:36 +0000] "GET /robots.txt HTTP/1.1" 200 298 "-" "Mozilla/5.0 (compatible; DotBot/1.2; +https://opensiteexplorer.org/dotbot; help@moz.com)"
184.94.212.206 - - [28/Apr/2026:06:49:44 +0000] "POST /wp-cron.php?doing_wp_cron=1777358984.2849850654602050781250 HTTP/1.1" 200 - "-" "WordPress/6.9.4; https://primemusicproductions.com"
34.195.248.30 - - [28/Apr/2026:06:49:42 +0000] "GET /music-productions/basic-step-by-step-tips-for-those-music-downloads/ HTTP/1.1" 200 50211 "-" "Mozilla/5.0 AppleWebKit/537.36 (KHTML, like Gecko; compatible; Amazonbot/0.1; +https://developer.amazon.com/support/amazonbot) Chrome/119.0.6045.214 Safari/537.36"
18.213.240.226 - - [28/Apr/2026:06:49:46 +0000] "GET /ftc-statement/ HTTP/1.1" 200 46032 "-" "Mozilla/5.0 AppleWebKit/537.36 (KHTML, like Gecko; compatible; Amazonbot/0.1; +https://developer.amazon.com/support/amazonbot) Chrome/119.0.6045.214 Safari/537.36"
54.152.163.42 - - [28/Apr/2026:06:49:50 +0000] "GET /music-productions/beat-maker/ HTTP/1.1" 200 49045 "-" "Mozilla/5.0 AppleWebKit/537.36 (KHTML, like Gecko; compatible; Amazonbot/0.1; +https://developer.amazon.com/support/amazonbot) Chrome/119.0.6045.214 Safari/537.36"
184.94.212.206 - - [28/Apr/2026:06:50:32 +0000] "POST /wp-cron.php?doing_wp_cron=1777359032.2357339859008789062500 HTTP/1.1" 200 - "-" "WordPress/6.9.4; https://primemusicproductions.com"
185.191.171.2 - - [28/Apr/2026:06:50:30 +0000] "GET /music-productions/want-to-rock-try-these-guitar-tips-and-tricks/?amp HTTP/1.1" 200 49218 "-" "Mozilla/5.0 (compatible; SemrushBot/7~bl; +http://www.semrush.com/bot.html)"
85.208.96.210 - - [28/Apr/2026:06:50:33 +0000] "GET /music-productions/want-to-rock-try-these-guitar-tips-and-tricks/ HTTP/1.1" 200 49218 "-" "Mozilla/5.0 (compatible; SemrushBot/7~bl; +http://www.semrush.com/bot.html)"
184.94.212.206 - - [28/Apr/2026:06:51:31 +0000] "POST /wp-cron.php?doing_wp_cron=1777359091.6890430450439453125000 HTTP/1.1" 200 - "-" "WordPress/6.9.4; https://primemusicproductions.com"
67.71.89.195 - - [28/Apr/2026:06:51:29 +0000] "GET /music-productions/are-you-new-to-the-guitar-try-these-tips-and-tricks/attachment/ai-and-the-music-industry-implications-and-challenges/ HTTP/1.1" 200 45356 "-" "Mozilla/5.0 (Windows NT 10.0; Win64; x64) AppleWebKit/537.36 (KHTML, like Gecko) Chrome/110.0.0.0 Safari/537.36"
192.0.85.167 - - [28/Apr/2026:06:51:34 +0000] "HEAD / HTTP/1.1" 200 - "-" "jetmon/1.0 (Jetpack Site Uptime Monitor by WordPress.com)"
