192.0.85.167 - - [28/Apr/2026:09:36:36 +0000] "HEAD / HTTP/1.1" 200 - "-" "jetmon/1.0 (Jetpack Site Uptime Monitor by WordPress.com)"
89.185.84.239 - - [28/Apr/2026:09:36:45 +0000] "GET /music-productions/unleashing-the-power-of-music-ai/attachment/the-promise-of-ai-music-generators-creating-studio-quality-music-with-a-click-of-a-button HTTP/1.1" 301 - "-" "Mozilla/5.0 (Windows NT 10.0; Win64; x64) AppleWebKit/537.36 (KHTML, like Gecko) Chrome/140.0.0.0 Safari/537.36"
185.100.159.86 - - [28/Apr/2026:09:36:47 +0000] "GET /music-productions/unleashing-the-power-of-music-ai/attachment/the-promise-of-ai-music-generators-creating-studio-quality-music-with-a-click-of-a-button/ HTTP/1.1" 200 145950 "-" "Mozilla/5.0 (Windows NT 10.0; Win64; x64) AppleWebKit/537.36 (KHTML, like Gecko) Chrome/140.0.0.0 Safari/537.36"
52.167.144.191 - - [28/Apr/2026:09:37:17 +0000] "GET /news-sitemap.xml HTTP/1.1" 200 317 "-" "Mozilla/5.0 AppleWebKit/537.36 (KHTML, like Gecko; compatible; bingbot/2.0; +http://www.bing.com/bingbot.htm) Chrome/116.0.1938.76 Safari/537.36"
184.94.212.206 - - [28/Apr/2026:09:38:21 +0000] "POST /wp-cron.php?doing_wp_cron=1777369101.9313750267028808593750 HTTP/1.1" 200 - "-" "WordPress/6.9.4; https://primemusicproductions.com"
114.119.155.83 - - [28/Apr/2026:09:38:20 +0000] "GET /tag/download-services/?nonamp=1&noamp=mobile HTTP/1.1" 200 48155 "https://primemusicproductions.com/tag/download-services/?nonamp=1&noamp=mobile" "Mozilla/5.0 (Linux; Android 7.0;) AppleWebKit/537.36 (HTML, like Gecko) Mobile Safari/537.36 (compatible; PetalBot;+https://webmaster.petalsearch.com/site/petalbot)"
184.94.212.206 - - [28/Apr/2026:09:41:14 +0000] "POST /wp-cron.php?doing_wp_cron=1777369274.1455531120300292968750 HTTP/1.1" 200 - "-" "WordPress/6.9.4; https://primemusicproductions.com"
17.241.219.214 - - [28/Apr/2026:09:41:12 +0000] "GET /music-productions/what-you-should-know-about-learning-the-guitar-2/ HTTP/1.1" 200 50208 "-" "Mozilla/5.0 (Macintosh; Intel Mac OS X 10_15_7) AppleWebKit/605.1.15 (KHTML, like Gecko) Version/17.4 Safari/605.1.15 (Applebot/0.1; +http://www.apple.com/go/applebot)"
192.0.85.167 - - [28/Apr/2026:09:41:34 +0000] "HEAD / HTTP/1.1" 200 - "-" "jetmon/1.0 (Jetpack Site Uptime Monitor by WordPress.com)"
184.94.212.206 - - [28/Apr/2026:09:43:46 +0000] "POST /wp-cron.php?doing_wp_cron=1777369426.1698710918426513671875 HTTP/1.1" 200 - "-" "WordPress/6.9.4; https://primemusicproductions.com"
4.193.118.98 - - [28/Apr/2026:09:43:44 +0000] "GET /.tmb/cloud.php HTTP/1.1" 301 - "-" "Mozilla/5.0 (Windows NT 10.0; Win64; x64) AppleWebKit/537.36 (KHTML, like Gecko) Chrome/120.0.0.0 Safari/537.36"
4.193.118.98 - - [28/Apr/2026:09:43:46 +0000] "GET /.well-known/ HTTP/1.1" 301 - "-" "Mozilla/5.0 (Windows NT 10.0; Win64; x64) AppleWebKit/537.36 (KHTML, like Gecko) Chrome/120.0.0.0 Safari/537.36"
4.193.118.98 - - [28/Apr/2026:09:43:47 +0000] "GET /.well-known/acme-challenge/index.php HTTP/1.1" 301 - "-" "Mozilla/5.0 (Windows NT 10.0; Win64; x64) AppleWebKit/537.36 (KHTML, like Gecko) Chrome/120.0.0.0 Safari/537.36"
4.193.118.98 - - [28/Apr/2026:09:43:49 +0000] "GET /.well-known/autoload_classmap.php HTTP/1.1" 301 - "-" "Mozilla/5.0 (Windows NT 10.0; Win64; x64) AppleWebKit/537.36 (KHTML, like Gecko) Chrome/120.0.0.0 Safari/537.36"
4.193.118.98 - - [28/Apr/2026:09:43:50 +0000] "GET /.well-known/pki-validation/ HTTP/1.1" 301 - "-" "Mozilla/5.0 (Windows NT 10.0; Win64; x64) AppleWebKit/537.36 (KHTML, like Gecko) Chrome/120.0.0.0 Safari/537.36"
216.73.161.90 - - [28/Apr/2026:09:43:50 +0000] "POST /wp-login.php HTTP/1.1" 401 3424 "-" "Mozilla/5.0"
4.193.118.98 - - [28/Apr/2026:09:43:51 +0000] "GET /.well-known/pki-validation/about.php HTTP/1.1" 301 - "-" "Mozilla/5.0 (Windows NT 10.0; Win64; x64) AppleWebKit/537.36 (KHTML, like Gecko) Chrome/120.0.0.0 Safari/537.36"
4.193.118.98 - - [28/Apr/2026:09:43:52 +0000] "GET //wp-2019.php HTTP/1.1" 301 - "-" "Mozilla/5.0 (Windows NT 10.0; Win64; x64) AppleWebKit/537.36 (KHTML, like Gecko) Chrome/120.0.0.0 Safari/537.36"
4.193.118.98 - - [28/Apr/2026:09:43:54 +0000] "GET //wp-content/themes/about.php HTTP/1.1" 301 - "-" "Mozilla/5.0 (Windows NT 10.0; Win64; x64) AppleWebKit/537.36 (KHTML, like Gecko) Chrome/120.0.0.0 Safari/537.36"
4.193.118.98 - - [28/Apr/2026:09:43:55 +0000] "GET /0.php HTTP/1.1" 301 - "-" "Mozilla/5.0 (Windows NT 10.0; Win64; x64) AppleWebKit/537.36 (KHTML, like Gecko) Chrome/120.0.0.0 Safari/537.36"
4.193.118.98 - - [28/Apr/2026:09:43:56 +0000] "GET /1.php HTTP/1.1" 301 - "-" "Mozilla/5.0 (Windows NT 10.0; Win64; x64) AppleWebKit/537.36 (KHTML, like Gecko) Chrome/120.0.0.0 Safari/537.36"
4.193.118.98 - - [28/Apr/2026:09:43:57 +0000] "GET /12.php HTTP/1.1" 301 - "-" "Mozilla/5.0 (Windows NT 10.0; Win64; x64) AppleWebKit/537.36 (KHTML, like Gecko) Chrome/120.0.0.0 Safari/537.36"
4.193.118.98 - - [28/Apr/2026:09:43:58 +0000] "GET /120f9.php HTTP/1.1" 301 - "-" "Mozilla/5.0 (Windows NT 10.0; Win64; x64) AppleWebKit/537.36 (KHTML, like Gecko) Chrome/120.0.0.0 Safari/537.36"
4.193.118.98 - - [28/Apr/2026:09:44:00 +0000] "GET /22.php HTTP/1.1" 301 - "-" "Mozilla/5.0 (Windows NT 10.0; Win64; x64) AppleWebKit/537.36 (KHTML, like Gecko) Chrome/120.0.0.0 Safari/537.36"
4.193.118.98 - - [28/Apr/2026:09:44:01 +0000] "GET /403.php HTTP/1.1" 301 - "-" "Mozilla/5.0 (Windows NT 10.0; Win64; x64) AppleWebKit/537.36 (KHTML, like Gecko) Chrome/120.0.0.0 Safari/537.36"
4.193.118.98 - - [28/Apr/2026:09:44:02 +0000] "GET /504.php HTTP/1.1" 301 - "-" "Mozilla/5.0 (Windows NT 10.0; Win64; x64) AppleWebKit/537.36 (KHTML, like Gecko) Chrome/120.0.0.0 Safari/537.36"
4.193.118.98 - - [28/Apr/2026:09:44:03 +0000] "GET /GOD.php HTTP/1.1" 301 - "-" "Mozilla/5.0 (Windows NT 10.0; Win64; x64) AppleWebKit/537.36 (KHTML, like Gecko) Chrome/120.0.0.0 Safari/537.36"
4.193.118.98 - - [28/Apr/2026:09:44:05 +0000] "GET /NewFile.php HTTP/1.1" 301 - "-" "Mozilla/5.0 (Windows NT 10.0; Win64; x64) AppleWebKit/537.36 (KHTML, like Gecko) Chrome/120.0.0.0 Safari/537.36"
4.193.118.98 - - [28/Apr/2026:09:44:06 +0000] "GET /aaa.php HTTP/1.1" 301 - "-" "Mozilla/5.0 (Windows NT 10.0; Win64; x64) AppleWebKit/537.36 (KHTML, like Gecko) Chrome/120.0.0.0 Safari/537.36"
4.193.118.98 - - [28/Apr/2026:09:44:07 +0000] "GET /ab.php HTTP/1.1" 301 - "-" "Mozilla/5.0 (Windows NT 10.0; Win64; x64) AppleWebKit/537.36 (KHTML, like Gecko) Chrome/120.0.0.0 Safari/537.36"
4.193.118.98 - - [28/Apr/2026:09:44:08 +0000] "GET /about/function.php HTTP/1.1" 301 - "-" "Mozilla/5.0 (Windows NT 10.0; Win64; x64) AppleWebKit/537.36 (KHTML, like Gecko) Chrome/120.0.0.0 Safari/537.36"
4.193.118.98 - - [28/Apr/2026:09:44:09 +0000] "GET /admin/function.php HTTP/1.1" 301 - "-" "Mozilla/5.0 (Windows NT 10.0; Win64; x64) AppleWebKit/537.36 (KHTML, like Gecko) Chrome/120.0.0.0 Safari/537.36"
4.193.118.98 - - [28/Apr/2026:09:44:11 +0000] "GET /admin/index_upload.php HTTP/1.1" 301 - "-" "Mozilla/5.0 (Windows NT 10.0; Win64; x64) AppleWebKit/537.36 (KHTML, like Gecko) Chrome/120.0.0.0 Safari/537.36"
4.193.118.98 - - [28/Apr/2026:09:44:12 +0000] "GET /al.php HTTP/1.1" 301 - "-" "Mozilla/5.0 (Windows NT 10.0; Win64; x64) AppleWebKit/537.36 (KHTML, like Gecko) Chrome/120.0.0.0 Safari/537.36"
4.193.118.98 - - [28/Apr/2026:09:44:13 +0000] "GET /alfa-rex.php HTTP/1.1" 301 - "-" "Mozilla/5.0 (Windows NT 10.0; Win64; x64) AppleWebKit/537.36 (KHTML, like Gecko) Chrome/120.0.0.0 Safari/537.36"
4.193.118.98 - - [28/Apr/2026:09:44:14 +0000] "GET /alfanew.PHP7 HTTP/1.1" 301 - "-" "Mozilla/5.0 (Windows NT 10.0; Win64; x64) AppleWebKit/537.36 (KHTML, like Gecko) Chrome/120.0.0.0 Safari/537.36"
4.193.118.98 - - [28/Apr/2026:09:44:15 +0000] "GET /alfanew.php HTTP/1.1" 301 - "-" "Mozilla/5.0 (Windows NT 10.0; Win64; x64) AppleWebKit/537.36 (KHTML, like Gecko) Chrome/120.0.0.0 Safari/537.36"
4.193.118.98 - - [28/Apr/2026:09:44:16 +0000] "GET /auth.php HTTP/1.1" 301 - "-" "Mozilla/5.0 (Windows NT 10.0; Win64; x64) AppleWebKit/537.36 (KHTML, like Gecko) Chrome/120.0.0.0 Safari/537.36"
4.193.118.98 - - [28/Apr/2026:09:44:18 +0000] "GET /b.php HTTP/1.1" 301 - "-" "Mozilla/5.0 (Windows NT 10.0; Win64; x64) AppleWebKit/537.36 (KHTML, like Gecko) Chrome/120.0.0.0 Safari/537.36"
4.193.118.98 - - [28/Apr/2026:09:44:19 +0000] "GET /b0.php HTTP/1.1" 301 - "-" "Mozilla/5.0 (Windows NT 10.0; Win64; x64) AppleWebKit/537.36 (KHTML, like Gecko) Chrome/120.0.0.0 Safari/537.36"
4.193.118.98 - - [28/Apr/2026:09:44:20 +0000] "GET /back.php HTTP/1.1" 301 - "-" "Mozilla/5.0 (Windows NT 10.0; Win64; x64) AppleWebKit/537.36 (KHTML, like Gecko) Chrome/120.0.0.0 Safari/537.36"
4.193.118.98 - - [28/Apr/2026:09:44:21 +0000] "GET /bala.php HTTP/1.1" 301 - "-" "Mozilla/5.0 (Windows NT 10.0; Win64; x64) AppleWebKit/537.36 (KHTML, like Gecko) Chrome/120.0.0.0 Safari/537.36"
4.193.118.98 - - [28/Apr/2026:09:44:22 +0000] "GET /baxa1.php HTTP/1.1" 301 - "-" "Mozilla/5.0 (Windows NT 10.0; Win64; x64) AppleWebKit/537.36 (KHTML, like Gecko) Chrome/120.0.0.0 Safari/537.36"
184.94.212.206 - - [28/Apr/2026:09:44:24 +0000] "POST /wp-cron.php?doing_wp_cron=1777369464.9313910007476806640625 HTTP/1.1" 200 - "-" "WordPress/6.9.4; https://primemusicproductions.com"
4.193.118.98 - - [28/Apr/2026:09:44:23 +0000] "GET /buy.php HTTP/1.1" 301 - "-" "Mozilla/5.0 (Windows NT 10.0; Win64; x64) AppleWebKit/537.36 (KHTML, like Gecko) Chrome/120.0.0.0 Safari/537.36"
4.193.118.98 - - [28/Apr/2026:09:44:25 +0000] "GET /byp.php HTTP/1.1" 301 - "-" "Mozilla/5.0 (Windows NT 10.0; Win64; x64) AppleWebKit/537.36 (KHTML, like Gecko) Chrome/120.0.0.0 Safari/537.36"
4.193.118.98 - - [28/Apr/2026:09:44:26 +0000] "GET /c.php HTTP/1.1" 301 - "-" "Mozilla/5.0 (Windows NT 10.0; Win64; x64) AppleWebKit/537.36 (KHTML, like Gecko) Chrome/120.0.0.0 Safari/537.36"
4.193.118.98 - - [28/Apr/2026:09:44:27 +0000] "GET /c99.php? HTTP/1.1" 301 - "-" "Mozilla/5.0 (Windows NT 10.0; Win64; x64) AppleWebKit/537.36 (KHTML, like Gecko) Chrome/120.0.0.0 Safari/537.36"
4.193.118.98 - - [28/Apr/2026:09:44:28 +0000] "GET /chosen.php HTTP/1.1" 301 - "-" "Mozilla/5.0 (Windows NT 10.0; Win64; x64) AppleWebKit/537.36 (KHTML, like Gecko) Chrome/120.0.0.0 Safari/537.36"
4.193.118.98 - - [28/Apr/2026:09:44:30 +0000] "GET /class-wp-lock.php HTTP/1.1" 301 - "-" "Mozilla/5.0 (Windows NT 10.0; Win64; x64) AppleWebKit/537.36 (KHTML, like Gecko) Chrome/120.0.0.0 Safari/537.36"
4.193.118.98 - - [28/Apr/2026:09:44:31 +0000] "GET /cong.php HTTP/1.1" 301 - "-" "Mozilla/5.0 (Windows NT 10.0; Win64; x64) AppleWebKit/537.36 (KHTML, like Gecko) Chrome/120.0.0.0 Safari/537.36"
4.193.118.98 - - [28/Apr/2026:09:44:32 +0000] "GET /content.php HTTP/1.1" 301 - "-" "Mozilla/5.0 (Windows NT 10.0; Win64; x64) AppleWebKit/537.36 (KHTML, like Gecko) Chrome/120.0.0.0 Safari/537.36"
4.193.118.98 - - [28/Apr/2026:09:44:33 +0000] "GET /control.php HTTP/1.1" 301 - "-" "Mozilla/5.0 (Windows NT 10.0; Win64; x64) AppleWebKit/537.36 (KHTML, like Gecko) Chrome/120.0.0.0 Safari/537.36"
4.193.118.98 - - [28/Apr/2026:09:44:35 +0000] "GET /cookie.php HTTP/1.1" 301 - "-" "Mozilla/5.0 (Windows NT 10.0; Win64; x64) AppleWebKit/537.36 (KHTML, like Gecko) Chrome/120.0.0.0 Safari/537.36"
4.193.118.98 - - [28/Apr/2026:09:44:36 +0000] "GET /credits.php HTTP/1.1" 301 - "-" "Mozilla/5.0 (Windows NT 10.0; Win64; x64) AppleWebKit/537.36 (KHTML, like Gecko) Chrome/120.0.0.0 Safari/537.36"
4.193.118.98 - - [28/Apr/2026:09:44:37 +0000] "GET /cron.php HTTP/1.1" 301 - "-" "Mozilla/5.0 (Windows NT 10.0; Win64; x64) AppleWebKit/537.36 (KHTML, like Gecko) Chrome/120.0.0.0 Safari/537.36"
4.193.118.98 - - [28/Apr/2026:09:44:38 +0000] "GET /css.php HTTP/1.1" 301 - "-" "Mozilla/5.0 (Windows NT 10.0; Win64; x64) AppleWebKit/537.36 (KHTML, like Gecko) Chrome/120.0.0.0 Safari/537.36"
4.193.118.98 - - [28/Apr/2026:09:44:39 +0000] "GET /css/autoload_classmap.php HTTP/1.1" 301 - "-" "Mozilla/5.0 (Windows NT 10.0; Win64; x64) AppleWebKit/537.36 (KHTML, like Gecko) Chrome/120.0.0.0 Safari/537.36"
4.193.118.98 - - [28/Apr/2026:09:44:41 +0000] "GET /data.php HTTP/1.1" 301 - "-" "Mozilla/5.0 (Windows NT 10.0; Win64; x64) AppleWebKit/537.36 (KHTML, like Gecko) Chrome/120.0.0.0 Safari/537.36"
4.193.118.98 - - [28/Apr/2026:09:44:42 +0000] "GET /disagreed.php HTTP/1.1" 301 - "-" "Mozilla/5.0 (Windows NT 10.0; Win64; x64) AppleWebKit/537.36 (KHTML, like Gecko) Chrome/120.0.0.0 Safari/537.36"
4.193.118.98 - - [28/Apr/2026:09:44:43 +0000] "GET /doc.php HTTP/1.1" 301 - "-" "Mozilla/5.0 (Windows NT 10.0; Win64; x64) AppleWebKit/537.36 (KHTML, like Gecko) Chrome/120.0.0.0 Safari/537.36"
4.193.118.98 - - [28/Apr/2026:09:44:44 +0000] "GET /dropdown.php HTTP/1.1" 301 - "-" "Mozilla/5.0 (Windows NT 10.0; Win64; x64) AppleWebKit/537.36 (KHTML, like Gecko) Chrome/120.0.0.0 Safari/537.36"
4.193.118.98 - - [28/Apr/2026:09:44:45 +0000] "GET /ds.php HTTP/1.1" 301 - "-" "Mozilla/5.0 (Windows NT 10.0; Win64; x64) AppleWebKit/537.36 (KHTML, like Gecko) Chrome/120.0.0.0 Safari/537.36"
4.193.118.98 - - [28/Apr/2026:09:44:47 +0000] "GET /ee.php HTTP/1.1" 301 - "-" "Mozilla/5.0 (Windows NT 10.0; Win64; x64) AppleWebKit/537.36 (KHTML, like Gecko) Chrome/120.0.0.0 Safari/537.36"
4.193.118.98 - - [28/Apr/2026:09:44:48 +0000] "GET /en.php HTTP/1.1" 301 - "-" "Mozilla/5.0 (Windows NT 10.0; Win64; x64) AppleWebKit/537.36 (KHTML, like Gecko) Chrome/120.0.0.0 Safari/537.36"
4.193.118.98 - - [28/Apr/2026:09:44:49 +0000] "GET /error.php HTTP/1.1" 301 - "-" "Mozilla/5.0 (Windows NT 10.0; Win64; x64) AppleWebKit/537.36 (KHTML, like Gecko) Chrome/120.0.0.0 Safari/537.36"
4.193.118.98 - - [28/Apr/2026:09:44:50 +0000] "GET /f35.php HTTP/1.1" 301 - "-" "Mozilla/5.0 (Windows NT 10.0; Win64; x64) AppleWebKit/537.36 (KHTML, like Gecko) Chrome/120.0.0.0 Safari/537.36"
4.193.118.98 - - [28/Apr/2026:09:44:51 +0000] "GET /favicon.php HTTP/1.1" 301 - "-" "Mozilla/5.0 (Windows NT 10.0; Win64; x64) AppleWebKit/537.36 (KHTML, like Gecko) Chrome/120.0.0.0 Safari/537.36"
4.193.118.98 - - [28/Apr/2026:09:44:52 +0000] "GET /feeds.php HTTP/1.1" 301 - "-" "Mozilla/5.0 (Windows NT 10.0; Win64; x64) AppleWebKit/537.36 (KHTML, like Gecko) Chrome/120.0.0.0 Safari/537.36"
4.193.118.98 - - [28/Apr/2026:09:44:54 +0000] "GET /files.php HTTP/1.1" 301 - "-" "Mozilla/5.0 (Windows NT 10.0; Win64; x64) AppleWebKit/537.36 (KHTML, like Gecko) Chrome/120.0.0.0 Safari/537.36"
4.193.118.98 - - [28/Apr/2026:09:44:55 +0000] "GET /files/autoload_classmap.php HTTP/1.1" 301 - "-" "Mozilla/5.0 (Windows NT 10.0; Win64; x64) AppleWebKit/537.36 (KHTML, like Gecko) Chrome/120.0.0.0 Safari/537.36"
4.193.118.98 - - [28/Apr/2026:09:44:56 +0000] "GET /flower.php HTTP/1.1" 301 - "-" "Mozilla/5.0 (Windows NT 10.0; Win64; x64) AppleWebKit/537.36 (KHTML, like Gecko) Chrome/120.0.0.0 Safari/537.36"
184.94.212.206 - - [28/Apr/2026:09:44:58 +0000] "POST /wp-cron.php?doing_wp_cron=1777369498.7052879333496093750000 HTTP/1.1" 200 - "-" "WordPress/6.9.4; https://primemusicproductions.com"
4.193.118.98 - - [28/Apr/2026:09:44:57 +0000] "GET /function.php HTTP/1.1" 301 - "-" "Mozilla/5.0 (Windows NT 10.0; Win64; x64) AppleWebKit/537.36 (KHTML, like Gecko) Chrome/120.0.0.0 Safari/537.36"
4.193.118.98 - - [28/Apr/2026:09:44:59 +0000] "GET /functions.php HTTP/1.1" 301 - "-" "Mozilla/5.0 (Windows NT 10.0; Win64; x64) AppleWebKit/537.36 (KHTML, like Gecko) Chrome/120.0.0.0 Safari/537.36"
4.193.118.98 - - [28/Apr/2026:09:45:00 +0000] "GET /gecko-new.php HTTP/1.1" 301 - "-" "Mozilla/5.0 (Windows NT 10.0; Win64; x64) AppleWebKit/537.36 (KHTML, like Gecko) Chrome/120.0.0.0 Safari/537.36"
4.193.118.98 - - [28/Apr/2026:09:45:01 +0000] "GET /ggfi.php HTTP/1.1" 301 - "-" "Mozilla/5.0 (Windows NT 10.0; Win64; x64) AppleWebKit/537.36 (KHTML, like Gecko) Chrome/120.0.0.0 Safari/537.36"
4.193.118.98 - - [28/Apr/2026:09:45:03 +0000] "GET /gzak2w.php HTTP/1.1" 301 - "-" "Mozilla/5.0 (Windows NT 10.0; Win64; x64) AppleWebKit/537.36 (KHTML, like Gecko) Chrome/120.0.0.0 Safari/537.36"
4.193.118.98 - - [28/Apr/2026:09:45:05 +0000] "GET /hehe.php HTTP/1.1" 301 - "-" "Mozilla/5.0 (Windows NT 10.0; Win64; x64) AppleWebKit/537.36 (KHTML, like Gecko) Chrome/120.0.0.0 Safari/537.36"
4.193.118.98 - - [28/Apr/2026:09:45:06 +0000] "GET /hehehehe.php HTTP/1.1" 301 - "-" "Mozilla/5.0 (Windows NT 10.0; Win64; x64) AppleWebKit/537.36 (KHTML, like Gecko) Chrome/120.0.0.0 Safari/537.36"
4.193.118.98 - - [28/Apr/2026:09:45:07 +0000] "GET /help.php HTTP/1.1" 301 - "-" "Mozilla/5.0 (Windows NT 10.0; Win64; x64) AppleWebKit/537.36 (KHTML, like Gecko) Chrome/120.0.0.0 Safari/537.36"
184.94.212.206 - - [28/Apr/2026:09:45:10 +0000] "POST /wp-cron.php?doing_wp_cron=1777369510.2020890712738037109375 HTTP/1.1" 200 - "-" "WordPress/6.9.4; https://primemusicproductions.com"
4.193.118.98 - - [28/Apr/2026:09:45:09 +0000] "GET /images/wp-login.php HTTP/1.1" 301 - "-" "Mozilla/5.0 (Windows NT 10.0; Win64; x64) AppleWebKit/537.36 (KHTML, like Gecko) Chrome/120.0.0.0 Safari/537.36"
114.119.156.165 - - [28/Apr/2026:09:45:09 +0000] "GET /tag/begin-slowly/?nonamp=1&amp HTTP/1.1" 200 48649 "https://primemusicproductions.com/tag/begin-slowly/?nonamp=1&amp" "Mozilla/5.0 (Linux; Android 7.0;) AppleWebKit/537.36 (HTML, like Gecko) Mobile Safari/537.36 (compatible; PetalBot;+https://webmaster.petalsearch.com/site/petalbot)"
4.193.118.98 - - [28/Apr/2026:09:45:10 +0000] "GET /index.php HTTP/1.1" 301 - "-" "Mozilla/5.0 (Windows NT 10.0; Win64; x64) AppleWebKit/537.36 (KHTML, like Gecko) Chrome/120.0.0.0 Safari/537.36"
4.193.118.98 - - [28/Apr/2026:09:45:11 +0000] "GET /index/function.php HTTP/1.1" 301 - "-" "Mozilla/5.0 (Windows NT 10.0; Win64; x64) AppleWebKit/537.36 (KHTML, like Gecko) Chrome/120.0.0.0 Safari/537.36"
4.193.118.98 - - [28/Apr/2026:09:45:13 +0000] "GET /install.php HTTP/1.1" 301 - "-" "Mozilla/5.0 (Windows NT 10.0; Win64; x64) AppleWebKit/537.36 (KHTML, like Gecko) Chrome/120.0.0.0 Safari/537.36"
4.193.118.98 - - [28/Apr/2026:09:45:14 +0000] "GET /jp.php HTTP/1.1" 301 - "-" "Mozilla/5.0 (Windows NT 10.0; Win64; x64) AppleWebKit/537.36 (KHTML, like Gecko) Chrome/120.0.0.0 Safari/537.36"
4.193.118.98 - - [28/Apr/2026:09:45:16 +0000] "GET /mah/function.php HTTP/1.1" 301 - "-" "Mozilla/5.0 (Windows NT 10.0; Win64; x64) AppleWebKit/537.36 (KHTML, like Gecko) Chrome/120.0.0.0 Safari/537.36"
4.193.118.98 - - [28/Apr/2026:09:45:17 +0000] "GET /meta.php HTTP/1.1" 301 - "-" "Mozilla/5.0 (Windows NT 10.0; Win64; x64) AppleWebKit/537.36 (KHTML, like Gecko) Chrome/120.0.0.0 Safari/537.36"
4.193.118.98 - - [28/Apr/2026:09:45:18 +0000] "GET /moon.php HTTP/1.1" 301 - "-" "Mozilla/5.0 (Windows NT 10.0; Win64; x64) AppleWebKit/537.36 (KHTML, like Gecko) Chrome/120.0.0.0 Safari/537.36"
4.193.118.98 - - [28/Apr/2026:09:45:19 +0000] "GET /new.php HTTP/1.1" 301 - "-" "Mozilla/5.0 (Windows NT 10.0; Win64; x64) AppleWebKit/537.36 (KHTML, like Gecko) Chrome/120.0.0.0 Safari/537.36"
4.193.118.98 - - [28/Apr/2026:09:45:21 +0000] "GET /ova.php HTTP/1.1" 301 - "-" "Mozilla/5.0 (Windows NT 10.0; Win64; x64) AppleWebKit/537.36 (KHTML, like Gecko) Chrome/120.0.0.0 Safari/537.36"
4.193.118.98 - - [28/Apr/2026:09:45:22 +0000] "GET /print/bkindex.php HTTP/1.1" 301 - "-" "Mozilla/5.0 (Windows NT 10.0; Win64; x64) AppleWebKit/537.36 (KHTML, like Gecko) Chrome/120.0.0.0 Safari/537.36"
4.193.118.98 - - [28/Apr/2026:09:45:23 +0000] "GET /radio.php HTTP/1.1" 301 - "-" "Mozilla/5.0 (Windows NT 10.0; Win64; x64) AppleWebKit/537.36 (KHTML, like Gecko) Chrome/120.0.0.0 Safari/537.36"
4.193.118.98 - - [28/Apr/2026:09:45:24 +0000] "GET /randkeyword.php HTTP/1.1" 301 - "-" "Mozilla/5.0 (Windows NT 10.0; Win64; x64) AppleWebKit/537.36 (KHTML, like Gecko) Chrome/120.0.0.0 Safari/537.36"
4.193.118.98 - - [28/Apr/2026:09:45:25 +0000] "GET /room.php HTTP/1.1" 301 - "-" "Mozilla/5.0 (Windows NT 10.0; Win64; x64) AppleWebKit/537.36 (KHTML, like Gecko) Chrome/120.0.0.0 Safari/537.36"
4.193.118.98 - - [28/Apr/2026:09:45:27 +0000] "GET /sad/about.php HTTP/1.1" 301 - "-" "Mozilla/5.0 (Windows NT 10.0; Win64; x64) AppleWebKit/537.36 (KHTML, like Gecko) Chrome/120.0.0.0 Safari/537.36"
4.193.118.98 - - [28/Apr/2026:09:45:28 +0000] "GET /sim.php/wp-includes/certificates/plugins.php HTTP/1.1" 301 - "-" "Mozilla/5.0 (Windows NT 10.0; Win64; x64) AppleWebKit/537.36 (KHTML, like Gecko) Chrome/120.0.0.0 Safari/537.36"
4.193.118.98 - - [28/Apr/2026:09:45:29 +0000] "GET /simple.php HTTP/1.1" 301 - "-" "Mozilla/5.0 (Windows NT 10.0; Win64; x64) AppleWebKit/537.36 (KHTML, like Gecko) Chrome/120.0.0.0 Safari/537.36"
4.193.118.98 - - [28/Apr/2026:09:45:30 +0000] "GET /templates/beez3/1.php HTTP/1.1" 301 - "-" "Mozilla/5.0 (Windows NT 10.0; Win64; x64) AppleWebKit/537.36 (KHTML, like Gecko) Chrome/120.0.0.0 Safari/537.36"
4.193.118.98 - - [28/Apr/2026:09:45:31 +0000] "GET /templates/beez3/index.php HTTP/1.1" 301 - "-" "Mozilla/5.0 (Windows NT 10.0; Win64; x64) AppleWebKit/537.36 (KHTML, like Gecko) Chrome/120.0.0.0 Safari/537.36"
17.241.219.133 - - [28/Apr/2026:09:45:53 +0000] "GET /wp-includes/js/mediaelement/mediaelementplayer-legacy.min.css?ver=4.2.17 HTTP/1.1" 200 2592 "https://primemusicproductions.com/music-productions/what-you-should-know-about-learning-the-guitar-2/" "Mozilla/5.0 (Macintosh; Intel Mac OS X 10_15_7) AppleWebKit/605.1.15 (KHTML, like Gecko) Version/17.4 Safari/605.1.15 (Applebot/0.1; +http://www.apple.com/go/applebot)"
17.241.219.184 - - [28/Apr/2026:09:45:54 +0000] "GET /wp-content/plugins/jetpack/modules/related-posts/related-posts.css?ver=20240116 HTTP/1.1" 200 1735 "https://primemusicproductions.com/music-productions/what-you-should-know-about-learning-the-guitar-2/" "Mozilla/5.0 (Macintosh; Intel Mac OS X 10_15_7) AppleWebKit/605.1.15 (KHTML, like Gecko) Version/17.4 Safari/605.1.15 (Applebot/0.1; +http://www.apple.com/go/applebot)"
17.241.227.196 - - [28/Apr/2026:09:45:55 +0000] "GET /wp-includes/css/admin-bar.min.css?ver=add92f4e98f9ce618741def37b23f2f1 HTTP/1.1" 200 3861 "https://primemusicproductions.com/music-productions/what-you-should-know-about-learning-the-guitar-2/" "Mozilla/5.0 (Macintosh; Intel Mac OS X 10_15_7) AppleWebKit/605.1.15 (KHTML, like Gecko) Version/17.4 Safari/605.1.15 (Applebot/0.1; +http://www.apple.com/go/applebot)"
17.241.227.214 - - [28/Apr/2026:09:45:56 +0000] "GET /wp-includes/css/dist/block-library/style.min.css?ver=add92f4e98f9ce618741def37b23f2f1 HTTP/1.1" 200 15916 "https://primemusicproductions.com/music-productions/what-you-should-know-about-learning-the-guitar-2/" "Mozilla/5.0 (Macintosh; Intel Mac OS X 10_15_7) AppleWebKit/605.1.15 (KHTML, like Gecko) Version/17.4 Safari/605.1.15 (Applebot/0.1; +http://www.apple.com/go/applebot)"
17.241.219.241 - - [28/Apr/2026:09:45:57 +0000] "GET /wp-includes/js/mediaelement/wp-mediaelement.min.css?ver=add92f4e98f9ce618741def37b23f2f1 HTTP/1.1" 200 1156 "https://primemusicproductions.com/music-productions/what-you-should-know-about-learning-the-guitar-2/" "Mozilla/5.0 (Macintosh; Intel Mac OS X 10_15_7) AppleWebKit/605.1.15 (KHTML, like Gecko) Version/17.4 Safari/605.1.15 (Applebot/0.1; +http://www.apple.com/go/applebot)"
17.241.227.25 - - [28/Apr/2026:09:45:58 +0000] "GET /wp-includes/css/dashicons.min.css?ver=add92f4e98f9ce618741def37b23f2f1 HTTP/1.1" 200 35721 "https://primemusicproductions.com/music-productions/what-you-should-know-about-learning-the-guitar-2/" "Mozilla/5.0 (Macintosh; Intel Mac OS X 10_15_7) AppleWebKit/605.1.15 (KHTML, like Gecko) Version/17.4 Safari/605.1.15 (Applebot/0.1; +http://www.apple.com/go/applebot)"
17.241.219.61 - - [28/Apr/2026:09:45:59 +0000] "GET /wp-content/themes/flatmagazinews/style.css?ver=add92f4e98f9ce618741def37b23f2f1 HTTP/1.1" 200 9896 "https://primemusicproductions.com/music-productions/what-you-should-know-about-learning-the-guitar-2/" "Mozilla/5.0 (Macintosh; Intel Mac OS X 10_15_7) AppleWebKit/605.1.15 (KHTML, like Gecko) Version/17.4 Safari/605.1.15 (Applebot/0.1; +http://www.apple.com/go/applebot)"
17.241.227.170 - - [28/Apr/2026:09:46:00 +0000] "GET /wp-content/themes/flatmagazinews/css/font-awesome.min.css?ver=add92f4e98f9ce618741def37b23f2f1 HTTP/1.1" 200 7053 "https://primemusicproductions.com/music-productions/what-you-should-know-about-learning-the-guitar-2/" "Mozilla/5.0 (Macintosh; Intel Mac OS X 10_15_7) AppleWebKit/605.1.15 (KHTML, like Gecko) Version/17.4 Safari/605.1.15 (Applebot/0.1; +http://www.apple.com/go/applebot)"
17.241.227.214 - - [28/Apr/2026:09:46:00 +0000] "GET /wp-content/themes/modern-storytelling/style.css?ver=add92f4e98f9ce618741def37b23f2f1 HTTP/1.1" 200 9040 "https://primemusicproductions.com/music-productions/what-you-should-know-about-learning-the-guitar-2/" "Mozilla/5.0 (Macintosh; Intel Mac OS X 10_15_7) AppleWebKit/605.1.15 (KHTML, like Gecko) Version/17.4 Safari/605.1.15 (Applebot/0.1; +http://www.apple.com/go/applebot)"
17.241.219.241 - - [28/Apr/2026:09:46:01 +0000] "GET /wp-content/plugins/jetpack/modules/sharedaddy/sharing.css?ver=15.7.1 HTTP/1.1" 200 3384 "https://primemusicproductions.com/music-productions/what-you-should-know-about-learning-the-guitar-2/" "Mozilla/5.0 (Macintosh; Intel Mac OS X 10_15_7) AppleWebKit/605.1.15 (KHTML, like Gecko) Version/17.4 Safari/605.1.15 (Applebot/0.1; +http://www.apple.com/go/applebot)"
17.241.227.227 - - [28/Apr/2026:09:46:01 +0000] "GET /wp-content/plugins/jetpack/_inc/build/related-posts/related-posts.min.js?ver=20240116 HTTP/1.1" 200 1915 "https://primemusicproductions.com/music-productions/what-you-should-know-about-learning-the-guitar-2/" "Mozilla/5.0 (Macintosh; Intel Mac OS X 10_15_7) AppleWebKit/605.1.15 (KHTML, like Gecko) Version/17.4 Safari/605.1.15 (Applebot/0.1; +http://www.apple.com/go/applebot)"
17.241.227.89 - - [28/Apr/2026:09:46:02 +0000] "GET /wp-content/plugins/jetpack/_inc/build/social-logos/social-logos.css?ver=15.7.1 HTTP/1.1" 200 9611 "https://primemusicproductions.com/music-productions/what-you-should-know-about-learning-the-guitar-2/" "Mozilla/5.0 (Macintosh; Intel Mac OS X 10_15_7) AppleWebKit/605.1.15 (KHTML, like Gecko) Version/17.4 Safari/605.1.15 (Applebot/0.1; +http://www.apple.com/go/applebot)"
17.241.219.144 - - [28/Apr/2026:09:46:03 +0000] "GET /wp-includes/js/jquery/jquery.min.js?ver=3.7.1 HTTP/1.1" 200 30368 "https://primemusicproductions.com/music-productions/what-you-should-know-about-learning-the-guitar-2/" "Mozilla/5.0 (Macintosh; Intel Mac OS X 10_15_7) AppleWebKit/605.1.15 (KHTML, like Gecko) Version/17.4 Safari/605.1.15 (Applebot/0.1; +http://www.apple.com/go/applebot)"
17.241.75.41 - - [28/Apr/2026:09:46:04 +0000] "GET /wp-includes/js/jquery/jquery-migrate.min.js?ver=3.4.1 HTTP/1.1" 200 4872 "https://primemusicproductions.com/music-productions/what-you-should-know-about-learning-the-guitar-2/" "Mozilla/5.0 (Macintosh; Intel Mac OS X 10_15_7) AppleWebKit/605.1.15 (KHTML, like Gecko) Version/17.4 Safari/605.1.15 (Applebot/0.1; +http://www.apple.com/go/applebot)"
17.241.219.64 - - [28/Apr/2026:09:46:04 +0000] "GET /wp-content/plugins/jetpack/modules/widgets/eu-cookie-law/style.css?ver=15.7.1 HTTP/1.1" 200 877 "https://primemusicproductions.com/music-productions/what-you-should-know-about-learning-the-guitar-2/" "Mozilla/5.0 (Macintosh; Intel Mac OS X 10_15_7) AppleWebKit/605.1.15 (KHTML, like Gecko) Version/17.4 Safari/605.1.15 (Applebot/0.1; +http://www.apple.com/go/applebot)"
17.241.219.12 - - [28/Apr/2026:09:46:05 +0000] "GET /wp-content/plugins/wp-accessibility-helper/assets/js/wp-accessibility-helper.min.js?ver=1.0.0 HTTP/1.1" 200 2661 "https://primemusicproductions.com/music-productions/what-you-should-know-about-learning-the-guitar-2/" "Mozilla/5.0 (Macintosh; Intel Mac OS X 10_15_7) AppleWebKit/605.1.15 (KHTML, like Gecko) Version/17.4 Safari/605.1.15 (Applebot/0.1; +http://www.apple.com/go/applebot)"
17.241.227.165 - - [28/Apr/2026:09:46:06 +0000] "GET /wp-content/themes/flatmagazinews/js/navigation.js?ver=20170823 HTTP/1.1" 200 1094 "https://primemusicproductions.com/music-productions/what-you-should-know-about-learning-the-guitar-2/" "Mozilla/5.0 (Macintosh; Intel Mac OS X 10_15_7) AppleWebKit/605.1.15 (KHTML, like Gecko) Version/17.4 Safari/605.1.15 (Applebot/0.1; +http://www.apple.com/go/applebot)"
17.241.75.20 - - [28/Apr/2026:09:46:07 +0000] "GET /wp-content/themes/flatmagazinews/js/skip-link-focus-fix.js?ver=20170823 HTTP/1.1" 200 417 "https://primemusicproductions.com/music-productions/what-you-should-know-about-learning-the-guitar-2/" "Mozilla/5.0 (Macintosh; Intel Mac OS X 10_15_7) AppleWebKit/605.1.15 (KHTML, like Gecko) Version/17.4 Safari/605.1.15 (Applebot/0.1; +http://www.apple.com/go/applebot)"
17.241.75.247 - - [28/Apr/2026:09:46:07 +0000] "GET /wp-content/themes/flatmagazinews/js/script.js?ver=20160720 HTTP/1.1" 200 1118 "https://primemusicproductions.com/music-productions/what-you-should-know-about-learning-the-guitar-2/" "Mozilla/5.0 (Macintosh; Intel Mac OS X 10_15_7) AppleWebKit/605.1.15 (KHTML, like Gecko) Version/17.4 Safari/605.1.15 (Applebot/0.1; +http://www.apple.com/go/applebot)"
17.241.227.210 - - [28/Apr/2026:09:46:08 +0000] "GET /wp-content/themes/flatmagazinews/js/accessibility.js?ver=20160720 HTTP/1.1" 200 534 "https://primemusicproductions.com/music-productions/what-you-should-know-about-learning-the-guitar-2/" "Mozilla/5.0 (Macintosh; Intel Mac OS X 10_15_7) AppleWebKit/605.1.15 (KHTML, like Gecko) Version/17.4 Safari/605.1.15 (Applebot/0.1; +http://www.apple.com/go/applebot)"
17.241.75.108 - - [28/Apr/2026:09:46:08 +0000] "GET /wp-content/plugins/google-site-kit/dist/assets/js/googlesitekit-consent-mode-bc2e26cfa69fcd4a8261.js HTTP/1.1" 200 25395 "https://primemusicproductions.com/music-productions/what-you-should-know-about-learning-the-guitar-2/" "Mozilla/5.0 (Macintosh; Intel Mac OS X 10_15_7) AppleWebKit/605.1.15 (KHTML, like Gecko) Version/17.4 Safari/605.1.15 (Applebot/0.1; +http://www.apple.com/go/applebot)"
17.241.219.12 - - [28/Apr/2026:09:46:09 +0000] "GET /wp-content/plugins/wp-consent-api/assets/js/wp-consent-api.min.js?ver=2.0.1 HTTP/1.1" 200 822 "https://primemusicproductions.com/music-productions/what-you-should-know-about-learning-the-guitar-2/" "Mozilla/5.0 (Macintosh; Intel Mac OS X 10_15_7) AppleWebKit/605.1.15 (KHTML, like Gecko) Version/17.4 Safari/605.1.15 (Applebot/0.1; +http://www.apple.com/go/applebot)"
17.241.227.211 - - [28/Apr/2026:09:46:10 +0000] "GET /wp-content/plugins/jetpack/_inc/build/likes/queuehandler.min.js?ver=15.7.1 HTTP/1.1" 200 2401 "https://primemusicproductions.com/music-productions/what-you-should-know-about-learning-the-guitar-2/" "Mozilla/5.0 (Macintosh; Intel Mac OS X 10_15_7) AppleWebKit/605.1.15 (KHTML, like Gecko) Version/17.4 Safari/605.1.15 (Applebot/0.1; +http://www.apple.com/go/applebot)"
17.241.75.20 - - [28/Apr/2026:09:46:10 +0000] "GET /wp-includes/js/mediaelement/mediaelement-and-player.min.js?ver=4.2.17 HTTP/1.1" 200 38789 "https://primemusicproductions.com/music-productions/what-you-should-know-about-learning-the-guitar-2/" "Mozilla/5.0 (Macintosh; Intel Mac OS X 10_15_7) AppleWebKit/605.1.15 (KHTML, like Gecko) Version/17.4 Safari/605.1.15 (Applebot/0.1; +http://www.apple.com/go/applebot)"
17.241.219.226 - - [28/Apr/2026:09:46:11 +0000] "GET /wp-includes/js/mediaelement/mediaelement-migrate.min.js?ver=add92f4e98f9ce618741def37b23f2f1 HTTP/1.1" 200 540 "https://primemusicproductions.com/music-productions/what-you-should-know-about-learning-the-guitar-2/" "Mozilla/5.0 (Macintosh; Intel Mac OS X 10_15_7) AppleWebKit/605.1.15 (KHTML, like Gecko) Version/17.4 Safari/605.1.15 (Applebot/0.1; +http://www.apple.com/go/applebot)"
17.241.227.126 - - [28/Apr/2026:09:46:12 +0000] "GET /wp-includes/js/mediaelement/wp-mediaelement.min.js?ver=add92f4e98f9ce618741def37b23f2f1 HTTP/1.1" 200 538 "https://primemusicproductions.com/music-productions/what-you-should-know-about-learning-the-guitar-2/" "Mozilla/5.0 (Macintosh; Intel Mac OS X 10_15_7) AppleWebKit/605.1.15 (KHTML, like Gecko) Version/17.4 Safari/605.1.15 (Applebot/0.1; +http://www.apple.com/go/applebot)"
17.241.227.210 - - [28/Apr/2026:09:46:12 +0000] "GET /wp-includes/js/mediaelement/renderers/vimeo.min.js?ver=4.2.17 HTTP/1.1" 200 2284 "https://primemusicproductions.com/music-productions/what-you-should-know-about-learning-the-guitar-2/" "Mozilla/5.0 (Macintosh; Intel Mac OS X 10_15_7) AppleWebKit/605.1.15 (KHTML, like Gecko) Version/17.4 Safari/605.1.15 (Applebot/0.1; +http://www.apple.com/go/applebot)"
17.241.75.58 - - [28/Apr/2026:09:46:13 +0000] "GET /wp-content/plugins/jetpack/_inc/build/widgets/eu-cookie-law/eu-cookie-law.min.js?ver=20180522 HTTP/1.1" 200 659 "https://primemusicproductions.com/music-productions/what-you-should-know-about-learning-the-guitar-2/" "Mozilla/5.0 (Macintosh; Intel Mac OS X 10_15_7) AppleWebKit/605.1.15 (KHTML, like Gecko) Version/17.4 Safari/605.1.15 (Applebot/0.1; +http://www.apple.com/go/applebot)"
17.241.219.234 - - [28/Apr/2026:09:46:14 +0000] "GET /wp-content/plugins/jetpack/_inc/build/sharedaddy/sharing.min.js?ver=15.7.1 HTTP/1.1" 200 2934 "https://primemusicproductions.com/music-productions/what-you-should-know-about-learning-the-guitar-2/" "Mozilla/5.0 (Macintosh; Intel Mac OS X 10_15_7) AppleWebKit/605.1.15 (KHTML, like Gecko) Version/17.4 Safari/605.1.15 (Applebot/0.1; +http://www.apple.com/go/applebot)"
17.241.75.185 - - [28/Apr/2026:09:46:15 +0000] "GET /wp-includes/js/wp-emoji-release.min.js?ver=add92f4e98f9ce618741def37b23f2f1 HTTP/1.1" 200 5375 "https://primemusicproductions.com/music-productions/what-you-should-know-about-learning-the-guitar-2/" "Mozilla/5.0 (Macintosh; Intel Mac OS X 10_15_7) AppleWebKit/605.1.15 (KHTML, like Gecko) Version/17.4 Safari/605.1.15 (Applebot/0.1; +http://www.apple.com/go/applebot)"
184.94.212.206 - - [28/Apr/2026:09:46:16 +0000] "POST /wp-cron.php?doing_wp_cron=1777369576.7731170654296875000000 HTTP/1.1" 200 - "-" "WordPress/6.9.4; https://primemusicproductions.com"
17.241.75.58 - - [28/Apr/2026:09:46:14 +0000] "GET /music-productions/what-you-should-know-about-learning-the-guitar-2/?relatedposts=1 HTTP/1.1" 200 921 "https://primemusicproductions.com/music-productions/what-you-should-know-about-learning-the-guitar-2/" "Mozilla/5.0 (Macintosh; Intel Mac OS X 10_15_7) AppleWebKit/605.1.15 (KHTML, like Gecko) Version/17.4 Safari/605.1.15 (Applebot/0.1; +http://www.apple.com/go/applebot)"
192.0.85.167 - - [28/Apr/2026:09:46:33 +0000] "HEAD / HTTP/1.1" 200 - "-" "jetmon/1.0 (Jetpack Site Uptime Monitor by WordPress.com)"
184.94.212.206 - - [28/Apr/2026:09:48:58 +0000] "POST /wp-cron.php?doing_wp_cron=1777369738.7839140892028808593750 HTTP/1.1" 200 - "-" "WordPress/6.9.4; https://primemusicproductions.com"
31.192.237.107 - - [28/Apr/2026:09:48:56 +0000] "GET /music-productions/the-experts-dont-want-you-to-read-these-learning-guitar-tips-2/attachment/ea31b90828f21c22d2524518b7494097e377ffd41cb2134290f9c57da2_640-jpg HTTP/1.1" 301 - "-" "Mozilla/5.0 (Windows NT 10.0; Win64; x64) AppleWebKit/537.36 (KHTML, like Gecko) Chrome/140.0.0.0 Safari/537.36"
184.94.212.206 - - [28/Apr/2026:09:50:49 +0000] "POST /wp-cron.php?doing_wp_cron=1777369849.4589049816131591796875 HTTP/1.1" 200 - "-" "WordPress/6.9.4; https://primemusicproductions.com"
216.244.66.195 - - [28/Apr/2026:09:50:47 +0000] "GET /robots.txt HTTP/1.1" 200 298 "-" "Mozilla/5.0 (compatible; DotBot/1.2; +https://opensiteexplorer.org/dotbot; help@moz.com)"
192.0.85.167 - - [28/Apr/2026:09:51:33 +0000] "HEAD / HTTP/1.1" 200 - "-" "jetmon/1.0 (Jetpack Site Uptime Monitor by WordPress.com)"
114.119.128.127 - - [28/Apr/2026:09:52:03 +0000] "GET /sitemap.xml HTTP/1.1" 200 307 "-" "Mozilla/5.0 (Linux; Android 7.0;) AppleWebKit/537.36 (HTML, like Gecko) Mobile Safari/537.36 (compatible; PetalBot;+https://webmaster.petalsearch.com/site/petalbot)"
62.60.130.235 - - [28/Apr/2026:09:52:12 +0000] "GET //wp-includes/ID3/license.txt HTTP/1.1" 301 - "-" "Mozilla/5.0 (Windows NT 10.0; Win64; x64) AppleWebKit/537.36 (KHTML, like Gecko) Chrome/95.0.4638.69 Safari/537.36"
62.60.130.235 - - [28/Apr/2026:09:52:13 +0000] "GET /invideo/feed/ HTTP/1.1" 301 - "-" "Mozilla/5.0 (Windows NT 10.0; Win64; x64) AppleWebKit/537.36 (KHTML, like Gecko) Chrome/95.0.4638.69 Safari/537.36"
62.60.130.235 - - [28/Apr/2026:09:52:15 +0000] "GET /invideo/xmlrpc.php?rsd HTTP/1.1" 301 - "-" "Mozilla/5.0 (Windows NT 10.0; Win64; x64) AppleWebKit/537.36 (KHTML, like Gecko) Chrome/95.0.4638.69 Safari/537.36"
62.60.130.235 - - [28/Apr/2026:09:52:16 +0000] "GET /invideo/blog/wp-includes/wlwmanifest.xml HTTP/1.1" 301 - "-" "Mozilla/5.0 (Windows NT 10.0; Win64; x64) AppleWebKit/537.36 (KHTML, like Gecko) Chrome/95.0.4638.69 Safari/537.36"
62.60.130.235 - - [28/Apr/2026:09:52:17 +0000] "GET /invideo/web/wp-includes/wlwmanifest.xml HTTP/1.1" 301 - "-" "Mozilla/5.0 (Windows NT 10.0; Win64; x64) AppleWebKit/537.36 (KHTML, like Gecko) Chrome/95.0.4638.69 Safari/537.36"
62.60.130.235 - - [28/Apr/2026:09:52:19 +0000] "GET /invideo/wordpress/wp-includes/wlwmanifest.xml HTTP/1.1" 301 - "-" "Mozilla/5.0 (Windows NT 10.0; Win64; x64) AppleWebKit/537.36 (KHTML, like Gecko) Chrome/95.0.4638.69 Safari/537.36"
62.60.130.235 - - [28/Apr/2026:09:52:20 +0000] "GET /invideo/wp/wp-includes/wlwmanifest.xml HTTP/1.1" 301 - "-" "Mozilla/5.0 (Windows NT 10.0; Win64; x64) AppleWebKit/537.36 (KHTML, like Gecko) Chrome/95.0.4638.69 Safari/537.36"
62.60.130.235 - - [28/Apr/2026:09:52:21 +0000] "GET /invideo/2020/wp-includes/wlwmanifest.xml HTTP/1.1" 301 - "-" "Mozilla/5.0 (Windows NT 10.0; Win64; x64) AppleWebKit/537.36 (KHTML, like Gecko) Chrome/95.0.4638.69 Safari/537.36"
62.60.130.235 - - [28/Apr/2026:09:52:22 +0000] "GET /invideo/2019/wp-includes/wlwmanifest.xml HTTP/1.1" 301 - "-" "Mozilla/5.0 (Windows NT 10.0; Win64; x64) AppleWebKit/537.36 (KHTML, like Gecko) Chrome/95.0.4638.69 Safari/537.36"
62.60.130.235 - - [28/Apr/2026:09:52:24 +0000] "GET /invideo/2021/wp-includes/wlwmanifest.xml HTTP/1.1" 301 - "-" "Mozilla/5.0 (Windows NT 10.0; Win64; x64) AppleWebKit/537.36 (KHTML, like Gecko) Chrome/95.0.4638.69 Safari/537.36"
62.60.130.235 - - [28/Apr/2026:09:52:25 +0000] "GET /invideo/shop/wp-includes/wlwmanifest.xml HTTP/1.1" 301 - "-" "Mozilla/5.0 (Windows NT 10.0; Win64; x64) AppleWebKit/537.36 (KHTML, like Gecko) Chrome/95.0.4638.69 Safari/537.36"
62.60.130.235 - - [28/Apr/2026:09:52:26 +0000] "GET /invideo/wp1/wp-includes/wlwmanifest.xml HTTP/1.1" 301 - "-" "Mozilla/5.0 (Windows NT 10.0; Win64; x64) AppleWebKit/537.36 (KHTML, like Gecko) Chrome/95.0.4638.69 Safari/537.36"
62.60.130.235 - - [28/Apr/2026:09:52:27 +0000] "GET /invideo/test/wp-includes/wlwmanifest.xml HTTP/1.1" 301 - "-" "Mozilla/5.0 (Windows NT 10.0; Win64; x64) AppleWebKit/537.36 (KHTML, like Gecko) Chrome/95.0.4638.69 Safari/537.36"
62.60.130.235 - - [28/Apr/2026:09:52:29 +0000] "GET /invideo/site/wp-includes/wlwmanifest.xml HTTP/1.1" 301 - "-" "Mozilla/5.0 (Windows NT 10.0; Win64; x64) AppleWebKit/537.36 (KHTML, like Gecko) Chrome/95.0.4638.69 Safari/537.36"
62.60.130.235 - - [28/Apr/2026:09:52:30 +0000] "GET /invideo/cms/wp-includes/wlwmanifest.xml HTTP/1.1" 301 - "-" "Mozilla/5.0 (Windows NT 10.0; Win64; x64) AppleWebKit/537.36 (KHTML, like Gecko) Chrome/95.0.4638.69 Safari/537.36"
184.94.212.206 - - [28/Apr/2026:09:53:38 +0000] "POST /wp-cron.php?doing_wp_cron=1777370018.8649749755859375000000 HTTP/1.1" 200 - "-" "WordPress/6.9.4; https://primemusicproductions.com"
144.124.192.193 - - [28/Apr/2026:09:53:36 +0000] "GET /music-productions/learning-guitar-no-other-article-online-provides-you-these-tips/?share=facebook HTTP/1.1" 302 - "-" "Mozilla/5.0 (Macintosh; Intel Mac OS X 10_14_6) AppleWebKit/537.36 (KHTML, like Gecko) Chrome/80.0.3987.163 Safari/537.36"
184.94.212.206 - - [28/Apr/2026:09:56:11 +0000] "POST /wp-cron.php?doing_wp_cron=1777370171.3432340621948242187500 HTTP/1.1" 200 - "-" "WordPress/6.9.4; https://primemusicproductions.com"
147.45.51.176 - - [28/Apr/2026:09:56:09 +0000] "GET /music-productions/beat-making-software/attachment/beat-making-software-2 HTTP/1.1" 301 - "-" "Mozilla/5.0 (Windows NT 10.0; Win64; x64) AppleWebKit/537.36 (KHTML, like Gecko) Chrome/140.0.0.0 Safari/537.36"
192.0.85.167 - - [28/Apr/2026:09:56:34 +0000] "HEAD / HTTP/1.1" 200 - "-" "jetmon/1.0 (Jetpack Site Uptime Monitor by WordPress.com)"
184.94.212.206 - - [28/Apr/2026:09:58:50 +0000] "POST /wp-cron.php?doing_wp_cron=1777370330.2812840938568115234375 HTTP/1.1" 200 - "-" "WordPress/6.9.4; https://primemusicproductions.com"
114.119.155.83 - - [28/Apr/2026:09:58:48 +0000] "GET /site-map/?amp HTTP/1.1" 200 45519 "https://primemusicproductions.com/site-map/?amp" "Mozilla/5.0 (Linux; Android 7.0;) AppleWebKit/537.36 (HTML, like Gecko) Mobile Safari/537.36 (compatible; PetalBot;+https://webmaster.petalsearch.com/site/petalbot)"
184.94.212.206 - - [28/Apr/2026:09:59:39 +0000] "POST /wp-cron.php?doing_wp_cron=1777370379.6866350173950195312500 HTTP/1.1" 200 - "-" "WordPress/6.9.4; https://primemusicproductions.com"
152.42.252.243 - - [28/Apr/2026:09:59:37 +0000] "GET / HTTP/1.1" 200 51722 "-" "Mozilla/5.0 (Windows NT 10.0; Win64; x64) AppleWebKit/537.36 (KHTML, like Gecko) Chrome/122.0.0.0 Safari/537.36"
152.42.252.243 - - [28/Apr/2026:09:59:41 +0000] "GET /.env HTTP/1.1" 301 - "-" "Mozilla/5.0 (Windows NT 10.0; Win64; x64) AppleWebKit/537.36 (KHTML, like Gecko) Chrome/122.0.0.0 Safari/537.36"
152.42.252.243 - - [28/Apr/2026:09:59:43 +0000] "GET /_profiler/phpinfo HTTP/1.1" 301 - "-" "Mozilla/5.0 (Windows NT 10.0; Win64; x64) AppleWebKit/537.36 (KHTML, like Gecko) Chrome/122.0.0.0 Safari/537.36"
152.42.252.243 - - [28/Apr/2026:09:59:44 +0000] "GET /InVideo HTTP/1.1" 307 - "-" "Mozilla/5.0 (Windows NT 10.0; Win64; x64) AppleWebKit/537.36 (KHTML, like Gecko) Chrome/122.0.0.0 Safari/537.36"
152.42.252.243 - - [28/Apr/2026:09:59:49 +0000] "GET /_profiler/open?file=config/packages/swiftmailer.yaml HTTP/1.1" 301 - "-" "Mozilla/5.0 (Windows NT 10.0; Win64; x64) AppleWebKit/537.36 (KHTML, like Gecko) Chrome/122.0.0.0 Safari/537.36"
152.42.252.243 - - [28/Apr/2026:09:59:51 +0000] "GET /InVideo HTTP/1.1" 307 - "-" "Mozilla/5.0 (Windows NT 10.0; Win64; x64) AppleWebKit/537.36 (KHTML, like Gecko) Chrome/122.0.0.0 Safari/537.36"
184.94.212.206 - - [28/Apr/2026:10:00:25 +0000] "POST /wp-cron.php?doing_wp_cron=1777370425.2964260578155517578125 HTTP/1.1" 200 - "-" "WordPress/6.9.4; https://primemusicproductions.com"
173.239.211.170 - - [28/Apr/2026:10:00:23 +0000] "POST /wp-login.php HTTP/1.1" 401 3424 "-" "Mozilla/5.0"
184.94.212.206 - - [28/Apr/2026:10:01:33 +0000] "POST /wp-cron.php?doing_wp_cron=1777370493.5952289104461669921875 HTTP/1.1" 200 - "-" "WordPress/6.9.4; https://primemusicproductions.com"
185.100.159.91 - - [28/Apr/2026:10:01:31 +0000] "GET /music-productions/are-you-new-to-the-guitar-try-these-tips-and-tricks/attachment/the-future-of-music-composition HTTP/1.1" 301 - "-" "Mozilla/5.0 (Windows NT 10.0; Win64; x64) AppleWebKit/537.36 (KHTML, like Gecko) Chrome/140.0.0.0 Safari/537.36"
192.0.85.167 - - [28/Apr/2026:10:01:37 +0000] "HEAD / HTTP/1.1" 200 - "-" "jetmon/1.0 (Jetpack Site Uptime Monitor by WordPress.com)"
184.94.212.206 - - [28/Apr/2026:10:01:58 +0000] "POST /wp-cron.php?doing_wp_cron=1777370518.7008309364318847656250 HTTP/1.1" 200 - "-" "WordPress/6.9.4; https://primemusicproductions.com"
216.244.66.195 - - [28/Apr/2026:10:01:57 +0000] "GET /tag/enjoy-playing/feed/ HTTP/1.1" 200 2572 "-" "Mozilla/5.0 (compatible; DotBot/1.2; +https://opensiteexplorer.org/dotbot; help@moz.com)"
216.244.66.195 - - [28/Apr/2026:10:02:28 +0000] "GET /music-productions/interested-in-downloading-music-read-this-piece/?share=google-plus-1 HTTP/1.1" 200 171533 "-" "Mozilla/5.0 (compatible; DotBot/1.2; +https://opensiteexplorer.org/dotbot; help@moz.com)"
216.244.66.195 - - [28/Apr/2026:10:02:34 +0000] "GET /music-productions/learning-guitar-the-best-article-on-the-topic-is-here/?share=google-plus-1 HTTP/1.1" 200 172599 "-" "Mozilla/5.0 (compatible; DotBot/1.2; +https://opensiteexplorer.org/dotbot; help@moz.com)"
81.254.172.70 - - [28/Apr/2026:10:03:20 +0000] "GET /wp-login.php HTTP/1.1" 200 4366 "-" "Mozilla/5.0 (compatible; MSIE 9.0; Windows NT 6.2; Win64; x64; Trident/7.0)"
81.254.172.70 - - [28/Apr/2026:10:03:23 +0000] "POST /wp-login.php HTTP/1.1" 200 4366 "https://primemusicproductions.com/wp-login.php" "Mozilla/5.0 (compatible; MSIE 9.0; Windows NT 6.2; Win64; x64; Trident/7.0)"
184.94.212.206 - - [28/Apr/2026:10:05:40 +0000] "POST /wp-cron.php?doing_wp_cron=1777370740.4844789505004882812500 HTTP/1.1" 200 - "-" "WordPress/6.9.4; https://primemusicproductions.com"
114.119.139.115 - - [28/Apr/2026:10:05:38 +0000] "GET /page/8/?amp=1 HTTP/1.1" 200 51075 "https://primemusicproductions.com/page/5/?amp=1" "Mozilla/5.0 (Linux; Android 7.0;) AppleWebKit/537.36 (HTML, like Gecko) Mobile Safari/537.36 (compatible; PetalBot;+https://webmaster.petalsearch.com/site/petalbot)"
184.94.212.206 - - [28/Apr/2026:10:06:38 +0000] "POST /wp-cron.php?doing_wp_cron=1777370798.7887220382690429687500 HTTP/1.1" 200 - "-" "WordPress/6.9.4; https://primemusicproductions.com"
192.0.85.167 - - [28/Apr/2026:10:06:37 +0000] "HEAD / HTTP/1.1" 200 - "-" "jetmon/1.0 (Jetpack Site Uptime Monitor by WordPress.com)"
168.144.90.10 - - [28/Apr/2026:10:08:41 +0000] "GET / HTTP/1.1" 401 53 "-" "Mozilla/5.0 (X11; Linux x86_64) AppleWebKit/537.36 (KHTML, like Gecko) Chrome/142.0.0.0 Safari/537.36"
168.144.90.10 - - [28/Apr/2026:10:08:47 +0000] "GET /favicon.ico HTTP/1.1" 401 53 "https://webdisk.primemusicproductions.com/" "Mozilla/5.0 (X11; Linux x86_64) AppleWebKit/537.36 (KHTML, like Gecko) Chrome/142.0.0.0 Safari/537.36"
184.94.212.206 - - [28/Apr/2026:10:11:40 +0000] "POST /wp-cron.php?doing_wp_cron=1777371100.1435348987579345703125 HTTP/1.1" 200 - "-" "WordPress/6.9.4; https://primemusicproductions.com"
192.0.85.167 - - [28/Apr/2026:10:11:37 +0000] "HEAD / HTTP/1.1" 200 - "-" "jetmon/1.0 (Jetpack Site Uptime Monitor by WordPress.com)"
114.119.139.115 - - [28/Apr/2026:10:12:24 +0000] "GET /page/6/?nonamp=1&amp=1 HTTP/1.1" 200 51077 "https://primemusicproductions.com/page/8/?nonamp=1&amp=1" "Mozilla/5.0 (Linux; Android 7.0;) AppleWebKit/537.36 (HTML, like Gecko) Mobile Safari/537.36 (compatible; PetalBot;+https://webmaster.petalsearch.com/site/petalbot)"
184.94.212.206 - - [28/Apr/2026:10:12:38 +0000] "POST /wp-cron.php?doing_wp_cron=1777371158.4324350357055664062500 HTTP/1.1" 200 - "-" "WordPress/6.9.4; https://primemusicproductions.com"
57.141.18.29 - - [28/Apr/2026:10:12:37 +0000] "GET /music-productions/the-experts-dont-want-you-to-read-these-learning-guitar-tips-2/?share=pinterest HTTP/1.1" 302 - "-" "meta-externalagent/1.1 (+https://developers.facebook.com/docs/sharing/webmasters/crawler)"
42.83.147.55 - - [28/Apr/2026:10:13:31 +0000] "GET / HTTP/1.1" 200 51721 "-" "Mozilla/5.0 (Windows NT 6.1; Win64; x64) AppleWebKit/537.36 (KHTML, like Gecko)Chrome/74.0.3729.169 Safari/537.36"
42.83.147.55 - - [28/Apr/2026:10:13:33 +0000] "GET / HTTP/1.1" 200 51718 "-" "Mozilla/5.0 (Windows NT 6.1; Win64; x64) AppleWebKit/537.36 (KHTML, like Gecko)Chrome/74.0.3729.169 Safari/537.36"
184.94.212.206 - - [28/Apr/2026:10:15:57 +0000] "POST /wp-cron.php?doing_wp_cron=1777371357.1178960800170898437500 HTTP/1.1" 200 - "-" "WordPress/6.9.4; https://primemusicproductions.com"
57.141.18.114 - - [28/Apr/2026:10:15:55 +0000] "GET /music-productions/expert-advice-you-need-when-learning-guitar/?share=tumblr HTTP/1.1" 302 - "-" "meta-externalagent/1.1 (+https://developers.facebook.com/docs/sharing/webmasters/crawler)"
184.94.212.206 - - [28/Apr/2026:10:16:38 +0000] "POST /wp-cron.php?doing_wp_cron=1777371398.5007948875427246093750 HTTP/1.1" 200 - "-" "WordPress/6.9.4; https://primemusicproductions.com"
192.0.85.167 - - [28/Apr/2026:10:16:37 +0000] "HEAD / HTTP/1.1" 200 - "-" "jetmon/1.0 (Jetpack Site Uptime Monitor by WordPress.com)"
216.73.161.79 - - [28/Apr/2026:10:16:51 +0000] "POST /wp-login.php HTTP/1.1" 401 3424 "-" "Mozilla/5.0"
128.241.3.2 - - [28/Apr/2026:10:19:03 +0000] "GET /ads.txt HTTP/1.1" 200 58 "-" "Bidtellect/0.0.0.0"
184.94.212.206 - - [28/Apr/2026:10:19:39 +0000] "POST /wp-cron.php?doing_wp_cron=1777371579.9445800781250000000000 HTTP/1.1" 200 - "-" "WordPress/6.9.4; https://primemusicproductions.com"
114.119.139.115 - - [28/Apr/2026:10:19:38 +0000] "GET /page/6 HTTP/1.1" 301 - "https://primemusicproductions.com/page/5" "Mozilla/5.0 (Linux; Android 7.0;) AppleWebKit/537.36 (HTML, like Gecko) Mobile Safari/537.36 (compatible; PetalBot;+https://webmaster.petalsearch.com/site/petalbot)"
114.119.139.115 - - [28/Apr/2026:10:19:40 +0000] "GET /page/6/ HTTP/1.1" 200 51044 "https://primemusicproductions.com/page/5" "Mozilla/5.0 (Linux; Android 7.0;) AppleWebKit/537.36 (HTML, like Gecko) Mobile Safari/537.36 (compatible; PetalBot;+https://webmaster.petalsearch.com/site/petalbot)"
184.94.212.206 - - [28/Apr/2026:10:20:15 +0000] "POST /wp-cron.php?doing_wp_cron=1777371615.5758869647979736328125 HTTP/1.1" 200 - "-" "WordPress/6.9.4; https://primemusicproductions.com"
57.141.18.124 - - [28/Apr/2026:10:20:14 +0000] "GET /music-productions/the-experts-dont-want-you-to-read-these-learning-guitar-tips-2/?share=linkedin HTTP/1.1" 302 - "-" "meta-externalagent/1.1 (+https://developers.facebook.com/docs/sharing/webmasters/crawler)"
184.94.212.206 - - [28/Apr/2026:10:21:38 +0000] "POST /wp-cron.php?doing_wp_cron=1777371698.5905449390411376953125 HTTP/1.1" 200 - "-" "WordPress/6.9.4; https://primemusicproductions.com"
192.0.85.167 - - [28/Apr/2026:10:21:36 +0000] "HEAD / HTTP/1.1" 200 - "-" "jetmon/1.0 (Jetpack Site Uptime Monitor by WordPress.com)"
184.94.212.206 - - [28/Apr/2026:10:23:07 +0000] "POST /wp-cron.php?doing_wp_cron=1777371787.7775299549102783203125 HTTP/1.1" 200 - "-" "WordPress/6.9.4; https://primemusicproductions.com"
216.73.216.179 - - [28/Apr/2026:10:23:05 +0000] "GET /robots.txt HTTP/1.1" 200 153 "-" "Mozilla/5.0 AppleWebKit/537.36 (KHTML, like Gecko; compatible; ClaudeBot/1.0; +claudebot@anthropic.com)"
216.73.216.179 - - [28/Apr/2026:10:23:07 +0000] "GET /sitemap_index.xml HTTP/1.1" 200 358 "-" "Mozilla/5.0 AppleWebKit/537.36 (KHTML, like Gecko; compatible; ClaudeBot/1.0; +claudebot@anthropic.com)"
