121.229.156.47 - - [27/Apr/2026:23:34:22 +0000] "GET /music-productions/having-difficulty-learning-guitar-try-these-ideas/?share=tumblr&amp HTTP/1.1" 302 - "-" "Sogou web spider/4.0(+http://www.sogou.com/docs/help/webmasters.htm#07)"
184.94.212.206 - - [27/Apr/2026:23:36:36 +0000] "POST /wp-cron.php?doing_wp_cron=1777332996.1700339317321777343750 HTTP/1.1" 200 - "-" "WordPress/6.9.4; https://primemusicproductions.com"
192.0.85.167 - - [27/Apr/2026:23:36:34 +0000] "HEAD / HTTP/1.1" 200 - "-" "jetmon/1.0 (Jetpack Site Uptime Monitor by WordPress.com)"
114.119.139.1 - - [27/Apr/2026:23:38:01 +0000] "GET /music-productions/unleashing-the-power-of-music-ai/ HTTP/1.1" 500 1004 "https://primemusicproductions.com/privacy-policy?nonamp=1&amp=1" "Mozilla/5.0 (Linux; Android 7.0;) AppleWebKit/537.36 (HTML, like Gecko) Mobile Safari/537.36 (compatible; PetalBot;+https://webmaster.petalsearch.com/site/petalbot)"
176.65.132.241 - - [27/Apr/2026:23:37:56 +0000] "GET /config.php HTTP/1.1" 500 1046 "http://primemusicproductions.com/config.php" "Mozilla/5.0 (Windows NT 10.0; Win64; x64; rv:133.0) Gecko/20100101 Firefox/133.0"
176.65.132.241 - - [27/Apr/2026:23:37:56 +0000] "GET /wp-config.php HTTP/1.1" 500 1046 "http://primemusicproductions.com/wp-config.php" "Mozilla/5.0 (Windows NT 10.0; Win64; x64; rv:133.0) Gecko/20100101 Firefox/133.0"
223.109.252.243 - - [27/Apr/2026:23:38:11 +0000] "GET /music-productions/everything-there-is-to-know-about-learning-guitar/?share=pinterest HTTP/1.1" 500 1004 "-" "Sogou web spider/4.0(+http://www.sogou.com/docs/help/webmasters.htm#07)"
176.65.132.241 - - [27/Apr/2026:23:37:56 +0000] "GET /.env HTTP/1.1" 500 1046 "http://primemusicproductions.com/.env" "Mozilla/5.0 (Windows NT 10.0; Win64; x64) AppleWebKit/537.36 (KHTML, like Gecko) Chrome/131.0.0.0 Safari/537.36 Edg/131.0.0.0"
176.65.132.241 - - [27/Apr/2026:23:37:56 +0000] "GET /info.php HTTP/1.1" 500 1046 "http://primemusicproductions.com/info.php" "Mozilla/5.0 (Windows NT 10.0; Win64; x64) AppleWebKit/537.36 (KHTML, like Gecko) Chrome/131.0.0.0 Safari/537.36"
176.65.132.241 - - [27/Apr/2026:23:37:56 +0000] "GET /.git/config HTTP/1.1" 500 1046 "http://primemusicproductions.com/.git/config" "Mozilla/5.0 (X11; Linux x86_64; rv:133.0) Gecko/20100101 Firefox/133.0"
176.65.132.241 - - [27/Apr/2026:23:37:56 +0000] "GET /phpinfo.php HTTP/1.1" 500 1046 "http://primemusicproductions.com/phpinfo.php" "Mozilla/5.0 (Macintosh; Intel Mac OS X 10_15_7) AppleWebKit/537.36 (KHTML, like Gecko) Chrome/131.0.0.0 Safari/537.36"
176.65.132.241 - - [27/Apr/2026:23:37:56 +0000] "GET /appsettings.json HTTP/1.1" 500 1046 "http://primemusicproductions.com/appsettings.json" "Mozilla/5.0 (X11; Linux x86_64; rv:133.0) Gecko/20100101 Firefox/133.0"
184.94.212.206 - - [27/Apr/2026:23:38:31 +0000] "POST /wp-cron.php?doing_wp_cron=1777333110.9069359302520751953125 HTTP/1.1" 200 - "-" "WordPress/6.9.4; https://primemusicproductions.com"
176.65.132.241 - - [27/Apr/2026:23:37:56 +0000] "GET /server.js HTTP/1.1" 500 1046 "http://primemusicproductions.com/server.js" "Mozilla/5.0 (Linux; Android 14; Pixel 8) AppleWebKit/537.36 (KHTML, like Gecko) Chrome/131.0.0.0 Mobile Safari/537.36"
184.94.212.206 - - [27/Apr/2026:23:37:59 +0000] "POST /?wordfence_syncAttackData=1777333079.2853 HTTP/1.1" 200 - "-" "WordPress/6.9.4; https://primemusicproductions.com"
176.65.132.241 - - [27/Apr/2026:23:37:57 +0000] "GET /app.js HTTP/1.1" 301 - "http://primemusicproductions.com/app.js" "Mozilla/5.0 (Macintosh; Intel Mac OS X 10.15; rv:133.0) Gecko/20100101 Firefox/133.0"
184.94.212.206 - - [27/Apr/2026:23:38:32 +0000] "POST /?wordfence_syncAttackData=1777333112.384 HTTP/1.1" 200 40490 "-" "WordPress/6.9.4; https://primemusicproductions.com"
184.94.212.206 - - [27/Apr/2026:23:40:36 +0000] "POST /wp-cron.php?doing_wp_cron=1777333236.5369200706481933593750 HTTP/1.1" 200 - "-" "WordPress/6.9.4; https://primemusicproductions.com"
112.86.225.169 - - [27/Apr/2026:23:40:34 +0000] "GET /music-productions/need-help-understanding-music-downloads-try-these-ideas/?share=reddit HTTP/1.1" 302 - "-" "Sogou web spider/4.0(+http://www.sogou.com/docs/help/webmasters.htm#07)"
216.73.161.77 - - [27/Apr/2026:23:41:10 +0000] "POST /wp-login.php HTTP/1.1" 200 11793 "-" "Mozilla/5.0"
184.94.212.206 - - [27/Apr/2026:23:41:35 +0000] "POST /wp-cron.php?doing_wp_cron=1777333295.0344519615173339843750 HTTP/1.1" 200 - "-" "WordPress/6.9.4; https://primemusicproductions.com"
192.0.85.167 - - [27/Apr/2026:23:41:33 +0000] "HEAD / HTTP/1.1" 200 - "-" "jetmon/1.0 (Jetpack Site Uptime Monitor by WordPress.com)"
184.94.212.206 - - [27/Apr/2026:23:43:15 +0000] "POST /wp-cron.php?doing_wp_cron=1777333395.4928820133209228515625 HTTP/1.1" 200 - "-" "WordPress/6.9.4; https://primemusicproductions.com"
145.223.131.59 - - [27/Apr/2026:23:43:06 +0000] "GET /checkpoint/rp/request-password-reset?session_redirect=https%3A%2F%2Fwww.linkedin.com%2FshareArticle%3Ftoken&isFramed=false&url=https%3A%2F%2Fprimemusicproductions.com%2Fmusic-productions%2Fbeginner-tips-and-tricks-for-playing-the-guitar%2F HTTP/1.1" 301 - "-" "Mozilla/5.0 (Macintosh; Intel Mac OS X 10_15_7) AppleWebKit/537.36 (KHTML, like Gecko) Chrome/119.0.0.0 Safari/537.36"
145.223.131.59 - - [27/Apr/2026:23:43:15 +0000] "GET /InVideo HTTP/1.1" 307 - "-" "Mozilla/5.0 (Macintosh; Intel Mac OS X 10_15_7) AppleWebKit/537.36 (KHTML, like Gecko) Chrome/119.0.0.0 Safari/537.36"
184.94.212.206 - - [27/Apr/2026:23:44:54 +0000] "POST /wp-cron.php?doing_wp_cron=1777333494.5965669155120849609375 HTTP/1.1" 200 - "-" "WordPress/6.9.4; https://primemusicproductions.com"
114.119.139.115 - - [27/Apr/2026:23:44:52 +0000] "GET /music-productions/try-these-tips-for-learning-guitar-the-easy-way?share=reddit HTTP/1.1" 302 - "https://primemusicproductions.com/music-productions/try-these-tips-for-learning-guitar-the-easy-way?noamp=mobile" "Mozilla/5.0 (Linux; Android 7.0;) AppleWebKit/537.36 (HTML, like Gecko) Mobile Safari/537.36 (compatible; PetalBot;+https://webmaster.petalsearch.com/site/petalbot)"
184.94.212.206 - - [27/Apr/2026:23:46:35 +0000] "POST /wp-cron.php?doing_wp_cron=1777333595.5346970558166503906250 HTTP/1.1" 200 - "-" "WordPress/6.9.4; https://primemusicproductions.com"
192.0.85.167 - - [27/Apr/2026:23:46:33 +0000] "HEAD / HTTP/1.1" 200 - "-" "jetmon/1.0 (Jetpack Site Uptime Monitor by WordPress.com)"
184.94.212.206 - - [27/Apr/2026:23:51:36 +0000] "POST /wp-cron.php?doing_wp_cron=1777333896.5826539993286132812500 HTTP/1.1" 200 - "-" "WordPress/6.9.4; https://primemusicproductions.com"
192.0.85.167 - - [27/Apr/2026:23:51:34 +0000] "HEAD / HTTP/1.1" 200 - "-" "jetmon/1.0 (Jetpack Site Uptime Monitor by WordPress.com)"
114.119.150.168 - - [27/Apr/2026:23:51:39 +0000] "GET /music-productions/try-these-tips-for-learning-guitar-the-easy-way?share=pocket&amp HTTP/1.1" 301 - "https://primemusicproductions.com/music-productions/try-these-tips-for-learning-guitar-the-easy-way?nonamp=1&amp" "Mozilla/5.0 (Linux; Android 7.0;) AppleWebKit/537.36 (HTML, like Gecko) Mobile Safari/537.36 (compatible; PetalBot;+https://webmaster.petalsearch.com/site/petalbot)"
114.119.150.168 - - [27/Apr/2026:23:51:40 +0000] "GET /music-productions/try-these-tips-for-learning-guitar-the-easy-way/?share=pocket&amp HTTP/1.1" 200 49165 "https://primemusicproductions.com/music-productions/try-these-tips-for-learning-guitar-the-easy-way?nonamp=1&amp" "Mozilla/5.0 (Linux; Android 7.0;) AppleWebKit/537.36 (HTML, like Gecko) Mobile Safari/537.36 (compatible; PetalBot;+https://webmaster.petalsearch.com/site/petalbot)"
184.94.212.206 - - [27/Apr/2026:23:54:05 +0000] "POST /wp-cron.php?doing_wp_cron=1777334045.2536499500274658203125 HTTP/1.1" 200 - "-" "WordPress/6.9.4; https://primemusicproductions.com"
112.86.225.57 - - [27/Apr/2026:23:54:03 +0000] "GET /music-productions/want-to-learn-to-play-the-guitar-try-these-tips/?share=tumblr HTTP/1.1" 302 - "-" "Sogou web spider/4.0(+http://www.sogou.com/docs/help/webmasters.htm#07)"
184.94.212.206 - - [27/Apr/2026:23:55:08 +0000] "POST /wp-cron.php?doing_wp_cron=1777334108.2796161174774169921875 HTTP/1.1" 200 - "-" "WordPress/6.9.4; https://primemusicproductions.com"
57.141.18.82 - - [27/Apr/2026:23:55:06 +0000] "GET /music-productions/music-downloads-knowledge-directly-from-the-experts/?share=reddit HTTP/1.1" 302 - "-" "meta-externalagent/1.1 (+https://developers.facebook.com/docs/sharing/webmasters/crawler)"
121.229.156.74 - - [27/Apr/2026:23:55:26 +0000] "GET /music-productions/having-difficulty-learning-guitar-try-these-ideas-3/?share=pinterest&amp HTTP/1.1" 302 - "-" "Sogou web spider/4.0(+http://www.sogou.com/docs/help/webmasters.htm#07)"
184.94.212.206 - - [27/Apr/2026:23:55:53 +0000] "POST /wp-cron.php?doing_wp_cron=1777334153.3322548866271972656250 HTTP/1.1" 200 - "-" "WordPress/6.9.4; https://primemusicproductions.com"
85.208.96.197 - - [27/Apr/2026:23:55:51 +0000] "GET /music-productions/learning-guitar-the-best-article-on-the-topic-is-here-3/ HTTP/1.1" 200 50094 "-" "Mozilla/5.0 (compatible; SemrushBot/7~bl; +http://www.semrush.com/bot.html)"
173.239.211.166 - - [27/Apr/2026:23:56:34 +0000] "POST /wp-login.php HTTP/1.1" 200 11795 "-" "Mozilla/5.0"
192.0.85.167 - - [27/Apr/2026:23:56:38 +0000] "HEAD / HTTP/1.1" 200 - "-" "jetmon/1.0 (Jetpack Site Uptime Monitor by WordPress.com)"
45.148.10.120 - - [27/Apr/2026:23:57:08 +0000] "GET /.env HTTP/1.1" 301 - "-" "Mozilla/5.0 (X11; Linux x86_64) AppleWebKit/536.5 (KHTML, like Gecko) Chrome/19.0.1084.9 Safari/536.5"
184.94.212.206 - - [27/Apr/2026:23:58:26 +0000] "POST /wp-cron.php?doing_wp_cron=1777334306.6121580600738525390625 HTTP/1.1" 200 - "-" "WordPress/6.9.4; https://primemusicproductions.com"
52.15.214.181 - - [27/Apr/2026:23:58:24 +0000] "GET /robots.txt HTTP/1.1" 200 153 "-" "Mozilla/5.0 (Macintosh; Intel Mac OS X 10_15_7) AppleWebKit/537.36 (KHTML, like Gecko) Chrome/131.0.0.0 Safari/537.36; ClaudeBot/1.0; +claudebot@anthropic.com)"
52.15.214.181 - - [27/Apr/2026:23:58:26 +0000] "GET /tag/start-playing/ HTTP/1.1" 200 48945 "-" "Mozilla/5.0 (Macintosh; Intel Mac OS X 10_15_7) AppleWebKit/537.36 (KHTML, like Gecko) Chrome/131.0.0.0 Safari/537.36; ClaudeBot/1.0; +claudebot@anthropic.com)"
52.15.214.181 - - [27/Apr/2026:23:58:28 +0000] "GET /wp-includes/css/dist/block-library/style.min.css?ver=add92f4e98f9ce618741def37b23f2f1 HTTP/1.1" 200 15916 "https://primemusicproductions.com/tag/start-playing/" "Mozilla/5.0 (Macintosh; Intel Mac OS X 10_15_7) AppleWebKit/537.36 (KHTML, like Gecko) Chrome/131.0.0.0 Safari/537.36; ClaudeBot/1.0; +claudebot@anthropic.com)"
52.15.214.181 - - [27/Apr/2026:23:58:28 +0000] "GET /wp-includes/js/mediaelement/mediaelementplayer-legacy.min.css?ver=4.2.17 HTTP/1.1" 200 2592 "https://primemusicproductions.com/tag/start-playing/" "Mozilla/5.0 (Macintosh; Intel Mac OS X 10_15_7) AppleWebKit/537.36 (KHTML, like Gecko) Chrome/131.0.0.0 Safari/537.36; ClaudeBot/1.0; +claudebot@anthropic.com)"
52.15.214.181 - - [27/Apr/2026:23:58:28 +0000] "GET /wp-includes/js/mediaelement/wp-mediaelement.min.css?ver=add92f4e98f9ce618741def37b23f2f1 HTTP/1.1" 200 1156 "https://primemusicproductions.com/tag/start-playing/" "Mozilla/5.0 (Macintosh; Intel Mac OS X 10_15_7) AppleWebKit/537.36 (KHTML, like Gecko) Chrome/131.0.0.0 Safari/537.36; ClaudeBot/1.0; +claudebot@anthropic.com)"
52.15.214.181 - - [27/Apr/2026:23:58:28 +0000] "GET /wp-includes/css/dashicons.min.css?ver=add92f4e98f9ce618741def37b23f2f1 HTTP/1.1" 200 35721 "https://primemusicproductions.com/tag/start-playing/" "Mozilla/5.0 (Macintosh; Intel Mac OS X 10_15_7) AppleWebKit/537.36 (KHTML, like Gecko) Chrome/131.0.0.0 Safari/537.36; ClaudeBot/1.0; +claudebot@anthropic.com)"
52.15.214.181 - - [27/Apr/2026:23:58:28 +0000] "GET /wp-includes/css/admin-bar.min.css?ver=add92f4e98f9ce618741def37b23f2f1 HTTP/1.1" 200 3861 "https://primemusicproductions.com/tag/start-playing/" "Mozilla/5.0 (Macintosh; Intel Mac OS X 10_15_7) AppleWebKit/537.36 (KHTML, like Gecko) Chrome/131.0.0.0 Safari/537.36; ClaudeBot/1.0; +claudebot@anthropic.com)"
52.15.214.181 - - [27/Apr/2026:23:58:28 +0000] "GET /wp-content/plugins/wp-accessibility-helper/assets/css/wp-accessibility-helper.min.css?ver=0.5.9.4 HTTP/1.1" 200 2005 "https://primemusicproductions.com/tag/start-playing/" "Mozilla/5.0 (Macintosh; Intel Mac OS X 10_15_7) AppleWebKit/537.36 (KHTML, like Gecko) Chrome/131.0.0.0 Safari/537.36; ClaudeBot/1.0; +claudebot@anthropic.com)"
52.15.214.181 - - [27/Apr/2026:23:58:28 +0000] "GET /wp-content/themes/flatmagazinews/style.css?ver=add92f4e98f9ce618741def37b23f2f1 HTTP/1.1" 200 9896 "https://primemusicproductions.com/tag/start-playing/" "Mozilla/5.0 (Macintosh; Intel Mac OS X 10_15_7) AppleWebKit/537.36 (KHTML, like Gecko) Chrome/131.0.0.0 Safari/537.36; ClaudeBot/1.0; +claudebot@anthropic.com)"
52.15.214.181 - - [27/Apr/2026:23:58:28 +0000] "GET /wp-content/themes/modern-storytelling/style.css?ver=add92f4e98f9ce618741def37b23f2f1 HTTP/1.1" 200 9040 "https://primemusicproductions.com/tag/start-playing/" "Mozilla/5.0 (Macintosh; Intel Mac OS X 10_15_7) AppleWebKit/537.36 (KHTML, like Gecko) Chrome/131.0.0.0 Safari/537.36; ClaudeBot/1.0; +claudebot@anthropic.com)"
52.15.214.181 - - [27/Apr/2026:23:58:28 +0000] "GET /wp-content/themes/flatmagazinews/css/font-awesome.min.css?ver=add92f4e98f9ce618741def37b23f2f1 HTTP/1.1" 200 7053 "https://primemusicproductions.com/tag/start-playing/" "Mozilla/5.0 (Macintosh; Intel Mac OS X 10_15_7) AppleWebKit/537.36 (KHTML, like Gecko) Chrome/131.0.0.0 Safari/537.36; ClaudeBot/1.0; +claudebot@anthropic.com)"
52.15.214.181 - - [27/Apr/2026:23:58:28 +0000] "GET /wp-content/plugins/jetpack/modules/carousel/jetpack-carousel.css?ver=15.7.1 HTTP/1.1" 200 4331 "https://primemusicproductions.com/tag/start-playing/" "Mozilla/5.0 (Macintosh; Intel Mac OS X 10_15_7) AppleWebKit/537.36 (KHTML, like Gecko) Chrome/131.0.0.0 Safari/537.36; ClaudeBot/1.0; +claudebot@anthropic.com)"
52.15.214.181 - - [27/Apr/2026:23:58:28 +0000] "GET /wp-content/plugins/jetpack/_inc/blocks/swiper.css?ver=15.7.1 HTTP/1.1" 200 2512 "https://primemusicproductions.com/tag/start-playing/" "Mozilla/5.0 (Macintosh; Intel Mac OS X 10_15_7) AppleWebKit/537.36 (KHTML, like Gecko) Chrome/131.0.0.0 Safari/537.36; ClaudeBot/1.0; +claudebot@anthropic.com)"
52.15.214.181 - - [27/Apr/2026:23:58:28 +0000] "GET /wp-content/plugins/jetpack/modules/widgets/eu-cookie-law/style.css?ver=15.7.1 HTTP/1.1" 200 877 "https://primemusicproductions.com/tag/start-playing/" "Mozilla/5.0 (Macintosh; Intel Mac OS X 10_15_7) AppleWebKit/537.36 (KHTML, like Gecko) Chrome/131.0.0.0 Safari/537.36; ClaudeBot/1.0; +claudebot@anthropic.com)"
52.15.214.181 - - [27/Apr/2026:23:58:28 +0000] "GET /wp-content/plugins/jetpack/modules/tiled-gallery/tiled-gallery/tiled-gallery.css?ver=2023-08-21 HTTP/1.1" 200 909 "https://primemusicproductions.com/tag/start-playing/" "Mozilla/5.0 (Macintosh; Intel Mac OS X 10_15_7) AppleWebKit/537.36 (KHTML, like Gecko) Chrome/131.0.0.0 Safari/537.36; ClaudeBot/1.0; +claudebot@anthropic.com)"
52.15.214.181 - - [27/Apr/2026:23:58:28 +0000] "GET /wp-includes/js/jquery/jquery-migrate.min.js?ver=3.4.1 HTTP/1.1" 200 4872 "https://primemusicproductions.com/tag/start-playing/" "Mozilla/5.0 (Macintosh; Intel Mac OS X 10_15_7) AppleWebKit/537.36 (KHTML, like Gecko) Chrome/131.0.0.0 Safari/537.36; ClaudeBot/1.0; +claudebot@anthropic.com)"
52.15.214.181 - - [27/Apr/2026:23:58:28 +0000] "GET /wp-includes/js/jquery/jquery.min.js?ver=3.7.1 HTTP/1.1" 200 30368 "https://primemusicproductions.com/tag/start-playing/" "Mozilla/5.0 (Macintosh; Intel Mac OS X 10_15_7) AppleWebKit/537.36 (KHTML, like Gecko) Chrome/131.0.0.0 Safari/537.36; ClaudeBot/1.0; +claudebot@anthropic.com)"
52.15.214.181 - - [27/Apr/2026:23:58:28 +0000] "GET /wp-content/plugins/wp-accessibility-helper/assets/js/wp-accessibility-helper.min.js?ver=1.0.0 HTTP/1.1" 200 2661 "https://primemusicproductions.com/tag/start-playing/" "Mozilla/5.0 (Macintosh; Intel Mac OS X 10_15_7) AppleWebKit/537.36 (KHTML, like Gecko) Chrome/131.0.0.0 Safari/537.36; ClaudeBot/1.0; +claudebot@anthropic.com)"
52.15.214.181 - - [27/Apr/2026:23:58:28 +0000] "GET /wp-content/themes/flatmagazinews/js/script.js?ver=20160720 HTTP/1.1" 200 1118 "https://primemusicproductions.com/tag/start-playing/" "Mozilla/5.0 (Macintosh; Intel Mac OS X 10_15_7) AppleWebKit/537.36 (KHTML, like Gecko) Chrome/131.0.0.0 Safari/537.36; ClaudeBot/1.0; +claudebot@anthropic.com)"
52.15.214.181 - - [27/Apr/2026:23:58:28 +0000] "GET /wp-content/themes/flatmagazinews/js/navigation.js?ver=20170823 HTTP/1.1" 200 1094 "https://primemusicproductions.com/tag/start-playing/" "Mozilla/5.0 (Macintosh; Intel Mac OS X 10_15_7) AppleWebKit/537.36 (KHTML, like Gecko) Chrome/131.0.0.0 Safari/537.36; ClaudeBot/1.0; +claudebot@anthropic.com)"
52.15.214.181 - - [27/Apr/2026:23:58:28 +0000] "GET /wp-content/themes/flatmagazinews/js/skip-link-focus-fix.js?ver=20170823 HTTP/1.1" 200 417 "https://primemusicproductions.com/tag/start-playing/" "Mozilla/5.0 (Macintosh; Intel Mac OS X 10_15_7) AppleWebKit/537.36 (KHTML, like Gecko) Chrome/131.0.0.0 Safari/537.36; ClaudeBot/1.0; +claudebot@anthropic.com)"
52.15.214.181 - - [27/Apr/2026:23:58:28 +0000] "GET /wp-content/themes/flatmagazinews/js/accessibility.js?ver=20160720 HTTP/1.1" 200 534 "https://primemusicproductions.com/tag/start-playing/" "Mozilla/5.0 (Macintosh; Intel Mac OS X 10_15_7) AppleWebKit/537.36 (KHTML, like Gecko) Chrome/131.0.0.0 Safari/537.36; ClaudeBot/1.0; +claudebot@anthropic.com)"
52.15.214.181 - - [27/Apr/2026:23:58:28 +0000] "GET /wp-content/plugins/jetpack/_inc/build/carousel/jetpack-carousel.min.js?ver=15.7.1 HTTP/1.1" 200 7649 "https://primemusicproductions.com/tag/start-playing/" "Mozilla/5.0 (Macintosh; Intel Mac OS X 10_15_7) AppleWebKit/537.36 (KHTML, like Gecko) Chrome/131.0.0.0 Safari/537.36; ClaudeBot/1.0; +claudebot@anthropic.com)"
52.15.214.181 - - [27/Apr/2026:23:58:28 +0000] "GET /wp-content/plugins/google-site-kit/dist/assets/js/googlesitekit-consent-mode-bc2e26cfa69fcd4a8261.js HTTP/1.1" 200 25395 "https://primemusicproductions.com/tag/start-playing/" "Mozilla/5.0 (Macintosh; Intel Mac OS X 10_15_7) AppleWebKit/537.36 (KHTML, like Gecko) Chrome/131.0.0.0 Safari/537.36; ClaudeBot/1.0; +claudebot@anthropic.com)"
52.15.214.181 - - [27/Apr/2026:23:58:29 +0000] "GET /wp-includes/js/mediaelement/wp-mediaelement.min.js?ver=add92f4e98f9ce618741def37b23f2f1 HTTP/1.1" 200 538 "https://primemusicproductions.com/tag/start-playing/" "Mozilla/5.0 (Macintosh; Intel Mac OS X 10_15_7) AppleWebKit/537.36 (KHTML, like Gecko) Chrome/131.0.0.0 Safari/537.36; ClaudeBot/1.0; +claudebot@anthropic.com)"
52.15.214.181 - - [27/Apr/2026:23:58:29 +0000] "GET /wp-includes/js/mediaelement/mediaelement-migrate.min.js?ver=add92f4e98f9ce618741def37b23f2f1 HTTP/1.1" 200 540 "https://primemusicproductions.com/tag/start-playing/" "Mozilla/5.0 (Macintosh; Intel Mac OS X 10_15_7) AppleWebKit/537.36 (KHTML, like Gecko) Chrome/131.0.0.0 Safari/537.36; ClaudeBot/1.0; +claudebot@anthropic.com)"
52.15.214.181 - - [27/Apr/2026:23:58:29 +0000] "GET /wp-content/plugins/wp-consent-api/assets/js/wp-consent-api.min.js?ver=2.0.1 HTTP/1.1" 200 822 "https://primemusicproductions.com/tag/start-playing/" "Mozilla/5.0 (Macintosh; Intel Mac OS X 10_15_7) AppleWebKit/537.36 (KHTML, like Gecko) Chrome/131.0.0.0 Safari/537.36; ClaudeBot/1.0; +claudebot@anthropic.com)"
52.15.214.181 - - [27/Apr/2026:23:58:29 +0000] "GET /wp-includes/js/mediaelement/mediaelement-and-player.min.js?ver=4.2.17 HTTP/1.1" 200 38789 "https://primemusicproductions.com/tag/start-playing/" "Mozilla/5.0 (Macintosh; Intel Mac OS X 10_15_7) AppleWebKit/537.36 (KHTML, like Gecko) Chrome/131.0.0.0 Safari/537.36; ClaudeBot/1.0; +claudebot@anthropic.com)"
52.15.214.181 - - [27/Apr/2026:23:58:29 +0000] "GET /wp-includes/js/mediaelement/renderers/vimeo.min.js?ver=4.2.17 HTTP/1.1" 200 2284 "https://primemusicproductions.com/tag/start-playing/" "Mozilla/5.0 (Macintosh; Intel Mac OS X 10_15_7) AppleWebKit/537.36 (KHTML, like Gecko) Chrome/131.0.0.0 Safari/537.36; ClaudeBot/1.0; +claudebot@anthropic.com)"
52.15.214.181 - - [27/Apr/2026:23:58:29 +0000] "GET /wp-content/plugins/jetpack/_inc/build/widgets/eu-cookie-law/eu-cookie-law.min.js?ver=20180522 HTTP/1.1" 200 659 "https://primemusicproductions.com/tag/start-playing/" "Mozilla/5.0 (Macintosh; Intel Mac OS X 10_15_7) AppleWebKit/537.36 (KHTML, like Gecko) Chrome/131.0.0.0 Safari/537.36; ClaudeBot/1.0; +claudebot@anthropic.com)"
52.15.214.181 - - [27/Apr/2026:23:58:29 +0000] "GET /wp-content/plugins/wp-accessibility-helper/assets/images/accessibility-48.jpg HTTP/1.1" 200 1581 "https://primemusicproductions.com/tag/start-playing/" "Mozilla/5.0 (Macintosh; Intel Mac OS X 10_15_7) AppleWebKit/537.36 (KHTML, like Gecko) Chrome/131.0.0.0 Safari/537.36; ClaudeBot/1.0; +claudebot@anthropic.com)"
52.15.214.181 - - [27/Apr/2026:23:58:29 +0000] "GET /wp-content/plugins/jetpack/_inc/build/tiled-gallery/tiled-gallery/tiled-gallery.min.js?ver=15.7.1 HTTP/1.1" 200 1070 "https://primemusicproductions.com/tag/start-playing/" "Mozilla/5.0 (Macintosh; Intel Mac OS X 10_15_7) AppleWebKit/537.36 (KHTML, like Gecko) Chrome/131.0.0.0 Safari/537.36; ClaudeBot/1.0; +claudebot@anthropic.com)"
52.15.214.181 - - [27/Apr/2026:23:58:29 +0000] "GET /wp-content/uploads/cropped-beat_maker-1.jpg HTTP/1.1" 200 206333 "https://primemusicproductions.com/tag/start-playing/" "Mozilla/5.0 (Macintosh; Intel Mac OS X 10_15_7) AppleWebKit/537.36 (KHTML, like Gecko) Chrome/131.0.0.0 Safari/537.36; ClaudeBot/1.0; +claudebot@anthropic.com)"
52.15.214.181 - - [27/Apr/2026:23:58:31 +0000] "GET /wp-content/themes/flatmagazinews/fonts/fontawesome-webfont.woff2?v=4.7.0 HTTP/1.1" 200 77162 "https://primemusicproductions.com/wp-content/themes/flatmagazinews/css/font-awesome.min.css?ver=add92f4e98f9ce618741def37b23f2f1" "Mozilla/5.0 (Macintosh; Intel Mac OS X 10_15_7) AppleWebKit/537.36 (KHTML, like Gecko) Chrome/131.0.0.0 Safari/537.36; ClaudeBot/1.0; +claudebot@anthropic.com)"
52.15.214.181 - - [27/Apr/2026:23:58:31 +0000] "GET /wp-includes/js/mediaelement/mejs-controls.svg HTTP/1.1" 200 1413 "https://primemusicproductions.com/wp-includes/js/mediaelement/mediaelementplayer-legacy.min.css?ver=4.2.17" "Mozilla/5.0 (Macintosh; Intel Mac OS X 10_15_7) AppleWebKit/537.36 (KHTML, like Gecko) Chrome/131.0.0.0 Safari/537.36; ClaudeBot/1.0; +claudebot@anthropic.com)"
52.15.214.181 - - [27/Apr/2026:23:58:32 +0000] "GET /wp-includes/js/wp-emoji-release.min.js?ver=add92f4e98f9ce618741def37b23f2f1 HTTP/1.1" 200 5375 "https://primemusicproductions.com/tag/start-playing/" "Mozilla/5.0 (Macintosh; Intel Mac OS X 10_15_7) AppleWebKit/537.36 (KHTML, like Gecko) Chrome/131.0.0.0 Safari/537.36; ClaudeBot/1.0; +claudebot@anthropic.com)"
66.102.8.38 - - [27/Apr/2026:23:58:33 +0000] "GET / HTTP/1.1" 200 51715 "-" "Google-Display-Ads-Bot"
66.249.66.34 - - [27/Apr/2026:23:58:56 +0000] "GET /ads.txt HTTP/1.1" 304 - "-" "Google-adstxt"
114.119.150.168 - - [27/Apr/2026:23:59:01 +0000] "GET /music-productions/try-these-tips-for-learning-guitar-the-easy-way?share=linkedin&amp HTTP/1.1" 302 - "https://primemusicproductions.com/music-productions/try-these-tips-for-learning-guitar-the-easy-way?nonamp=1&amp" "Mozilla/5.0 (Linux; Android 7.0;) AppleWebKit/537.36 (HTML, like Gecko) Mobile Safari/537.36 (compatible; PetalBot;+https://webmaster.petalsearch.com/site/petalbot)"
184.94.212.206 - - [28/Apr/2026:00:00:31 +0000] "POST /wp-cron.php?doing_wp_cron=1777334431.4713709354400634765625 HTTP/1.1" 200 - "-" "WordPress/6.9.4; https://primemusicproductions.com"
57.141.18.48 - - [28/Apr/2026:00:00:29 +0000] "GET /music-productions/music-downloads-knowledge-directly-from-the-experts/?share=tumblr HTTP/1.1" 302 - "-" "meta-externalagent/1.1 (+https://developers.facebook.com/docs/sharing/webmasters/crawler)"
184.94.212.206 - - [28/Apr/2026:00:01:39 +0000] "POST /wp-cron.php?doing_wp_cron=1777334499.6872498989105224609375 HTTP/1.1" 200 - "-" "WordPress/6.9.4; https://primemusicproductions.com"
192.0.85.167 - - [28/Apr/2026:00:01:37 +0000] "HEAD / HTTP/1.1" 200 - "-" "jetmon/1.0 (Jetpack Site Uptime Monitor by WordPress.com)"
8.22.36.17 - - [28/Apr/2026:00:02:30 +0000] "GET /ads.txt HTTP/1.1" 200 58 "-" "Mozilla/5.0 (Windows NT 10.0; Win64; x64) AppleWebKit/537.36 (KHTML, like Gecko) Chrome/144.0.0.0 Safari/537.36 Edg/144.0.3719.115"
184.94.212.206 - - [28/Apr/2026:00:04:09 +0000] "POST /wp-cron.php?doing_wp_cron=1777334649.9226989746093750000000 HTTP/1.1" 200 - "-" "WordPress/6.9.4; https://primemusicproductions.com"
223.109.252.161 - - [28/Apr/2026:00:04:08 +0000] "GET /music-productions/work-on-learning-the-guitar-with-these-fantastic-tips/?share=twitter HTTP/1.1" 302 - "-" "Sogou web spider/4.0(+http://www.sogou.com/docs/help/webmasters.htm#07)"
184.94.212.206 - - [28/Apr/2026:00:05:21 +0000] "POST /wp-cron.php?doing_wp_cron=1777334721.1273350715637207031250 HTTP/1.1" 200 - "-" "WordPress/6.9.4; https://primemusicproductions.com"
114.119.128.127 - - [28/Apr/2026:00:05:19 +0000] "GET /music-productions/try-these-tips-for-learning-guitar-the-easy-way?nonamp=1&amp=1 HTTP/1.1" 301 - "https://primemusicproductions.com/music-productions/try-these-tips-for-learning-guitar-the-easy-way?nonamp=1" "Mozilla/5.0 (Linux; Android 7.0;) AppleWebKit/537.36 (HTML, like Gecko) Mobile Safari/537.36 (compatible; PetalBot;+https://webmaster.petalsearch.com/site/petalbot)"
114.119.128.127 - - [28/Apr/2026:00:05:21 +0000] "GET /music-productions/try-these-tips-for-learning-guitar-the-easy-way/?nonamp=1&amp=1 HTTP/1.1" 200 49161 "https://primemusicproductions.com/music-productions/try-these-tips-for-learning-guitar-the-easy-way?nonamp=1" "Mozilla/5.0 (Linux; Android 7.0;) AppleWebKit/537.36 (HTML, like Gecko) Mobile Safari/537.36 (compatible; PetalBot;+https://webmaster.petalsearch.com/site/petalbot)"
52.22.87.224 - - [28/Apr/2026:00:05:22 +0000] "GET /music-productions/learning-guitar-the-best-article-on-the-topic-is-here-2/ HTTP/1.1" 200 49771 "-" "Mozilla/5.0 AppleWebKit/537.36 (KHTML, like Gecko; compatible; Amazonbot/0.1; +https://developer.amazon.com/support/amazonbot) Chrome/119.0.6045.214 Safari/537.36"
3.219.81.66 - - [28/Apr/2026:00:05:26 +0000] "GET /music-downloads/learn-what-you-need-to-know-about-music-downloads/ HTTP/1.1" 200 50052 "-" "Mozilla/5.0 AppleWebKit/537.36 (KHTML, like Gecko; compatible; Amazonbot/0.1; +https://developer.amazon.com/support/amazonbot) Chrome/119.0.6045.214 Safari/537.36"
54.157.99.244 - - [28/Apr/2026:00:05:30 +0000] "GET /music-downloads/everything-you-need-to-know-about-music-downloads/ HTTP/1.1" 200 49327 "-" "Mozilla/5.0 AppleWebKit/537.36 (KHTML, like Gecko; compatible; Amazonbot/0.1; +https://developer.amazon.com/support/amazonbot) Chrome/119.0.6045.214 Safari/537.36"
44.195.50.71 - - [28/Apr/2026:00:05:34 +0000] "GET /music-productions/how-to-learn-guitar-some-tips-for-success/ HTTP/1.1" 200 49888 "-" "Mozilla/5.0 AppleWebKit/537.36 (KHTML, like Gecko; compatible; Amazonbot/0.1; +https://developer.amazon.com/support/amazonbot) Chrome/119.0.6045.214 Safari/537.36"
184.94.212.206 - - [28/Apr/2026:00:05:45 +0000] "POST /wp-cron.php?doing_wp_cron=1777334745.1297810077667236328125 HTTP/1.1" 200 - "-" "WordPress/6.9.4; https://primemusicproductions.com"
109.199.96.209 - - [28/Apr/2026:00:05:43 +0000] "GET /wp-login.php HTTP/1.1" 200 4129 "-" "Mozilla/5.0 (Macintosh; Intel Mac OS X 10_12_6) AppleWebKit/537.36 (KHTML, like Gecko) Chrome/67.0.3396.79 Safari/537.36"
109.199.96.209 - - [28/Apr/2026:00:05:45 +0000] "POST /wp-login.php HTTP/1.1" 401 1428 "https://primemusicproductions.com/wp-login.php" "Mozilla/5.0 (Macintosh; Intel Mac OS X 10_12_6) AppleWebKit/537.36 (KHTML, like Gecko) Chrome/67.0.3396.79 Safari/537.36"
223.109.252.252 - - [28/Apr/2026:00:06:17 +0000] "GET /music-productions/want-to-rock-try-these-guitar-tips-and-tricks-2/?share=tumblr HTTP/1.1" 302 - "-" "Sogou web spider/4.0(+http://www.sogou.com/docs/help/webmasters.htm#07)"
192.0.85.167 - - [28/Apr/2026:00:06:34 +0000] "HEAD / HTTP/1.1" 200 - "-" "jetmon/1.0 (Jetpack Site Uptime Monitor by WordPress.com)"
112.86.225.41 - - [28/Apr/2026:00:06:47 +0000] "GET /music-productions/expert-advice-you-need-when-learning-guitar/?share=pinterest&amp HTTP/1.1" 302 - "-" "Sogou web spider/4.0(+http://www.sogou.com/docs/help/webmasters.htm#07)"
184.94.212.206 - - [28/Apr/2026:00:08:28 +0000] "POST /wp-cron.php?doing_wp_cron=1777334908.3924379348754882812500 HTTP/1.1" 200 - "-" "WordPress/6.9.4; https://primemusicproductions.com"
121.229.156.66 - - [28/Apr/2026:00:08:26 +0000] "GET /music-productions/want-to-learn-to-play-the-guitar-try-these-tips-2/?share=tumblr HTTP/1.1" 302 - "-" "Sogou web spider/4.0(+http://www.sogou.com/docs/help/webmasters.htm#07)"
185.191.171.5 - - [28/Apr/2026:00:09:12 +0000] "GET /music-productions/are-you-ready-to-learn-the-guitar-check-this-out/?amp HTTP/1.1" 200 49828 "-" "Mozilla/5.0 (compatible; SemrushBot/7~bl; +http://www.semrush.com/bot.html)"
85.208.96.194 - - [28/Apr/2026:00:09:15 +0000] "GET /music-productions/are-you-ready-to-learn-the-guitar-check-this-out/ HTTP/1.1" 200 49828 "-" "Mozilla/5.0 (compatible; SemrushBot/7~bl; +http://www.semrush.com/bot.html)"
184.94.212.206 - - [28/Apr/2026:00:09:29 +0000] "POST /wp-cron.php?doing_wp_cron=1777334969.3233129978179931640625 HTTP/1.1" 200 - "-" "WordPress/6.9.4; https://primemusicproductions.com"
112.86.225.151 - - [28/Apr/2026:00:09:28 +0000] "GET /music-productions/want-to-learn-to-play-the-guitar-try-these-tips/?share=tumblr&amp HTTP/1.1" 302 - "-" "Sogou web spider/4.0(+http://www.sogou.com/docs/help/webmasters.htm#07)"
184.94.212.206 - - [28/Apr/2026:00:11:35 +0000] "POST /wp-cron.php?doing_wp_cron=1777335095.5623610019683837890625 HTTP/1.1" 200 - "-" "WordPress/6.9.4; https://primemusicproductions.com"
192.0.85.167 - - [28/Apr/2026:00:11:33 +0000] "HEAD / HTTP/1.1" 200 - "-" "jetmon/1.0 (Jetpack Site Uptime Monitor by WordPress.com)"
43.163.104.54 - - [28/Apr/2026:00:11:54 +0000] "GET / HTTP/1.1" 301 - "http://www.primemusicproductions.com" "Mozilla/5.0 (iPhone; CPU iPhone OS 13_2_3 like Mac OS X) AppleWebKit/605.1.15 (KHTML, like Gecko) Version/13.0.3 Mobile/15E148 Safari/604.1"
43.163.104.54 - - [28/Apr/2026:00:11:57 +0000] "GET / HTTP/1.1" 200 51726 "https://www.primemusicproductions.com/" "Mozilla/5.0 (iPhone; CPU iPhone OS 13_2_3 like Mac OS X) AppleWebKit/605.1.15 (KHTML, like Gecko) Version/13.0.3 Mobile/15E148 Safari/604.1"
114.119.139.115 - - [28/Apr/2026:00:12:07 +0000] "GET /music-productions/try-these-tips-for-learning-guitar-the-easy-way/?share=tumblr HTTP/1.1" 302 - "https://primemusicproductions.com/music-productions/try-these-tips-for-learning-guitar-the-easy-way" "Mozilla/5.0 (Linux; Android 7.0;) AppleWebKit/537.36 (HTML, like Gecko) Mobile Safari/537.36 (compatible; PetalBot;+https://webmaster.petalsearch.com/site/petalbot)"
173.239.211.151 - - [28/Apr/2026:00:12:14 +0000] "POST /wp-login.php HTTP/1.1" 401 3424 "-" "Mozilla/5.0"
184.94.212.206 - - [28/Apr/2026:00:12:48 +0000] "POST /wp-cron.php?doing_wp_cron=1777335168.7910170555114746093750 HTTP/1.1" 200 - "-" "WordPress/6.9.4; https://primemusicproductions.com"
112.86.225.196 - - [28/Apr/2026:00:12:47 +0000] "GET /music-productions/techno-beat-maker/?share=twitter&amp HTTP/1.1" 302 - "-" "Sogou web spider/4.0(+http://www.sogou.com/docs/help/webmasters.htm#07)"
184.94.212.206 - - [28/Apr/2026:00:16:05 +0000] "POST /wp-cron.php?doing_wp_cron=1777335365.7925341129302978515625 HTTP/1.1" 200 - "-" "WordPress/6.9.4; https://primemusicproductions.com"
185.191.171.8 - - [28/Apr/2026:00:16:03 +0000] "GET /tag/download-services/?amp HTTP/1.1" 200 48145 "-" "Mozilla/5.0 (compatible; SemrushBot/7~bl; +http://www.semrush.com/bot.html)"
184.94.212.206 - - [28/Apr/2026:00:16:09 +0000] "POST /wp-cron.php?doing_wp_cron=1777335369.1642169952392578125000 HTTP/1.1" 200 - "-" "WordPress/6.9.4; https://primemusicproductions.com"
85.208.96.199 - - [28/Apr/2026:00:16:07 +0000] "GET /tag/download-services/ HTTP/1.1" 200 48145 "-" "Mozilla/5.0 (compatible; SemrushBot/7~bl; +http://www.semrush.com/bot.html)"
192.0.85.167 - - [28/Apr/2026:00:16:36 +0000] "HEAD / HTTP/1.1" 200 - "-" "jetmon/1.0 (Jetpack Site Uptime Monitor by WordPress.com)"
184.94.212.206 - - [28/Apr/2026:00:19:15 +0000] "POST /wp-cron.php?doing_wp_cron=1777335554.9798460006713867187500 HTTP/1.1" 200 - "-" "WordPress/6.9.4; https://primemusicproductions.com"
114.119.128.56 - - [28/Apr/2026:00:19:13 +0000] "GET /page/2/?nonamp=1&amp=1 HTTP/1.1" 200 51034 "https://primemusicproductions.com/page/2/?nonamp=1&amp=1" "Mozilla/5.0 (Linux; Android 7.0;) AppleWebKit/537.36 (HTML, like Gecko) Mobile Safari/537.36 (compatible; PetalBot;+https://webmaster.petalsearch.com/site/petalbot)"
184.94.212.206 - - [28/Apr/2026:00:21:36 +0000] "POST /wp-cron.php?doing_wp_cron=1777335695.9831860065460205078125 HTTP/1.1" 200 - "-" "WordPress/6.9.4; https://primemusicproductions.com"
192.0.85.167 - - [28/Apr/2026:00:21:34 +0000] "HEAD / HTTP/1.1" 200 - "-" "jetmon/1.0 (Jetpack Site Uptime Monitor by WordPress.com)"
184.94.212.206 - - [28/Apr/2026:00:23:07 +0000] "POST /wp-cron.php?doing_wp_cron=1777335787.0699520111083984375000 HTTP/1.1" 200 - "-" "WordPress/6.9.4; https://primemusicproductions.com"
54.39.203.182 - - [28/Apr/2026:00:23:05 +0000] "GET /amazon-affiliate-disclaimer/ HTTP/1.1" 200 46448 "-" "Mozilla/5.0 (compatible; AhrefsBot/7.0; +http://ahrefs.com/robot/)"
13.75.199.23 - - [28/Apr/2026:00:23:39 +0000] "GET /1.php HTTP/1.1" 301 - "-" "Mozilla/5.0 (Windows NT 10.0; Win64; x64) AppleWebKit/537.36 (KHTML, like Gecko) Chrome/120.0.0.0 Safari/537.36"
13.75.199.23 - - [28/Apr/2026:00:23:41 +0000] "GET /wp-content/uploads/2024/ HTTP/1.1" 301 - "-" "Mozilla/5.0 (Windows NT 10.0; Win64; x64) AppleWebKit/537.36 (KHTML, like Gecko) Chrome/120.0.0.0 Safari/537.36"
13.75.199.23 - - [28/Apr/2026:00:23:42 +0000] "GET /wp-content/uploads/wp-login.php HTTP/1.1" 301 - "-" "Mozilla/5.0 (Windows NT 10.0; Win64; x64) AppleWebKit/537.36 (KHTML, like Gecko) Chrome/120.0.0.0 Safari/537.36"
13.75.199.23 - - [28/Apr/2026:00:23:43 +0000] "GET /wp-corn-sample.php HTTP/1.1" 301 - "-" "Mozilla/5.0 (Windows NT 10.0; Win64; x64) AppleWebKit/537.36 (KHTML, like Gecko) Chrome/120.0.0.0 Safari/537.36"
13.75.199.23 - - [28/Apr/2026:00:23:44 +0000] "GET /wp-content/uploads/ HTTP/1.1" 301 - "-" "Mozilla/5.0 (Windows NT 10.0; Win64; x64) AppleWebKit/537.36 (KHTML, like Gecko) Chrome/120.0.0.0 Safari/537.36"
142.93.203.0 - - [28/Apr/2026:00:23:45 +0000] "GET / HTTP/1.1" 200 51720 "-" "Mozilla/5.0 (X11; Linux x86_64) AppleWebKit/537.36 (KHTML, like Gecko) Chrome/142.0.0.0 Safari/537.36"
13.75.199.23 - - [28/Apr/2026:00:23:45 +0000] "GET /wp-admin/js/index.php HTTP/1.1" 301 - "-" "Mozilla/5.0 (Windows NT 10.0; Win64; x64) AppleWebKit/537.36 (KHTML, like Gecko) Chrome/120.0.0.0 Safari/537.36"
13.75.199.23 - - [28/Apr/2026:00:23:47 +0000] "GET /wp-admin/css/index.php HTTP/1.1" 301 - "-" "Mozilla/5.0 (Windows NT 10.0; Win64; x64) AppleWebKit/537.36 (KHTML, like Gecko) Chrome/120.0.0.0 Safari/537.36"
13.75.199.23 - - [28/Apr/2026:00:23:48 +0000] "GET /server.php HTTP/1.1" 301 - "-" "Mozilla/5.0 (Windows NT 10.0; Win64; x64) AppleWebKit/537.36 (KHTML, like Gecko) Chrome/120.0.0.0 Safari/537.36"
13.75.199.23 - - [28/Apr/2026:00:23:49 +0000] "GET /wp-includes/Requests/library/ HTTP/1.1" 301 - "-" "Mozilla/5.0 (Windows NT 10.0; Win64; x64) AppleWebKit/537.36 (KHTML, like Gecko) Chrome/120.0.0.0 Safari/537.36"
13.75.199.23 - - [28/Apr/2026:00:23:50 +0000] "GET /wp-admin/js/ HTTP/1.1" 301 - "-" "Mozilla/5.0 (Windows NT 10.0; Win64; x64) AppleWebKit/537.36 (KHTML, like Gecko) Chrome/120.0.0.0 Safari/537.36"
13.75.199.23 - - [28/Apr/2026:00:23:51 +0000] "GET /wso.php HTTP/1.1" 301 - "-" "Mozilla/5.0 (Windows NT 10.0; Win64; x64) AppleWebKit/537.36 (KHTML, like Gecko) Chrome/120.0.0.0 Safari/537.36"
13.75.199.23 - - [28/Apr/2026:00:23:52 +0000] "GET /wp-includes/images/crystal/ HTTP/1.1" 301 - "-" "Mozilla/5.0 (Windows NT 10.0; Win64; x64) AppleWebKit/537.36 (KHTML, like Gecko) Chrome/120.0.0.0 Safari/537.36"
13.75.199.23 - - [28/Apr/2026:00:23:53 +0000] "GET /wp-file.php HTTP/1.1" 301 - "-" "Mozilla/5.0 (Windows NT 10.0; Win64; x64) AppleWebKit/537.36 (KHTML, like Gecko) Chrome/120.0.0.0 Safari/537.36"
13.75.199.23 - - [28/Apr/2026:00:23:54 +0000] "GET /adminfuns.php HTTP/1.1" 301 - "-" "Mozilla/5.0 (Windows NT 10.0; Win64; x64) AppleWebKit/537.36 (KHTML, like Gecko) Chrome/120.0.0.0 Safari/537.36"
13.75.199.23 - - [28/Apr/2026:00:23:56 +0000] "GET /wk/index.php HTTP/1.1" 301 - "-" "Mozilla/5.0 (Windows NT 10.0; Win64; x64) AppleWebKit/537.36 (KHTML, like Gecko) Chrome/120.0.0.0 Safari/537.36"
13.75.199.23 - - [28/Apr/2026:00:23:57 +0000] "GET /wp-admin.php HTTP/1.1" 301 - "-" "Mozilla/5.0 (Windows NT 10.0; Win64; x64) AppleWebKit/537.36 (KHTML, like Gecko) Chrome/120.0.0.0 Safari/537.36"
13.75.199.23 - - [28/Apr/2026:00:23:58 +0000] "GET /wp-content/themes/admin.php HTTP/1.1" 301 - "-" "Mozilla/5.0 (Windows NT 10.0; Win64; x64) AppleWebKit/537.36 (KHTML, like Gecko) Chrome/120.0.0.0 Safari/537.36"
13.75.199.23 - - [28/Apr/2026:00:23:59 +0000] "GET /wp-includes/block-bindings/ HTTP/1.1" 301 - "-" "Mozilla/5.0 (Windows NT 10.0; Win64; x64) AppleWebKit/537.36 (KHTML, like Gecko) Chrome/120.0.0.0 Safari/537.36"
13.75.199.23 - - [28/Apr/2026:00:24:00 +0000] "GET /xmrlpc.php HTTP/1.1" 301 - "-" "Mozilla/5.0 (Windows NT 10.0; Win64; x64) AppleWebKit/537.36 (KHTML, like Gecko) Chrome/120.0.0.0 Safari/537.36"
13.75.199.23 - - [28/Apr/2026:00:24:02 +0000] "GET /wp-includes/SimplePie/about.php HTTP/1.1" 301 - "-" "Mozilla/5.0 (Windows NT 10.0; Win64; x64) AppleWebKit/537.36 (KHTML, like Gecko) Chrome/120.0.0.0 Safari/537.36"
13.75.199.23 - - [28/Apr/2026:00:24:03 +0000] "GET /wp-admin/file.php HTTP/1.1" 301 - "-" "Mozilla/5.0 (Windows NT 10.0; Win64; x64) AppleWebKit/537.36 (KHTML, like Gecko) Chrome/120.0.0.0 Safari/537.36"
13.75.199.23 - - [28/Apr/2026:00:24:04 +0000] "GET /wp-includes/rest-api/fields/ HTTP/1.1" 301 - "-" "Mozilla/5.0 (Windows NT 10.0; Win64; x64) AppleWebKit/537.36 (KHTML, like Gecko) Chrome/120.0.0.0 Safari/537.36"
13.75.199.23 - - [28/Apr/2026:00:24:05 +0000] "GET /atomlib.php HTTP/1.1" 301 - "-" "Mozilla/5.0 (Windows NT 10.0; Win64; x64) AppleWebKit/537.36 (KHTML, like Gecko) Chrome/120.0.0.0 Safari/537.36"
13.75.199.23 - - [28/Apr/2026:00:24:07 +0000] "GET /css/index.php HTTP/1.1" 301 - "-" "Mozilla/5.0 (Windows NT 10.0; Win64; x64) AppleWebKit/537.36 (KHTML, like Gecko) Chrome/120.0.0.0 Safari/537.36"
13.75.199.23 - - [28/Apr/2026:00:24:08 +0000] "GET /wp-content/et-cache/ HTTP/1.1" 301 - "-" "Mozilla/5.0 (Windows NT 10.0; Win64; x64) AppleWebKit/537.36 (KHTML, like Gecko) Chrome/120.0.0.0 Safari/537.36"
13.75.199.23 - - [28/Apr/2026:00:24:09 +0000] "GET /about.php HTTP/1.1" 301 - "-" "Mozilla/5.0 (Windows NT 10.0; Win64; x64) AppleWebKit/537.36 (KHTML, like Gecko) Chrome/120.0.0.0 Safari/537.36"
13.75.199.23 - - [28/Apr/2026:00:24:10 +0000] "GET /wp-content/uploads/admin.php HTTP/1.1" 301 - "-" "Mozilla/5.0 (Windows NT 10.0; Win64; x64) AppleWebKit/537.36 (KHTML, like Gecko) Chrome/120.0.0.0 Safari/537.36"
13.75.199.23 - - [28/Apr/2026:00:24:11 +0000] "GET /wp-content/index.php HTTP/1.1" 200 - "-" "Mozilla/5.0 (Windows NT 10.0; Win64; x64) AppleWebKit/537.36 (KHTML, like Gecko) Chrome/120.0.0.0 Safari/537.36"
13.75.199.23 - - [28/Apr/2026:00:24:11 +0000] "GET /wp-includes/js/index.php HTTP/1.1" 301 - "-" "Mozilla/5.0 (Windows NT 10.0; Win64; x64) AppleWebKit/537.36 (KHTML, like Gecko) Chrome/120.0.0.0 Safari/537.36"
13.75.199.23 - - [28/Apr/2026:00:24:12 +0000] "GET /wp-includes/rest-api/ HTTP/1.1" 301 - "-" "Mozilla/5.0 (Windows NT 10.0; Win64; x64) AppleWebKit/537.36 (KHTML, like Gecko) Chrome/120.0.0.0 Safari/537.36"
13.75.199.23 - - [28/Apr/2026:00:24:14 +0000] "GET /admin.php HTTP/1.1" 301 - "-" "Mozilla/5.0 (Windows NT 10.0; Win64; x64) AppleWebKit/537.36 (KHTML, like Gecko) Chrome/120.0.0.0 Safari/537.36"
13.75.199.23 - - [28/Apr/2026:00:24:15 +0000] "GET /wp-includes/blocks/block/ HTTP/1.1" 301 - "-" "Mozilla/5.0 (Windows NT 10.0; Win64; x64) AppleWebKit/537.36 (KHTML, like Gecko) Chrome/120.0.0.0 Safari/537.36"
13.75.199.23 - - [28/Apr/2026:00:24:16 +0000] "GET /as.php HTTP/1.1" 301 - "-" "Mozilla/5.0 (Windows NT 10.0; Win64; x64) AppleWebKit/537.36 (KHTML, like Gecko) Chrome/120.0.0.0 Safari/537.36"
13.75.199.23 - - [28/Apr/2026:00:24:17 +0000] "GET /wp-includes/PHPMailer/index.php HTTP/1.1" 301 - "-" "Mozilla/5.0 (Windows NT 10.0; Win64; x64) AppleWebKit/537.36 (KHTML, like Gecko) Chrome/120.0.0.0 Safari/537.36"
13.75.199.23 - - [28/Apr/2026:00:24:18 +0000] "GET /buy.php HTTP/1.1" 301 - "-" "Mozilla/5.0 (Windows NT 10.0; Win64; x64) AppleWebKit/537.36 (KHTML, like Gecko) Chrome/120.0.0.0 Safari/537.36"
13.75.199.23 - - [28/Apr/2026:00:24:19 +0000] "GET /wp.php HTTP/1.1" 301 - "-" "Mozilla/5.0 (Windows NT 10.0; Win64; x64) AppleWebKit/537.36 (KHTML, like Gecko) Chrome/120.0.0.0 Safari/537.36"
13.75.199.23 - - [28/Apr/2026:00:24:20 +0000] "GET /wp-admin/images/index.php HTTP/1.1" 301 - "-" "Mozilla/5.0 (Windows NT 10.0; Win64; x64) AppleWebKit/537.36 (KHTML, like Gecko) Chrome/120.0.0.0 Safari/537.36"
13.75.199.23 - - [28/Apr/2026:00:24:21 +0000] "GET /about.PHP HTTP/1.1" 301 - "-" "Mozilla/5.0 (Windows NT 10.0; Win64; x64) AppleWebKit/537.36 (KHTML, like Gecko) Chrome/120.0.0.0 Safari/537.36"
184.94.212.206 - - [28/Apr/2026:00:24:24 +0000] "POST /wp-cron.php?doing_wp_cron=1777335864.0167849063873291015625 HTTP/1.1" 200 - "-" "WordPress/6.9.4; https://primemusicproductions.com"
13.75.199.23 - - [28/Apr/2026:00:24:23 +0000] "GET /ioxi-o.php HTTP/1.1" 301 - "-" "Mozilla/5.0 (Windows NT 10.0; Win64; x64) AppleWebKit/537.36 (KHTML, like Gecko) Chrome/120.0.0.0 Safari/537.36"
13.75.199.23 - - [28/Apr/2026:00:24:24 +0000] "GET /wp-content/uploads/index.php HTTP/1.1" 301 - "-" "Mozilla/5.0 (Windows NT 10.0; Win64; x64) AppleWebKit/537.36 (KHTML, like Gecko) Chrome/120.0.0.0 Safari/537.36"
13.75.199.23 - - [28/Apr/2026:00:24:25 +0000] "GET /wp-content/edit.php HTTP/1.1" 301 - "-" "Mozilla/5.0 (Windows NT 10.0; Win64; x64) AppleWebKit/537.36 (KHTML, like Gecko) Chrome/120.0.0.0 Safari/537.36"
13.75.199.23 - - [28/Apr/2026:00:24:26 +0000] "GET /sf.php HTTP/1.1" 301 - "-" "Mozilla/5.0 (Windows NT 10.0; Win64; x64) AppleWebKit/537.36 (KHTML, like Gecko) Chrome/120.0.0.0 Safari/537.36"
13.75.199.23 - - [28/Apr/2026:00:24:27 +0000] "GET /wp-includes/index.php HTTP/1.1" 301 - "-" "Mozilla/5.0 (Windows NT 10.0; Win64; x64) AppleWebKit/537.36 (KHTML, like Gecko) Chrome/120.0.0.0 Safari/537.36"
13.75.199.23 - - [28/Apr/2026:00:24:28 +0000] "GET /file.php HTTP/1.1" 301 - "-" "Mozilla/5.0 (Windows NT 10.0; Win64; x64) AppleWebKit/537.36 (KHTML, like Gecko) Chrome/120.0.0.0 Safari/537.36"
13.75.199.23 - - [28/Apr/2026:00:24:30 +0000] "GET /wp-admin/css/colors/modern/ HTTP/1.1" 301 - "-" "Mozilla/5.0 (Windows NT 10.0; Win64; x64) AppleWebKit/537.36 (KHTML, like Gecko) Chrome/120.0.0.0 Safari/537.36"
13.75.199.23 - - [28/Apr/2026:00:24:31 +0000] "GET /cgi-bin/ HTTP/1.1" 301 - "-" "Mozilla/5.0 (Windows NT 10.0; Win64; x64) AppleWebKit/537.36 (KHTML, like Gecko) Chrome/120.0.0.0 Safari/537.36"
13.75.199.23 - - [28/Apr/2026:00:24:32 +0000] "GET /test1.php HTTP/1.1" 301 - "-" "Mozilla/5.0 (Windows NT 10.0; Win64; x64) AppleWebKit/537.36 (KHTML, like Gecko) Chrome/120.0.0.0 Safari/537.36"
13.75.199.23 - - [28/Apr/2026:00:24:33 +0000] "GET /wp-cron.php HTTP/1.1" 200 - "-" "Mozilla/5.0 (Windows NT 10.0; Win64; x64) AppleWebKit/537.36 (KHTML, like Gecko) Chrome/120.0.0.0 Safari/537.36"
13.75.199.23 - - [28/Apr/2026:00:24:33 +0000] "GET /wp-includes/block-supports/ HTTP/1.1" 301 - "-" "Mozilla/5.0 (Windows NT 10.0; Win64; x64) AppleWebKit/537.36 (KHTML, like Gecko) Chrome/120.0.0.0 Safari/537.36"
13.75.199.23 - - [28/Apr/2026:00:24:34 +0000] "GET /404.php HTTP/1.1" 301 - "-" "Mozilla/5.0 (Windows NT 10.0; Win64; x64) AppleWebKit/537.36 (KHTML, like Gecko) Chrome/120.0.0.0 Safari/537.36"
13.75.199.23 - - [28/Apr/2026:00:24:36 +0000] "GET /wp-content/1.php HTTP/1.1" 301 - "-" "Mozilla/5.0 (Windows NT 10.0; Win64; x64) AppleWebKit/537.36 (KHTML, like Gecko) Chrome/120.0.0.0 Safari/537.36"
13.75.199.23 - - [28/Apr/2026:00:24:37 +0000] "GET /images/index.php HTTP/1.1" 301 - "-" "Mozilla/5.0 (Windows NT 10.0; Win64; x64) AppleWebKit/537.36 (KHTML, like Gecko) Chrome/120.0.0.0 Safari/537.36"
185.191.171.12 - - [28/Apr/2026:00:24:46 +0000] "GET /robots.txt HTTP/1.1" 200 153 "-" "Mozilla/5.0 (compatible; SemrushBot/7~bl; +http://www.semrush.com/bot.html)"
85.208.96.198 - - [28/Apr/2026:00:24:47 +0000] "GET /tag/known-websites/?amp HTTP/1.1" 200 48118 "-" "Mozilla/5.0 (compatible; SemrushBot/7~bl; +http://www.semrush.com/bot.html)"
85.208.96.193 - - [28/Apr/2026:00:24:50 +0000] "GET /tag/known-websites/ HTTP/1.1" 200 48118 "-" "Mozilla/5.0 (compatible; SemrushBot/7~bl; +http://www.semrush.com/bot.html)"
184.94.212.206 - - [28/Apr/2026:00:25:35 +0000] "POST /wp-cron.php?doing_wp_cron=1777335935.4381558895111083984375 HTTP/1.1" 200 - "-" "WordPress/6.9.4; https://primemusicproductions.com"
216.73.216.179 - - [28/Apr/2026:00:25:33 +0000] "GET /robots.txt HTTP/1.1" 200 153 "-" "Mozilla/5.0 AppleWebKit/537.36 (KHTML, like Gecko; compatible; ClaudeBot/1.0; +claudebot@anthropic.com)"
216.73.216.179 - - [28/Apr/2026:00:25:35 +0000] "GET /news-sitemap.xml HTTP/1.1" 200 317 "-" "Mozilla/5.0 AppleWebKit/537.36 (KHTML, like Gecko; compatible; ClaudeBot/1.0; +claudebot@anthropic.com)"
184.94.212.206 - - [28/Apr/2026:00:25:55 +0000] "POST /wp-cron.php?doing_wp_cron=1777335954.9998090267181396484375 HTTP/1.1" 200 - "-" "WordPress/6.9.4; https://primemusicproductions.com"
43.157.82.252 - - [28/Apr/2026:00:25:53 +0000] "GET /music-productions/are-you-new-to-the-guitar-try-these-tips-and-tricks/attachment/pexels-photo-18345235/ HTTP/1.1" 200 45467 "-" "Mozilla/5.0 (iPhone; CPU iPhone OS 13_2_3 like Mac OS X) AppleWebKit/605.1.15 (KHTML, like Gecko) Version/13.0.3 Mobile/15E148 Safari/604.1"
114.119.150.166 - - [28/Apr/2026:00:25:55 +0000] "GET /music-productions/try-these-tips-for-learning-guitar-the-easy-way/?share=linkedin&amp HTTP/1.1" 302 - "https://primemusicproductions.com/music-productions/try-these-tips-for-learning-guitar-the-easy-way?nonamp=1&amp" "Mozilla/5.0 (Linux; Android 7.0;) AppleWebKit/537.36 (HTML, like Gecko) Mobile Safari/537.36 (compatible; PetalBot;+https://webmaster.petalsearch.com/site/petalbot)"
185.191.171.16 - - [28/Apr/2026:00:26:07 +0000] "GET /tag/beat-making-software/?amp HTTP/1.1" 200 48320 "-" "Mozilla/5.0 (compatible; SemrushBot/7~bl; +http://www.semrush.com/bot.html)"
85.208.96.208 - - [28/Apr/2026:00:26:11 +0000] "GET /tag/beat-making-software/ HTTP/1.1" 200 48320 "-" "Mozilla/5.0 (compatible; SemrushBot/7~bl; +http://www.semrush.com/bot.html)"
65.254.225.220 - - [28/Apr/2026:00:26:17 +0000] "GET /wp-login.php HTTP/1.1" 200 4368 "-" "Mozilla/5.0 (Windows NT 10.0; rv:60.0) Gecko/20100101 Firefox/60.0"
65.254.225.220 - - [28/Apr/2026:00:26:18 +0000] "POST /wp-login.php HTTP/1.1" 200 4368 "https://primemusicproductions.com/wp-login.php" "Mozilla/5.0 (Windows NT 10.0; rv:60.0) Gecko/20100101 Firefox/60.0"
192.0.85.167 - - [28/Apr/2026:00:26:42 +0000] "HEAD / HTTP/1.1" 200 - "-" "jetmon/1.0 (Jetpack Site Uptime Monitor by WordPress.com)"
184.94.212.206 - - [28/Apr/2026:00:28:02 +0000] "POST /wp-cron.php?doing_wp_cron=1777336082.8126440048217773437500 HTTP/1.1" 200 - "-" "WordPress/6.9.4; https://primemusicproductions.com"
173.239.211.163 - - [28/Apr/2026:00:28:00 +0000] "POST /wp-login.php HTTP/1.1" 401 3424 "-" "Mozilla/5.0"
184.94.212.206 - - [28/Apr/2026:00:29:45 +0000] "POST /wp-cron.php?doing_wp_cron=1777336185.6981759071350097656250 HTTP/1.1" 200 - "-" "WordPress/6.9.4; https://primemusicproductions.com"
57.141.18.104 - - [28/Apr/2026:00:29:43 +0000] "GET /music-productions/music-downloads-knowledge-directly-from-the-experts/?share=pinterest HTTP/1.1" 302 - "-" "meta-externalagent/1.1 (+https://developers.facebook.com/docs/sharing/webmasters/crawler)"
184.94.212.206 - - [28/Apr/2026:00:31:11 +0000] "POST /wp-cron.php?doing_wp_cron=1777336271.5333330631256103515625 HTTP/1.1" 200 - "-" "WordPress/6.9.4; https://primemusicproductions.com"
5.255.231.19 - - [28/Apr/2026:00:31:09 +0000] "GET /robots.txt HTTP/1.1" 200 298 "-" "Mozilla/5.0 (compatible; YandexBot/3.0; +http://yandex.com/bots)"
213.180.203.153 - - [28/Apr/2026:00:31:12 +0000] "GET /page/6/ HTTP/1.1" 200 51029 "-" "Mozilla/5.0 (compatible; YandexBot/3.0; +http://yandex.com/bots)"
192.0.85.167 - - [28/Apr/2026:00:31:36 +0000] "HEAD / HTTP/1.1" 200 - "-" "jetmon/1.0 (Jetpack Site Uptime Monitor by WordPress.com)"
184.94.212.206 - - [28/Apr/2026:00:31:56 +0000] "POST /wp-cron.php?doing_wp_cron=1777336316.5342619419097900390625 HTTP/1.1" 200 - "-" "WordPress/6.9.4; https://primemusicproductions.com"
185.191.171.11 - - [28/Apr/2026:00:31:54 +0000] "GET /tag/music-online/?amp HTTP/1.1" 200 48132 "-" "Mozilla/5.0 (compatible; SemrushBot/7~bl; +http://www.semrush.com/bot.html)"
85.208.96.210 - - [28/Apr/2026:00:31:59 +0000] "GET /tag/music-online/ HTTP/1.1" 200 48131 "-" "Mozilla/5.0 (compatible; SemrushBot/7~bl; +http://www.semrush.com/bot.html)"
184.94.212.206 - - [28/Apr/2026:00:32:44 +0000] "POST /wp-cron.php?doing_wp_cron=1777336364.7844009399414062500000 HTTP/1.1" 200 - "-" "WordPress/6.9.4; https://primemusicproductions.com"
116.179.32.213 - - [28/Apr/2026:00:32:42 +0000] "GET /music-productions/its-very-easy-to-learn-guitar-with-some-advice/?share=pinterest HTTP/1.1" 302 - "-" "Mozilla/5.0 (compatible; Baiduspider/2.0; +http://www.baidu.com/search/spider.html)"
