195.191.180.137 - - [27/Apr/2026:17:05:19 +0000] "GET /wp-login.php HTTP/1.1" 200 4197 "-" "Mozilla/4.0 (compatible; MSIE 7.0; Windows NT 6.2; WOW64; Trident/7.0; .NET4.0C; .NET4.0E; .NET CLR 2.0.50727; .NET CLR 3.0.30729; .NET CLR 3.5.30729; LCTE)"
195.191.180.137 - - [27/Apr/2026:17:05:21 +0000] "POST /wp-login.php HTTP/1.1" 401 1453 "https://maxvirusprotection.com/wp-login.php" "Mozilla/4.0 (compatible; MSIE 7.0; Windows NT 6.2; WOW64; Trident/7.0; .NET4.0C; .NET4.0E; .NET CLR 2.0.50727; .NET CLR 3.0.30729; .NET CLR 3.5.30729; LCTE)"
114.119.148.120 - - [27/Apr/2026:17:05:51 +0000] "GET /best-tips-for-creative-and-effective-web-design/ HTTP/1.1" 200 47667 "https://maxvirusprotection.com/page/2" "Mozilla/5.0 (Linux; Android 7.0;) AppleWebKit/537.36 (HTML, like Gecko) Mobile Safari/537.36 (compatible; PetalBot;+https://webmaster.petalsearch.com/site/petalbot)"
184.94.212.206 - - [27/Apr/2026:17:06:29 +0000] "POST /wp-cron.php?doing_wp_cron=1777309589.3671970367431640625000 HTTP/1.1" 200 - "-" "WordPress/6.9.4; https://maxvirusprotection.com"
192.0.85.167 - - [27/Apr/2026:17:06:28 +0000] "HEAD / HTTP/1.1" 200 - "-" "jetmon/1.0 (Jetpack Site Uptime Monitor by WordPress.com)"
184.94.212.206 - - [27/Apr/2026:17:07:02 +0000] "POST /wp-cron.php?doing_wp_cron=1777309622.1335198879241943359375 HTTP/1.1" 200 - "-" "WordPress/6.9.4; https://maxvirusprotection.com"
57.141.18.117 - - [27/Apr/2026:17:07:00 +0000] "GET /tag/data-protection/ HTTP/1.1" 200 126478 "-" "meta-externalagent/1.1 (+https://developers.facebook.com/docs/sharing/webmasters/crawler)"
184.94.212.206 - - [27/Apr/2026:17:11:18 +0000] "POST /wp-cron.php?doing_wp_cron=1777309878.3060688972473144531250 HTTP/1.1" 200 - "-" "WordPress/6.9.4; https://maxvirusprotection.com"
114.119.140.103 - - [27/Apr/2026:17:11:16 +0000] "GET /best-antivirus-software-2025-for-windows/ HTTP/1.1" 200 48775 "https://maxvirusprotection.com/here-is-some-advice-about-desktop-computers/?amp" "Mozilla/5.0 (Linux; Android 7.0;) AppleWebKit/537.36 (HTML, like Gecko) Mobile Safari/537.36 (compatible; PetalBot;+https://webmaster.petalsearch.com/site/petalbot)"
184.94.212.206 - - [27/Apr/2026:17:11:29 +0000] "POST /wp-cron.php?doing_wp_cron=1777309889.3870139122009277343750 HTTP/1.1" 200 - "-" "WordPress/6.9.4; https://maxvirusprotection.com"
192.0.85.167 - - [27/Apr/2026:17:11:28 +0000] "HEAD / HTTP/1.1" 200 - "-" "jetmon/1.0 (Jetpack Site Uptime Monitor by WordPress.com)"
184.94.212.206 - - [27/Apr/2026:17:12:57 +0000] "POST /wp-cron.php?doing_wp_cron=1777309977.9273529052734375000000 HTTP/1.1" 200 - "-" "WordPress/6.9.4; https://maxvirusprotection.com"
148.113.128.65 - - [27/Apr/2026:17:12:56 +0000] "GET /tag/computer-security/ HTTP/1.1" 200 44226 "-" "Mozilla/5.0 (compatible; AhrefsBot/7.0; +http://ahrefs.com/robot/)"
184.94.212.206 - - [27/Apr/2026:17:15:28 +0000] "POST /wp-cron.php?doing_wp_cron=1777310128.0314729213714599609375 HTTP/1.1" 200 - "-" "WordPress/6.9.4; https://maxvirusprotection.com"
195.211.212.253 - - [27/Apr/2026:17:15:26 +0000] "GET /pharming-definition-what-is-pharming-and-how-to-prevent-it/?share=x HTTP/1.1" 302 - "-" "Mozilla/5.0 (Macintosh; Intel Mac OS X 10_2) AppleWebKit/537.36 (KHTML, like Gecko) Chrome/100.0.4886.148 Safari/537.36"
57.141.18.123 - - [27/Apr/2026:17:15:57 +0000] "GET /tag/meta-tags/ HTTP/1.1" 200 120692 "-" "meta-externalagent/1.1 (+https://developers.facebook.com/docs/sharing/webmasters/crawler)"
184.94.212.206 - - [27/Apr/2026:17:16:29 +0000] "POST /wp-cron.php?doing_wp_cron=1777310189.2034549713134765625000 HTTP/1.1" 200 - "-" "WordPress/6.9.4; https://maxvirusprotection.com"
192.0.85.167 - - [27/Apr/2026:17:16:28 +0000] "HEAD / HTTP/1.1" 200 - "-" "jetmon/1.0 (Jetpack Site Uptime Monitor by WordPress.com)"
114.119.145.19 - - [27/Apr/2026:17:16:42 +0000] "GET /author/h0tn1ch3s?amp HTTP/1.1" 301 - "https://maxvirusprotection.com/author/h0tn1ch3s/page/2?amp" "Mozilla/5.0 (Linux; Android 7.0;) AppleWebKit/537.36 (HTML, like Gecko) Mobile Safari/537.36 (compatible; PetalBot;+https://webmaster.petalsearch.com/site/petalbot)"
57.141.18.22 - - [27/Apr/2026:17:16:42 +0000] "GET /tag/original-warranty/ HTTP/1.1" 200 120110 "-" "meta-externalagent/1.1 (+https://developers.facebook.com/docs/sharing/webmasters/crawler)"
114.119.145.19 - - [27/Apr/2026:17:16:43 +0000] "GET /author/h0tn1ch3s/?amp HTTP/1.1" 200 48431 "https://maxvirusprotection.com/author/h0tn1ch3s/page/2?amp" "Mozilla/5.0 (Linux; Android 7.0;) AppleWebKit/537.36 (HTML, like Gecko) Mobile Safari/537.36 (compatible; PetalBot;+https://webmaster.petalsearch.com/site/petalbot)"
184.94.212.206 - - [27/Apr/2026:17:20:19 +0000] "POST /wp-cron.php?doing_wp_cron=1777310419.6204440593719482421875 HTTP/1.1" 200 - "-" "WordPress/6.9.4; https://maxvirusprotection.com"
91.84.110.151 - - [27/Apr/2026:17:20:17 +0000] "GET / HTTP/1.1" 200 47535 "http://MAXVIRUSPROTECTION.COM" "Mozilla/5.0 (Windows NT 10.0; Win64; x64) AppleWebKit/537.36 (KHTML, like Gecko) Chrome/120.0.0.0 Safari/537.36"
184.94.212.206 - - [27/Apr/2026:17:21:28 +0000] "POST /wp-cron.php?doing_wp_cron=1777310488.8836510181427001953125 HTTP/1.1" 200 - "-" "WordPress/6.9.4; https://maxvirusprotection.com"
192.0.85.167 - - [27/Apr/2026:17:21:27 +0000] "HEAD / HTTP/1.1" 200 - "-" "jetmon/1.0 (Jetpack Site Uptime Monitor by WordPress.com)"
184.94.212.206 - - [27/Apr/2026:17:22:26 +0000] "POST /wp-cron.php?doing_wp_cron=1777310546.9812250137329101562500 HTTP/1.1" 200 - "-" "WordPress/6.9.4; https://maxvirusprotection.com"
114.119.145.19 - - [27/Apr/2026:17:22:25 +0000] "GET /author/h0tn1ch3s/page/4/?noamp=mobile HTTP/1.1" 200 47027 "https://maxvirusprotection.com/author/h0tn1ch3s/page/4/?noamp=mobile" "Mozilla/5.0 (Linux; Android 7.0;) AppleWebKit/537.36 (HTML, like Gecko) Mobile Safari/537.36 (compatible; PetalBot;+https://webmaster.petalsearch.com/site/petalbot)"
184.94.212.206 - - [27/Apr/2026:17:24:34 +0000] "POST /wp-cron.php?doing_wp_cron=1777310674.7591109275817871093750 HTTP/1.1" 200 - "-" "WordPress/6.9.4; https://maxvirusprotection.com"
193.56.116.94 - - [27/Apr/2026:17:24:32 +0000] "POST /wp-login.php HTTP/1.1" 401 3499 "-" "Mozilla/5.0"
195.149.226.101 - - [27/Apr/2026:17:24:49 +0000] "GET /wp-login.php HTTP/1.1" 200 4403 "-" "Mozilla/5.0 (Windows NT 10.0; WOW64; Trident/7.0; MATBJS; rv:11.0) like Gecko"
195.149.226.101 - - [27/Apr/2026:17:24:50 +0000] "POST /wp-login.php HTTP/1.1" 200 4403 "https://maxvirusprotection.com/wp-login.php" "Mozilla/5.0 (Windows NT 10.0; WOW64; Trident/7.0; MATBJS; rv:11.0) like Gecko"
57.141.18.24 - - [27/Apr/2026:17:24:49 +0000] "GET /tag/bitcoinmalware/ HTTP/1.1" 200 123077 "-" "meta-externalagent/1.1 (+https://developers.facebook.com/docs/sharing/webmasters/crawler)"
64.89.160.114 - - [27/Apr/2026:17:25:00 +0000] "GET /wp-login.php?al=true HTTP/1.1" 200 3994 "-" "Mozilla/5.0"
85.208.96.208 - - [27/Apr/2026:17:25:30 +0000] "GET /robots.txt HTTP/1.1" 200 150 "-" "Mozilla/5.0 (compatible; SemrushBot/7~bl; +http://www.semrush.com/bot.html)"
85.208.96.202 - - [27/Apr/2026:17:25:31 +0000] "GET /category/security/page/3/ HTTP/1.1" 200 48973 "-" "Mozilla/5.0 (compatible; SemrushBot/7~bl; +http://www.semrush.com/bot.html)"
184.94.212.206 - - [27/Apr/2026:17:26:29 +0000] "POST /wp-cron.php?doing_wp_cron=1777310789.6503829956054687500000 HTTP/1.1" 200 - "-" "WordPress/6.9.4; https://maxvirusprotection.com"
192.0.85.167 - - [27/Apr/2026:17:26:27 +0000] "HEAD / HTTP/1.1" 200 - "-" "jetmon/1.0 (Jetpack Site Uptime Monitor by WordPress.com)"
184.94.212.206 - - [27/Apr/2026:17:26:59 +0000] "POST /wp-cron.php?doing_wp_cron=1777310819.6647489070892333984375 HTTP/1.1" 200 - "-" "WordPress/6.9.4; https://maxvirusprotection.com"
74.7.230.62 - - [27/Apr/2026:17:26:58 +0000] "GET /robots.txt HTTP/1.1" 200 150 "-" "Mozilla/5.0 (Macintosh; Intel Mac OS X 10_15_7) AppleWebKit/537.36 (KHTML, like Gecko) Chrome/131.0.0.0 Safari/537.36; compatible; OAI-SearchBot/1.3; robots.txt; +https://openai.com/searchbot"
158.181.41.110 - - [27/Apr/2026:17:27:23 +0000] "GET /desktop-computers-tips-tricks-and-other-great-advice/ HTTP/1.1" 200 46954 "-" "Mozilla/5.0 (Windows NT 6.1; Win64; x64) AppleWebKit/537.36 (KHTML, like Gecko) Chrome/75.0.3770.100 Safari/537.36"
114.119.148.120 - - [27/Apr/2026:17:28:09 +0000] "GET /author/h0tn1ch3s/page/4/ HTTP/1.1" 200 47010 "https://maxvirusprotection.com/author/h0tn1ch3s/page/5" "Mozilla/5.0 (Linux; Android 7.0;) AppleWebKit/537.36 (HTML, like Gecko) Mobile Safari/537.36 (compatible; PetalBot;+https://webmaster.petalsearch.com/site/petalbot)"
84.54.72.206 - - [27/Apr/2026:17:28:59 +0000] "GET /what-needs-to-go-into-buying-your-laptop/?share=facebook HTTP/1.1" 302 - "-" "Mozilla/5.0 (Macintosh; Intel Mac OS X 10_15_3) AppleWebKit/537.36 (KHTML, like Gecko) Chrome/87.0.4280.88 Safari/537.36"
69.49.112.66 - - [27/Apr/2026:17:30:45 +0000] "GET /wp-login.php HTTP/1.1" 200 4402 "-" "Mozilla/5.0 (Windows NT 6.3; WOW64; Trident/7.0; AS; rv:11.0) like Gecko"
69.49.112.66 - - [27/Apr/2026:17:30:50 +0000] "POST /wp-login.php HTTP/1.1" 200 4402 "https://maxvirusprotection.com/wp-login.php" "Mozilla/5.0 (Windows NT 6.3; WOW64; Trident/7.0; AS; rv:11.0) like Gecko"
184.94.212.206 - - [27/Apr/2026:17:31:29 +0000] "POST /wp-cron.php?doing_wp_cron=1777311089.1519761085510253906250 HTTP/1.1" 200 - "-" "WordPress/6.9.4; https://maxvirusprotection.com"
192.0.85.167 - - [27/Apr/2026:17:31:27 +0000] "HEAD / HTTP/1.1" 200 - "-" "jetmon/1.0 (Jetpack Site Uptime Monitor by WordPress.com)"
184.94.212.206 - - [27/Apr/2026:17:33:54 +0000] "POST /wp-cron.php?doing_wp_cron=1777311233.9921300411224365234375 HTTP/1.1" 200 - "-" "WordPress/6.9.4; https://maxvirusprotection.com"
114.119.140.103 - - [27/Apr/2026:17:33:52 +0000] "GET /author/h0tn1ch3s/page/3?amp HTTP/1.1" 301 - "https://maxvirusprotection.com/author/h0tn1ch3s/page/4?amp" "Mozilla/5.0 (Linux; Android 7.0;) AppleWebKit/537.36 (HTML, like Gecko) Mobile Safari/537.36 (compatible; PetalBot;+https://webmaster.petalsearch.com/site/petalbot)"
114.119.140.103 - - [27/Apr/2026:17:33:54 +0000] "GET /author/h0tn1ch3s/page/3/?amp HTTP/1.1" 200 46896 "https://maxvirusprotection.com/author/h0tn1ch3s/page/4?amp" "Mozilla/5.0 (Linux; Android 7.0;) AppleWebKit/537.36 (HTML, like Gecko) Mobile Safari/537.36 (compatible; PetalBot;+https://webmaster.petalsearch.com/site/petalbot)"
184.94.212.206 - - [27/Apr/2026:17:34:27 +0000] "POST /wp-cron.php?doing_wp_cron=1777311267.2470839023590087890625 HTTP/1.1" 200 - "-" "WordPress/6.9.4; https://maxvirusprotection.com"
57.141.18.111 - - [27/Apr/2026:17:34:26 +0000] "GET /image-sitemap-1.xml HTTP/1.1" 200 18432 "-" "meta-externalagent/1.1 (+https://developers.facebook.com/docs/sharing/webmasters/crawler)"
184.94.212.206 - - [27/Apr/2026:17:36:30 +0000] "POST /wp-cron.php?doing_wp_cron=1777311390.0232560634613037109375 HTTP/1.1" 200 - "-" "WordPress/6.9.4; https://maxvirusprotection.com"
192.0.85.167 - - [27/Apr/2026:17:36:28 +0000] "HEAD / HTTP/1.1" 200 - "-" "jetmon/1.0 (Jetpack Site Uptime Monitor by WordPress.com)"
184.94.212.206 - - [27/Apr/2026:17:38:23 +0000] "POST /wp-cron.php?doing_wp_cron=1777311503.0081999301910400390625 HTTP/1.1" 200 - "-" "WordPress/6.9.4; https://maxvirusprotection.com"
212.47.136.156 - - [27/Apr/2026:17:38:21 +0000] "GET /essential-advice-for-your-next-laptop-purchase/ HTTP/1.1" 200 46512 "-" "Mozilla/5.0 (Macintosh; Intel Mac OS X 10_15_3) AppleWebKit/537.36 (KHTML, like Gecko) Chrome/87.0.4280.88 Safari/537.36"
185.220.100.251 - - [27/Apr/2026:17:38:31 +0000] "GET / HTTP/1.1" 200 47525 "-" "\"Mozilla/5.0 (Macintosh; Intel Mac OS X 10_15_7) AppleWebKit/537.36 (KHTML, like Gecko) Chrome/142.0.0.0 Safari/537.36\""
185.220.100.251 - - [27/Apr/2026:17:38:33 +0000] "GET /wp-content/plugins/simple-google-recaptcha/sgr.js?ver=1663329978 HTTP/1.1" 200 504 "https://maxvirusprotection.com/" "\"Mozilla/5.0 (Macintosh; Intel Mac OS X 10_15_7) AppleWebKit/537.36 (KHTML, like Gecko) Chrome/142.0.0.0 Safari/537.36\""
185.220.100.251 - - [27/Apr/2026:17:38:34 +0000] "GET /wp-content/themes/genesis/lib/js/menu/superfish.min.js?ver=1.7.10 HTTP/1.1" 200 1894 "https://maxvirusprotection.com/" "\"Mozilla/5.0 (Macintosh; Intel Mac OS X 10_15_7) AppleWebKit/537.36 (KHTML, like Gecko) Chrome/142.0.0.0 Safari/537.36\""
185.220.100.251 - - [27/Apr/2026:17:38:34 +0000] "GET /wp-content/themes/genesis/lib/js/menu/superfish.args.min.js?ver=3.6.2 HTTP/1.1" 200 124 "https://maxvirusprotection.com/" "\"Mozilla/5.0 (Macintosh; Intel Mac OS X 10_15_7) AppleWebKit/537.36 (KHTML, like Gecko) Chrome/142.0.0.0 Safari/537.36\""
185.220.100.251 - - [27/Apr/2026:17:38:34 +0000] "GET /wp-content/themes/genesis/lib/js/skip-links.min.js?ver=3.6.2 HTTP/1.1" 200 238 "https://maxvirusprotection.com/" "\"Mozilla/5.0 (Macintosh; Intel Mac OS X 10_15_7) AppleWebKit/537.36 (KHTML, like Gecko) Chrome/142.0.0.0 Safari/537.36\""
185.220.100.251 - - [27/Apr/2026:17:38:35 +0000] "GET /wp-content/themes/news-pro/js/jquery.matchHeight.min.js?ver=3.2.1 HTTP/1.1" 200 1553 "https://maxvirusprotection.com/" "\"Mozilla/5.0 (Macintosh; Intel Mac OS X 10_15_7) AppleWebKit/537.36 (KHTML, like Gecko) Chrome/142.0.0.0 Safari/537.36\""
185.220.100.251 - - [27/Apr/2026:17:38:35 +0000] "GET /wp-content/themes/news-pro/js/global.js?ver=3.2.1 HTTP/1.1" 200 160 "https://maxvirusprotection.com/" "\"Mozilla/5.0 (Macintosh; Intel Mac OS X 10_15_7) AppleWebKit/537.36 (KHTML, like Gecko) Chrome/142.0.0.0 Safari/537.36\""
185.220.100.251 - - [27/Apr/2026:17:38:35 +0000] "GET /wp-content/plugins/google-site-kit/dist/assets/js/googlesitekit-consent-mode-bc2e26cfa69fcd4a8261.js HTTP/1.1" 200 25395 "https://maxvirusprotection.com/" "\"Mozilla/5.0 (Macintosh; Intel Mac OS X 10_15_7) AppleWebKit/537.36 (KHTML, like Gecko) Chrome/142.0.0.0 Safari/537.36\""
185.220.100.251 - - [27/Apr/2026:17:38:35 +0000] "GET /wp-content/themes/news-pro/js/responsive-menus.min.js?ver=3.2.1 HTTP/1.1" 200 1601 "https://maxvirusprotection.com/" "\"Mozilla/5.0 (Macintosh; Intel Mac OS X 10_15_7) AppleWebKit/537.36 (KHTML, like Gecko) Chrome/142.0.0.0 Safari/537.36\""
185.220.100.251 - - [27/Apr/2026:17:38:35 +0000] "GET /wp-content/plugins/wp-consent-api/assets/js/wp-consent-api.min.js?ver=2.0.1 HTTP/1.1" 200 822 "https://maxvirusprotection.com/" "\"Mozilla/5.0 (Macintosh; Intel Mac OS X 10_15_7) AppleWebKit/537.36 (KHTML, like Gecko) Chrome/142.0.0.0 Safari/537.36\""
185.220.100.251 - - [27/Apr/2026:17:38:40 +0000] "GET /wp-includes/js/wp-emoji-release.min.js?ver=5078bdab8f7363344291ac21b628a3f3 HTTP/1.1" 200 5375 "https://maxvirusprotection.com/" "\"Mozilla/5.0 (Macintosh; Intel Mac OS X 10_15_7) AppleWebKit/537.36 (KHTML, like Gecko) Chrome/142.0.0.0 Safari/537.36\""
185.220.100.251 - - [27/Apr/2026:17:38:43 +0000] "POST / HTTP/1.1" 302 - "https://maxvirusprotection.com/" "\"Mozilla/5.0 (Macintosh; Intel Mac OS X 10_15_7) AppleWebKit/537.36 (KHTML, like Gecko) Chrome/142.0.0.0 Safari/537.36\""
185.220.100.251 - - [27/Apr/2026:17:38:45 +0000] "POST / HTTP/1.1" 302 - "https://maxvirusprotection.com/" "\"Mozilla/5.0 (Macintosh; Intel Mac OS X 10_15_7) AppleWebKit/537.36 (KHTML, like Gecko) Chrome/142.0.0.0 Safari/537.36\""
185.220.100.251 - - [27/Apr/2026:17:38:46 +0000] "GET /?subscribe=error HTTP/1.1" 200 47575 "https://maxvirusprotection.com/" "\"Mozilla/5.0 (Macintosh; Intel Mac OS X 10_15_7) AppleWebKit/537.36 (KHTML, like Gecko) Chrome/142.0.0.0 Safari/537.36\""
185.220.100.251 - - [27/Apr/2026:17:38:56 +0000] "GET /top-10-antivirus-software-ratings-and-reviews/ HTTP/1.1" 200 51023 "-" "\"Mozilla/5.0 (Macintosh; Intel Mac OS X 10_15_7) AppleWebKit/537.36 (KHTML, like Gecko) Chrome/142.0.0.0 Safari/537.36\""
185.220.100.251 - - [27/Apr/2026:17:38:59 +0000] "GET /top-10-antivirus-software-ratings-and-reviews/?relatedposts=1 HTTP/1.1" 200 1250 "https://maxvirusprotection.com/top-10-antivirus-software-ratings-and-reviews/" "\"Mozilla/5.0 (Macintosh; Intel Mac OS X 10_15_7) AppleWebKit/537.36 (KHTML, like Gecko) Chrome/142.0.0.0 Safari/537.36\""
185.220.100.251 - - [27/Apr/2026:17:39:01 +0000] "GET /contact-us/ HTTP/1.1" 200 48431 "-" "\"Mozilla/5.0 (Macintosh; Intel Mac OS X 10_15_7) AppleWebKit/537.36 (KHTML, like Gecko) Chrome/142.0.0.0 Safari/537.36\""
185.220.100.251 - - [27/Apr/2026:17:39:03 +0000] "GET /wp-content/plugins/jetpack/jetpack_vendor/automattic/jetpack-forms/dist/modules/form/view.js?ver=15.7.1 HTTP/1.1" 200 13126 "https://maxvirusprotection.com/contact-us/" "\"Mozilla/5.0 (Macintosh; Intel Mac OS X 10_15_7) AppleWebKit/537.36 (KHTML, like Gecko) Chrome/142.0.0.0 Safari/537.36\""
185.220.100.251 - - [27/Apr/2026:17:39:04 +0000] "GET /wp-includes/js/dist/script-modules/interactivity/index.min.js?ver=66c613f68580994bb00a HTTP/1.1" 200 15008 "-" "\"Mozilla/5.0 (Macintosh; Intel Mac OS X 10_15_7) AppleWebKit/537.36 (KHTML, like Gecko) Chrome/142.0.0.0 Safari/537.36\""
184.94.212.206 - - [27/Apr/2026:17:39:23 +0000] "POST /wp-cron.php?doing_wp_cron=1777311563.2444789409637451171875 HTTP/1.1" 200 - "-" "WordPress/6.9.4; https://maxvirusprotection.com"
185.220.101.186 - - [27/Apr/2026:17:39:21 +0000] "GET /page/2/?subscribe=error HTTP/1.1" 200 45706 "-" "\"Mozilla/5.0 (Macintosh; Intel Mac OS X 10_15_7) AppleWebKit/537.36 (KHTML, like Gecko) Chrome/142.0.0.0 Safari/537.36\""
38.135.24.245 - - [27/Apr/2026:17:39:27 +0000] "GET /top-10-antivirus-software-ratings-and-reviews/?share=x&nb=1 HTTP/1.1" 302 - "-" "\"Mozilla/5.0 (Macintosh; Intel Mac OS X 10_15_7) AppleWebKit/537.36 (KHTML, like Gecko) Chrome/142.0.0.0 Safari/537.36\""
38.135.24.245 - - [27/Apr/2026:17:39:32 +0000] "GET /top-10-antivirus-software-ratings-and-reviews/?share=facebook&nb=1 HTTP/1.1" 302 - "-" "\"Mozilla/5.0 (Macintosh; Intel Mac OS X 10_15_7) AppleWebKit/537.36 (KHTML, like Gecko) Chrome/142.0.0.0 Safari/537.36\""
38.135.24.245 - - [27/Apr/2026:17:39:36 +0000] "GET /contact-us/?share=facebook&nb=1 HTTP/1.1" 302 - "-" "\"Mozilla/5.0 (Macintosh; Intel Mac OS X 10_15_7) AppleWebKit/537.36 (KHTML, like Gecko) Chrome/142.0.0.0 Safari/537.36\""
114.119.144.105 - - [27/Apr/2026:17:39:39 +0000] "GET /its-simple-to-learn-about-desktop-computers-with-this-article/?share=twitter&amp HTTP/1.1" 302 - "https://maxvirusprotection.com/its-simple-to-learn-about-desktop-computers-with-this-article/?share=twitter&noamp=mobile" "Mozilla/5.0 (Linux; Android 7.0;) AppleWebKit/537.36 (HTML, like Gecko) Mobile Safari/537.36 (compatible; PetalBot;+https://webmaster.petalsearch.com/site/petalbot)"
124.198.131.165 - - [27/Apr/2026:17:39:42 +0000] "GET /contact-us/?share=x&nb=1 HTTP/1.1" 302 - "-" "\"Mozilla/5.0 (Macintosh; Intel Mac OS X 10_15_7) AppleWebKit/537.36 (KHTML, like Gecko) Chrome/142.0.0.0 Safari/537.36\""
184.94.212.206 - - [27/Apr/2026:17:39:51 +0000] "POST /wp-cron.php?doing_wp_cron=1777311591.5167469978332519531250 HTTP/1.1" 200 - "-" "WordPress/6.9.4; https://maxvirusprotection.com"
124.198.131.165 - - [27/Apr/2026:17:39:50 +0000] "GET /?subscribe=error HTTP/1.1" 200 47576 "-" "\"Mozilla/5.0 (Macintosh; Intel Mac OS X 10_15_7) AppleWebKit/537.36 (KHTML, like Gecko) Chrome/142.0.0.0 Safari/537.36\""
185.220.100.253 - - [27/Apr/2026:17:39:51 +0000] "GET /page/3/?subscribe=error HTTP/1.1" 200 46392 "-" "\"Mozilla/5.0 (Macintosh; Intel Mac OS X 10_15_7) AppleWebKit/537.36 (KHTML, like Gecko) Chrome/142.0.0.0 Safari/537.36\""
45.135.194.111 - - [27/Apr/2026:17:39:57 +0000] "GET /page/4/?subscribe=error HTTP/1.1" 200 46379 "-" "\"Mozilla/5.0 (Macintosh; Intel Mac OS X 10_15_7) AppleWebKit/537.36 (KHTML, like Gecko) Chrome/142.0.0.0 Safari/537.36\""
45.84.107.222 - - [27/Apr/2026:17:40:31 +0000] "GET /improving-your-web-design-skills-to-reach-your-potential/ HTTP/1.1" 200 47949 "-" "\"Mozilla/5.0 (Macintosh; Intel Mac OS X 10_15_7) AppleWebKit/537.36 (KHTML, like Gecko) Chrome/142.0.0.0 Safari/537.36\""
45.84.107.222 - - [27/Apr/2026:17:40:36 +0000] "GET /improving-your-web-design-skills-to-reach-your-potential/?relatedposts=1 HTTP/1.1" 200 940 "https://maxvirusprotection.com/improving-your-web-design-skills-to-reach-your-potential/" "\"Mozilla/5.0 (Macintosh; Intel Mac OS X 10_15_7) AppleWebKit/537.36 (KHTML, like Gecko) Chrome/142.0.0.0 Safari/537.36\""
45.84.107.54 - - [27/Apr/2026:17:40:37 +0000] "GET /best-antivirus-software-2025-for-windows/ HTTP/1.1" 200 48775 "-" "\"Mozilla/5.0 (Macintosh; Intel Mac OS X 10_15_7) AppleWebKit/537.36 (KHTML, like Gecko) Chrome/142.0.0.0 Safari/537.36\""
45.84.107.222 - - [27/Apr/2026:17:40:40 +0000] "GET /best-antivirus-software-2025-for-windows/?relatedposts=1 HTTP/1.1" 200 1345 "https://maxvirusprotection.com/best-antivirus-software-2025-for-windows/" "\"Mozilla/5.0 (Macintosh; Intel Mac OS X 10_15_7) AppleWebKit/537.36 (KHTML, like Gecko) Chrome/142.0.0.0 Safari/537.36\""
64.190.76.4 - - [27/Apr/2026:17:40:42 +0000] "GET /tag/vpn/ HTTP/1.1" 200 43968 "-" "\"Mozilla/5.0 (Macintosh; Intel Mac OS X 10_15_7) AppleWebKit/537.36 (KHTML, like Gecko) Chrome/142.0.0.0 Safari/537.36\""
185.220.101.10 - - [27/Apr/2026:17:40:47 +0000] "GET /tag/cybersecurity/ HTTP/1.1" 200 45120 "-" "\"Mozilla/5.0 (Macintosh; Intel Mac OS X 10_15_7) AppleWebKit/537.36 (KHTML, like Gecko) Chrome/142.0.0.0 Safari/537.36\""
185.220.101.10 - - [27/Apr/2026:17:40:52 +0000] "GET /how-to-get-rid-of-computer-virus/ HTTP/1.1" 200 55326 "-" "\"Mozilla/5.0 (Macintosh; Intel Mac OS X 10_15_7) AppleWebKit/537.36 (KHTML, like Gecko) Chrome/142.0.0.0 Safari/537.36\""
185.220.100.243 - - [27/Apr/2026:17:40:55 +0000] "GET /how-to-get-rid-of-computer-virus/?relatedposts=1 HTTP/1.1" 200 1331 "https://maxvirusprotection.com/how-to-get-rid-of-computer-virus/" "\"Mozilla/5.0 (Macintosh; Intel Mac OS X 10_15_7) AppleWebKit/537.36 (KHTML, like Gecko) Chrome/142.0.0.0 Safari/537.36\""
185.220.100.243 - - [27/Apr/2026:17:40:57 +0000] "GET /author/h0tn1ch3s/ HTTP/1.1" 200 48425 "-" "\"Mozilla/5.0 (Macintosh; Intel Mac OS X 10_15_7) AppleWebKit/537.36 (KHTML, like Gecko) Chrome/142.0.0.0 Safari/537.36\""
185.220.100.243 - - [27/Apr/2026:17:41:03 +0000] "GET /design-the-site-of-your-dreams-with-these-tips/ HTTP/1.1" 200 46750 "-" "\"Mozilla/5.0 (Macintosh; Intel Mac OS X 10_15_7) AppleWebKit/537.36 (KHTML, like Gecko) Chrome/142.0.0.0 Safari/537.36\""
185.220.100.243 - - [27/Apr/2026:17:41:05 +0000] "GET /design-the-site-of-your-dreams-with-these-tips/?relatedposts=1 HTTP/1.1" 200 935 "https://maxvirusprotection.com/design-the-site-of-your-dreams-with-these-tips/" "\"Mozilla/5.0 (Macintosh; Intel Mac OS X 10_15_7) AppleWebKit/537.36 (KHTML, like Gecko) Chrome/142.0.0.0 Safari/537.36\""
184.94.212.206 - - [27/Apr/2026:17:41:27 +0000] "POST /wp-cron.php?doing_wp_cron=1777311687.7725338935852050781250 HTTP/1.1" 200 - "-" "WordPress/6.9.4; https://maxvirusprotection.com"
192.0.85.167 - - [27/Apr/2026:17:41:26 +0000] "HEAD / HTTP/1.1" 200 - "-" "jetmon/1.0 (Jetpack Site Uptime Monitor by WordPress.com)"
184.94.212.206 - - [27/Apr/2026:17:42:53 +0000] "POST /wp-cron.php?doing_wp_cron=1777311773.3328759670257568359375 HTTP/1.1" 200 - "-" "WordPress/6.9.4; https://maxvirusprotection.com"
34.197.23.26 - - [27/Apr/2026:17:42:51 +0000] "GET /robots.txt HTTP/1.1" 200 150 "-" "Mozilla/5.0 (Macintosh; Intel Mac OS X 10_10_1) AppleWebKit/600.2.5 (KHTML, like Gecko) Version/8.0.2 Safari/600.2.5 (Gort)"
165.22.116.110 - - [27/Apr/2026:17:45:13 +0000] "GET /wp-login.php HTTP/1.1" 200 4402 "-" "Mozilla/4.0 (compatible; MSIE 7.0; Windows NT 6.2; Trident/7.0; .NET4.0C; .NET4.0E; .NET CLR 2.0.50727; .NET CLR 3.0.30729; .NET CLR 3.5.30729; SLCC2; Media Center PC 6.0)"
165.22.116.110 - - [27/Apr/2026:17:45:15 +0000] "POST /wp-login.php HTTP/1.1" 200 4402 "https://maxvirusprotection.com/wp-login.php" "Mozilla/4.0 (compatible; MSIE 7.0; Windows NT 6.2; Trident/7.0; .NET4.0C; .NET4.0E; .NET CLR 2.0.50727; .NET CLR 3.0.30729; .NET CLR 3.5.30729; SLCC2; Media Center PC 6.0)"
184.94.212.206 - - [27/Apr/2026:17:45:20 +0000] "POST /wp-cron.php?doing_wp_cron=1777311920.3068981170654296875000 HTTP/1.1" 200 - "-" "WordPress/6.9.4; https://maxvirusprotection.com"
114.119.145.19 - - [27/Apr/2026:17:45:19 +0000] "GET /design-the-site-of-your-dreams-with-these-tips/?noamp=mobile HTTP/1.1" 200 46763 "https://maxvirusprotection.com/design-the-site-of-your-dreams-with-these-tips?noamp=mobile" "Mozilla/5.0 (Linux; Android 7.0;) AppleWebKit/537.36 (HTML, like Gecko) Mobile Safari/537.36 (compatible; PetalBot;+https://webmaster.petalsearch.com/site/petalbot)"
193.56.116.65 - - [27/Apr/2026:17:45:42 +0000] "POST /wp-login.php HTTP/1.1" 401 3499 "-" "Mozilla/5.0"
184.94.212.206 - - [27/Apr/2026:17:46:28 +0000] "POST /wp-cron.php?doing_wp_cron=1777311988.2874319553375244140625 HTTP/1.1" 200 - "-" "WordPress/6.9.4; https://maxvirusprotection.com"
192.0.85.167 - - [27/Apr/2026:17:46:26 +0000] "HEAD / HTTP/1.1" 200 - "-" "jetmon/1.0 (Jetpack Site Uptime Monitor by WordPress.com)"
69.163.248.16 - - [27/Apr/2026:17:46:44 +0000] "GET /wp-login.php HTTP/1.1" 200 4401 "-" "Mozilla/4.0 (compatible; MSIE 7.0; Windows NT 6.2; Win64; x64; Trident/7.0; .NET4.0C; .NET4.0E; .NET CLR 2.0.50727; .NET CLR 3.0.30729; .NET CLR 3.5.30729)"
69.163.248.16 - - [27/Apr/2026:17:46:45 +0000] "POST /wp-login.php HTTP/1.1" 200 4401 "https://maxvirusprotection.com/wp-login.php" "Mozilla/4.0 (compatible; MSIE 7.0; Windows NT 6.2; Win64; x64; Trident/7.0; .NET4.0C; .NET4.0E; .NET CLR 2.0.50727; .NET CLR 3.0.30729; .NET CLR 3.5.30729)"
171.111.192.222 - - [27/Apr/2026:17:51:19 +0000] "GET /wp-login.php HTTP/1.1" 200 4403 "-" "Mozilla/5.0 (Windows NT 6.1; rv:61.0) Gecko/20100101 Firefox/61.0"
171.111.192.222 - - [27/Apr/2026:17:51:22 +0000] "POST /wp-login.php HTTP/1.1" 200 4403 "https://maxvirusprotection.com/wp-login.php" "Mozilla/5.0 (Windows NT 6.1; rv:61.0) Gecko/20100101 Firefox/61.0"
184.94.212.206 - - [27/Apr/2026:17:51:28 +0000] "POST /wp-cron.php?doing_wp_cron=1777312288.5084550380706787109375 HTTP/1.1" 200 - "-" "WordPress/6.9.4; https://maxvirusprotection.com"
192.0.85.167 - - [27/Apr/2026:17:51:27 +0000] "HEAD / HTTP/1.1" 200 - "-" "jetmon/1.0 (Jetpack Site Uptime Monitor by WordPress.com)"
114.119.138.205 - - [27/Apr/2026:17:51:31 +0000] "GET /author/h0tn1ch3s/page/3/?noamp=mobile HTTP/1.1" 200 46906 "https://maxvirusprotection.com/author/h0tn1ch3s/page/4/?noamp=mobile" "Mozilla/5.0 (Linux; Android 7.0;) AppleWebKit/537.36 (HTML, like Gecko) Mobile Safari/537.36 (compatible; PetalBot;+https://webmaster.petalsearch.com/site/petalbot)"
85.208.96.208 - - [27/Apr/2026:17:51:40 +0000] "GET /tag/broken-links/ HTTP/1.1" 200 43963 "-" "Mozilla/5.0 (compatible; SemrushBot/7~bl; +http://www.semrush.com/bot.html)"
192.0.99.179 - - [27/Apr/2026:17:54:38 +0000] "GET /wp-content/uploads/2020/02/pharming-definition.jpg HTTP/1.1" 200 84924 "-" "Photon/1.0"
184.94.212.206 - - [27/Apr/2026:17:55:14 +0000] "POST /wp-cron.php?doing_wp_cron=1777312514.0975360870361328125000 HTTP/1.1" 200 - "-" "WordPress/6.9.4; https://maxvirusprotection.com"
17.246.23.162 - - [27/Apr/2026:17:55:11 +0000] "GET /cropped-vpn-and-antivirus-bundle-best-combination-png/ HTTP/1.1" 301 - "-" "Mozilla/5.0 (Macintosh; Intel Mac OS X 10_15_7) AppleWebKit/605.1.15 (KHTML, like Gecko) Version/17.4 Safari/605.1.15 (Applebot/0.1; +http://www.apple.com/go/applebot)"
17.246.23.162 - - [27/Apr/2026:17:55:14 +0000] "GET /wp-content/uploads/2025/11/cropped-VPN-and-Antivirus-Bundle-Best-Combination.png HTTP/1.1" 200 143151 "-" "Mozilla/5.0 (Macintosh; Intel Mac OS X 10_15_7) AppleWebKit/605.1.15 (KHTML, like Gecko) Version/17.4 Safari/605.1.15 (Applebot/0.1; +http://www.apple.com/go/applebot)"
142.44.220.252 - - [27/Apr/2026:17:55:24 +0000] "GET /news-sitemap.xml HTTP/1.1" 200 315 "-" "Mozilla/5.0 (compatible; AhrefsBot/7.0; +http://ahrefs.com/robot/)"
184.94.212.206 - - [27/Apr/2026:17:56:28 +0000] "POST /wp-cron.php?doing_wp_cron=1777312587.9965739250183105468750 HTTP/1.1" 200 - "-" "WordPress/6.9.4; https://maxvirusprotection.com"
192.0.85.167 - - [27/Apr/2026:17:56:26 +0000] "HEAD / HTTP/1.1" 200 - "-" "jetmon/1.0 (Jetpack Site Uptime Monitor by WordPress.com)"
184.94.212.206 - - [27/Apr/2026:17:57:04 +0000] "POST /wp-cron.php?doing_wp_cron=1777312624.0521960258483886718750 HTTP/1.1" 200 - "-" "WordPress/6.9.4; https://maxvirusprotection.com"
114.119.144.105 - - [27/Apr/2026:17:57:02 +0000] "GET /author/h0tn1ch3s/page/2/?amp HTTP/1.1" 200 46356 "https://maxvirusprotection.com/author/h0tn1ch3s?amp" "Mozilla/5.0 (Linux; Android 7.0;) AppleWebKit/537.36 (HTML, like Gecko) Mobile Safari/537.36 (compatible; PetalBot;+https://webmaster.petalsearch.com/site/petalbot)"
184.94.212.206 - - [27/Apr/2026:18:01:30 +0000] "POST /wp-cron.php?doing_wp_cron=1777312890.8457539081573486328125 HTTP/1.1" 200 - "-" "WordPress/6.9.4; https://maxvirusprotection.com"
192.0.85.167 - - [27/Apr/2026:18:01:28 +0000] "HEAD / HTTP/1.1" 200 - "-" "jetmon/1.0 (Jetpack Site Uptime Monitor by WordPress.com)"
184.94.212.206 - - [27/Apr/2026:18:03:32 +0000] "POST /wp-cron.php?doing_wp_cron=1777313012.1736009120941162109375 HTTP/1.1" 200 - "-" "WordPress/6.9.4; https://maxvirusprotection.com"
114.119.155.2 - - [27/Apr/2026:18:03:30 +0000] "GET /author/h0tn1ch3s/page/2/ HTTP/1.1" 200 46350 "https://maxvirusprotection.com/author/h0tn1ch3s/page/2/" "Mozilla/5.0 (Linux; Android 7.0;) AppleWebKit/537.36 (HTML, like Gecko) Mobile Safari/537.36 (compatible; PetalBot;+https://webmaster.petalsearch.com/site/petalbot)"
57.141.18.93 - - [27/Apr/2026:18:03:46 +0000] "GET /category/antivirus-programs/ HTTP/1.1" 200 153771 "-" "meta-externalagent/1.1 (+https://developers.facebook.com/docs/sharing/webmasters/crawler)"
184.94.212.206 - - [27/Apr/2026:18:04:35 +0000] "POST /wp-cron.php?doing_wp_cron=1777313075.8057219982147216796875 HTTP/1.1" 200 - "-" "WordPress/6.9.4; https://maxvirusprotection.com"
216.73.217.123 - - [27/Apr/2026:18:04:34 +0000] "GET /robots.txt HTTP/1.1" 200 150 "-" "Mozilla/5.0 AppleWebKit/537.36 (KHTML, like Gecko; compatible; ClaudeBot/1.0; +claudebot@anthropic.com)"
216.73.217.123 - - [27/Apr/2026:18:04:35 +0000] "GET /sitemap.xml HTTP/1.1" 200 302 "-" "Mozilla/5.0 AppleWebKit/537.36 (KHTML, like Gecko; compatible; ClaudeBot/1.0; +claudebot@anthropic.com)"
20.220.233.65 - - [27/Apr/2026:18:04:47 +0000] "GET /wp-content/plugins/hellopress/wp_filemanager.php HTTP/1.1" 404 115952 "-" "-"
20.220.233.65 - - [27/Apr/2026:18:04:49 +0000] "GET /settings.php HTTP/1.1" 404 114656 "-" "-"
20.220.233.65 - - [27/Apr/2026:18:04:50 +0000] "GET /sx.php HTTP/1.1" 404 114638 "-" "-"
20.220.233.65 - - [27/Apr/2026:18:04:52 +0000] "GET /connector.minimal.php HTTP/1.1" 404 114683 "-" "-"
20.220.233.65 - - [27/Apr/2026:18:04:53 +0000] "GET /.env.php.dist HTTP/1.1" 404 114660 "-" "-"
20.220.233.65 - - [27/Apr/2026:18:04:55 +0000] "GET /applications.php HTTP/1.1" 404 114669 "-" "-"
20.220.233.65 - - [27/Apr/2026:18:04:57 +0000] "GET /403.shtml HTTP/1.1" 404 114648 "-" "-"
184.94.212.206 - - [27/Apr/2026:18:05:01 +0000] "POST /wp-cron.php?doing_wp_cron=1777313101.4585840702056884765625 HTTP/1.1" 200 - "-" "WordPress/6.9.4; https://maxvirusprotection.com"
20.220.233.65 - - [27/Apr/2026:18:05:00 +0000] "GET /ajax_officebuilding.php HTTP/1.1" 404 114689 "-" "-"
20.220.233.65 - - [27/Apr/2026:18:05:01 +0000] "GET /sys-details.php HTTP/1.1" 404 114665 "-" "-"
20.220.233.65 - - [27/Apr/2026:18:05:04 +0000] "GET /env.php HTTP/1.1" 404 114640 "-" "-"
20.220.233.65 - - [27/Apr/2026:18:05:06 +0000] "GET /release_info.php HTTP/1.1" 404 114667 "-" "-"
20.220.233.65 - - [27/Apr/2026:18:05:07 +0000] "GET /mailer_url.php HTTP/1.1" 404 114662 "-" "-"
20.220.233.65 - - [27/Apr/2026:18:05:09 +0000] "GET /iR7SzrsOUEP.php HTTP/1.1" 404 114665 "-" "-"
20.220.233.65 - - [27/Apr/2026:18:05:10 +0000] "GET /connector.php HTTP/1.1" 404 114660 "-" "-"
20.220.233.65 - - [27/Apr/2026:18:05:13 +0000] "GET /systeminfo.php HTTP/1.1" 404 114663 "-" "-"
20.220.233.65 - - [27/Apr/2026:18:05:15 +0000] "GET /403.shtml HTTP/1.1" 404 114647 "-" "-"
20.220.233.65 - - [27/Apr/2026:18:05:16 +0000] "GET /showphpinfo.php HTTP/1.1" 404 114666 "-" "-"
20.220.233.65 - - [27/Apr/2026:18:05:18 +0000] "GET /main.php HTTP/1.1" 404 114644 "-" "-"
20.220.233.65 - - [27/Apr/2026:18:05:19 +0000] "GET /phpsysinfo.php HTTP/1.1" 404 114663 "-" "-"
20.220.233.65 - - [27/Apr/2026:18:05:21 +0000] "GET /phpinfo__.php HTTP/1.1" 404 114660 "-" "-"
20.220.233.65 - - [27/Apr/2026:18:05:22 +0000] "GET /sys-info.php HTTP/1.1" 404 114656 "-" "-"
20.220.233.65 - - [27/Apr/2026:18:05:24 +0000] "GET /profile.php HTTP/1.1" 404 114653 "-" "-"
20.220.233.65 - - [27/Apr/2026:18:05:25 +0000] "GET /defau1t.php HTTP/1.1" 404 114654 "-" "-"
20.220.233.65 - - [27/Apr/2026:18:05:27 +0000] "GET /fraie1p4.php HTTP/1.1" 404 114657 "-" "-"
20.220.233.65 - - [27/Apr/2026:18:05:29 +0000] "GET /routes.php HTTP/1.1" 404 114650 "-" "-"
20.220.233.65 - - [27/Apr/2026:18:05:30 +0000] "GET /del.php HTTP/1.1" 404 114642 "-" "-"
20.220.233.65 - - [27/Apr/2026:18:05:32 +0000] "GET /c99shell.php HTTP/1.1" 404 114657 "-" "-"
20.220.233.65 - - [27/Apr/2026:18:05:35 +0000] "GET /vv.php HTTP/1.1" 404 114639 "-" "-"
20.220.233.65 - - [27/Apr/2026:18:05:37 +0000] "GET /database.php HTTP/1.1" 404 114657 "-" "-"
20.220.233.65 - - [27/Apr/2026:18:05:38 +0000] "GET /smtp.php HTTP/1.1" 404 114644 "-" "-"
20.220.233.65 - - [27/Apr/2026:18:05:39 +0000] "GET /oo.php HTTP/1.1" 404 114639 "-" "-"
20.220.233.65 - - [27/Apr/2026:18:05:41 +0000] "GET /sk.php HTTP/1.1" 404 114639 "-" "-"
20.220.233.65 - - [27/Apr/2026:18:05:42 +0000] "GET /content.php888 HTTP/1.1" 404 114663 "-" "-"
20.220.233.65 - - [27/Apr/2026:18:05:43 +0000] "GET /loading.php HTTP/1.1" 404 114654 "-" "-"
20.220.233.65 - - [27/Apr/2026:18:05:45 +0000] "GET /kct.php HTTP/1.1" 404 114641 "-" "-"
20.220.233.65 - - [27/Apr/2026:18:05:46 +0000] "GET /ninja.php HTTP/1.1" 404 114647 "-" "-"
20.220.233.65 - - [27/Apr/2026:18:05:48 +0000] "GET /path.php HTTP/1.1" 404 114645 "-" "-"
20.220.233.65 - - [27/Apr/2026:18:05:49 +0000] "GET /wp-key.php HTTP/1.1" 404 114651 "-" "-"
20.220.233.65 - - [27/Apr/2026:18:05:50 +0000] "GET /pm.php HTTP/1.1" 404 114638 "-" "-"
20.220.233.65 - - [27/Apr/2026:18:05:52 +0000] "GET /phpcheck.php HTTP/1.1" 404 114656 "-" "-"
20.220.233.65 - - [27/Apr/2026:18:05:53 +0000] "GET /filesystems.php HTTP/1.1" 404 114666 "-" "-"
184.94.212.206 - - [27/Apr/2026:18:06:29 +0000] "POST /wp-cron.php?doing_wp_cron=1777313189.3745648860931396484375 HTTP/1.1" 200 - "-" "WordPress/6.9.4; https://maxvirusprotection.com"
192.0.85.167 - - [27/Apr/2026:18:06:28 +0000] "HEAD / HTTP/1.1" 200 - "-" "jetmon/1.0 (Jetpack Site Uptime Monitor by WordPress.com)"
216.73.217.123 - - [27/Apr/2026:18:06:43 +0000] "GET /news-sitemap.xml HTTP/1.1" 200 315 "-" "Mozilla/5.0 AppleWebKit/537.36 (KHTML, like Gecko; compatible; ClaudeBot/1.0; +claudebot@anthropic.com)"
184.94.212.206 - - [27/Apr/2026:18:06:55 +0000] "POST /wp-cron.php?doing_wp_cron=1777313215.6014389991760253906250 HTTP/1.1" 200 - "-" "WordPress/6.9.4; https://maxvirusprotection.com"
216.73.217.123 - - [27/Apr/2026:18:06:54 +0000] "GET /sitemap_index.xml HTTP/1.1" 200 332 "-" "Mozilla/5.0 AppleWebKit/537.36 (KHTML, like Gecko; compatible; ClaudeBot/1.0; +claudebot@anthropic.com)"
57.141.18.104 - - [27/Apr/2026:18:07:35 +0000] "GET /tag/search-box/ HTTP/1.1" 200 123751 "-" "meta-externalagent/1.1 (+https://developers.facebook.com/docs/sharing/webmasters/crawler)"
114.119.148.120 - - [27/Apr/2026:18:08:46 +0000] "GET /the-best-laptop-advice-you-will-read?share=twitter&noamp=mobile HTTP/1.1" 302 - "-" "Mozilla/5.0 (Linux; Android 7.0;) AppleWebKit/537.36 (HTML, like Gecko) Mobile Safari/537.36 (compatible; PetalBot;+https://webmaster.petalsearch.com/site/petalbot)"
184.94.212.206 - - [27/Apr/2026:18:09:34 +0000] "POST /wp-cron.php?doing_wp_cron=1777313374.5397830009460449218750 HTTP/1.1" 200 - "-" "WordPress/6.9.4; https://maxvirusprotection.com"
43.173.178.134 - - [27/Apr/2026:18:09:32 +0000] "GET /designing-the-best-sites-ever-heres-help/ HTTP/1.1" 200 48076 "-" "Mozilla/5.0 (Windows NT 10.0; Win64; x64) AppleWebKit/537.36 (KHTML, like Gecko) Chrome/131.0.0.0 Safari/537.36"
184.94.212.206 - - [27/Apr/2026:18:11:30 +0000] "POST /wp-cron.php?doing_wp_cron=1777313490.1126360893249511718750 HTTP/1.1" 200 - "-" "WordPress/6.9.4; https://maxvirusprotection.com"
192.0.85.167 - - [27/Apr/2026:18:11:28 +0000] "HEAD / HTTP/1.1" 200 - "-" "jetmon/1.0 (Jetpack Site Uptime Monitor by WordPress.com)"
184.94.212.206 - - [27/Apr/2026:18:12:42 +0000] "POST /wp-cron.php?doing_wp_cron=1777313562.7385129928588867187500 HTTP/1.1" 200 - "-" "WordPress/6.9.4; https://maxvirusprotection.com"
193.56.116.60 - - [27/Apr/2026:18:12:40 +0000] "POST /wp-login.php HTTP/1.1" 401 3500 "-" "Mozilla/5.0"
184.94.212.206 - - [27/Apr/2026:18:13:59 +0000] "POST /wp-cron.php?doing_wp_cron=1777313639.5137760639190673828125 HTTP/1.1" 200 - "-" "WordPress/6.9.4; https://maxvirusprotection.com"
114.119.155.2 - - [27/Apr/2026:18:13:57 +0000] "GET /anti-spam-policy?share=twitter&noamp=mobile HTTP/1.1" 302 - "-" "Mozilla/5.0 (Linux; Android 7.0;) AppleWebKit/537.36 (HTML, like Gecko) Mobile Safari/537.36 (compatible; PetalBot;+https://webmaster.petalsearch.com/site/petalbot)"
184.94.212.206 - - [27/Apr/2026:18:14:59 +0000] "POST /wp-cron.php?doing_wp_cron=1777313699.7555830478668212890625 HTTP/1.1" 200 - "-" "WordPress/6.9.4; https://maxvirusprotection.com"
190.70.17.202 - - [27/Apr/2026:18:14:57 +0000] "GET /tag/operating-system/ HTTP/1.1" 200 43722 "-" "Mozilla/5.0 (Windows NT 6.1; Win64; x64) AppleWebKit/537.36 (KHTML, like Gecko) Chrome/84.0.4147.135 Safari/537.36"
184.94.212.206 - - [27/Apr/2026:18:16:29 +0000] "POST /wp-cron.php?doing_wp_cron=1777313789.5095179080963134765625 HTTP/1.1" 200 - "-" "WordPress/6.9.4; https://maxvirusprotection.com"
192.0.85.167 - - [27/Apr/2026:18:16:27 +0000] "HEAD / HTTP/1.1" 200 - "-" "jetmon/1.0 (Jetpack Site Uptime Monitor by WordPress.com)"
184.94.212.206 - - [27/Apr/2026:18:19:43 +0000] "POST /wp-cron.php?doing_wp_cron=1777313983.5237019062042236328125 HTTP/1.1" 200 - "-" "WordPress/6.9.4; https://maxvirusprotection.com"
114.119.155.2 - - [27/Apr/2026:18:19:41 +0000] "GET /anti-spam-policy?amp HTTP/1.1" 301 - "-" "Mozilla/5.0 (Linux; Android 7.0;) AppleWebKit/537.36 (HTML, like Gecko) Mobile Safari/537.36 (compatible; PetalBot;+https://webmaster.petalsearch.com/site/petalbot)"
114.119.155.2 - - [27/Apr/2026:18:19:43 +0000] "GET /anti-spam-policy/?amp HTTP/1.1" 200 44134 "https://maxvirusprotection.com/anti-spam-policy?amp" "Mozilla/5.0 (Linux; Android 7.0;) AppleWebKit/537.36 (HTML, like Gecko) Mobile Safari/537.36 (compatible; PetalBot;+https://webmaster.petalsearch.com/site/petalbot)"
184.94.212.206 - - [27/Apr/2026:18:21:27 +0000] "POST /wp-cron.php?doing_wp_cron=1777314087.4619410037994384765625 HTTP/1.1" 200 - "-" "WordPress/6.9.4; https://maxvirusprotection.com"
192.0.85.167 - - [27/Apr/2026:18:21:25 +0000] "HEAD / HTTP/1.1" 200 - "-" "jetmon/1.0 (Jetpack Site Uptime Monitor by WordPress.com)"
184.94.212.206 - - [27/Apr/2026:18:22:51 +0000] "POST /wp-cron.php?doing_wp_cron=1777314171.1014630794525146484375 HTTP/1.1" 200 - "-" "WordPress/6.9.4; https://maxvirusprotection.com"
57.141.18.17 - - [27/Apr/2026:18:22:49 +0000] "GET /adsense-disclaimer/ HTTP/1.1" 200 124247 "-" "meta-externalagent/1.1 (+https://developers.facebook.com/docs/sharing/webmasters/crawler)"
184.94.212.206 - - [27/Apr/2026:18:24:11 +0000] "POST /wp-cron.php?doing_wp_cron=1777314251.2014980316162109375000 HTTP/1.1" 200 - "-" "WordPress/6.9.4; https://maxvirusprotection.com"
85.137.48.167 - - [27/Apr/2026:18:24:09 +0000] "GET /txets.php?ARRAY=5o313737373337363633392p22687474703n5p2s5p2s38352r3133372r34382r3136375p2s646s6r652r747874222p2258222p226638613531633563383166656138353739393038393634373032363437643264225q HTTP/1.1" 404 41760 "-" "Mozilla/4.0 (compatible; MSIE 6.0; Windows NT 5.1; SV1)"
177.192.121.214 - - [27/Apr/2026:18:24:35 +0000] "GET /how-to-stop-bitcoin-mining-malware-slowing-down-my-computer/?share=facebook HTTP/1.1" 302 - "-" "Mozilla/5.0 (Macintosh; Intel Mac OS X 10_11_6) AppleWebKit/537.36 (KHTML, like Gecko) Chrome/71.0.3578.98 Safari/537.36"
114.119.138.205 - - [27/Apr/2026:18:25:19 +0000] "GET /anti-spam-policy/?share=twitter&amp HTTP/1.1" 302 - "https://maxvirusprotection.com/anti-spam-policy/?share=twitter&noamp=mobile" "Mozilla/5.0 (Linux; Android 7.0;) AppleWebKit/537.36 (HTML, like Gecko) Mobile Safari/537.36 (compatible; PetalBot;+https://webmaster.petalsearch.com/site/petalbot)"
184.94.212.206 - - [27/Apr/2026:18:26:28 +0000] "POST /wp-cron.php?doing_wp_cron=1777314388.1665210723876953125000 HTTP/1.1" 200 - "-" "WordPress/6.9.4; https://maxvirusprotection.com"
192.0.85.167 - - [27/Apr/2026:18:26:26 +0000] "HEAD / HTTP/1.1" 200 - "-" "jetmon/1.0 (Jetpack Site Uptime Monitor by WordPress.com)"
184.94.212.206 - - [27/Apr/2026:18:29:24 +0000] "POST /wp-cron.php?doing_wp_cron=1777314564.8935980796813964843750 HTTP/1.1" 200 - "-" "WordPress/6.9.4; https://maxvirusprotection.com"
111.225.149.97 - - [27/Apr/2026:18:29:23 +0000] "GET /robots.txt HTTP/1.1" 200 150 "-" "Mozilla/5.0 (Linux; Android 5.0) AppleWebKit/537.36 (KHTML, like Gecko) Mobile Safari/537.36 (compatible; Bytespider; https://zhanzhang.toutiao.com/)"
184.94.212.206 - - [27/Apr/2026:18:31:04 +0000] "POST /wp-cron.php?doing_wp_cron=1777314664.6183979511260986328125 HTTP/1.1" 200 - "-" "WordPress/6.9.4; https://maxvirusprotection.com"
114.119.138.205 - - [27/Apr/2026:18:31:02 +0000] "GET /anti-spam-policy/?share=facebook HTTP/1.1" 302 - "https://maxvirusprotection.com/anti-spam-policy/?amp" "Mozilla/5.0 (Linux; Android 7.0;) AppleWebKit/537.36 (HTML, like Gecko) Mobile Safari/537.36 (compatible; PetalBot;+https://webmaster.petalsearch.com/site/petalbot)"
184.94.212.206 - - [27/Apr/2026:18:31:28 +0000] "POST /wp-cron.php?doing_wp_cron=1777314688.2050390243530273437500 HTTP/1.1" 200 - "-" "WordPress/6.9.4; https://maxvirusprotection.com"
192.0.85.167 - - [27/Apr/2026:18:31:26 +0000] "HEAD / HTTP/1.1" 200 - "-" "jetmon/1.0 (Jetpack Site Uptime Monitor by WordPress.com)"
184.94.212.206 - - [27/Apr/2026:18:32:37 +0000] "POST /wp-cron.php?doing_wp_cron=1777314757.1335630416870117187500 HTTP/1.1" 200 - "-" "WordPress/6.9.4; https://maxvirusprotection.com"
74.7.228.24 - - [27/Apr/2026:18:32:35 +0000] "GET /robots.txt HTTP/1.1" 200 150 "-" "Mozilla/5.0 (Macintosh; Intel Mac OS X 10_15_7) AppleWebKit/537.36 (KHTML, like Gecko) Chrome/131.0.0.0 Safari/537.36; compatible; OAI-SearchBot/1.3; robots.txt; +https://openai.com/searchbot"
74.7.228.3 - - [27/Apr/2026:18:32:35 +0000] "GET /robots.txt HTTP/1.1" 200 150 "-" "Mozilla/5.0 (Macintosh; Intel Mac OS X 10_15_7) AppleWebKit/537.36 (KHTML, like Gecko) Chrome/131.0.0.0 Safari/537.36; compatible; OAI-SearchBot/1.3; robots.txt; +https://openai.com/searchbot"
173.239.213.28 - - [27/Apr/2026:18:33:54 +0000] "POST /wp-login.php HTTP/1.1" 401 3500 "-" "Mozilla/5.0"
184.94.212.206 - - [27/Apr/2026:18:34:58 +0000] "POST /wp-cron.php?doing_wp_cron=1777314898.7364270687103271484375 HTTP/1.1" 200 - "-" "WordPress/6.9.4; https://maxvirusprotection.com"
195.178.110.48 - - [27/Apr/2026:18:34:57 +0000] "GET / HTTP/1.1" 301 - "-" "Mozilla/5.0 (X11; Linux x86_64) AppleWebKit/537.36 Chrome/122.0.0.0 Safari/537.36"
184.94.212.206 - - [27/Apr/2026:18:36:28 +0000] "POST /wp-cron.php?doing_wp_cron=1777314988.8063540458679199218750 HTTP/1.1" 200 - "-" "WordPress/6.9.4; https://maxvirusprotection.com"
192.0.85.167 - - [27/Apr/2026:18:36:27 +0000] "HEAD / HTTP/1.1" 200 - "-" "jetmon/1.0 (Jetpack Site Uptime Monitor by WordPress.com)"
185.171.72.22 - - [27/Apr/2026:18:36:41 +0000] "GET /tag/dedicated-graphics/ HTTP/1.1" 200 42903 "-" "Mozilla/5.0 (Windows NT 6.1; Win64; x64) AppleWebKit/537.36 (KHTML, like Gecko) Chrome/83.0.4103.116 Safari/537.36"
114.119.155.2 - - [27/Apr/2026:18:36:44 +0000] "GET /all-about-laptops-weve-got-the-top-tips-online?share=twitter&noamp=mobile HTTP/1.1" 302 - "-" "Mozilla/5.0 (Linux; Android 7.0;) AppleWebKit/537.36 (HTML, like Gecko) Mobile Safari/537.36 (compatible; PetalBot;+https://webmaster.petalsearch.com/site/petalbot)"
184.94.212.206 - - [27/Apr/2026:18:37:21 +0000] "POST /wp-cron.php?doing_wp_cron=1777315041.0318579673767089843750 HTTP/1.1" 200 - "-" "WordPress/6.9.4; https://maxvirusprotection.com"
65.254.225.211 - - [27/Apr/2026:18:37:19 +0000] "GET /wp-login.php HTTP/1.1" 200 4198 "-" "Mozilla/5.0 (Windows NT 10.0; WOW64; Trident/7.0; MDDRJS; rv:11.0) like Gecko"
65.254.225.211 - - [27/Apr/2026:18:37:21 +0000] "POST /wp-login.php HTTP/1.1" 401 1453 "https://maxvirusprotection.com/wp-login.php" "Mozilla/5.0 (Windows NT 10.0; WOW64; Trident/7.0; MDDRJS; rv:11.0) like Gecko"
184.94.212.206 - - [27/Apr/2026:18:41:29 +0000] "POST /wp-cron.php?doing_wp_cron=1777315289.7269120216369628906250 HTTP/1.1" 200 - "-" "WordPress/6.9.4; https://maxvirusprotection.com"
192.0.85.167 - - [27/Apr/2026:18:41:27 +0000] "HEAD / HTTP/1.1" 200 - "-" "jetmon/1.0 (Jetpack Site Uptime Monitor by WordPress.com)"
184.94.212.206 - - [27/Apr/2026:18:42:36 +0000] "POST /wp-cron.php?doing_wp_cron=1777315356.2497420310974121093750 HTTP/1.1" 200 - "-" "WordPress/6.9.4; https://maxvirusprotection.com"
114.119.140.103 - - [27/Apr/2026:18:42:34 +0000] "GET /learn-all-about-desktop-computers-thanks-to-this-article?amp HTTP/1.1" 301 - "-" "Mozilla/5.0 (Linux; Android 7.0;) AppleWebKit/537.36 (HTML, like Gecko) Mobile Safari/537.36 (compatible; PetalBot;+https://webmaster.petalsearch.com/site/petalbot)"
114.119.140.103 - - [27/Apr/2026:18:42:36 +0000] "GET /learn-all-about-desktop-computers-thanks-to-this-article/?amp HTTP/1.1" 200 46314 "https://maxvirusprotection.com/learn-all-about-desktop-computers-thanks-to-this-article?amp" "Mozilla/5.0 (Linux; Android 7.0;) AppleWebKit/537.36 (HTML, like Gecko) Mobile Safari/537.36 (compatible; PetalBot;+https://webmaster.petalsearch.com/site/petalbot)"
184.94.212.206 - - [27/Apr/2026:18:44:08 +0000] "POST /wp-cron.php?doing_wp_cron=1777315448.5402369499206542968750 HTTP/1.1" 200 - "-" "WordPress/6.9.4; https://maxvirusprotection.com"
23.21.179.27 - - [27/Apr/2026:18:44:06 +0000] "GET / HTTP/1.1" 200 47526 "-" "Mozilla/5.0 AppleWebKit/537.36 (KHTML, like Gecko; compatible; Amazonbot/0.1; +https://developer.amazon.com/support/amazonbot) Chrome/119.0.6045.214 Safari/537.36"
184.94.212.206 - - [27/Apr/2026:18:44:09 +0000] "POST /wp-admin/admin-ajax.php?action=wordfence_testAjax HTTP/1.1" 200 32 "-" "WordPress/6.9.4; https://maxvirusprotection.com"
184.94.212.206 - - [27/Apr/2026:18:44:33 +0000] "POST /wp-cron.php?doing_wp_cron=1777315473.0330920219421386718750 HTTP/1.1" 200 - "-" "WordPress/6.9.4; https://maxvirusprotection.com"
184.94.212.206 - - [27/Apr/2026:18:44:31 +0000] "GET /.user.ini HTTP/1.1" 404 41644 "-" "WordPress/6.9.4; https://maxvirusprotection.com"
184.94.212.206 - - [27/Apr/2026:18:44:12 +0000] "GET /wp-admin/admin-ajax.php?action=wordfence_doScan&isFork=0&scanMode=standard&cronKey=c0222bfa7952da87bf48afb09f6e8ab2&signature=fb923022511c06406b1ac6dd2429d61aab75a939ebbbc11bdbe00dc4b40290f1 HTTP/1.1" 200 - "-" "WordPress/6.9.4; https://maxvirusprotection.com"
184.94.212.206 - - [27/Apr/2026:18:45:17 +0000] "POST /wp-cron.php?doing_wp_cron=1777315517.3187389373779296875000 HTTP/1.1" 200 - "-" "WordPress/6.9.4; https://maxvirusprotection.com"
184.94.212.206 - - [27/Apr/2026:18:44:44 +0000] "GET /wp-admin/admin-ajax.php?action=wordfence_doScan&isFork=1&scanMode=standard&cronKey=6ed86045060a83300b84ea3b75e30039&signature=e736d0296428c93d54e9dadb47fe4f9fb1d387c648bb72623ea142fd54070d7c HTTP/1.1" 200 - "-" "WordPress/6.9.4; https://maxvirusprotection.com"
184.94.212.206 - - [27/Apr/2026:18:45:16 +0000] "GET /wp-admin/admin-ajax.php?action=wordfence_doScan&isFork=1&scanMode=standard&cronKey=4e5c251e7afb1482ca2917b7de4562d2&signature=0e4ea3a6cd1421ec20f1fdb30545caa64863883fe53bea327382af06b6b988de HTTP/1.1" 200 - "-" "WordPress/6.9.4; https://maxvirusprotection.com"
105.168.35.75 - - [27/Apr/2026:18:45:29 +0000] "GET /tag/website-design/ HTTP/1.1" 200 43949 "-" "Mozilla/5.0 (Windows NT 10.0; Win64; x64) AppleWebKit/537.36 (KHTML, like Gecko) Chrome/80.0.3987.132 Safari/537.36"
184.94.212.206 - - [27/Apr/2026:18:46:29 +0000] "POST /wp-cron.php?doing_wp_cron=1777315589.7505340576171875000000 HTTP/1.1" 200 - "-" "WordPress/6.9.4; https://maxvirusprotection.com"
192.0.85.167 - - [27/Apr/2026:18:46:28 +0000] "HEAD / HTTP/1.1" 200 - "-" "jetmon/1.0 (Jetpack Site Uptime Monitor by WordPress.com)"
184.94.212.206 - - [27/Apr/2026:18:47:19 +0000] "POST /wp-cron.php?doing_wp_cron=1777315639.2807719707489013671875 HTTP/1.1" 200 - "-" "WordPress/6.9.4; https://maxvirusprotection.com"
57.141.18.36 - - [27/Apr/2026:18:47:17 +0000] "GET /website-creation-tips-made-simple-for-you/ HTTP/1.1" 200 137137 "-" "meta-externalagent/1.1 (+https://developers.facebook.com/docs/sharing/webmasters/crawler)"
114.119.144.105 - - [27/Apr/2026:18:48:16 +0000] "GET /tips-to-web-design-that-will-help-you-succeed/?share=twitter&amp HTTP/1.1" 302 - "https://maxvirusprotection.com/tips-to-web-design-that-will-help-you-succeed/?share=twitter" "Mozilla/5.0 (Linux; Android 7.0;) AppleWebKit/537.36 (HTML, like Gecko) Mobile Safari/537.36 (compatible; PetalBot;+https://webmaster.petalsearch.com/site/petalbot)"
184.94.212.206 - - [27/Apr/2026:18:50:45 +0000] "POST /wp-cron.php?doing_wp_cron=1777315845.0876460075378417968750 HTTP/1.1" 200 - "-" "WordPress/6.9.4; https://maxvirusprotection.com"
57.141.18.49 - - [27/Apr/2026:18:50:43 +0000] "GET /gray_bg/ HTTP/1.1" 301 - "-" "meta-externalagent/1.1 (+https://developers.facebook.com/docs/sharing/webmasters/crawler)"
184.94.212.206 - - [27/Apr/2026:18:51:28 +0000] "POST /wp-cron.php?doing_wp_cron=1777315888.9740269184112548828125 HTTP/1.1" 200 - "-" "WordPress/6.9.4; https://maxvirusprotection.com"
192.0.85.167 - - [27/Apr/2026:18:51:27 +0000] "HEAD / HTTP/1.1" 200 - "-" "jetmon/1.0 (Jetpack Site Uptime Monitor by WordPress.com)"
184.94.212.206 - - [27/Apr/2026:18:54:06 +0000] "POST /wp-cron.php?doing_wp_cron=1777316046.3212490081787109375000 HTTP/1.1" 200 - "-" "WordPress/6.9.4; https://maxvirusprotection.com"
