114.119.144.105 - - [27/Apr/2026:18:54:04 +0000] "GET /all-about-laptops-weve-got-the-top-tips-online/?share=twitter&noamp=mobile HTTP/1.1" 302 - "https://maxvirusprotection.com/all-about-laptops-weve-got-the-top-tips-online/?share=twitter&amp" "Mozilla/5.0 (Linux; Android 7.0;) AppleWebKit/537.36 (HTML, like Gecko) Mobile Safari/537.36 (compatible; PetalBot;+https://webmaster.petalsearch.com/site/petalbot)"
81.254.172.70 - - [27/Apr/2026:18:54:33 +0000] "GET /wp-login.php HTTP/1.1" 200 4401 "-" "Mozilla/5.0 (Windows NT 6.2; Win64; x64; Trident/7.0; rv:11.0) like Gecko"
81.254.172.70 - - [27/Apr/2026:18:54:34 +0000] "POST /wp-login.php HTTP/1.1" 200 4401 "https://maxvirusprotection.com/wp-login.php" "Mozilla/5.0 (Windows NT 6.2; Win64; x64; Trident/7.0; rv:11.0) like Gecko"
184.94.212.206 - - [27/Apr/2026:18:54:42 +0000] "POST /wp-cron.php?doing_wp_cron=1777316081.9987049102783203125000 HTTP/1.1" 200 - "-" "WordPress/6.9.4; https://maxvirusprotection.com"
193.56.116.72 - - [27/Apr/2026:18:54:40 +0000] "POST /wp-login.php HTTP/1.1" 401 3499 "-" "Mozilla/5.0"
212.47.136.23 - - [27/Apr/2026:18:55:09 +0000] "GET /wp-json/ HTTP/1.1" 200 37236 "-" "Mozilla/5.0 (compatible; MSIE 9.0; Windows 98; Win 9x 4.90; Trident/5.0)"
113.161.33.158 - - [27/Apr/2026:18:56:16 +0000] "GET /top-features-of-effective-spyware-detector-software/ HTTP/1.1" 200 49102 "-" "Mozilla/5.0 (Windows NT 6.1; WOW64) AppleWebKit/537.36 (KHTML, like Gecko) Chrome/66.0.3359.47 Safari/537.36"
184.94.212.206 - - [27/Apr/2026:18:56:28 +0000] "POST /wp-cron.php?doing_wp_cron=1777316188.3990020751953125000000 HTTP/1.1" 200 - "-" "WordPress/6.9.4; https://maxvirusprotection.com"
192.0.85.167 - - [27/Apr/2026:18:56:27 +0000] "HEAD / HTTP/1.1" 200 - "-" "jetmon/1.0 (Jetpack Site Uptime Monitor by WordPress.com)"
184.94.212.206 - - [27/Apr/2026:18:58:15 +0000] "POST /wp-cron.php?doing_wp_cron=1777316295.4168279170989990234375 HTTP/1.1" 200 - "-" "WordPress/6.9.4; https://maxvirusprotection.com"
57.141.18.6 - - [27/Apr/2026:18:58:13 +0000] "GET /tag/best-antivirus-software-2025-for-windows/ HTTP/1.1" 200 127388 "-" "meta-externalagent/1.1 (+https://developers.facebook.com/docs/sharing/webmasters/crawler)"
198.244.183.142 - - [27/Apr/2026:18:58:36 +0000] "GET /robots.txt HTTP/1.1" 200 150 "-" "Mozilla/5.0 (compatible; AhrefsBot/7.0; +http://ahrefs.com/robot/)"
148.113.128.70 - - [27/Apr/2026:18:58:39 +0000] "GET /learn-all-about-desktop-computers-thanks-to-this-article/?share=facebook HTTP/1.1" 302 - "-" "Mozilla/5.0 (compatible; AhrefsBot/7.0; +http://ahrefs.com/robot/)"
184.94.212.206 - - [27/Apr/2026:18:59:52 +0000] "POST /wp-cron.php?doing_wp_cron=1777316392.5716340541839599609375 HTTP/1.1" 200 - "-" "WordPress/6.9.4; https://maxvirusprotection.com"
114.119.145.19 - - [27/Apr/2026:18:59:50 +0000] "GET /category/security/page/2/ HTTP/1.1" 200 45858 "https://maxvirusprotection.com/category/security/page/2" "Mozilla/5.0 (Linux; Android 7.0;) AppleWebKit/537.36 (HTML, like Gecko) Mobile Safari/537.36 (compatible; PetalBot;+https://webmaster.petalsearch.com/site/petalbot)"
54.39.17.116 - - [27/Apr/2026:18:59:54 +0000] "GET /wp-login.php HTTP/1.1" 200 4401 "-" "Mozilla/5.0 (Macintosh; Intel Mac OS X 10_10_5) AppleWebKit/537.36 (KHTML, like Gecko) Chrome/65.0.3325.181 Safari/537.36"
54.39.17.116 - - [27/Apr/2026:18:59:55 +0000] "POST /wp-login.php HTTP/1.1" 200 4401 "https://maxvirusprotection.com/wp-login.php" "Mozilla/5.0 (Macintosh; Intel Mac OS X 10_10_5) AppleWebKit/537.36 (KHTML, like Gecko) Chrome/65.0.3325.181 Safari/537.36"
184.94.212.206 - - [27/Apr/2026:19:01:29 +0000] "POST /wp-cron.php?doing_wp_cron=1777316489.2926609516143798828125 HTTP/1.1" 200 - "-" "WordPress/6.9.4; https://maxvirusprotection.com"
192.0.85.167 - - [27/Apr/2026:19:01:27 +0000] "HEAD / HTTP/1.1" 200 - "-" "jetmon/1.0 (Jetpack Site Uptime Monitor by WordPress.com)"
184.94.212.206 - - [27/Apr/2026:19:05:30 +0000] "POST /wp-cron.php?doing_wp_cron=1777316730.4930651187896728515625 HTTP/1.1" 200 - "-" "WordPress/6.9.4; https://maxvirusprotection.com"
114.119.148.120 - - [27/Apr/2026:19:05:28 +0000] "GET /ai-powered-phishing-attacks-a-growing-cybersecurity-threat?share=x HTTP/1.1" 302 - "https://maxvirusprotection.com/ai-powered-phishing-attacks-a-growing-cybersecurity-threat" "Mozilla/5.0 (Linux; Android 7.0;) AppleWebKit/537.36 (HTML, like Gecko) Mobile Safari/537.36 (compatible; PetalBot;+https://webmaster.petalsearch.com/site/petalbot)"
123.20.229.201 - - [27/Apr/2026:19:05:54 +0000] "GET /increase-your-knowledge-of-desktop-computers-with-these-tips/?share=facebook HTTP/1.1" 302 - "-" "Mozilla/5.0 (Macintosh; Intel Mac OS X 10_13_6) AppleWebKit/537.36 (KHTML, like Gecko) Chrome/94.0.4606.61 Safari/537.36"
184.94.212.206 - - [27/Apr/2026:19:06:29 +0000] "POST /wp-cron.php?doing_wp_cron=1777316789.9011530876159667968750 HTTP/1.1" 200 - "-" "WordPress/6.9.4; https://maxvirusprotection.com"
192.0.85.167 - - [27/Apr/2026:19:06:28 +0000] "HEAD / HTTP/1.1" 200 - "-" "jetmon/1.0 (Jetpack Site Uptime Monitor by WordPress.com)"
65.254.225.226 - - [27/Apr/2026:19:06:59 +0000] "GET /wp-login.php HTTP/1.1" 200 4403 "-" "Mozilla/5.0 (Windows NT 10.0; Win64; x64) AppleWebKit/537.36 (KHTML, like Gecko) Chrome/64.0.3282.168 Safari/537.36 OPR/51.0.2830.40"
65.254.225.226 - - [27/Apr/2026:19:07:01 +0000] "POST /wp-login.php HTTP/1.1" 200 4403 "https://maxvirusprotection.com/wp-login.php" "Mozilla/5.0 (Windows NT 10.0; Win64; x64) AppleWebKit/537.36 (KHTML, like Gecko) Chrome/64.0.3282.168 Safari/537.36 OPR/51.0.2830.40"
184.94.212.206 - - [27/Apr/2026:19:07:44 +0000] "POST /wp-cron.php?doing_wp_cron=1777316864.5076200962066650390625 HTTP/1.1" 200 - "-" "WordPress/6.9.4; https://maxvirusprotection.com"
185.230.206.237 - - [27/Apr/2026:19:07:42 +0000] "GET /contact-us/?share=facebook HTTP/1.1" 302 - "-" "Mozilla/5.0 (Macintosh; Intel Mac OS X 10_10_5) AppleWebKit/537.36 (KHTML, like Gecko) Chrome/87.0.4280.88 Safari/537.36"
220.181.108.177 - - [27/Apr/2026:19:08:28 +0000] "GET /tag/cybersecurity/ HTTP/1.1" 200 45120 "-" "Mozilla/5.0 (compatible; Baiduspider/2.0; +http://www.baidu.com/search/spider.html)"
184.94.212.206 - - [27/Apr/2026:19:11:12 +0000] "POST /wp-cron.php?doing_wp_cron=1777317072.3727569580078125000000 HTTP/1.1" 200 - "-" "WordPress/6.9.4; https://maxvirusprotection.com"
114.119.148.120 - - [27/Apr/2026:19:11:10 +0000] "GET /what-needs-to-go-into-buying-your-laptop/?share=twitter HTTP/1.1" 302 - "https://maxvirusprotection.com/what-needs-to-go-into-buying-your-laptop/" "Mozilla/5.0 (Linux; Android 7.0;) AppleWebKit/537.36 (HTML, like Gecko) Mobile Safari/537.36 (compatible; PetalBot;+https://webmaster.petalsearch.com/site/petalbot)"
184.94.212.206 - - [27/Apr/2026:19:11:27 +0000] "POST /wp-cron.php?doing_wp_cron=1777317087.0660250186920166015625 HTTP/1.1" 200 - "-" "WordPress/6.9.4; https://maxvirusprotection.com"
192.0.85.167 - - [27/Apr/2026:19:11:25 +0000] "HEAD / HTTP/1.1" 200 - "-" "jetmon/1.0 (Jetpack Site Uptime Monitor by WordPress.com)"
44.199.221.255 - - [27/Apr/2026:19:12:02 +0000] "GET /wp-login.php HTTP/1.1" 200 4402 "-" "Mozilla/5.0 (Macintosh; Intel Mac OS X 10_13_3) AppleWebKit/537.36 (KHTML, like Gecko) Chrome/66.0.3359.139 Safari/537.36"
44.199.221.255 - - [27/Apr/2026:19:12:04 +0000] "POST /wp-login.php HTTP/1.1" 200 4402 "https://maxvirusprotection.com/wp-login.php" "Mozilla/5.0 (Macintosh; Intel Mac OS X 10_13_3) AppleWebKit/537.36 (KHTML, like Gecko) Chrome/66.0.3359.139 Safari/537.36"
184.94.212.206 - - [27/Apr/2026:19:12:26 +0000] "POST /wp-cron.php?doing_wp_cron=1777317146.7868258953094482421875 HTTP/1.1" 200 - "-" "WordPress/6.9.4; https://maxvirusprotection.com"
57.141.18.64 - - [27/Apr/2026:19:12:25 +0000] "GET /tag/website-development/ HTTP/1.1" 200 127918 "-" "meta-externalagent/1.1 (+https://developers.facebook.com/docs/sharing/webmasters/crawler)"
23.101.4.52 - - [27/Apr/2026:19:15:00 +0000] "GET /inputs.php HTTP/1.1" 500 1004 "-" "Mozilla/5.0 (Windows NT 10.0; Win64; x64) AppleWebKit/537.36 (KHTML, like Gecko) Chrome/120.0.0.0 Safari/537.36"
184.94.212.206 - - [27/Apr/2026:19:15:27 +0000] "POST /wp-cron.php?doing_wp_cron=1777317327.0351600646972656250000 HTTP/1.1" 200 - "-" "WordPress/6.9.4; https://maxvirusprotection.com"
216.73.217.123 - - [27/Apr/2026:19:15:50 +0000] "GET /robots.txt HTTP/1.1" 200 150 "-" "Mozilla/5.0 AppleWebKit/537.36 (KHTML, like Gecko; compatible; ClaudeBot/1.0; +claudebot@anthropic.com)"
193.56.116.90 - - [27/Apr/2026:19:15:49 +0000] "POST /wp-login.php HTTP/1.1" 401 3500 "-" "Mozilla/5.0"
216.73.217.123 - - [27/Apr/2026:19:15:51 +0000] "GET /sitemap_index.xml HTTP/1.1" 200 332 "-" "Mozilla/5.0 AppleWebKit/537.36 (KHTML, like Gecko; compatible; ClaudeBot/1.0; +claudebot@anthropic.com)"
184.94.212.206 - - [27/Apr/2026:19:16:28 +0000] "POST /wp-cron.php?doing_wp_cron=1777317388.0337951183319091796875 HTTP/1.1" 200 - "-" "WordPress/6.9.4; https://maxvirusprotection.com"
192.0.85.167 - - [27/Apr/2026:19:16:26 +0000] "HEAD / HTTP/1.1" 200 - "-" "jetmon/1.0 (Jetpack Site Uptime Monitor by WordPress.com)"
216.244.66.229 - - [27/Apr/2026:19:16:38 +0000] "GET /robots.txt HTTP/1.1" 200 289 "-" "Mozilla/5.0 (compatible; DotBot/1.2; +https://opensiteexplorer.org/dotbot; help@moz.com)"
184.94.212.206 - - [27/Apr/2026:19:16:50 +0000] "POST /wp-cron.php?doing_wp_cron=1777317410.3412148952484130859375 HTTP/1.1" 200 - "-" "WordPress/6.9.4; https://maxvirusprotection.com"
114.119.155.2 - - [27/Apr/2026:19:16:49 +0000] "GET /tag/laptop-purchase HTTP/1.1" 301 - "https://maxvirusprotection.com/tag/usb-ports?amp" "Mozilla/5.0 (Linux; Android 7.0;) AppleWebKit/537.36 (HTML, like Gecko) Mobile Safari/537.36 (compatible; PetalBot;+https://webmaster.petalsearch.com/site/petalbot)"
114.119.155.2 - - [27/Apr/2026:19:16:50 +0000] "GET /tag/laptop-purchase/ HTTP/1.1" 200 42923 "https://maxvirusprotection.com/tag/usb-ports?amp" "Mozilla/5.0 (Linux; Android 7.0;) AppleWebKit/537.36 (HTML, like Gecko) Mobile Safari/537.36 (compatible; PetalBot;+https://webmaster.petalsearch.com/site/petalbot)"
72.167.150.128 - - [27/Apr/2026:19:19:20 +0000] "GET /wp-login.php HTTP/1.1" 200 4402 "-" "Mozilla/5.0 (X11; Linux x86_64) AppleWebKit/537.36 (KHTML, like Gecko) Chrome/66.0.3359.139 Safari/537.36"
72.167.150.128 - - [27/Apr/2026:19:19:22 +0000] "POST /wp-login.php HTTP/1.1" 200 4402 "https://maxvirusprotection.com/wp-login.php" "Mozilla/5.0 (X11; Linux x86_64) AppleWebKit/537.36 (KHTML, like Gecko) Chrome/66.0.3359.139 Safari/537.36"
184.94.212.206 - - [27/Apr/2026:19:20:54 +0000] "POST /wp-cron.php?doing_wp_cron=1777317654.9195969104766845703125 HTTP/1.1" 200 - "-" "WordPress/6.9.4; https://maxvirusprotection.com"
54.39.210.94 - - [27/Apr/2026:19:20:53 +0000] "GET /eye-opening-information-regarding-laptops-you-never-knew/?share=facebook HTTP/1.1" 302 - "-" "Mozilla/5.0 (compatible; AhrefsBot/7.0; +http://ahrefs.com/robot/)"
184.94.212.206 - - [27/Apr/2026:19:21:28 +0000] "POST /wp-cron.php?doing_wp_cron=1777317688.0304090976715087890625 HTTP/1.1" 200 - "-" "WordPress/6.9.4; https://maxvirusprotection.com"
192.0.85.167 - - [27/Apr/2026:19:21:26 +0000] "HEAD / HTTP/1.1" 200 - "-" "jetmon/1.0 (Jetpack Site Uptime Monitor by WordPress.com)"
184.94.212.206 - - [27/Apr/2026:19:23:37 +0000] "POST /wp-cron.php?doing_wp_cron=1777317817.9525771141052246093750 HTTP/1.1" 200 - "-" "WordPress/6.9.4; https://maxvirusprotection.com"
114.119.148.120 - - [27/Apr/2026:19:23:36 +0000] "GET /its-simple-to-learn-about-desktop-computers-with-this-article?share=facebook HTTP/1.1" 302 - "https://maxvirusprotection.com/its-simple-to-learn-about-desktop-computers-with-this-article" "Mozilla/5.0 (Linux; Android 7.0;) AppleWebKit/537.36 (HTML, like Gecko) Mobile Safari/537.36 (compatible; PetalBot;+https://webmaster.petalsearch.com/site/petalbot)"
184.94.212.206 - - [27/Apr/2026:19:25:45 +0000] "POST /wp-cron.php?doing_wp_cron=1777317945.5479729175567626953125 HTTP/1.1" 200 - "-" "WordPress/6.9.4; https://maxvirusprotection.com"
46.151.150.239 - - [27/Apr/2026:19:25:43 +0000] "GET /wp-json/oembed/1.0/embed?url=https%3A%2F%2Fmaxvirusprotection.com%2Fwant-to-become-a-website-creation-expert-read-this-piece%2F HTTP/1.1" 200 1355 "-" "Mozilla/5.0 (Macintosh; Intel Mac OS X 10_14_6) AppleWebKit/537.36 (KHTML, like Gecko) Chrome/76.0.3809.100 Safari/537.36"
184.94.212.206 - - [27/Apr/2026:19:26:29 +0000] "POST /wp-cron.php?doing_wp_cron=1777317989.5194060802459716796875 HTTP/1.1" 200 - "-" "WordPress/6.9.4; https://maxvirusprotection.com"
192.0.85.167 - - [27/Apr/2026:19:26:28 +0000] "HEAD / HTTP/1.1" 200 - "-" "jetmon/1.0 (Jetpack Site Uptime Monitor by WordPress.com)"
184.94.212.206 - - [27/Apr/2026:19:29:15 +0000] "POST /wp-cron.php?doing_wp_cron=1777318155.6761670112609863281250 HTTP/1.1" 200 - "-" "WordPress/6.9.4; https://maxvirusprotection.com"
195.2.79.165 - - [27/Apr/2026:19:29:13 +0000] "GET / HTTP/1.0" 200 153296 "https://maxvirusprotection.com/" "Mozilla/5.0 (Windows NT 10.0; Win64; x64) AppleWebKit/537.36 (KHTML, like Gecko) Chrome/130.0.0.0 Safari/537.36 CCleaner/130.0.0.0"
114.119.148.120 - - [27/Apr/2026:19:29:39 +0000] "GET /ai-powered-phishing-attacks-a-growing-cybersecurity-threat/?share=x HTTP/1.1" 302 - "https://maxvirusprotection.com/ai-powered-phishing-attacks-a-growing-cybersecurity-threat/" "Mozilla/5.0 (Linux; Android 7.0;) AppleWebKit/537.36 (HTML, like Gecko) Mobile Safari/537.36 (compatible; PetalBot;+https://webmaster.petalsearch.com/site/petalbot)"
184.94.212.206 - - [27/Apr/2026:19:29:48 +0000] "POST /wp-cron.php?doing_wp_cron=1777318188.6257901191711425781250 HTTP/1.1" 200 - "-" "WordPress/6.9.4; https://maxvirusprotection.com"
216.244.66.229 - - [27/Apr/2026:19:29:47 +0000] "GET /improving-your-web-design-skills-to-reach-your-potential/?share=facebook HTTP/1.1" 302 - "-" "Mozilla/5.0 (compatible; DotBot/1.2; +https://opensiteexplorer.org/dotbot; help@moz.com)"
184.94.212.206 - - [27/Apr/2026:19:31:28 +0000] "POST /wp-cron.php?doing_wp_cron=1777318288.5405941009521484375000 HTTP/1.1" 200 - "-" "WordPress/6.9.4; https://maxvirusprotection.com"
192.0.85.167 - - [27/Apr/2026:19:31:26 +0000] "HEAD / HTTP/1.1" 200 - "-" "jetmon/1.0 (Jetpack Site Uptime Monitor by WordPress.com)"
216.73.217.123 - - [27/Apr/2026:19:31:27 +0000] "GET /sitemap.xml HTTP/1.1" 200 302 "-" "Mozilla/5.0 AppleWebKit/537.36 (KHTML, like Gecko; compatible; ClaudeBot/1.0; +claudebot@anthropic.com)"
184.94.212.206 - - [27/Apr/2026:19:34:52 +0000] "POST /wp-cron.php?doing_wp_cron=1777318492.2344360351562500000000 HTTP/1.1" 200 - "-" "WordPress/6.9.4; https://maxvirusprotection.com"
114.119.135.215 - - [27/Apr/2026:19:34:50 +0000] "GET /ai-powered-phishing-attacks-a-growing-cybersecurity-threat/?share=facebook HTTP/1.1" 302 - "https://maxvirusprotection.com/ai-powered-phishing-attacks-a-growing-cybersecurity-threat/" "Mozilla/5.0 (Linux; Android 7.0;) AppleWebKit/537.36 (HTML, like Gecko) Mobile Safari/537.36 (compatible; PetalBot;+https://webmaster.petalsearch.com/site/petalbot)"
184.94.212.206 - - [27/Apr/2026:19:36:29 +0000] "POST /wp-cron.php?doing_wp_cron=1777318589.1376190185546875000000 HTTP/1.1" 200 - "-" "WordPress/6.9.4; https://maxvirusprotection.com"
192.0.85.167 - - [27/Apr/2026:19:36:27 +0000] "HEAD / HTTP/1.1" 200 - "-" "jetmon/1.0 (Jetpack Site Uptime Monitor by WordPress.com)"
184.94.212.206 - - [27/Apr/2026:19:36:59 +0000] "POST /wp-cron.php?doing_wp_cron=1777318619.0851950645446777343750 HTTP/1.1" 200 - "-" "WordPress/6.9.4; https://maxvirusprotection.com"
216.73.217.123 - - [27/Apr/2026:19:36:57 +0000] "GET /news-sitemap.xml HTTP/1.1" 200 315 "-" "Mozilla/5.0 AppleWebKit/537.36 (KHTML, like Gecko; compatible; ClaudeBot/1.0; +claudebot@anthropic.com)"
193.56.116.64 - - [27/Apr/2026:19:37:25 +0000] "POST /wp-login.php HTTP/1.1" 401 3499 "-" "Mozilla/5.0"
20.255.80.192 - - [27/Apr/2026:19:38:20 +0000] "GET /inputs.php HTTP/1.1" 404 41671 "-" "Mozilla/5.0 (Windows NT 10.0; Win64; x64) AppleWebKit/537.36 (KHTML, like Gecko) Chrome/120.0.0.0 Safari/537.36"
20.255.80.192 - - [27/Apr/2026:19:38:23 +0000] "GET /ioxi-o.php HTTP/1.1" 404 41675 "-" "Mozilla/5.0 (Windows NT 10.0; Win64; x64) AppleWebKit/537.36 (KHTML, like Gecko) Chrome/120.0.0.0 Safari/537.36"
20.255.80.192 - - [27/Apr/2026:19:38:24 +0000] "GET /function/function.php HTTP/1.1" 404 41673 "-" "Mozilla/5.0 (Windows NT 10.0; Win64; x64) AppleWebKit/537.36 (KHTML, like Gecko) Chrome/120.0.0.0 Safari/537.36"
20.255.80.192 - - [27/Apr/2026:19:38:25 +0000] "GET /rip.php HTTP/1.1" 404 41669 "-" "Mozilla/5.0 (Windows NT 10.0; Win64; x64) AppleWebKit/537.36 (KHTML, like Gecko) Chrome/120.0.0.0 Safari/537.36"
20.255.80.192 - - [27/Apr/2026:19:38:27 +0000] "GET /admin.php HTTP/1.1" 404 41667 "-" "Mozilla/5.0 (Windows NT 10.0; Win64; x64) AppleWebKit/537.36 (KHTML, like Gecko) Chrome/120.0.0.0 Safari/537.36"
20.255.80.192 - - [27/Apr/2026:19:38:28 +0000] "GET /wp-content/uploads/index.php HTTP/1.1" 301 - "-" "Mozilla/5.0 (Windows NT 10.0; Win64; x64) AppleWebKit/537.36 (KHTML, like Gecko) Chrome/120.0.0.0 Safari/537.36"
20.255.80.192 - - [27/Apr/2026:19:38:29 +0000] "GET /cache.php HTTP/1.1" 404 41671 "-" "Mozilla/5.0 (Windows NT 10.0; Win64; x64) AppleWebKit/537.36 (KHTML, like Gecko) Chrome/120.0.0.0 Safari/537.36"
20.255.80.192 - - [27/Apr/2026:19:38:31 +0000] "GET /themes.php HTTP/1.1" 404 41670 "-" "Mozilla/5.0 (Windows NT 10.0; Win64; x64) AppleWebKit/537.36 (KHTML, like Gecko) Chrome/120.0.0.0 Safari/537.36"
20.255.80.192 - - [27/Apr/2026:19:38:32 +0000] "GET /an.php HTTP/1.1" 404 41666 "-" "Mozilla/5.0 (Windows NT 10.0; Win64; x64) AppleWebKit/537.36 (KHTML, like Gecko) Chrome/120.0.0.0 Safari/537.36"
20.255.80.192 - - [27/Apr/2026:19:38:33 +0000] "GET /index/function.php HTTP/1.1" 404 41674 "-" "Mozilla/5.0 (Windows NT 10.0; Win64; x64) AppleWebKit/537.36 (KHTML, like Gecko) Chrome/120.0.0.0 Safari/537.36"
20.255.80.192 - - [27/Apr/2026:19:38:35 +0000] "GET /randkeyword.PhP7 HTTP/1.1" 404 41680 "-" "Mozilla/5.0 (Windows NT 10.0; Win64; x64) AppleWebKit/537.36 (KHTML, like Gecko) Chrome/120.0.0.0 Safari/537.36"
20.255.80.192 - - [27/Apr/2026:19:38:36 +0000] "GET /ws.php HTTP/1.1" 404 41670 "-" "Mozilla/5.0 (Windows NT 10.0; Win64; x64) AppleWebKit/537.36 (KHTML, like Gecko) Chrome/120.0.0.0 Safari/537.36"
20.255.80.192 - - [27/Apr/2026:19:38:38 +0000] "GET /404.php HTTP/1.1" 404 41669 "-" "Mozilla/5.0 (Windows NT 10.0; Win64; x64) AppleWebKit/537.36 (KHTML, like Gecko) Chrome/120.0.0.0 Safari/537.36"
20.255.80.192 - - [27/Apr/2026:19:38:39 +0000] "GET /wp-admin/user.php HTTP/1.1" 404 41671 "-" "Mozilla/5.0 (Windows NT 10.0; Win64; x64) AppleWebKit/537.36 (KHTML, like Gecko) Chrome/120.0.0.0 Safari/537.36"
20.255.80.192 - - [27/Apr/2026:19:38:40 +0000] "GET /wp-conf.php HTTP/1.1" 404 41671 "-" "Mozilla/5.0 (Windows NT 10.0; Win64; x64) AppleWebKit/537.36 (KHTML, like Gecko) Chrome/120.0.0.0 Safari/537.36"
20.255.80.192 - - [27/Apr/2026:19:38:42 +0000] "GET /wp-content/themes/hideo/network.php HTTP/1.1" 404 41935 "-" "Mozilla/5.0 (Windows NT 10.0; Win64; x64) AppleWebKit/537.36 (KHTML, like Gecko) Chrome/120.0.0.0 Safari/537.36"
20.255.80.192 - - [27/Apr/2026:19:38:43 +0000] "GET /wp-login.php HTTP/1.1" 200 4201 "-" "Mozilla/5.0 (Windows NT 10.0; Win64; x64) AppleWebKit/537.36 (KHTML, like Gecko) Chrome/120.0.0.0 Safari/537.36"
20.255.80.192 - - [27/Apr/2026:19:38:45 +0000] "GET /abc.php HTTP/1.1" 404 41669 "-" "Mozilla/5.0 (Windows NT 10.0; Win64; x64) AppleWebKit/537.36 (KHTML, like Gecko) Chrome/120.0.0.0 Safari/537.36"
20.255.80.192 - - [27/Apr/2026:19:38:46 +0000] "GET /abcd.php HTTP/1.1" 404 41671 "-" "Mozilla/5.0 (Windows NT 10.0; Win64; x64) AppleWebKit/537.36 (KHTML, like Gecko) Chrome/120.0.0.0 Safari/537.36"
20.255.80.192 - - [27/Apr/2026:19:38:48 +0000] "GET /as.php HTTP/1.1" 404 41668 "-" "Mozilla/5.0 (Windows NT 10.0; Win64; x64) AppleWebKit/537.36 (KHTML, like Gecko) Chrome/120.0.0.0 Safari/537.36"
20.255.80.192 - - [27/Apr/2026:19:38:49 +0000] "GET /wp-trackback.php HTTP/1.1" 404 130 "-" "Mozilla/5.0 (Windows NT 10.0; Win64; x64) AppleWebKit/537.36 (KHTML, like Gecko) Chrome/120.0.0.0 Safari/537.36"
20.255.80.192 - - [27/Apr/2026:19:38:50 +0000] "GET /about.php HTTP/1.1" 404 41670 "-" "Mozilla/5.0 (Windows NT 10.0; Win64; x64) AppleWebKit/537.36 (KHTML, like Gecko) Chrome/120.0.0.0 Safari/537.36"
20.255.80.192 - - [27/Apr/2026:19:38:51 +0000] "GET /file.php HTTP/1.1" 404 41671 "-" "Mozilla/5.0 (Windows NT 10.0; Win64; x64) AppleWebKit/537.36 (KHTML, like Gecko) Chrome/120.0.0.0 Safari/537.36"
20.255.80.192 - - [27/Apr/2026:19:38:53 +0000] "GET /adminfuns.php HTTP/1.1" 404 41672 "-" "Mozilla/5.0 (Windows NT 10.0; Win64; x64) AppleWebKit/537.36 (KHTML, like Gecko) Chrome/120.0.0.0 Safari/537.36"
20.255.80.192 - - [27/Apr/2026:19:38:54 +0000] "GET /wp-good.php HTTP/1.1" 404 41672 "-" "Mozilla/5.0 (Windows NT 10.0; Win64; x64) AppleWebKit/537.36 (KHTML, like Gecko) Chrome/120.0.0.0 Safari/537.36"
20.255.80.192 - - [27/Apr/2026:19:38:55 +0000] "GET /xmlrpc.php HTTP/1.1" 404 41667 "-" "Mozilla/5.0 (Windows NT 10.0; Win64; x64) AppleWebKit/537.36 (KHTML, like Gecko) Chrome/120.0.0.0 Safari/537.36"
20.255.80.192 - - [27/Apr/2026:19:38:57 +0000] "GET /goods.php HTTP/1.1" 404 41672 "-" "Mozilla/5.0 (Windows NT 10.0; Win64; x64) AppleWebKit/537.36 (KHTML, like Gecko) Chrome/120.0.0.0 Safari/537.36"
20.255.80.192 - - [27/Apr/2026:19:38:58 +0000] "GET /class-t.api.php HTTP/1.1" 404 41676 "-" "Mozilla/5.0 (Windows NT 10.0; Win64; x64) AppleWebKit/537.36 (KHTML, like Gecko) Chrome/120.0.0.0 Safari/537.36"
20.255.80.192 - - [27/Apr/2026:19:38:59 +0000] "GET /sf.php HTTP/1.1" 404 41670 "-" "Mozilla/5.0 (Windows NT 10.0; Win64; x64) AppleWebKit/537.36 (KHTML, like Gecko) Chrome/120.0.0.0 Safari/537.36"
20.255.80.192 - - [27/Apr/2026:19:39:01 +0000] "GET /kbfr.php HTTP/1.1" 404 41671 "-" "Mozilla/5.0 (Windows NT 10.0; Win64; x64) AppleWebKit/537.36 (KHTML, like Gecko) Chrome/120.0.0.0 Safari/537.36"
20.255.80.192 - - [27/Apr/2026:19:39:03 +0000] "GET /autoload_classmap.php HTTP/1.1" 404 41678 "-" "Mozilla/5.0 (Windows NT 10.0; Win64; x64) AppleWebKit/537.36 (KHTML, like Gecko) Chrome/120.0.0.0 Safari/537.36"
20.255.80.192 - - [27/Apr/2026:19:39:05 +0000] "GET /chosen.php?p= HTTP/1.1" 301 - "-" "Mozilla/5.0 (Windows NT 10.0; Win64; x64) AppleWebKit/537.36 (KHTML, like Gecko) Chrome/120.0.0.0 Safari/537.36"
20.255.80.192 - - [27/Apr/2026:19:39:06 +0000] "GET /classwithtostring.php HTTP/1.1" 404 41675 "-" "Mozilla/5.0 (Windows NT 10.0; Win64; x64) AppleWebKit/537.36 (KHTML, like Gecko) Chrome/120.0.0.0 Safari/537.36"
184.94.212.206 - - [27/Apr/2026:19:39:08 +0000] "POST /wp-cron.php?doing_wp_cron=1777318748.7119679450988769531250 HTTP/1.1" 200 - "-" "WordPress/6.9.4; https://maxvirusprotection.com"
20.255.80.192 - - [27/Apr/2026:19:39:07 +0000] "GET /defaults.php HTTP/1.1" 404 41672 "-" "Mozilla/5.0 (Windows NT 10.0; Win64; x64) AppleWebKit/537.36 (KHTML, like Gecko) Chrome/120.0.0.0 Safari/537.36"
20.255.80.192 - - [27/Apr/2026:19:39:09 +0000] "GET /.well-known/ HTTP/1.1" 404 41679 "-" "Mozilla/5.0 (Windows NT 10.0; Win64; x64) AppleWebKit/537.36 (KHTML, like Gecko) Chrome/120.0.0.0 Safari/537.36"
184.94.212.206 - - [27/Apr/2026:19:39:11 +0000] "POST /wp-cron.php?doing_wp_cron=1777318751.4235029220581054687500 HTTP/1.1" 200 - "-" "WordPress/6.9.4; https://maxvirusprotection.com"
20.255.80.192 - - [27/Apr/2026:19:39:10 +0000] "GET /info.php HTTP/1.1" 404 41673 "-" "Mozilla/5.0 (Windows NT 10.0; Win64; x64) AppleWebKit/537.36 (KHTML, like Gecko) Chrome/120.0.0.0 Safari/537.36"
20.255.80.192 - - [27/Apr/2026:19:39:11 +0000] "GET /cgi-bin/ HTTP/1.1" 404 41673 "-" "Mozilla/5.0 (Windows NT 10.0; Win64; x64) AppleWebKit/537.36 (KHTML, like Gecko) Chrome/120.0.0.0 Safari/537.36"
20.255.80.192 - - [27/Apr/2026:19:39:13 +0000] "GET /wp-includes/Requests/src/Response/about.php HTTP/1.1" 404 41941 "-" "Mozilla/5.0 (Windows NT 10.0; Win64; x64) AppleWebKit/537.36 (KHTML, like Gecko) Chrome/120.0.0.0 Safari/537.36"
20.255.80.192 - - [27/Apr/2026:19:39:14 +0000] "GET /wp-includes/html-api/ HTTP/1.1" 404 41677 "-" "Mozilla/5.0 (Windows NT 10.0; Win64; x64) AppleWebKit/537.36 (KHTML, like Gecko) Chrome/120.0.0.0 Safari/537.36"
20.255.80.192 - - [27/Apr/2026:19:39:15 +0000] "GET /wp-content/admin.php HTTP/1.1" 404 41672 "-" "Mozilla/5.0 (Windows NT 10.0; Win64; x64) AppleWebKit/537.36 (KHTML, like Gecko) Chrome/120.0.0.0 Safari/537.36"
20.255.80.192 - - [27/Apr/2026:19:39:17 +0000] "GET /wp-admin/css/colors/ectoplasm/ HTTP/1.1" 404 41934 "-" "Mozilla/5.0 (Windows NT 10.0; Win64; x64) AppleWebKit/537.36 (KHTML, like Gecko) Chrome/120.0.0.0 Safari/537.36"
20.255.80.192 - - [27/Apr/2026:19:39:18 +0000] "GET /wp-content/uploads/ HTTP/1.1" 404 41668 "-" "Mozilla/5.0 (Windows NT 10.0; Win64; x64) AppleWebKit/537.36 (KHTML, like Gecko) Chrome/120.0.0.0 Safari/537.36"
20.255.80.192 - - [27/Apr/2026:19:39:19 +0000] "GET /wp-content/themes/admin.php HTTP/1.1" 404 41925 "-" "Mozilla/5.0 (Windows NT 10.0; Win64; x64) AppleWebKit/537.36 (KHTML, like Gecko) Chrome/120.0.0.0 Safari/537.36"
20.255.80.192 - - [27/Apr/2026:19:39:21 +0000] "GET /wp-content/themes/index.php HTTP/1.1" 301 - "-" "Mozilla/5.0 (Windows NT 10.0; Win64; x64) AppleWebKit/537.36 (KHTML, like Gecko) Chrome/120.0.0.0 Safari/537.36"
20.255.80.192 - - [27/Apr/2026:19:39:22 +0000] "GET /wp-content/plugins/index.php HTTP/1.1" 301 - "-" "Mozilla/5.0 (Windows NT 10.0; Win64; x64) AppleWebKit/537.36 (KHTML, like Gecko) Chrome/120.0.0.0 Safari/537.36"
20.255.80.192 - - [27/Apr/2026:19:39:23 +0000] "GET /wp-includes/PHPMailer/ HTTP/1.1" 404 41679 "-" "Mozilla/5.0 (Windows NT 10.0; Win64; x64) AppleWebKit/537.36 (KHTML, like Gecko) Chrome/120.0.0.0 Safari/537.36"
20.255.80.192 - - [27/Apr/2026:19:39:24 +0000] "GET /wp-includes/images/ HTTP/1.1" 404 41672 "-" "Mozilla/5.0 (Windows NT 10.0; Win64; x64) AppleWebKit/537.36 (KHTML, like Gecko) Chrome/120.0.0.0 Safari/537.36"
20.255.80.192 - - [27/Apr/2026:19:39:26 +0000] "GET /wp-content/plugins/WordPressCore/ HTTP/1.1" 404 41925 "-" "Mozilla/5.0 (Windows NT 10.0; Win64; x64) AppleWebKit/537.36 (KHTML, like Gecko) Chrome/120.0.0.0 Safari/537.36"
114.119.141.152 - - [27/Apr/2026:19:40:04 +0000] "GET /adsense-disclaimer?share=facebook HTTP/1.1" 302 - "https://maxvirusprotection.com/adsense-disclaimer?amp" "Mozilla/5.0 (Linux; Android 7.0;) AppleWebKit/537.36 (HTML, like Gecko) Mobile Safari/537.36 (compatible; PetalBot;+https://webmaster.petalsearch.com/site/petalbot)"
190.92.9.57 - - [27/Apr/2026:19:41:05 +0000] "GET /learn-all-about-desktop-computers-thanks-to-this-article/?share=facebook HTTP/1.1" 302 - "-" "Mozilla/5.0 (Windows NT 6.1; Win64; x64) AppleWebKit/537.36 (KHTML, like Gecko) Chrome/80.0.3987.132 Safari/537.36"
184.94.212.206 - - [27/Apr/2026:19:41:28 +0000] "POST /wp-cron.php?doing_wp_cron=1777318888.9379169940948486328125 HTTP/1.1" 200 - "-" "WordPress/6.9.4; https://maxvirusprotection.com"
192.0.85.167 - - [27/Apr/2026:19:41:27 +0000] "HEAD / HTTP/1.1" 200 - "-" "jetmon/1.0 (Jetpack Site Uptime Monitor by WordPress.com)"
51.77.152.49 - - [27/Apr/2026:19:41:58 +0000] "GET /wp-login.php HTTP/1.1" 200 4400 "-" "Mozilla/5.0 (Windows NT 10.0; Win64; x64) AppleWebKit/537.36 (KHTML, like Gecko) Chrome/65.0.3325.181 Safari/537.36 OPR/52.0.2871.40"
51.77.152.49 - - [27/Apr/2026:19:42:00 +0000] "POST /wp-login.php HTTP/1.1" 200 4400 "https://maxvirusprotection.com/wp-login.php" "Mozilla/5.0 (Windows NT 10.0; Win64; x64) AppleWebKit/537.36 (KHTML, like Gecko) Chrome/65.0.3325.181 Safari/537.36 OPR/52.0.2871.40"
184.94.212.206 - - [27/Apr/2026:19:44:41 +0000] "POST /wp-cron.php?doing_wp_cron=1777319081.9409029483795166015625 HTTP/1.1" 200 - "-" "WordPress/6.9.4; https://maxvirusprotection.com"
167.71.226.156 - - [27/Apr/2026:19:44:39 +0000] "GET /wp-login.php HTTP/1.1" 200 4199 "-" "Mozilla/5.0 (Windows NT 6.1; WOW64; Trident/7.0; MALC; rv:11.0) like Gecko"
167.71.226.156 - - [27/Apr/2026:19:44:42 +0000] "POST /wp-login.php HTTP/1.1" 401 1453 "https://maxvirusprotection.com/wp-login.php" "Mozilla/5.0 (Windows NT 6.1; WOW64; Trident/7.0; MALC; rv:11.0) like Gecko"
111.225.149.182 - - [27/Apr/2026:19:45:38 +0000] "GET / HTTP/1.1" 200 47526 "-" "Mozilla/5.0 (Linux; Android 5.0) AppleWebKit/537.36 (KHTML, like Gecko) Mobile Safari/537.36 (compatible; Bytespider; https://zhanzhang.toutiao.com/)"
111.225.149.182 - - [27/Apr/2026:19:45:40 +0000] "GET /wp-content/plugins/simple-google-recaptcha/sgr.css?ver=1663329978 HTTP/1.1" 200 173 "https://maxvirusprotection.com/" "Mozilla/5.0 (Linux; Android 5.0) AppleWebKit/537.36 (KHTML, like Gecko) Mobile Safari/537.36 (compatible; Bytespider; https://zhanzhang.toutiao.com/)"
111.225.149.182 - - [27/Apr/2026:19:45:40 +0000] "GET /wp-content/themes/genesis/lib/js/menu/superfish.args.min.js?ver=3.6.2 HTTP/1.1" 200 124 "https://maxvirusprotection.com/" "Mozilla/5.0 (Linux; Android 5.0) AppleWebKit/537.36 (KHTML, like Gecko) Mobile Safari/537.36 (compatible; Bytespider; https://zhanzhang.toutiao.com/)"
111.225.149.15 - - [27/Apr/2026:19:45:41 +0000] "GET /wp-content/plugins/simple-google-recaptcha/sgr.js?ver=1663329978 HTTP/1.1" 200 504 "https://maxvirusprotection.com/" "Mozilla/5.0 (Linux; Android 5.0) AppleWebKit/537.36 (KHTML, like Gecko) Mobile Safari/537.36 (compatible; Bytespider; https://zhanzhang.toutiao.com/)"
111.225.149.182 - - [27/Apr/2026:19:45:41 +0000] "GET /wp-content/themes/genesis/lib/js/skip-links.min.js?ver=3.6.2 HTTP/1.1" 200 238 "https://maxvirusprotection.com/" "Mozilla/5.0 (Linux; Android 5.0) AppleWebKit/537.36 (KHTML, like Gecko) Mobile Safari/537.36 (compatible; Bytespider; https://zhanzhang.toutiao.com/)"
111.225.149.182 - - [27/Apr/2026:19:45:41 +0000] "GET /wp-content/plugins/wp-consent-api/assets/js/wp-consent-api.min.js?ver=2.0.1 HTTP/1.1" 200 822 "https://maxvirusprotection.com/" "Mozilla/5.0 (Linux; Android 5.0) AppleWebKit/537.36 (KHTML, like Gecko) Mobile Safari/537.36 (compatible; Bytespider; https://zhanzhang.toutiao.com/)"
114.119.138.205 - - [27/Apr/2026:19:45:56 +0000] "GET /adsense-disclaimer/?noamp=mobile HTTP/1.1" 200 44003 "https://maxvirusprotection.com/adsense-disclaimer?noamp=mobile" "Mozilla/5.0 (Linux; Android 7.0;) AppleWebKit/537.36 (HTML, like Gecko) Mobile Safari/537.36 (compatible; PetalBot;+https://webmaster.petalsearch.com/site/petalbot)"
110.249.201.109 - - [27/Apr/2026:19:46:08 +0000] "GET /robots.txt HTTP/1.1" 200 150 "-" "Mozilla/5.0 (Linux; Android 5.0) AppleWebKit/537.36 (KHTML, like Gecko) Mobile Safari/537.36 (compatible; Bytespider; https://zhanzhang.toutiao.com/)"
184.94.212.206 - - [27/Apr/2026:19:46:29 +0000] "POST /wp-cron.php?doing_wp_cron=1777319189.5665559768676757812500 HTTP/1.1" 200 - "-" "WordPress/6.9.4; https://maxvirusprotection.com"
192.0.85.167 - - [27/Apr/2026:19:46:28 +0000] "HEAD / HTTP/1.1" 200 - "-" "jetmon/1.0 (Jetpack Site Uptime Monitor by WordPress.com)"
184.94.212.206 - - [27/Apr/2026:19:51:03 +0000] "POST /wp-cron.php?doing_wp_cron=1777319463.2305030822753906250000 HTTP/1.1" 200 - "-" "WordPress/6.9.4; https://maxvirusprotection.com"
57.141.18.100 - - [27/Apr/2026:19:51:01 +0000] "GET /tag/laptop-online/ HTTP/1.1" 200 119845 "-" "meta-externalagent/1.1 (+https://developers.facebook.com/docs/sharing/webmasters/crawler)"
184.94.212.206 - - [27/Apr/2026:19:51:19 +0000] "POST /wp-cron.php?doing_wp_cron=1777319479.0311429500579833984375 HTTP/1.1" 200 - "-" "WordPress/6.9.4; https://maxvirusprotection.com"
114.119.140.103 - - [27/Apr/2026:19:51:17 +0000] "GET /about?share=x HTTP/1.1" 302 - "https://maxvirusprotection.com/about" "Mozilla/5.0 (Linux; Android 7.0;) AppleWebKit/537.36 (HTML, like Gecko) Mobile Safari/537.36 (compatible; PetalBot;+https://webmaster.petalsearch.com/site/petalbot)"
184.94.212.206 - - [27/Apr/2026:19:51:27 +0000] "POST /wp-cron.php?doing_wp_cron=1777319487.1526560783386230468750 HTTP/1.1" 200 - "-" "WordPress/6.9.4; https://maxvirusprotection.com"
192.0.85.167 - - [27/Apr/2026:19:51:26 +0000] "HEAD / HTTP/1.1" 200 - "-" "jetmon/1.0 (Jetpack Site Uptime Monitor by WordPress.com)"
184.94.212.206 - - [27/Apr/2026:19:51:50 +0000] "POST /wp-cron.php?doing_wp_cron=1777319510.1539099216461181640625 HTTP/1.1" 200 - "-" "WordPress/6.9.4; https://maxvirusprotection.com"
51.161.37.58 - - [27/Apr/2026:19:51:48 +0000] "GET /news-sitemap.xml HTTP/1.1" 200 315 "-" "Mozilla/5.0 (compatible; AhrefsBot/7.0; +http://ahrefs.com/robot/)"
184.94.212.206 - - [27/Apr/2026:19:56:29 +0000] "POST /wp-cron.php?doing_wp_cron=1777319789.2465999126434326171875 HTTP/1.1" 200 - "-" "WordPress/6.9.4; https://maxvirusprotection.com"
192.0.85.167 - - [27/Apr/2026:19:56:27 +0000] "HEAD / HTTP/1.1" 200 - "-" "jetmon/1.0 (Jetpack Site Uptime Monitor by WordPress.com)"
184.94.212.206 - - [27/Apr/2026:19:57:07 +0000] "POST /wp-cron.php?doing_wp_cron=1777319827.0035429000854492187500 HTTP/1.1" 200 - "-" "WordPress/6.9.4; https://maxvirusprotection.com"
114.119.135.215 - - [27/Apr/2026:19:57:05 +0000] "GET /desktop-computers-tips-tricks-and-other-great-advice/?amp HTTP/1.1" 200 46966 "https://maxvirusprotection.com/desktop-computers-tips-tricks-and-other-great-advice/?amp" "Mozilla/5.0 (Linux; Android 7.0;) AppleWebKit/537.36 (HTML, like Gecko) Mobile Safari/537.36 (compatible; PetalBot;+https://webmaster.petalsearch.com/site/petalbot)"
66.249.66.36 - - [27/Apr/2026:19:58:55 +0000] "GET /ads.txt HTTP/1.1" 200 58 "-" "Google-adstxt"
193.56.116.91 - - [27/Apr/2026:19:58:59 +0000] "POST /wp-login.php HTTP/1.1" 401 3500 "-" "Mozilla/5.0"
184.94.212.206 - - [27/Apr/2026:20:00:24 +0000] "POST /wp-cron.php?doing_wp_cron=1777320024.1968278884887695312500 HTTP/1.1" 200 - "-" "WordPress/6.9.4; https://maxvirusprotection.com"
57.141.18.92 - - [27/Apr/2026:20:00:22 +0000] "GET /tag/website-creation/ HTTP/1.1" 200 122298 "-" "meta-externalagent/1.1 (+https://developers.facebook.com/docs/sharing/webmasters/crawler)"
184.94.212.206 - - [27/Apr/2026:20:01:29 +0000] "POST /wp-cron.php?doing_wp_cron=1777320089.2162280082702636718750 HTTP/1.1" 200 - "-" "WordPress/6.9.4; https://maxvirusprotection.com"
192.0.85.167 - - [27/Apr/2026:20:01:27 +0000] "HEAD / HTTP/1.1" 200 - "-" "jetmon/1.0 (Jetpack Site Uptime Monitor by WordPress.com)"
184.94.212.206 - - [27/Apr/2026:20:02:39 +0000] "POST /wp-cron.php?doing_wp_cron=1777320159.0361599922180175781250 HTTP/1.1" 200 - "-" "WordPress/6.9.4; https://maxvirusprotection.com"
114.119.140.103 - - [27/Apr/2026:20:02:37 +0000] "GET /about?noamp=mobile HTTP/1.1" 301 - "-" "Mozilla/5.0 (Linux; Android 7.0;) AppleWebKit/537.36 (HTML, like Gecko) Mobile Safari/537.36 (compatible; PetalBot;+https://webmaster.petalsearch.com/site/petalbot)"
114.119.140.103 - - [27/Apr/2026:20:02:39 +0000] "GET /about/?noamp=mobile HTTP/1.1" 200 48320 "https://maxvirusprotection.com/about?noamp=mobile" "Mozilla/5.0 (Linux; Android 7.0;) AppleWebKit/537.36 (HTML, like Gecko) Mobile Safari/537.36 (compatible; PetalBot;+https://webmaster.petalsearch.com/site/petalbot)"
184.94.212.206 - - [27/Apr/2026:20:04:29 +0000] "POST /wp-cron.php?doing_wp_cron=1777320269.2582271099090576171875 HTTP/1.1" 200 - "-" "WordPress/6.9.4; https://maxvirusprotection.com"
57.141.18.112 - - [27/Apr/2026:20:04:27 +0000] "GET /learn-all-about-desktop-computers-thanks-to-this-article/ HTTP/1.1" 200 134388 "-" "meta-externalagent/1.1 (+https://developers.facebook.com/docs/sharing/webmasters/crawler)"
184.94.212.206 - - [27/Apr/2026:20:06:27 +0000] "POST /wp-cron.php?doing_wp_cron=1777320387.9240210056304931640625 HTTP/1.1" 200 - "-" "WordPress/6.9.4; https://maxvirusprotection.com"
192.0.85.167 - - [27/Apr/2026:20:06:26 +0000] "HEAD / HTTP/1.1" 200 - "-" "jetmon/1.0 (Jetpack Site Uptime Monitor by WordPress.com)"
57.141.18.8 - - [27/Apr/2026:20:06:37 +0000] "GET / HTTP/1.1" 301 - "-" "meta-externalagent/1.1 (+https://developers.facebook.com/docs/sharing/webmasters/crawler)"
184.94.212.206 - - [27/Apr/2026:20:08:21 +0000] "POST /wp-cron.php?doing_wp_cron=1777320501.4238960742950439453125 HTTP/1.1" 200 - "-" "WordPress/6.9.4; https://maxvirusprotection.com"
114.119.145.19 - - [27/Apr/2026:20:08:19 +0000] "GET /look-in-the-following-article-for-good-tips-about-web-page-design/?share=twitter HTTP/1.1" 302 - "https://maxvirusprotection.com/look-in-the-following-article-for-good-tips-about-web-page-design/" "Mozilla/5.0 (Linux; Android 7.0;) AppleWebKit/537.36 (HTML, like Gecko) Mobile Safari/537.36 (compatible; PetalBot;+https://webmaster.petalsearch.com/site/petalbot)"
184.94.212.206 - - [27/Apr/2026:20:09:09 +0000] "POST /wp-cron.php?doing_wp_cron=1777320549.0926959514617919921875 HTTP/1.1" 200 - "-" "WordPress/6.9.4; https://maxvirusprotection.com"
105.74.15.188 - - [27/Apr/2026:20:09:07 +0000] "GET /feed/ HTTP/1.1" 200 26722 "-" "Mozilla/5.0 (Windows 98; Win 9x 4.90; yo-NG; rv:1.9.2.20) Gecko/4150-08-17 20:22:32.885223 Firefox/3.8"
184.94.212.206 - - [27/Apr/2026:20:11:30 +0000] "POST /wp-cron.php?doing_wp_cron=1777320690.1131908893585205078125 HTTP/1.1" 200 - "-" "WordPress/6.9.4; https://maxvirusprotection.com"
192.0.85.167 - - [27/Apr/2026:20:11:27 +0000] "HEAD / HTTP/1.1" 200 - "-" "jetmon/1.0 (Jetpack Site Uptime Monitor by WordPress.com)"
184.94.212.206 - - [27/Apr/2026:20:14:03 +0000] "POST /wp-cron.php?doing_wp_cron=1777320843.7230529785156250000000 HTTP/1.1" 200 - "-" "WordPress/6.9.4; https://maxvirusprotection.com"
114.119.144.105 - - [27/Apr/2026:20:14:01 +0000] "GET /increase-your-knowledge-of-desktop-computers-with-these-tips?share=twitter&noamp=mobile HTTP/1.1" 302 - "-" "Mozilla/5.0 (Linux; Android 7.0;) AppleWebKit/537.36 (HTML, like Gecko) Mobile Safari/537.36 (compatible; PetalBot;+https://webmaster.petalsearch.com/site/petalbot)"
184.94.212.206 - - [27/Apr/2026:20:16:09 +0000] "POST /wp-cron.php?doing_wp_cron=1777320969.8300800323486328125000 HTTP/1.1" 200 - "-" "WordPress/6.9.4; https://maxvirusprotection.com"
57.141.18.84 - - [27/Apr/2026:20:16:07 +0000] "GET /tag/temperature-changes/ HTTP/1.1" 200 120018 "-" "meta-externalagent/1.1 (+https://developers.facebook.com/docs/sharing/webmasters/crawler)"
184.94.212.206 - - [27/Apr/2026:20:16:27 +0000] "POST /wp-cron.php?doing_wp_cron=1777320987.3838300704956054687500 HTTP/1.1" 200 - "-" "WordPress/6.9.4; https://maxvirusprotection.com"
192.0.85.167 - - [27/Apr/2026:20:16:26 +0000] "HEAD / HTTP/1.1" 200 - "-" "jetmon/1.0 (Jetpack Site Uptime Monitor by WordPress.com)"
184.94.212.206 - - [27/Apr/2026:20:19:57 +0000] "POST /wp-cron.php?doing_wp_cron=1777321197.6266849040985107421875 HTTP/1.1" 200 - "-" "WordPress/6.9.4; https://maxvirusprotection.com"
114.119.138.205 - - [27/Apr/2026:20:19:55 +0000] "GET /about/?share=x HTTP/1.1" 302 - "https://maxvirusprotection.com/about/?amp" "Mozilla/5.0 (Linux; Android 7.0;) AppleWebKit/537.36 (HTML, like Gecko) Mobile Safari/537.36 (compatible; PetalBot;+https://webmaster.petalsearch.com/site/petalbot)"
193.56.116.85 - - [27/Apr/2026:20:20:54 +0000] "POST /wp-login.php HTTP/1.1" 401 3499 "-" "Mozilla/5.0"
184.94.212.206 - - [27/Apr/2026:20:21:30 +0000] "POST /wp-cron.php?doing_wp_cron=1777321290.1888010501861572265625 HTTP/1.1" 200 - "-" "WordPress/6.9.4; https://maxvirusprotection.com"
192.0.85.167 - - [27/Apr/2026:20:21:28 +0000] "HEAD / HTTP/1.1" 200 - "-" "jetmon/1.0 (Jetpack Site Uptime Monitor by WordPress.com)"
184.94.212.206 - - [27/Apr/2026:20:25:27 +0000] "POST /wp-cron.php?doing_wp_cron=1777321527.5917661190032958984375 HTTP/1.1" 200 - "-" "WordPress/6.9.4; https://maxvirusprotection.com"
114.119.138.205 - - [27/Apr/2026:20:25:25 +0000] "GET /in-relation-to-laptops-we-supply-the-best-tips/?amp HTTP/1.1" 200 46275 "https://maxvirusprotection.com/in-relation-to-laptops-we-supply-the-best-tips?amp" "Mozilla/5.0 (Linux; Android 7.0;) AppleWebKit/537.36 (HTML, like Gecko) Mobile Safari/537.36 (compatible; PetalBot;+https://webmaster.petalsearch.com/site/petalbot)"
57.141.18.65 - - [27/Apr/2026:20:25:41 +0000] "GET /look-in-the-following-article-for-good-tips-about-web-page-design/ HTTP/1.1" 200 138470 "-" "meta-externalagent/1.1 (+https://developers.facebook.com/docs/sharing/webmasters/crawler)"
136.109.43.23 - - [27/Apr/2026:20:25:49 +0000] "HEAD /wp/ HTTP/1.1" 404 - "http://maxvirusprotection.com/wp/" "Mozilla/5.0 (Macintosh; Intel Mac OS X 15_0) AppleWebKit/537.36 (KHTML, like Gecko) Chrome/125.0.6422.141 Safari/537.36"
136.109.43.23 - - [27/Apr/2026:20:25:50 +0000] "HEAD /new/ HTTP/1.1" 404 - "http://maxvirusprotection.com/new/" "Mozilla/5.0 (X11; Fedora; Linux x86_64; rv:125.0) Gecko/20100101 Firefox/125.0"
136.109.43.23 - - [27/Apr/2026:20:25:51 +0000] "HEAD /wordpress/ HTTP/1.1" 404 - "http://maxvirusprotection.com/wordpress/" "Mozilla/5.0 (Linux; Android 12; TECNO CK6n) AppleWebKit/537.36 (KHTML, like Gecko) Chrome/125.0.6422.50 Mobile Safari/537.36"
136.109.43.23 - - [27/Apr/2026:20:25:52 +0000] "HEAD /old/ HTTP/1.1" 404 - "http://maxvirusprotection.com/old/" "Mozilla/5.0 (Linux; Android 14; Xiaomi 14 Pro) AppleWebKit/537.36 (KHTML, like Gecko) Chrome/126.0.6478.33 Mobile Safari/537.36"
136.109.43.23 - - [27/Apr/2026:20:25:53 +0000] "HEAD /blog/ HTTP/1.1" 404 - "http://maxvirusprotection.com/blog/" "Mozilla/5.0 (Linux; Android 13; Infinix X688B) AppleWebKit/537.36 (KHTML, like Gecko) Chrome/124.0.6367.48 Mobile Safari/537.36"
136.109.43.23 - - [27/Apr/2026:20:25:54 +0000] "HEAD /backup/ HTTP/1.1" 404 - "http://maxvirusprotection.com/backup/" "Mozilla/5.0 (Windows NT 10.0; Win64; x64; rv:127.0) Gecko/20100101 Firefox/127.0"
136.109.43.23 - - [27/Apr/2026:20:25:55 +0000] "HEAD / HTTP/1.1" 200 - "http://maxvirusprotection.com/" "Mozilla/5.0 (Windows NT 10.0; Win64; x64; rv:127.0) Gecko/20100101 Firefox/127.0"
184.94.212.206 - - [27/Apr/2026:20:26:27 +0000] "POST /wp-cron.php?doing_wp_cron=1777321587.6482019424438476562500 HTTP/1.1" 200 - "-" "WordPress/6.9.4; https://maxvirusprotection.com"
57.141.18.19 - - [27/Apr/2026:20:26:26 +0000] "GET /wondering-about-desktop-computers-use-these-tips/ HTTP/1.1" 200 134507 "-" "meta-externalagent/1.1 (+https://developers.facebook.com/docs/sharing/webmasters/crawler)"
192.0.85.167 - - [27/Apr/2026:20:26:27 +0000] "HEAD / HTTP/1.1" 200 - "-" "jetmon/1.0 (Jetpack Site Uptime Monitor by WordPress.com)"
160.177.123.57 - - [27/Apr/2026:20:26:46 +0000] "GET /the-best-laptop-advice-you-will-read/?share=facebook HTTP/1.1" 302 - "-" "Mozilla/5.0 (Macintosh; Intel Mac OS X 10_14_6) AppleWebKit/537.36 (KHTML, like Gecko) Chrome/88.0.4324.150 Safari/537.36"
184.94.212.206 - - [27/Apr/2026:20:26:51 +0000] "POST /wp-cron.php?doing_wp_cron=1777321611.9793000221252441406250 HTTP/1.1" 200 - "-" "WordPress/6.9.4; https://maxvirusprotection.com"
216.73.217.123 - - [27/Apr/2026:20:26:50 +0000] "GET /robots.txt HTTP/1.1" 200 150 "-" "Mozilla/5.0 AppleWebKit/537.36 (KHTML, like Gecko; compatible; ClaudeBot/1.0; +claudebot@anthropic.com)"
216.73.217.123 - - [27/Apr/2026:20:26:52 +0000] "GET /sitemap_index.xml HTTP/1.1" 200 332 "-" "Mozilla/5.0 AppleWebKit/537.36 (KHTML, like Gecko; compatible; ClaudeBot/1.0; +claudebot@anthropic.com)"
184.94.212.206 - - [27/Apr/2026:20:29:54 +0000] "POST /wp-cron.php?doing_wp_cron=1777321794.7226250171661376953125 HTTP/1.1" 200 - "-" "WordPress/6.9.4; https://maxvirusprotection.com"
85.208.96.202 - - [27/Apr/2026:20:29:53 +0000] "GET /robots.txt HTTP/1.1" 200 150 "-" "Mozilla/5.0 (compatible; SemrushBot/7~bl; +http://www.semrush.com/bot.html)"
85.208.96.212 - - [27/Apr/2026:20:29:55 +0000] "GET /tag/antivirus-software/ HTTP/1.1" 200 44230 "-" "Mozilla/5.0 (compatible; SemrushBot/7~bl; +http://www.semrush.com/bot.html)"
14.191.114.190 - - [27/Apr/2026:20:30:02 +0000] "GET /expert-desktop-computer-purchasing-advice-you-need/?share=facebook HTTP/1.1" 302 - "-" "Mozilla/5.0 (Macintosh; Intel Mac OS X 10_10) AppleWebKit/537.36 (KHTML, like Gecko) Chrome/93.0.4612.206 Safari/537.36"
114.119.138.205 - - [27/Apr/2026:20:31:12 +0000] "GET /about/ HTTP/1.1" 200 48309 "https://maxvirusprotection.com/here-is-some-advice-about-desktop-computers/?amp" "Mozilla/5.0 (Linux; Android 7.0;) AppleWebKit/537.36 (HTML, like Gecko) Mobile Safari/537.36 (compatible; PetalBot;+https://webmaster.petalsearch.com/site/petalbot)"
184.94.212.206 - - [27/Apr/2026:20:31:28 +0000] "POST /wp-cron.php?doing_wp_cron=1777321888.6649379730224609375000 HTTP/1.1" 200 - "-" "WordPress/6.9.4; https://maxvirusprotection.com"
192.0.85.167 - - [27/Apr/2026:20:31:27 +0000] "HEAD / HTTP/1.1" 200 - "-" "jetmon/1.0 (Jetpack Site Uptime Monitor by WordPress.com)"
104.248.54.112 - - [27/Apr/2026:20:35:58 +0000] "GET /wp-login.php HTTP/1.1" 200 4402 "-" "Mozilla/5.0 (Windows NT 6.1; Win64; x64; rv:60.0) Gecko/20100101 Firefox/60.0"
104.248.54.112 - - [27/Apr/2026:20:36:00 +0000] "POST /wp-login.php HTTP/1.1" 200 4402 "https://maxvirusprotection.com/wp-login.php" "Mozilla/5.0 (Windows NT 6.1; Win64; x64; rv:60.0) Gecko/20100101 Firefox/60.0"
184.94.212.206 - - [27/Apr/2026:20:36:28 +0000] "POST /wp-cron.php?doing_wp_cron=1777322188.8788959980010986328125 HTTP/1.1" 200 - "-" "WordPress/6.9.4; https://maxvirusprotection.com"
192.0.85.167 - - [27/Apr/2026:20:36:27 +0000] "HEAD / HTTP/1.1" 200 - "-" "jetmon/1.0 (Jetpack Site Uptime Monitor by WordPress.com)"
184.94.212.206 - - [27/Apr/2026:20:36:54 +0000] "POST /wp-cron.php?doing_wp_cron=1777322214.5698900222778320312500 HTTP/1.1" 200 - "-" "WordPress/6.9.4; https://maxvirusprotection.com"
114.119.145.19 - - [27/Apr/2026:20:36:53 +0000] "GET /about HTTP/1.1" 301 - "https://maxvirusprotection.com/author/h0tn1ch3s/page/2?amp" "Mozilla/5.0 (Linux; Android 7.0;) AppleWebKit/537.36 (HTML, like Gecko) Mobile Safari/537.36 (compatible; PetalBot;+https://webmaster.petalsearch.com/site/petalbot)"
114.119.145.19 - - [27/Apr/2026:20:36:54 +0000] "GET /about/ HTTP/1.1" 200 48308 "https://maxvirusprotection.com/author/h0tn1ch3s/page/2?amp" "Mozilla/5.0 (Linux; Android 7.0;) AppleWebKit/537.36 (HTML, like Gecko) Mobile Safari/537.36 (compatible; PetalBot;+https://webmaster.petalsearch.com/site/petalbot)"
14.184.90.141 - - [27/Apr/2026:20:37:51 +0000] "GET /website-creation-tips-made-simple-for-you/ HTTP/1.1" 200 47630 "-" "Mozilla/5.0 (Windows NT 6.3; WOW64) AppleWebKit/537.36 (KHTML, like Gecko) Chrome/41.0.2225.0 Safari/537.36"
192.0.116.212 - - [27/Apr/2026:20:39:15 +0000] "GET /wp-content/uploads/2020/02/antivirus-programs.jpg HTTP/1.1" 200 62863 "-" "Photon/1.0"
98.88.113.35 - - [27/Apr/2026:20:40:33 +0000] "GET /wp-login.php HTTP/1.1" 200 4401 "-" "Mozilla/5.0 (compatible; MSIE 9.0; Windows NT 10.0; WOW64; Trident/7.0)"
98.88.113.35 - - [27/Apr/2026:20:40:35 +0000] "POST /wp-login.php HTTP/1.1" 200 4401 "https://maxvirusprotection.com/wp-login.php" "Mozilla/5.0 (compatible; MSIE 9.0; Windows NT 10.0; WOW64; Trident/7.0)"
184.94.212.206 - - [27/Apr/2026:20:41:31 +0000] "POST /wp-cron.php?doing_wp_cron=1777322491.0300810337066650390625 HTTP/1.1" 200 - "-" "WordPress/6.9.4; https://maxvirusprotection.com"
192.0.85.167 - - [27/Apr/2026:20:41:29 +0000] "HEAD / HTTP/1.1" 200 - "-" "jetmon/1.0 (Jetpack Site Uptime Monitor by WordPress.com)"
142.44.220.111 - - [27/Apr/2026:20:41:34 +0000] "GET /sitemap_index.xml HTTP/1.1" 200 332 "-" "Mozilla/5.0 (compatible; AhrefsBot/7.0; +http://ahrefs.com/robot/)"
142.44.228.25 - - [27/Apr/2026:20:41:36 +0000] "GET /post-sitemap.xml HTTP/1.1" 200 2978 "-" "Mozilla/5.0 (compatible; AhrefsBot/7.0; +http://ahrefs.com/robot/)"
51.222.95.145 - - [27/Apr/2026:20:41:38 +0000] "GET /page-sitemap.xml HTTP/1.1" 200 578 "-" "Mozilla/5.0 (compatible; AhrefsBot/7.0; +http://ahrefs.com/robot/)"
54.39.89.161 - - [27/Apr/2026:20:41:41 +0000] "GET /category-sitemap.xml HTTP/1.1" 200 429 "-" "Mozilla/5.0 (compatible; AhrefsBot/7.0; +http://ahrefs.com/robot/)"
15.235.96.215 - - [27/Apr/2026:20:41:43 +0000] "GET /post_tag-sitemap.xml HTTP/1.1" 200 1257 "-" "Mozilla/5.0 (compatible; AhrefsBot/7.0; +http://ahrefs.com/robot/)"
184.94.212.206 - - [27/Apr/2026:20:42:45 +0000] "POST /wp-cron.php?doing_wp_cron=1777322565.0053110122680664062500 HTTP/1.1" 200 - "-" "WordPress/6.9.4; https://maxvirusprotection.com"
193.56.116.70 - - [27/Apr/2026:20:42:42 +0000] "POST /wp-login.php HTTP/1.1" 401 3500 "-" "Mozilla/5.0"
114.119.148.120 - - [27/Apr/2026:20:42:47 +0000] "GET /4-simple-ways-to-protect-your-digital-security?share=x HTTP/1.1" 302 - "https://maxvirusprotection.com/4-simple-ways-to-protect-your-digital-security" "Mozilla/5.0 (Linux; Android 7.0;) AppleWebKit/537.36 (HTML, like Gecko) Mobile Safari/537.36 (compatible; PetalBot;+https://webmaster.petalsearch.com/site/petalbot)"
5.102.173.71 - - [27/Apr/2026:20:42:51 +0000] "GET /robots.txt HTTP/1.1" 200 150 "-" "Mozilla/5.0 (compatible; MojeekBot/0.11; +https://www.mojeek.com/bot.html)"
5.102.173.71 - - [27/Apr/2026:20:42:52 +0000] "GET /how-to-detect-scam-emails-and-stay-safe-online/ HTTP/1.1" 200 48749 "-" "Mozilla/5.0 (compatible; MojeekBot/0.11; +https://www.mojeek.com/bot.html)"
115.73.221.158 - - [27/Apr/2026:20:44:59 +0000] "GET /wp-login.php HTTP/1.1" 200 4402 "-" "Mozilla/5.0 (Macintosh; Intel Mac OS X 10_11_6) AppleWebKit/603.1.30 (KHTML, like Gecko) Version/10.1 Safari/603.1.30"
115.73.221.158 - - [27/Apr/2026:20:45:02 +0000] "POST /wp-login.php HTTP/1.1" 200 4402 "https://maxvirusprotection.com/wp-login.php" "Mozilla/5.0 (Macintosh; Intel Mac OS X 10_11_6) AppleWebKit/603.1.30 (KHTML, like Gecko) Version/10.1 Safari/603.1.30"
103.211.200.45 - - [27/Apr/2026:20:45:44 +0000] "GET /wp-login.php HTTP/1.1" 200 4402 "-" "Mozilla/4.0 (compatible; MSIE 7.0; Windows NT 6.1; WOW64; Trident/7.0; SLCC2; .NET CLR 2.0.50727; .NET CLR 3.5.30729; .NET CLR 3.0.30729; .NET4.0C; .NET4.0E)"
103.211.200.45 - - [27/Apr/2026:20:45:45 +0000] "POST /wp-login.php HTTP/1.1" 200 4402 "https://maxvirusprotection.com/wp-login.php" "Mozilla/4.0 (compatible; MSIE 7.0; Windows NT 6.1; WOW64; Trident/7.0; SLCC2; .NET CLR 2.0.50727; .NET CLR 3.5.30729; .NET CLR 3.0.30729; .NET4.0C; .NET4.0E)"
184.94.212.206 - - [27/Apr/2026:20:46:28 +0000] "POST /wp-cron.php?doing_wp_cron=1777322788.7405889034271240234375 HTTP/1.1" 200 - "-" "WordPress/6.9.4; https://maxvirusprotection.com"
