114.119.135.215 - - [27/Apr/2026:15:14:23 +0000] "GET /design-the-site-of-your-dreams-with-these-tips HTTP/1.1" 301 - "https://maxvirusprotection.com/the-best-laptop-advice-you-will-read?noamp=mobile" "Mozilla/5.0 (Linux; Android 7.0;) AppleWebKit/537.36 (HTML, like Gecko) Mobile Safari/537.36 (compatible; PetalBot;+https://webmaster.petalsearch.com/site/petalbot)"
114.119.135.215 - - [27/Apr/2026:15:14:25 +0000] "GET /design-the-site-of-your-dreams-with-these-tips/ HTTP/1.1" 200 46751 "https://maxvirusprotection.com/the-best-laptop-advice-you-will-read?noamp=mobile" "Mozilla/5.0 (Linux; Android 7.0;) AppleWebKit/537.36 (HTML, like Gecko) Mobile Safari/537.36 (compatible; PetalBot;+https://webmaster.petalsearch.com/site/petalbot)"
124.156.157.91 - - [27/Apr/2026:15:14:25 +0000] "GET / HTTP/1.1" 200 47526 "https://www.maxvirusprotection.com/" "Mozilla/5.0 (iPhone; CPU iPhone OS 13_2_3 like Mac OS X) AppleWebKit/605.1.15 (KHTML, like Gecko) Version/13.0.3 Mobile/15E148 Safari/604.1"
91.193.232.236 - - [27/Apr/2026:15:16:13 +0000] "POST /wp-login.php HTTP/1.1" 401 3499 "-" "Mozilla/5.0"
184.94.212.206 - - [27/Apr/2026:15:16:30 +0000] "POST /wp-cron.php?doing_wp_cron=1777302990.8922131061553955078125 HTTP/1.1" 200 - "-" "WordPress/6.9.4; https://maxvirusprotection.com"
192.0.85.167 - - [27/Apr/2026:15:16:29 +0000] "HEAD / HTTP/1.1" 200 - "-" "jetmon/1.0 (Jetpack Site Uptime Monitor by WordPress.com)"
184.94.212.206 - - [27/Apr/2026:15:18:22 +0000] "POST /wp-cron.php?doing_wp_cron=1777303102.4101209640502929687500 HTTP/1.1" 200 - "-" "WordPress/6.9.4; https://maxvirusprotection.com"
43.128.67.187 - - [27/Apr/2026:15:18:20 +0000] "GET / HTTP/1.1" 200 47526 "http://maxvirusprotection.com" "Mozilla/5.0 (iPhone; CPU iPhone OS 13_2_3 like Mac OS X) AppleWebKit/605.1.15 (KHTML, like Gecko) Version/13.0.3 Mobile/15E148 Safari/604.1"
114.119.144.105 - - [27/Apr/2026:15:19:02 +0000] "GET /tag/website-development?noamp=mobile HTTP/1.1" 301 - "-" "Mozilla/5.0 (Linux; Android 7.0;) AppleWebKit/537.36 (HTML, like Gecko) Mobile Safari/537.36 (compatible; PetalBot;+https://webmaster.petalsearch.com/site/petalbot)"
114.119.144.105 - - [27/Apr/2026:15:19:04 +0000] "GET /tag/website-development/?noamp=mobile HTTP/1.1" 200 44054 "https://maxvirusprotection.com/tag/website-development?noamp=mobile" "Mozilla/5.0 (Linux; Android 7.0;) AppleWebKit/537.36 (HTML, like Gecko) Mobile Safari/537.36 (compatible; PetalBot;+https://webmaster.petalsearch.com/site/petalbot)"
209.74.65.46 - - [27/Apr/2026:15:20:14 +0000] "GET /wp-login.php HTTP/1.1" 200 4401 "-" "Mozilla/5.0 (Windows NT 6.1; WOW64; Trident/7.0; MAFSJS; rv:11.0) like Gecko"
209.74.65.46 - - [27/Apr/2026:15:20:15 +0000] "POST /wp-login.php HTTP/1.1" 200 4401 "https://maxvirusprotection.com/wp-login.php" "Mozilla/5.0 (Windows NT 6.1; WOW64; Trident/7.0; MAFSJS; rv:11.0) like Gecko"
184.94.212.206 - - [27/Apr/2026:15:21:30 +0000] "POST /wp-cron.php?doing_wp_cron=1777303290.1408948898315429687500 HTTP/1.1" 200 - "-" "WordPress/6.9.4; https://maxvirusprotection.com"
192.0.85.167 - - [27/Apr/2026:15:21:28 +0000] "HEAD / HTTP/1.1" 200 - "-" "jetmon/1.0 (Jetpack Site Uptime Monitor by WordPress.com)"
216.73.217.123 - - [27/Apr/2026:15:21:34 +0000] "GET /sitemap.xml HTTP/1.1" 200 302 "-" "Mozilla/5.0 AppleWebKit/537.36 (KHTML, like Gecko; compatible; ClaudeBot/1.0; +claudebot@anthropic.com)"
184.94.212.206 - - [27/Apr/2026:15:23:36 +0000] "POST /wp-cron.php?doing_wp_cron=1777303416.7199919223785400390625 HTTP/1.1" 200 - "-" "WordPress/6.9.4; https://maxvirusprotection.com"
114.119.135.215 - - [27/Apr/2026:15:23:35 +0000] "GET /copyright-dcma-notice?share=twitter HTTP/1.1" 302 - "-" "Mozilla/5.0 (Linux; Android 7.0;) AppleWebKit/537.36 (HTML, like Gecko) Mobile Safari/537.36 (compatible; PetalBot;+https://webmaster.petalsearch.com/site/petalbot)"
157.20.82.7 - - [27/Apr/2026:15:24:54 +0000] "GET /wp-login.php HTTP/1.1" 200 4400 "-" "Mozilla/5.0 (Windows NT 6.1; WOW64) AppleWebKit/537.36 (KHTML, like Gecko) Chrome/65.0.3325.162 Safari/537.36"
157.20.82.7 - - [27/Apr/2026:15:24:57 +0000] "POST /wp-login.php HTTP/1.1" 200 4400 "https://maxvirusprotection.com/wp-login.php" "Mozilla/5.0 (Windows NT 6.1; WOW64) AppleWebKit/537.36 (KHTML, like Gecko) Chrome/65.0.3325.162 Safari/537.36"
184.94.212.206 - - [27/Apr/2026:15:26:29 +0000] "POST /wp-cron.php?doing_wp_cron=1777303589.1146950721740722656250 HTTP/1.1" 200 - "-" "WordPress/6.9.4; https://maxvirusprotection.com"
192.0.85.167 - - [27/Apr/2026:15:26:27 +0000] "HEAD / HTTP/1.1" 200 - "-" "jetmon/1.0 (Jetpack Site Uptime Monitor by WordPress.com)"
184.94.212.206 - - [27/Apr/2026:15:28:11 +0000] "POST /wp-cron.php?doing_wp_cron=1777303691.8272190093994140625000 HTTP/1.1" 200 - "-" "WordPress/6.9.4; https://maxvirusprotection.com"
114.119.135.215 - - [27/Apr/2026:15:28:10 +0000] "GET /copyright-dcma-notice?noamp=mobile HTTP/1.1" 301 - "-" "Mozilla/5.0 (Linux; Android 7.0;) AppleWebKit/537.36 (HTML, like Gecko) Mobile Safari/537.36 (compatible; PetalBot;+https://webmaster.petalsearch.com/site/petalbot)"
114.119.135.215 - - [27/Apr/2026:15:28:12 +0000] "GET /copyright-dcma-notice/?noamp=mobile HTTP/1.1" 200 46135 "https://maxvirusprotection.com/copyright-dcma-notice?noamp=mobile" "Mozilla/5.0 (Linux; Android 7.0;) AppleWebKit/537.36 (HTML, like Gecko) Mobile Safari/537.36 (compatible; PetalBot;+https://webmaster.petalsearch.com/site/petalbot)"
85.208.96.196 - - [27/Apr/2026:15:28:21 +0000] "GET /robots.txt HTTP/1.1" 200 150 "-" "Mozilla/5.0 (compatible; SemrushBot/7~bl; +http://www.semrush.com/bot.html)"
185.191.171.18 - - [27/Apr/2026:15:28:22 +0000] "GET /tag/protection-plan/ HTTP/1.1" 200 42925 "-" "Mozilla/5.0 (compatible; SemrushBot/7~bl; +http://www.semrush.com/bot.html)"
43.134.71.61 - - [27/Apr/2026:15:28:36 +0000] "GET /pharming-definition-what-is-pharming-and-how-to-prevent-it/ HTTP/1.1" 200 49226 "-" "Sogou web spider/4.0(+http://www.sogou.com/docs/help/webmasters.htm#07)"
184.94.212.206 - - [27/Apr/2026:15:31:29 +0000] "POST /wp-cron.php?doing_wp_cron=1777303889.3625779151916503906250 HTTP/1.1" 200 - "-" "WordPress/6.9.4; https://maxvirusprotection.com"
192.0.85.167 - - [27/Apr/2026:15:31:27 +0000] "HEAD / HTTP/1.1" 200 - "-" "jetmon/1.0 (Jetpack Site Uptime Monitor by WordPress.com)"
184.94.212.206 - - [27/Apr/2026:15:32:54 +0000] "POST /wp-cron.php?doing_wp_cron=1777303974.1009919643402099609375 HTTP/1.1" 200 - "-" "WordPress/6.9.4; https://maxvirusprotection.com"
114.119.145.19 - - [27/Apr/2026:15:32:52 +0000] "GET /copyright-dcma-notice/?share=x HTTP/1.1" 302 - "https://maxvirusprotection.com/copyright-dcma-notice?noamp=mobile" "Mozilla/5.0 (Linux; Android 7.0;) AppleWebKit/537.36 (HTML, like Gecko) Mobile Safari/537.36 (compatible; PetalBot;+https://webmaster.petalsearch.com/site/petalbot)"
184.94.212.206 - - [27/Apr/2026:15:34:51 +0000] "POST /wp-cron.php?doing_wp_cron=1777304091.4027149677276611328125 HTTP/1.1" 200 - "-" "WordPress/6.9.4; https://maxvirusprotection.com"
14.191.155.100 - - [27/Apr/2026:15:34:49 +0000] "GET /category-sitemap.xml HTTP/1.1" 200 429 "-" "Mozilla/5.0 (Macintosh; Intel Mac OS X 11_7_0) AppleWebKit/537.36 (KHTML, like Gecko) Chrome/129.0.6668.29 Safari/537.36"
184.94.212.206 - - [27/Apr/2026:15:36:29 +0000] "POST /wp-cron.php?doing_wp_cron=1777304189.2164280414581298828125 HTTP/1.1" 200 - "-" "WordPress/6.9.4; https://maxvirusprotection.com"
192.0.85.167 - - [27/Apr/2026:15:36:27 +0000] "HEAD / HTTP/1.1" 200 - "-" "jetmon/1.0 (Jetpack Site Uptime Monitor by WordPress.com)"
184.94.212.206 - - [27/Apr/2026:15:37:28 +0000] "POST /wp-cron.php?doing_wp_cron=1777304248.3902111053466796875000 HTTP/1.1" 200 - "-" "WordPress/6.9.4; https://maxvirusprotection.com"
173.239.213.13 - - [27/Apr/2026:15:37:26 +0000] "POST /wp-login.php HTTP/1.1" 401 3499 "-" "Mozilla/5.0"
135.236.141.8 - - [27/Apr/2026:15:37:30 +0000] "GET /wp-login.php HTTP/1.1" 200 4402 "-" "Mozilla/5.0 (Windows NT 6.1; WOW64; Trident/7.0; CTL_IE11; rv:11.0) like Gecko"
135.236.141.8 - - [27/Apr/2026:15:37:32 +0000] "POST /wp-login.php HTTP/1.1" 200 4402 "https://maxvirusprotection.com/wp-login.php" "Mozilla/5.0 (Windows NT 6.1; WOW64; Trident/7.0; CTL_IE11; rv:11.0) like Gecko"
114.119.138.205 - - [27/Apr/2026:15:37:42 +0000] "GET /copyright-dcma-notice/?noamp=mobile HTTP/1.1" 200 46135 "https://maxvirusprotection.com/copyright-dcma-notice?noamp=mobile" "Mozilla/5.0 (Linux; Android 7.0;) AppleWebKit/537.36 (HTML, like Gecko) Mobile Safari/537.36 (compatible; PetalBot;+https://webmaster.petalsearch.com/site/petalbot)"
216.73.217.123 - - [27/Apr/2026:15:38:23 +0000] "GET /sitemap_index.xml HTTP/1.1" 200 332 "-" "Mozilla/5.0 AppleWebKit/537.36 (KHTML, like Gecko; compatible; ClaudeBot/1.0; +claudebot@anthropic.com)"
57.141.18.119 - - [27/Apr/2026:15:38:55 +0000] "GET /sitemap-1.xml HTTP/1.1" 200 8528 "-" "meta-externalagent/1.1 (+https://developers.facebook.com/docs/sharing/webmasters/crawler)"
184.94.212.206 - - [27/Apr/2026:15:41:29 +0000] "POST /wp-cron.php?doing_wp_cron=1777304489.5636379718780517578125 HTTP/1.1" 200 - "-" "WordPress/6.9.4; https://maxvirusprotection.com"
192.0.85.167 - - [27/Apr/2026:15:41:28 +0000] "HEAD / HTTP/1.1" 200 - "-" "jetmon/1.0 (Jetpack Site Uptime Monitor by WordPress.com)"
184.94.212.206 - - [27/Apr/2026:15:42:36 +0000] "POST /wp-cron.php?doing_wp_cron=1777304556.7949309349060058593750 HTTP/1.1" 200 - "-" "WordPress/6.9.4; https://maxvirusprotection.com"
114.119.135.215 - - [27/Apr/2026:15:42:35 +0000] "GET /copyright-dcma-notice/ HTTP/1.1" 200 46123 "https://maxvirusprotection.com/here-is-some-advice-about-desktop-computers/?amp" "Mozilla/5.0 (Linux; Android 7.0;) AppleWebKit/537.36 (HTML, like Gecko) Mobile Safari/537.36 (compatible; PetalBot;+https://webmaster.petalsearch.com/site/petalbot)"
103.174.152.203 - - [27/Apr/2026:15:43:38 +0000] "GET /wp-login.php HTTP/1.1" 200 4200 "-" "Mozilla/5.0 (Macintosh; Intel Mac OS X 10_13_1) AppleWebKit/604.3.5 (KHTML, like Gecko) Version/11.0.1 Safari/604.3.5"
103.174.152.203 - - [27/Apr/2026:15:43:42 +0000] "POST /wp-login.php HTTP/1.1" 401 1453 "https://maxvirusprotection.com/wp-login.php" "Mozilla/5.0 (Macintosh; Intel Mac OS X 10_13_1) AppleWebKit/604.3.5 (KHTML, like Gecko) Version/11.0.1 Safari/604.3.5"
113.191.133.5 - - [27/Apr/2026:15:43:47 +0000] "GET /learn-all-about-desktop-computers-thanks-to-this-article/?share=x HTTP/1.1" 302 - "-" "Mozilla/5.0 (Macintosh; Intel Mac OS X 10_15_4) AppleWebKit/537.36 (KHTML, like Gecko) Chrome/80.0.3987.122 Safari/537.36"
184.94.212.206 - - [27/Apr/2026:15:46:30 +0000] "POST /wp-cron.php?doing_wp_cron=1777304790.7776210308074951171875 HTTP/1.1" 200 - "-" "WordPress/6.9.4; https://maxvirusprotection.com"
192.0.85.167 - - [27/Apr/2026:15:46:29 +0000] "HEAD / HTTP/1.1" 200 - "-" "jetmon/1.0 (Jetpack Site Uptime Monitor by WordPress.com)"
184.94.212.206 - - [27/Apr/2026:15:47:12 +0000] "POST /wp-cron.php?doing_wp_cron=1777304832.3296360969543457031250 HTTP/1.1" 200 - "-" "WordPress/6.9.4; https://maxvirusprotection.com"
208.109.188.137 - - [27/Apr/2026:15:47:09 +0000] "GET /wp-login.php HTTP/1.1" 200 4198 "-" "Mozilla/5.0 (Macintosh; Intel Mac OS X 10_13_3) AppleWebKit/537.36 (KHTML, like Gecko) Chrome/67.0.3396.87 Safari/537.36"
208.109.188.137 - - [27/Apr/2026:15:47:12 +0000] "POST /wp-login.php HTTP/1.1" 401 1454 "https://maxvirusprotection.com/wp-login.php" "Mozilla/5.0 (Macintosh; Intel Mac OS X 10_13_3) AppleWebKit/537.36 (KHTML, like Gecko) Chrome/67.0.3396.87 Safari/537.36"
184.94.212.206 - - [27/Apr/2026:15:47:37 +0000] "POST /wp-cron.php?doing_wp_cron=1777304857.9458270072937011718750 HTTP/1.1" 200 - "-" "WordPress/6.9.4; https://maxvirusprotection.com"
114.119.141.152 - - [27/Apr/2026:15:47:36 +0000] "GET /contact-us?share=facebook HTTP/1.1" 302 - "https://maxvirusprotection.com/contact-us" "Mozilla/5.0 (Linux; Android 7.0;) AppleWebKit/537.36 (HTML, like Gecko) Mobile Safari/537.36 (compatible; PetalBot;+https://webmaster.petalsearch.com/site/petalbot)"
184.94.212.206 - - [27/Apr/2026:15:49:09 +0000] "POST /wp-cron.php?doing_wp_cron=1777304949.3346951007843017578125 HTTP/1.1" 200 - "-" "WordPress/6.9.4; https://maxvirusprotection.com"
14.191.95.61 - - [27/Apr/2026:15:49:07 +0000] "GET /tag/web-browsers/ HTTP/1.1" 200 42954 "-" "Mozilla/5.0 (Windows NT 6.1; Win64; x64) AppleWebKit/537.36 (KHTML, like Gecko) Chrome/91.0.4472.114 Safari/537.36"
184.94.212.206 - - [27/Apr/2026:15:51:32 +0000] "POST /wp-cron.php?doing_wp_cron=1777305092.5884718894958496093750 HTTP/1.1" 200 - "-" "WordPress/6.9.4; https://maxvirusprotection.com"
192.0.85.167 - - [27/Apr/2026:15:51:30 +0000] "HEAD / HTTP/1.1" 200 - "-" "jetmon/1.0 (Jetpack Site Uptime Monitor by WordPress.com)"
184.94.212.206 - - [27/Apr/2026:15:52:20 +0000] "POST /wp-cron.php?doing_wp_cron=1777305139.9342789649963378906250 HTTP/1.1" 200 - "-" "WordPress/6.9.4; https://maxvirusprotection.com"
114.119.155.2 - - [27/Apr/2026:15:52:17 +0000] "GET /contact-us/?noamp=mobile HTTP/1.1" 200 48465 "https://maxvirusprotection.com/contact-us/?noamp=mobile" "Mozilla/5.0 (Linux; Android 7.0;) AppleWebKit/537.36 (HTML, like Gecko) Mobile Safari/537.36 (compatible; PetalBot;+https://webmaster.petalsearch.com/site/petalbot)"
116.203.148.109 - - [27/Apr/2026:15:52:27 +0000] "GET /wp-login.php HTTP/1.1" 200 4401 "-" "Mozilla/5.0 (Windows NT 10.0; Win64; x64) AppleWebKit/537.36 (KHTML, like Gecko) Chrome/58.0.3029.110 Safari/537.36 Edge/16.16299"
116.203.148.109 - - [27/Apr/2026:15:52:28 +0000] "POST /wp-login.php HTTP/1.1" 200 4401 "https://maxvirusprotection.com/wp-login.php" "Mozilla/5.0 (Windows NT 10.0; Win64; x64) AppleWebKit/537.36 (KHTML, like Gecko) Chrome/58.0.3029.110 Safari/537.36 Edge/16.16299"
66.249.66.35 - - [27/Apr/2026:15:52:56 +0000] "GET /robots.txt HTTP/1.1" 200 150 "-" "Mozilla/5.0 (compatible; Googlebot/2.1; +http://www.google.com/bot.html)"
66.249.66.3 - - [27/Apr/2026:15:53:04 +0000] "GET /robots.txt HTTP/1.1" 200 150 "-" "Mozilla/5.0 (compatible; Googlebot/2.1; +http://www.google.com/bot.html)"
66.249.66.36 - - [27/Apr/2026:15:53:07 +0000] "GET /ads.txt HTTP/1.1" 200 58 "-" "Mozilla/5.0 (compatible; Googlebot/2.1; +http://www.google.com/bot.html)"
66.249.66.3 - - [27/Apr/2026:15:53:14 +0000] "GET /ads.txt HTTP/1.1" 200 58 "-" "Mozilla/5.0 (compatible; Googlebot/2.1; +http://www.google.com/bot.html)"
184.94.212.206 - - [27/Apr/2026:15:56:30 +0000] "POST /wp-cron.php?doing_wp_cron=1777305390.4476439952850341796875 HTTP/1.1" 200 - "-" "WordPress/6.9.4; https://maxvirusprotection.com"
192.0.85.167 - - [27/Apr/2026:15:56:28 +0000] "HEAD / HTTP/1.1" 200 - "-" "jetmon/1.0 (Jetpack Site Uptime Monitor by WordPress.com)"
184.94.212.206 - - [27/Apr/2026:15:57:11 +0000] "POST /wp-cron.php?doing_wp_cron=1777305431.7933149337768554687500 HTTP/1.1" 200 - "-" "WordPress/6.9.4; https://maxvirusprotection.com"
114.119.135.215 - - [27/Apr/2026:15:57:09 +0000] "GET /contact-us/ HTTP/1.1" 200 48442 "https://maxvirusprotection.com/here-is-some-advice-about-desktop-computers/?amp" "Mozilla/5.0 (Linux; Android 7.0;) AppleWebKit/537.36 (HTML, like Gecko) Mobile Safari/537.36 (compatible; PetalBot;+https://webmaster.petalsearch.com/site/petalbot)"
173.239.213.28 - - [27/Apr/2026:15:58:44 +0000] "POST /wp-login.php HTTP/1.1" 401 3500 "-" "Mozilla/5.0"
66.249.66.36 - - [27/Apr/2026:15:58:55 +0000] "GET /ads.txt HTTP/1.1" 304 - "-" "Google-adstxt"
184.94.212.206 - - [27/Apr/2026:16:01:28 +0000] "POST /wp-cron.php?doing_wp_cron=1777305688.9644699096679687500000 HTTP/1.1" 200 - "-" "WordPress/6.9.4; https://maxvirusprotection.com"
192.0.85.167 - - [27/Apr/2026:16:01:27 +0000] "HEAD / HTTP/1.1" 200 - "-" "jetmon/1.0 (Jetpack Site Uptime Monitor by WordPress.com)"
184.94.212.206 - - [27/Apr/2026:16:02:38 +0000] "POST /wp-cron.php?doing_wp_cron=1777305758.7798640727996826171875 HTTP/1.1" 200 - "-" "WordPress/6.9.4; https://maxvirusprotection.com"
114.119.141.152 - - [27/Apr/2026:16:02:36 +0000] "GET /category/security/page/3/?amp HTTP/1.1" 200 48981 "https://maxvirusprotection.com/category/security/page/2/?amp" "Mozilla/5.0 (Linux; Android 7.0;) AppleWebKit/537.36 (HTML, like Gecko) Mobile Safari/537.36 (compatible; PetalBot;+https://webmaster.petalsearch.com/site/petalbot)"
155.212.135.191 - - [27/Apr/2026:16:03:26 +0000] "GET /wp-login.php HTTP/1.1" 200 4403 "-" "Mozilla/5.0 (Windows NT 10.0; WOW64; Trident/7.0; MASMJS; rv:11.0) like Gecko"
155.212.135.191 - - [27/Apr/2026:16:03:28 +0000] "POST /wp-login.php HTTP/1.1" 200 4403 "https://maxvirusprotection.com/wp-login.php" "Mozilla/5.0 (Windows NT 10.0; WOW64; Trident/7.0; MASMJS; rv:11.0) like Gecko"
184.94.212.206 - - [27/Apr/2026:16:06:26 +0000] "POST /wp-cron.php?doing_wp_cron=1777305986.0891830921173095703125 HTTP/1.1" 200 - "-" "WordPress/6.9.4; https://maxvirusprotection.com"
74.91.224.220 - - [27/Apr/2026:16:06:23 +0000] "GET /wp-login.php HTTP/1.1" 200 4199 "-" "Mozilla/5.0 (Windows NT 10.0; WOW64; Trident/7.0; TBTE; rv:11.0) like Gecko"
74.91.224.220 - - [27/Apr/2026:16:06:26 +0000] "POST /wp-login.php HTTP/1.1" 401 1451 "https://maxvirusprotection.com/wp-login.php" "Mozilla/5.0 (Windows NT 10.0; WOW64; Trident/7.0; TBTE; rv:11.0) like Gecko"
216.73.217.123 - - [27/Apr/2026:16:06:28 +0000] "GET /robots.txt HTTP/1.1" 200 150 "-" "Mozilla/5.0 AppleWebKit/537.36 (KHTML, like Gecko; compatible; ClaudeBot/1.0; +claudebot@anthropic.com)"
216.73.217.123 - - [27/Apr/2026:16:06:29 +0000] "GET /news-sitemap.xml HTTP/1.1" 200 315 "-" "Mozilla/5.0 AppleWebKit/537.36 (KHTML, like Gecko; compatible; ClaudeBot/1.0; +claudebot@anthropic.com)"
192.0.85.167 - - [27/Apr/2026:16:06:29 +0000] "HEAD / HTTP/1.1" 200 - "-" "jetmon/1.0 (Jetpack Site Uptime Monitor by WordPress.com)"
184.94.212.206 - - [27/Apr/2026:16:07:24 +0000] "POST /wp-cron.php?doing_wp_cron=1777306044.4915850162506103515625 HTTP/1.1" 200 - "-" "WordPress/6.9.4; https://maxvirusprotection.com"
114.119.135.215 - - [27/Apr/2026:16:07:21 +0000] "GET /category/security HTTP/1.1" 301 - "https://maxvirusprotection.com/the-best-laptop-advice-you-will-read?noamp=mobile" "Mozilla/5.0 (Linux; Android 7.0;) AppleWebKit/537.36 (HTML, like Gecko) Mobile Safari/537.36 (compatible; PetalBot;+https://webmaster.petalsearch.com/site/petalbot)"
114.119.135.215 - - [27/Apr/2026:16:07:24 +0000] "GET /category/security/ HTTP/1.1" 200 47772 "https://maxvirusprotection.com/the-best-laptop-advice-you-will-read?noamp=mobile" "Mozilla/5.0 (Linux; Android 7.0;) AppleWebKit/537.36 (HTML, like Gecko) Mobile Safari/537.36 (compatible; PetalBot;+https://webmaster.petalsearch.com/site/petalbot)"
184.94.212.206 - - [27/Apr/2026:16:10:49 +0000] "POST /wp-cron.php?doing_wp_cron=1777306249.1516859531402587890625 HTTP/1.1" 200 - "-" "WordPress/6.9.4; https://maxvirusprotection.com"
216.73.217.123 - - [27/Apr/2026:16:10:47 +0000] "GET /sitemap.xml HTTP/1.1" 200 302 "-" "Mozilla/5.0 AppleWebKit/537.36 (KHTML, like Gecko; compatible; ClaudeBot/1.0; +claudebot@anthropic.com)"
57.141.18.6 - - [27/Apr/2026:16:11:21 +0000] "GET /tag/search-engine/ HTTP/1.1" 200 118448 "-" "meta-externalagent/1.1 (+https://developers.facebook.com/docs/sharing/webmasters/crawler)"
184.94.212.206 - - [27/Apr/2026:16:11:29 +0000] "POST /wp-cron.php?doing_wp_cron=1777306289.0445780754089355468750 HTTP/1.1" 200 - "-" "WordPress/6.9.4; https://maxvirusprotection.com"
192.0.85.167 - - [27/Apr/2026:16:11:27 +0000] "HEAD / HTTP/1.1" 200 - "-" "jetmon/1.0 (Jetpack Site Uptime Monitor by WordPress.com)"
184.94.212.206 - - [27/Apr/2026:16:11:55 +0000] "POST /wp-cron.php?doing_wp_cron=1777306315.0306398868560791015625 HTTP/1.1" 200 - "-" "WordPress/6.9.4; https://maxvirusprotection.com"
114.119.141.152 - - [27/Apr/2026:16:11:53 +0000] "GET /category/cybercrimes/?amp HTTP/1.1" 200 45785 "https://maxvirusprotection.com/category/cybercrimes/?amp" "Mozilla/5.0 (Linux; Android 7.0;) AppleWebKit/537.36 (HTML, like Gecko) Mobile Safari/537.36 (compatible; PetalBot;+https://webmaster.petalsearch.com/site/petalbot)"
157.20.82.7 - - [27/Apr/2026:16:12:32 +0000] "GET /wp-login.php HTTP/1.1" 200 4400 "-" "Mozilla/4.0 (compatible; MSIE 7.0; Windows NT 6.1; Trident/7.0; SLCC2; .NET CLR 2.0.50727; .NET CLR 3.5.30729; .NET CLR 3.0.30729; Media Center PC 6.0; .NET4.0C; .NET4.0E; Tablet PC 2.0)"
157.20.82.7 - - [27/Apr/2026:16:12:34 +0000] "POST /wp-login.php HTTP/1.1" 200 4400 "https://maxvirusprotection.com/wp-login.php" "Mozilla/4.0 (compatible; MSIE 7.0; Windows NT 6.1; Trident/7.0; SLCC2; .NET CLR 2.0.50727; .NET CLR 3.5.30729; .NET CLR 3.0.30729; Media Center PC 6.0; .NET4.0C; .NET4.0E; Tablet PC 2.0)"
184.94.212.206 - - [27/Apr/2026:16:16:29 +0000] "POST /wp-cron.php?doing_wp_cron=1777306589.8533599376678466796875 HTTP/1.1" 200 - "-" "WordPress/6.9.4; https://maxvirusprotection.com"
192.0.85.167 - - [27/Apr/2026:16:16:28 +0000] "HEAD / HTTP/1.1" 200 - "-" "jetmon/1.0 (Jetpack Site Uptime Monitor by WordPress.com)"
114.119.135.215 - - [27/Apr/2026:16:16:43 +0000] "GET /category/antivirus-programs/page/2/?amp HTTP/1.1" 200 46824 "https://maxvirusprotection.com/category/antivirus-programs/page/2/?amp" "Mozilla/5.0 (Linux; Android 7.0;) AppleWebKit/537.36 (HTML, like Gecko) Mobile Safari/537.36 (compatible; PetalBot;+https://webmaster.petalsearch.com/site/petalbot)"
184.94.212.206 - - [27/Apr/2026:16:20:07 +0000] "POST /wp-cron.php?doing_wp_cron=1777306807.6672399044036865234375 HTTP/1.1" 200 - "-" "WordPress/6.9.4; https://maxvirusprotection.com"
93.48.37.112 - - [27/Apr/2026:16:20:05 +0000] "GET /category/antivirus-programs/ HTTP/1.1" 200 46348 "-" "Opera/8.61.(X11; Linux x86_64; gez-ER) Presto/2.9.187 Version/10.00"
173.239.213.13 - - [27/Apr/2026:16:20:20 +0000] "POST /wp-login.php HTTP/1.1" 401 3499 "-" "Mozilla/5.0"
184.94.212.206 - - [27/Apr/2026:16:21:21 +0000] "POST /wp-cron.php?doing_wp_cron=1777306881.1661388874053955078125 HTTP/1.1" 200 - "-" "WordPress/6.9.4; https://maxvirusprotection.com"
114.119.145.19 - - [27/Apr/2026:16:21:19 +0000] "GET /category/antivirus-programs/?noamp=mobile HTTP/1.1" 200 46361 "https://maxvirusprotection.com/category/antivirus-programs/?noamp=mobile" "Mozilla/5.0 (Linux; Android 7.0;) AppleWebKit/537.36 (HTML, like Gecko) Mobile Safari/537.36 (compatible; PetalBot;+https://webmaster.petalsearch.com/site/petalbot)"
184.94.212.206 - - [27/Apr/2026:16:21:29 +0000] "POST /wp-cron.php?doing_wp_cron=1777306889.5483849048614501953125 HTTP/1.1" 200 - "-" "WordPress/6.9.4; https://maxvirusprotection.com"
192.0.85.167 - - [27/Apr/2026:16:21:28 +0000] "HEAD / HTTP/1.1" 200 - "-" "jetmon/1.0 (Jetpack Site Uptime Monitor by WordPress.com)"
57.141.18.96 - - [27/Apr/2026:16:21:35 +0000] "GET /sitemap_index.xml HTTP/1.1" 200 817 "-" "meta-externalagent/1.1 (+https://developers.facebook.com/docs/sharing/webmasters/crawler)"
45.159.228.113 - - [27/Apr/2026:16:22:59 +0000] "GET /wp-login.php HTTP/1.1" 200 4402 "-" "Mozilla/5.0 (Windows NT 6.3; WOW64) AppleWebKit/537.36 (KHTML, like Gecko) Chrome/65.0.3325.181 Safari/537.36"
45.159.228.113 - - [27/Apr/2026:16:23:01 +0000] "POST /wp-login.php HTTP/1.1" 200 4402 "https://maxvirusprotection.com/wp-login.php" "Mozilla/5.0 (Windows NT 6.3; WOW64) AppleWebKit/537.36 (KHTML, like Gecko) Chrome/65.0.3325.181 Safari/537.36"
66.249.66.199 - - [27/Apr/2026:16:23:55 +0000] "GET /ads.txt HTTP/1.1" 200 58 "-" "Mozilla/5.0 (compatible; Googlebot/2.1; +http://www.google.com/bot.html)"
66.249.66.199 - - [27/Apr/2026:16:24:04 +0000] "GET /ads.txt HTTP/1.1" 200 58 "-" "Mozilla/5.0 (compatible; Googlebot/2.1; +http://www.google.com/bot.html)"
184.94.212.206 - - [27/Apr/2026:16:24:18 +0000] "POST /wp-cron.php?doing_wp_cron=1777307058.0453910827636718750000 HTTP/1.1" 200 - "-" "WordPress/6.9.4; https://maxvirusprotection.com"
14.230.245.56 - - [27/Apr/2026:16:24:16 +0000] "GET /best-tips-for-creative-and-effective-web-design/ HTTP/1.1" 200 47668 "-" "Mozilla/5.0 (Windows NT 6.1) AppleWebKit/537.36 (KHTML, like Gecko) Chrome/88.0.4324.104 Safari/537.36"
184.94.212.206 - - [27/Apr/2026:16:26:28 +0000] "POST /wp-cron.php?doing_wp_cron=1777307188.7888720035552978515625 HTTP/1.1" 200 - "-" "WordPress/6.9.4; https://maxvirusprotection.com"
192.0.85.167 - - [27/Apr/2026:16:26:27 +0000] "HEAD / HTTP/1.1" 200 - "-" "jetmon/1.0 (Jetpack Site Uptime Monitor by WordPress.com)"
184.94.212.206 - - [27/Apr/2026:16:26:30 +0000] "POST /wp-cron.php?doing_wp_cron=1777307190.0304160118103027343750 HTTP/1.1" 200 - "-" "WordPress/6.9.4; https://maxvirusprotection.com"
114.119.155.2 - - [27/Apr/2026:16:26:28 +0000] "GET /category/antivirus-programs/?amp HTTP/1.1" 200 46351 "https://maxvirusprotection.com/category/antivirus-programs/page/2/?amp" "Mozilla/5.0 (Linux; Android 7.0;) AppleWebKit/537.36 (HTML, like Gecko) Mobile Safari/537.36 (compatible; PetalBot;+https://webmaster.petalsearch.com/site/petalbot)"
184.94.212.206 - - [27/Apr/2026:16:28:14 +0000] "POST /wp-cron.php?doing_wp_cron=1777307294.7525229454040527343750 HTTP/1.1" 200 - "-" "WordPress/6.9.4; https://maxvirusprotection.com"
85.11.167.19 - - [27/Apr/2026:16:28:12 +0000] "GET /.env HTTP/1.1" 404 41644 "-" "python-requests/2.32.4"
85.11.167.19 - - [27/Apr/2026:16:28:15 +0000] "GET / HTTP/1.1" 403 47527 "-" "python-requests/2.32.4"
85.11.167.19 - - [27/Apr/2026:16:28:18 +0000] "GET /.env HTTP/1.1" 404 41667 "-" "python-requests/2.32.4"
85.11.167.19 - - [27/Apr/2026:16:28:20 +0000] "GET / HTTP/1.1" 403 47527 "-" "python-requests/2.32.4"
184.94.212.206 - - [27/Apr/2026:16:29:08 +0000] "POST /wp-cron.php?doing_wp_cron=1777307348.0834419727325439453125 HTTP/1.1" 200 - "-" "WordPress/6.9.4; https://maxvirusprotection.com"
184.73.47.24 - - [27/Apr/2026:16:29:06 +0000] "GET /wp-json/oembed/1.0/embed?url=https://maxvirusprotection.com/adsense-disclaimer/ HTTP/1.1" 200 1313 "-" "Mozilla/5.0 AppleWebKit/537.36 (KHTML, like Gecko; compatible; Amazonbot/0.1; +https://developer.amazon.com/support/amazonbot) Chrome/119.0.6045.214 Safari/537.36"
184.94.212.206 - - [27/Apr/2026:16:31:08 +0000] "POST /wp-cron.php?doing_wp_cron=1777307468.7111310958862304687500 HTTP/1.1" 200 - "-" "WordPress/6.9.4; https://maxvirusprotection.com"
114.119.145.19 - - [27/Apr/2026:16:31:05 +0000] "GET /best-tips-for-creative-and-effective-web-design?share=x HTTP/1.1" 302 - "https://maxvirusprotection.com/best-tips-for-creative-and-effective-web-design?amp" "Mozilla/5.0 (Linux; Android 7.0;) AppleWebKit/537.36 (HTML, like Gecko) Mobile Safari/537.36 (compatible; PetalBot;+https://webmaster.petalsearch.com/site/petalbot)"
184.94.212.206 - - [27/Apr/2026:16:31:29 +0000] "POST /wp-cron.php?doing_wp_cron=1777307489.9613049030303955078125 HTTP/1.1" 200 - "-" "WordPress/6.9.4; https://maxvirusprotection.com"
192.0.85.167 - - [27/Apr/2026:16:31:28 +0000] "HEAD / HTTP/1.1" 200 - "-" "jetmon/1.0 (Jetpack Site Uptime Monitor by WordPress.com)"
165.22.95.96 - - [27/Apr/2026:16:34:08 +0000] "GET /wp-login.php HTTP/1.1" 200 4401 "-" "Mozilla/4.0 (compatible; MSIE 7.0; Windows NT 6.2; WOW64; Trident/7.0; .NET4.0C; .NET4.0E)"
165.22.95.96 - - [27/Apr/2026:16:34:10 +0000] "POST /wp-login.php HTTP/1.1" 200 4401 "https://maxvirusprotection.com/wp-login.php" "Mozilla/4.0 (compatible; MSIE 7.0; Windows NT 6.2; WOW64; Trident/7.0; .NET4.0C; .NET4.0E)"
184.94.212.206 - - [27/Apr/2026:16:36:30 +0000] "POST /wp-cron.php?doing_wp_cron=1777307790.4900460243225097656250 HTTP/1.1" 200 - "-" "WordPress/6.9.4; https://maxvirusprotection.com"
192.0.85.167 - - [27/Apr/2026:16:36:29 +0000] "HEAD / HTTP/1.1" 200 - "-" "jetmon/1.0 (Jetpack Site Uptime Monitor by WordPress.com)"
116.203.148.109 - - [27/Apr/2026:16:37:01 +0000] "GET /wp-login.php HTTP/1.1" 200 4401 "-" "Mozilla/5.0 (Macintosh; Intel Mac OS X 10_11_6) AppleWebKit/604.4.7 (KHTML, like Gecko) Version/11.0.2 Safari/604.4.7"
116.203.148.109 - - [27/Apr/2026:16:37:03 +0000] "POST /wp-login.php HTTP/1.1" 200 4401 "https://maxvirusprotection.com/wp-login.php" "Mozilla/5.0 (Macintosh; Intel Mac OS X 10_11_6) AppleWebKit/604.4.7 (KHTML, like Gecko) Version/11.0.2 Safari/604.4.7"
184.94.212.206 - - [27/Apr/2026:16:37:38 +0000] "POST /wp-cron.php?doing_wp_cron=1777307858.6621479988098144531250 HTTP/1.1" 200 - "-" "WordPress/6.9.4; https://maxvirusprotection.com"
114.119.144.105 - - [27/Apr/2026:16:37:37 +0000] "GET /best-tips-for-creative-and-effective-web-design?share=x HTTP/1.1" 302 - "https://maxvirusprotection.com/best-tips-for-creative-and-effective-web-design?amp" "Mozilla/5.0 (Linux; Android 7.0;) AppleWebKit/537.36 (HTML, like Gecko) Mobile Safari/537.36 (compatible; PetalBot;+https://webmaster.petalsearch.com/site/petalbot)"
184.94.212.206 - - [27/Apr/2026:16:40:02 +0000] "POST /wp-cron.php?doing_wp_cron=1777308002.1700990200042724609375 HTTP/1.1" 200 - "-" "WordPress/6.9.4; https://maxvirusprotection.com"
45.132.200.188 - - [27/Apr/2026:16:39:59 +0000] "GET /wp-json/wp/v2/pages/83 HTTP/1.1" 200 4711 "-" "Mozilla/5.0 (Windows NT 10.0; WOW64) AppleWebKit/537.36 (KHTML, like Gecko) Chrome/94.0.4606.81 Safari/537.36"
184.94.212.206 - - [27/Apr/2026:16:41:29 +0000] "POST /wp-cron.php?doing_wp_cron=1777308089.5320839881896972656250 HTTP/1.1" 200 - "-" "WordPress/6.9.4; https://maxvirusprotection.com"
192.0.85.167 - - [27/Apr/2026:16:41:27 +0000] "HEAD / HTTP/1.1" 200 - "-" "jetmon/1.0 (Jetpack Site Uptime Monitor by WordPress.com)"
182.42.111.156 - - [27/Apr/2026:16:41:37 +0000] "GET / HTTP/1.1" 301 - "http://www.maxvirusprotection.com" "Mozilla/5.0 (iPhone; CPU iPhone OS 13_2_3 like Mac OS X) AppleWebKit/605.1.15 (KHTML, like Gecko) Version/13.0.3 Mobile/15E148 Safari/604.1"
182.42.111.156 - - [27/Apr/2026:16:41:39 +0000] "GET / HTTP/1.1" 200 47525 "https://www.maxvirusprotection.com/" "Mozilla/5.0 (iPhone; CPU iPhone OS 13_2_3 like Mac OS X) AppleWebKit/605.1.15 (KHTML, like Gecko) Version/13.0.3 Mobile/15E148 Safari/604.1"
193.56.116.66 - - [27/Apr/2026:16:41:41 +0000] "POST /wp-login.php HTTP/1.1" 401 3499 "-" "Mozilla/5.0"
184.94.212.206 - - [27/Apr/2026:16:42:59 +0000] "POST /wp-cron.php?doing_wp_cron=1777308179.2357180118560791015625 HTTP/1.1" 200 - "-" "WordPress/6.9.4; https://maxvirusprotection.com"
114.119.140.103 - - [27/Apr/2026:16:42:57 +0000] "GET /best-tips-for-creative-and-effective-web-design?share=twitter&amp HTTP/1.1" 302 - "-" "Mozilla/5.0 (Linux; Android 7.0;) AppleWebKit/537.36 (HTML, like Gecko) Mobile Safari/537.36 (compatible; PetalBot;+https://webmaster.petalsearch.com/site/petalbot)"
57.141.18.113 - - [27/Apr/2026:16:43:36 +0000] "GET /in-the-dark-when-it-comes-to-laptops-these-tips-can-shed-some-light/ HTTP/1.1" 200 135167 "-" "meta-externalagent/1.1 (+https://developers.facebook.com/docs/sharing/webmasters/crawler)"
184.94.212.206 - - [27/Apr/2026:16:45:22 +0000] "POST /wp-cron.php?doing_wp_cron=1777308322.3672521114349365234375 HTTP/1.1" 200 - "-" "WordPress/6.9.4; https://maxvirusprotection.com"
158.158.45.41 - - [27/Apr/2026:16:45:20 +0000] "GET /wp-content/plugins/hellopress/wp_filemanager.php HTTP/1.1" 404 115952 "-" "-"
158.158.45.41 - - [27/Apr/2026:16:45:23 +0000] "GET /file.php HTTP/1.1" 404 114645 "-" "-"
158.158.45.41 - - [27/Apr/2026:16:45:25 +0000] "GET /3369.php HTTP/1.1" 404 114643 "-" "-"
158.158.45.41 - - [27/Apr/2026:16:45:26 +0000] "GET /mg.php HTTP/1.1" 404 114639 "-" "-"
158.158.45.41 - - [27/Apr/2026:16:45:28 +0000] "GET /file-kikikoko.php HTTP/1.1" 404 114672 "-" "-"
158.158.45.41 - - [27/Apr/2026:16:45:30 +0000] "GET /spawns.php HTTP/1.1" 404 114651 "-" "-"
158.158.45.41 - - [27/Apr/2026:16:45:32 +0000] "GET /t3s.php HTTP/1.1" 404 114642 "-" "-"
158.158.45.41 - - [27/Apr/2026:16:45:33 +0000] "GET /uwu.php HTTP/1.1" 404 114641 "-" "-"
158.158.45.41 - - [27/Apr/2026:16:45:35 +0000] "GET /uwa.php HTTP/1.1" 404 114642 "-" "-"
158.158.45.41 - - [27/Apr/2026:16:45:37 +0000] "GET /crgio.php HTTP/1.1" 404 114647 "-" "-"
158.158.45.41 - - [27/Apr/2026:16:45:38 +0000] "GET /geforce.php HTTP/1.1" 404 114653 "-" "-"
158.158.45.41 - - [27/Apr/2026:16:45:40 +0000] "GET /wp-load.php HTTP/1.1" 200 - "-" "-"
158.158.45.41 - - [27/Apr/2026:16:45:41 +0000] "GET /77.php HTTP/1.1" 404 114639 "-" "-"
158.158.45.41 - - [27/Apr/2026:16:45:43 +0000] "GET /.sghb.php HTTP/1.1" 404 114647 "-" "-"
158.158.45.41 - - [27/Apr/2026:16:45:45 +0000] "GET /zoko.php HTTP/1.1" 404 114645 "-" "-"
158.158.45.41 - - [27/Apr/2026:16:45:46 +0000] "GET /solo1.php HTTP/1.1" 404 114648 "-" "-"
158.158.45.41 - - [27/Apr/2026:16:45:48 +0000] "GET /locales.php HTTP/1.1" 404 114653 "-" "-"
158.158.45.41 - - [27/Apr/2026:16:45:49 +0000] "GET /bgymj.php HTTP/1.1" 404 114648 "-" "-"
158.158.45.41 - - [27/Apr/2026:16:45:51 +0000] "GET /pucci.php HTTP/1.1" 404 114647 "-" "-"
158.158.45.41 - - [27/Apr/2026:16:45:53 +0000] "GET /wp-includes/blocks/details/ HTTP/1.1" 404 115889 "-" "-"
158.158.45.41 - - [27/Apr/2026:16:45:54 +0000] "GET /.dj/index.php HTTP/1.1" 301 - "-" "-"
158.158.45.41 - - [27/Apr/2026:16:45:55 +0000] "GET /.dj/ HTTP/1.1" 404 114632 "-" "-"
158.158.45.41 - - [27/Apr/2026:16:45:57 +0000] "GET /wp-includes/blocks/audio/ HTTP/1.1" 404 115883 "-" "-"
158.158.45.41 - - [27/Apr/2026:16:45:59 +0000] "GET /.tmb/ HTTP/1.1" 404 114636 "-" "-"
158.158.45.41 - - [27/Apr/2026:16:46:01 +0000] "GET /one.php HTTP/1.1" 404 114640 "-" "-"
158.158.45.41 - - [27/Apr/2026:16:46:03 +0000] "GET /no20.php HTTP/1.1" 404 114644 "-" "-"
158.158.45.41 - - [27/Apr/2026:16:46:04 +0000] "GET /yasnu.php HTTP/1.1" 404 114648 "-" "-"
158.158.45.41 - - [27/Apr/2026:16:46:06 +0000] "GET /sl.php HTTP/1.1" 404 114638 "-" "-"
158.158.45.41 - - [27/Apr/2026:16:46:08 +0000] "GET /vuln.php HTTP/1.1" 404 114644 "-" "-"
158.158.45.41 - - [27/Apr/2026:16:46:09 +0000] "GET /wp-temp.php HTTP/1.1" 404 114654 "-" "-"
158.158.45.41 - - [27/Apr/2026:16:46:11 +0000] "GET /wp-content/themes/twentytwentyfive/assets/ HTTP/1.1" 404 115934 "-" "-"
158.158.45.41 - - [27/Apr/2026:16:46:14 +0000] "GET /wp-includes/blocks/buttons/ HTTP/1.1" 404 115889 "-" "-"
158.158.45.41 - - [27/Apr/2026:16:46:16 +0000] "GET /class-bda.php HTTP/1.1" 404 114660 "-" "-"
158.158.45.41 - - [27/Apr/2026:16:46:18 +0000] "GET /bhm.php HTTP/1.1" 404 114642 "-" "-"
158.158.45.41 - - [27/Apr/2026:16:46:19 +0000] "GET /xmu.php HTTP/1.1" 404 114641 "-" "-"
158.158.45.41 - - [27/Apr/2026:16:46:21 +0000] "GET /ref.php HTTP/1.1" 404 114641 "-" "-"
158.158.45.41 - - [27/Apr/2026:16:46:23 +0000] "GET /wp-xme.php HTTP/1.1" 404 114651 "-" "-"
184.94.212.206 - - [27/Apr/2026:16:46:26 +0000] "POST /wp-cron.php?doing_wp_cron=1777308386.0331170558929443359375 HTTP/1.1" 200 - "-" "WordPress/6.9.4; https://maxvirusprotection.com"
158.158.45.41 - - [27/Apr/2026:16:46:25 +0000] "GET /adminer.php HTTP/1.1" 404 114652 "-" "-"
158.158.45.41 - - [27/Apr/2026:16:46:26 +0000] "GET /ktfow.php HTTP/1.1" 404 114647 "-" "-"
192.0.85.167 - - [27/Apr/2026:16:46:28 +0000] "HEAD / HTTP/1.1" 200 - "-" "jetmon/1.0 (Jetpack Site Uptime Monitor by WordPress.com)"
158.158.45.41 - - [27/Apr/2026:16:46:28 +0000] "GET /mode.php HTTP/1.1" 404 114644 "-" "-"
158.158.45.41 - - [27/Apr/2026:16:46:30 +0000] "GET /2468.php HTTP/1.1" 404 114645 "-" "-"
158.158.45.41 - - [27/Apr/2026:16:46:31 +0000] "GET /wp-admin/js/index.php HTTP/1.1" 301 - "-" "-"
158.158.45.41 - - [27/Apr/2026:16:46:32 +0000] "GET /wp-admin/js/ HTTP/1.1" 404 114656 "-" "-"
158.158.45.41 - - [27/Apr/2026:16:46:34 +0000] "GET /dx.php HTTP/1.1" 404 114639 "-" "-"
158.158.45.41 - - [27/Apr/2026:16:46:36 +0000] "GET /amdin.php HTTP/1.1" 404 114648 "-" "-"
158.158.45.41 - - [27/Apr/2026:16:46:37 +0000] "GET /huya.php HTTP/1.1" 404 114643 "-" "-"
158.158.45.41 - - [27/Apr/2026:16:46:39 +0000] "GET /puc.php HTTP/1.1" 404 114642 "-" "-"
158.158.45.41 - - [27/Apr/2026:16:46:40 +0000] "GET /themes.php HTTP/1.1" 404 114651 "-" "-"
158.158.45.41 - - [27/Apr/2026:16:46:42 +0000] "GET /ewp.php HTTP/1.1" 404 114642 "-" "-"
158.158.45.41 - - [27/Apr/2026:16:46:44 +0000] "GET /dx.php HTTP/1.1" 404 114639 "-" "-"
158.158.45.41 - - [27/Apr/2026:16:46:45 +0000] "GET /xff.php HTTP/1.1" 404 114642 "-" "-"
158.158.45.41 - - [27/Apr/2026:16:46:47 +0000] "GET /lupo.php HTTP/1.1" 404 114644 "-" "-"
184.94.212.206 - - [27/Apr/2026:16:46:49 +0000] "POST /wp-cron.php?doing_wp_cron=1777308409.9373290538787841796875 HTTP/1.1" 200 - "-" "WordPress/6.9.4; https://maxvirusprotection.com"
158.158.45.41 - - [27/Apr/2026:16:46:49 +0000] "GET /awa.php HTTP/1.1" 404 114641 "-" "-"
158.158.45.41 - - [27/Apr/2026:16:46:50 +0000] "GET /popo.php HTTP/1.1" 404 114645 "-" "-"
158.158.45.41 - - [27/Apr/2026:16:46:52 +0000] "GET /13.php HTTP/1.1" 404 114639 "-" "-"
158.158.45.41 - - [27/Apr/2026:16:46:53 +0000] "GET /11.php HTTP/1.1" 404 114639 "-" "-"
158.158.45.41 - - [27/Apr/2026:16:46:55 +0000] "GET /p.php HTTP/1.1" 404 114636 "-" "-"
158.158.45.41 - - [27/Apr/2026:16:46:57 +0000] "GET /wp-includes/Requests/ HTTP/1.1" 404 114684 "-" "-"
158.158.45.41 - - [27/Apr/2026:16:46:58 +0000] "GET /bthil.php HTTP/1.1" 404 114647 "-" "-"
158.158.45.41 - - [27/Apr/2026:16:47:00 +0000] "GET /shell.php HTTP/1.1" 404 114646 "-" "-"
158.158.45.41 - - [27/Apr/2026:16:47:02 +0000] "GET /seo.php HTTP/1.1" 404 114641 "-" "-"
158.158.45.41 - - [27/Apr/2026:16:47:04 +0000] "GET /7.php HTTP/1.1" 404 114636 "-" "-"
158.158.45.41 - - [27/Apr/2026:16:47:05 +0000] "GET /8.php HTTP/1.1" 404 114636 "-" "-"
158.158.45.41 - - [27/Apr/2026:16:47:07 +0000] "GET /1.php HTTP/1.1" 404 114635 "-" "-"
184.94.212.206 - - [27/Apr/2026:16:47:10 +0000] "POST /wp-cron.php?doing_wp_cron=1777308430.1252400875091552734375 HTTP/1.1" 200 - "-" "WordPress/6.9.4; https://maxvirusprotection.com"
158.158.45.41 - - [27/Apr/2026:16:47:09 +0000] "GET /2.php HTTP/1.1" 404 114636 "-" "-"
103.200.92.136 - - [27/Apr/2026:16:47:09 +0000] "GET /best-antivirus-software-2025-for-windows/ HTTP/1.1" 200 48775 "-" "Mozilla/5.0 (Windows NT 10.0; Win64; x64) AppleWebKit/537.36 (KHTML, like Gecko) Chrome/73.0.3683.86 Safari/537.36"
158.158.45.41 - - [27/Apr/2026:16:47:10 +0000] "GET /3.php HTTP/1.1" 404 114636 "-" "-"
158.158.45.41 - - [27/Apr/2026:16:47:12 +0000] "GET /4.php HTTP/1.1" 404 114635 "-" "-"
158.158.45.41 - - [27/Apr/2026:16:47:14 +0000] "GET /5.php HTTP/1.1" 404 114636 "-" "-"
184.94.212.206 - - [27/Apr/2026:16:47:17 +0000] "POST /wp-cron.php?doing_wp_cron=1777308437.3818910121917724609375 HTTP/1.1" 200 - "-" "WordPress/6.9.4; https://maxvirusprotection.com"
158.158.45.41 - - [27/Apr/2026:16:47:16 +0000] "GET /6.php HTTP/1.1" 404 114636 "-" "-"
158.158.45.41 - - [27/Apr/2026:16:47:18 +0000] "GET /9.php HTTP/1.1" 404 114636 "-" "-"
158.158.45.41 - - [27/Apr/2026:16:47:19 +0000] "GET /10.php HTTP/1.1" 404 114639 "-" "-"
158.158.45.41 - - [27/Apr/2026:16:47:21 +0000] "GET /100.php HTTP/1.1" 404 114641 "-" "-"
158.158.45.41 - - [27/Apr/2026:16:47:23 +0000] "GET /.well-known/nastar.php HTTP/1.1" 404 114686 "-" "-"
158.158.45.41 - - [27/Apr/2026:16:47:24 +0000] "GET /2026w.php HTTP/1.1" 404 114648 "-" "-"
158.158.45.41 - - [27/Apr/2026:16:47:26 +0000] "GET /xwpg.php HTTP/1.1" 404 114644 "-" "-"
158.158.45.41 - - [27/Apr/2026:16:47:28 +0000] "GET /ass.php HTTP/1.1" 404 114640 "-" "-"
158.158.45.41 - - [27/Apr/2026:16:47:30 +0000] "GET /about.php HTTP/1.1" 404 114647 "-" "-"
158.158.45.41 - - [27/Apr/2026:16:47:31 +0000] "GET /no18.php HTTP/1.1" 404 114645 "-" "-"
158.158.45.41 - - [27/Apr/2026:16:47:33 +0000] "GET /fine.php HTTP/1.1" 404 114645 "-" "-"
158.158.45.41 - - [27/Apr/2026:16:47:35 +0000] "GET /hplfuns.php HTTP/1.1" 404 114653 "-" "-"
158.158.45.41 - - [27/Apr/2026:16:47:36 +0000] "GET /xa.php HTTP/1.1" 404 114639 "-" "-"
158.158.45.41 - - [27/Apr/2026:16:47:38 +0000] "GET /admin.php HTTP/1.1" 404 114648 "-" "-"
158.158.45.41 - - [27/Apr/2026:16:47:40 +0000] "GET /inege.php HTTP/1.1" 404 114647 "-" "-"
158.158.45.41 - - [27/Apr/2026:16:47:42 +0000] "GET /uuu.php HTTP/1.1" 404 114642 "-" "-"
158.158.45.41 - - [27/Apr/2026:16:47:43 +0000] "GET /no1.php HTTP/1.1" 404 114642 "-" "-"
158.158.45.41 - - [27/Apr/2026:16:47:45 +0000] "GET /w2025.php HTTP/1.1" 404 114648 "-" "-"
158.158.45.41 - - [27/Apr/2026:16:47:47 +0000] "GET /fvvff.php HTTP/1.1" 404 114647 "-" "-"
158.158.45.41 - - [27/Apr/2026:16:47:48 +0000] "GET /a2.php HTTP/1.1" 404 114639 "-" "-"
158.158.45.41 - - [27/Apr/2026:16:47:50 +0000] "GET /edit.php HTTP/1.1" 404 114644 "-" "-"
158.158.45.41 - - [27/Apr/2026:16:47:52 +0000] "GET /ioxi-o.php HTTP/1.1" 404 114651 "-" "-"
158.158.45.41 - - [27/Apr/2026:16:47:54 +0000] "GET /403.shtml HTTP/1.1" 404 114648 "-" "-"
158.158.45.41 - - [27/Apr/2026:16:47:56 +0000] "GET /66.php HTTP/1.1" 404 114639 "-" "-"
158.158.45.41 - - [27/Apr/2026:16:47:58 +0000] "GET /a5.php HTTP/1.1" 404 114637 "-" "-"
158.158.45.41 - - [27/Apr/2026:16:48:00 +0000] "GET /f6.php HTTP/1.1" 404 114638 "-" "-"
158.158.45.41 - - [27/Apr/2026:16:48:02 +0000] "GET /inputs.php HTTP/1.1" 404 114650 "-" "-"
158.158.45.41 - - [27/Apr/2026:16:48:04 +0000] "GET /style.php HTTP/1.1" 404 114647 "-" "-"
158.158.45.41 - - [27/Apr/2026:16:48:05 +0000] "GET /av.php HTTP/1.1" 404 114639 "-" "-"
158.158.45.41 - - [27/Apr/2026:16:48:07 +0000] "GET /wp-admin/css/bolt.php HTTP/1.1" 404 115871 "-" "-"
158.158.45.41 - - [27/Apr/2026:16:48:09 +0000] "GET /wp-act.php HTTP/1.1" 404 114651 "-" "-"
158.158.45.41 - - [27/Apr/2026:16:48:10 +0000] "GET /classwithtostring.php?p= HTTP/1.1" 301 - "-" "-"
158.158.45.41 - - [27/Apr/2026:16:48:12 +0000] "GET /classwithtostring.php HTTP/1.1" 404 114684 "-" "-"
158.158.45.41 - - [27/Apr/2026:16:48:14 +0000] "GET /403.shtml HTTP/1.1" 404 114648 "-" "-"
158.158.45.41 - - [27/Apr/2026:16:48:16 +0000] "GET /sbhu.php HTTP/1.1" 404 114643 "-" "-"
158.158.45.41 - - [27/Apr/2026:16:48:17 +0000] "GET /wp-blog.php HTTP/1.1" 404 114654 "-" "-"
158.158.45.41 - - [27/Apr/2026:16:48:20 +0000] "GET /wp-includes/js/jquery/ HTTP/1.1" 404 115874 "-" "-"
158.158.45.41 - - [27/Apr/2026:16:48:21 +0000] "GET /403.shtml HTTP/1.1" 404 114648 "-" "-"
158.158.45.41 - - [27/Apr/2026:16:48:23 +0000] "GET /ms-edit.php HTTP/1.1" 404 114653 "-" "-"
158.158.45.41 - - [27/Apr/2026:16:48:24 +0000] "GET /adminfuns.php HTTP/1.1" 404 114659 "-" "-"
158.158.45.41 - - [27/Apr/2026:16:48:26 +0000] "GET /goods.php HTTP/1.1" 404 114648 "-" "-"
158.158.45.41 - - [27/Apr/2026:16:48:28 +0000] "GET /ms-edit.php HTTP/1.1" 404 114654 "-" "-"
158.158.45.41 - - [27/Apr/2026:16:48:29 +0000] "GET /222.php HTTP/1.1" 404 114641 "-" "-"
158.158.45.41 - - [27/Apr/2026:16:48:31 +0000] "GET /cgi-bin/index.php HTTP/1.1" 301 - "-" "-"
158.158.45.41 - - [27/Apr/2026:16:48:32 +0000] "GET /cgi-bin/ HTTP/1.1" 404 114643 "-" "-"
158.158.45.41 - - [27/Apr/2026:16:48:34 +0000] "GET /fff.php HTTP/1.1" 404 114642 "-" "-"
158.158.45.41 - - [27/Apr/2026:16:48:35 +0000] "GET /wp-content/ HTTP/1.1" 404 114654 "-" "-"
158.158.45.41 - - [27/Apr/2026:16:48:37 +0000] "GET /makeasmtp.php?p= HTTP/1.1" 301 - "-" "-"
158.158.45.41 - - [27/Apr/2026:16:48:38 +0000] "GET /makeasmtp.php HTTP/1.1" 404 114659 "-" "-"
158.158.45.41 - - [27/Apr/2026:16:48:40 +0000] "GET /admin1.php HTTP/1.1" 404 114650 "-" "-"
158.158.45.41 - - [27/Apr/2026:16:48:41 +0000] "GET /wp-includes/css/dist/ HTTP/1.1" 404 115870 "-" "-"
158.158.45.41 - - [27/Apr/2026:16:48:43 +0000] "GET /BDKR28WP.php HTTP/1.1" 404 114656 "-" "-"
158.158.45.41 - - [27/Apr/2026:16:48:45 +0000] "GET /wp-includes/l10n/ HTTP/1.1" 404 114671 "-" "-"
114.119.148.120 - - [27/Apr/2026:16:48:45 +0000] "GET /best-tips-for-creative-and-effective-web-design?share=twitter&amp HTTP/1.1" 302 - "-" "Mozilla/5.0 (Linux; Android 7.0;) AppleWebKit/537.36 (HTML, like Gecko) Mobile Safari/537.36 (compatible; PetalBot;+https://webmaster.petalsearch.com/site/petalbot)"
158.158.45.41 - - [27/Apr/2026:16:48:46 +0000] "GET /wp-content/uploads/ HTTP/1.1" 404 114678 "-" "-"
158.158.45.41 - - [27/Apr/2026:16:48:48 +0000] "GET /wp.php HTTP/1.1" 404 114639 "-" "-"
158.158.45.41 - - [27/Apr/2026:16:48:50 +0000] "GET /wp-admin/js/fi.php HTTP/1.1" 404 115862 "-" "-"
158.158.45.41 - - [27/Apr/2026:16:48:51 +0000] "GET /fe5.php HTTP/1.1" 404 114642 "-" "-"
158.158.45.41 - - [27/Apr/2026:16:48:53 +0000] "GET /403.shtml HTTP/1.1" 404 114648 "-" "-"
158.158.45.41 - - [27/Apr/2026:16:48:55 +0000] "GET /av.php HTTP/1.1" 404 114639 "-" "-"
158.158.45.41 - - [27/Apr/2026:16:48:56 +0000] "GET /abcd.php HTTP/1.1" 404 114644 "-" "-"
158.158.45.41 - - [27/Apr/2026:16:48:58 +0000] "GET /a1.php HTTP/1.1" 404 114639 "-" "-"
158.158.45.41 - - [27/Apr/2026:16:48:59 +0000] "GET /update/f35.php HTTP/1.1" 404 114662 "-" "-"
158.158.45.41 - - [27/Apr/2026:16:49:01 +0000] "GET /403.shtml HTTP/1.1" 404 114648 "-" "-"
158.158.45.41 - - [27/Apr/2026:16:49:03 +0000] "GET /f35.php HTTP/1.1" 404 114642 "-" "-"
158.158.45.41 - - [27/Apr/2026:16:49:04 +0000] "GET /403.shtml HTTP/1.1" 404 114648 "-" "-"
158.158.45.41 - - [27/Apr/2026:16:49:06 +0000] "GET /wp-includes/SimplePie/ HTTP/1.1" 404 114687 "-" "-"
184.94.212.206 - - [27/Apr/2026:16:49:09 +0000] "POST /wp-cron.php?doing_wp_cron=1777308549.2626230716705322265625 HTTP/1.1" 200 - "-" "WordPress/6.9.4; https://maxvirusprotection.com"
158.158.45.41 - - [27/Apr/2026:16:49:08 +0000] "GET /k.php HTTP/1.1" 404 114635 "-" "-"
158.158.45.41 - - [27/Apr/2026:16:49:09 +0000] "GET /bal.php HTTP/1.1" 404 114642 "-" "-"
184.94.212.206 - - [27/Apr/2026:16:49:12 +0000] "POST /wp-cron.php?doing_wp_cron=1777308552.3996839523315429687500 HTTP/1.1" 200 - "-" "WordPress/6.9.4; https://maxvirusprotection.com"
158.158.45.41 - - [27/Apr/2026:16:49:11 +0000] "GET /in.php HTTP/1.1" 404 114639 "-" "-"
158.158.45.41 - - [27/Apr/2026:16:49:13 +0000] "GET /gssdd.php HTTP/1.1" 404 114647 "-" "-"
158.158.45.41 - - [27/Apr/2026:16:49:14 +0000] "GET /cgi-bin/admin.php HTTP/1.1" 404 114672 "-" "-"
158.158.45.41 - - [27/Apr/2026:16:49:16 +0000] "GET /bs1.php HTTP/1.1" 404 114642 "-" "-"
158.158.45.41 - - [27/Apr/2026:16:49:18 +0000] "GET /wp-content/plugins/pwnd/as.php HTTP/1.1" 404 115898 "-" "-"
158.158.45.41 - - [27/Apr/2026:16:49:19 +0000] "GET /axx.php HTTP/1.1" 404 114641 "-" "-"
158.158.45.41 - - [27/Apr/2026:16:49:21 +0000] "GET /gettest.php HTTP/1.1" 404 114654 "-" "-"
158.158.45.41 - - [27/Apr/2026:16:49:23 +0000] "GET /acp.php HTTP/1.1" 404 114642 "-" "-"
158.158.45.41 - - [27/Apr/2026:16:49:24 +0000] "GET /file48.php HTTP/1.1" 404 114650 "-" "-"
158.158.45.41 - - [27/Apr/2026:16:49:26 +0000] "GET /wp-content/ HTTP/1.1" 404 114654 "-" "-"
158.158.45.41 - - [27/Apr/2026:16:49:27 +0000] "GET /simple.php HTTP/1.1" 404 114651 "-" "-"
158.158.45.41 - - [27/Apr/2026:16:49:29 +0000] "GET /drykl.php HTTP/1.1" 404 114648 "-" "-"
158.158.45.41 - - [27/Apr/2026:16:49:31 +0000] "GET /xxx.php HTTP/1.1" 404 114641 "-" "-"
158.158.45.41 - - [27/Apr/2026:16:49:32 +0000] "GET /hypo.php HTTP/1.1" 404 114645 "-" "-"
158.158.45.41 - - [27/Apr/2026:16:49:34 +0000] "GET /file18.php HTTP/1.1" 404 114651 "-" "-"
158.158.45.41 - - [27/Apr/2026:16:49:36 +0000] "GET /xwx1.php HTTP/1.1" 404 114644 "-" "-"
158.158.45.41 - - [27/Apr/2026:16:49:37 +0000] "GET /wp-admin/css/colors/blue/ HTTP/1.1" 404 115883 "-" "-"
158.158.45.41 - - [27/Apr/2026:16:49:39 +0000] "GET /chosen.php HTTP/1.1" 404 114650 "-" "-"
184.94.212.206 - - [27/Apr/2026:16:51:29 +0000] "POST /wp-cron.php?doing_wp_cron=1777308689.3589611053466796875000 HTTP/1.1" 200 - "-" "WordPress/6.9.4; https://maxvirusprotection.com"
192.0.85.167 - - [27/Apr/2026:16:51:27 +0000] "HEAD / HTTP/1.1" 200 - "-" "jetmon/1.0 (Jetpack Site Uptime Monitor by WordPress.com)"
66.249.66.35 - - [27/Apr/2026:16:54:25 +0000] "GET /ads.txt HTTP/1.1" 304 - "-" "Google-adstxt"
184.94.212.206 - - [27/Apr/2026:16:54:38 +0000] "POST /wp-cron.php?doing_wp_cron=1777308878.8625109195709228515625 HTTP/1.1" 200 - "-" "WordPress/6.9.4; https://maxvirusprotection.com"
114.119.141.152 - - [27/Apr/2026:16:54:37 +0000] "GET /best-tips-for-creative-and-effective-web-design/?share=facebook HTTP/1.1" 302 - "https://maxvirusprotection.com/best-tips-for-creative-and-effective-web-design/" "Mozilla/5.0 (Linux; Android 7.0;) AppleWebKit/537.36 (HTML, like Gecko) Mobile Safari/537.36 (compatible; PetalBot;+https://webmaster.petalsearch.com/site/petalbot)"
184.94.212.206 - - [27/Apr/2026:16:56:29 +0000] "POST /wp-cron.php?doing_wp_cron=1777308989.5130019187927246093750 HTTP/1.1" 200 - "-" "WordPress/6.9.4; https://maxvirusprotection.com"
192.0.85.167 - - [27/Apr/2026:16:56:27 +0000] "HEAD / HTTP/1.1" 200 - "-" "jetmon/1.0 (Jetpack Site Uptime Monitor by WordPress.com)"
184.94.212.206 - - [27/Apr/2026:17:00:32 +0000] "POST /wp-cron.php?doing_wp_cron=1777309232.5098390579223632812500 HTTP/1.1" 200 - "-" "WordPress/6.9.4; https://maxvirusprotection.com"
114.119.148.120 - - [27/Apr/2026:17:00:30 +0000] "GET /best-tips-for-creative-and-effective-web-design/?share=facebook HTTP/1.1" 302 - "https://maxvirusprotection.com/best-tips-for-creative-and-effective-web-design/" "Mozilla/5.0 (Linux; Android 7.0;) AppleWebKit/537.36 (HTML, like Gecko) Mobile Safari/537.36 (compatible; PetalBot;+https://webmaster.petalsearch.com/site/petalbot)"
184.94.212.206 - - [27/Apr/2026:17:01:29 +0000] "POST /wp-cron.php?doing_wp_cron=1777309289.3575370311737060546875 HTTP/1.1" 200 - "-" "WordPress/6.9.4; https://maxvirusprotection.com"
192.0.85.167 - - [27/Apr/2026:17:01:27 +0000] "HEAD / HTTP/1.1" 200 - "-" "jetmon/1.0 (Jetpack Site Uptime Monitor by WordPress.com)"
77.65.214.113 - - [27/Apr/2026:17:01:37 +0000] "POST /wp-login.php HTTP/1.1" 200 4402 "-" "Mozilla/5.0 (Windows NT 10.0; Win64; x64) AppleWebKit/537.36 (KHTML, like Gecko) Chrome/142.0.0.0 Safari/537.36 Edg/142.0.0.0"
184.94.212.206 - - [27/Apr/2026:17:02:03 +0000] "POST /wp-cron.php?doing_wp_cron=1777309323.3614919185638427734375 HTTP/1.1" 200 - "-" "WordPress/6.9.4; https://maxvirusprotection.com"
54.39.210.197 - - [27/Apr/2026:17:02:02 +0000] "GET /website-development-tips-you-can-use-today/ HTTP/1.1" 200 47469 "-" "Mozilla/5.0 (compatible; AhrefsBot/7.0; +http://ahrefs.com/robot/)"
193.56.116.62 - - [27/Apr/2026:17:03:13 +0000] "POST /wp-login.php HTTP/1.1" 401 3500 "-" "Mozilla/5.0"
184.94.212.206 - - [27/Apr/2026:17:05:21 +0000] "POST /wp-cron.php?doing_wp_cron=1777309521.2322061061859130859375 HTTP/1.1" 200 - "-" "WordPress/6.9.4; https://maxvirusprotection.com"
