172.190.142.176 - - [28/Apr/2026:10:29:04 +0000] "GET /xinder.php HTTP/1.1" 404 114650 "-" "-"
172.190.142.176 - - [28/Apr/2026:10:29:05 +0000] "GET /rendi59.php HTTP/1.1" 404 114653 "-" "-"
184.94.212.206 - - [28/Apr/2026:10:29:08 +0000] "POST /wp-cron.php?doing_wp_cron=1777372148.3471639156341552734375 HTTP/1.1" 200 - "-" "WordPress/6.9.4; https://maxvirusprotection.com"
172.190.142.176 - - [28/Apr/2026:10:29:07 +0000] "GET /mga.php HTTP/1.1" 404 114641 "-" "-"
172.190.142.176 - - [28/Apr/2026:10:29:08 +0000] "GET /sbhu.php HTTP/1.1" 404 114644 "-" "-"
172.190.142.176 - - [28/Apr/2026:10:29:09 +0000] "GET /ftde.php HTTP/1.1" 404 114644 "-" "-"
184.94.212.206 - - [28/Apr/2026:10:29:12 +0000] "POST /wp-cron.php?doing_wp_cron=1777372152.2585051059722900390625 HTTP/1.1" 200 - "-" "WordPress/6.9.4; https://maxvirusprotection.com"
172.190.142.176 - - [28/Apr/2026:10:29:11 +0000] "GET /racs3.php HTTP/1.1" 404 114647 "-" "-"
172.190.142.176 - - [28/Apr/2026:10:29:12 +0000] "GET /fone1.php HTTP/1.1" 404 114648 "-" "-"
172.190.142.176 - - [28/Apr/2026:10:29:13 +0000] "GET /wp-bonbon.php HTTP/1.1" 404 114660 "-" "-"
172.190.142.176 - - [28/Apr/2026:10:29:15 +0000] "GET /xozx.php HTTP/1.1" 404 114644 "-" "-"
172.190.142.176 - - [28/Apr/2026:10:29:16 +0000] "GET /eetu.php HTTP/1.1" 404 114644 "-" "-"
172.190.142.176 - - [28/Apr/2026:10:29:17 +0000] "GET /wp-firewall.php HTTP/1.1" 404 114666 "-" "-"
172.190.142.176 - - [28/Apr/2026:10:29:19 +0000] "GET /aevly.php HTTP/1.1" 404 114647 "-" "-"
172.190.142.176 - - [28/Apr/2026:10:29:21 +0000] "GET /albin.php HTTP/1.1" 404 114647 "-" "-"
172.190.142.176 - - [28/Apr/2026:10:29:22 +0000] "GET /asasx.php HTTP/1.1" 404 114648 "-" "-"
172.190.142.176 - - [28/Apr/2026:10:29:23 +0000] "GET /bthil.php HTTP/1.1" 404 114647 "-" "-"
172.190.142.176 - - [28/Apr/2026:10:29:24 +0000] "GET /cilus.php HTTP/1.1" 404 114647 "-" "-"
172.190.142.176 - - [28/Apr/2026:10:29:26 +0000] "GET /gptsh.php HTTP/1.1" 404 114648 "-" "-"
172.190.142.176 - - [28/Apr/2026:10:29:27 +0000] "GET /rithin.php HTTP/1.1" 404 114650 "-" "-"
114.119.145.19 - - [28/Apr/2026:10:29:34 +0000] "GET /eye-opening-information-regarding-laptops-you-never-knew/?amp HTTP/1.1" 200 46601 "https://maxvirusprotection.com/eye-opening-information-regarding-laptops-you-never-knew/?amp" "Mozilla/5.0 (Linux; Android 7.0;) AppleWebKit/537.36 (HTML, like Gecko) Mobile Safari/537.36 (compatible; PetalBot;+https://webmaster.petalsearch.com/site/petalbot)"
184.94.212.206 - - [28/Apr/2026:10:31:29 +0000] "POST /wp-cron.php?doing_wp_cron=1777372289.9266219139099121093750 HTTP/1.1" 200 - "-" "WordPress/6.9.4; https://maxvirusprotection.com"
192.0.85.167 - - [28/Apr/2026:10:31:28 +0000] "HEAD / HTTP/1.1" 200 - "-" "jetmon/1.0 (Jetpack Site Uptime Monitor by WordPress.com)"
46.8.187.186 - - [28/Apr/2026:10:31:29 +0000] "GET /wp-login.php HTTP/1.1" 200 4402 "-" "Mozilla/5.0 (Macintosh; Intel Mac OS X 10_10_5) AppleWebKit/603.3.8 (KHTML, like Gecko) Version/10.1.2 Safari/603.3.8"
46.8.187.186 - - [28/Apr/2026:10:31:30 +0000] "POST /wp-login.php HTTP/1.1" 200 4402 "https://maxvirusprotection.com/wp-login.php" "Mozilla/5.0 (Macintosh; Intel Mac OS X 10_10_5) AppleWebKit/603.3.8 (KHTML, like Gecko) Version/10.1.2 Safari/603.3.8"
184.94.212.206 - - [28/Apr/2026:10:33:02 +0000] "POST /wp-cron.php?doing_wp_cron=1777372382.2222108840942382812500 HTTP/1.1" 200 - "-" "WordPress/6.9.4; https://maxvirusprotection.com"
57.141.18.63 - - [28/Apr/2026:10:33:00 +0000] "GET /tag/web-browsers/ HTTP/1.1" 200 120099 "-" "meta-externalagent/1.1 (+https://developers.facebook.com/docs/sharing/webmasters/crawler)"
51.79.254.190 - - [28/Apr/2026:10:33:33 +0000] "GET /wp-login.php HTTP/1.1" 200 4402 "-" "Mozilla/4.0 (compatible; MSIE 7.0; Windows NT 6.3; WOW64; Trident/7.0; .NET4.0C; .NET4.0E; .NET CLR 2.0.50727; .NET CLR 3.0.30729; .NET CLR 3.5.30729)"
51.79.254.190 - - [28/Apr/2026:10:33:35 +0000] "POST /wp-login.php HTTP/1.1" 200 4402 "https://maxvirusprotection.com/wp-login.php" "Mozilla/4.0 (compatible; MSIE 7.0; Windows NT 6.3; WOW64; Trident/7.0; .NET4.0C; .NET4.0E; .NET CLR 2.0.50727; .NET CLR 3.0.30729; .NET CLR 3.5.30729)"
184.94.212.206 - - [28/Apr/2026:10:34:59 +0000] "POST /wp-cron.php?doing_wp_cron=1777372499.7260260581970214843750 HTTP/1.1" 200 - "-" "WordPress/6.9.4; https://maxvirusprotection.com"
114.119.138.205 - - [28/Apr/2026:10:34:58 +0000] "GET /dont-look-anywhere-else-until-you-read-these-great-tips-about-web-design?share=twitter&amp HTTP/1.1" 302 - "-" "Mozilla/5.0 (Linux; Android 7.0;) AppleWebKit/537.36 (HTML, like Gecko) Mobile Safari/537.36 (compatible; PetalBot;+https://webmaster.petalsearch.com/site/petalbot)"
184.94.212.206 - - [28/Apr/2026:10:36:30 +0000] "POST /wp-cron.php?doing_wp_cron=1777372590.7681059837341308593750 HTTP/1.1" 200 - "-" "WordPress/6.9.4; https://maxvirusprotection.com"
192.0.85.167 - - [28/Apr/2026:10:36:28 +0000] "HEAD / HTTP/1.1" 200 - "-" "jetmon/1.0 (Jetpack Site Uptime Monitor by WordPress.com)"
62.210.185.4 - - [28/Apr/2026:10:36:40 +0000] "GET /wp-login.php HTTP/1.1" 200 4401 "-" "Mozilla/4.0 (compatible; MSIE 7.0; Windows NT 6.1; Trident/7.0; SLCC2; .NET CLR 2.0.50727; .NET CLR 3.5.30729; .NET CLR 3.0.30729; Media Center PC 6.0; .NET4.0C; .NET4.0E; Tablet PC 2.0; .NET CLR 1.1.4322; Alexa Toolbar)"
62.210.185.4 - - [28/Apr/2026:10:36:42 +0000] "POST /wp-login.php HTTP/1.1" 200 4401 "https://maxvirusprotection.com/wp-login.php" "Mozilla/4.0 (compatible; MSIE 7.0; Windows NT 6.1; Trident/7.0; SLCC2; .NET CLR 2.0.50727; .NET CLR 3.5.30729; .NET CLR 3.0.30729; Media Center PC 6.0; .NET4.0C; .NET4.0E; Tablet PC 2.0; .NET CLR 1.1.4322; Alexa Toolbar)"
184.94.212.206 - - [28/Apr/2026:10:40:07 +0000] "POST /wp-cron.php?doing_wp_cron=1777372807.1543910503387451171875 HTTP/1.1" 200 - "-" "WordPress/6.9.4; https://maxvirusprotection.com"
140.228.21.23 - - [28/Apr/2026:10:40:05 +0000] "GET / HTTP/1.1" 200 47527 "-" "Mozilla/5.0 (X11; Linux x86_64) AppleWebKit/537.36 (KHTML, like Gecko) Chrome/147.0.0.0 Safari/537.36"
154.16.105.36 - - [28/Apr/2026:10:40:07 +0000] "GET / HTTP/1.1" 200 47527 "-" "Mozilla/5.0 (X11; Linux x86_64) AppleWebKit/537.36 (KHTML, like Gecko) Chrome/147.0.0.0 Safari/537.36"
154.16.105.36 - - [28/Apr/2026:10:40:09 +0000] "GET /wp-content/plugins/simple-google-recaptcha/sgr.css?ver=1663329978 HTTP/1.1" 200 173 "https://maxvirusprotection.com/" "Mozilla/5.0 (X11; Linux x86_64) AppleWebKit/537.36 (KHTML, like Gecko) Chrome/147.0.0.0 Safari/537.36"
154.16.105.36 - - [28/Apr/2026:10:40:09 +0000] "GET /wp-content/themes/news-pro/style.css?ver=3.2.1 HTTP/1.1" 200 8074 "https://maxvirusprotection.com/" "Mozilla/5.0 (X11; Linux x86_64) AppleWebKit/537.36 (KHTML, like Gecko) Chrome/147.0.0.0 Safari/537.36"
154.16.105.36 - - [28/Apr/2026:10:40:09 +0000] "GET /wp-content/plugins/simple-google-recaptcha/sgr.js?ver=1663329978 HTTP/1.1" 200 504 "https://maxvirusprotection.com/" "Mozilla/5.0 (X11; Linux x86_64) AppleWebKit/537.36 (KHTML, like Gecko) Chrome/147.0.0.0 Safari/537.36"
154.16.105.36 - - [28/Apr/2026:10:40:10 +0000] "GET /wp-content/themes/genesis/lib/js/menu/superfish.min.js?ver=1.7.10 HTTP/1.1" 200 1894 "https://maxvirusprotection.com/" "Mozilla/5.0 (X11; Linux x86_64) AppleWebKit/537.36 (KHTML, like Gecko) Chrome/147.0.0.0 Safari/537.36"
154.16.105.36 - - [28/Apr/2026:10:40:10 +0000] "GET /wp-content/themes/genesis/lib/js/menu/superfish.args.min.js?ver=3.6.2 HTTP/1.1" 200 124 "https://maxvirusprotection.com/" "Mozilla/5.0 (X11; Linux x86_64) AppleWebKit/537.36 (KHTML, like Gecko) Chrome/147.0.0.0 Safari/537.36"
154.16.105.36 - - [28/Apr/2026:10:40:10 +0000] "GET /wp-content/themes/genesis/lib/js/skip-links.min.js?ver=3.6.2 HTTP/1.1" 200 238 "https://maxvirusprotection.com/" "Mozilla/5.0 (X11; Linux x86_64) AppleWebKit/537.36 (KHTML, like Gecko) Chrome/147.0.0.0 Safari/537.36"
154.16.105.36 - - [28/Apr/2026:10:40:10 +0000] "GET /wp-content/themes/news-pro/js/jquery.matchHeight.min.js?ver=3.2.1 HTTP/1.1" 200 1553 "https://maxvirusprotection.com/" "Mozilla/5.0 (X11; Linux x86_64) AppleWebKit/537.36 (KHTML, like Gecko) Chrome/147.0.0.0 Safari/537.36"
154.16.105.36 - - [28/Apr/2026:10:40:10 +0000] "GET /wp-content/themes/news-pro/js/global.js?ver=3.2.1 HTTP/1.1" 200 160 "https://maxvirusprotection.com/" "Mozilla/5.0 (X11; Linux x86_64) AppleWebKit/537.36 (KHTML, like Gecko) Chrome/147.0.0.0 Safari/537.36"
154.16.105.36 - - [28/Apr/2026:10:40:10 +0000] "GET /wp-content/themes/news-pro/js/responsive-menus.min.js?ver=3.2.1 HTTP/1.1" 200 1601 "https://maxvirusprotection.com/" "Mozilla/5.0 (X11; Linux x86_64) AppleWebKit/537.36 (KHTML, like Gecko) Chrome/147.0.0.0 Safari/537.36"
154.16.105.36 - - [28/Apr/2026:10:40:10 +0000] "GET /wp-content/plugins/google-site-kit/dist/assets/js/googlesitekit-consent-mode-bc2e26cfa69fcd4a8261.js HTTP/1.1" 200 25395 "https://maxvirusprotection.com/" "Mozilla/5.0 (X11; Linux x86_64) AppleWebKit/537.36 (KHTML, like Gecko) Chrome/147.0.0.0 Safari/537.36"
154.16.105.36 - - [28/Apr/2026:10:40:10 +0000] "GET /wp-content/plugins/wp-consent-api/assets/js/wp-consent-api.min.js?ver=2.0.1 HTTP/1.1" 200 822 "https://maxvirusprotection.com/" "Mozilla/5.0 (X11; Linux x86_64) AppleWebKit/537.36 (KHTML, like Gecko) Chrome/147.0.0.0 Safari/537.36"
192.0.116.180 - - [28/Apr/2026:10:40:10 +0000] "GET /wp-content/uploads/2025/11/image-1.png HTTP/1.1" 200 951102 "-" "Photon/1.0"
209.25.232.214 - - [28/Apr/2026:10:40:11 +0000] "GET /ads.txt HTTP/1.1" 200 58 "-" "Centro Ads.txt Crawler/1.0"
192.0.118.17 - - [28/Apr/2026:10:40:14 +0000] "GET /wp-content/uploads/2020/04/turn_your_site_into_an_internet_sensation_with_these_tips.jpg HTTP/1.1" 200 - "-" "Photon/1.0"
192.0.116.113 - - [28/Apr/2026:10:40:14 +0000] "GET /wp-content/uploads/2020/04/tips_to_web_design_that_will_help_you_succeed.jpg HTTP/1.1" 200 - "-" "Photon/1.0"
192.0.116.148 - - [28/Apr/2026:10:40:14 +0000] "GET /wp-content/uploads/2020/04/improving_your_web_design_skills_to_reach_your_potential.jpg HTTP/1.1" 200 - "-" "Photon/1.0"
192.0.118.116 - - [28/Apr/2026:10:40:14 +0000] "GET /wp-content/uploads/2025/06/image.png HTTP/1.1" 200 596322 "-" "Photon/1.0"
114.119.135.215 - - [28/Apr/2026:10:41:02 +0000] "GET /designing-the-best-sites-ever-heres-help/?share=twitter&amp HTTP/1.1" 302 - "https://maxvirusprotection.com/designing-the-best-sites-ever-heres-help/?share=twitter&noamp=mobile" "Mozilla/5.0 (Linux; Android 7.0;) AppleWebKit/537.36 (HTML, like Gecko) Mobile Safari/537.36 (compatible; PetalBot;+https://webmaster.petalsearch.com/site/petalbot)"
184.94.212.206 - - [28/Apr/2026:10:41:30 +0000] "POST /wp-cron.php?doing_wp_cron=1777372890.2910358905792236328125 HTTP/1.1" 200 - "-" "WordPress/6.9.4; https://maxvirusprotection.com"
192.0.85.167 - - [28/Apr/2026:10:41:29 +0000] "HEAD / HTTP/1.1" 200 - "-" "jetmon/1.0 (Jetpack Site Uptime Monitor by WordPress.com)"
184.94.212.206 - - [28/Apr/2026:10:43:01 +0000] "POST /wp-cron.php?doing_wp_cron=1777372981.6572289466857910156250 HTTP/1.1" 200 - "-" "WordPress/6.9.4; https://maxvirusprotection.com"
52.167.144.21 - - [28/Apr/2026:10:42:59 +0000] "GET /sitemap_index.xml HTTP/1.1" 200 332 "-" "Mozilla/5.0 AppleWebKit/537.36 (KHTML, like Gecko; compatible; bingbot/2.0; +http://www.bing.com/bingbot.htm) Chrome/116.0.1938.76 Safari/537.36"
184.94.212.206 - - [28/Apr/2026:10:46:07 +0000] "POST /wp-cron.php?doing_wp_cron=1777373167.7989120483398437500000 HTTP/1.1" 200 - "-" "WordPress/6.9.4; https://maxvirusprotection.com"
114.119.135.215 - - [28/Apr/2026:10:46:05 +0000] "GET /design-the-site-of-your-dreams-with-these-tips/?amp HTTP/1.1" 200 46756 "https://maxvirusprotection.com/design-the-site-of-your-dreams-with-these-tips/?amp" "Mozilla/5.0 (Linux; Android 7.0;) AppleWebKit/537.36 (HTML, like Gecko) Mobile Safari/537.36 (compatible; PetalBot;+https://webmaster.petalsearch.com/site/petalbot)"
184.94.212.206 - - [28/Apr/2026:10:46:29 +0000] "POST /wp-cron.php?doing_wp_cron=1777373189.8609569072723388671875 HTTP/1.1" 200 - "-" "WordPress/6.9.4; https://maxvirusprotection.com"
192.0.85.167 - - [28/Apr/2026:10:46:28 +0000] "HEAD / HTTP/1.1" 200 - "-" "jetmon/1.0 (Jetpack Site Uptime Monitor by WordPress.com)"
184.94.212.206 - - [28/Apr/2026:10:47:56 +0000] "POST /wp-cron.php?doing_wp_cron=1777373276.6793749332427978515625 HTTP/1.1" 200 - "-" "WordPress/6.9.4; https://maxvirusprotection.com"
141.98.11.224 - - [28/Apr/2026:10:47:54 +0000] "GET / HTTP/1.0" 200 153295 "https://maxvirusprotection.com/" "Mozilla/5.0 (Windows NT 10.0; Win64; x64) AppleWebKit/537.36 (KHTML, like Gecko) Chrome/131.0.0.0 Safari/537.36"
141.98.11.224 - - [28/Apr/2026:10:47:58 +0000] "GET /contact-us/ HTTP/1.0" 200 140047 "https://maxvirusprotection.com/contact-us/" "Mozilla/5.0 (Windows NT 10.0; Win64; x64) AppleWebKit/537.36 (KHTML, like Gecko) Chrome/131.0.0.0 Safari/537.36"
141.98.11.224 - - [28/Apr/2026:10:48:01 +0000] "POST /contact-us/ HTTP/1.0" 302 - "https://maxvirusprotection.com/contact-us/" "Mozilla/5.0 (Windows NT 10.0; Win64; x64) AppleWebKit/537.36 (KHTML, like Gecko) Chrome/131.0.0.0 Safari/537.36"
184.94.212.206 - - [28/Apr/2026:10:48:02 +0000] "GET /wp-json/jetpack/v4/sync/spawn-sync?time=1777373282&request_lock_id=15f494bf-4de4-4b41-8c4e-8765be021f79 HTTP/1.1" 200 37 "-" "WordPress/6.9.4; https://maxvirusprotection.com"
141.98.11.224 - - [28/Apr/2026:10:48:04 +0000] "GET /contact-us/?contact-form-id=10&contact-form-sent=5791&contact-form-hash=199d4fd72399288ac669af7ab1f31fa0c27eb112&_wpnonce=655020acd4 HTTP/1.0" 200 148823 "https://maxvirusprotection.com/?contact-form-id=10&contact-form-sent=5791&contact-form-hash=199d4fd72399288ac669af7ab1f31fa0c27eb112&_wpnonce=655020acd4" "Mozilla/5.0 (Windows NT 10.0; Win64; x64) AppleWebKit/537.36 (KHTML, like Gecko) Chrome/131.0.0.0 Safari/537.36"
184.94.212.206 - - [28/Apr/2026:10:49:39 +0000] "POST /wp-cron.php?doing_wp_cron=1777373379.3528239727020263671875 HTTP/1.1" 200 - "-" "WordPress/6.9.4; https://maxvirusprotection.com"
54.163.169.168 - - [28/Apr/2026:10:49:37 +0000] "GET /design-the-site-of-your-dreams-with-these-tips/ HTTP/1.1" 200 46752 "-" "Mozilla/5.0 AppleWebKit/537.36 (KHTML, like Gecko; compatible; Amazonbot/0.1; +https://developer.amazon.com/support/amazonbot) Chrome/119.0.6045.214 Safari/537.36"
3.230.224.6 - - [28/Apr/2026:10:49:41 +0000] "GET /in-relation-to-laptops-we-supply-the-best-tips/ HTTP/1.1" 200 46270 "-" "Mozilla/5.0 AppleWebKit/537.36 (KHTML, like Gecko; compatible; Amazonbot/0.1; +https://developer.amazon.com/support/amazonbot) Chrome/119.0.6045.214 Safari/537.36"
184.94.212.206 - - [28/Apr/2026:10:51:07 +0000] "POST /wp-cron.php?doing_wp_cron=1777373467.6235940456390380859375 HTTP/1.1" 200 - "-" "WordPress/6.9.4; https://maxvirusprotection.com"
114.119.155.2 - - [28/Apr/2026:10:51:05 +0000] "GET /design-the-site-of-your-dreams-with-these-tips/ HTTP/1.1" 200 46753 "https://maxvirusprotection.com/category/security/?noamp=mobile" "Mozilla/5.0 (Linux; Android 7.0;) AppleWebKit/537.36 (HTML, like Gecko) Mobile Safari/537.36 (compatible; PetalBot;+https://webmaster.petalsearch.com/site/petalbot)"
184.94.212.206 - - [28/Apr/2026:10:51:29 +0000] "POST /wp-cron.php?doing_wp_cron=1777373489.7737510204315185546875 HTTP/1.1" 200 - "-" "WordPress/6.9.4; https://maxvirusprotection.com"
192.0.85.167 - - [28/Apr/2026:10:51:28 +0000] "HEAD / HTTP/1.1" 200 - "-" "jetmon/1.0 (Jetpack Site Uptime Monitor by WordPress.com)"
199.47.121.9 - - [28/Apr/2026:10:52:49 +0000] "GET /wp-login.php HTTP/1.1" 200 4401 "-" "Mozilla/4.0 (compatible; MSIE 7.0; Windows NT 6.1; Win64; x64; Trident/7.0; .NET CLR 2.0.50727; SLCC2; .NET CLR 3.5.30729; .NET CLR 3.0.30729; Media Center PC 6.0; .NET4.0C; .NET4.0E; InfoPath.3; Tablet PC 2.0)"
199.47.121.9 - - [28/Apr/2026:10:52:51 +0000] "POST /wp-login.php HTTP/1.1" 200 4401 "https://maxvirusprotection.com/wp-login.php" "Mozilla/4.0 (compatible; MSIE 7.0; Windows NT 6.1; Win64; x64; Trident/7.0; .NET CLR 2.0.50727; SLCC2; .NET CLR 3.5.30729; .NET CLR 3.0.30729; Media Center PC 6.0; .NET4.0C; .NET4.0E; InfoPath.3; Tablet PC 2.0)"
184.94.212.206 - - [28/Apr/2026:10:56:12 +0000] "POST /wp-cron.php?doing_wp_cron=1777373772.8119220733642578125000 HTTP/1.1" 200 - "-" "WordPress/6.9.4; https://maxvirusprotection.com"
114.119.145.19 - - [28/Apr/2026:10:56:11 +0000] "GET /contact-us/?share=facebook HTTP/1.1" 302 - "https://maxvirusprotection.com/contact-us" "Mozilla/5.0 (Linux; Android 7.0;) AppleWebKit/537.36 (HTML, like Gecko) Mobile Safari/537.36 (compatible; PetalBot;+https://webmaster.petalsearch.com/site/petalbot)"
184.94.212.206 - - [28/Apr/2026:10:56:28 +0000] "POST /wp-cron.php?doing_wp_cron=1777373788.8831319808959960937500 HTTP/1.1" 200 - "-" "WordPress/6.9.4; https://maxvirusprotection.com"
192.0.85.167 - - [28/Apr/2026:10:56:27 +0000] "HEAD / HTTP/1.1" 200 - "-" "jetmon/1.0 (Jetpack Site Uptime Monitor by WordPress.com)"
184.94.212.206 - - [28/Apr/2026:10:58:20 +0000] "POST /wp-cron.php?doing_wp_cron=1777373900.8814740180969238281250 HTTP/1.1" 200 - "-" "WordPress/6.9.4; https://maxvirusprotection.com"
185.177.72.62 - - [28/Apr/2026:10:58:19 +0000] "GET /.git/config HTTP/1.1" 404 41649 "-" "Mozilla/5.0 (Windows NT 6.1; WOW64; rv:41.0) Gecko/20100101 Firefox/41.0"
184.94.212.206 - - [28/Apr/2026:11:00:25 +0000] "POST /wp-cron.php?doing_wp_cron=1777374024.9625239372253417968750 HTTP/1.1" 200 - "-" "WordPress/6.9.4; https://maxvirusprotection.com"
216.73.217.123 - - [28/Apr/2026:11:00:22 +0000] "GET /robots.txt HTTP/1.1" 200 150 "-" "Mozilla/5.0 AppleWebKit/537.36 (KHTML, like Gecko; compatible; ClaudeBot/1.0; +claudebot@anthropic.com)"
216.73.217.123 - - [28/Apr/2026:11:00:25 +0000] "GET / HTTP/1.1" 200 47526 "-" "Mozilla/5.0 AppleWebKit/537.36 (KHTML, like Gecko; compatible; ClaudeBot/1.0; +claudebot@anthropic.com)"
184.94.212.206 - - [28/Apr/2026:11:01:28 +0000] "POST /wp-cron.php?doing_wp_cron=1777374088.9547119140625000000000 HTTP/1.1" 200 - "-" "WordPress/6.9.4; https://maxvirusprotection.com"
114.119.155.2 - - [28/Apr/2026:11:01:27 +0000] "GET /category/security?amp HTTP/1.1" 301 - "https://maxvirusprotection.com/category/security/page/2?amp" "Mozilla/5.0 (Linux; Android 7.0;) AppleWebKit/537.36 (HTML, like Gecko) Mobile Safari/537.36 (compatible; PetalBot;+https://webmaster.petalsearch.com/site/petalbot)"
114.119.155.2 - - [28/Apr/2026:11:01:29 +0000] "GET /category/security/?amp HTTP/1.1" 200 47778 "https://maxvirusprotection.com/category/security/page/2?amp" "Mozilla/5.0 (Linux; Android 7.0;) AppleWebKit/537.36 (HTML, like Gecko) Mobile Safari/537.36 (compatible; PetalBot;+https://webmaster.petalsearch.com/site/petalbot)"
192.0.85.167 - - [28/Apr/2026:11:01:29 +0000] "HEAD / HTTP/1.1" 200 - "-" "jetmon/1.0 (Jetpack Site Uptime Monitor by WordPress.com)"
184.94.212.206 - - [28/Apr/2026:11:04:00 +0000] "POST /wp-cron.php?doing_wp_cron=1777374240.5545520782470703125000 HTTP/1.1" 200 - "-" "WordPress/6.9.4; https://maxvirusprotection.com"
14.247.138.76 - - [28/Apr/2026:11:03:58 +0000] "GET / HTTP/1.1" 200 47526 "-" "Mozilla/5.0 (Windows NT 10.0; Win64; x64) AppleWebKit/537.36 (KHTML, like Gecko) Chrome/84.0.4147.135 Safari/537.36"
184.94.212.206 - - [28/Apr/2026:11:06:06 +0000] "POST /wp-cron.php?doing_wp_cron=1777374361.9659869670867919921875 HTTP/1.1" 200 - "-" "WordPress/6.9.4; https://maxvirusprotection.com"
74.7.228.24 - - [28/Apr/2026:11:06:00 +0000] "GET /robots.txt HTTP/1.1" 200 150 "-" "Mozilla/5.0 (Macintosh; Intel Mac OS X 10_15_7) AppleWebKit/537.36 (KHTML, like Gecko) Chrome/131.0.0.0 Safari/537.36; compatible; OAI-SearchBot/1.3; robots.txt; +https://openai.com/searchbot"
184.94.212.206 - - [28/Apr/2026:11:06:06 +0000] "POST /wp-cron.php?doing_wp_cron=1777374361.9666581153869628906250 HTTP/1.1" 200 - "-" "WordPress/6.9.4; https://maxvirusprotection.com"
74.7.228.3 - - [28/Apr/2026:11:05:59 +0000] "GET /robots.txt HTTP/1.1" 200 150 "-" "Mozilla/5.0 (Macintosh; Intel Mac OS X 10_15_7) AppleWebKit/537.36 (KHTML, like Gecko) Chrome/131.0.0.0 Safari/537.36; compatible; OAI-SearchBot/1.3; robots.txt; +https://openai.com/searchbot"
184.94.212.206 - - [28/Apr/2026:11:06:31 +0000] "POST /wp-cron.php?doing_wp_cron=1777374389.8624560832977294921875 HTTP/1.1" 200 - "-" "WordPress/6.9.4; https://maxvirusprotection.com"
192.0.85.167 - - [28/Apr/2026:11:06:28 +0000] "HEAD / HTTP/1.1" 200 - "-" "jetmon/1.0 (Jetpack Site Uptime Monitor by WordPress.com)"
184.94.212.206 - - [28/Apr/2026:11:06:55 +0000] "POST /wp-cron.php?doing_wp_cron=1777374414.3079090118408203125000 HTTP/1.1" 200 - "-" "WordPress/6.9.4; https://maxvirusprotection.com"
114.119.140.103 - - [28/Apr/2026:11:06:53 +0000] "GET /best-antivirus-software-2025-for-windows/?share=facebook HTTP/1.1" 302 - "https://maxvirusprotection.com/best-antivirus-software-2025-for-windows/" "Mozilla/5.0 (Linux; Android 7.0;) AppleWebKit/537.36 (HTML, like Gecko) Mobile Safari/537.36 (compatible; PetalBot;+https://webmaster.petalsearch.com/site/petalbot)"
13.210.97.104 - - [28/Apr/2026:11:08:07 +0000] "GET /wp-login.php HTTP/1.1" 200 4402 "-" "Mozilla/5.0 (Macintosh; Intel Mac OS X 10_13_2) AppleWebKit/537.36 (KHTML, like Gecko) Chrome/66.0.3359.139 Safari/537.36"
13.210.97.104 - - [28/Apr/2026:11:08:11 +0000] "POST /wp-login.php HTTP/1.1" 200 4402 "https://maxvirusprotection.com/wp-login.php" "Mozilla/5.0 (Macintosh; Intel Mac OS X 10_13_2) AppleWebKit/537.36 (KHTML, like Gecko) Chrome/66.0.3359.139 Safari/537.36"
151.250.1.191 - - [28/Apr/2026:11:08:43 +0000] "GET /tag/website-design/ HTTP/1.1" 200 43951 "-" "Mozilla/5.0 (Macintosh; Intel Mac OS X 13_6_4) AppleWebKit/537.36 (KHTML, like Gecko) Chrome/124.0.6367.155 Safari/537.36"
103.211.200.45 - - [28/Apr/2026:11:09:56 +0000] "GET /wp-login.php HTTP/1.1" 200 4402 "-" "Mozilla/5.0 (Macintosh; Intel Mac OS X 10_13_4) AppleWebKit/537.36 (KHTML, like Gecko) Chrome/65.0.3325.181 Safari/537.36"
103.211.200.45 - - [28/Apr/2026:11:09:58 +0000] "POST /wp-login.php HTTP/1.1" 200 4402 "https://maxvirusprotection.com/wp-login.php" "Mozilla/5.0 (Macintosh; Intel Mac OS X 10_13_4) AppleWebKit/537.36 (KHTML, like Gecko) Chrome/65.0.3325.181 Safari/537.36"
184.94.212.206 - - [28/Apr/2026:11:11:22 +0000] "POST /wp-cron.php?doing_wp_cron=1777374682.4694859981536865234375 HTTP/1.1" 200 - "-" "WordPress/6.9.4; https://maxvirusprotection.com"
14.190.8.133 - - [28/Apr/2026:11:11:20 +0000] "GET /tag/antivirus-software/ HTTP/1.1" 200 44230 "-" "Mozilla/5.0 (Windows NT 6.2; Win64; x64) AppleWebKit/537.36 (KHTML, like Gecko) Chrome/72.0.3626.121 Safari/537.36"
184.94.212.206 - - [28/Apr/2026:11:11:27 +0000] "POST /wp-cron.php?doing_wp_cron=1777374687.5138969421386718750000 HTTP/1.1" 200 - "-" "WordPress/6.9.4; https://maxvirusprotection.com"
192.0.85.167 - - [28/Apr/2026:11:11:26 +0000] "HEAD / HTTP/1.1" 200 - "-" "jetmon/1.0 (Jetpack Site Uptime Monitor by WordPress.com)"
184.94.212.206 - - [28/Apr/2026:11:12:08 +0000] "POST /wp-cron.php?doing_wp_cron=1777374728.8288319110870361328125 HTTP/1.1" 200 - "-" "WordPress/6.9.4; https://maxvirusprotection.com"
114.119.135.215 - - [28/Apr/2026:11:12:07 +0000] "GET /author/h0tn1ch3s/page/5/?noamp=mobile HTTP/1.1" 200 47460 "https://maxvirusprotection.com/author/h0tn1ch3s/page/4/?noamp=mobile" "Mozilla/5.0 (Linux; Android 7.0;) AppleWebKit/537.36 (HTML, like Gecko) Mobile Safari/537.36 (compatible; PetalBot;+https://webmaster.petalsearch.com/site/petalbot)"
37.212.81.6 - - [28/Apr/2026:11:12:24 +0000] "GET /in-relation-to-laptops-we-supply-the-best-tips/?share=facebook HTTP/1.1" 302 - "-" "Mozilla/5.0 (Macintosh; Intel Mac OS X 10_15_6) AppleWebKit/537.36 (KHTML, like Gecko) Brave Chrome/83.0.4103.106 Safari/537.36"
192.0.112.241 - - [28/Apr/2026:11:14:54 +0000] "GET /wp-content/uploads/2020/03/looking_for_fresh_web_page_design_tips_check_these_out.jpg HTTP/1.1" 200 - "-" "Photon/1.0"
118.139.167.171 - - [28/Apr/2026:11:15:37 +0000] "GET /wp-login.php HTTP/1.1" 200 4403 "-" "Mozilla/4.0 (compatible; MSIE 7.0; Windows NT 10.0; WOW64; Trident/7.0; .NET4.0C; .NET4.0E; .NET CLR 2.0.50727; .NET CLR 3.0.30729; .NET CLR 3.5.30729; InfoPath.3)"
118.139.167.171 - - [28/Apr/2026:11:15:39 +0000] "POST /wp-login.php HTTP/1.1" 200 4403 "https://maxvirusprotection.com/wp-login.php" "Mozilla/4.0 (compatible; MSIE 7.0; Windows NT 10.0; WOW64; Trident/7.0; .NET4.0C; .NET4.0E; .NET CLR 2.0.50727; .NET CLR 3.0.30729; .NET CLR 3.5.30729; InfoPath.3)"
184.94.212.206 - - [28/Apr/2026:11:15:57 +0000] "POST /wp-cron.php?doing_wp_cron=1777374957.7550289630889892578125 HTTP/1.1" 200 - "-" "WordPress/6.9.4; https://maxvirusprotection.com"
216.73.217.123 - - [28/Apr/2026:11:15:56 +0000] "GET /sitemap.xml HTTP/1.1" 200 302 "-" "Mozilla/5.0 AppleWebKit/537.36 (KHTML, like Gecko; compatible; ClaudeBot/1.0; +claudebot@anthropic.com)"
184.94.212.206 - - [28/Apr/2026:11:16:28 +0000] "POST /wp-cron.php?doing_wp_cron=1777374988.6830930709838867187500 HTTP/1.1" 200 - "-" "WordPress/6.9.4; https://maxvirusprotection.com"
192.0.85.167 - - [28/Apr/2026:11:16:27 +0000] "HEAD / HTTP/1.1" 200 - "-" "jetmon/1.0 (Jetpack Site Uptime Monitor by WordPress.com)"
184.94.212.206 - - [28/Apr/2026:11:17:25 +0000] "POST /wp-cron.php?doing_wp_cron=1777375045.0716419219970703125000 HTTP/1.1" 200 - "-" "WordPress/6.9.4; https://maxvirusprotection.com"
114.119.141.152 - - [28/Apr/2026:11:17:23 +0000] "GET /author/h0tn1ch3s/page/3/?amp HTTP/1.1" 200 46896 "https://maxvirusprotection.com/author/h0tn1ch3s/page/4/?amp" "Mozilla/5.0 (Linux; Android 7.0;) AppleWebKit/537.36 (HTML, like Gecko) Mobile Safari/537.36 (compatible; PetalBot;+https://webmaster.petalsearch.com/site/petalbot)"
184.94.212.206 - - [28/Apr/2026:11:20:31 +0000] "POST /wp-cron.php?doing_wp_cron=1777375231.2127339839935302734375 HTTP/1.1" 200 - "-" "WordPress/6.9.4; https://maxvirusprotection.com"
40.160.252.52 - - [28/Apr/2026:11:20:27 +0000] "GET / HTTP/1.1" 200 47525 "-" "Mozilla/5.0 (Windows NT 10.0; Win64; x64) AppleWebKit/537.36 (KHTML, like Gecko) Chrome/131.0.0.0 Safari/537.36"
184.94.212.206 - - [28/Apr/2026:11:21:29 +0000] "POST /wp-cron.php?doing_wp_cron=1777375289.7653789520263671875000 HTTP/1.1" 200 - "-" "WordPress/6.9.4; https://maxvirusprotection.com"
192.0.85.167 - - [28/Apr/2026:11:21:28 +0000] "HEAD / HTTP/1.1" 200 - "-" "jetmon/1.0 (Jetpack Site Uptime Monitor by WordPress.com)"
184.94.212.206 - - [28/Apr/2026:11:22:44 +0000] "POST /wp-cron.php?doing_wp_cron=1777375364.4039709568023681640625 HTTP/1.1" 200 - "-" "WordPress/6.9.4; https://maxvirusprotection.com"
114.119.155.2 - - [28/Apr/2026:11:22:42 +0000] "GET /anti-spam-policy?share=x HTTP/1.1" 302 - "https://maxvirusprotection.com/anti-spam-policy?noamp=mobile" "Mozilla/5.0 (Linux; Android 7.0;) AppleWebKit/537.36 (HTML, like Gecko) Mobile Safari/537.36 (compatible; PetalBot;+https://webmaster.petalsearch.com/site/petalbot)"
216.73.217.123 - - [28/Apr/2026:11:23:20 +0000] "GET /news-sitemap.xml HTTP/1.1" 200 315 "-" "Mozilla/5.0 AppleWebKit/537.36 (KHTML, like Gecko; compatible; ClaudeBot/1.0; +claudebot@anthropic.com)"
184.94.212.206 - - [28/Apr/2026:11:26:30 +0000] "POST /wp-cron.php?doing_wp_cron=1777375590.8607530593872070312500 HTTP/1.1" 200 - "-" "WordPress/6.9.4; https://maxvirusprotection.com"
192.0.85.167 - - [28/Apr/2026:11:26:29 +0000] "HEAD / HTTP/1.1" 200 - "-" "jetmon/1.0 (Jetpack Site Uptime Monitor by WordPress.com)"