192.0.85.167 - - [27/Apr/2026:20:46:27 +0000] "HEAD / HTTP/1.1" 200 - "-" "jetmon/1.0 (Jetpack Site Uptime Monitor by WordPress.com)"
184.94.212.206 - - [27/Apr/2026:20:49:10 +0000] "POST /wp-cron.php?doing_wp_cron=1777322950.7143421173095703125000 HTTP/1.1" 200 - "-" "WordPress/6.9.4; https://maxvirusprotection.com"
114.119.155.2 - - [27/Apr/2026:20:49:09 +0000] "GET /learn-all-about-desktop-computers-thanks-to-this-article/?share=facebook HTTP/1.1" 302 - "https://maxvirusprotection.com/learn-all-about-desktop-computers-thanks-to-this-article/" "Mozilla/5.0 (Linux; Android 7.0;) AppleWebKit/537.36 (HTML, like Gecko) Mobile Safari/537.36 (compatible; PetalBot;+https://webmaster.petalsearch.com/site/petalbot)"
216.244.66.229 - - [27/Apr/2026:20:49:48 +0000] "GET /robots.txt HTTP/1.1" 200 289 "-" "Mozilla/5.0 (compatible; DotBot/1.2; +https://opensiteexplorer.org/dotbot; help@moz.com)"
135.236.141.8 - - [27/Apr/2026:20:50:21 +0000] "GET /wp-login.php HTTP/1.1" 200 4402 "-" "Mozilla/5.0 (Windows NT 10.0; WOW64) AppleWebKit/537.36 (KHTML, like Gecko) Chrome/63.0.3239.132 Safari/537.36 OPR/50.0.2762.67"
135.236.141.8 - - [27/Apr/2026:20:50:22 +0000] "POST /wp-login.php HTTP/1.1" 200 4402 "https://maxvirusprotection.com/wp-login.php" "Mozilla/5.0 (Windows NT 10.0; WOW64) AppleWebKit/537.36 (KHTML, like Gecko) Chrome/63.0.3239.132 Safari/537.36 OPR/50.0.2762.67"
184.94.212.206 - - [27/Apr/2026:20:51:27 +0000] "POST /wp-cron.php?doing_wp_cron=1777323087.7513298988342285156250 HTTP/1.1" 200 - "-" "WordPress/6.9.4; https://maxvirusprotection.com"
192.0.85.167 - - [27/Apr/2026:20:51:26 +0000] "HEAD / HTTP/1.1" 200 - "-" "jetmon/1.0 (Jetpack Site Uptime Monitor by WordPress.com)"
46.8.187.186 - - [27/Apr/2026:20:53:29 +0000] "GET /wp-login.php HTTP/1.1" 200 4402 "-" "Mozilla/5.0 (Windows NT 6.2; Win64; x64) AppleWebKit/537.36 (KHTML, like Gecko) Chrome/67.0.3396.87 Safari/537.36"
46.8.187.186 - - [27/Apr/2026:20:53:31 +0000] "POST /wp-login.php HTTP/1.1" 200 4402 "https://maxvirusprotection.com/wp-login.php" "Mozilla/5.0 (Windows NT 6.2; Win64; x64) AppleWebKit/537.36 (KHTML, like Gecko) Chrome/67.0.3396.87 Safari/537.36"
202.183.141.189 - - [27/Apr/2026:20:54:58 +0000] "GET /wp-login.php HTTP/1.1" 200 4402 "-" "Mozilla/5.0 (compatible; MSIE 10.0; Windows NT 6.2; Win64; x64; Trident/7.0)"
202.183.141.189 - - [27/Apr/2026:20:55:00 +0000] "POST /wp-login.php HTTP/1.1" 200 4402 "https://maxvirusprotection.com/wp-login.php" "Mozilla/5.0 (compatible; MSIE 10.0; Windows NT 6.2; Win64; x64; Trident/7.0)"
184.94.212.206 - - [27/Apr/2026:20:56:27 +0000] "POST /wp-cron.php?doing_wp_cron=1777323387.6636729240417480468750 HTTP/1.1" 200 - "-" "WordPress/6.9.4; https://maxvirusprotection.com"
192.0.85.167 - - [27/Apr/2026:20:56:25 +0000] "HEAD / HTTP/1.1" 200 - "-" "jetmon/1.0 (Jetpack Site Uptime Monitor by WordPress.com)"
184.94.212.206 - - [27/Apr/2026:20:59:43 +0000] "POST /wp-cron.php?doing_wp_cron=1777323583.1406300067901611328125 HTTP/1.1" 200 - "-" "WordPress/6.9.4; https://maxvirusprotection.com"
20.89.19.162 - - [27/Apr/2026:20:59:41 +0000] "GET /inputs.php HTTP/1.1" 404 41654 "-" "Mozilla/5.0 (Windows NT 10.0; Win64; x64) AppleWebKit/537.36 (KHTML, like Gecko) Chrome/120.0.0.0 Safari/537.36"
20.89.19.162 - - [27/Apr/2026:20:59:43 +0000] "GET /ioxi-o.php HTTP/1.1" 404 41657 "-" "Mozilla/5.0 (Windows NT 10.0; Win64; x64) AppleWebKit/537.36 (KHTML, like Gecko) Chrome/120.0.0.0 Safari/537.36"
20.89.19.162 - - [27/Apr/2026:20:59:44 +0000] "GET /function/function.php HTTP/1.1" 404 41656 "-" "Mozilla/5.0 (Windows NT 10.0; Win64; x64) AppleWebKit/537.36 (KHTML, like Gecko) Chrome/120.0.0.0 Safari/537.36"
20.89.19.162 - - [27/Apr/2026:20:59:46 +0000] "GET /rip.php HTTP/1.1" 404 41654 "-" "Mozilla/5.0 (Windows NT 10.0; Win64; x64) AppleWebKit/537.36 (KHTML, like Gecko) Chrome/120.0.0.0 Safari/537.36"
20.89.19.162 - - [27/Apr/2026:20:59:47 +0000] "GET /admin.php HTTP/1.1" 404 41650 "-" "Mozilla/5.0 (Windows NT 10.0; Win64; x64) AppleWebKit/537.36 (KHTML, like Gecko) Chrome/120.0.0.0 Safari/537.36"
20.89.19.162 - - [27/Apr/2026:20:59:48 +0000] "GET /wp-content/uploads/index.php HTTP/1.1" 301 - "-" "Mozilla/5.0 (Windows NT 10.0; Win64; x64) AppleWebKit/537.36 (KHTML, like Gecko) Chrome/120.0.0.0 Safari/537.36"
20.89.19.162 - - [27/Apr/2026:20:59:49 +0000] "GET /cache.php HTTP/1.1" 404 41656 "-" "Mozilla/5.0 (Windows NT 10.0; Win64; x64) AppleWebKit/537.36 (KHTML, like Gecko) Chrome/120.0.0.0 Safari/537.36"
20.89.19.162 - - [27/Apr/2026:20:59:51 +0000] "GET /themes.php HTTP/1.1" 404 41654 "-" "Mozilla/5.0 (Windows NT 10.0; Win64; x64) AppleWebKit/537.36 (KHTML, like Gecko) Chrome/120.0.0.0 Safari/537.36"
20.89.19.162 - - [27/Apr/2026:20:59:52 +0000] "GET /an.php HTTP/1.1" 404 41649 "-" "Mozilla/5.0 (Windows NT 10.0; Win64; x64) AppleWebKit/537.36 (KHTML, like Gecko) Chrome/120.0.0.0 Safari/537.36"
20.89.19.162 - - [27/Apr/2026:20:59:53 +0000] "GET /index/function.php HTTP/1.1" 404 41657 "-" "Mozilla/5.0 (Windows NT 10.0; Win64; x64) AppleWebKit/537.36 (KHTML, like Gecko) Chrome/120.0.0.0 Safari/537.36"
20.89.19.162 - - [27/Apr/2026:20:59:54 +0000] "GET /randkeyword.PhP7 HTTP/1.1" 404 41664 "-" "Mozilla/5.0 (Windows NT 10.0; Win64; x64) AppleWebKit/537.36 (KHTML, like Gecko) Chrome/120.0.0.0 Safari/537.36"
20.89.19.162 - - [27/Apr/2026:20:59:56 +0000] "GET /ws.php HTTP/1.1" 404 41654 "-" "Mozilla/5.0 (Windows NT 10.0; Win64; x64) AppleWebKit/537.36 (KHTML, like Gecko) Chrome/120.0.0.0 Safari/537.36"
20.89.19.162 - - [27/Apr/2026:20:59:57 +0000] "GET /404.php HTTP/1.1" 404 41654 "-" "Mozilla/5.0 (Windows NT 10.0; Win64; x64) AppleWebKit/537.36 (KHTML, like Gecko) Chrome/120.0.0.0 Safari/537.36"
20.89.19.162 - - [27/Apr/2026:20:59:58 +0000] "GET /wp-admin/user.php HTTP/1.1" 404 41653 "-" "Mozilla/5.0 (Windows NT 10.0; Win64; x64) AppleWebKit/537.36 (KHTML, like Gecko) Chrome/120.0.0.0 Safari/537.36"
20.89.19.162 - - [27/Apr/2026:21:00:00 +0000] "GET /wp-conf.php HTTP/1.1" 404 41654 "-" "Mozilla/5.0 (Windows NT 10.0; Win64; x64) AppleWebKit/537.36 (KHTML, like Gecko) Chrome/120.0.0.0 Safari/537.36"
20.89.19.162 - - [27/Apr/2026:21:00:01 +0000] "GET /wp-content/themes/hideo/network.php HTTP/1.1" 404 41918 "-" "Mozilla/5.0 (Windows NT 10.0; Win64; x64) AppleWebKit/537.36 (KHTML, like Gecko) Chrome/120.0.0.0 Safari/537.36"
20.89.19.162 - - [27/Apr/2026:21:00:04 +0000] "GET /wp-login.php HTTP/1.1" 200 4200 "-" "Mozilla/5.0 (Windows NT 10.0; Win64; x64) AppleWebKit/537.36 (KHTML, like Gecko) Chrome/120.0.0.0 Safari/537.36"
20.89.19.162 - - [27/Apr/2026:21:00:06 +0000] "GET /abc.php HTTP/1.1" 404 41652 "-" "Mozilla/5.0 (Windows NT 10.0; Win64; x64) AppleWebKit/537.36 (KHTML, like Gecko) Chrome/120.0.0.0 Safari/537.36"
20.89.19.162 - - [27/Apr/2026:21:00:07 +0000] "GET /abcd.php HTTP/1.1" 404 41654 "-" "Mozilla/5.0 (Windows NT 10.0; Win64; x64) AppleWebKit/537.36 (KHTML, like Gecko) Chrome/120.0.0.0 Safari/537.36"
20.89.19.162 - - [27/Apr/2026:21:00:09 +0000] "GET /as.php HTTP/1.1" 404 41650 "-" "Mozilla/5.0 (Windows NT 10.0; Win64; x64) AppleWebKit/537.36 (KHTML, like Gecko) Chrome/120.0.0.0 Safari/537.36"
20.89.19.162 - - [27/Apr/2026:21:00:11 +0000] "GET /wp-trackback.php HTTP/1.1" 404 130 "-" "Mozilla/5.0 (Windows NT 10.0; Win64; x64) AppleWebKit/537.36 (KHTML, like Gecko) Chrome/120.0.0.0 Safari/537.36"
20.89.19.162 - - [27/Apr/2026:21:00:12 +0000] "GET /about.php HTTP/1.1" 404 41653 "-" "Mozilla/5.0 (Windows NT 10.0; Win64; x64) AppleWebKit/537.36 (KHTML, like Gecko) Chrome/120.0.0.0 Safari/537.36"
20.89.19.162 - - [27/Apr/2026:21:00:14 +0000] "GET /file.php HTTP/1.1" 404 41654 "-" "Mozilla/5.0 (Windows NT 10.0; Win64; x64) AppleWebKit/537.36 (KHTML, like Gecko) Chrome/120.0.0.0 Safari/537.36"
20.89.19.162 - - [27/Apr/2026:21:00:16 +0000] "GET /adminfuns.php HTTP/1.1" 404 41656 "-" "Mozilla/5.0 (Windows NT 10.0; Win64; x64) AppleWebKit/537.36 (KHTML, like Gecko) Chrome/120.0.0.0 Safari/537.36"
20.89.19.162 - - [27/Apr/2026:21:00:17 +0000] "GET /wp-good.php HTTP/1.1" 404 41653 "-" "Mozilla/5.0 (Windows NT 10.0; Win64; x64) AppleWebKit/537.36 (KHTML, like Gecko) Chrome/120.0.0.0 Safari/537.36"
20.89.19.162 - - [27/Apr/2026:21:00:19 +0000] "GET /xmlrpc.php HTTP/1.1" 404 41650 "-" "Mozilla/5.0 (Windows NT 10.0; Win64; x64) AppleWebKit/537.36 (KHTML, like Gecko) Chrome/120.0.0.0 Safari/537.36"
20.89.19.162 - - [27/Apr/2026:21:00:20 +0000] "GET /goods.php HTTP/1.1" 404 41656 "-" "Mozilla/5.0 (Windows NT 10.0; Win64; x64) AppleWebKit/537.36 (KHTML, like Gecko) Chrome/120.0.0.0 Safari/537.36"
20.89.19.162 - - [27/Apr/2026:21:00:21 +0000] "GET /class-t.api.php HTTP/1.1" 404 41659 "-" "Mozilla/5.0 (Windows NT 10.0; Win64; x64) AppleWebKit/537.36 (KHTML, like Gecko) Chrome/120.0.0.0 Safari/537.36"
20.89.19.162 - - [27/Apr/2026:21:00:23 +0000] "GET /sf.php HTTP/1.1" 404 41655 "-" "Mozilla/5.0 (Windows NT 10.0; Win64; x64) AppleWebKit/537.36 (KHTML, like Gecko) Chrome/120.0.0.0 Safari/537.36"
20.89.19.162 - - [27/Apr/2026:21:00:24 +0000] "GET /kbfr.php HTTP/1.1" 404 41656 "-" "Mozilla/5.0 (Windows NT 10.0; Win64; x64) AppleWebKit/537.36 (KHTML, like Gecko) Chrome/120.0.0.0 Safari/537.36"
114.119.138.205 - - [27/Apr/2026:21:00:24 +0000] "GET /tips-to-web-design-that-will-help-you-succeed HTTP/1.1" 301 - "https://maxvirusprotection.com/the-best-laptop-advice-you-will-read?noamp=mobile" "Mozilla/5.0 (Linux; Android 7.0;) AppleWebKit/537.36 (HTML, like Gecko) Mobile Safari/537.36 (compatible; PetalBot;+https://webmaster.petalsearch.com/site/petalbot)"
20.89.19.162 - - [27/Apr/2026:21:00:26 +0000] "GET /autoload_classmap.php HTTP/1.1" 404 41663 "-" "Mozilla/5.0 (Windows NT 10.0; Win64; x64) AppleWebKit/537.36 (KHTML, like Gecko) Chrome/120.0.0.0 Safari/537.36"
114.119.138.205 - - [27/Apr/2026:21:00:26 +0000] "GET /tips-to-web-design-that-will-help-you-succeed/ HTTP/1.1" 200 47953 "https://maxvirusprotection.com/the-best-laptop-advice-you-will-read?noamp=mobile" "Mozilla/5.0 (Linux; Android 7.0;) AppleWebKit/537.36 (HTML, like Gecko) Mobile Safari/537.36 (compatible; PetalBot;+https://webmaster.petalsearch.com/site/petalbot)"
20.89.19.162 - - [27/Apr/2026:21:00:27 +0000] "GET /chosen.php?p= HTTP/1.1" 301 - "-" "Mozilla/5.0 (Windows NT 10.0; Win64; x64) AppleWebKit/537.36 (KHTML, like Gecko) Chrome/120.0.0.0 Safari/537.36"
20.89.19.162 - - [27/Apr/2026:21:00:28 +0000] "GET /classwithtostring.php HTTP/1.1" 404 41657 "-" "Mozilla/5.0 (Windows NT 10.0; Win64; x64) AppleWebKit/537.36 (KHTML, like Gecko) Chrome/120.0.0.0 Safari/537.36"
20.89.19.162 - - [27/Apr/2026:21:00:30 +0000] "GET /defaults.php HTTP/1.1" 404 41656 "-" "Mozilla/5.0 (Windows NT 10.0; Win64; x64) AppleWebKit/537.36 (KHTML, like Gecko) Chrome/120.0.0.0 Safari/537.36"
20.89.19.162 - - [27/Apr/2026:21:00:31 +0000] "GET /.well-known/ HTTP/1.1" 404 41664 "-" "Mozilla/5.0 (Windows NT 10.0; Win64; x64) AppleWebKit/537.36 (KHTML, like Gecko) Chrome/120.0.0.0 Safari/537.36"
20.89.19.162 - - [27/Apr/2026:21:00:32 +0000] "GET /info.php HTTP/1.1" 404 41655 "-" "Mozilla/5.0 (Windows NT 10.0; Win64; x64) AppleWebKit/537.36 (KHTML, like Gecko) Chrome/120.0.0.0 Safari/537.36"
20.89.19.162 - - [27/Apr/2026:21:00:34 +0000] "GET /cgi-bin/ HTTP/1.1" 404 41657 "-" "Mozilla/5.0 (Windows NT 10.0; Win64; x64) AppleWebKit/537.36 (KHTML, like Gecko) Chrome/120.0.0.0 Safari/537.36"
20.89.19.162 - - [27/Apr/2026:21:00:35 +0000] "GET /wp-includes/Requests/src/Response/about.php HTTP/1.1" 404 41923 "-" "Mozilla/5.0 (Windows NT 10.0; Win64; x64) AppleWebKit/537.36 (KHTML, like Gecko) Chrome/120.0.0.0 Safari/537.36"
20.89.19.162 - - [27/Apr/2026:21:00:36 +0000] "GET /wp-includes/html-api/ HTTP/1.1" 404 41659 "-" "Mozilla/5.0 (Windows NT 10.0; Win64; x64) AppleWebKit/537.36 (KHTML, like Gecko) Chrome/120.0.0.0 Safari/537.36"
20.89.19.162 - - [27/Apr/2026:21:00:37 +0000] "GET /wp-content/admin.php HTTP/1.1" 404 41654 "-" "Mozilla/5.0 (Windows NT 10.0; Win64; x64) AppleWebKit/537.36 (KHTML, like Gecko) Chrome/120.0.0.0 Safari/537.36"
20.89.19.162 - - [27/Apr/2026:21:00:39 +0000] "GET /wp-admin/css/colors/ectoplasm/ HTTP/1.1" 404 41918 "-" "Mozilla/5.0 (Windows NT 10.0; Win64; x64) AppleWebKit/537.36 (KHTML, like Gecko) Chrome/120.0.0.0 Safari/537.36"
20.89.19.162 - - [27/Apr/2026:21:00:40 +0000] "GET /wp-content/uploads/ HTTP/1.1" 404 41650 "-" "Mozilla/5.0 (Windows NT 10.0; Win64; x64) AppleWebKit/537.36 (KHTML, like Gecko) Chrome/120.0.0.0 Safari/537.36"
20.89.19.162 - - [27/Apr/2026:21:00:41 +0000] "GET /wp-content/themes/admin.php HTTP/1.1" 404 41907 "-" "Mozilla/5.0 (Windows NT 10.0; Win64; x64) AppleWebKit/537.36 (KHTML, like Gecko) Chrome/120.0.0.0 Safari/537.36"
20.89.19.162 - - [27/Apr/2026:21:00:42 +0000] "GET /wp-content/themes/index.php HTTP/1.1" 301 - "-" "Mozilla/5.0 (Windows NT 10.0; Win64; x64) AppleWebKit/537.36 (KHTML, like Gecko) Chrome/120.0.0.0 Safari/537.36"
20.89.19.162 - - [27/Apr/2026:21:00:43 +0000] "GET /wp-content/plugins/index.php HTTP/1.1" 301 - "-" "Mozilla/5.0 (Windows NT 10.0; Win64; x64) AppleWebKit/537.36 (KHTML, like Gecko) Chrome/120.0.0.0 Safari/537.36"
20.89.19.162 - - [27/Apr/2026:21:00:44 +0000] "GET /wp-includes/PHPMailer/ HTTP/1.1" 404 41661 "-" "Mozilla/5.0 (Windows NT 10.0; Win64; x64) AppleWebKit/537.36 (KHTML, like Gecko) Chrome/120.0.0.0 Safari/537.36"
20.89.19.162 - - [27/Apr/2026:21:00:46 +0000] "GET /wp-includes/images/ HTTP/1.1" 404 41656 "-" "Mozilla/5.0 (Windows NT 10.0; Win64; x64) AppleWebKit/537.36 (KHTML, like Gecko) Chrome/120.0.0.0 Safari/537.36"
20.89.19.162 - - [27/Apr/2026:21:00:47 +0000] "GET /wp-content/plugins/WordPressCore/ HTTP/1.1" 404 41908 "-" "Mozilla/5.0 (Windows NT 10.0; Win64; x64) AppleWebKit/537.36 (KHTML, like Gecko) Chrome/120.0.0.0 Safari/537.36"
184.94.212.206 - - [27/Apr/2026:21:01:28 +0000] "POST /wp-cron.php?doing_wp_cron=1777323688.3645150661468505859375 HTTP/1.1" 200 - "-" "WordPress/6.9.4; https://maxvirusprotection.com"
192.0.85.167 - - [27/Apr/2026:21:01:27 +0000] "HEAD / HTTP/1.1" 200 - "-" "jetmon/1.0 (Jetpack Site Uptime Monitor by WordPress.com)"
184.94.212.206 - - [27/Apr/2026:21:02:48 +0000] "POST /wp-cron.php?doing_wp_cron=1777323768.8126139640808105468750 HTTP/1.1" 200 - "-" "WordPress/6.9.4; https://maxvirusprotection.com"
216.244.66.229 - - [27/Apr/2026:21:02:47 +0000] "GET /the-best-information-about-desktop-computers-youll-find-online/?share=x HTTP/1.1" 302 - "-" "Mozilla/5.0 (compatible; DotBot/1.2; +https://opensiteexplorer.org/dotbot; help@moz.com)"
184.94.212.206 - - [27/Apr/2026:21:04:38 +0000] "POST /wp-cron.php?doing_wp_cron=1777323878.2927649021148681640625 HTTP/1.1" 200 - "-" "WordPress/6.9.4; https://maxvirusprotection.com"
91.193.232.78 - - [27/Apr/2026:21:04:36 +0000] "POST /wp-login.php HTTP/1.1" 401 3499 "-" "Mozilla/5.0"
114.119.148.120 - - [27/Apr/2026:21:05:38 +0000] "GET /quick-and-easy-website-creation-tips-for-the-new-designer/?share=twitter HTTP/1.1" 302 - "https://maxvirusprotection.com/quick-and-easy-website-creation-tips-for-the-new-designer/" "Mozilla/5.0 (Linux; Android 7.0;) AppleWebKit/537.36 (HTML, like Gecko) Mobile Safari/537.36 (compatible; PetalBot;+https://webmaster.petalsearch.com/site/petalbot)"
184.94.212.206 - - [27/Apr/2026:21:06:28 +0000] "POST /wp-cron.php?doing_wp_cron=1777323988.6085638999938964843750 HTTP/1.1" 200 - "-" "WordPress/6.9.4; https://maxvirusprotection.com"
192.0.85.167 - - [27/Apr/2026:21:06:26 +0000] "HEAD / HTTP/1.1" 200 - "-" "jetmon/1.0 (Jetpack Site Uptime Monitor by WordPress.com)"
13.210.97.104 - - [27/Apr/2026:21:07:06 +0000] "GET /wp-login.php HTTP/1.1" 200 4402 "-" "Mozilla/5.0 (Macintosh; Intel Mac OS X 10_11_6) AppleWebKit/603.3.8 (KHTML, like Gecko) Version/10.1.2 Safari/603.3.8"
13.210.97.104 - - [27/Apr/2026:21:07:08 +0000] "POST /wp-login.php HTTP/1.1" 200 4402 "https://maxvirusprotection.com/wp-login.php" "Mozilla/5.0 (Macintosh; Intel Mac OS X 10_11_6) AppleWebKit/603.3.8 (KHTML, like Gecko) Version/10.1.2 Safari/603.3.8"
184.94.212.206 - - [27/Apr/2026:21:08:27 +0000] "POST /wp-cron.php?doing_wp_cron=1777324107.9371008872985839843750 HTTP/1.1" 200 - "-" "WordPress/6.9.4; https://maxvirusprotection.com"
216.73.217.123 - - [27/Apr/2026:21:08:26 +0000] "GET /news-sitemap.xml HTTP/1.1" 200 315 "-" "Mozilla/5.0 AppleWebKit/537.36 (KHTML, like Gecko; compatible; ClaudeBot/1.0; +claudebot@anthropic.com)"
184.94.212.206 - - [27/Apr/2026:21:11:23 +0000] "POST /wp-cron.php?doing_wp_cron=1777324283.3777620792388916015625 HTTP/1.1" 200 - "-" "WordPress/6.9.4; https://maxvirusprotection.com"
114.119.144.105 - - [27/Apr/2026:21:11:21 +0000] "GET /the-best-laptop-advice-you-will-read?share=facebook HTTP/1.1" 302 - "https://maxvirusprotection.com/the-best-laptop-advice-you-will-read?noamp=mobile" "Mozilla/5.0 (Linux; Android 7.0;) AppleWebKit/537.36 (HTML, like Gecko) Mobile Safari/537.36 (compatible; PetalBot;+https://webmaster.petalsearch.com/site/petalbot)"
184.94.212.206 - - [27/Apr/2026:21:11:27 +0000] "POST /wp-cron.php?doing_wp_cron=1777324287.9556078910827636718750 HTTP/1.1" 200 - "-" "WordPress/6.9.4; https://maxvirusprotection.com"
192.0.85.167 - - [27/Apr/2026:21:11:26 +0000] "HEAD / HTTP/1.1" 200 - "-" "jetmon/1.0 (Jetpack Site Uptime Monitor by WordPress.com)"
184.94.212.206 - - [27/Apr/2026:21:12:33 +0000] "POST /wp-cron.php?doing_wp_cron=1777324353.9750089645385742187500 HTTP/1.1" 200 - "-" "WordPress/6.9.4; https://maxvirusprotection.com"
216.73.217.123 - - [27/Apr/2026:21:12:32 +0000] "GET /sitemap.xml HTTP/1.1" 200 302 "-" "Mozilla/5.0 AppleWebKit/537.36 (KHTML, like Gecko; compatible; ClaudeBot/1.0; +claudebot@anthropic.com)"
184.94.212.206 - - [27/Apr/2026:21:16:29 +0000] "POST /wp-cron.php?doing_wp_cron=1777324589.2653160095214843750000 HTTP/1.1" 200 - "-" "WordPress/6.9.4; https://maxvirusprotection.com"
192.0.85.167 - - [27/Apr/2026:21:16:27 +0000] "HEAD / HTTP/1.1" 200 - "-" "jetmon/1.0 (Jetpack Site Uptime Monitor by WordPress.com)"
103.90.232.170 - - [27/Apr/2026:21:16:45 +0000] "GET /wp-login.php HTTP/1.1" 200 4402 "-" "Mozilla/4.0 (compatible; MSIE 7.0; Windows NT 6.3; WOW64; Trident/7.0; .NET4.0E; .NET4.0C; .NET CLR 3.5.30729; .NET CLR 2.0.50727; .NET CLR 3.0.30729; InfoPath.3)"
103.90.232.170 - - [27/Apr/2026:21:16:47 +0000] "POST /wp-login.php HTTP/1.1" 200 4402 "https://maxvirusprotection.com/wp-login.php" "Mozilla/4.0 (compatible; MSIE 7.0; Windows NT 6.3; WOW64; Trident/7.0; .NET4.0E; .NET4.0C; .NET CLR 3.5.30729; .NET CLR 2.0.50727; .NET CLR 3.0.30729; InfoPath.3)"
184.94.212.206 - - [27/Apr/2026:21:17:04 +0000] "POST /wp-cron.php?doing_wp_cron=1777324624.9730439186096191406250 HTTP/1.1" 200 - "-" "WordPress/6.9.4; https://maxvirusprotection.com"
114.119.148.120 - - [27/Apr/2026:21:17:03 +0000] "GET /here-is-some-advice-about-desktop-computers/?share=twitter HTTP/1.1" 302 - "https://maxvirusprotection.com/here-is-some-advice-about-desktop-computers/" "Mozilla/5.0 (Linux; Android 7.0;) AppleWebKit/537.36 (HTML, like Gecko) Mobile Safari/537.36 (compatible; PetalBot;+https://webmaster.petalsearch.com/site/petalbot)"
51.222.95.72 - - [27/Apr/2026:21:17:44 +0000] "GET /here-is-some-advice-about-desktop-computers/ HTTP/1.1" 200 46973 "-" "Mozilla/5.0 (compatible; AhrefsBot/7.0; +http://ahrefs.com/robot/)"
65.108.245.16 - - [27/Apr/2026:21:18:34 +0000] "GET /wp-login.php HTTP/1.1" 200 4401 "-" "Mozilla/5.0 (Windows NT 5.1; Win64; x64) AppleWebKit/537.36 (KHTML, like Gecko) Chrome/65.0.3325.181 Safari/537.36 OPR/52.0.2871.99"
65.108.245.16 - - [27/Apr/2026:21:18:36 +0000] "POST /wp-login.php HTTP/1.1" 200 4401 "https://maxvirusprotection.com/wp-login.php" "Mozilla/5.0 (Windows NT 5.1; Win64; x64) AppleWebKit/537.36 (KHTML, like Gecko) Chrome/65.0.3325.181 Safari/537.36 OPR/52.0.2871.99"
184.94.212.206 - - [27/Apr/2026:21:20:26 +0000] "POST /wp-cron.php?doing_wp_cron=1777324826.1800029277801513671875 HTTP/1.1" 200 - "-" "WordPress/6.9.4; https://maxvirusprotection.com"
172.212.217.10 - - [27/Apr/2026:21:20:24 +0000] "GET /wp-content/plugins/hellopress/wp_filemanager.php HTTP/1.1" 404 116017 "-" "-"
172.212.217.10 - - [27/Apr/2026:21:20:26 +0000] "GET /settings.php HTTP/1.1" 404 114721 "-" "-"
172.212.217.10 - - [27/Apr/2026:21:20:27 +0000] "GET /sx.php HTTP/1.1" 404 114702 "-" "-"
172.212.217.10 - - [27/Apr/2026:21:20:29 +0000] "GET /connector.minimal.php HTTP/1.1" 404 114748 "-" "-"
172.212.217.10 - - [27/Apr/2026:21:20:30 +0000] "GET /.env.php.dist HTTP/1.1" 404 114724 "-" "-"
172.212.217.10 - - [27/Apr/2026:21:20:32 +0000] "GET /applications.php HTTP/1.1" 404 114733 "-" "-"
172.212.217.10 - - [27/Apr/2026:21:20:33 +0000] "GET /403.shtml HTTP/1.1" 404 114713 "-" "-"
172.212.217.10 - - [27/Apr/2026:21:20:34 +0000] "GET /ajax_officebuilding.php HTTP/1.1" 404 114755 "-" "-"
172.212.217.10 - - [27/Apr/2026:21:20:36 +0000] "GET /sys-details.php HTTP/1.1" 404 114730 "-" "-"
172.212.217.10 - - [27/Apr/2026:21:20:39 +0000] "GET /env.php HTTP/1.1" 404 114706 "-" "-"
172.212.217.10 - - [27/Apr/2026:21:20:41 +0000] "GET /release_info.php HTTP/1.1" 404 114733 "-" "-"
172.212.217.10 - - [27/Apr/2026:21:20:44 +0000] "GET /mailer_url.php HTTP/1.1" 404 114728 "-" "-"
172.212.217.10 - - [27/Apr/2026:21:20:46 +0000] "GET /iR7SzrsOUEP.php HTTP/1.1" 404 114731 "-" "-"
172.212.217.10 - - [27/Apr/2026:21:20:47 +0000] "GET /connector.php HTTP/1.1" 404 114725 "-" "-"
172.212.217.10 - - [27/Apr/2026:21:20:49 +0000] "GET /systeminfo.php HTTP/1.1" 404 114728 "-" "-"
172.212.217.10 - - [27/Apr/2026:21:20:50 +0000] "GET /403.shtml HTTP/1.1" 404 114713 "-" "-"
172.212.217.10 - - [27/Apr/2026:21:20:51 +0000] "GET /showphpinfo.php HTTP/1.1" 404 114731 "-" "-"
172.212.217.10 - - [27/Apr/2026:21:20:54 +0000] "GET /main.php HTTP/1.1" 404 114710 "-" "-"
161.35.103.195 - - [27/Apr/2026:21:20:55 +0000] "GET /design-the-site-of-your-dreams-with-these-tips/design_the_site_of_your_dreams_with_these_tips-jpg/ HTTP/1.1" 301 - "https://maxvirusprotection.com/" "Mozilla/5.0 (Windows NT 10.0; Win64; x64) AppleWebKit/537.36 (KHTML, like Gecko) Chrome/105.0.0.0 Safari/537.3"
172.212.217.10 - - [27/Apr/2026:21:20:56 +0000] "GET /phpsysinfo.php HTTP/1.1" 404 114727 "-" "-"
161.35.103.195 - - [27/Apr/2026:21:20:58 +0000] "GET /wp-content/uploads/2020/04/design_the_site_of_your_dreams_with_these_tips.jpg HTTP/1.1" 200 71516 "https://maxvirusprotection.com/" "Mozilla/5.0 (Windows NT 10.0; Win64; x64) AppleWebKit/537.36 (KHTML, like Gecko) Chrome/105.0.0.0 Safari/537.3"
172.212.217.10 - - [27/Apr/2026:21:20:57 +0000] "GET /phpinfo__.php HTTP/1.1" 404 114724 "-" "-"
172.212.217.10 - - [27/Apr/2026:21:20:59 +0000] "GET /sys-info.php HTTP/1.1" 404 114721 "-" "-"
172.212.217.10 - - [27/Apr/2026:21:21:00 +0000] "GET /profile.php HTTP/1.1" 404 114717 "-" "-"
172.212.217.10 - - [27/Apr/2026:21:21:02 +0000] "GET /defau1t.php HTTP/1.1" 404 114718 "-" "-"
172.212.217.10 - - [27/Apr/2026:21:21:03 +0000] "GET /fraie1p4.php HTTP/1.1" 404 114721 "-" "-"
172.212.217.10 - - [27/Apr/2026:21:21:05 +0000] "GET /routes.php HTTP/1.1" 404 114715 "-" "-"
184.94.212.206 - - [27/Apr/2026:21:21:07 +0000] "POST /wp-cron.php?doing_wp_cron=1777324867.5496270656585693359375 HTTP/1.1" 200 - "-" "WordPress/6.9.4; https://maxvirusprotection.com"
172.212.217.10 - - [27/Apr/2026:21:21:06 +0000] "GET /del.php HTTP/1.1" 404 114706 "-" "-"
172.212.217.10 - - [27/Apr/2026:21:21:08 +0000] "GET /c99shell.php HTTP/1.1" 404 114722 "-" "-"
172.212.217.10 - - [27/Apr/2026:21:21:10 +0000] "GET /vv.php HTTP/1.1" 404 114703 "-" "-"
172.212.217.10 - - [27/Apr/2026:21:21:11 +0000] "GET /database.php HTTP/1.1" 404 114722 "-" "-"
172.212.217.10 - - [27/Apr/2026:21:21:12 +0000] "GET /smtp.php HTTP/1.1" 404 114710 "-" "-"
172.212.217.10 - - [27/Apr/2026:21:21:14 +0000] "GET /oo.php HTTP/1.1" 404 114704 "-" "-"
172.212.217.10 - - [27/Apr/2026:21:21:16 +0000] "GET /sk.php HTTP/1.1" 404 114703 "-" "-"
172.212.217.10 - - [27/Apr/2026:21:21:17 +0000] "GET /content.php888 HTTP/1.1" 404 114728 "-" "-"
172.212.217.10 - - [27/Apr/2026:21:21:19 +0000] "GET /loading.php HTTP/1.1" 404 114719 "-" "-"
172.212.217.10 - - [27/Apr/2026:21:21:20 +0000] "GET /kct.php HTTP/1.1" 404 114707 "-" "-"
172.212.217.10 - - [27/Apr/2026:21:21:21 +0000] "GET /ninja.php HTTP/1.1" 404 114713 "-" "-"
184.94.212.206 - - [27/Apr/2026:21:21:26 +0000] "POST /wp-cron.php?doing_wp_cron=1777324886.2281289100646972656250 HTTP/1.1" 200 - "-" "WordPress/6.9.4; https://maxvirusprotection.com"
172.212.217.10 - - [27/Apr/2026:21:21:24 +0000] "GET /path.php HTTP/1.1" 404 114709 "-" "-"
192.0.85.167 - - [27/Apr/2026:21:21:25 +0000] "HEAD / HTTP/1.1" 200 - "-" "jetmon/1.0 (Jetpack Site Uptime Monitor by WordPress.com)"
172.212.217.10 - - [27/Apr/2026:21:21:26 +0000] "GET /wp-key.php HTTP/1.1" 404 114715 "-" "-"
172.212.217.10 - - [27/Apr/2026:21:21:28 +0000] "GET /pm.php HTTP/1.1" 404 114703 "-" "-"
172.212.217.10 - - [27/Apr/2026:21:21:31 +0000] "GET /phpcheck.php HTTP/1.1" 404 114721 "-" "-"
172.212.217.10 - - [27/Apr/2026:21:21:32 +0000] "GET /filesystems.php HTTP/1.1" 404 114730 "-" "-"
34.101.189.231 - - [27/Apr/2026:21:21:38 +0000] "GET /wp-login.php HTTP/1.1" 200 4402 "-" "Mozilla/5.0 (Windows NT 6.3; Win64; x64) AppleWebKit/537.36 (KHTML, like Gecko) Chrome/67.0.3396.87 Safari/537.36"
34.101.189.231 - - [27/Apr/2026:21:21:40 +0000] "POST /wp-login.php HTTP/1.1" 200 4402 "https://maxvirusprotection.com/wp-login.php" "Mozilla/5.0 (Windows NT 6.3; Win64; x64) AppleWebKit/537.36 (KHTML, like Gecko) Chrome/67.0.3396.87 Safari/537.36"
184.94.212.206 - - [27/Apr/2026:21:22:51 +0000] "POST /wp-cron.php?doing_wp_cron=1777324971.8270421028137207031250 HTTP/1.1" 200 - "-" "WordPress/6.9.4; https://maxvirusprotection.com"
114.119.135.215 - - [27/Apr/2026:21:22:49 +0000] "GET /category/antivirus-programs?amp HTTP/1.1" 301 - "-" "Mozilla/5.0 (Linux; Android 7.0;) AppleWebKit/537.36 (HTML, like Gecko) Mobile Safari/537.36 (compatible; PetalBot;+https://webmaster.petalsearch.com/site/petalbot)"
114.119.135.215 - - [27/Apr/2026:21:22:52 +0000] "GET /category/antivirus-programs/?amp HTTP/1.1" 200 46352 "https://maxvirusprotection.com/category/antivirus-programs?amp" "Mozilla/5.0 (Linux; Android 7.0;) AppleWebKit/537.36 (HTML, like Gecko) Mobile Safari/537.36 (compatible; PetalBot;+https://webmaster.petalsearch.com/site/petalbot)"
14.191.41.180 - - [27/Apr/2026:21:23:18 +0000] "GET /tag/broken-links/ HTTP/1.1" 200 43964 "-" "Mozilla/5.0 (Windows NT 10.0; WOW64) AppleWebKit/537.36 (KHTML, like Gecko) Chrome/89.0.4389.90 Safari/537.36"
184.94.212.206 - - [27/Apr/2026:21:25:44 +0000] "POST /wp-cron.php?doing_wp_cron=1777325144.6476309299468994140625 HTTP/1.1" 200 - "-" "WordPress/6.9.4; https://maxvirusprotection.com"
57.141.18.106 - - [27/Apr/2026:21:25:42 +0000] "GET /category/security/ HTTP/1.1" 200 154622 "-" "meta-externalagent/1.1 (+https://developers.facebook.com/docs/sharing/webmasters/crawler)"
173.239.213.30 - - [27/Apr/2026:21:26:08 +0000] "POST /wp-login.php HTTP/1.1" 401 3499 "-" "Mozilla/5.0"
123.28.85.75 - - [27/Apr/2026:21:26:11 +0000] "GET /desktop-computers-tips-tricks-and-other-great-advice/?share=x HTTP/1.1" 302 - "-" "Mozilla/5.0 (Macintosh; Intel Mac OS X 10_15_7) AppleWebKit/537.36 (KHTML, like Gecko) Chrome/96.0.4664.93 Safari/537.36"
184.94.212.206 - - [27/Apr/2026:21:26:29 +0000] "POST /wp-cron.php?doing_wp_cron=1777325189.1494469642639160156250 HTTP/1.1" 200 - "-" "WordPress/6.9.4; https://maxvirusprotection.com"
192.0.85.167 - - [27/Apr/2026:21:26:28 +0000] "HEAD / HTTP/1.1" 200 - "-" "jetmon/1.0 (Jetpack Site Uptime Monitor by WordPress.com)"
184.94.212.206 - - [27/Apr/2026:21:27:06 +0000] "POST /wp-cron.php?doing_wp_cron=1777325226.2249200344085693359375 HTTP/1.1" 200 - "-" "WordPress/6.9.4; https://maxvirusprotection.com"
193.143.1.112 - - [27/Apr/2026:21:27:04 +0000] "GET / HTTP/1.1" 200 47528 "-" "Mozilla/5.0 (X11; U; Linux x86_64; sv-SE; rv:1.8.1.12) Gecko/20080207 Ubuntu/7.10 (gutsy) Firefox/2.0.0.12"
216.73.217.123 - - [27/Apr/2026:21:27:17 +0000] "GET /robots.txt HTTP/1.1" 200 150 "-" "Mozilla/5.0 AppleWebKit/537.36 (KHTML, like Gecko; compatible; ClaudeBot/1.0; +claudebot@anthropic.com)"
216.73.217.123 - - [27/Apr/2026:21:27:19 +0000] "GET /sitemap_index.xml HTTP/1.1" 200 332 "-" "Mozilla/5.0 AppleWebKit/537.36 (KHTML, like Gecko; compatible; ClaudeBot/1.0; +claudebot@anthropic.com)"
193.143.1.112 - - [27/Apr/2026:21:27:41 +0000] "GET //maxvirusprotection.com/wp-content/plugins/google-site-kit/dist/assets/js/googlesitekit-consent-mode-bc2e26cfa69fcd4a8261.js HTTP/1.1" 301 - "-" "Mozilla/5.0 (OS/2; Warp 4.5; rv:24.0) Gecko/20100101 Firefox/24.0 SeaMonkey/2.21"
193.143.1.112 - - [27/Apr/2026:21:27:41 +0000] "GET //maxvirusprotection.com/wp-login.php HTTP/1.1" 301 - "-" "Mozilla/5.0 (Windows NT 6.1; WOW64) AppleWebKit/537.36 (KHTML, like Gecko) Chrome/27.0.1453.12 Safari/537.36 OPR/14.0.1116.4"
193.143.1.112 - - [27/Apr/2026:21:27:41 +0000] "GET //c0.wp.com/c/6.9.4/wp-includes/js/jquery/jquery.min.js HTTP/1.1" 301 - "-" "Mozilla/5.0 (Macintosh; Intel Mac OS X 10.5; rv:10.0.1) Gecko/20100101 Firefox/10.0.1 SeaMonkey/2.7.1"
193.143.1.112 - - [27/Apr/2026:21:27:41 +0000] "GET //maxvirusprotection.com/xmlrpc.php HTTP/1.1" 301 - "-" "Mozilla/5.0 (Windows NT 6.1; Win64; x64) AppleWebKit/537.36 (KHTML, like Gecko) Chrome/101.0.4951.64 Safari/537.36"
193.143.1.112 - - [27/Apr/2026:21:27:41 +0000] "GET //maxvirusprotection.com/wp-content/themes/genesis/lib/js/menu/superfish.min.js HTTP/1.1" 301 - "-" "Mozilla/5.0 (iPhone; CPU iPhone OS 15_4_1 like Mac OS X) AppleWebKit/605.1.15 (KHTML, like Gecko) Version/15.4 Mobile/15E148 Safari/604.1"
193.143.1.112 - - [27/Apr/2026:21:27:41 +0000] "GET //maxvirusprotection.com/wp-content/themes/genesis/lib/js/skip-links.min.js HTTP/1.1" 301 - "-" "Mozilla/5.0 (Linux; Android 8.1.0; TECNO LA7) AppleWebKit/537.36 (KHTML, like Gecko) Chrome/98.0.4758.87 Mobile Safari/537.36"
193.143.1.112 - - [27/Apr/2026:21:27:41 +0000] "GET //maxvirusprotection.com/wp-content/plugins/simple-google-recaptcha/sgr.js HTTP/1.1" 301 - "-" "Opera/9.5 (Microsoft Windows; PPC; Opera Mobi; U) SonyEricssonX1i/R2AA Profile/MIDP-2.0 Configuration/CLDC-1.1"
193.143.1.112 - - [27/Apr/2026:21:27:41 +0000] "GET //maxvirusprotection.com/wp-content/plugins/wp-consent-api/assets/js/wp-consent-api.min.js HTTP/1.1" 301 - "-" "Mozilla/5.0 (Linux; Android 10; VOG-L29) AppleWebKit/537.36 (KHTML, like Gecko) Chrome/100.0.4896.79 Mobile Safari/537.36"
193.143.1.112 - - [27/Apr/2026:21:27:42 +0000] "GET //c0.wp.com/p/jetpack/15.7.1/_inc/build/widgets/eu-cookie-law/eu-cookie-law.min.js HTTP/1.1" 301 - "-" "Mozilla/5.0 (Macintosh; Intel Mac OS X 10_15_7) AppleWebKit/537.36 (KHTML, like Gecko) Chrome/102.0.5005.27 Safari/537.36"
193.143.1.112 - - [27/Apr/2026:21:27:41 +0000] "GET //www.googletagmanager.com/gtm.js HTTP/1.1" 301 - "-" "SonyEricssonK800i/R1CB Browser/NetFront/3.3 Profile/MIDP-2.0 Configuration/CLDC-1.1 UP.Link/6.3.0.0.0"
193.143.1.112 - - [27/Apr/2026:21:27:41 +0000] "GET //maxvirusprotection.com/wp-content/themes/news-pro/js/jquery.matchHeight.min.js HTTP/1.1" 301 - "-" "Mozilla/5.0 (X11; Linux x86_64) AppleWebKit/604.1 (KHTML, like Gecko) Version/11.0 Safari/604.1 Ubuntu/17.04 (3.24.1-0ubuntu1) Epiphany/3.24.1"
193.143.1.112 - - [27/Apr/2026:21:27:41 +0000] "GET //maxvirusprotection.com/wp-content/themes/news-pro/js/global.js HTTP/1.1" 301 - "-" "Mozilla/5.0 (X11; FreeBSD amd64) AppleWebKit/537.4 (KHTML like Gecko) Chrome/22.0.1229.79 Safari/537.4"
193.143.1.112 - - [27/Apr/2026:21:27:42 +0000] "GET //maxvirusprotection.com/wp-content/themes/genesis/lib/js/menu/superfish.args.min.js HTTP/1.1" 301 - "-" "Mozilla/5.0 (OS/2; Warp 4.5; rv:31.0) Gecko/20100101 Firefox/31.0 SeaMonkey/2.28"
193.143.1.112 - - [27/Apr/2026:21:27:41 +0000] "GET //maxvirusprotection.com/wp-includes/js/wp-emoji-release.min.js HTTP/1.1" 301 - "-" "Mozilla/5.0 (Linux; U; Android 1.5; fr-fr; GT-I5700 Build/CUPCAKE) AppleWebKit/528.5  (KHTML, like Gecko) Version/3.1.2 Mobile Safari/525.20.1"
193.143.1.112 - - [27/Apr/2026:21:27:42 +0000] "GET //c0.wp.com/c/6.9.4/wp-includes/js/jquery/jquery-migrate.min.js HTTP/1.1" 301 - "-" "Mozilla/5.0 (compatible; bingbot/2.0  http://www.bing.com/bingbot.htm)"
193.143.1.112 - - [27/Apr/2026:21:27:41 +0000] "GET //pagead2.googlesyndication.com/pagead/js/adsbygoogle.js HTTP/1.1" 301 - "-" "Mozilla/5.0 (X11; Linux) KHTML/4.9.1 (like Gecko) Konqueror/4.9"
193.143.1.112 - - [27/Apr/2026:21:27:42 +0000] "GET //c0.wp.com/c/6.9.4/wp-includes/js/hoverIntent.min.js HTTP/1.1" 301 - "-" "Mozilla/5.0 (Linux; Android 11; RMX2101) AppleWebKit/537.36 (KHTML, like Gecko) Chrome/101.0.4951.61 Mobile Safari/537.36"
193.143.1.112 - - [27/Apr/2026:21:27:45 +0000] "GET //maxvirusprotection.com/wp-includes/js/wp-emoji-loader.min.js HTTP/1.1" 301 - "-" "MOT-V9mm/00.62 UP.Browser/6.2.3.4.c.1.123 (GUI) MMP/2.0"
193.143.1.112 - - [27/Apr/2026:21:27:41 +0000] "GET //stats.wp.com/e-202618.js HTTP/1.1" 301 - "-" "Mozilla/5.0 (Linux; Android 5.1; C6740N Build/LMY47O) AppleWebKit/537.36 (KHTML, like Gecko) Chrome/42.0.2311.111 Mobile Safari/537.36"
193.143.1.112 - - [27/Apr/2026:21:27:42 +0000] "GET //maxvirusprotection.com/wp-content/themes/news-pro/js/responsive-menus.min.js HTTP/1.1" 301 - "-" "Opera/9.51 Beta (Microsoft Windows; PPC; Opera Mobi/1718; U; en)"
114.119.148.120 - - [27/Apr/2026:21:28:28 +0000] "GET /best-tips-for-creative-and-effective-web-design/?share=x HTTP/1.1" 302 - "https://maxvirusprotection.com/best-tips-for-creative-and-effective-web-design/" "Mozilla/5.0 (Linux; Android 7.0;) AppleWebKit/537.36 (HTML, like Gecko) Mobile Safari/537.36 (compatible; PetalBot;+https://webmaster.petalsearch.com/site/petalbot)"
193.143.1.112 - - [27/Apr/2026:21:28:44 +0000] "GET //maxvirusprotection.com/wp-content/themes/news-pro/js/responsive-menus.min.js HTTP/1.1" 301 - "-" "Mozilla/5.0 (Macintosh; Intel Mac OS X 10_13_6) AppleWebKit/537.36 (KHTML, like Gecko) Chrome/98.0.4758.109 Safari/537.36"
193.143.1.112 - - [27/Apr/2026:21:28:43 +0000] "GET //c0.wp.com/c/6.9.4/wp-includes/js/jquery/jquery-migrate.min.js HTTP/1.1" 301 - "-" "Mozilla/5.0 (Linux; Android 12; SM-G973F) AppleWebKit/537.36 (KHTML, like Gecko) Chrome/101.0.4951.41 Mobile Safari/537.36"
193.143.1.112 - - [27/Apr/2026:21:28:44 +0000] "GET //maxvirusprotection.com/wp-content/themes/news-pro/js/jquery.matchHeight.min.js HTTP/1.1" 301 - "-" "Mozilla/5.0 (X11; Linux x86_64) AppleWebKit/537.36 (KHTML, like Gecko) Chrome/101.0.4951.54 Safari/537.36"
193.143.1.112 - - [27/Apr/2026:21:28:44 +0000] "GET //maxvirusprotection.com/xmlrpc.php HTTP/1.1" 301 - "-" "Mozilla/5.0 (X11; U; Linux x86_64; en-US; rv:1.9.1.13) Gecko/20100916 Iceape/2.0.8"
193.143.1.112 - - [27/Apr/2026:21:28:43 +0000] "GET //maxvirusprotection.com/wp-includes/js/wp-emoji-loader.min.js HTTP/1.1" 301 - "-" "Mozilla/5.0 (Windows NT 10.0; Win64; x64) AppleWebKit/537.36 (KHTML, like Gecko) Chrome/98.0.4758.82 Safari/537.36"
193.143.1.112 - - [27/Apr/2026:21:28:43 +0000] "GET //maxvirusprotection.com/wp-content/themes/genesis/lib/js/skip-links.min.js HTTP/1.1" 301 - "-" "Mozilla/5.0 (Linux; Android 10; Galaxy J2 Pro Build/QQ3A.200805.001) AppleWebKit/537.36 (KHTML, like Gecko) Version/4.0 Chrome/85.0.4183.101 Mobile Safari/537.36"
193.143.1.112 - - [27/Apr/2026:21:28:43 +0000] "GET //c0.wp.com/c/6.9.4/wp-includes/js/hoverIntent.min.js HTTP/1.1" 301 - "-" "Mozilla/5.0 (SymbianOS/9.1; U; en-us) AppleWebKit/413 (KHTML, like Gecko) Safari/413 es50"
193.143.1.112 - - [27/Apr/2026:21:28:43 +0000] "GET //maxvirusprotection.com/wp-content/themes/genesis/lib/js/menu/superfish.min.js HTTP/1.1" 301 - "-" "Mozilla/5.0 (X11; Linux i686; rv:49.0) Gecko/20100101 Firefox/49.0 SeaMonkey/2.46"
193.143.1.112 - - [27/Apr/2026:21:28:43 +0000] "GET //maxvirusprotection.com/wp-content/plugins/wp-consent-api/assets/js/wp-consent-api.min.js HTTP/1.1" 301 - "-" "Mozilla/5.0 (X11; Linux x86_64) AppleWebKit/537.36 (KHTML, like Gecko) Chrome/47.0.2526.80 Safari/537.36 Vivaldi/1.0.344.37"
193.143.1.112 - - [27/Apr/2026:21:28:44 +0000] "GET //maxvirusprotection.com/wp-content/plugins/simple-google-recaptcha/sgr.js HTTP/1.1" 301 - "-" "Mozilla/5.0 (SymbianOS 9.4; Series60/5.0 NokiaN97-1/10.0.012; Profile/MIDP-2.1 Configuration/CLDC-1.1; en-us) AppleWebKit/525 (KHTML, like Gecko) WicKed/7.1.12344"
193.143.1.112 - - [27/Apr/2026:21:28:44 +0000] "GET //stats.wp.com/e-202618.js HTTP/1.1" 301 - "-" "Mozilla/5.0 (Linux; Android 12; Pixel 4a (5G)) AppleWebKit/537.36 (KHTML, like Gecko) Chrome/101.0.4951.61 Mobile Safari/537.36"
193.143.1.112 - - [27/Apr/2026:21:28:44 +0000] "GET //maxvirusprotection.com/wp-content/themes/news-pro/js/global.js HTTP/1.1" 301 - "-" "Mozilla/5.0 (X11; U; Linux i686; en-US; rv:1.9.0.11) Gecko/2009060309 Ubuntu/9.10 (karmic) Firefox/3.0.11"
193.143.1.112 - - [27/Apr/2026:21:28:44 +0000] "GET //pagead2.googlesyndication.com/pagead/js/adsbygoogle.js HTTP/1.1" 301 - "-" "SonyEricssonK310iv/R4DA Browser/NetFront/3.3 Profile/MIDP-2.0 Configuration/CLDC-1.1 UP.Link/6.3.1.13.0"
193.143.1.112 - - [27/Apr/2026:21:28:44 +0000] "GET //c0.wp.com/c/6.9.4/wp-includes/js/jquery/jquery.min.js HTTP/1.1" 301 - "-" "Mozilla/4.0 (compatible; MSIE 5.0; Series80/2.0 Nokia9500/4.51 Profile/MIDP-2.0 Configuration/CLDC-1.1)"
193.143.1.112 - - [27/Apr/2026:21:28:44 +0000] "GET //maxvirusprotection.com/wp-login.php HTTP/1.1" 301 - "-" "grub-client-1.5.3; (grub-client-1.5.3; Crawl your own stuff with http://grub.org)"
193.143.1.112 - - [27/Apr/2026:21:28:44 +0000] "GET //maxvirusprotection.com/wp-content/plugins/google-site-kit/dist/assets/js/googlesitekit-consent-mode-bc2e26cfa69fcd4a8261.js HTTP/1.1" 301 - "-" "Mozilla/5.0 (Linux; U; Android 3.0; en-us; Xoom Build/HRI39) AppleWebKit/525.10  (KHTML, like Gecko) Version/3.0.4 Mobile Safari/523.12.2"
193.143.1.112 - - [27/Apr/2026:21:28:45 +0000] "GET //www.googletagmanager.com/gtm.js HTTP/1.1" 301 - "-" "Midori/0.1.10 (X11; Linux i686; U; en-us) WebKit/(531).(2)"
193.143.1.112 - - [27/Apr/2026:21:28:44 +0000] "GET //maxvirusprotection.com/wp-content/themes/genesis/lib/js/menu/superfish.args.min.js HTTP/1.1" 301 - "-" "Mozilla/5.0 (iPhone; CPU iPhone OS 14_6 like Mac OS X) AppleWebKit/605.1.15 (KHTML, like Gecko) CriOS/101.0.4951.58 Mobile/15E148 Safari/604.1"
193.143.1.112 - - [27/Apr/2026:21:28:44 +0000] "GET //maxvirusprotection.com/wp-includes/js/wp-emoji-release.min.js HTTP/1.1" 301 - "-" "Mozilla/5.0 (Linux; Android 12; M2101K6G) AppleWebKit/537.36 (KHTML, like Gecko) Chrome/97.0.4692.98 Mobile Safari/537.36"
193.143.1.112 - - [27/Apr/2026:21:28:45 +0000] "GET //c0.wp.com/p/jetpack/15.7.1/_inc/build/widgets/eu-cookie-law/eu-cookie-law.min.js HTTP/1.1" 301 - "-" "Mozilla/5.0 (X11; Linux x86_64; rv:7.0a1) Gecko/20110623 Firefox/7.0a1"
184.94.212.206 - - [27/Apr/2026:21:29:46 +0000] "POST /wp-cron.php?doing_wp_cron=1777325386.0929460525512695312500 HTTP/1.1" 200 - "-" "WordPress/6.9.4; https://maxvirusprotection.com"
193.143.1.112 - - [27/Apr/2026:21:29:43 +0000] "GET //maxvirusprotection.com/wp-content/plugins/simple-google-recaptcha/sgr.js HTTP/1.1" 301 - "-" "Opera/7.50 (Windows ME; U) [en]"
193.143.1.112 - - [27/Apr/2026:21:29:44 +0000] "GET //pagead2.googlesyndication.com/pagead/js/adsbygoogle.js HTTP/1.1" 301 - "-" "Mozilla/5.0 (Android 4.2; rv:19.0) Gecko/20121129 Firefox/19.0"
193.143.1.112 - - [27/Apr/2026:21:29:43 +0000] "GET //maxvirusprotection.com/wp-content/themes/genesis/lib/js/menu/superfish.min.js HTTP/1.1" 301 - "-" "Mozilla/5.0 (compatible; Konqueror/4.5; NetBSD 5.0.2; X11; amd64; en_US) KHTML/4.5.4 (like Gecko)"
193.143.1.112 - - [27/Apr/2026:21:29:43 +0000] "GET //maxvirusprotection.com/wp-content/plugins/google-site-kit/dist/assets/js/googlesitekit-consent-mode-bc2e26cfa69fcd4a8261.js HTTP/1.1" 301 - "-" "Mozilla/5.0 (Macintosh; Intel Mac OS X 10_10) AppleWebKit/537.36 (KHTML, like Gecko) Chrome/101.0.4853.129 Safari/537.36"
193.143.1.112 - - [27/Apr/2026:21:29:43 +0000] "GET //maxvirusprotection.com/wp-content/themes/genesis/lib/js/skip-links.min.js HTTP/1.1" 301 - "-" "Mozilla/5.0 (Macintosh; Intel Mac OS X 10_15_7) AppleWebKit/537.36 (KHTML, like Gecko) Chrome/102.0.5005.27 Safari/537.36"
193.143.1.112 - - [27/Apr/2026:21:29:44 +0000] "GET //c0.wp.com/p/jetpack/15.7.1/_inc/build/widgets/eu-cookie-law/eu-cookie-law.min.js HTTP/1.1" 301 - "-" "Mozilla/5.0 (Windows; U; WinNT4.0; en-US; rv:1.2b) Gecko/20021001 Phoenix/0.2"
193.143.1.112 - - [27/Apr/2026:21:29:43 +0000] "GET //maxvirusprotection.com/wp-content/themes/genesis/lib/js/menu/superfish.args.min.js HTTP/1.1" 301 - "-" "Mozilla/5.0 (X11; Linux x86_64) AppleWebKit/537.36 (KHTML, like Gecko) Chrome/100.0.4896.60 Safari/537.36"
193.143.1.112 - - [27/Apr/2026:21:29:43 +0000] "GET //c0.wp.com/c/6.9.4/wp-includes/js/jquery/jquery-migrate.min.js HTTP/1.1" 301 - "-" "Mozilla/5.0 (Windows NT 10.0; Win64; x64) AppleWebKit/537.36 (KHTML, like Gecko) Chrome/95.0.4624.0 Safari/537.36"
193.143.1.112 - - [27/Apr/2026:21:29:43 +0000] "GET //maxvirusprotection.com/wp-content/themes/news-pro/js/jquery.matchHeight.min.js HTTP/1.1" 301 - "-" "Mozilla/5.0 (Windows; U; Windows NT 6.1; en-US) AppleWebKit/534.14 (KHTML, like Gecko) Chrome/10.0.601.0 Safari/534.14"
193.143.1.112 - - [27/Apr/2026:21:29:43 +0000] "GET //maxvirusprotection.com/wp-includes/js/wp-emoji-loader.min.js HTTP/1.1" 301 - "-" "Mozilla/5.0 (X11; Linux x86_64; rv:55.0) Gecko/20100101 Firefox/55.0"
193.143.1.112 - - [27/Apr/2026:21:29:43 +0000] "GET //maxvirusprotection.com/wp-content/plugins/wp-consent-api/assets/js/wp-consent-api.min.js HTTP/1.1" 301 - "-" "Mozilla/5.0 (Macintosh; Intel Mac OS X 10_9_5) AppleWebKit/537.78.1 (KHTML like Gecko) Version/7.0.6 Safari/537.78.1"
193.143.1.112 - - [27/Apr/2026:21:29:43 +0000] "GET //maxvirusprotection.com/wp-content/themes/news-pro/js/global.js HTTP/1.1" 301 - "-" "Mozilla/3.01Gold (Win95; I)"
193.143.1.112 - - [27/Apr/2026:21:29:44 +0000] "GET //maxvirusprotection.com/wp-login.php HTTP/1.1" 301 - "-" "Mozilla/5.0 (Windows NT 10.0; WOW64) AppleWebKit/537.36 (KHTML, like Gecko) Chrome/51.0.2704.103 Safari/537.36"
193.143.1.112 - - [27/Apr/2026:21:29:43 +0000] "GET //c0.wp.com/c/6.9.4/wp-includes/js/jquery/jquery.min.js HTTP/1.1" 301 - "-" "Mozilla/5.0 (Macintosh; Intel Mac OS X 12_1_0) AppleWebKit/537.36 (KHTML, like Gecko) Chrome/88.0.4324.41 YaBrowser/21.2.0.2458 Yowser/2.5 Safari/537.36"
193.143.1.112 - - [27/Apr/2026:21:29:43 +0000] "GET //maxvirusprotection.com/wp-content/themes/news-pro/js/responsive-menus.min.js HTTP/1.1" 301 - "-" "Mozilla/5.0 (Windows NT 10.0; Win64; x64) AppleWebKit/537.36 (KHTML, like Gecko) Chrome/93.0.4577.82 Safari/537.36"
193.143.1.112 - - [27/Apr/2026:21:29:43 +0000] "GET //c0.wp.com/c/6.9.4/wp-includes/js/hoverIntent.min.js HTTP/1.1" 301 - "-" "Mozilla/5.0 (Macintosh; Intel Mac OS X 10_14_5) AppleWebKit/537.36 (KHTML, like Gecko) Chrome/100.0.4896.75 Safari/537.36"
193.143.1.112 - - [27/Apr/2026:21:29:44 +0000] "GET //maxvirusprotection.com/wp-includes/js/wp-emoji-release.min.js HTTP/1.1" 301 - "-" "SonyEricssonS500i/R6BC Browser/NetFront/3.3 Profile/MIDP-2.0 Configuration/CLDC-1.1"
193.143.1.112 - - [27/Apr/2026:21:29:44 +0000] "GET //maxvirusprotection.com/xmlrpc.php HTTP/1.1" 301 - "-" "Opera/9.80 (Macintosh; Intel Mac OS X 10.4.11; U; en) Presto/2.7.62 Version/11.00"
193.143.1.112 - - [27/Apr/2026:21:29:45 +0000] "GET //www.googletagmanager.com/gtm.js HTTP/1.1" 301 - "-" "NokiaN70-1/5.0609.2.0.1 Series60/2.8 Profile/MIDP-2.0 Configuration/CLDC-1.1 UP.Link/6.3.1.13.0"
193.143.1.112 - - [27/Apr/2026:21:29:44 +0000] "GET //stats.wp.com/e-202618.js HTTP/1.1" 301 - "-" "Mozilla/5.0 (iPhone; CPU iPhone OS 15_1_1 like Mac OS X; zh-CN) AppleWebKit/605.1.15 (KHTML, like Gecko) Mobile/19B81 UCBrowser/13.7.2.1636 Mobile AliApp(TUnionSDK/0.1.20.4) dv(iPh14,5);pr(UCBrowser/13.7.2.1636);ov(15_1_1);ss(390x844);bt(UC);pm(0);bv(0);nm(0);im(0);nt(1);"
184.94.212.206 - - [27/Apr/2026:21:31:28 +0000] "POST /wp-cron.php?doing_wp_cron=1777325488.9600319862365722656250 HTTP/1.1" 200 - "-" "WordPress/6.9.4; https://maxvirusprotection.com"
192.0.85.167 - - [27/Apr/2026:21:31:27 +0000] "HEAD / HTTP/1.1" 200 - "-" "jetmon/1.0 (Jetpack Site Uptime Monitor by WordPress.com)"
184.94.212.206 - - [27/Apr/2026:21:32:05 +0000] "POST /wp-cron.php?doing_wp_cron=1777325525.9256999492645263671875 HTTP/1.1" 200 - "-" "WordPress/6.9.4; https://maxvirusprotection.com"
57.141.18.14 - - [27/Apr/2026:21:32:04 +0000] "GET /tag/256-colors/ HTTP/1.1" 200 118549 "-" "meta-externalagent/1.1 (+https://developers.facebook.com/docs/sharing/webmasters/crawler)"
114.119.135.215 - - [27/Apr/2026:21:34:04 +0000] "GET /author/h0tn1ch3s/page/5 HTTP/1.1" 301 - "https://maxvirusprotection.com/author/h0tn1ch3s/page/4" "Mozilla/5.0 (Linux; Android 7.0;) AppleWebKit/537.36 (HTML, like Gecko) Mobile Safari/537.36 (compatible; PetalBot;+https://webmaster.petalsearch.com/site/petalbot)"
114.119.135.215 - - [27/Apr/2026:21:34:06 +0000] "GET /author/h0tn1ch3s/page/5/ HTTP/1.1" 200 47443 "https://maxvirusprotection.com/author/h0tn1ch3s/page/4" "Mozilla/5.0 (Linux; Android 7.0;) AppleWebKit/537.36 (HTML, like Gecko) Mobile Safari/537.36 (compatible; PetalBot;+https://webmaster.petalsearch.com/site/petalbot)"
184.94.212.206 - - [27/Apr/2026:21:36:29 +0000] "POST /wp-cron.php?doing_wp_cron=1777325789.0291419029235839843750 HTTP/1.1" 200 - "-" "WordPress/6.9.4; https://maxvirusprotection.com"
192.0.85.167 - - [27/Apr/2026:21:36:27 +0000] "HEAD / HTTP/1.1" 200 - "-" "jetmon/1.0 (Jetpack Site Uptime Monitor by WordPress.com)"
184.94.212.206 - - [27/Apr/2026:21:39:52 +0000] "POST /wp-cron.php?doing_wp_cron=1777325992.2153320312500000000000 HTTP/1.1" 200 - "-" "WordPress/6.9.4; https://maxvirusprotection.com"
114.119.138.205 - - [27/Apr/2026:21:39:50 +0000] "GET /tips-to-web-design-that-will-help-you-succeed?amp HTTP/1.1" 301 - "https://maxvirusprotection.com/tips-to-web-design-that-will-help-you-succeed?amp" "Mozilla/5.0 (Linux; Android 7.0;) AppleWebKit/537.36 (HTML, like Gecko) Mobile Safari/537.36 (compatible; PetalBot;+https://webmaster.petalsearch.com/site/petalbot)"
114.119.138.205 - - [27/Apr/2026:21:39:52 +0000] "GET /tips-to-web-design-that-will-help-you-succeed/?amp HTTP/1.1" 200 47956 "https://maxvirusprotection.com/tips-to-web-design-that-will-help-you-succeed?amp" "Mozilla/5.0 (Linux; Android 7.0;) AppleWebKit/537.36 (HTML, like Gecko) Mobile Safari/537.36 (compatible; PetalBot;+https://webmaster.petalsearch.com/site/petalbot)"
184.94.212.206 - - [27/Apr/2026:21:41:29 +0000] "POST /wp-cron.php?doing_wp_cron=1777326089.5951728820800781250000 HTTP/1.1" 200 - "-" "WordPress/6.9.4; https://maxvirusprotection.com"
192.0.85.167 - - [27/Apr/2026:21:41:27 +0000] "HEAD / HTTP/1.1" 200 - "-" "jetmon/1.0 (Jetpack Site Uptime Monitor by WordPress.com)"
184.94.212.206 - - [27/Apr/2026:21:45:32 +0000] "POST /wp-cron.php?doing_wp_cron=1777326332.6621370315551757812500 HTTP/1.1" 200 - "-" "WordPress/6.9.4; https://maxvirusprotection.com"
114.119.141.152 - - [27/Apr/2026:21:45:30 +0000] "GET /4-simple-ways-to-protect-your-digital-security?share=facebook HTTP/1.1" 302 - "https://maxvirusprotection.com/4-simple-ways-to-protect-your-digital-security?noamp=mobile" "Mozilla/5.0 (Linux; Android 7.0;) AppleWebKit/537.36 (HTML, like Gecko) Mobile Safari/537.36 (compatible; PetalBot;+https://webmaster.petalsearch.com/site/petalbot)"
23.21.204.95 - - [27/Apr/2026:21:45:38 +0000] "GET /tag/search-engine/feed/ HTTP/1.1" 200 3839 "-" "Mozilla/5.0 AppleWebKit/537.36 (KHTML, like Gecko; compatible; Amazonbot/0.1; +https://developer.amazon.com/support/amazonbot) Chrome/119.0.6045.214 Safari/537.36"
184.94.212.206 - - [27/Apr/2026:21:46:30 +0000] "POST /wp-cron.php?doing_wp_cron=1777326390.4210031032562255859375 HTTP/1.1" 200 - "-" "WordPress/6.9.4; https://maxvirusprotection.com"
192.0.85.167 - - [27/Apr/2026:21:46:28 +0000] "HEAD / HTTP/1.1" 200 - "-" "jetmon/1.0 (Jetpack Site Uptime Monitor by WordPress.com)"
184.94.212.206 - - [27/Apr/2026:21:47:41 +0000] "POST /wp-cron.php?doing_wp_cron=1777326461.4400830268859863281250 HTTP/1.1" 200 - "-" "WordPress/6.9.4; https://maxvirusprotection.com"
193.56.116.74 - - [27/Apr/2026:21:47:39 +0000] "POST /wp-login.php HTTP/1.1" 401 3499 "-" "Mozilla/5.0"
15.235.27.38 - - [27/Apr/2026:21:47:43 +0000] "GET /news-sitemap.xml HTTP/1.1" 200 315 "-" "Mozilla/5.0 (compatible; AhrefsBot/7.0; +http://ahrefs.com/robot/)"
184.94.212.206 - - [27/Apr/2026:21:50:53 +0000] "POST /wp-cron.php?doing_wp_cron=1777326653.3353919982910156250000 HTTP/1.1" 200 - "-" "WordPress/6.9.4; https://maxvirusprotection.com"
66.249.66.35 - - [27/Apr/2026:21:50:51 +0000] "GET /top-10-antivirus-software-ratings-and-reviews/ HTTP/1.1" 200 51025 "-" "Mozilla/5.0 (Linux; Android 6.0.1; Nexus 5X Build/MMB29P) AppleWebKit/537.36 (KHTML, like Gecko) Chrome/147.0.7727.116 Mobile Safari/537.36 (compatible; Googlebot/2.1; +http://www.google.com/bot.html)"
66.249.66.34 - - [27/Apr/2026:21:50:59 +0000] "GET /wp-content/plugins/simple-google-recaptcha/sgr.js?ver=1663329978 HTTP/1.1" 200 504 "https://maxvirusprotection.com/top-10-antivirus-software-ratings-and-reviews/" "Mozilla/5.0 (Linux; Android 6.0.1; Nexus 5X Build/MMB29P) AppleWebKit/537.36 (KHTML, like Gecko) Chrome/147.0.7727.116 Mobile Safari/537.36 (compatible; Googlebot/2.1; +http://www.google.com/bot.html)"
66.249.66.35 - - [27/Apr/2026:21:51:01 +0000] "GET /wp-content/plugins/simple-google-recaptcha/sgr.css?ver=1663329978 HTTP/1.1" 200 173 "https://maxvirusprotection.com/top-10-antivirus-software-ratings-and-reviews/" "Mozilla/5.0 (Linux; Android 6.0.1; Nexus 5X Build/MMB29P) AppleWebKit/537.36 (KHTML, like Gecko) Chrome/147.0.7727.116 Mobile Safari/537.36 (compatible; Googlebot/2.1; +http://www.google.com/bot.html)"
66.249.66.35 - - [27/Apr/2026:21:51:02 +0000] "GET /top-10-antivirus-software-ratings-and-reviews/?relatedposts=1 HTTP/1.1" 200 1250 "https://maxvirusprotection.com/top-10-antivirus-software-ratings-and-reviews/" "Mozilla/5.0 (Linux; Android 6.0.1; Nexus 5X Build/MMB29P) AppleWebKit/537.36 (KHTML, like Gecko) Chrome/147.0.7727.116 Mobile Safari/537.36 (compatible; Googlebot/2.1; +http://www.google.com/bot.html)"
