MOON
Server: Apache
System: Linux server1.primemusicproductions.com 4.18.0-477.27.2.el8_8.x86_64 #1 SMP Fri Sep 29 08:21:01 EDT 2023 x86_64
User: primrwxj (1001)
PHP: 8.3.3
Disabled: NONE
Upload Files
File: //home/primrwxj/logs/maxvirusprotection.com.primemusicproductions.com-ssl_log.bkup
184.94.212.206 - - [27/Apr/2026:12:04:21 +0000] "POST /wp-cron.php?doing_wp_cron=1777291461.0413379669189453125000 HTTP/1.1" 200 - "-" "WordPress/6.9.4; https://maxvirusprotection.com"
114.119.145.19 - - [27/Apr/2026:12:04:19 +0000] "GET /eye-opening-information-regarding-laptops-you-never-knew/?share=x HTTP/1.1" 302 - "https://maxvirusprotection.com/eye-opening-information-regarding-laptops-you-never-knew/?noamp=mobile" "Mozilla/5.0 (Linux; Android 7.0;) AppleWebKit/537.36 (HTML, like Gecko) Mobile Safari/537.36 (compatible; PetalBot;+https://webmaster.petalsearch.com/site/petalbot)"
216.73.217.123 - - [27/Apr/2026:12:04:33 +0000] "GET /robots.txt HTTP/1.1" 200 150 "-" "Mozilla/5.0 AppleWebKit/537.36 (KHTML, like Gecko; compatible; ClaudeBot/1.0; +claudebot@anthropic.com)"
216.73.217.123 - - [27/Apr/2026:12:04:35 +0000] "GET /news-sitemap.xml HTTP/1.1" 200 315 "-" "Mozilla/5.0 AppleWebKit/537.36 (KHTML, like Gecko; compatible; ClaudeBot/1.0; +claudebot@anthropic.com)"
167.114.139.21 - - [27/Apr/2026:12:05:15 +0000] "GET /sitemap_index.xml HTTP/1.1" 200 332 "-" "Mozilla/5.0 (compatible; AhrefsBot/7.0; +http://ahrefs.com/robot/)"
15.235.98.116 - - [27/Apr/2026:12:05:18 +0000] "GET /post-sitemap.xml HTTP/1.1" 200 2978 "-" "Mozilla/5.0 (compatible; AhrefsBot/7.0; +http://ahrefs.com/robot/)"
142.44.228.51 - - [27/Apr/2026:12:05:20 +0000] "GET /page-sitemap.xml HTTP/1.1" 200 578 "-" "Mozilla/5.0 (compatible; AhrefsBot/7.0; +http://ahrefs.com/robot/)"
142.44.228.74 - - [27/Apr/2026:12:05:23 +0000] "GET /category-sitemap.xml HTTP/1.1" 200 429 "-" "Mozilla/5.0 (compatible; AhrefsBot/7.0; +http://ahrefs.com/robot/)"
54.39.203.200 - - [27/Apr/2026:12:05:26 +0000] "GET /post_tag-sitemap.xml HTTP/1.1" 200 1257 "-" "Mozilla/5.0 (compatible; AhrefsBot/7.0; +http://ahrefs.com/robot/)"
184.94.212.206 - - [27/Apr/2026:12:06:32 +0000] "POST /wp-cron.php?doing_wp_cron=1777291592.8600699901580810546875 HTTP/1.1" 200 - "-" "WordPress/6.9.4; https://maxvirusprotection.com"
192.0.85.167 - - [27/Apr/2026:12:06:31 +0000] "HEAD / HTTP/1.1" 200 - "-" "jetmon/1.0 (Jetpack Site Uptime Monitor by WordPress.com)"
184.94.212.206 - - [27/Apr/2026:12:09:20 +0000] "POST /wp-cron.php?doing_wp_cron=1777291760.4405999183654785156250 HTTP/1.1" 200 - "-" "WordPress/6.9.4; https://maxvirusprotection.com"
114.119.155.2 - - [27/Apr/2026:12:09:18 +0000] "GET /eye-opening-information-regarding-laptops-you-never-knew/?noamp=mobile HTTP/1.1" 200 46607 "https://maxvirusprotection.com/eye-opening-information-regarding-laptops-you-never-knew/?noamp=mobile" "Mozilla/5.0 (Linux; Android 7.0;) AppleWebKit/537.36 (HTML, like Gecko) Mobile Safari/537.36 (compatible; PetalBot;+https://webmaster.petalsearch.com/site/petalbot)"
184.94.212.206 - - [27/Apr/2026:12:10:34 +0000] "POST /wp-cron.php?doing_wp_cron=1777291834.1381990909576416015625 HTTP/1.1" 200 - "-" "WordPress/6.9.4; https://maxvirusprotection.com"
102.213.201.197 - - [27/Apr/2026:12:10:32 +0000] "GET /the-desktop-computers-information-in-this-article-is-priceless/?share=facebook HTTP/1.1" 302 - "-" "Mozilla/5.0 (Windows NT 6.1) AppleWebKit/537.36 (KHTML, like Gecko) Chrome/80.0.3987.132 Safari/537.36"
184.94.212.206 - - [27/Apr/2026:12:11:33 +0000] "POST /wp-cron.php?doing_wp_cron=1777291893.0829579830169677734375 HTTP/1.1" 200 - "-" "WordPress/6.9.4; https://maxvirusprotection.com"
192.0.85.167 - - [27/Apr/2026:12:11:31 +0000] "HEAD / HTTP/1.1" 200 - "-" "jetmon/1.0 (Jetpack Site Uptime Monitor by WordPress.com)"
110.249.201.111 - - [27/Apr/2026:12:11:35 +0000] "GET /robots.txt HTTP/1.1" 200 150 "-" "Mozilla/5.0 (Linux; Android 5.0) AppleWebKit/537.36 (KHTML, like Gecko) Mobile Safari/537.36 (compatible; Bytespider; https://zhanzhang.toutiao.com/)"
184.94.212.206 - - [27/Apr/2026:12:14:18 +0000] "POST /wp-cron.php?doing_wp_cron=1777292058.1013259887695312500000 HTTP/1.1" 200 - "-" "WordPress/6.9.4; https://maxvirusprotection.com"
114.119.138.205 - - [27/Apr/2026:12:14:16 +0000] "GET /expert-desktop-computer-purchasing-advice-you-need HTTP/1.1" 301 - "https://maxvirusprotection.com/tag/desktop-computer?amp" "Mozilla/5.0 (Linux; Android 7.0;) AppleWebKit/537.36 (HTML, like Gecko) Mobile Safari/537.36 (compatible; PetalBot;+https://webmaster.petalsearch.com/site/petalbot)"
114.119.138.205 - - [27/Apr/2026:12:14:18 +0000] "GET /expert-desktop-computer-purchasing-advice-you-need/ HTTP/1.1" 200 46861 "https://maxvirusprotection.com/tag/desktop-computer?amp" "Mozilla/5.0 (Linux; Android 7.0;) AppleWebKit/537.36 (HTML, like Gecko) Mobile Safari/537.36 (compatible; PetalBot;+https://webmaster.petalsearch.com/site/petalbot)"
173.239.211.174 - - [27/Apr/2026:12:15:08 +0000] "POST /wp-login.php HTTP/1.1" 401 3499 "-" "Mozilla/5.0"
184.94.212.206 - - [27/Apr/2026:12:16:31 +0000] "POST /wp-cron.php?doing_wp_cron=1777292191.9306240081787109375000 HTTP/1.1" 200 - "-" "WordPress/6.9.4; https://maxvirusprotection.com"
192.0.85.167 - - [27/Apr/2026:12:16:30 +0000] "HEAD / HTTP/1.1" 200 - "-" "jetmon/1.0 (Jetpack Site Uptime Monitor by WordPress.com)"
148.113.6.127 - - [27/Apr/2026:12:17:43 +0000] "GET /wp-login.php HTTP/1.1" 200 4400 "-" "Mozilla/5.0 (Windows NT 6.1; WOW64) AppleWebKit/537.36 (KHTML, like Gecko) Chrome/67.0.3396.62 Safari/537.36"
148.113.6.127 - - [27/Apr/2026:12:17:46 +0000] "POST /wp-login.php HTTP/1.1" 200 4400 "https://maxvirusprotection.com/wp-login.php" "Mozilla/5.0 (Windows NT 6.1; WOW64) AppleWebKit/537.36 (KHTML, like Gecko) Chrome/67.0.3396.62 Safari/537.36"
184.94.212.206 - - [27/Apr/2026:12:18:08 +0000] "POST /wp-cron.php?doing_wp_cron=1777292288.4614510536193847656250 HTTP/1.1" 200 - "-" "WordPress/6.9.4; https://maxvirusprotection.com"
77.75.77.62 - - [27/Apr/2026:12:18:07 +0000] "GET /tag/data-protection/ HTTP/1.1" 200 43974 "-" "Mozilla/5.0 (compatible; SeznamBot/4.0; +https://o-seznam.cz/napoveda/vyhledavani/en/seznambot-crawler/)"
184.94.212.206 - - [27/Apr/2026:12:19:08 +0000] "POST /wp-cron.php?doing_wp_cron=1777292348.3210411071777343750000 HTTP/1.1" 200 - "-" "WordPress/6.9.4; https://maxvirusprotection.com"
114.119.141.152 - - [27/Apr/2026:12:19:06 +0000] "GET /essential-advice-for-your-next-laptop-purchase/?amp HTTP/1.1" 200 46516 "https://maxvirusprotection.com/essential-advice-for-your-next-laptop-purchase/?amp" "Mozilla/5.0 (Linux; Android 7.0;) AppleWebKit/537.36 (HTML, like Gecko) Mobile Safari/537.36 (compatible; PetalBot;+https://webmaster.petalsearch.com/site/petalbot)"
184.94.212.206 - - [27/Apr/2026:12:21:32 +0000] "POST /wp-cron.php?doing_wp_cron=1777292492.8713440895080566406250 HTTP/1.1" 200 - "-" "WordPress/6.9.4; https://maxvirusprotection.com"
192.0.85.167 - - [27/Apr/2026:12:21:31 +0000] "HEAD / HTTP/1.1" 200 - "-" "jetmon/1.0 (Jetpack Site Uptime Monitor by WordPress.com)"
184.94.212.206 - - [27/Apr/2026:12:22:25 +0000] "POST /wp-cron.php?doing_wp_cron=1777292545.0797970294952392578125 HTTP/1.1" 200 - "-" "WordPress/6.9.4; https://maxvirusprotection.com"
20.255.80.192 - - [27/Apr/2026:12:22:22 +0000] "GET /themes/zMousse/otuz1.php HTTP/1.1" 404 41935 "-" "Mozilla/5.0 (Windows NT 10.0; Win64; x64) AppleWebKit/537.36 (KHTML, like Gecko) Chrome/120.0.0.0 Safari/537.36"
20.255.80.192 - - [27/Apr/2026:12:22:25 +0000] "GET /upload2/10-27-24_8:26_1.php HTTP/1.1" 404 41684 "-" "Mozilla/5.0 (Windows NT 10.0; Win64; x64) AppleWebKit/537.36 (KHTML, like Gecko) Chrome/120.0.0.0 Safari/537.36"
20.255.80.192 - - [27/Apr/2026:12:22:27 +0000] "GET /user.php HTTP/1.1" 404 41668 "-" "Mozilla/5.0 (Windows NT 10.0; Win64; x64) AppleWebKit/537.36 (KHTML, like Gecko) Chrome/120.0.0.0 Safari/537.36"
20.255.80.192 - - [27/Apr/2026:12:22:28 +0000] "GET /version.php HTTP/1.1" 404 41669 "-" "Mozilla/5.0 (Windows NT 10.0; Win64; x64) AppleWebKit/537.36 (KHTML, like Gecko) Chrome/120.0.0.0 Safari/537.36"
20.255.80.192 - - [27/Apr/2026:12:22:30 +0000] "GET /wander.php HTTP/1.1" 404 41670 "-" "Mozilla/5.0 (Windows NT 10.0; Win64; x64) AppleWebKit/537.36 (KHTML, like Gecko) Chrome/120.0.0.0 Safari/537.36"
20.255.80.192 - - [27/Apr/2026:12:22:31 +0000] "GET /webadmin.php HTTP/1.1" 404 41671 "-" "Mozilla/5.0 (Windows NT 10.0; Win64; x64) AppleWebKit/537.36 (KHTML, like Gecko) Chrome/120.0.0.0 Safari/537.36"
20.255.80.192 - - [27/Apr/2026:12:22:32 +0000] "GET /wp-2019.php HTTP/1.1" 404 41669 "-" "Mozilla/5.0 (Windows NT 10.0; Win64; x64) AppleWebKit/537.36 (KHTML, like Gecko) Chrome/120.0.0.0 Safari/537.36"
20.255.80.192 - - [27/Apr/2026:12:22:34 +0000] "GET /wp-add.php HTTP/1.1" 404 41668 "-" "Mozilla/5.0 (Windows NT 10.0; Win64; x64) AppleWebKit/537.36 (KHTML, like Gecko) Chrome/120.0.0.0 Safari/537.36"
20.255.80.192 - - [27/Apr/2026:12:22:35 +0000] "GET /wp-admin/autoload_classmap.php HTTP/1.1" 404 41682 "-" "Mozilla/5.0 (Windows NT 10.0; Win64; x64) AppleWebKit/537.36 (KHTML, like Gecko) Chrome/120.0.0.0 Safari/537.36"
20.255.80.192 - - [27/Apr/2026:12:22:36 +0000] "GET /wp-admin/classwithtostring.php HTTP/1.1" 404 41676 "-" "Mozilla/5.0 (Windows NT 10.0; Win64; x64) AppleWebKit/537.36 (KHTML, like Gecko) Chrome/120.0.0.0 Safari/537.36"
20.255.80.192 - - [27/Apr/2026:12:22:38 +0000] "GET /wp-admin/css/colors/index.php HTTP/1.1" 301 - "-" "Mozilla/5.0 (Windows NT 10.0; Win64; x64) AppleWebKit/537.36 (KHTML, like Gecko) Chrome/120.0.0.0 Safari/537.36"
20.255.80.192 - - [27/Apr/2026:12:22:39 +0000] "GET /wp-admin/css/index.php HTTP/1.1" 301 - "-" "Mozilla/5.0 (Windows NT 10.0; Win64; x64) AppleWebKit/537.36 (KHTML, like Gecko) Chrome/120.0.0.0 Safari/537.36"
20.255.80.192 - - [27/Apr/2026:12:22:40 +0000] "GET /wp-admin/css/wp-login.php HTTP/1.1" 404 41928 "-" "Mozilla/5.0 (Windows NT 10.0; Win64; x64) AppleWebKit/537.36 (KHTML, like Gecko) Chrome/120.0.0.0 Safari/537.36"
20.255.80.192 - - [27/Apr/2026:12:22:41 +0000] "GET /wp-admin/file.php HTTP/1.1" 404 41672 "-" "Mozilla/5.0 (Windows NT 10.0; Win64; x64) AppleWebKit/537.36 (KHTML, like Gecko) Chrome/120.0.0.0 Safari/537.36"
20.255.80.192 - - [27/Apr/2026:12:22:43 +0000] "GET /wp-admin/images/Mhbgf.php HTTP/1.1" 404 41930 "-" "Mozilla/5.0 (Windows NT 10.0; Win64; x64) AppleWebKit/537.36 (KHTML, like Gecko) Chrome/120.0.0.0 Safari/537.36"
20.255.80.192 - - [27/Apr/2026:12:22:44 +0000] "GET /wp-admin/images/about.php HTTP/1.1" 404 41925 "-" "Mozilla/5.0 (Windows NT 10.0; Win64; x64) AppleWebKit/537.36 (KHTML, like Gecko) Chrome/120.0.0.0 Safari/537.36"
20.255.80.192 - - [27/Apr/2026:12:22:45 +0000] "GET /wp-admin/images/autoload_classmap.php HTTP/1.1" 404 41935 "-" "Mozilla/5.0 (Windows NT 10.0; Win64; x64) AppleWebKit/537.36 (KHTML, like Gecko) Chrome/120.0.0.0 Safari/537.36"
20.255.80.192 - - [27/Apr/2026:12:22:47 +0000] "GET /wp-admin/images/index.php HTTP/1.1" 301 - "-" "Mozilla/5.0 (Windows NT 10.0; Win64; x64) AppleWebKit/537.36 (KHTML, like Gecko) Chrome/120.0.0.0 Safari/537.36"
20.255.80.192 - - [27/Apr/2026:12:22:48 +0000] "GET /wp-admin/images/install.php HTTP/1.1" 404 41928 "-" "Mozilla/5.0 (Windows NT 10.0; Win64; x64) AppleWebKit/537.36 (KHTML, like Gecko) Chrome/120.0.0.0 Safari/537.36"
20.255.80.192 - - [27/Apr/2026:12:22:49 +0000] "GET /wp-admin/includes/flower.php HTTP/1.1" 404 41931 "-" "Mozilla/5.0 (Windows NT 10.0; Win64; x64) AppleWebKit/537.36 (KHTML, like Gecko) Chrome/120.0.0.0 Safari/537.36"
20.255.80.192 - - [27/Apr/2026:12:22:50 +0000] "GET /wp-admin/js/about.php HTTP/1.1" 404 41926 "-" "Mozilla/5.0 (Windows NT 10.0; Win64; x64) AppleWebKit/537.36 (KHTML, like Gecko) Chrome/120.0.0.0 Safari/537.36"
20.255.80.192 - - [27/Apr/2026:12:22:52 +0000] "GET /wp-admin/js/autoload_classmap.php HTTP/1.1" 404 41935 "-" "Mozilla/5.0 (Windows NT 10.0; Win64; x64) AppleWebKit/537.36 (KHTML, like Gecko) Chrome/120.0.0.0 Safari/537.36"
20.255.80.192 - - [27/Apr/2026:12:22:53 +0000] "GET /wp-admin/js/flower.php HTTP/1.1" 404 41929 "-" "Mozilla/5.0 (Windows NT 10.0; Win64; x64) AppleWebKit/537.36 (KHTML, like Gecko) Chrome/120.0.0.0 Safari/537.36"
20.255.80.192 - - [27/Apr/2026:12:22:54 +0000] "GET /wp-admin/js/index.php HTTP/1.1" 301 - "-" "Mozilla/5.0 (Windows NT 10.0; Win64; x64) AppleWebKit/537.36 (KHTML, like Gecko) Chrome/120.0.0.0 Safari/537.36"
20.255.80.192 - - [27/Apr/2026:12:22:56 +0000] "GET /wp-admin/js/widgets/xleet.php HTTP/1.1" 404 41932 "-" "Mozilla/5.0 (Windows NT 10.0; Win64; x64) AppleWebKit/537.36 (KHTML, like Gecko) Chrome/120.0.0.0 Safari/537.36"
20.255.80.192 - - [27/Apr/2026:12:22:57 +0000] "GET /wp-admin/maint/flower.php HTTP/1.1" 404 41930 "-" "Mozilla/5.0 (Windows NT 10.0; Win64; x64) AppleWebKit/537.36 (KHTML, like Gecko) Chrome/120.0.0.0 Safari/537.36"
20.255.80.192 - - [27/Apr/2026:12:22:58 +0000] "GET /wp-admin/maint/wp-login.php HTTP/1.1" 404 41927 "-" "Mozilla/5.0 (Windows NT 10.0; Win64; x64) AppleWebKit/537.36 (KHTML, like Gecko) Chrome/120.0.0.0 Safari/537.36"
20.255.80.192 - - [27/Apr/2026:12:23:00 +0000] "GET /wp-admin/network/about.php HTTP/1.1" 302 - "-" "Mozilla/5.0 (Windows NT 10.0; Win64; x64) AppleWebKit/537.36 (KHTML, like Gecko) Chrome/120.0.0.0 Safari/537.36"
20.255.80.192 - - [27/Apr/2026:12:23:01 +0000] "GET /wp-admin/network/xleet.php HTTP/1.1" 404 41936 "-" "Mozilla/5.0 (Windows NT 10.0; Win64; x64) AppleWebKit/537.36 (KHTML, like Gecko) Chrome/120.0.0.0 Safari/537.36"
20.255.80.192 - - [27/Apr/2026:12:23:03 +0000] "GET /wp-admin/user/autoload_classmap.php HTTP/1.1" 404 41936 "-" "Mozilla/5.0 (Windows NT 10.0; Win64; x64) AppleWebKit/537.36 (KHTML, like Gecko) Chrome/120.0.0.0 Safari/537.36"
20.255.80.192 - - [27/Apr/2026:12:23:04 +0000] "GET /wp-config-sample.php HTTP/1.1" 404 41676 "-" "Mozilla/5.0 (Windows NT 10.0; Win64; x64) AppleWebKit/537.36 (KHTML, like Gecko) Chrome/120.0.0.0 Safari/537.36"
20.255.80.192 - - [27/Apr/2026:12:23:05 +0000] "GET /wp-configs.php HTTP/1.1" 404 41673 "-" "Mozilla/5.0 (Windows NT 10.0; Win64; x64) AppleWebKit/537.36 (KHTML, like Gecko) Chrome/120.0.0.0 Safari/537.36"
20.255.80.192 - - [27/Apr/2026:12:23:07 +0000] "GET /wp-conflg.php HTTP/1.1" 404 41671 "-" "Mozilla/5.0 (Windows NT 10.0; Win64; x64) AppleWebKit/537.36 (KHTML, like Gecko) Chrome/120.0.0.0 Safari/537.36"
20.255.80.192 - - [27/Apr/2026:12:23:08 +0000] "GET /wp-content/1.php HTTP/1.1" 404 41671 "-" "Mozilla/5.0 (Windows NT 10.0; Win64; x64) AppleWebKit/537.36 (KHTML, like Gecko) Chrome/120.0.0.0 Safari/537.36"
20.255.80.192 - - [27/Apr/2026:12:23:09 +0000] "GET /wp-content/about.php HTTP/1.1" 404 41672 "-" "Mozilla/5.0 (Windows NT 10.0; Win64; x64) AppleWebKit/537.36 (KHTML, like Gecko) Chrome/120.0.0.0 Safari/537.36"
20.255.80.192 - - [27/Apr/2026:12:23:11 +0000] "GET /wp-content/autoload_classmap.php HTTP/1.1" 404 41680 "-" "Mozilla/5.0 (Windows NT 10.0; Win64; x64) AppleWebKit/537.36 (KHTML, like Gecko) Chrome/120.0.0.0 Safari/537.36"
20.255.80.192 - - [27/Apr/2026:12:23:12 +0000] "GET /wp-content/berlin.php HTTP/1.1" 404 41674 "-" "Mozilla/5.0 (Windows NT 10.0; Win64; x64) AppleWebKit/537.36 (KHTML, like Gecko) Chrome/120.0.0.0 Safari/537.36"
20.255.80.192 - - [27/Apr/2026:12:23:13 +0000] "GET /wp-content/classwithtostring.php HTTP/1.1" 404 41674 "-" "Mozilla/5.0 (Windows NT 10.0; Win64; x64) AppleWebKit/537.36 (KHTML, like Gecko) Chrome/120.0.0.0 Safari/537.36"
20.255.80.192 - - [27/Apr/2026:12:23:15 +0000] "GET /wp-content/install.php HTTP/1.1" 404 41675 "-" "Mozilla/5.0 (Windows NT 10.0; Win64; x64) AppleWebKit/537.36 (KHTML, like Gecko) Chrome/120.0.0.0 Safari/537.36"
20.255.80.192 - - [27/Apr/2026:12:23:16 +0000] "GET /wp-content/json.php HTTP/1.1" 404 41672 "-" "Mozilla/5.0 (Windows NT 10.0; Win64; x64) AppleWebKit/537.36 (KHTML, like Gecko) Chrome/120.0.0.0 Safari/537.36"
20.255.80.192 - - [27/Apr/2026:12:23:17 +0000] "GET /wp-content/languages/index.php HTTP/1.1" 301 - "-" "Mozilla/5.0 (Windows NT 10.0; Win64; x64) AppleWebKit/537.36 (KHTML, like Gecko) Chrome/120.0.0.0 Safari/537.36"
20.255.80.192 - - [27/Apr/2026:12:23:18 +0000] "GET /wp-content/mah.php HTTP/1.1" 404 41674 "-" "Mozilla/5.0 (Windows NT 10.0; Win64; x64) AppleWebKit/537.36 (KHTML, like Gecko) Chrome/120.0.0.0 Safari/537.36"
20.255.80.192 - - [27/Apr/2026:12:23:20 +0000] "GET /wp-content/plugins/Core-Econ/1.php HTTP/1.1" 404 41931 "-" "Mozilla/5.0 (Windows NT 10.0; Win64; x64) AppleWebKit/537.36 (KHTML, like Gecko) Chrome/120.0.0.0 Safari/537.36"
20.255.80.192 - - [27/Apr/2026:12:23:21 +0000] "GET /wp-content/plugins/Duplicatepost/src/ui/sidwso.php HTTP/1.1" 404 41946 "-" "Mozilla/5.0 (Windows NT 10.0; Win64; x64) AppleWebKit/537.36 (KHTML, like Gecko) Chrome/120.0.0.0 Safari/537.36"
20.255.80.192 - - [27/Apr/2026:12:23:22 +0000] "GET /wp-content/plugins/TOPXOH/wDR.php HTTP/1.1" 404 41935 "-" "Mozilla/5.0 (Windows NT 10.0; Win64; x64) AppleWebKit/537.36 (KHTML, like Gecko) Chrome/120.0.0.0 Safari/537.36"
20.255.80.192 - - [27/Apr/2026:12:23:24 +0000] "GET /wp-content/plugins/WordPressCore/include.php HTTP/1.1" 404 41930 "-" "Mozilla/5.0 (Windows NT 10.0; Win64; x64) AppleWebKit/537.36 (KHTML, like Gecko) Chrome/120.0.0.0 Safari/537.36"
20.255.80.192 - - [27/Apr/2026:12:23:25 +0000] "GET /wp-content/plugins/about.php HTTP/1.1" 404 41925 "-" "Mozilla/5.0 (Windows NT 10.0; Win64; x64) AppleWebKit/537.36 (KHTML, like Gecko) Chrome/120.0.0.0 Safari/537.36"
20.255.80.192 - - [27/Apr/2026:12:23:26 +0000] "GET /wp-content/plugins/autoload_classmap.php HTTP/1.1" 404 41933 "-" "Mozilla/5.0 (Windows NT 10.0; Win64; x64) AppleWebKit/537.36 (KHTML, like Gecko) Chrome/120.0.0.0 Safari/537.36"
20.255.80.192 - - [27/Apr/2026:12:23:28 +0000] "GET /wp-content/plugins/core-plugin/include.php HTTP/1.1" 404 41929 "-" "Mozilla/5.0 (Windows NT 10.0; Win64; x64) AppleWebKit/537.36 (KHTML, like Gecko) Chrome/120.0.0.0 Safari/537.36"
216.73.217.123 - - [27/Apr/2026:12:23:29 +0000] "GET /sitemap.xml HTTP/1.1" 200 302 "-" "Mozilla/5.0 AppleWebKit/537.36 (KHTML, like Gecko; compatible; ClaudeBot/1.0; +claudebot@anthropic.com)"
20.255.80.192 - - [27/Apr/2026:12:23:29 +0000] "GET /wp-content/plugins/dummyyummy/wp-signup.php HTTP/1.1" 404 41933 "-" "Mozilla/5.0 (Windows NT 10.0; Win64; x64) AppleWebKit/537.36 (KHTML, like Gecko) Chrome/120.0.0.0 Safari/537.36"
20.255.80.192 - - [27/Apr/2026:12:23:31 +0000] "GET /wp-content/plugins/erinyani/baxa1.php HTTP/1.1" 404 41936 "-" "Mozilla/5.0 (Windows NT 10.0; Win64; x64) AppleWebKit/537.36 (KHTML, like Gecko) Chrome/120.0.0.0 Safari/537.36"
20.255.80.192 - - [27/Apr/2026:12:23:32 +0000] "GET /wp-content/plugins/linkpreview/index.php HTTP/1.1" 301 - "-" "Mozilla/5.0 (Windows NT 10.0; Win64; x64) AppleWebKit/537.36 (KHTML, like Gecko) Chrome/120.0.0.0 Safari/537.36"
20.255.80.192 - - [27/Apr/2026:12:23:33 +0000] "GET /wp-content/plugins/pwnd/1.php HTTP/1.1" 404 41929 "-" "Mozilla/5.0 (Windows NT 10.0; Win64; x64) AppleWebKit/537.36 (KHTML, like Gecko) Chrome/120.0.0.0 Safari/537.36"
20.255.80.192 - - [27/Apr/2026:12:23:34 +0000] "GET /wp-content/plugins/sid/sidwso.php HTTP/1.1" 404 41929 "-" "Mozilla/5.0 (Windows NT 10.0; Win64; x64) AppleWebKit/537.36 (KHTML, like Gecko) Chrome/120.0.0.0 Safari/537.36"
20.255.80.192 - - [27/Apr/2026:12:23:36 +0000] "GET /wp-content/plugins/sphinx/randkeyword.php HTTP/1.1" 404 41938 "-" "Mozilla/5.0 (Windows NT 10.0; Win64; x64) AppleWebKit/537.36 (KHTML, like Gecko) Chrome/120.0.0.0 Safari/537.36"
20.255.80.192 - - [27/Apr/2026:12:23:37 +0000] "GET /wp-content/plugins/ubh/1.php HTTP/1.1" 404 41928 "-" "Mozilla/5.0 (Windows NT 10.0; Win64; x64) AppleWebKit/537.36 (KHTML, like Gecko) Chrome/120.0.0.0 Safari/537.36"
20.255.80.192 - - [27/Apr/2026:12:23:38 +0000] "GET /wp-content/themes/autoload_classmap.php HTTP/1.1" 404 41936 "-" "Mozilla/5.0 (Windows NT 10.0; Win64; x64) AppleWebKit/537.36 (KHTML, like Gecko) Chrome/120.0.0.0 Safari/537.36"
20.255.80.192 - - [27/Apr/2026:12:23:40 +0000] "GET /wp-content/themes/digital-download/new.php HTTP/1.1" 404 41941 "-" "Mozilla/5.0 (Windows NT 10.0; Win64; x64) AppleWebKit/537.36 (KHTML, like Gecko) Chrome/120.0.0.0 Safari/537.36"
20.255.80.192 - - [27/Apr/2026:12:23:41 +0000] "GET /wp-content/themes/pridmag/1.php HTTP/1.1" 404 41931 "-" "Mozilla/5.0 (Windows NT 10.0; Win64; x64) AppleWebKit/537.36 (KHTML, like Gecko) Chrome/120.0.0.0 Safari/537.36"
20.255.80.192 - - [27/Apr/2026:12:23:42 +0000] "GET /wp-content/themes/seotheme/mar.php HTTP/1.1" 404 41931 "-" "Mozilla/5.0 (Windows NT 10.0; Win64; x64) AppleWebKit/537.36 (KHTML, like Gecko) Chrome/120.0.0.0 Safari/537.36"
20.255.80.192 - - [27/Apr/2026:12:23:44 +0000] "GET /wp-content/upgrade/about.php HTTP/1.1" 404 41928 "-" "Mozilla/5.0 (Windows NT 10.0; Win64; x64) AppleWebKit/537.36 (KHTML, like Gecko) Chrome/120.0.0.0 Safari/537.36"
20.255.80.192 - - [27/Apr/2026:12:23:45 +0000] "GET /wp-content/upgrade/autoload_classmap.php HTTP/1.1" 404 41938 "-" "Mozilla/5.0 (Windows NT 10.0; Win64; x64) AppleWebKit/537.36 (KHTML, like Gecko) Chrome/120.0.0.0 Safari/537.36"
20.255.80.192 - - [27/Apr/2026:12:23:46 +0000] "GET /wp-content/uploads/chosen.php HTTP/1.1" 404 41927 "-" "Mozilla/5.0 (Windows NT 10.0; Win64; x64) AppleWebKit/537.36 (KHTML, like Gecko) Chrome/120.0.0.0 Safari/537.36"
20.255.80.192 - - [27/Apr/2026:12:23:48 +0000] "GET /wp-content/x/index.php HTTP/1.1" 301 - "-" "Mozilla/5.0 (Windows NT 10.0; Win64; x64) AppleWebKit/537.36 (KHTML, like Gecko) Chrome/120.0.0.0 Safari/537.36"
20.255.80.192 - - [27/Apr/2026:12:23:49 +0000] "GET /wp-includes/ID3/autoload_classmap.php HTTP/1.1" 404 41939 "-" "Mozilla/5.0 (Windows NT 10.0; Win64; x64) AppleWebKit/537.36 (KHTML, like Gecko) Chrome/120.0.0.0 Safari/537.36"
114.119.141.152 - - [27/Apr/2026:12:23:50 +0000] "GET /essential-advice-for-your-next-laptop-purchase/ HTTP/1.1" 200 46515 "https://maxvirusprotection.com/tag/laptop-cooler/" "Mozilla/5.0 (Linux; Android 7.0;) AppleWebKit/537.36 (HTML, like Gecko) Mobile Safari/537.36 (compatible; PetalBot;+https://webmaster.petalsearch.com/site/petalbot)"
20.255.80.192 - - [27/Apr/2026:12:23:50 +0000] "GET /wp-includes/ID3/berlin.php HTTP/1.1" 404 41934 "-" "Mozilla/5.0 (Windows NT 10.0; Win64; x64) AppleWebKit/537.36 (KHTML, like Gecko) Chrome/120.0.0.0 Safari/537.36"
20.255.80.192 - - [27/Apr/2026:12:23:52 +0000] "GET /wp-includes/ID3/index.php HTTP/1.1" 301 - "-" "Mozilla/5.0 (Windows NT 10.0; Win64; x64) AppleWebKit/537.36 (KHTML, like Gecko) Chrome/120.0.0.0 Safari/537.36"
20.255.80.192 - - [27/Apr/2026:12:23:53 +0000] "GET /wp-includes/IXR/autoload_classmap.php HTTP/1.1" 404 41940 "-" "Mozilla/5.0 (Windows NT 10.0; Win64; x64) AppleWebKit/537.36 (KHTML, like Gecko) Chrome/120.0.0.0 Safari/537.36"
20.255.80.192 - - [27/Apr/2026:12:23:55 +0000] "GET /wp-includes/PHPMailer/autoload_classmap.php HTTP/1.1" 404 41945 "-" "Mozilla/5.0 (Windows NT 10.0; Win64; x64) AppleWebKit/537.36 (KHTML, like Gecko) Chrome/120.0.0.0 Safari/537.36"
20.255.80.192 - - [27/Apr/2026:12:23:56 +0000] "GET /wp-includes/SimplePie/autoload_classmap.php HTTP/1.1" 404 41943 "-" "Mozilla/5.0 (Windows NT 10.0; Win64; x64) AppleWebKit/537.36 (KHTML, like Gecko) Chrome/120.0.0.0 Safari/537.36"
20.255.80.192 - - [27/Apr/2026:12:23:57 +0000] "GET /wp-includes/Text/autoload_classmap.php HTTP/1.1" 404 41938 "-" "Mozilla/5.0 (Windows NT 10.0; Win64; x64) AppleWebKit/537.36 (KHTML, like Gecko) Chrome/120.0.0.0 Safari/537.36"
20.255.80.192 - - [27/Apr/2026:12:23:59 +0000] "GET /wp-includes/Text/autoload_classmap.php HTTP/1.1" 404 41938 "-" "Mozilla/5.0 (Windows NT 10.0; Win64; x64) AppleWebKit/537.36 (KHTML, like Gecko) Chrome/120.0.0.0 Safari/537.36"
20.255.80.192 - - [27/Apr/2026:12:24:00 +0000] "GET /wp-includes/assets/autoload_classmap.php HTTP/1.1" 404 41940 "-" "Mozilla/5.0 (Windows NT 10.0; Win64; x64) AppleWebKit/537.36 (KHTML, like Gecko) Chrome/120.0.0.0 Safari/537.36"
20.255.80.192 - - [27/Apr/2026:12:24:02 +0000] "GET /wp-includes/assets/index.php HTTP/1.1" 301 - "-" "Mozilla/5.0 (Windows NT 10.0; Win64; x64) AppleWebKit/537.36 (KHTML, like Gecko) Chrome/120.0.0.0 Safari/537.36"
20.255.80.192 - - [27/Apr/2026:12:24:03 +0000] "GET /wp-includes/block-supports/autoload_classmap.php HTTP/1.1" 404 41942 "-" "Mozilla/5.0 (Windows NT 10.0; Win64; x64) AppleWebKit/537.36 (KHTML, like Gecko) Chrome/120.0.0.0 Safari/537.36"
20.255.80.192 - - [27/Apr/2026:12:24:04 +0000] "GET /wp-includes/block-supports/index.php HTTP/1.1" 301 - "-" "Mozilla/5.0 (Windows NT 10.0; Win64; x64) AppleWebKit/537.36 (KHTML, like Gecko) Chrome/120.0.0.0 Safari/537.36"
20.255.80.192 - - [27/Apr/2026:12:24:06 +0000] "GET /wp-includes/blocks/autoload_classmap.php HTTP/1.1" 404 41940 "-" "Mozilla/5.0 (Windows NT 10.0; Win64; x64) AppleWebKit/537.36 (KHTML, like Gecko) Chrome/120.0.0.0 Safari/537.36"
20.255.80.192 - - [27/Apr/2026:12:24:07 +0000] "GET /wp-includes/certificates/wp-login.php HTTP/1.1" 404 41934 "-" "Mozilla/5.0 (Windows NT 10.0; Win64; x64) AppleWebKit/537.36 (KHTML, like Gecko) Chrome/120.0.0.0 Safari/537.36"
20.255.80.192 - - [27/Apr/2026:12:24:08 +0000] "GET /wp-includes/css/thems.php HTTP/1.1" 404 41929 "-" "Mozilla/5.0 (Windows NT 10.0; Win64; x64) AppleWebKit/537.36 (KHTML, like Gecko) Chrome/120.0.0.0 Safari/537.36"
184.94.212.206 - - [27/Apr/2026:12:24:11 +0000] "POST /wp-cron.php?doing_wp_cron=1777292651.0618610382080078125000 HTTP/1.1" 200 - "-" "WordPress/6.9.4; https://maxvirusprotection.com"
20.255.80.192 - - [27/Apr/2026:12:24:09 +0000] "GET /wp-includes/defaults.php HTTP/1.1" 404 41677 "-" "Mozilla/5.0 (Windows NT 10.0; Win64; x64) AppleWebKit/537.36 (KHTML, like Gecko) Chrome/120.0.0.0 Safari/537.36"
20.255.80.192 - - [27/Apr/2026:12:24:11 +0000] "GET /wp-includes/fonts/index.php HTTP/1.1" 301 - "-" "Mozilla/5.0 (Windows NT 10.0; Win64; x64) AppleWebKit/537.36 (KHTML, like Gecko) Chrome/120.0.0.0 Safari/537.36"
20.255.80.192 - - [27/Apr/2026:12:24:12 +0000] "GET /wp-includes/images/autoload_classmap.php HTTP/1.1" 404 41937 "-" "Mozilla/5.0 (Windows NT 10.0; Win64; x64) AppleWebKit/537.36 (KHTML, like Gecko) Chrome/120.0.0.0 Safari/537.36"
20.255.80.192 - - [27/Apr/2026:12:24:14 +0000] "GET /wp-includes/js/jcrop/Jcrop.php HTTP/1.1" 404 41933 "-" "Mozilla/5.0 (Windows NT 10.0; Win64; x64) AppleWebKit/537.36 (KHTML, like Gecko) Chrome/120.0.0.0 Safari/537.36"
20.255.80.192 - - [27/Apr/2026:12:24:15 +0000] "GET /wp-includes/rest-api/autoload_classmap.php HTTP/1.1" 404 41941 "-" "Mozilla/5.0 (Windows NT 10.0; Win64; x64) AppleWebKit/537.36 (KHTML, like Gecko) Chrome/120.0.0.0 Safari/537.36"
20.255.80.192 - - [27/Apr/2026:12:24:16 +0000] "GET /wp-includes/style-engine/autoload_classmap.php HTTP/1.1" 404 41945 "-" "Mozilla/5.0 (Windows NT 10.0; Win64; x64) AppleWebKit/537.36 (KHTML, like Gecko) Chrome/120.0.0.0 Safari/537.36"
20.255.80.192 - - [27/Apr/2026:12:24:17 +0000] "GET /wp-includes/widgets/include.php HTTP/1.1" 404 41930 "-" "Mozilla/5.0 (Windows NT 10.0; Win64; x64) AppleWebKit/537.36 (KHTML, like Gecko) Chrome/120.0.0.0 Safari/537.36"
20.255.80.192 - - [27/Apr/2026:12:24:19 +0000] "GET /wp-mail.php HTTP/1.1" 403 1083 "-" "Mozilla/5.0 (Windows NT 10.0; Win64; x64) AppleWebKit/537.36 (KHTML, like Gecko) Chrome/120.0.0.0 Safari/537.36"
20.255.80.192 - - [27/Apr/2026:12:24:20 +0000] "GET /wp.php HTTP/1.1" 404 41667 "-" "Mozilla/5.0 (Windows NT 10.0; Win64; x64) AppleWebKit/537.36 (KHTML, like Gecko) Chrome/120.0.0.0 Safari/537.36"
20.255.80.192 - - [27/Apr/2026:12:24:21 +0000] "GET /wp/xleet.php HTTP/1.1" 404 41675 "-" "Mozilla/5.0 (Windows NT 10.0; Win64; x64) AppleWebKit/537.36 (KHTML, like Gecko) Chrome/120.0.0.0 Safari/537.36"
20.255.80.192 - - [27/Apr/2026:12:24:22 +0000] "GET /wsa.php HTTP/1.1" 404 41669 "-" "Mozilla/5.0 (Windows NT 10.0; Win64; x64) AppleWebKit/537.36 (KHTML, like Gecko) Chrome/120.0.0.0 Safari/537.36"
20.255.80.192 - - [27/Apr/2026:12:24:24 +0000] "GET /x/index.php HTTP/1.1" 301 - "-" "Mozilla/5.0 (Windows NT 10.0; Win64; x64) AppleWebKit/537.36 (KHTML, like Gecko) Chrome/120.0.0.0 Safari/537.36"
20.255.80.192 - - [27/Apr/2026:12:24:25 +0000] "GET /xl2023.php.php HTTP/1.1" 404 41672 "-" "Mozilla/5.0 (Windows NT 10.0; Win64; x64) AppleWebKit/537.36 (KHTML, like Gecko) Chrome/120.0.0.0 Safari/537.36"
20.255.80.192 - - [27/Apr/2026:12:24:26 +0000] "GET /xleet.php HTTP/1.1" 404 41671 "-" "Mozilla/5.0 (Windows NT 10.0; Win64; x64) AppleWebKit/537.36 (KHTML, like Gecko) Chrome/120.0.0.0 Safari/537.36"
20.255.80.192 - - [27/Apr/2026:12:24:27 +0000] "GET /xxx.php HTTP/1.1" 404 41671 "-" "Mozilla/5.0 (Windows NT 10.0; Win64; x64) AppleWebKit/537.36 (KHTML, like Gecko) Chrome/120.0.0.0 Safari/537.36"
20.255.80.192 - - [27/Apr/2026:12:24:29 +0000] "GET /y.php HTTP/1.1" 404 41668 "-" "Mozilla/5.0 (Windows NT 10.0; Win64; x64) AppleWebKit/537.36 (KHTML, like Gecko) Chrome/120.0.0.0 Safari/537.36"
184.94.212.206 - - [27/Apr/2026:12:26:32 +0000] "POST /wp-cron.php?doing_wp_cron=1777292792.4878399372100830078125 HTTP/1.1" 200 - "-" "WordPress/6.9.4; https://maxvirusprotection.com"
192.0.85.167 - - [27/Apr/2026:12:26:30 +0000] "HEAD / HTTP/1.1" 200 - "-" "jetmon/1.0 (Jetpack Site Uptime Monitor by WordPress.com)"
184.94.212.206 - - [27/Apr/2026:12:27:04 +0000] "POST /wp-cron.php?doing_wp_cron=1777292824.3632040023803710937500 HTTP/1.1" 200 - "-" "WordPress/6.9.4; https://maxvirusprotection.com"
142.44.228.253 - - [27/Apr/2026:12:27:02 +0000] "GET /website-creation-tips-made-simple-for-you/?share=x HTTP/1.1" 302 - "-" "Mozilla/5.0 (compatible; AhrefsBot/7.0; +http://ahrefs.com/robot/)"
190.7.46.209 - - [27/Apr/2026:12:27:14 +0000] "GET /how-to-stop-bitcoin-mining-malware-slowing-down-my-computer/ HTTP/1.1" 200 48377 "-" "Mozilla/5.0 (X11; Linux i686; rv:1.9.5.20) Gecko/4555-03-10 13:23:25.324997 Firefox/3.8"
216.73.217.123 - - [27/Apr/2026:12:28:24 +0000] "GET /sitemap_index.xml HTTP/1.1" 200 332 "-" "Mozilla/5.0 AppleWebKit/537.36 (KHTML, like Gecko; compatible; ClaudeBot/1.0; +claudebot@anthropic.com)"
184.94.212.206 - - [27/Apr/2026:12:29:30 +0000] "POST /wp-cron.php?doing_wp_cron=1777292970.5935668945312500000000 HTTP/1.1" 200 - "-" "WordPress/6.9.4; https://maxvirusprotection.com"
114.119.145.19 - - [27/Apr/2026:12:29:28 +0000] "GET /dont-look-anywhere-else-until-you-read-these-great-tips-about-web-design?share=x HTTP/1.1" 302 - "https://maxvirusprotection.com/dont-look-anywhere-else-until-you-read-these-great-tips-about-web-design" "Mozilla/5.0 (Linux; Android 7.0;) AppleWebKit/537.36 (HTML, like Gecko) Mobile Safari/537.36 (compatible; PetalBot;+https://webmaster.petalsearch.com/site/petalbot)"
184.94.212.206 - - [27/Apr/2026:12:30:25 +0000] "POST /wp-cron.php?doing_wp_cron=1777293024.9961879253387451171875 HTTP/1.1" 200 - "-" "WordPress/6.9.4; https://maxvirusprotection.com"
216.73.161.76 - - [27/Apr/2026:12:30:22 +0000] "POST /wp-login.php HTTP/1.1" 401 3499 "-" "Mozilla/5.0"
184.94.212.206 - - [27/Apr/2026:12:31:30 +0000] "POST /wp-cron.php?doing_wp_cron=1777293090.7082960605621337890625 HTTP/1.1" 200 - "-" "WordPress/6.9.4; https://maxvirusprotection.com"
192.0.85.167 - - [27/Apr/2026:12:31:29 +0000] "HEAD / HTTP/1.1" 200 - "-" "jetmon/1.0 (Jetpack Site Uptime Monitor by WordPress.com)"
184.94.212.206 - - [27/Apr/2026:12:34:04 +0000] "POST /wp-cron.php?doing_wp_cron=1777293244.8973219394683837890625 HTTP/1.1" 200 - "-" "WordPress/6.9.4; https://maxvirusprotection.com"
114.119.135.215 - - [27/Apr/2026:12:34:02 +0000] "GET /dont-look-anywhere-else-until-you-read-these-great-tips-about-web-design?share=facebook HTTP/1.1" 302 - "https://maxvirusprotection.com/dont-look-anywhere-else-until-you-read-these-great-tips-about-web-design" "Mozilla/5.0 (Linux; Android 7.0;) AppleWebKit/537.36 (HTML, like Gecko) Mobile Safari/537.36 (compatible; PetalBot;+https://webmaster.petalsearch.com/site/petalbot)"
184.94.212.206 - - [27/Apr/2026:12:36:33 +0000] "POST /wp-cron.php?doing_wp_cron=1777293393.8046579360961914062500 HTTP/1.1" 200 - "-" "WordPress/6.9.4; https://maxvirusprotection.com"
192.0.85.167 - - [27/Apr/2026:12:36:32 +0000] "HEAD / HTTP/1.1" 200 - "-" "jetmon/1.0 (Jetpack Site Uptime Monitor by WordPress.com)"
184.94.212.206 - - [27/Apr/2026:12:38:28 +0000] "POST /wp-cron.php?doing_wp_cron=1777293508.6267650127410888671875 HTTP/1.1" 200 - "-" "WordPress/6.9.4; https://maxvirusprotection.com"
114.119.141.152 - - [27/Apr/2026:12:38:26 +0000] "GET /dont-look-anywhere-else-until-you-read-these-great-tips-about-web-design/?share=twitter&noamp=mobile HTTP/1.1" 302 - "https://maxvirusprotection.com/dont-look-anywhere-else-until-you-read-these-great-tips-about-web-design/?share=twitter&amp" "Mozilla/5.0 (Linux; Android 7.0;) AppleWebKit/537.36 (HTML, like Gecko) Mobile Safari/537.36 (compatible; PetalBot;+https://webmaster.petalsearch.com/site/petalbot)"
184.94.212.206 - - [27/Apr/2026:12:41:02 +0000] "POST /wp-cron.php?doing_wp_cron=1777293662.2927610874176025390625 HTTP/1.1" 200 - "-" "WordPress/6.9.4; https://maxvirusprotection.com"
57.141.18.107 - - [27/Apr/2026:12:41:00 +0000] "GET /headerlogo/ HTTP/1.1" 301 - "-" "meta-externalagent/1.1 (+https://developers.facebook.com/docs/sharing/webmasters/crawler)"
184.94.212.206 - - [27/Apr/2026:12:41:30 +0000] "POST /wp-cron.php?doing_wp_cron=1777293690.7408890724182128906250 HTTP/1.1" 200 - "-" "WordPress/6.9.4; https://maxvirusprotection.com"
192.0.85.167 - - [27/Apr/2026:12:41:29 +0000] "HEAD / HTTP/1.1" 200 - "-" "jetmon/1.0 (Jetpack Site Uptime Monitor by WordPress.com)"
184.94.212.206 - - [27/Apr/2026:12:43:07 +0000] "POST /wp-cron.php?doing_wp_cron=1777293787.6974580287933349609375 HTTP/1.1" 200 - "-" "WordPress/6.9.4; https://maxvirusprotection.com"
114.119.145.19 - - [27/Apr/2026:12:43:05 +0000] "GET /what-needs-to-go-into-buying-your-laptop?share=twitter HTTP/1.1" 302 - "-" "Mozilla/5.0 (Linux; Android 7.0;) AppleWebKit/537.36 (HTML, like Gecko) Mobile Safari/537.36 (compatible; PetalBot;+https://webmaster.petalsearch.com/site/petalbot)"
184.94.212.206 - - [27/Apr/2026:12:45:28 +0000] "POST /wp-cron.php?doing_wp_cron=1777293928.0743041038513183593750 HTTP/1.1" 200 - "-" "WordPress/6.9.4; https://maxvirusprotection.com"
43.156.228.78 - - [27/Apr/2026:12:45:23 +0000] "GET /category/antivirus-programs/page/2/ HTTP/1.1" 200 46822 "-" "Sogou web spider/4.0"
43.134.71.61 - - [27/Apr/2026:12:45:28 +0000] "GET /wp-content/plugins/simple-google-recaptcha/sgr.css?ver=1663329978 HTTP/1.1" 200 173 "https://maxvirusprotection.com/category/antivirus-programs/page/2/" "Sogou web spider/4.0"
43.134.71.61 - - [27/Apr/2026:12:45:28 +0000] "GET /wp-content/themes/news-pro/style.css?ver=3.2.1 HTTP/1.1" 200 8074 "https://maxvirusprotection.com/category/antivirus-programs/page/2/" "Sogou web spider/4.0"
43.156.228.78 - - [27/Apr/2026:12:45:28 +0000] "GET /wp-content/plugins/simple-google-recaptcha/sgr.js?ver=1663329978 HTTP/1.1" 200 504 "https://maxvirusprotection.com/category/antivirus-programs/page/2/" "Sogou web spider/4.0"
43.134.71.61 - - [27/Apr/2026:12:45:28 +0000] "GET /wp-content/themes/genesis/lib/js/menu/superfish.min.js?ver=1.7.10 HTTP/1.1" 200 1894 "https://maxvirusprotection.com/category/antivirus-programs/page/2/" "Sogou web spider/4.0"
43.156.228.78 - - [27/Apr/2026:12:45:28 +0000] "GET /wp-content/themes/genesis/lib/js/menu/superfish.args.min.js?ver=3.6.2 HTTP/1.1" 200 124 "https://maxvirusprotection.com/category/antivirus-programs/page/2/" "Sogou web spider/4.0"
43.156.228.78 - - [27/Apr/2026:12:45:28 +0000] "GET /wp-content/themes/genesis/lib/js/skip-links.min.js?ver=3.6.2 HTTP/1.1" 200 238 "https://maxvirusprotection.com/category/antivirus-programs/page/2/" "Sogou web spider/4.0"
43.134.71.61 - - [27/Apr/2026:12:45:28 +0000] "GET /wp-content/themes/news-pro/js/global.js?ver=3.2.1 HTTP/1.1" 200 160 "https://maxvirusprotection.com/category/antivirus-programs/page/2/" "Sogou web spider/4.0"
43.134.71.61 - - [27/Apr/2026:12:45:28 +0000] "GET /wp-content/themes/news-pro/js/jquery.matchHeight.min.js?ver=3.2.1 HTTP/1.1" 200 1553 "https://maxvirusprotection.com/category/antivirus-programs/page/2/" "Sogou web spider/4.0"
43.134.71.61 - - [27/Apr/2026:12:45:28 +0000] "GET /wp-content/themes/news-pro/js/responsive-menus.min.js?ver=3.2.1 HTTP/1.1" 200 1601 "https://maxvirusprotection.com/category/antivirus-programs/page/2/" "Sogou web spider/4.0"
43.156.228.78 - - [27/Apr/2026:12:45:28 +0000] "GET /wp-content/plugins/google-site-kit/dist/assets/js/googlesitekit-consent-mode-bc2e26cfa69fcd4a8261.js HTTP/1.1" 200 25395 "https://maxvirusprotection.com/category/antivirus-programs/page/2/" "Sogou web spider/4.0"
43.134.71.61 - - [27/Apr/2026:12:45:28 +0000] "GET /wp-content/plugins/wp-consent-api/assets/js/wp-consent-api.min.js?ver=2.0.1 HTTP/1.1" 200 822 "https://maxvirusprotection.com/category/antivirus-programs/page/2/" "Sogou web spider/4.0"
43.156.228.78 - - [27/Apr/2026:12:45:29 +0000] "GET /wp-includes/js/wp-emoji-release.min.js?ver=5078bdab8f7363344291ac21b628a3f3 HTTP/1.1" 200 5375 "https://maxvirusprotection.com/category/antivirus-programs/page/2/" "Sogou web spider/4.0"
57.141.18.39 - - [27/Apr/2026:12:45:31 +0000] "GET /tag/search-engines/ HTTP/1.1" 200 118826 "-" "meta-externalagent/1.1 (+https://developers.facebook.com/docs/sharing/webmasters/crawler)"
193.56.116.88 - - [27/Apr/2026:12:46:20 +0000] "GET /wp-login.php HTTP/1.1" 200 3988 "-" "Mozilla/5.0"
193.56.116.88 - - [27/Apr/2026:12:46:23 +0000] "GET /?author=1 HTTP/1.1" 500 1081 "-" "Mozilla/5.0"
184.94.212.206 - - [27/Apr/2026:12:46:26 +0000] "POST /wp-cron.php?doing_wp_cron=1777293986.2066929340362548828125 HTTP/1.1" 200 - "-" "WordPress/6.9.4; https://maxvirusprotection.com"
193.56.116.96 - - [27/Apr/2026:12:46:25 +0000] "GET /?rest_route=/wp/v2/users HTTP/1.1" 401 110 "-" "Mozilla/5.0"
193.56.116.96 - - [27/Apr/2026:12:46:26 +0000] "GET /feed HTTP/1.1" 301 - "-" "Mozilla/5.0"
193.56.116.96 - - [27/Apr/2026:12:46:27 +0000] "GET /feed/ HTTP/1.1" 200 26722 "-" "Mozilla/5.0"
192.0.85.167 - - [27/Apr/2026:12:46:31 +0000] "HEAD / HTTP/1.1" 200 - "-" "jetmon/1.0 (Jetpack Site Uptime Monitor by WordPress.com)"
184.94.212.206 - - [27/Apr/2026:12:47:24 +0000] "POST /wp-cron.php?doing_wp_cron=1777294044.8208820819854736328125 HTTP/1.1" 200 - "-" "WordPress/6.9.4; https://maxvirusprotection.com"
66.249.92.34 - - [27/Apr/2026:12:47:23 +0000] "GET /category/antivirus-programs/page/2/ HTTP/1.1" 200 46821 "-" "Mediapartners-Google"
66.249.66.70 - - [27/Apr/2026:12:47:28 +0000] "GET /wp-content/plugins/simple-google-recaptcha/sgr.css?ver=1663329978 HTTP/1.1" 200 173 "https://maxvirusprotection.com/category/antivirus-programs/page/2/" "Mediapartners-Google"
66.249.66.70 - - [27/Apr/2026:12:47:31 +0000] "GET /wp-content/themes/news-pro/js/global.js?ver=3.2.1 HTTP/1.1" 200 160 "https://maxvirusprotection.com/category/antivirus-programs/page/2/" "Mediapartners-Google"
66.249.66.69 - - [27/Apr/2026:12:47:32 +0000] "GET /wp-content/themes/genesis/lib/js/skip-links.min.js?ver=3.6.2 HTTP/1.1" 200 238 "https://maxvirusprotection.com/category/antivirus-programs/page/2/" "Mediapartners-Google"
114.119.155.2 - - [27/Apr/2026:12:48:06 +0000] "GET /what-needs-to-go-into-buying-your-laptop?share=facebook HTTP/1.1" 302 - "https://maxvirusprotection.com/what-needs-to-go-into-buying-your-laptop" "Mozilla/5.0 (Linux; Android 7.0;) AppleWebKit/537.36 (HTML, like Gecko) Mobile Safari/537.36 (compatible; PetalBot;+https://webmaster.petalsearch.com/site/petalbot)"
142.44.225.81 - - [27/Apr/2026:12:48:44 +0000] "GET /category/security/feed/ HTTP/1.1" 200 26740 "-" "Mozilla/5.0 (compatible; AhrefsBot/7.0; +http://ahrefs.com/robot/)"
184.94.212.206 - - [27/Apr/2026:12:51:32 +0000] "POST /wp-cron.php?doing_wp_cron=1777294292.1915559768676757812500 HTTP/1.1" 200 - "-" "WordPress/6.9.4; https://maxvirusprotection.com"
192.0.85.167 - - [27/Apr/2026:12:51:30 +0000] "HEAD / HTTP/1.1" 200 - "-" "jetmon/1.0 (Jetpack Site Uptime Monitor by WordPress.com)"
184.94.212.206 - - [27/Apr/2026:12:51:52 +0000] "POST /wp-cron.php?doing_wp_cron=1777294312.3721311092376708984375 HTTP/1.1" 200 - "-" "WordPress/6.9.4; https://maxvirusprotection.com"
57.141.18.58 - - [27/Apr/2026:12:51:51 +0000] "GET /best-tips-for-creative-and-effective-web-design/ HTTP/1.1" 200 137490 "-" "meta-externalagent/1.1 (+https://developers.facebook.com/docs/sharing/webmasters/crawler)"
114.119.140.103 - - [27/Apr/2026:12:52:55 +0000] "GET /website-development-tips-you-can-use-today?share=twitter&noamp=mobile HTTP/1.1" 302 - "-" "Mozilla/5.0 (Linux; Android 7.0;) AppleWebKit/537.36 (HTML, like Gecko) Mobile Safari/537.36 (compatible; PetalBot;+https://webmaster.petalsearch.com/site/petalbot)"
57.141.18.61 - - [27/Apr/2026:12:53:33 +0000] "GET /the-best-laptop-advice-you-will-read/ HTTP/1.1" 200 134595 "-" "meta-externalagent/1.1 (+https://developers.facebook.com/docs/sharing/webmasters/crawler)"
167.172.79.172 - - [27/Apr/2026:12:53:43 +0000] "GET /wp-login.php HTTP/1.1" 200 4400 "-" "Mozilla/5.0 (X11; CrOS x86_64 10452.96.0) AppleWebKit/537.36 (KHTML, like Gecko) Chrome/66.0.3359.181 Safari/537.36"
167.172.79.172 - - [27/Apr/2026:12:53:44 +0000] "POST /wp-login.php HTTP/1.1" 200 4400 "https://maxvirusprotection.com/wp-login.php" "Mozilla/5.0 (X11; CrOS x86_64 10452.96.0) AppleWebKit/537.36 (KHTML, like Gecko) Chrome/66.0.3359.181 Safari/537.36"
184.94.212.206 - - [27/Apr/2026:12:54:23 +0000] "POST /wp-cron.php?doing_wp_cron=1777294463.5230178833007812500000 HTTP/1.1" 200 - "-" "WordPress/6.9.4; https://maxvirusprotection.com"
66.249.66.69 - - [27/Apr/2026:12:54:22 +0000] "GET /robots.txt HTTP/1.1" 200 150 "-" "Mozilla/5.0 (compatible; Googlebot/2.1; +http://www.google.com/bot.html)"
66.249.66.202 - - [27/Apr/2026:12:54:24 +0000] "GET /ads.txt HTTP/1.1" 304 - "-" "Google-adstxt"
137.74.133.23 - - [27/Apr/2026:12:55:51 +0000] "GET /wp-login.php HTTP/1.1" 200 4402 "-" "Mozilla/5.0 (Windows NT 6.2; ARM; Trident/7.0; Touch; rv:11.0; WPDesktop; NOKIA; Lumia 530) like Gecko"
137.74.133.23 - - [27/Apr/2026:12:55:53 +0000] "POST /wp-login.php HTTP/1.1" 200 4402 "https://maxvirusprotection.com/wp-login.php" "Mozilla/5.0 (Windows NT 6.2; ARM; Trident/7.0; Touch; rv:11.0; WPDesktop; NOKIA; Lumia 530) like Gecko"
184.94.212.206 - - [27/Apr/2026:12:56:29 +0000] "POST /wp-cron.php?doing_wp_cron=1777294589.6751110553741455078125 HTTP/1.1" 200 - "-" "WordPress/6.9.4; https://maxvirusprotection.com"
192.0.85.167 - - [27/Apr/2026:12:56:28 +0000] "HEAD / HTTP/1.1" 200 - "-" "jetmon/1.0 (Jetpack Site Uptime Monitor by WordPress.com)"
34.225.243.131 - - [27/Apr/2026:12:56:28 +0000] "GET /designing-the-best-sites-ever-heres-help/ HTTP/1.1" 200 48076 "-" "Mozilla/5.0 AppleWebKit/537.36 (KHTML, like Gecko; compatible; Amazonbot/0.1; +https://developer.amazon.com/support/amazonbot) Chrome/119.0.6045.214 Safari/537.36"
184.94.212.206 - - [27/Apr/2026:12:57:35 +0000] "POST /wp-cron.php?doing_wp_cron=1777294655.2385709285736083984375 HTTP/1.1" 200 - "-" "WordPress/6.9.4; https://maxvirusprotection.com"
98.238.223.42 - - [27/Apr/2026:12:57:33 +0000] "GET /tag/dedicated-graphics/ HTTP/1.1" 200 42902 "-" "Mozilla/5.0 (Windows NT 10.0; Win64; x64) AppleWebKit/537.36 (KHTML, like Gecko) Chrome/99.0.4844.51 Safari/537.36"
114.119.145.19 - - [27/Apr/2026:12:57:44 +0000] "GET /want-to-become-a-website-creation-expert-read-this-piece/?amp HTTP/1.1" 200 47193 "https://maxvirusprotection.com/want-to-become-a-website-creation-expert-read-this-piece/?amp" "Mozilla/5.0 (Linux; Android 7.0;) AppleWebKit/537.36 (HTML, like Gecko) Mobile Safari/537.36 (compatible; PetalBot;+https://webmaster.petalsearch.com/site/petalbot)"
137.74.133.23 - - [27/Apr/2026:12:59:51 +0000] "GET /wp-login.php HTTP/1.1" 200 4402 "-" "Mozilla/5.0 (Windows NT 6.3; WOW64; Trident/7.0; LCJB; rv:11.0) like Gecko"
137.74.133.23 - - [27/Apr/2026:12:59:53 +0000] "POST /wp-login.php HTTP/1.1" 200 4402 "https://maxvirusprotection.com/wp-login.php" "Mozilla/5.0 (Windows NT 6.3; WOW64; Trident/7.0; LCJB; rv:11.0) like Gecko"
184.94.212.206 - - [27/Apr/2026:13:00:52 +0000] "POST /wp-cron.php?doing_wp_cron=1777294852.1042211055755615234375 HTTP/1.1" 200 - "-" "WordPress/6.9.4; https://maxvirusprotection.com"
212.237.122.104 - - [27/Apr/2026:13:00:50 +0000] "GET /comments/feed/ HTTP/1.1" 200 381 "-" "Opera/9.91.(Windows NT 5.2; ru-RU) Presto/2.9.184 Version/12.00"
184.94.212.206 - - [27/Apr/2026:13:01:35 +0000] "POST /wp-cron.php?doing_wp_cron=1777294895.1240670680999755859375 HTTP/1.1" 200 - "-" "WordPress/6.9.4; https://maxvirusprotection.com"
192.0.85.167 - - [27/Apr/2026:13:01:33 +0000] "HEAD / HTTP/1.1" 200 - "-" "jetmon/1.0 (Jetpack Site Uptime Monitor by WordPress.com)"
184.94.212.206 - - [27/Apr/2026:13:02:59 +0000] "POST /wp-cron.php?doing_wp_cron=1777294979.6694231033325195312500 HTTP/1.1" 200 - "-" "WordPress/6.9.4; https://maxvirusprotection.com"
114.119.155.2 - - [27/Apr/2026:13:02:57 +0000] "GET /top-tips-about-desktop-computers-that-anyone-can-follow/ HTTP/1.1" 200 46192 "https://maxvirusprotection.com/tag/operating-system/" "Mozilla/5.0 (Linux; Android 7.0;) AppleWebKit/537.36 (HTML, like Gecko) Mobile Safari/537.36 (compatible; PetalBot;+https://webmaster.petalsearch.com/site/petalbot)"
184.94.212.206 - - [27/Apr/2026:13:06:10 +0000] "POST /wp-cron.php?doing_wp_cron=1777295170.3577709197998046875000 HTTP/1.1" 200 - "-" "WordPress/6.9.4; https://maxvirusprotection.com"
17.241.219.153 - - [27/Apr/2026:13:06:08 +0000] "GET /robots.txt HTTP/1.1" 200 150 "-" "Mozilla/5.0 (Macintosh; Intel Mac OS X 10_15_7) AppleWebKit/605.1.15 (KHTML, like Gecko) Version/17.4 Safari/605.1.15 (Applebot/0.1; +http://www.apple.com/go/applebot)"
17.241.219.153 - - [27/Apr/2026:13:06:10 +0000] "GET /tag/software/feed/ HTTP/1.1" 200 2843 "-" "Mozilla/5.0 (Macintosh; Intel Mac OS X 10_15_7) AppleWebKit/605.1.15 (KHTML, like Gecko) Version/17.4 Safari/605.1.15 (Applebot/0.1; +http://www.apple.com/go/applebot)"
184.94.212.206 - - [27/Apr/2026:13:06:32 +0000] "POST /wp-cron.php?doing_wp_cron=1777295192.0229349136352539062500 HTTP/1.1" 200 - "-" "WordPress/6.9.4; https://maxvirusprotection.com"
192.0.85.167 - - [27/Apr/2026:13:06:30 +0000] "HEAD / HTTP/1.1" 200 - "-" "jetmon/1.0 (Jetpack Site Uptime Monitor by WordPress.com)"
123.21.217.202 - - [27/Apr/2026:13:06:45 +0000] "GET /wp-json/wp/v2/posts/224 HTTP/1.1" 200 8029 "-" "Mozilla/5.0 (Macintosh; Intel Mac OS X 10_11_6) AppleWebKit/537.36 (KHTML, like Gecko) Brave Chrome/84.0.4147.135 Safari/537.36"
184.94.212.206 - - [27/Apr/2026:13:07:57 +0000] "POST /wp-cron.php?doing_wp_cron=1777295277.9711270332336425781250 HTTP/1.1" 200 - "-" "WordPress/6.9.4; https://maxvirusprotection.com"
114.119.144.105 - - [27/Apr/2026:13:07:56 +0000] "GET /the-best-laptop-advice-you-will-read/?share=x HTTP/1.1" 302 - "https://maxvirusprotection.com/the-best-laptop-advice-you-will-read" "Mozilla/5.0 (Linux; Android 7.0;) AppleWebKit/537.36 (HTML, like Gecko) Mobile Safari/537.36 (compatible; PetalBot;+https://webmaster.petalsearch.com/site/petalbot)"
184.94.212.206 - - [27/Apr/2026:13:09:11 +0000] "POST /wp-cron.php?doing_wp_cron=1777295351.7518990039825439453125 HTTP/1.1" 200 - "-" "WordPress/6.9.4; https://maxvirusprotection.com"
216.73.217.123 - - [27/Apr/2026:13:09:10 +0000] "GET /robots.txt HTTP/1.1" 200 150 "-" "Mozilla/5.0 AppleWebKit/537.36 (KHTML, like Gecko; compatible; ClaudeBot/1.0; +claudebot@anthropic.com)"
216.73.217.123 - - [27/Apr/2026:13:09:11 +0000] "GET /sitemap_index.xml HTTP/1.1" 200 332 "-" "Mozilla/5.0 AppleWebKit/537.36 (KHTML, like Gecko; compatible; ClaudeBot/1.0; +claudebot@anthropic.com)"
184.94.212.206 - - [27/Apr/2026:13:09:38 +0000] "POST /wp-cron.php?doing_wp_cron=1777295378.1742260456085205078125 HTTP/1.1" 200 - "-" "WordPress/6.9.4; https://maxvirusprotection.com"
49.86.43.195 - - [27/Apr/2026:13:09:36 +0000] "GET /anti-spam-policy/ HTTP/1.1" 200 44131 "-" "Mozilla/5.0 (Macintosh; Intel Mac OS X 10_15_7) AppleWebKit/537.36 (KHTML, like Gecko) Chrome/140.0.0.0 newsai/1.0 Safari/537.36"
193.56.116.85 - - [27/Apr/2026:13:10:26 +0000] "POST /wp-login.php HTTP/1.1" 401 3499 "-" "Mozilla/5.0"
184.94.212.206 - - [27/Apr/2026:13:11:34 +0000] "POST /wp-cron.php?doing_wp_cron=1777295494.5015749931335449218750 HTTP/1.1" 200 - "-" "WordPress/6.9.4; https://maxvirusprotection.com"
192.0.85.167 - - [27/Apr/2026:13:11:32 +0000] "HEAD / HTTP/1.1" 200 - "-" "jetmon/1.0 (Jetpack Site Uptime Monitor by WordPress.com)"
184.94.212.206 - - [27/Apr/2026:13:12:45 +0000] "POST /wp-cron.php?doing_wp_cron=1777295565.8893001079559326171875 HTTP/1.1" 200 - "-" "WordPress/6.9.4; https://maxvirusprotection.com"
114.119.135.215 - - [27/Apr/2026:13:12:44 +0000] "GET /terms-of-use/?share=facebook HTTP/1.1" 302 - "https://maxvirusprotection.com/terms-of-use/" "Mozilla/5.0 (Linux; Android 7.0;) AppleWebKit/537.36 (HTML, like Gecko) Mobile Safari/537.36 (compatible; PetalBot;+https://webmaster.petalsearch.com/site/petalbot)"
123.30.109.8 - - [27/Apr/2026:13:13:13 +0000] "GET /wp-login.php HTTP/1.1" 200 4401 "-" "Mozilla/5.0 (Windows NT 6.1; Win64; x64) AppleWebKit/537.36 (KHTML, like Gecko) Chrome/66.0.3359.170 Safari/537.36 OPR/53.0.2907.68"
123.30.109.8 - - [27/Apr/2026:13:13:15 +0000] "POST /wp-login.php HTTP/1.1" 200 4401 "https://maxvirusprotection.com/wp-login.php" "Mozilla/5.0 (Windows NT 6.1; Win64; x64) AppleWebKit/537.36 (KHTML, like Gecko) Chrome/66.0.3359.170 Safari/537.36 OPR/53.0.2907.68"
184.94.212.206 - - [27/Apr/2026:13:14:43 +0000] "POST /wp-cron.php?doing_wp_cron=1777295683.8258850574493408203125 HTTP/1.1" 200 - "-" "WordPress/6.9.4; https://maxvirusprotection.com"
216.73.217.123 - - [27/Apr/2026:13:14:42 +0000] "GET /sitemap.xml HTTP/1.1" 200 302 "-" "Mozilla/5.0 AppleWebKit/537.36 (KHTML, like Gecko; compatible; ClaudeBot/1.0; +claudebot@anthropic.com)"
17.246.23.88 - - [27/Apr/2026:13:15:12 +0000] "GET /category/security/page/3/?amp HTTP/1.1" 200 48981 "-" "Mozilla/5.0 (Macintosh; Intel Mac OS X 10_15_7) AppleWebKit/605.1.15 (KHTML, like Gecko) Version/17.4 Safari/605.1.15 (Applebot/0.1; +http://www.apple.com/go/applebot)"
