195.234.109.74 - - [28/Apr/2026:09:03:18 +0000] "GET /wp-content/uploads/2020/03/the_best_information_about_desktop_computers_youll_find_online-1.jpg HTTP/1.1" 200 44289 "-" "Photon/1.0"
137.184.151.110 - - [28/Apr/2026:09:03:44 +0000] "GET /in-the-dark-when-it-comes-to-laptops-these-tips-can-shed-some-light/in_the_dark_when_it_comes_to_laptops_these_tips_can_shed_some_light-jpg/ HTTP/1.1" 301 - "https://maxvirusprotection.com/" "Mozilla/5.0 (Windows NT 10.0; Win64; x64) AppleWebKit/537.36 (KHTML, like Gecko) Chrome/117.0.0.0 Safari/537.36"
137.184.151.110 - - [28/Apr/2026:09:03:48 +0000] "GET /wp-content/uploads/2020/03/in_the_dark_when_it_comes_to_laptops_these_tips_can_shed_some_light.jpg HTTP/1.1" 200 27283 "https://maxvirusprotection.com/" "Mozilla/5.0 (Windows NT 10.0; Win64; x64) AppleWebKit/537.36 (KHTML, like Gecko) Chrome/117.0.0.0 Safari/537.36"
184.94.212.206 - - [28/Apr/2026:09:04:41 +0000] "POST /wp-cron.php?doing_wp_cron=1777367081.3239800930023193359375 HTTP/1.1" 200 - "-" "WordPress/6.9.4; https://maxvirusprotection.com"
114.119.141.152 - - [28/Apr/2026:09:04:39 +0000] "GET /tag/internet-security HTTP/1.1" 301 - "https://maxvirusprotection.com/tag/internet-security" "Mozilla/5.0 (Linux; Android 7.0;) AppleWebKit/537.36 (HTML, like Gecko) Mobile Safari/537.36 (compatible; PetalBot;+https://webmaster.petalsearch.com/site/petalbot)"
114.119.141.152 - - [28/Apr/2026:09:04:41 +0000] "GET /tag/internet-security/ HTTP/1.1" 200 46886 "https://maxvirusprotection.com/tag/internet-security" "Mozilla/5.0 (Linux; Android 7.0;) AppleWebKit/537.36 (HTML, like Gecko) Mobile Safari/537.36 (compatible; PetalBot;+https://webmaster.petalsearch.com/site/petalbot)"
150.228.1.167 - - [28/Apr/2026:09:04:53 +0000] "GET /quick-and-easy-website-creation-tips-for-the-new-designer/?share=facebook HTTP/1.1" 302 - "-" "Mozilla/5.0 (Windows NT 6.3; WOW64) AppleWebKit/537.36 (KHTML, like Gecko) Chrome/100.0.4896.60 Safari/537.36"
192.175.111.248 - - [28/Apr/2026:09:05:34 +0000] "GET / HTTP/1.1" 200 47527 "-" "Mozilla/5.0 (Windows NT 10.0; Win64; x64) AppleWebKit/537.36 (KHTML, like Gecko) Chrome/146.0.0.0 Safari/537.36"
184.94.212.206 - - [28/Apr/2026:09:06:28 +0000] "POST /wp-cron.php?doing_wp_cron=1777367188.2357890605926513671875 HTTP/1.1" 200 - "-" "WordPress/6.9.4; https://maxvirusprotection.com"
192.0.85.167 - - [28/Apr/2026:09:06:26 +0000] "HEAD / HTTP/1.1" 200 - "-" "jetmon/1.0 (Jetpack Site Uptime Monitor by WordPress.com)"
184.94.212.206 - - [28/Apr/2026:09:08:33 +0000] "POST /wp-cron.php?doing_wp_cron=1777367313.8977320194244384765625 HTTP/1.1" 200 - "-" "WordPress/6.9.4; https://maxvirusprotection.com"
123.22.109.45 - - [28/Apr/2026:09:08:32 +0000] "GET /sitemap-1.xml HTTP/1.1" 200 1916 "-" "Mozilla/5.0 (Macintosh; Intel Mac OS X 10_15_7) AppleWebKit/537.36 (KHTML, like Gecko) Chrome/124.0.6367.82 Safari/537.36"
184.94.212.206 - - [28/Apr/2026:09:10:09 +0000] "POST /wp-cron.php?doing_wp_cron=1777367409.5420138835906982421875 HTTP/1.1" 200 - "-" "WordPress/6.9.4; https://maxvirusprotection.com"
114.119.141.152 - - [28/Apr/2026:09:10:07 +0000] "GET /tag/desktop-computer-shopping/ HTTP/1.1" 200 42928 "https://maxvirusprotection.com/its-simple-to-learn-about-desktop-computers-with-this-article/?noamp=mobile" "Mozilla/5.0 (Linux; Android 7.0;) AppleWebKit/537.36 (HTML, like Gecko) Mobile Safari/537.36 (compatible; PetalBot;+https://webmaster.petalsearch.com/site/petalbot)"
184.94.212.206 - - [28/Apr/2026:09:11:29 +0000] "POST /wp-cron.php?doing_wp_cron=1777367489.5864629745483398437500 HTTP/1.1" 200 - "-" "WordPress/6.9.4; https://maxvirusprotection.com"
192.0.85.167 - - [28/Apr/2026:09:11:27 +0000] "HEAD / HTTP/1.1" 200 - "-" "jetmon/1.0 (Jetpack Site Uptime Monitor by WordPress.com)"
168.187.5.210 - - [28/Apr/2026:09:12:09 +0000] "GET /wp-login.php HTTP/1.1" 200 4402 "-" "Mozilla/5.0 (Windows NT 6.2; Win64; x64) AppleWebKit/537.36 (KHTML, like Gecko) Chrome/52.0.2743.116 Safari/537.36 Edge/15.15063"
184.94.212.206 - - [28/Apr/2026:09:12:39 +0000] "POST /wp-cron.php?doing_wp_cron=1777367559.3862349987030029296875 HTTP/1.1" 200 - "-" "WordPress/6.9.4; https://maxvirusprotection.com"
200.84.51.201 - - [28/Apr/2026:09:12:38 +0000] "GET /page-sitemap.xml HTTP/1.1" 200 578 "-" "Mozilla/5.0 (Macintosh; Intel Mac OS X 14_4_0) AppleWebKit/537.36 (KHTML, like Gecko) Chrome/134.0.6998.45"
184.94.212.206 - - [28/Apr/2026:09:15:34 +0000] "POST /wp-cron.php?doing_wp_cron=1777367734.1778600215911865234375 HTTP/1.1" 200 - "-" "WordPress/6.9.4; https://maxvirusprotection.com"
114.119.144.105 - - [28/Apr/2026:09:15:31 +0000] "GET /tag/broken-links/?amp HTTP/1.1" 200 43968 "https://maxvirusprotection.com/tag/broken-links/?amp" "Mozilla/5.0 (Linux; Android 7.0;) AppleWebKit/537.36 (HTML, like Gecko) Mobile Safari/537.36 (compatible; PetalBot;+https://webmaster.petalsearch.com/site/petalbot)"
184.94.212.206 - - [28/Apr/2026:09:16:29 +0000] "POST /wp-cron.php?doing_wp_cron=1777367789.4691340923309326171875 HTTP/1.1" 200 - "-" "WordPress/6.9.4; https://maxvirusprotection.com"
192.0.85.167 - - [28/Apr/2026:09:16:27 +0000] "HEAD / HTTP/1.1" 200 - "-" "jetmon/1.0 (Jetpack Site Uptime Monitor by WordPress.com)"
184.94.212.206 - - [28/Apr/2026:09:21:13 +0000] "POST /wp-cron.php?doing_wp_cron=1777368073.4223330020904541015625 HTTP/1.1" 200 - "-" "WordPress/6.9.4; https://maxvirusprotection.com"
114.119.135.215 - - [28/Apr/2026:09:21:11 +0000] "GET /page/4 HTTP/1.1" 301 - "https://maxvirusprotection.com/page/3" "Mozilla/5.0 (Linux; Android 7.0;) AppleWebKit/537.36 (HTML, like Gecko) Mobile Safari/537.36 (compatible; PetalBot;+https://webmaster.petalsearch.com/site/petalbot)"
114.119.135.215 - - [28/Apr/2026:09:21:13 +0000] "GET /page/4/ HTTP/1.1" 200 46319 "https://maxvirusprotection.com/page/3" "Mozilla/5.0 (Linux; Android 7.0;) AppleWebKit/537.36 (HTML, like Gecko) Mobile Safari/537.36 (compatible; PetalBot;+https://webmaster.petalsearch.com/site/petalbot)"
184.94.212.206 - - [28/Apr/2026:09:21:30 +0000] "POST /wp-cron.php?doing_wp_cron=1777368090.7059600353240966796875 HTTP/1.1" 200 - "-" "WordPress/6.9.4; https://maxvirusprotection.com"
192.0.85.167 - - [28/Apr/2026:09:21:29 +0000] "HEAD / HTTP/1.1" 200 - "-" "jetmon/1.0 (Jetpack Site Uptime Monitor by WordPress.com)"
208.68.37.246 - - [28/Apr/2026:09:22:34 +0000] "GET /wp-login.php HTTP/1.1" 200 4403 "-" "Mozilla/5.0 (Windows NT 6.1; WOW64) AppleWebKit/537.36 (KHTML, like Gecko) Chrome/66.0.3359.117 Safari/537.36"
208.68.37.246 - - [28/Apr/2026:09:22:38 +0000] "POST /wp-login.php HTTP/1.1" 200 4403 "https://maxvirusprotection.com/wp-login.php" "Mozilla/5.0 (Windows NT 6.1; WOW64) AppleWebKit/537.36 (KHTML, like Gecko) Chrome/66.0.3359.117 Safari/537.36"
184.94.212.206 - - [28/Apr/2026:09:22:59 +0000] "POST /wp-cron.php?doing_wp_cron=1777368179.3330891132354736328125 HTTP/1.1" 200 - "-" "WordPress/6.9.4; https://maxvirusprotection.com"
78.159.131.56 - - [28/Apr/2026:09:22:51 +0000] "GET / HTTP/1.1" 200 153296 "-" "Mozilla/5.0 (Windows NT 10.0; Win64; x64) AppleWebKit/537.36 (KHTML, like Gecko) Chrome/131.0.0.0 Safari/537.36"
78.159.131.56 - - [28/Apr/2026:09:22:54 +0000] "GET /txets.php HTTP/1.1" 404 114646 "http://maxvirusprotection.com/txets.php" "Mozilla/5.0 (Macintosh; Intel Mac OS X 10_15_7) AppleWebKit/537.36 (KHTML, like Gecko) Chrome/131.0.0.0 Safari/537.36"
184.94.212.206 - - [28/Apr/2026:09:24:24 +0000] "POST /wp-cron.php?doing_wp_cron=1777368264.1615130901336669921875 HTTP/1.1" 200 - "-" "WordPress/6.9.4; https://maxvirusprotection.com"
57.141.18.34 - - [28/Apr/2026:09:24:22 +0000] "GET /how-to-find-the-best-antivirus-programs/ HTTP/1.1" 200 145148 "-" "meta-externalagent/1.1 (+https://developers.facebook.com/docs/sharing/webmasters/crawler)"
114.119.141.152 - - [28/Apr/2026:09:26:02 +0000] "GET /page/2?noamp=mobile HTTP/1.1" 301 - "https://maxvirusprotection.com/page/2?noamp=mobile" "Mozilla/5.0 (Linux; Android 7.0;) AppleWebKit/537.36 (HTML, like Gecko) Mobile Safari/537.36 (compatible; PetalBot;+https://webmaster.petalsearch.com/site/petalbot)"
114.119.141.152 - - [28/Apr/2026:09:26:04 +0000] "GET /page/2/?noamp=mobile HTTP/1.1" 200 45667 "https://maxvirusprotection.com/page/2?noamp=mobile" "Mozilla/5.0 (Linux; Android 7.0;) AppleWebKit/537.36 (HTML, like Gecko) Mobile Safari/537.36 (compatible; PetalBot;+https://webmaster.petalsearch.com/site/petalbot)"
65.254.225.224 - - [28/Apr/2026:09:26:27 +0000] "GET /wp-login.php HTTP/1.1" 200 4403 "-" "Mozilla/5.0 (Windows NT 10.0; WOW64; Trident/7.0; Touch; LCJB; rv:11.0) like Gecko"
184.94.212.206 - - [28/Apr/2026:09:26:28 +0000] "POST /wp-cron.php?doing_wp_cron=1777368388.6062300205230712890625 HTTP/1.1" 200 - "-" "WordPress/6.9.4; https://maxvirusprotection.com"
192.0.85.167 - - [28/Apr/2026:09:26:27 +0000] "HEAD / HTTP/1.1" 200 - "-" "jetmon/1.0 (Jetpack Site Uptime Monitor by WordPress.com)"
65.254.225.224 - - [28/Apr/2026:09:26:28 +0000] "POST /wp-login.php HTTP/1.1" 200 4403 "https://maxvirusprotection.com/wp-login.php" "Mozilla/5.0 (Windows NT 10.0; WOW64; Trident/7.0; Touch; LCJB; rv:11.0) like Gecko"
184.94.212.206 - - [28/Apr/2026:09:27:32 +0000] "POST /wp-cron.php?doing_wp_cron=1777368452.1009290218353271484375 HTTP/1.1" 200 - "-" "WordPress/6.9.4; https://maxvirusprotection.com"
14.247.146.29 - - [28/Apr/2026:09:27:30 +0000] "GET /tips-to-boost-your-website-design-efforts/?share=facebook HTTP/1.1" 302 - "-" "Mozilla/5.0 (Macintosh; Intel Mac OS X 10_7_3) AppleWebKit/537.36 (KHTML, like Gecko, Mediapartners-Google) Chrome/89.0.4389.93 Safari/537.36"
184.94.212.206 - - [28/Apr/2026:09:30:04 +0000] "POST /wp-cron.php?doing_wp_cron=1777368604.5057590007781982421875 HTTP/1.1" 200 - "-" "WordPress/6.9.4; https://maxvirusprotection.com"
57.141.18.63 - - [28/Apr/2026:09:30:02 +0000] "GET /what-needs-to-go-into-buying-your-laptop/ HTTP/1.1" 200 134324 "-" "meta-externalagent/1.1 (+https://developers.facebook.com/docs/sharing/webmasters/crawler)"
85.131.213.133 - - [28/Apr/2026:09:30:37 +0000] "GET /wp-login.php HTTP/1.1" 200 4402 "-" "Mozilla/5.0 (Windows NT 6.1; WOW64; Trident/7.0; NP06; rv:11.0) like Gecko"
85.131.213.133 - - [28/Apr/2026:09:30:40 +0000] "POST /wp-login.php HTTP/1.1" 200 4402 "https://maxvirusprotection.com/wp-login.php" "Mozilla/5.0 (Windows NT 6.1; WOW64; Trident/7.0; NP06; rv:11.0) like Gecko"
114.119.141.152 - - [28/Apr/2026:09:31:10 +0000] "GET /looking-for-fresh-web-page-design-tips-check-these-out/?share=facebook HTTP/1.1" 302 - "https://maxvirusprotection.com/looking-for-fresh-web-page-design-tips-check-these-out/?noamp=mobile" "Mozilla/5.0 (Linux; Android 7.0;) AppleWebKit/537.36 (HTML, like Gecko) Mobile Safari/537.36 (compatible; PetalBot;+https://webmaster.petalsearch.com/site/petalbot)"
184.94.212.206 - - [28/Apr/2026:09:31:29 +0000] "POST /wp-cron.php?doing_wp_cron=1777368689.1808249950408935546875 HTTP/1.1" 200 - "-" "WordPress/6.9.4; https://maxvirusprotection.com"
192.0.85.167 - - [28/Apr/2026:09:31:27 +0000] "HEAD / HTTP/1.1" 200 - "-" "jetmon/1.0 (Jetpack Site Uptime Monitor by WordPress.com)"
202.92.6.73 - - [28/Apr/2026:09:32:42 +0000] "GET /wp-login.php HTTP/1.1" 200 4401 "-" "Mozilla/4.0 (compatible; MSIE 7.0; Windows NT 6.1; Trident/7.0; SLCC2; .NET CLR 2.0.50727; .NET CLR 3.5.30729; .NET CLR 3.0.30729; Media Center PC 6.0; .NET4.0C; .NET4.0E)"
184.94.212.206 - - [28/Apr/2026:09:36:00 +0000] "POST /wp-cron.php?doing_wp_cron=1777368960.1811740398406982421875 HTTP/1.1" 200 - "-" "WordPress/6.9.4; https://maxvirusprotection.com"
52.45.29.57 - - [28/Apr/2026:09:35:58 +0000] "GET /author/thesilentwhisperer/ HTTP/1.1" 200 43234 "-" "Mozilla/5.0 AppleWebKit/537.36 (KHTML, like Gecko; compatible; Amazonbot/0.1; +https://developer.amazon.com/support/amazonbot) Chrome/119.0.6045.214 Safari/537.36"
184.94.212.206 - - [28/Apr/2026:09:36:28 +0000] "POST /wp-cron.php?doing_wp_cron=1777368988.8471949100494384765625 HTTP/1.1" 200 - "-" "WordPress/6.9.4; https://maxvirusprotection.com"
192.0.85.167 - - [28/Apr/2026:09:36:27 +0000] "HEAD / HTTP/1.1" 200 - "-" "jetmon/1.0 (Jetpack Site Uptime Monitor by WordPress.com)"
114.119.140.103 - - [28/Apr/2026:09:36:28 +0000] "GET /learn-all-about-desktop-computers-thanks-to-this-article/?share=twitter HTTP/1.1" 302 - "https://maxvirusprotection.com/learn-all-about-desktop-computers-thanks-to-this-article/" "Mozilla/5.0 (Linux; Android 7.0;) AppleWebKit/537.36 (HTML, like Gecko) Mobile Safari/537.36 (compatible; PetalBot;+https://webmaster.petalsearch.com/site/petalbot)"
3.239.172.5 - - [28/Apr/2026:09:36:50 +0000] "GET /wp-login.php HTTP/1.1" 200 4401 "-" "Mozilla/4.0 (compatible; MSIE 7.0; Windows NT 6.2; Trident/7.0; .NET4.0C; .NET4.0E; .NET CLR 2.0.50727; .NET CLR 3.0.30729; .NET CLR 3.5.30729)"
3.239.172.5 - - [28/Apr/2026:09:36:52 +0000] "POST /wp-login.php HTTP/1.1" 200 4401 "https://maxvirusprotection.com/wp-login.php" "Mozilla/4.0 (compatible; MSIE 7.0; Windows NT 6.2; Trident/7.0; .NET4.0C; .NET4.0E; .NET CLR 2.0.50727; .NET CLR 3.0.30729; .NET CLR 3.5.30729)"
184.94.212.206 - - [28/Apr/2026:09:36:56 +0000] "POST /wp-cron.php?doing_wp_cron=1777369016.7283461093902587890625 HTTP/1.1" 200 - "-" "WordPress/6.9.4; https://maxvirusprotection.com"
213.180.203.164 - - [28/Apr/2026:09:36:55 +0000] "GET /robots.txt HTTP/1.1" 200 289 "-" "Mozilla/5.0 (compatible; YandexBot/3.0; +http://yandex.com/bots)"
87.250.224.126 - - [28/Apr/2026:09:36:57 +0000] "GET /best-antivirus-software-2025-for-windows/ HTTP/1.1" 200 48778 "-" "Mozilla/5.0 (compatible; YandexBot/3.0; +http://yandex.com/bots)"
184.94.212.206 - - [28/Apr/2026:09:41:30 +0000] "POST /wp-cron.php?doing_wp_cron=1777369290.2955479621887207031250 HTTP/1.1" 200 - "-" "WordPress/6.9.4; https://maxvirusprotection.com"
192.0.85.167 - - [28/Apr/2026:09:41:28 +0000] "HEAD / HTTP/1.1" 200 - "-" "jetmon/1.0 (Jetpack Site Uptime Monitor by WordPress.com)"
114.119.141.152 - - [28/Apr/2026:09:41:46 +0000] "GET /its-simple-to-learn-about-desktop-computers-with-this-article?share=twitter&noamp=mobile HTTP/1.1" 302 - "-" "Mozilla/5.0 (Linux; Android 7.0;) AppleWebKit/537.36 (HTML, like Gecko) Mobile Safari/537.36 (compatible; PetalBot;+https://webmaster.petalsearch.com/site/petalbot)"
184.94.212.206 - - [28/Apr/2026:09:44:03 +0000] "POST /wp-cron.php?doing_wp_cron=1777369443.0241119861602783203125 HTTP/1.1" 200 - "-" "WordPress/6.9.4; https://maxvirusprotection.com"
184.94.212.206 - - [28/Apr/2026:09:44:01 +0000] "POST /?wordfence_syncAttackData=1777369441.7527 HTTP/1.1" 200 - "-" "WordPress/6.9.4; https://maxvirusprotection.com"
86.54.25.100 - - [28/Apr/2026:09:44:00 +0000] "GET /wp-content/plugins/backup-backup/readme.txt HTTP/1.1" 404 115937 "https://maxvirusprotection.com/wp-content/plugins/backup-backup/readme.txt" "Mozilla/5.0 (X11; Linux x86_64; rv:140.0) Gecko/20100101 Firefox/140.0"
184.94.212.206 - - [28/Apr/2026:09:46:29 +0000] "POST /wp-cron.php?doing_wp_cron=1777369589.4650158882141113281250 HTTP/1.1" 200 - "-" "WordPress/6.9.4; https://maxvirusprotection.com"
192.0.85.167 - - [28/Apr/2026:09:46:27 +0000] "HEAD / HTTP/1.1" 200 - "-" "jetmon/1.0 (Jetpack Site Uptime Monitor by WordPress.com)"
184.94.212.206 - - [28/Apr/2026:09:47:09 +0000] "POST /wp-cron.php?doing_wp_cron=1777369629.1086750030517578125000 HTTP/1.1" 200 - "-" "WordPress/6.9.4; https://maxvirusprotection.com"
114.119.145.19 - - [28/Apr/2026:09:47:07 +0000] "GET /in-relation-to-laptops-we-supply-the-best-tips?share=x HTTP/1.1" 302 - "https://maxvirusprotection.com/in-relation-to-laptops-we-supply-the-best-tips?noamp=mobile" "Mozilla/5.0 (Linux; Android 7.0;) AppleWebKit/537.36 (HTML, like Gecko) Mobile Safari/537.36 (compatible; PetalBot;+https://webmaster.petalsearch.com/site/petalbot)"
103.211.200.45 - - [28/Apr/2026:09:49:37 +0000] "GET /wp-login.php HTTP/1.1" 200 4402 "-" "Mozilla/5.0 (Windows NT 6.2; Win64; x64) AppleWebKit/537.36 (KHTML, like Gecko) Chrome/66.0.3359.117 Safari/537.36"
103.211.200.45 - - [28/Apr/2026:09:49:39 +0000] "POST /wp-login.php HTTP/1.1" 200 4402 "https://maxvirusprotection.com/wp-login.php" "Mozilla/5.0 (Windows NT 6.2; Win64; x64) AppleWebKit/537.36 (KHTML, like Gecko) Chrome/66.0.3359.117 Safari/537.36"
184.94.212.206 - - [28/Apr/2026:09:51:22 +0000] "POST /wp-cron.php?doing_wp_cron=1777369882.1276330947875976562500 HTTP/1.1" 200 - "-" "WordPress/6.9.4; https://maxvirusprotection.com"
20.92.73.174 - - [28/Apr/2026:09:51:20 +0000] "GET /.tmb/cloud.php HTTP/1.1" 404 41653 "-" "Mozilla/5.0 (Windows NT 10.0; Win64; x64) AppleWebKit/537.36 (KHTML, like Gecko) Chrome/120.0.0.0 Safari/537.36"
20.92.73.174 - - [28/Apr/2026:09:51:22 +0000] "GET /.well-known/ HTTP/1.1" 404 41653 "-" "Mozilla/5.0 (Windows NT 10.0; Win64; x64) AppleWebKit/537.36 (KHTML, like Gecko) Chrome/120.0.0.0 Safari/537.36"
20.92.73.174 - - [28/Apr/2026:09:51:24 +0000] "GET /.well-known/acme-challenge/index.php HTTP/1.1" 301 - "-" "Mozilla/5.0 (Windows NT 10.0; Win64; x64) AppleWebKit/537.36 (KHTML, like Gecko) Chrome/120.0.0.0 Safari/537.36"
184.94.212.206 - - [28/Apr/2026:09:51:26 +0000] "POST /wp-cron.php?doing_wp_cron=1777369886.8827130794525146484375 HTTP/1.1" 200 - "-" "WordPress/6.9.4; https://maxvirusprotection.com"
20.92.73.174 - - [28/Apr/2026:09:51:25 +0000] "GET /.well-known/autoload_classmap.php HTTP/1.1" 404 41667 "-" "Mozilla/5.0 (Windows NT 10.0; Win64; x64) AppleWebKit/537.36 (KHTML, like Gecko) Chrome/120.0.0.0 Safari/537.36"
20.92.73.174 - - [28/Apr/2026:09:51:27 +0000] "GET /.well-known/pki-validation/ HTTP/1.1" 404 41664 "-" "Mozilla/5.0 (Windows NT 10.0; Win64; x64) AppleWebKit/537.36 (KHTML, like Gecko) Chrome/120.0.0.0 Safari/537.36"
192.0.85.167 - - [28/Apr/2026:09:51:28 +0000] "HEAD / HTTP/1.1" 200 - "-" "jetmon/1.0 (Jetpack Site Uptime Monitor by WordPress.com)"
20.92.73.174 - - [28/Apr/2026:09:51:28 +0000] "GET /.well-known/pki-validation/about.php HTTP/1.1" 404 41923 "-" "Mozilla/5.0 (Windows NT 10.0; Win64; x64) AppleWebKit/537.36 (KHTML, like Gecko) Chrome/120.0.0.0 Safari/537.36"
20.92.73.174 - - [28/Apr/2026:09:51:30 +0000] "GET //wp-2019.php HTTP/1.1" 301 - "-" "Mozilla/5.0 (Windows NT 10.0; Win64; x64) AppleWebKit/537.36 (KHTML, like Gecko) Chrome/120.0.0.0 Safari/537.36"
20.92.73.174 - - [28/Apr/2026:09:51:31 +0000] "GET //wp-content/themes/about.php HTTP/1.1" 301 - "-" "Mozilla/5.0 (Windows NT 10.0; Win64; x64) AppleWebKit/537.36 (KHTML, like Gecko) Chrome/120.0.0.0 Safari/537.36"
20.92.73.174 - - [28/Apr/2026:09:51:32 +0000] "GET /0.php HTTP/1.1" 404 41641 "-" "Mozilla/5.0 (Windows NT 10.0; Win64; x64) AppleWebKit/537.36 (KHTML, like Gecko) Chrome/120.0.0.0 Safari/537.36"
20.92.73.174 - - [28/Apr/2026:09:51:33 +0000] "GET /1.php HTTP/1.1" 404 41642 "-" "Mozilla/5.0 (Windows NT 10.0; Win64; x64) AppleWebKit/537.36 (KHTML, like Gecko) Chrome/120.0.0.0 Safari/537.36"
20.92.73.174 - - [28/Apr/2026:09:51:35 +0000] "GET /12.php HTTP/1.1" 404 41644 "-" "Mozilla/5.0 (Windows NT 10.0; Win64; x64) AppleWebKit/537.36 (KHTML, like Gecko) Chrome/120.0.0.0 Safari/537.36"
20.92.73.174 - - [28/Apr/2026:09:51:36 +0000] "GET /120f9.php HTTP/1.1" 404 41646 "-" "Mozilla/5.0 (Windows NT 10.0; Win64; x64) AppleWebKit/537.36 (KHTML, like Gecko) Chrome/120.0.0.0 Safari/537.36"
20.92.73.174 - - [28/Apr/2026:09:51:38 +0000] "GET /22.php HTTP/1.1" 404 41645 "-" "Mozilla/5.0 (Windows NT 10.0; Win64; x64) AppleWebKit/537.36 (KHTML, like Gecko) Chrome/120.0.0.0 Safari/537.36"
20.92.73.174 - - [28/Apr/2026:09:51:39 +0000] "GET /403.php HTTP/1.1" 404 41644 "-" "Mozilla/5.0 (Windows NT 10.0; Win64; x64) AppleWebKit/537.36 (KHTML, like Gecko) Chrome/120.0.0.0 Safari/537.36"
20.92.73.174 - - [28/Apr/2026:09:51:41 +0000] "GET /504.php HTTP/1.1" 404 41644 "-" "Mozilla/5.0 (Windows NT 10.0; Win64; x64) AppleWebKit/537.36 (KHTML, like Gecko) Chrome/120.0.0.0 Safari/537.36"
20.92.73.174 - - [28/Apr/2026:09:51:42 +0000] "GET /GOD.php HTTP/1.1" 404 41645 "-" "Mozilla/5.0 (Windows NT 10.0; Win64; x64) AppleWebKit/537.36 (KHTML, like Gecko) Chrome/120.0.0.0 Safari/537.36"
20.92.73.174 - - [28/Apr/2026:09:51:44 +0000] "GET /NewFile.php HTTP/1.1" 404 41651 "-" "Mozilla/5.0 (Windows NT 10.0; Win64; x64) AppleWebKit/537.36 (KHTML, like Gecko) Chrome/120.0.0.0 Safari/537.36"
20.92.73.174 - - [28/Apr/2026:09:51:45 +0000] "GET /aaa.php HTTP/1.1" 404 41645 "-" "Mozilla/5.0 (Windows NT 10.0; Win64; x64) AppleWebKit/537.36 (KHTML, like Gecko) Chrome/120.0.0.0 Safari/537.36"
20.92.73.174 - - [28/Apr/2026:09:51:46 +0000] "GET /ab.php HTTP/1.1" 404 41644 "-" "Mozilla/5.0 (Windows NT 10.0; Win64; x64) AppleWebKit/537.36 (KHTML, like Gecko) Chrome/120.0.0.0 Safari/537.36"
184.94.212.206 - - [28/Apr/2026:09:51:49 +0000] "POST /wp-cron.php?doing_wp_cron=1777369909.2998700141906738281250 HTTP/1.1" 200 - "-" "WordPress/6.9.4; https://maxvirusprotection.com"
20.92.73.174 - - [28/Apr/2026:09:51:48 +0000] "GET /about/function.php HTTP/1.1" 404 41645 "-" "Mozilla/5.0 (Windows NT 10.0; Win64; x64) AppleWebKit/537.36 (KHTML, like Gecko) Chrome/120.0.0.0 Safari/537.36"
20.92.73.174 - - [28/Apr/2026:09:51:49 +0000] "GET /admin/function.php HTTP/1.1" 404 41647 "-" "Mozilla/5.0 (Windows NT 10.0; Win64; x64) AppleWebKit/537.36 (KHTML, like Gecko) Chrome/120.0.0.0 Safari/537.36"
20.92.73.174 - - [28/Apr/2026:09:51:51 +0000] "GET /admin/index_upload.php HTTP/1.1" 404 41650 "-" "Mozilla/5.0 (Windows NT 10.0; Win64; x64) AppleWebKit/537.36 (KHTML, like Gecko) Chrome/120.0.0.0 Safari/537.36"
20.92.73.174 - - [28/Apr/2026:09:51:52 +0000] "GET /al.php HTTP/1.1" 404 41644 "-" "Mozilla/5.0 (Windows NT 10.0; Win64; x64) AppleWebKit/537.36 (KHTML, like Gecko) Chrome/120.0.0.0 Safari/537.36"
20.92.73.174 - - [28/Apr/2026:09:51:54 +0000] "GET /alfa-rex.php HTTP/1.1" 404 41649 "-" "Mozilla/5.0 (Windows NT 10.0; Win64; x64) AppleWebKit/537.36 (KHTML, like Gecko) Chrome/120.0.0.0 Safari/537.36"
20.92.73.174 - - [28/Apr/2026:09:51:55 +0000] "GET /alfanew.PHP7 HTTP/1.1" 404 41653 "-" "Mozilla/5.0 (Windows NT 10.0; Win64; x64) AppleWebKit/537.36 (KHTML, like Gecko) Chrome/120.0.0.0 Safari/537.36"
20.92.73.174 - - [28/Apr/2026:09:51:57 +0000] "GET /alfanew.php HTTP/1.1" 404 41648 "-" "Mozilla/5.0 (Windows NT 10.0; Win64; x64) AppleWebKit/537.36 (KHTML, like Gecko) Chrome/120.0.0.0 Safari/537.36"
20.92.73.174 - - [28/Apr/2026:09:51:58 +0000] "GET /auth.php HTTP/1.1" 404 41647 "-" "Mozilla/5.0 (Windows NT 10.0; Win64; x64) AppleWebKit/537.36 (KHTML, like Gecko) Chrome/120.0.0.0 Safari/537.36"
20.92.73.174 - - [28/Apr/2026:09:51:59 +0000] "GET /b.php HTTP/1.1" 404 41642 "-" "Mozilla/5.0 (Windows NT 10.0; Win64; x64) AppleWebKit/537.36 (KHTML, like Gecko) Chrome/120.0.0.0 Safari/537.36"
20.92.73.174 - - [28/Apr/2026:09:52:01 +0000] "GET /b0.php HTTP/1.1" 404 41643 "-" "Mozilla/5.0 (Windows NT 10.0; Win64; x64) AppleWebKit/537.36 (KHTML, like Gecko) Chrome/120.0.0.0 Safari/537.36"
20.92.73.174 - - [28/Apr/2026:09:52:02 +0000] "GET /back.php HTTP/1.1" 404 41644 "-" "Mozilla/5.0 (Windows NT 10.0; Win64; x64) AppleWebKit/537.36 (KHTML, like Gecko) Chrome/120.0.0.0 Safari/537.36"
20.92.73.174 - - [28/Apr/2026:09:52:04 +0000] "GET /bala.php HTTP/1.1" 404 41646 "-" "Mozilla/5.0 (Windows NT 10.0; Win64; x64) AppleWebKit/537.36 (KHTML, like Gecko) Chrome/120.0.0.0 Safari/537.36"
20.92.73.174 - - [28/Apr/2026:09:52:05 +0000] "GET /baxa1.php HTTP/1.1" 404 41646 "-" "Mozilla/5.0 (Windows NT 10.0; Win64; x64) AppleWebKit/537.36 (KHTML, like Gecko) Chrome/120.0.0.0 Safari/537.36"
20.92.73.174 - - [28/Apr/2026:09:52:07 +0000] "GET /buy.php HTTP/1.1" 404 41646 "-" "Mozilla/5.0 (Windows NT 10.0; Win64; x64) AppleWebKit/537.36 (KHTML, like Gecko) Chrome/120.0.0.0 Safari/537.36"
20.92.73.174 - - [28/Apr/2026:09:52:08 +0000] "GET /byp.php HTTP/1.1" 404 41648 "-" "Mozilla/5.0 (Windows NT 10.0; Win64; x64) AppleWebKit/537.36 (KHTML, like Gecko) Chrome/120.0.0.0 Safari/537.36"
20.92.73.174 - - [28/Apr/2026:09:52:10 +0000] "GET /c.php HTTP/1.1" 404 41643 "-" "Mozilla/5.0 (Windows NT 10.0; Win64; x64) AppleWebKit/537.36 (KHTML, like Gecko) Chrome/120.0.0.0 Safari/537.36"
20.92.73.174 - - [28/Apr/2026:09:52:11 +0000] "GET /c99.php? HTTP/1.1" 404 41646 "-" "Mozilla/5.0 (Windows NT 10.0; Win64; x64) AppleWebKit/537.36 (KHTML, like Gecko) Chrome/120.0.0.0 Safari/537.36"
20.92.73.174 - - [28/Apr/2026:09:52:12 +0000] "GET /chosen.php HTTP/1.1" 404 41648 "-" "Mozilla/5.0 (Windows NT 10.0; Win64; x64) AppleWebKit/537.36 (KHTML, like Gecko) Chrome/120.0.0.0 Safari/537.36"
20.92.73.174 - - [28/Apr/2026:09:52:14 +0000] "GET /class-wp-lock.php HTTP/1.1" 404 41650 "-" "Mozilla/5.0 (Windows NT 10.0; Win64; x64) AppleWebKit/537.36 (KHTML, like Gecko) Chrome/120.0.0.0 Safari/537.36"
20.92.73.174 - - [28/Apr/2026:09:52:15 +0000] "GET /cong.php HTTP/1.1" 404 41645 "-" "Mozilla/5.0 (Windows NT 10.0; Win64; x64) AppleWebKit/537.36 (KHTML, like Gecko) Chrome/120.0.0.0 Safari/537.36"
20.92.73.174 - - [28/Apr/2026:09:52:17 +0000] "GET /content.php HTTP/1.1" 404 41646 "-" "Mozilla/5.0 (Windows NT 10.0; Win64; x64) AppleWebKit/537.36 (KHTML, like Gecko) Chrome/120.0.0.0 Safari/537.36"
20.92.73.174 - - [28/Apr/2026:09:52:18 +0000] "GET /control.php HTTP/1.1" 404 41648 "-" "Mozilla/5.0 (Windows NT 10.0; Win64; x64) AppleWebKit/537.36 (KHTML, like Gecko) Chrome/120.0.0.0 Safari/537.36"
20.92.73.174 - - [28/Apr/2026:09:52:20 +0000] "GET /cookie.php HTTP/1.1" 404 41645 "-" "Mozilla/5.0 (Windows NT 10.0; Win64; x64) AppleWebKit/537.36 (KHTML, like Gecko) Chrome/120.0.0.0 Safari/537.36"
20.92.73.174 - - [28/Apr/2026:09:52:21 +0000] "GET /credits.php HTTP/1.1" 404 41647 "-" "Mozilla/5.0 (Windows NT 10.0; Win64; x64) AppleWebKit/537.36 (KHTML, like Gecko) Chrome/120.0.0.0 Safari/537.36"
20.92.73.174 - - [28/Apr/2026:09:52:22 +0000] "GET /cron.php HTTP/1.1" 404 41645 "-" "Mozilla/5.0 (Windows NT 10.0; Win64; x64) AppleWebKit/537.36 (KHTML, like Gecko) Chrome/120.0.0.0 Safari/537.36"
20.92.73.174 - - [28/Apr/2026:09:52:24 +0000] "GET /css.php HTTP/1.1" 404 41645 "-" "Mozilla/5.0 (Windows NT 10.0; Win64; x64) AppleWebKit/537.36 (KHTML, like Gecko) Chrome/120.0.0.0 Safari/537.36"
114.119.145.19 - - [28/Apr/2026:09:52:25 +0000] "GET /in-relation-to-laptops-we-supply-the-best-tips/?share=twitter&amp HTTP/1.1" 302 - "https://maxvirusprotection.com/in-relation-to-laptops-we-supply-the-best-tips/?share=twitter" "Mozilla/5.0 (Linux; Android 7.0;) AppleWebKit/537.36 (HTML, like Gecko) Mobile Safari/537.36 (compatible; PetalBot;+https://webmaster.petalsearch.com/site/petalbot)"
20.92.73.174 - - [28/Apr/2026:09:52:25 +0000] "GET /css/autoload_classmap.php HTTP/1.1" 404 41658 "-" "Mozilla/5.0 (Windows NT 10.0; Win64; x64) AppleWebKit/537.36 (KHTML, like Gecko) Chrome/120.0.0.0 Safari/537.36"
20.92.73.174 - - [28/Apr/2026:09:52:27 +0000] "GET /data.php HTTP/1.1" 404 41643 "-" "Mozilla/5.0 (Windows NT 10.0; Win64; x64) AppleWebKit/537.36 (KHTML, like Gecko) Chrome/120.0.0.0 Safari/537.36"
20.92.73.174 - - [28/Apr/2026:09:52:29 +0000] "GET /disagreed.php HTTP/1.1" 404 41646 "-" "Mozilla/5.0 (Windows NT 10.0; Win64; x64) AppleWebKit/537.36 (KHTML, like Gecko) Chrome/120.0.0.0 Safari/537.36"
20.92.73.174 - - [28/Apr/2026:09:52:30 +0000] "GET /doc.php HTTP/1.1" 404 41644 "-" "Mozilla/5.0 (Windows NT 10.0; Win64; x64) AppleWebKit/537.36 (KHTML, like Gecko) Chrome/120.0.0.0 Safari/537.36"
20.92.73.174 - - [28/Apr/2026:09:52:32 +0000] "GET /dropdown.php HTTP/1.1" 404 41649 "-" "Mozilla/5.0 (Windows NT 10.0; Win64; x64) AppleWebKit/537.36 (KHTML, like Gecko) Chrome/120.0.0.0 Safari/537.36"
20.92.73.174 - - [28/Apr/2026:09:52:33 +0000] "GET /ds.php HTTP/1.1" 404 41644 "-" "Mozilla/5.0 (Windows NT 10.0; Win64; x64) AppleWebKit/537.36 (KHTML, like Gecko) Chrome/120.0.0.0 Safari/537.36"
20.92.73.174 - - [28/Apr/2026:09:52:35 +0000] "GET /ee.php HTTP/1.1" 404 41644 "-" "Mozilla/5.0 (Windows NT 10.0; Win64; x64) AppleWebKit/537.36 (KHTML, like Gecko) Chrome/120.0.0.0 Safari/537.36"
20.92.73.174 - - [28/Apr/2026:09:52:37 +0000] "GET /en.php HTTP/1.1" 404 41644 "-" "Mozilla/5.0 (Windows NT 10.0; Win64; x64) AppleWebKit/537.36 (KHTML, like Gecko) Chrome/120.0.0.0 Safari/537.36"
20.92.73.174 - - [28/Apr/2026:09:52:38 +0000] "GET /error.php HTTP/1.1" 404 41645 "-" "Mozilla/5.0 (Windows NT 10.0; Win64; x64) AppleWebKit/537.36 (KHTML, like Gecko) Chrome/120.0.0.0 Safari/537.36"
20.92.73.174 - - [28/Apr/2026:09:52:40 +0000] "GET /f35.php HTTP/1.1" 404 41644 "-" "Mozilla/5.0 (Windows NT 10.0; Win64; x64) AppleWebKit/537.36 (KHTML, like Gecko) Chrome/120.0.0.0 Safari/537.36"
20.92.73.174 - - [28/Apr/2026:09:52:41 +0000] "GET /favicon.php HTTP/1.1" 404 41646 "-" "Mozilla/5.0 (Windows NT 10.0; Win64; x64) AppleWebKit/537.36 (KHTML, like Gecko) Chrome/120.0.0.0 Safari/537.36"
20.92.73.174 - - [28/Apr/2026:09:52:42 +0000] "GET /feeds.php HTTP/1.1" 404 41644 "-" "Mozilla/5.0 (Windows NT 10.0; Win64; x64) AppleWebKit/537.36 (KHTML, like Gecko) Chrome/120.0.0.0 Safari/537.36"
20.92.73.174 - - [28/Apr/2026:09:52:44 +0000] "GET /files.php HTTP/1.1" 404 41644 "-" "Mozilla/5.0 (Windows NT 10.0; Win64; x64) AppleWebKit/537.36 (KHTML, like Gecko) Chrome/120.0.0.0 Safari/537.36"
20.92.73.174 - - [28/Apr/2026:09:52:46 +0000] "GET /files/autoload_classmap.php HTTP/1.1" 404 41657 "-" "Mozilla/5.0 (Windows NT 10.0; Win64; x64) AppleWebKit/537.36 (KHTML, like Gecko) Chrome/120.0.0.0 Safari/537.36"
20.92.73.174 - - [28/Apr/2026:09:52:47 +0000] "GET /flower.php HTTP/1.1" 404 41648 "-" "Mozilla/5.0 (Windows NT 10.0; Win64; x64) AppleWebKit/537.36 (KHTML, like Gecko) Chrome/120.0.0.0 Safari/537.36"
20.92.73.174 - - [28/Apr/2026:09:52:48 +0000] "GET /function.php HTTP/1.1" 404 41644 "-" "Mozilla/5.0 (Windows NT 10.0; Win64; x64) AppleWebKit/537.36 (KHTML, like Gecko) Chrome/120.0.0.0 Safari/537.36"
20.92.73.174 - - [28/Apr/2026:09:52:50 +0000] "GET /functions.php HTTP/1.1" 404 41648 "-" "Mozilla/5.0 (Windows NT 10.0; Win64; x64) AppleWebKit/537.36 (KHTML, like Gecko) Chrome/120.0.0.0 Safari/537.36"
20.92.73.174 - - [28/Apr/2026:09:52:52 +0000] "GET /gecko-new.php HTTP/1.1" 404 41650 "-" "Mozilla/5.0 (Windows NT 10.0; Win64; x64) AppleWebKit/537.36 (KHTML, like Gecko) Chrome/120.0.0.0 Safari/537.36"
20.92.73.174 - - [28/Apr/2026:09:52:53 +0000] "GET /ggfi.php HTTP/1.1" 404 41646 "-" "Mozilla/5.0 (Windows NT 10.0; Win64; x64) AppleWebKit/537.36 (KHTML, like Gecko) Chrome/120.0.0.0 Safari/537.36"
20.92.73.174 - - [28/Apr/2026:09:52:55 +0000] "GET /gzak2w.php HTTP/1.1" 404 41649 "-" "Mozilla/5.0 (Windows NT 10.0; Win64; x64) AppleWebKit/537.36 (KHTML, like Gecko) Chrome/120.0.0.0 Safari/537.36"
172.232.7.86 - - [28/Apr/2026:09:52:56 +0000] "HEAD / HTTP/1.1" 200 - "-" "Mozilla/5.0 (compatible; SSL-Checker/1.0)"
20.56.20.8 - - [28/Apr/2026:09:52:56 +0000] "GET /wp-admin/css/ HTTP/1.1" 404 41644 "binance.com" "Mozilla/5.0 (Windows NT 10.0; Win64; x64) AppleWebKit/537.36 (KHTML, like Gecko) Chrome/90.0.4430.85 Safari/537.36"
20.92.73.174 - - [28/Apr/2026:09:52:56 +0000] "GET /hehe.php HTTP/1.1" 404 41645 "-" "Mozilla/5.0 (Windows NT 10.0; Win64; x64) AppleWebKit/537.36 (KHTML, like Gecko) Chrome/120.0.0.0 Safari/537.36"
20.92.73.174 - - [28/Apr/2026:09:52:58 +0000] "GET /hehehehe.php HTTP/1.1" 404 41647 "-" "Mozilla/5.0 (Windows NT 10.0; Win64; x64) AppleWebKit/537.36 (KHTML, like Gecko) Chrome/120.0.0.0 Safari/537.36"
20.92.73.174 - - [28/Apr/2026:09:53:00 +0000] "GET /help.php HTTP/1.1" 404 41646 "-" "Mozilla/5.0 (Windows NT 10.0; Win64; x64) AppleWebKit/537.36 (KHTML, like Gecko) Chrome/120.0.0.0 Safari/537.36"
20.92.73.174 - - [28/Apr/2026:09:53:02 +0000] "GET /images/wp-login.php HTTP/1.1" 404 41648 "-" "Mozilla/5.0 (Windows NT 10.0; Win64; x64) AppleWebKit/537.36 (KHTML, like Gecko) Chrome/120.0.0.0 Safari/537.36"
20.92.73.174 - - [28/Apr/2026:09:53:04 +0000] "GET /index.php HTTP/1.1" 301 - "-" "Mozilla/5.0 (Windows NT 10.0; Win64; x64) AppleWebKit/537.36 (KHTML, like Gecko) Chrome/120.0.0.0 Safari/537.36"
20.92.73.174 - - [28/Apr/2026:09:53:05 +0000] "GET /index/function.php HTTP/1.1" 404 41649 "-" "Mozilla/5.0 (Windows NT 10.0; Win64; x64) AppleWebKit/537.36 (KHTML, like Gecko) Chrome/120.0.0.0 Safari/537.36"
20.92.73.174 - - [28/Apr/2026:09:53:06 +0000] "GET /install.php HTTP/1.1" 404 41647 "-" "Mozilla/5.0 (Windows NT 10.0; Win64; x64) AppleWebKit/537.36 (KHTML, like Gecko) Chrome/120.0.0.0 Safari/537.36"
20.92.73.174 - - [28/Apr/2026:09:53:08 +0000] "GET /jp.php HTTP/1.1" 404 41647 "-" "Mozilla/5.0 (Windows NT 10.0; Win64; x64) AppleWebKit/537.36 (KHTML, like Gecko) Chrome/120.0.0.0 Safari/537.36"
20.92.73.174 - - [28/Apr/2026:09:53:10 +0000] "GET /mah/function.php HTTP/1.1" 404 41650 "-" "Mozilla/5.0 (Windows NT 10.0; Win64; x64) AppleWebKit/537.36 (KHTML, like Gecko) Chrome/120.0.0.0 Safari/537.36"
20.92.73.174 - - [28/Apr/2026:09:53:11 +0000] "GET /meta.php HTTP/1.1" 404 41646 "-" "Mozilla/5.0 (Windows NT 10.0; Win64; x64) AppleWebKit/537.36 (KHTML, like Gecko) Chrome/120.0.0.0 Safari/537.36"
20.92.73.174 - - [28/Apr/2026:09:53:13 +0000] "GET /moon.php HTTP/1.1" 404 41647 "-" "Mozilla/5.0 (Windows NT 10.0; Win64; x64) AppleWebKit/537.36 (KHTML, like Gecko) Chrome/120.0.0.0 Safari/537.36"
20.92.73.174 - - [28/Apr/2026:09:53:15 +0000] "GET /new.php HTTP/1.1" 404 41646 "-" "Mozilla/5.0 (Windows NT 10.0; Win64; x64) AppleWebKit/537.36 (KHTML, like Gecko) Chrome/120.0.0.0 Safari/537.36"
20.92.73.174 - - [28/Apr/2026:09:53:16 +0000] "GET /ova.php HTTP/1.1" 404 41646 "-" "Mozilla/5.0 (Windows NT 10.0; Win64; x64) AppleWebKit/537.36 (KHTML, like Gecko) Chrome/120.0.0.0 Safari/537.36"
20.92.73.174 - - [28/Apr/2026:09:53:18 +0000] "GET /print/bkindex.php HTTP/1.1" 404 41651 "-" "Mozilla/5.0 (Windows NT 10.0; Win64; x64) AppleWebKit/537.36 (KHTML, like Gecko) Chrome/120.0.0.0 Safari/537.36"
20.56.20.8 - - [28/Apr/2026:09:53:19 +0000] "GET /.well-known/ HTTP/1.1" 404 41652 "binance.com" "Mozilla/5.0 (Windows NT 10.0; Win64; x64) AppleWebKit/537.36 (KHTML, like Gecko) Chrome/90.0.4430.85 Safari/537.36"
20.92.73.174 - - [28/Apr/2026:09:53:19 +0000] "GET /radio.php HTTP/1.1" 404 41646 "-" "Mozilla/5.0 (Windows NT 10.0; Win64; x64) AppleWebKit/537.36 (KHTML, like Gecko) Chrome/120.0.0.0 Safari/537.36"
20.92.73.174 - - [28/Apr/2026:09:53:21 +0000] "GET /randkeyword.php HTTP/1.1" 404 41652 "-" "Mozilla/5.0 (Windows NT 10.0; Win64; x64) AppleWebKit/537.36 (KHTML, like Gecko) Chrome/120.0.0.0 Safari/537.36"
20.92.73.174 - - [28/Apr/2026:09:53:23 +0000] "GET /room.php HTTP/1.1" 404 41648 "-" "Mozilla/5.0 (Windows NT 10.0; Win64; x64) AppleWebKit/537.36 (KHTML, like Gecko) Chrome/120.0.0.0 Safari/537.36"
20.92.73.174 - - [28/Apr/2026:09:53:24 +0000] "GET /sad/about.php HTTP/1.1" 404 41648 "-" "Mozilla/5.0 (Windows NT 10.0; Win64; x64) AppleWebKit/537.36 (KHTML, like Gecko) Chrome/120.0.0.0 Safari/537.36"
20.92.73.174 - - [28/Apr/2026:09:53:26 +0000] "GET /sim.php/wp-includes/certificates/plugins.php HTTP/1.1" 404 41916 "-" "Mozilla/5.0 (Windows NT 10.0; Win64; x64) AppleWebKit/537.36 (KHTML, like Gecko) Chrome/120.0.0.0 Safari/537.36"
20.92.73.174 - - [28/Apr/2026:09:53:27 +0000] "GET /simple.php HTTP/1.1" 404 41645 "-" "Mozilla/5.0 (Windows NT 10.0; Win64; x64) AppleWebKit/537.36 (KHTML, like Gecko) Chrome/120.0.0.0 Safari/537.36"
20.92.73.174 - - [28/Apr/2026:09:53:29 +0000] "GET /templates/beez3/1.php HTTP/1.1" 404 41910 "-" "Mozilla/5.0 (Windows NT 10.0; Win64; x64) AppleWebKit/537.36 (KHTML, like Gecko) Chrome/120.0.0.0 Safari/537.36"
20.92.73.174 - - [28/Apr/2026:09:53:30 +0000] "GET /templates/beez3/index.php HTTP/1.1" 301 - "-" "Mozilla/5.0 (Windows NT 10.0; Win64; x64) AppleWebKit/537.36 (KHTML, like Gecko) Chrome/120.0.0.0 Safari/537.36"
20.56.20.8 - - [28/Apr/2026:09:53:37 +0000] "GET /sites/default/files/ HTTP/1.1" 404 41909 "binance.com" "Mozilla/5.0 (Windows NT 10.0; Win64; x64) AppleWebKit/537.36 (KHTML, like Gecko) Chrome/90.0.4430.85 Safari/537.36"
157.66.27.22 - - [28/Apr/2026:09:54:02 +0000] "POST /wp-login.php HTTP/1.1" 401 1454 "-" "Mozilla/5.0 (Windows NT 10.0; WOW64; rv:141.0) Gecko/20100101 Firefox/141.0"
20.56.20.8 - - [28/Apr/2026:09:54:06 +0000] "GET /admin/controller/extension/extension/ HTTP/1.1" 404 41911 "binance.com" "Mozilla/5.0 (Windows NT 10.0; Win64; x64) AppleWebKit/537.36 (KHTML, like Gecko) Chrome/90.0.4430.85 Safari/537.36"
184.94.212.206 - - [28/Apr/2026:09:54:28 +0000] "POST /wp-cron.php?doing_wp_cron=1777370068.5375630855560302734375 HTTP/1.1" 200 - "-" "WordPress/6.9.4; https://maxvirusprotection.com"
20.56.20.8 - - [28/Apr/2026:09:54:27 +0000] "GET /uploads/ HTTP/1.1" 404 41643 "binance.com" "Mozilla/5.0 (Windows NT 10.0; Win64; x64) AppleWebKit/537.36 (KHTML, like Gecko) Chrome/90.0.4430.85 Safari/537.36"
147.135.36.77 - - [28/Apr/2026:09:54:45 +0000] "GET /wp-login.php HTTP/1.1" 200 4403 "-" "Mozilla/4.0 (compatible; MSIE 7.0; Windows NT 6.2; WOW64; Trident/7.0; .NET4.0E; .NET4.0C; InfoPath.3; .NET CLR 3.5.30729; .NET CLR 2.0.50727; .NET CLR 3.0.30729)"
147.135.36.77 - - [28/Apr/2026:09:54:47 +0000] "POST /wp-login.php HTTP/1.1" 200 4403 "https://maxvirusprotection.com/wp-login.php" "Mozilla/4.0 (compatible; MSIE 7.0; Windows NT 6.2; WOW64; Trident/7.0; .NET4.0E; .NET4.0C; InfoPath.3; .NET CLR 3.5.30729; .NET CLR 2.0.50727; .NET CLR 3.0.30729)"
20.56.20.8 - - [28/Apr/2026:09:54:47 +0000] "GET /images/ HTTP/1.1" 404 41642 "binance.com" "Mozilla/5.0 (Windows NT 10.0; Win64; x64) AppleWebKit/537.36 (KHTML, like Gecko) Chrome/90.0.4430.85 Safari/537.36"
20.56.20.8 - - [28/Apr/2026:09:55:11 +0000] "GET /files/ HTTP/1.1" 404 41644 "binance.com" "Mozilla/5.0 (Windows NT 10.0; Win64; x64) AppleWebKit/537.36 (KHTML, like Gecko) Chrome/90.0.4430.85 Safari/537.36"
184.94.212.206 - - [28/Apr/2026:09:56:29 +0000] "POST /wp-cron.php?doing_wp_cron=1777370189.5604341030120849609375 HTTP/1.1" 200 - "-" "WordPress/6.9.4; https://maxvirusprotection.com"
192.0.85.167 - - [28/Apr/2026:09:56:27 +0000] "HEAD / HTTP/1.1" 200 - "-" "jetmon/1.0 (Jetpack Site Uptime Monitor by WordPress.com)"
162.241.2.99 - - [28/Apr/2026:09:56:36 +0000] "GET /wp-login.php HTTP/1.1" 200 4198 "-" "Mozilla/5.0 (Windows NT 10.0; WOW64; Trident/7.0; Touch; MALNJS; rv:11.0) like Gecko"
162.241.2.99 - - [28/Apr/2026:09:56:38 +0000] "POST /wp-login.php HTTP/1.1" 401 1453 "https://maxvirusprotection.com/wp-login.php" "Mozilla/5.0 (Windows NT 10.0; WOW64; Trident/7.0; Touch; MALNJS; rv:11.0) like Gecko"
184.94.212.206 - - [28/Apr/2026:09:57:47 +0000] "POST /wp-cron.php?doing_wp_cron=1777370267.3135440349578857421875 HTTP/1.1" 200 - "-" "WordPress/6.9.4; https://maxvirusprotection.com"
114.119.144.105 - - [28/Apr/2026:09:57:45 +0000] "GET /in-relation-to-laptops-we-supply-the-best-tips/?share=twitter HTTP/1.1" 302 - "https://maxvirusprotection.com/in-relation-to-laptops-we-supply-the-best-tips/" "Mozilla/5.0 (Linux; Android 7.0;) AppleWebKit/537.36 (HTML, like Gecko) Mobile Safari/537.36 (compatible; PetalBot;+https://webmaster.petalsearch.com/site/petalbot)"
184.94.212.206 - - [28/Apr/2026:10:01:29 +0000] "POST /wp-cron.php?doing_wp_cron=1777370489.7123239040374755859375 HTTP/1.1" 200 - "-" "WordPress/6.9.4; https://maxvirusprotection.com"
192.0.85.167 - - [28/Apr/2026:10:01:27 +0000] "HEAD / HTTP/1.1" 200 - "-" "jetmon/1.0 (Jetpack Site Uptime Monitor by WordPress.com)"
184.94.212.206 - - [28/Apr/2026:10:01:53 +0000] "POST /wp-cron.php?doing_wp_cron=1777370513.2187409400939941406250 HTTP/1.1" 200 - "-" "WordPress/6.9.4; https://maxvirusprotection.com"
185.158.22.52 - - [28/Apr/2026:10:01:51 +0000] "GET /want-to-design-websites-try-these-great-tips/ HTTP/1.1" 200 48145 "-" "Mozilla/5.0 (Windows NT 6.3; Win64; x64) AppleWebKit/537.36 (KHTML, like Gecko) Chrome/83.0.4103.97 Safari/537.36"
57.141.18.90 - - [28/Apr/2026:10:02:26 +0000] "GET /best-antivirus-software-2025-for-windows/ HTTP/1.1" 200 141589 "-" "meta-externalagent/1.1 (+https://developers.facebook.com/docs/sharing/webmasters/crawler)"
114.119.138.205 - - [28/Apr/2026:10:02:59 +0000] "GET /in-relation-to-laptops-we-supply-the-best-tips/ HTTP/1.1" 200 46271 "https://maxvirusprotection.com/page/3/?amp" "Mozilla/5.0 (Linux; Android 7.0;) AppleWebKit/537.36 (HTML, like Gecko) Mobile Safari/537.36 (compatible; PetalBot;+https://webmaster.petalsearch.com/site/petalbot)"
135.236.141.8 - - [28/Apr/2026:10:04:46 +0000] "GET /wp-login.php HTTP/1.1" 200 4402 "-" "Mozilla/5.0 (Windows NT 6.3; WOW64; Trident/7.0; Touch; MASEJS; rv:11.0) like Gecko"
135.236.141.8 - - [28/Apr/2026:10:04:48 +0000] "POST /wp-login.php HTTP/1.1" 200 4402 "https://maxvirusprotection.com/wp-login.php" "Mozilla/5.0 (Windows NT 6.3; WOW64; Trident/7.0; Touch; MASEJS; rv:11.0) like Gecko"
184.94.212.206 - - [28/Apr/2026:10:06:29 +0000] "POST /wp-cron.php?doing_wp_cron=1777370789.4167339801788330078125 HTTP/1.1" 200 - "-" "WordPress/6.9.4; https://maxvirusprotection.com"
192.0.85.167 - - [28/Apr/2026:10:06:27 +0000] "HEAD / HTTP/1.1" 200 - "-" "jetmon/1.0 (Jetpack Site Uptime Monitor by WordPress.com)"
208.68.37.246 - - [28/Apr/2026:10:06:39 +0000] "GET /wp-login.php HTTP/1.1" 200 4403 "-" "Mozilla/5.0 (Macintosh; Intel Mac OS X 10_12_6) AppleWebKit/605.1.15 (KHTML, like Gecko) Version/11.1.2 Safari/605.1.15"
208.68.37.246 - - [28/Apr/2026:10:06:40 +0000] "POST /wp-login.php HTTP/1.1" 200 4403 "https://maxvirusprotection.com/wp-login.php" "Mozilla/5.0 (Macintosh; Intel Mac OS X 10_12_6) AppleWebKit/605.1.15 (KHTML, like Gecko) Version/11.1.2 Safari/605.1.15"
184.94.212.206 - - [28/Apr/2026:10:08:25 +0000] "POST /wp-cron.php?doing_wp_cron=1777370905.6221060752868652343750 HTTP/1.1" 200 - "-" "WordPress/6.9.4; https://maxvirusprotection.com"
114.119.140.103 - - [28/Apr/2026:10:08:23 +0000] "GET /improving-your-web-design-skills-to-reach-your-potential?share=twitter HTTP/1.1" 302 - "-" "Mozilla/5.0 (Linux; Android 7.0;) AppleWebKit/537.36 (HTML, like Gecko) Mobile Safari/537.36 (compatible; PetalBot;+https://webmaster.petalsearch.com/site/petalbot)"
176.126.87.170 - - [28/Apr/2026:10:11:09 +0000] "GET /wp-login.php HTTP/1.1" 200 4403 "-" "Mozilla/5.0 (Macintosh; Intel Mac OS X 10_9_5) AppleWebKit/537.36 (KHTML, like Gecko) Chrome/67.0.3396.87 Safari/537.36"
176.126.87.170 - - [28/Apr/2026:10:11:12 +0000] "POST /wp-login.php HTTP/1.1" 200 4403 "https://maxvirusprotection.com/wp-login.php" "Mozilla/5.0 (Macintosh; Intel Mac OS X 10_9_5) AppleWebKit/537.36 (KHTML, like Gecko) Chrome/67.0.3396.87 Safari/537.36"
184.94.212.206 - - [28/Apr/2026:10:11:27 +0000] "POST /wp-cron.php?doing_wp_cron=1777371087.4450979232788085937500 HTTP/1.1" 200 - "-" "WordPress/6.9.4; https://maxvirusprotection.com"
192.0.85.167 - - [28/Apr/2026:10:11:25 +0000] "HEAD / HTTP/1.1" 200 - "-" "jetmon/1.0 (Jetpack Site Uptime Monitor by WordPress.com)"
184.94.212.206 - - [28/Apr/2026:10:12:10 +0000] "POST /wp-cron.php?doing_wp_cron=1777371130.6921660900115966796875 HTTP/1.1" 200 - "-" "WordPress/6.9.4; https://maxvirusprotection.com"
14.170.70.242 - - [28/Apr/2026:10:12:09 +0000] "GET /tag/office-space/ HTTP/1.1" 200 42677 "-" "Mozilla/5.0 (Macintosh; Intel Mac OS X 10_11_2) AppleWebKit/537.36 (KHTML, like Gecko) Chrome/67.0.3396.8 Safari/537.36"
184.94.212.206 - - [28/Apr/2026:10:13:54 +0000] "POST /wp-cron.php?doing_wp_cron=1777371234.8349139690399169921875 HTTP/1.1" 200 - "-" "WordPress/6.9.4; https://maxvirusprotection.com"
114.119.155.2 - - [28/Apr/2026:10:13:53 +0000] "GET /here-is-some-advice-about-desktop-computers HTTP/1.1" 301 - "https://maxvirusprotection.com/page/3" "Mozilla/5.0 (Linux; Android 7.0;) AppleWebKit/537.36 (HTML, like Gecko) Mobile Safari/537.36 (compatible; PetalBot;+https://webmaster.petalsearch.com/site/petalbot)"
114.119.155.2 - - [28/Apr/2026:10:13:55 +0000] "GET /here-is-some-advice-about-desktop-computers/ HTTP/1.1" 200 46973 "https://maxvirusprotection.com/page/3" "Mozilla/5.0 (Linux; Android 7.0;) AppleWebKit/537.36 (HTML, like Gecko) Mobile Safari/537.36 (compatible; PetalBot;+https://webmaster.petalsearch.com/site/petalbot)"
41.196.200.193 - - [28/Apr/2026:10:15:05 +0000] "GET /wp-login.php HTTP/1.1" 200 4402 "-" "Mozilla/5.0 (Macintosh; Intel Mac OS X 10_13_5) AppleWebKit/537.36 (KHTML, like Gecko) Chrome/66.0.3359.181 Safari/537.36"
41.196.200.193 - - [28/Apr/2026:10:15:07 +0000] "POST /wp-login.php HTTP/1.1" 200 4402 "https://maxvirusprotection.com/wp-login.php" "Mozilla/5.0 (Macintosh; Intel Mac OS X 10_13_5) AppleWebKit/537.36 (KHTML, like Gecko) Chrome/66.0.3359.181 Safari/537.36"
184.94.212.206 - - [28/Apr/2026:10:16:30 +0000] "POST /wp-cron.php?doing_wp_cron=1777371390.2242701053619384765625 HTTP/1.1" 200 - "-" "WordPress/6.9.4; https://maxvirusprotection.com"
192.0.85.167 - - [28/Apr/2026:10:16:28 +0000] "HEAD / HTTP/1.1" 200 - "-" "jetmon/1.0 (Jetpack Site Uptime Monitor by WordPress.com)"
184.94.212.206 - - [28/Apr/2026:10:19:12 +0000] "POST /wp-cron.php?doing_wp_cron=1777371552.5852160453796386718750 HTTP/1.1" 200 - "-" "WordPress/6.9.4; https://maxvirusprotection.com"
114.119.144.105 - - [28/Apr/2026:10:19:10 +0000] "GET /ftc-statement?share=twitter HTTP/1.1" 302 - "-" "Mozilla/5.0 (Linux; Android 7.0;) AppleWebKit/537.36 (HTML, like Gecko) Mobile Safari/537.36 (compatible; PetalBot;+https://webmaster.petalsearch.com/site/petalbot)"
184.94.212.206 - - [28/Apr/2026:10:21:28 +0000] "POST /wp-cron.php?doing_wp_cron=1777371688.1694850921630859375000 HTTP/1.1" 200 - "-" "WordPress/6.9.4; https://maxvirusprotection.com"
192.0.85.167 - - [28/Apr/2026:10:21:26 +0000] "HEAD / HTTP/1.1" 200 - "-" "jetmon/1.0 (Jetpack Site Uptime Monitor by WordPress.com)"
103.124.95.168 - - [28/Apr/2026:10:21:53 +0000] "GET /wp-login.php HTTP/1.1" 200 4403 "-" "Mozilla/5.0 (Windows NT 6.1; WOW64; Trident/7.0; MALC; rv:11.0) like Gecko"
103.124.95.168 - - [28/Apr/2026:10:21:55 +0000] "POST /wp-login.php HTTP/1.1" 200 4403 "https://maxvirusprotection.com/wp-login.php" "Mozilla/5.0 (Windows NT 6.1; WOW64; Trident/7.0; MALC; rv:11.0) like Gecko"
184.94.212.206 - - [28/Apr/2026:10:24:27 +0000] "POST /wp-cron.php?doing_wp_cron=1777371867.5452239513397216796875 HTTP/1.1" 200 - "-" "WordPress/6.9.4; https://maxvirusprotection.com"
114.119.138.205 - - [28/Apr/2026:10:24:25 +0000] "GET /eye-opening-information-regarding-laptops-you-never-knew/?share=twitter&amp HTTP/1.1" 302 - "https://maxvirusprotection.com/eye-opening-information-regarding-laptops-you-never-knew/?share=twitter&noamp=mobile" "Mozilla/5.0 (Linux; Android 7.0;) AppleWebKit/537.36 (HTML, like Gecko) Mobile Safari/537.36 (compatible; PetalBot;+https://webmaster.petalsearch.com/site/petalbot)"
95.108.213.217 - - [28/Apr/2026:10:24:46 +0000] "GET /robots.txt HTTP/1.1" 200 289 "-" "Mozilla/5.0 (compatible; YandexBot/3.0; +http://yandex.com/bots)"
213.180.203.156 - - [28/Apr/2026:10:24:48 +0000] "GET /best-antivirus-software-2025-for-windows/ HTTP/1.1" 200 48775 "-" "Mozilla/5.0 (compatible; YandexBot/3.0; +http://yandex.com/bots)"
144.16.144.93 - - [28/Apr/2026:10:25:51 +0000] "GET /wp-login.php HTTP/1.1" 200 4401 "-" "Mozilla/5.0 (Windows NT 10.0; WOW64) AppleWebKit/537.36 (KHTML, like Gecko) Chrome/63.0.3239.132 Safari/537.36 OPR/50.0.2762.67"
144.16.144.93 - - [28/Apr/2026:10:25:53 +0000] "POST /wp-login.php HTTP/1.1" 200 4401 "https://maxvirusprotection.com/wp-login.php" "Mozilla/5.0 (Windows NT 10.0; WOW64) AppleWebKit/537.36 (KHTML, like Gecko) Chrome/63.0.3239.132 Safari/537.36 OPR/50.0.2762.67"
184.94.212.206 - - [28/Apr/2026:10:26:30 +0000] "POST /wp-cron.php?doing_wp_cron=1777371990.7229290008544921875000 HTTP/1.1" 200 - "-" "WordPress/6.9.4; https://maxvirusprotection.com"
192.0.85.167 - - [28/Apr/2026:10:26:29 +0000] "HEAD / HTTP/1.1" 200 - "-" "jetmon/1.0 (Jetpack Site Uptime Monitor by WordPress.com)"
184.94.212.206 - - [28/Apr/2026:10:28:32 +0000] "POST /wp-cron.php?doing_wp_cron=1777372112.3415119647979736328125 HTTP/1.1" 200 - "-" "WordPress/6.9.4; https://maxvirusprotection.com"
172.190.142.176 - - [28/Apr/2026:10:28:30 +0000] "GET /wp-content/plugins/hellopress/wp_filemanager.php HTTP/1.1" 404 115952 "-" "-"
172.190.142.176 - - [28/Apr/2026:10:28:32 +0000] "GET /db.php HTTP/1.1" 404 114638 "-" "-"
172.190.142.176 - - [28/Apr/2026:10:28:34 +0000] "GET /xy.php HTTP/1.1" 404 114638 "-" "-"
172.190.142.176 - - [28/Apr/2026:10:28:35 +0000] "GET /revealability.php HTTP/1.1" 404 114671 "-" "-"
172.190.142.176 - - [28/Apr/2026:10:28:36 +0000] "GET /tox.php HTTP/1.1" 404 114642 "-" "-"
172.190.142.176 - - [28/Apr/2026:10:28:38 +0000] "GET /packed.php HTTP/1.1" 404 114651 "-" "-"
172.190.142.176 - - [28/Apr/2026:10:28:39 +0000] "GET /lib.php HTTP/1.1" 404 114642 "-" "-"
172.190.142.176 - - [28/Apr/2026:10:28:40 +0000] "GET /ccu.php HTTP/1.1" 404 114641 "-" "-"
172.190.142.176 - - [28/Apr/2026:10:28:42 +0000] "GET /ffile.php HTTP/1.1" 404 114648 "-" "-"
172.190.142.176 - - [28/Apr/2026:10:28:43 +0000] "GET /class.1.php HTTP/1.1" 404 114654 "-" "-"
172.190.142.176 - - [28/Apr/2026:10:28:44 +0000] "GET /popo.php HTTP/1.1" 404 114644 "-" "-"
172.190.142.176 - - [28/Apr/2026:10:28:45 +0000] "GET /academy.php HTTP/1.1" 404 114652 "-" "-"
172.190.142.176 - - [28/Apr/2026:10:28:47 +0000] "GET /wp-xml.php HTTP/1.1" 404 114649 "-" "-"
172.190.142.176 - - [28/Apr/2026:10:28:48 +0000] "GET /layout.php HTTP/1.1" 404 114650 "-" "-"
172.190.142.176 - - [28/Apr/2026:10:28:49 +0000] "GET /txets.php HTTP/1.1" 404 114647 "-" "-"
172.190.142.176 - - [28/Apr/2026:10:28:51 +0000] "GET /Sanskrit.php HTTP/1.1" 404 114656 "-" "-"
172.190.142.176 - - [28/Apr/2026:10:28:52 +0000] "GET /kikikoko.php HTTP/1.1" 404 114657 "-" "-"
172.190.142.176 - - [28/Apr/2026:10:28:53 +0000] "GET /opts.php HTTP/1.1" 404 114644 "-" "-"
172.190.142.176 - - [28/Apr/2026:10:28:55 +0000] "GET /ouh.php HTTP/1.1" 404 114642 "-" "-"
172.190.142.176 - - [28/Apr/2026:10:28:56 +0000] "GET /wander.php HTTP/1.1" 404 114651 "-" "-"
172.190.142.176 - - [28/Apr/2026:10:28:57 +0000] "GET /samll.php HTTP/1.1" 404 114648 "-" "-"
172.190.142.176 - - [28/Apr/2026:10:28:59 +0000] "GET /at.php HTTP/1.1" 404 114639 "-" "-"
172.190.142.176 - - [28/Apr/2026:10:29:00 +0000] "GET /1index.php HTTP/1.1" 404 114650 "-" "-"
172.190.142.176 - - [28/Apr/2026:10:29:01 +0000] "GET /do.php HTTP/1.1" 404 114639 "-" "-"
172.190.142.176 - - [28/Apr/2026:10:29:03 +0000] "GET /iov.php HTTP/1.1" 404 114641 "-" "-"
