184.94.212.206 - - [27/Apr/2026:21:51:17 +0000] "POST /wp-cron.php?doing_wp_cron=1777326677.4638900756835937500000 HTTP/1.1" 200 - "-" "WordPress/6.9.4; https://maxvirusprotection.com"
114.119.144.105 - - [27/Apr/2026:21:51:16 +0000] "GET /4-simple-ways-to-protect-your-digital-security/?share=twitter HTTP/1.1" 302 - "https://maxvirusprotection.com/4-simple-ways-to-protect-your-digital-security/" "Mozilla/5.0 (Linux; Android 7.0;) AppleWebKit/537.36 (HTML, like Gecko) Mobile Safari/537.36 (compatible; PetalBot;+https://webmaster.petalsearch.com/site/petalbot)"
184.94.212.206 - - [27/Apr/2026:21:51:28 +0000] "POST /wp-cron.php?doing_wp_cron=1777326688.4557170867919921875000 HTTP/1.1" 200 - "-" "WordPress/6.9.4; https://maxvirusprotection.com"
192.0.85.167 - - [27/Apr/2026:21:51:27 +0000] "HEAD / HTTP/1.1" 200 - "-" "jetmon/1.0 (Jetpack Site Uptime Monitor by WordPress.com)"
184.94.212.206 - - [27/Apr/2026:21:55:23 +0000] "POST /wp-cron.php?doing_wp_cron=1777326923.9265079498291015625000 HTTP/1.1" 200 - "-" "WordPress/6.9.4; https://maxvirusprotection.com"
20.92.73.174 - - [27/Apr/2026:21:55:22 +0000] "GET /inputs.php HTTP/1.1" 404 41643 "-" "Mozilla/5.0 (Windows NT 10.0; Win64; x64) AppleWebKit/537.36 (KHTML, like Gecko) Chrome/120.0.0.0 Safari/537.36"
20.92.73.174 - - [27/Apr/2026:21:55:24 +0000] "GET /ioxi-o.php HTTP/1.1" 404 41648 "-" "Mozilla/5.0 (Windows NT 10.0; Win64; x64) AppleWebKit/537.36 (KHTML, like Gecko) Chrome/120.0.0.0 Safari/537.36"
20.92.73.174 - - [27/Apr/2026:21:55:25 +0000] "GET /function/function.php HTTP/1.1" 404 41645 "-" "Mozilla/5.0 (Windows NT 10.0; Win64; x64) AppleWebKit/537.36 (KHTML, like Gecko) Chrome/120.0.0.0 Safari/537.36"
20.92.73.174 - - [27/Apr/2026:21:55:27 +0000] "GET /rip.php HTTP/1.1" 404 41644 "-" "Mozilla/5.0 (Windows NT 10.0; Win64; x64) AppleWebKit/537.36 (KHTML, like Gecko) Chrome/120.0.0.0 Safari/537.36"
20.92.73.174 - - [27/Apr/2026:21:55:28 +0000] "GET /admin.php HTTP/1.1" 404 41639 "-" "Mozilla/5.0 (Windows NT 10.0; Win64; x64) AppleWebKit/537.36 (KHTML, like Gecko) Chrome/120.0.0.0 Safari/537.36"
20.92.73.174 - - [27/Apr/2026:21:55:29 +0000] "GET /wp-content/uploads/index.php HTTP/1.1" 301 - "-" "Mozilla/5.0 (Windows NT 10.0; Win64; x64) AppleWebKit/537.36 (KHTML, like Gecko) Chrome/120.0.0.0 Safari/537.36"
20.92.73.174 - - [27/Apr/2026:21:55:31 +0000] "GET /cache.php HTTP/1.1" 404 41645 "-" "Mozilla/5.0 (Windows NT 10.0; Win64; x64) AppleWebKit/537.36 (KHTML, like Gecko) Chrome/120.0.0.0 Safari/537.36"
20.92.73.174 - - [27/Apr/2026:21:55:32 +0000] "GET /themes.php HTTP/1.1" 404 41644 "-" "Mozilla/5.0 (Windows NT 10.0; Win64; x64) AppleWebKit/537.36 (KHTML, like Gecko) Chrome/120.0.0.0 Safari/537.36"
20.92.73.174 - - [27/Apr/2026:21:55:33 +0000] "GET /an.php HTTP/1.1" 404 41640 "-" "Mozilla/5.0 (Windows NT 10.0; Win64; x64) AppleWebKit/537.36 (KHTML, like Gecko) Chrome/120.0.0.0 Safari/537.36"
20.92.73.174 - - [27/Apr/2026:21:55:35 +0000] "GET /index/function.php HTTP/1.1" 404 41647 "-" "Mozilla/5.0 (Windows NT 10.0; Win64; x64) AppleWebKit/537.36 (KHTML, like Gecko) Chrome/120.0.0.0 Safari/537.36"
20.92.73.174 - - [27/Apr/2026:21:55:36 +0000] "GET /randkeyword.PhP7 HTTP/1.1" 404 41655 "-" "Mozilla/5.0 (Windows NT 10.0; Win64; x64) AppleWebKit/537.36 (KHTML, like Gecko) Chrome/120.0.0.0 Safari/537.36"
20.92.73.174 - - [27/Apr/2026:21:55:37 +0000] "GET /ws.php HTTP/1.1" 404 41644 "-" "Mozilla/5.0 (Windows NT 10.0; Win64; x64) AppleWebKit/537.36 (KHTML, like Gecko) Chrome/120.0.0.0 Safari/537.36"
20.92.73.174 - - [27/Apr/2026:21:55:39 +0000] "GET /404.php HTTP/1.1" 404 41642 "-" "Mozilla/5.0 (Windows NT 10.0; Win64; x64) AppleWebKit/537.36 (KHTML, like Gecko) Chrome/120.0.0.0 Safari/537.36"
20.92.73.174 - - [27/Apr/2026:21:55:40 +0000] "GET /wp-admin/user.php HTTP/1.1" 404 41645 "-" "Mozilla/5.0 (Windows NT 10.0; Win64; x64) AppleWebKit/537.36 (KHTML, like Gecko) Chrome/120.0.0.0 Safari/537.36"
20.92.73.174 - - [27/Apr/2026:21:55:41 +0000] "GET /wp-conf.php HTTP/1.1" 404 41643 "-" "Mozilla/5.0 (Windows NT 10.0; Win64; x64) AppleWebKit/537.36 (KHTML, like Gecko) Chrome/120.0.0.0 Safari/537.36"
20.92.73.174 - - [27/Apr/2026:21:55:43 +0000] "GET /wp-content/themes/hideo/network.php HTTP/1.1" 404 41911 "-" "Mozilla/5.0 (Windows NT 10.0; Win64; x64) AppleWebKit/537.36 (KHTML, like Gecko) Chrome/120.0.0.0 Safari/537.36"
20.92.73.174 - - [27/Apr/2026:21:55:44 +0000] "GET /wp-login.php HTTP/1.1" 200 4199 "-" "Mozilla/5.0 (Windows NT 10.0; Win64; x64) AppleWebKit/537.36 (KHTML, like Gecko) Chrome/120.0.0.0 Safari/537.36"
20.92.73.174 - - [27/Apr/2026:21:55:46 +0000] "GET /abc.php HTTP/1.1" 404 41642 "-" "Mozilla/5.0 (Windows NT 10.0; Win64; x64) AppleWebKit/537.36 (KHTML, like Gecko) Chrome/120.0.0.0 Safari/537.36"
20.92.73.174 - - [27/Apr/2026:21:55:47 +0000] "GET /abcd.php HTTP/1.1" 404 41643 "-" "Mozilla/5.0 (Windows NT 10.0; Win64; x64) AppleWebKit/537.36 (KHTML, like Gecko) Chrome/120.0.0.0 Safari/537.36"
20.92.73.174 - - [27/Apr/2026:21:55:49 +0000] "GET /as.php HTTP/1.1" 404 41642 "-" "Mozilla/5.0 (Windows NT 10.0; Win64; x64) AppleWebKit/537.36 (KHTML, like Gecko) Chrome/120.0.0.0 Safari/537.36"
20.92.73.174 - - [27/Apr/2026:21:55:50 +0000] "GET /wp-trackback.php HTTP/1.1" 404 130 "-" "Mozilla/5.0 (Windows NT 10.0; Win64; x64) AppleWebKit/537.36 (KHTML, like Gecko) Chrome/120.0.0.0 Safari/537.36"
20.92.73.174 - - [27/Apr/2026:21:55:51 +0000] "GET /about.php HTTP/1.1" 404 41639 "-" "Mozilla/5.0 (Windows NT 10.0; Win64; x64) AppleWebKit/537.36 (KHTML, like Gecko) Chrome/120.0.0.0 Safari/537.36"
20.92.73.174 - - [27/Apr/2026:21:55:52 +0000] "GET /file.php HTTP/1.1" 404 41643 "-" "Mozilla/5.0 (Windows NT 10.0; Win64; x64) AppleWebKit/537.36 (KHTML, like Gecko) Chrome/120.0.0.0 Safari/537.36"
20.92.73.174 - - [27/Apr/2026:21:55:54 +0000] "GET /adminfuns.php HTTP/1.1" 404 41645 "-" "Mozilla/5.0 (Windows NT 10.0; Win64; x64) AppleWebKit/537.36 (KHTML, like Gecko) Chrome/120.0.0.0 Safari/537.36"
20.92.73.174 - - [27/Apr/2026:21:55:55 +0000] "GET /wp-good.php HTTP/1.1" 404 41644 "-" "Mozilla/5.0 (Windows NT 10.0; Win64; x64) AppleWebKit/537.36 (KHTML, like Gecko) Chrome/120.0.0.0 Safari/537.36"
20.92.73.174 - - [27/Apr/2026:21:55:56 +0000] "GET /xmlrpc.php HTTP/1.1" 404 41639 "-" "Mozilla/5.0 (Windows NT 10.0; Win64; x64) AppleWebKit/537.36 (KHTML, like Gecko) Chrome/120.0.0.0 Safari/537.36"
20.92.73.174 - - [27/Apr/2026:21:55:58 +0000] "GET /goods.php HTTP/1.1" 404 41647 "-" "Mozilla/5.0 (Windows NT 10.0; Win64; x64) AppleWebKit/537.36 (KHTML, like Gecko) Chrome/120.0.0.0 Safari/537.36"
20.92.73.174 - - [27/Apr/2026:21:55:59 +0000] "GET /class-t.api.php HTTP/1.1" 404 41648 "-" "Mozilla/5.0 (Windows NT 10.0; Win64; x64) AppleWebKit/537.36 (KHTML, like Gecko) Chrome/120.0.0.0 Safari/537.36"
20.92.73.174 - - [27/Apr/2026:21:56:00 +0000] "GET /sf.php HTTP/1.1" 404 41643 "-" "Mozilla/5.0 (Windows NT 10.0; Win64; x64) AppleWebKit/537.36 (KHTML, like Gecko) Chrome/120.0.0.0 Safari/537.36"
20.92.73.174 - - [27/Apr/2026:21:56:02 +0000] "GET /kbfr.php HTTP/1.1" 404 41645 "-" "Mozilla/5.0 (Windows NT 10.0; Win64; x64) AppleWebKit/537.36 (KHTML, like Gecko) Chrome/120.0.0.0 Safari/537.36"
20.92.73.174 - - [27/Apr/2026:21:56:03 +0000] "GET /autoload_classmap.php HTTP/1.1" 404 41653 "-" "Mozilla/5.0 (Windows NT 10.0; Win64; x64) AppleWebKit/537.36 (KHTML, like Gecko) Chrome/120.0.0.0 Safari/537.36"
20.92.73.174 - - [27/Apr/2026:21:56:05 +0000] "GET /chosen.php?p= HTTP/1.1" 301 - "-" "Mozilla/5.0 (Windows NT 10.0; Win64; x64) AppleWebKit/537.36 (KHTML, like Gecko) Chrome/120.0.0.0 Safari/537.36"
20.92.73.174 - - [27/Apr/2026:21:56:06 +0000] "GET /classwithtostring.php HTTP/1.1" 404 41648 "-" "Mozilla/5.0 (Windows NT 10.0; Win64; x64) AppleWebKit/537.36 (KHTML, like Gecko) Chrome/120.0.0.0 Safari/537.36"
20.92.73.174 - - [27/Apr/2026:21:56:07 +0000] "GET /defaults.php HTTP/1.1" 404 41646 "-" "Mozilla/5.0 (Windows NT 10.0; Win64; x64) AppleWebKit/537.36 (KHTML, like Gecko) Chrome/120.0.0.0 Safari/537.36"
20.92.73.174 - - [27/Apr/2026:21:56:08 +0000] "GET /.well-known/ HTTP/1.1" 404 41653 "-" "Mozilla/5.0 (Windows NT 10.0; Win64; x64) AppleWebKit/537.36 (KHTML, like Gecko) Chrome/120.0.0.0 Safari/537.36"
20.92.73.174 - - [27/Apr/2026:21:56:10 +0000] "GET /info.php HTTP/1.1" 404 41646 "-" "Mozilla/5.0 (Windows NT 10.0; Win64; x64) AppleWebKit/537.36 (KHTML, like Gecko) Chrome/120.0.0.0 Safari/537.36"
20.92.73.174 - - [27/Apr/2026:21:56:11 +0000] "GET /cgi-bin/ HTTP/1.1" 404 41647 "-" "Mozilla/5.0 (Windows NT 10.0; Win64; x64) AppleWebKit/537.36 (KHTML, like Gecko) Chrome/120.0.0.0 Safari/537.36"
20.92.73.174 - - [27/Apr/2026:21:56:12 +0000] "GET /wp-includes/Requests/src/Response/about.php HTTP/1.1" 404 41915 "-" "Mozilla/5.0 (Windows NT 10.0; Win64; x64) AppleWebKit/537.36 (KHTML, like Gecko) Chrome/120.0.0.0 Safari/537.36"
20.92.73.174 - - [27/Apr/2026:21:56:14 +0000] "GET /wp-includes/html-api/ HTTP/1.1" 404 41648 "-" "Mozilla/5.0 (Windows NT 10.0; Win64; x64) AppleWebKit/537.36 (KHTML, like Gecko) Chrome/120.0.0.0 Safari/537.36"
20.92.73.174 - - [27/Apr/2026:21:56:15 +0000] "GET /wp-content/admin.php HTTP/1.1" 404 41644 "-" "Mozilla/5.0 (Windows NT 10.0; Win64; x64) AppleWebKit/537.36 (KHTML, like Gecko) Chrome/120.0.0.0 Safari/537.36"
20.92.73.174 - - [27/Apr/2026:21:56:16 +0000] "GET /wp-admin/css/colors/ectoplasm/ HTTP/1.1" 404 41911 "-" "Mozilla/5.0 (Windows NT 10.0; Win64; x64) AppleWebKit/537.36 (KHTML, like Gecko) Chrome/120.0.0.0 Safari/537.36"
20.92.73.174 - - [27/Apr/2026:21:56:18 +0000] "GET /wp-content/uploads/ HTTP/1.1" 404 41642 "-" "Mozilla/5.0 (Windows NT 10.0; Win64; x64) AppleWebKit/537.36 (KHTML, like Gecko) Chrome/120.0.0.0 Safari/537.36"
20.92.73.174 - - [27/Apr/2026:21:56:19 +0000] "GET /wp-content/themes/admin.php HTTP/1.1" 404 41900 "-" "Mozilla/5.0 (Windows NT 10.0; Win64; x64) AppleWebKit/537.36 (KHTML, like Gecko) Chrome/120.0.0.0 Safari/537.36"
20.92.73.174 - - [27/Apr/2026:21:56:20 +0000] "GET /wp-content/themes/index.php HTTP/1.1" 301 - "-" "Mozilla/5.0 (Windows NT 10.0; Win64; x64) AppleWebKit/537.36 (KHTML, like Gecko) Chrome/120.0.0.0 Safari/537.36"
20.92.73.174 - - [27/Apr/2026:21:56:21 +0000] "GET /wp-content/plugins/index.php HTTP/1.1" 301 - "-" "Mozilla/5.0 (Windows NT 10.0; Win64; x64) AppleWebKit/537.36 (KHTML, like Gecko) Chrome/120.0.0.0 Safari/537.36"
103.216.117.42 - - [27/Apr/2026:21:56:21 +0000] "GET /wp-login.php HTTP/1.1" 200 4402 "-" "Mozilla/5.0 (Windows NT 10.0; Win64; x64) AppleWebKit/537.36 (KHTML, like Gecko) Chrome/65.0.3325.146 Safari/537.36"
20.92.73.174 - - [27/Apr/2026:21:56:23 +0000] "GET /wp-includes/PHPMailer/ HTTP/1.1" 404 41652 "-" "Mozilla/5.0 (Windows NT 10.0; Win64; x64) AppleWebKit/537.36 (KHTML, like Gecko) Chrome/120.0.0.0 Safari/537.36"
103.216.117.42 - - [27/Apr/2026:21:56:23 +0000] "POST /wp-login.php HTTP/1.1" 200 4402 "https://maxvirusprotection.com/wp-login.php" "Mozilla/5.0 (Windows NT 10.0; Win64; x64) AppleWebKit/537.36 (KHTML, like Gecko) Chrome/65.0.3325.146 Safari/537.36"
20.92.73.174 - - [27/Apr/2026:21:56:24 +0000] "GET /wp-includes/images/ HTTP/1.1" 404 41644 "-" "Mozilla/5.0 (Windows NT 10.0; Win64; x64) AppleWebKit/537.36 (KHTML, like Gecko) Chrome/120.0.0.0 Safari/537.36"
184.94.212.206 - - [27/Apr/2026:21:56:26 +0000] "POST /wp-cron.php?doing_wp_cron=1777326986.9196200370788574218750 HTTP/1.1" 200 - "-" "WordPress/6.9.4; https://maxvirusprotection.com"
20.92.73.174 - - [27/Apr/2026:21:56:25 +0000] "GET /wp-content/plugins/WordPressCore/ HTTP/1.1" 404 41899 "-" "Mozilla/5.0 (Windows NT 10.0; Win64; x64) AppleWebKit/537.36 (KHTML, like Gecko) Chrome/120.0.0.0 Safari/537.36"
192.0.85.167 - - [27/Apr/2026:21:56:27 +0000] "HEAD / HTTP/1.1" 200 - "-" "jetmon/1.0 (Jetpack Site Uptime Monitor by WordPress.com)"
103.30.72.102 - - [27/Apr/2026:21:56:41 +0000] "GET /wp-login.php HTTP/1.1" 200 4401 "-" "Mozilla/4.0 (compatible; MSIE 7.0; Windows NT 6.2; Win64; x64; Trident/7.0; .NET4.0C; .NET4.0E; .NET CLR 2.0.50727; .NET CLR 3.0.30729; .NET CLR 3.5.30729; Tablet PC 2.0)"
103.30.72.102 - - [27/Apr/2026:21:56:42 +0000] "POST /wp-login.php HTTP/1.1" 200 4401 "https://maxvirusprotection.com/wp-login.php" "Mozilla/4.0 (compatible; MSIE 7.0; Windows NT 6.2; Win64; x64; Trident/7.0; .NET4.0C; .NET4.0E; .NET CLR 2.0.50727; .NET CLR 3.0.30729; .NET CLR 3.5.30729; Tablet PC 2.0)"
184.94.212.206 - - [27/Apr/2026:21:57:26 +0000] "POST /wp-cron.php?doing_wp_cron=1777327046.0465879440307617187500 HTTP/1.1" 200 - "-" "WordPress/6.9.4; https://maxvirusprotection.com"
91.215.85.104 - - [27/Apr/2026:21:57:24 +0000] "GET / HTTP/1.1" 200 47526 "-" "Mozilla/5.0 (X11; Linux x86_64; rv:1.9.5.20) Gecko/ Firefox/13.0"
114.119.138.205 - - [27/Apr/2026:21:57:47 +0000] "GET /here-is-some-advice-about-desktop-computers/?share=x HTTP/1.1" 302 - "https://maxvirusprotection.com/here-is-some-advice-about-desktop-computers/?amp" "Mozilla/5.0 (Linux; Android 7.0;) AppleWebKit/537.36 (HTML, like Gecko) Mobile Safari/537.36 (compatible; PetalBot;+https://webmaster.petalsearch.com/site/petalbot)"
184.94.212.206 - - [27/Apr/2026:22:01:29 +0000] "POST /wp-cron.php?doing_wp_cron=1777327289.2829139232635498046875 HTTP/1.1" 200 - "-" "WordPress/6.9.4; https://maxvirusprotection.com"
192.0.85.167 - - [27/Apr/2026:22:01:27 +0000] "HEAD / HTTP/1.1" 200 - "-" "jetmon/1.0 (Jetpack Site Uptime Monitor by WordPress.com)"
162.223.226.165 - - [27/Apr/2026:22:01:31 +0000] "GET /wp-login.php HTTP/1.1" 200 4403 "-" "Mozilla/5.0 (X11; CrOS x86_64 10452.96.0) AppleWebKit/537.36 (KHTML, like Gecko) Chrome/66.0.3359.181 Safari/537.36"
162.223.226.165 - - [27/Apr/2026:22:01:33 +0000] "POST /wp-login.php HTTP/1.1" 200 4403 "https://maxvirusprotection.com/wp-login.php" "Mozilla/5.0 (X11; CrOS x86_64 10452.96.0) AppleWebKit/537.36 (KHTML, like Gecko) Chrome/66.0.3359.181 Safari/537.36"
184.94.212.206 - - [27/Apr/2026:22:02:15 +0000] "POST /wp-cron.php?doing_wp_cron=1777327335.1570138931274414062500 HTTP/1.1" 200 - "-" "WordPress/6.9.4; https://maxvirusprotection.com"
57.141.18.58 - - [27/Apr/2026:22:02:14 +0000] "GET /thumb_yhumnxawgck-jpg/ HTTP/1.1" 301 - "-" "meta-externalagent/1.1 (+https://developers.facebook.com/docs/sharing/webmasters/crawler)"
114.119.140.103 - - [27/Apr/2026:22:02:55 +0000] "GET /4-simple-ways-to-protect-your-digital-security/?share=facebook HTTP/1.1" 302 - "https://maxvirusprotection.com/4-simple-ways-to-protect-your-digital-security/?noamp=mobile" "Mozilla/5.0 (Linux; Android 7.0;) AppleWebKit/537.36 (HTML, like Gecko) Mobile Safari/537.36 (compatible; PetalBot;+https://webmaster.petalsearch.com/site/petalbot)"
184.94.212.206 - - [27/Apr/2026:22:05:29 +0000] "POST /wp-cron.php?doing_wp_cron=1777327529.7146921157836914062500 HTTP/1.1" 200 - "-" "WordPress/6.9.4; https://maxvirusprotection.com"
216.73.217.123 - - [27/Apr/2026:22:05:28 +0000] "GET /news-sitemap.xml HTTP/1.1" 200 315 "-" "Mozilla/5.0 AppleWebKit/537.36 (KHTML, like Gecko; compatible; ClaudeBot/1.0; +claudebot@anthropic.com)"
184.94.212.206 - - [27/Apr/2026:22:06:11 +0000] "POST /wp-cron.php?doing_wp_cron=1777327571.8503301143646240234375 HTTP/1.1" 200 - "-" "WordPress/6.9.4; https://maxvirusprotection.com"
113.163.173.223 - - [27/Apr/2026:22:06:10 +0000] "GET /how-to-stop-bitcoin-mining-malware-slowing-down-my-computer/ HTTP/1.1" 200 48376 "-" "Mozilla/5.0 (Macintosh; Intel Mac OS X 10_15_5) AppleWebKit/537.36 (KHTML, like Gecko) Chrome/90.0.4430.93 Safari/537.36"
184.94.212.206 - - [27/Apr/2026:22:06:26 +0000] "POST /wp-cron.php?doing_wp_cron=1777327586.0276141166687011718750 HTTP/1.1" 200 - "-" "WordPress/6.9.4; https://maxvirusprotection.com"
192.0.85.167 - - [27/Apr/2026:22:06:24 +0000] "HEAD / HTTP/1.1" 200 - "-" "jetmon/1.0 (Jetpack Site Uptime Monitor by WordPress.com)"
184.94.212.206 - - [27/Apr/2026:22:09:17 +0000] "POST /wp-cron.php?doing_wp_cron=1777327757.9477829933166503906250 HTTP/1.1" 200 - "-" "WordPress/6.9.4; https://maxvirusprotection.com"
193.56.116.62 - - [27/Apr/2026:22:09:15 +0000] "POST /wp-login.php HTTP/1.1" 401 3499 "-" "Mozilla/5.0"
184.94.212.206 - - [27/Apr/2026:22:11:10 +0000] "POST /wp-cron.php?doing_wp_cron=1777327870.2573649883270263671875 HTTP/1.1" 200 - "-" "WordPress/6.9.4; https://maxvirusprotection.com"
43.130.67.33 - - [27/Apr/2026:22:11:08 +0000] "GET / HTTP/1.1" 301 - "http://www.maxvirusprotection.com" "Mozilla/5.0 (iPhone; CPU iPhone OS 13_2_3 like Mac OS X) AppleWebKit/605.1.15 (KHTML, like Gecko) Version/13.0.3 Mobile/15E148 Safari/604.1"
43.130.67.33 - - [27/Apr/2026:22:11:11 +0000] "GET / HTTP/1.1" 200 47526 "https://www.maxvirusprotection.com/" "Mozilla/5.0 (iPhone; CPU iPhone OS 13_2_3 like Mac OS X) AppleWebKit/605.1.15 (KHTML, like Gecko) Version/13.0.3 Mobile/15E148 Safari/604.1"
184.94.212.206 - - [27/Apr/2026:22:11:30 +0000] "POST /wp-cron.php?doing_wp_cron=1777327890.0062620639801025390625 HTTP/1.1" 200 - "-" "WordPress/6.9.4; https://maxvirusprotection.com"
192.0.85.167 - - [27/Apr/2026:22:11:28 +0000] "HEAD / HTTP/1.1" 200 - "-" "jetmon/1.0 (Jetpack Site Uptime Monitor by WordPress.com)"
184.94.212.206 - - [27/Apr/2026:22:12:01 +0000] "POST /wp-cron.php?doing_wp_cron=1777327921.5085480213165283203125 HTTP/1.1" 200 - "-" "WordPress/6.9.4; https://maxvirusprotection.com"
38.76.214.140 - - [27/Apr/2026:22:12:00 +0000] "GET /feed/ HTTP/1.1" 301 - "-" "FeedBot/1.0"
213.55.96.154 - - [27/Apr/2026:22:13:58 +0000] "GET /wp-login.php HTTP/1.1" 200 4401 "-" "Mozilla/4.0 (compatible; MSIE 7.0; Windows NT 6.1; WOW64; Trident/7.0; SLCC2; .NET CLR 2.0.50727; .NET CLR 3.5.30729; .NET CLR 3.0.30729; Media Center PC 6.0; .NET4.0C; .NET4.0E)"
213.55.96.154 - - [27/Apr/2026:22:14:00 +0000] "POST /wp-login.php HTTP/1.1" 200 4401 "https://maxvirusprotection.com/wp-login.php" "Mozilla/4.0 (compatible; MSIE 7.0; Windows NT 6.1; WOW64; Trident/7.0; SLCC2; .NET CLR 2.0.50727; .NET CLR 3.5.30729; .NET CLR 3.0.30729; Media Center PC 6.0; .NET4.0C; .NET4.0E)"
184.94.212.206 - - [27/Apr/2026:22:14:52 +0000] "POST /wp-cron.php?doing_wp_cron=1777328092.5314719676971435546875 HTTP/1.1" 200 - "-" "WordPress/6.9.4; https://maxvirusprotection.com"
129.226.174.80 - - [27/Apr/2026:22:14:50 +0000] "GET / HTTP/1.1" 200 47525 "http://maxvirusprotection.com" "Mozilla/5.0 (iPhone; CPU iPhone OS 13_2_3 like Mac OS X) AppleWebKit/605.1.15 (KHTML, like Gecko) Version/13.0.3 Mobile/15E148 Safari/604.1"
184.94.212.206 - - [27/Apr/2026:22:16:27 +0000] "POST /wp-cron.php?doing_wp_cron=1777328187.6608760356903076171875 HTTP/1.1" 200 - "-" "WordPress/6.9.4; https://maxvirusprotection.com"
192.0.85.167 - - [27/Apr/2026:22:16:25 +0000] "HEAD / HTTP/1.1" 200 - "-" "jetmon/1.0 (Jetpack Site Uptime Monitor by WordPress.com)"
54.39.210.139 - - [27/Apr/2026:22:16:30 +0000] "GET /category/antivirus-programs/feed/ HTTP/1.1" 200 14646 "-" "Mozilla/5.0 (compatible; AhrefsBot/7.0; +http://ahrefs.com/robot/)"
184.94.212.206 - - [27/Apr/2026:22:17:13 +0000] "POST /wp-cron.php?doing_wp_cron=1777328233.5345489978790283203125 HTTP/1.1" 200 - "-" "WordPress/6.9.4; https://maxvirusprotection.com"
216.73.217.123 - - [27/Apr/2026:22:17:11 +0000] "GET /sitemap_index.xml HTTP/1.1" 200 332 "-" "Mozilla/5.0 AppleWebKit/537.36 (KHTML, like Gecko; compatible; ClaudeBot/1.0; +claudebot@anthropic.com)"
184.94.212.206 - - [27/Apr/2026:22:20:58 +0000] "POST /wp-cron.php?doing_wp_cron=1777328458.3782279491424560546875 HTTP/1.1" 200 - "-" "WordPress/6.9.4; https://maxvirusprotection.com"
216.73.217.123 - - [27/Apr/2026:22:20:56 +0000] "GET /sitemap.xml HTTP/1.1" 200 302 "-" "Mozilla/5.0 AppleWebKit/537.36 (KHTML, like Gecko; compatible; ClaudeBot/1.0; +claudebot@anthropic.com)"
114.119.135.215 - - [27/Apr/2026:22:21:05 +0000] "GET /tag/spyware/?amp HTTP/1.1" 200 45353 "https://maxvirusprotection.com/tag/spyware?amp" "Mozilla/5.0 (Linux; Android 7.0;) AppleWebKit/537.36 (HTML, like Gecko) Mobile Safari/537.36 (compatible; PetalBot;+https://webmaster.petalsearch.com/site/petalbot)"
184.94.212.206 - - [27/Apr/2026:22:21:28 +0000] "POST /wp-cron.php?doing_wp_cron=1777328488.0821070671081542968750 HTTP/1.1" 200 - "-" "WordPress/6.9.4; https://maxvirusprotection.com"
192.0.85.167 - - [27/Apr/2026:22:21:27 +0000] "HEAD / HTTP/1.1" 200 - "-" "jetmon/1.0 (Jetpack Site Uptime Monitor by WordPress.com)"
14.191.139.150 - - [27/Apr/2026:22:21:39 +0000] "GET /desktop-computers-tips-tricks-and-other-great-advice/?share=facebook HTTP/1.1" 302 - "-" "Mozilla/5.0 (Macintosh; Intel Mac OS X 10_13_6) AppleWebKit/537.36 (KHTML, like Gecko) Chrome/86.0.4240.111 Safari/537.36"
38.7.152.34 - - [27/Apr/2026:22:24:27 +0000] "GET /wp-login.php HTTP/1.1" 200 4401 "-" "Mozilla/5.0 (Windows NT 6.3; Win64; x64; rv:60.0) Gecko/20100101 Firefox/60.0"
38.7.152.34 - - [27/Apr/2026:22:24:29 +0000] "POST /wp-login.php HTTP/1.1" 200 4401 "https://maxvirusprotection.com/wp-login.php" "Mozilla/5.0 (Windows NT 6.3; Win64; x64; rv:60.0) Gecko/20100101 Firefox/60.0"
184.94.212.206 - - [27/Apr/2026:22:26:29 +0000] "POST /wp-cron.php?doing_wp_cron=1777328789.6973569393157958984375 HTTP/1.1" 200 - "-" "WordPress/6.9.4; https://maxvirusprotection.com"
192.0.85.167 - - [27/Apr/2026:22:26:27 +0000] "HEAD / HTTP/1.1" 200 - "-" "jetmon/1.0 (Jetpack Site Uptime Monitor by WordPress.com)"
137.255.12.19 - - [27/Apr/2026:22:27:49 +0000] "GET /wp-login.php HTTP/1.1" 200 4402 "-" "Mozilla/5.0 (Macintosh; Intel Mac OS X 10_12_6) AppleWebKit/537.36 (KHTML, like Gecko) Chrome/67.0.3396.87 Safari/537.36"
137.255.12.19 - - [27/Apr/2026:22:27:51 +0000] "POST /wp-login.php HTTP/1.1" 200 4402 "https://maxvirusprotection.com/wp-login.php" "Mozilla/5.0 (Macintosh; Intel Mac OS X 10_12_6) AppleWebKit/537.36 (KHTML, like Gecko) Chrome/67.0.3396.87 Safari/537.36"
184.94.212.206 - - [27/Apr/2026:22:30:47 +0000] "POST /wp-cron.php?doing_wp_cron=1777329047.8381650447845458984375 HTTP/1.1" 200 - "-" "WordPress/6.9.4; https://maxvirusprotection.com"
173.239.213.30 - - [27/Apr/2026:22:30:45 +0000] "POST /wp-login.php HTTP/1.1" 401 3499 "-" "Mozilla/5.0"
184.94.212.206 - - [27/Apr/2026:22:31:27 +0000] "POST /wp-cron.php?doing_wp_cron=1777329087.7264759540557861328125 HTTP/1.1" 200 - "-" "WordPress/6.9.4; https://maxvirusprotection.com"
192.0.85.167 - - [27/Apr/2026:22:31:26 +0000] "HEAD / HTTP/1.1" 200 - "-" "jetmon/1.0 (Jetpack Site Uptime Monitor by WordPress.com)"
184.94.212.206 - - [27/Apr/2026:22:36:27 +0000] "POST /wp-cron.php?doing_wp_cron=1777329387.4238290786743164062500 HTTP/1.1" 200 - "-" "WordPress/6.9.4; https://maxvirusprotection.com"
192.0.85.167 - - [27/Apr/2026:22:36:25 +0000] "HEAD / HTTP/1.1" 200 - "-" "jetmon/1.0 (Jetpack Site Uptime Monitor by WordPress.com)"
184.94.212.206 - - [27/Apr/2026:22:41:29 +0000] "POST /wp-cron.php?doing_wp_cron=1777329689.1159350872039794921875 HTTP/1.1" 200 - "-" "WordPress/6.9.4; https://maxvirusprotection.com"
192.0.85.167 - - [27/Apr/2026:22:41:27 +0000] "HEAD / HTTP/1.1" 200 - "-" "jetmon/1.0 (Jetpack Site Uptime Monitor by WordPress.com)"
54.39.0.169 - - [27/Apr/2026:22:41:32 +0000] "GET /tag/start-menu/ HTTP/1.1" 200 42910 "-" "Mozilla/5.0 (compatible; AhrefsBot/7.0; +http://ahrefs.com/robot/)"
69.163.248.16 - - [27/Apr/2026:22:45:08 +0000] "GET /wp-login.php HTTP/1.1" 200 4401 "-" "Mozilla/5.0 (Macintosh; Intel Mac OS X 10_11_6) AppleWebKit/604.1.38 (KHTML, like Gecko) Version/11.0 Safari/604.1.38"
69.163.248.16 - - [27/Apr/2026:22:45:10 +0000] "POST /wp-login.php HTTP/1.1" 200 4401 "https://maxvirusprotection.com/wp-login.php" "Mozilla/5.0 (Macintosh; Intel Mac OS X 10_11_6) AppleWebKit/604.1.38 (KHTML, like Gecko) Version/11.0 Safari/604.1.38"
184.94.212.206 - - [27/Apr/2026:22:46:28 +0000] "POST /wp-cron.php?doing_wp_cron=1777329988.6710050106048583984375 HTTP/1.1" 200 - "-" "WordPress/6.9.4; https://maxvirusprotection.com"
192.0.85.167 - - [27/Apr/2026:22:46:26 +0000] "HEAD / HTTP/1.1" 200 - "-" "jetmon/1.0 (Jetpack Site Uptime Monitor by WordPress.com)"
184.94.212.206 - - [27/Apr/2026:22:49:23 +0000] "POST /wp-cron.php?doing_wp_cron=1777330163.0571520328521728515625 HTTP/1.1" 200 - "-" "WordPress/6.9.4; https://maxvirusprotection.com"
57.141.18.25 - - [27/Apr/2026:22:49:21 +0000] "GET /tag/pc-programs/ HTTP/1.1" 200 120305 "-" "meta-externalagent/1.1 (+https://developers.facebook.com/docs/sharing/webmasters/crawler)"
184.94.212.206 - - [27/Apr/2026:22:51:28 +0000] "POST /wp-cron.php?doing_wp_cron=1777330288.7886478900909423828125 HTTP/1.1" 200 - "-" "WordPress/6.9.4; https://maxvirusprotection.com"
192.0.85.167 - - [27/Apr/2026:22:51:27 +0000] "HEAD / HTTP/1.1" 200 - "-" "jetmon/1.0 (Jetpack Site Uptime Monitor by WordPress.com)"
184.94.212.206 - - [27/Apr/2026:22:52:15 +0000] "POST /wp-cron.php?doing_wp_cron=1777330335.5546910762786865234375 HTTP/1.1" 200 - "-" "WordPress/6.9.4; https://maxvirusprotection.com"
193.56.116.77 - - [27/Apr/2026:22:52:13 +0000] "POST /wp-login.php HTTP/1.1" 401 3500 "-" "Mozilla/5.0"
3.123.87.197 - - [27/Apr/2026:22:53:43 +0000] "GET /wp-login.php HTTP/1.1" 200 4401 "-" "Mozilla/5.0 (Windows NT 6.3; Win64; x64; Trident/7.0; LCJB; rv:11.0) like Gecko"
3.123.87.197 - - [27/Apr/2026:22:53:44 +0000] "POST /wp-login.php HTTP/1.1" 200 4401 "https://maxvirusprotection.com/wp-login.php" "Mozilla/5.0 (Windows NT 6.3; Win64; x64; Trident/7.0; LCJB; rv:11.0) like Gecko"
184.94.212.206 - - [27/Apr/2026:22:56:13 +0000] "POST /wp-cron.php?doing_wp_cron=1777330573.3226799964904785156250 HTTP/1.1" 200 - "-" "WordPress/6.9.4; https://maxvirusprotection.com"
201.244.47.22 - - [27/Apr/2026:22:56:11 +0000] "GET /what-needs-to-go-into-buying-your-laptop/ HTTP/1.1" 200 46767 "-" "Mozilla/5.0 (Windows NT 6.1) AppleWebKit/537.36 (KHTML, like Gecko) Chrome/97.0.4692.99 Safari/537.36"
184.94.212.206 - - [27/Apr/2026:22:56:28 +0000] "POST /wp-cron.php?doing_wp_cron=1777330588.8293180465698242187500 HTTP/1.1" 200 - "-" "WordPress/6.9.4; https://maxvirusprotection.com"
192.0.85.167 - - [27/Apr/2026:22:56:27 +0000] "HEAD / HTTP/1.1" 200 - "-" "jetmon/1.0 (Jetpack Site Uptime Monitor by WordPress.com)"
184.94.212.206 - - [27/Apr/2026:22:57:32 +0000] "POST /wp-cron.php?doing_wp_cron=1777330652.4620270729064941406250 HTTP/1.1" 200 - "-" "WordPress/6.9.4; https://maxvirusprotection.com"
51.103.73.149 - - [27/Apr/2026:22:57:30 +0000] "GET /inputs.php HTTP/1.1" 404 41653 "-" "Mozilla/5.0 (Windows NT 10.0; Win64; x64) AppleWebKit/537.36 (KHTML, like Gecko) Chrome/120.0.0.0 Safari/537.36"
51.103.73.149 - - [27/Apr/2026:22:57:32 +0000] "GET /ioxi-o.php HTTP/1.1" 404 41656 "-" "Mozilla/5.0 (Windows NT 10.0; Win64; x64) AppleWebKit/537.36 (KHTML, like Gecko) Chrome/120.0.0.0 Safari/537.36"
51.103.73.149 - - [27/Apr/2026:22:57:34 +0000] "GET /function/function.php HTTP/1.1" 404 41656 "-" "Mozilla/5.0 (Windows NT 10.0; Win64; x64) AppleWebKit/537.36 (KHTML, like Gecko) Chrome/120.0.0.0 Safari/537.36"
51.103.73.149 - - [27/Apr/2026:22:57:35 +0000] "GET /rip.php HTTP/1.1" 404 41652 "-" "Mozilla/5.0 (Windows NT 10.0; Win64; x64) AppleWebKit/537.36 (KHTML, like Gecko) Chrome/120.0.0.0 Safari/537.36"
51.103.73.149 - - [27/Apr/2026:22:57:36 +0000] "GET /admin.php HTTP/1.1" 404 41650 "-" "Mozilla/5.0 (Windows NT 10.0; Win64; x64) AppleWebKit/537.36 (KHTML, like Gecko) Chrome/120.0.0.0 Safari/537.36"
51.103.73.149 - - [27/Apr/2026:22:57:38 +0000] "GET /wp-content/uploads/index.php HTTP/1.1" 301 - "-" "Mozilla/5.0 (Windows NT 10.0; Win64; x64) AppleWebKit/537.36 (KHTML, like Gecko) Chrome/120.0.0.0 Safari/537.36"
51.103.73.149 - - [27/Apr/2026:22:57:39 +0000] "GET /cache.php HTTP/1.1" 404 41654 "-" "Mozilla/5.0 (Windows NT 10.0; Win64; x64) AppleWebKit/537.36 (KHTML, like Gecko) Chrome/120.0.0.0 Safari/537.36"
51.103.73.149 - - [27/Apr/2026:22:57:40 +0000] "GET /themes.php HTTP/1.1" 404 41655 "-" "Mozilla/5.0 (Windows NT 10.0; Win64; x64) AppleWebKit/537.36 (KHTML, like Gecko) Chrome/120.0.0.0 Safari/537.36"
51.103.73.149 - - [27/Apr/2026:22:57:41 +0000] "GET /an.php HTTP/1.1" 404 41649 "-" "Mozilla/5.0 (Windows NT 10.0; Win64; x64) AppleWebKit/537.36 (KHTML, like Gecko) Chrome/120.0.0.0 Safari/537.36"
51.103.73.149 - - [27/Apr/2026:22:57:42 +0000] "GET /index/function.php HTTP/1.1" 404 41657 "-" "Mozilla/5.0 (Windows NT 10.0; Win64; x64) AppleWebKit/537.36 (KHTML, like Gecko) Chrome/120.0.0.0 Safari/537.36"
51.103.73.149 - - [27/Apr/2026:22:57:44 +0000] "GET /randkeyword.PhP7 HTTP/1.1" 404 41664 "-" "Mozilla/5.0 (Windows NT 10.0; Win64; x64) AppleWebKit/537.36 (KHTML, like Gecko) Chrome/120.0.0.0 Safari/537.36"
51.103.73.149 - - [27/Apr/2026:22:57:45 +0000] "GET /ws.php HTTP/1.1" 404 41652 "-" "Mozilla/5.0 (Windows NT 10.0; Win64; x64) AppleWebKit/537.36 (KHTML, like Gecko) Chrome/120.0.0.0 Safari/537.36"
51.103.73.149 - - [27/Apr/2026:22:57:46 +0000] "GET /404.php HTTP/1.1" 404 41654 "-" "Mozilla/5.0 (Windows NT 10.0; Win64; x64) AppleWebKit/537.36 (KHTML, like Gecko) Chrome/120.0.0.0 Safari/537.36"
51.103.73.149 - - [27/Apr/2026:22:57:47 +0000] "GET /wp-admin/user.php HTTP/1.1" 404 41654 "-" "Mozilla/5.0 (Windows NT 10.0; Win64; x64) AppleWebKit/537.36 (KHTML, like Gecko) Chrome/120.0.0.0 Safari/537.36"
51.103.73.149 - - [27/Apr/2026:22:57:49 +0000] "GET /wp-conf.php HTTP/1.1" 404 41653 "-" "Mozilla/5.0 (Windows NT 10.0; Win64; x64) AppleWebKit/537.36 (KHTML, like Gecko) Chrome/120.0.0.0 Safari/537.36"
51.103.73.149 - - [27/Apr/2026:22:57:50 +0000] "GET /wp-content/themes/hideo/network.php HTTP/1.1" 404 41919 "-" "Mozilla/5.0 (Windows NT 10.0; Win64; x64) AppleWebKit/537.36 (KHTML, like Gecko) Chrome/120.0.0.0 Safari/537.36"
51.103.73.149 - - [27/Apr/2026:22:57:51 +0000] "GET /wp-login.php HTTP/1.1" 200 4201 "-" "Mozilla/5.0 (Windows NT 10.0; Win64; x64) AppleWebKit/537.36 (KHTML, like Gecko) Chrome/120.0.0.0 Safari/537.36"
51.103.73.149 - - [27/Apr/2026:22:57:53 +0000] "GET /abc.php HTTP/1.1" 404 41651 "-" "Mozilla/5.0 (Windows NT 10.0; Win64; x64) AppleWebKit/537.36 (KHTML, like Gecko) Chrome/120.0.0.0 Safari/537.36"
51.103.73.149 - - [27/Apr/2026:22:57:54 +0000] "GET /abcd.php HTTP/1.1" 404 41653 "-" "Mozilla/5.0 (Windows NT 10.0; Win64; x64) AppleWebKit/537.36 (KHTML, like Gecko) Chrome/120.0.0.0 Safari/537.36"
51.103.73.149 - - [27/Apr/2026:22:57:55 +0000] "GET /as.php HTTP/1.1" 404 41652 "-" "Mozilla/5.0 (Windows NT 10.0; Win64; x64) AppleWebKit/537.36 (KHTML, like Gecko) Chrome/120.0.0.0 Safari/537.36"
51.103.73.149 - - [27/Apr/2026:22:57:56 +0000] "GET /wp-trackback.php HTTP/1.1" 404 130 "-" "Mozilla/5.0 (Windows NT 10.0; Win64; x64) AppleWebKit/537.36 (KHTML, like Gecko) Chrome/120.0.0.0 Safari/537.36"
51.103.73.149 - - [27/Apr/2026:22:57:58 +0000] "GET /about.php HTTP/1.1" 404 41652 "-" "Mozilla/5.0 (Windows NT 10.0; Win64; x64) AppleWebKit/537.36 (KHTML, like Gecko) Chrome/120.0.0.0 Safari/537.36"
51.103.73.149 - - [27/Apr/2026:22:57:59 +0000] "GET /file.php HTTP/1.1" 404 41653 "-" "Mozilla/5.0 (Windows NT 10.0; Win64; x64) AppleWebKit/537.36 (KHTML, like Gecko) Chrome/120.0.0.0 Safari/537.36"
51.103.73.149 - - [27/Apr/2026:22:58:00 +0000] "GET /adminfuns.php HTTP/1.1" 404 41656 "-" "Mozilla/5.0 (Windows NT 10.0; Win64; x64) AppleWebKit/537.36 (KHTML, like Gecko) Chrome/120.0.0.0 Safari/537.36"
51.103.73.149 - - [27/Apr/2026:22:58:01 +0000] "GET /wp-good.php HTTP/1.1" 404 41653 "-" "Mozilla/5.0 (Windows NT 10.0; Win64; x64) AppleWebKit/537.36 (KHTML, like Gecko) Chrome/120.0.0.0 Safari/537.36"
51.103.73.149 - - [27/Apr/2026:22:58:03 +0000] "GET /xmlrpc.php HTTP/1.1" 404 41649 "-" "Mozilla/5.0 (Windows NT 10.0; Win64; x64) AppleWebKit/537.36 (KHTML, like Gecko) Chrome/120.0.0.0 Safari/537.36"
51.103.73.149 - - [27/Apr/2026:22:58:05 +0000] "GET /goods.php HTTP/1.1" 404 41654 "-" "Mozilla/5.0 (Windows NT 10.0; Win64; x64) AppleWebKit/537.36 (KHTML, like Gecko) Chrome/120.0.0.0 Safari/537.36"
51.103.73.149 - - [27/Apr/2026:22:58:06 +0000] "GET /class-t.api.php HTTP/1.1" 404 41660 "-" "Mozilla/5.0 (Windows NT 10.0; Win64; x64) AppleWebKit/537.36 (KHTML, like Gecko) Chrome/120.0.0.0 Safari/537.36"
51.103.73.149 - - [27/Apr/2026:22:58:07 +0000] "GET /sf.php HTTP/1.1" 404 41652 "-" "Mozilla/5.0 (Windows NT 10.0; Win64; x64) AppleWebKit/537.36 (KHTML, like Gecko) Chrome/120.0.0.0 Safari/537.36"
51.103.73.149 - - [27/Apr/2026:22:58:08 +0000] "GET /kbfr.php HTTP/1.1" 404 41658 "-" "Mozilla/5.0 (Windows NT 10.0; Win64; x64) AppleWebKit/537.36 (KHTML, like Gecko) Chrome/120.0.0.0 Safari/537.36"
51.103.73.149 - - [27/Apr/2026:22:58:10 +0000] "GET /autoload_classmap.php HTTP/1.1" 404 41663 "-" "Mozilla/5.0 (Windows NT 10.0; Win64; x64) AppleWebKit/537.36 (KHTML, like Gecko) Chrome/120.0.0.0 Safari/537.36"
51.103.73.149 - - [27/Apr/2026:22:58:11 +0000] "GET /chosen.php?p= HTTP/1.1" 301 - "-" "Mozilla/5.0 (Windows NT 10.0; Win64; x64) AppleWebKit/537.36 (KHTML, like Gecko) Chrome/120.0.0.0 Safari/537.36"
51.103.73.149 - - [27/Apr/2026:22:58:12 +0000] "GET /classwithtostring.php HTTP/1.1" 404 41657 "-" "Mozilla/5.0 (Windows NT 10.0; Win64; x64) AppleWebKit/537.36 (KHTML, like Gecko) Chrome/120.0.0.0 Safari/537.36"
51.103.73.149 - - [27/Apr/2026:22:58:14 +0000] "GET /defaults.php HTTP/1.1" 404 41654 "-" "Mozilla/5.0 (Windows NT 10.0; Win64; x64) AppleWebKit/537.36 (KHTML, like Gecko) Chrome/120.0.0.0 Safari/537.36"
51.103.73.149 - - [27/Apr/2026:22:58:15 +0000] "GET /.well-known/ HTTP/1.1" 404 41663 "-" "Mozilla/5.0 (Windows NT 10.0; Win64; x64) AppleWebKit/537.36 (KHTML, like Gecko) Chrome/120.0.0.0 Safari/537.36"
51.103.73.149 - - [27/Apr/2026:22:58:17 +0000] "GET /info.php HTTP/1.1" 404 41655 "-" "Mozilla/5.0 (Windows NT 10.0; Win64; x64) AppleWebKit/537.36 (KHTML, like Gecko) Chrome/120.0.0.0 Safari/537.36"
51.103.73.149 - - [27/Apr/2026:22:58:18 +0000] "GET /cgi-bin/ HTTP/1.1" 404 41657 "-" "Mozilla/5.0 (Windows NT 10.0; Win64; x64) AppleWebKit/537.36 (KHTML, like Gecko) Chrome/120.0.0.0 Safari/537.36"
51.103.73.149 - - [27/Apr/2026:22:58:19 +0000] "GET /wp-includes/Requests/src/Response/about.php HTTP/1.1" 404 41922 "-" "Mozilla/5.0 (Windows NT 10.0; Win64; x64) AppleWebKit/537.36 (KHTML, like Gecko) Chrome/120.0.0.0 Safari/537.36"
51.103.73.149 - - [27/Apr/2026:22:58:21 +0000] "GET /wp-includes/html-api/ HTTP/1.1" 404 41658 "-" "Mozilla/5.0 (Windows NT 10.0; Win64; x64) AppleWebKit/537.36 (KHTML, like Gecko) Chrome/120.0.0.0 Safari/537.36"
51.103.73.149 - - [27/Apr/2026:22:58:22 +0000] "GET /wp-content/admin.php HTTP/1.1" 404 41652 "-" "Mozilla/5.0 (Windows NT 10.0; Win64; x64) AppleWebKit/537.36 (KHTML, like Gecko) Chrome/120.0.0.0 Safari/537.36"
51.103.73.149 - - [27/Apr/2026:22:58:23 +0000] "GET /wp-admin/css/colors/ectoplasm/ HTTP/1.1" 404 41918 "-" "Mozilla/5.0 (Windows NT 10.0; Win64; x64) AppleWebKit/537.36 (KHTML, like Gecko) Chrome/120.0.0.0 Safari/537.36"
51.103.73.149 - - [27/Apr/2026:22:58:24 +0000] "GET /wp-content/uploads/ HTTP/1.1" 404 41649 "-" "Mozilla/5.0 (Windows NT 10.0; Win64; x64) AppleWebKit/537.36 (KHTML, like Gecko) Chrome/120.0.0.0 Safari/537.36"
51.103.73.149 - - [27/Apr/2026:22:58:26 +0000] "GET /wp-content/themes/admin.php HTTP/1.1" 404 41907 "-" "Mozilla/5.0 (Windows NT 10.0; Win64; x64) AppleWebKit/537.36 (KHTML, like Gecko) Chrome/120.0.0.0 Safari/537.36"
51.103.73.149 - - [27/Apr/2026:22:58:27 +0000] "GET /wp-content/themes/index.php HTTP/1.1" 301 - "-" "Mozilla/5.0 (Windows NT 10.0; Win64; x64) AppleWebKit/537.36 (KHTML, like Gecko) Chrome/120.0.0.0 Safari/537.36"
51.103.73.149 - - [27/Apr/2026:22:58:28 +0000] "GET /wp-content/plugins/index.php HTTP/1.1" 301 - "-" "Mozilla/5.0 (Windows NT 10.0; Win64; x64) AppleWebKit/537.36 (KHTML, like Gecko) Chrome/120.0.0.0 Safari/537.36"
51.103.73.149 - - [27/Apr/2026:22:58:29 +0000] "GET /wp-includes/PHPMailer/ HTTP/1.1" 404 41661 "-" "Mozilla/5.0 (Windows NT 10.0; Win64; x64) AppleWebKit/537.36 (KHTML, like Gecko) Chrome/120.0.0.0 Safari/537.36"
51.103.73.149 - - [27/Apr/2026:22:58:30 +0000] "GET /wp-includes/images/ HTTP/1.1" 404 41653 "-" "Mozilla/5.0 (Windows NT 10.0; Win64; x64) AppleWebKit/537.36 (KHTML, like Gecko) Chrome/120.0.0.0 Safari/537.36"
51.103.73.149 - - [27/Apr/2026:22:58:32 +0000] "GET /wp-content/plugins/WordPressCore/ HTTP/1.1" 404 41907 "-" "Mozilla/5.0 (Windows NT 10.0; Win64; x64) AppleWebKit/537.36 (KHTML, like Gecko) Chrome/120.0.0.0 Safari/537.36"
41.141.53.94 - - [27/Apr/2026:22:58:44 +0000] "GET /the-desktop-computers-information-in-this-article-is-priceless/?share=x HTTP/1.1" 302 - "-" "Mozilla/5.0 (Microsoft Windows NT 10.0.16299.0; Win64; x64) AppleWebKit/537.36 (KHTML, like Gecko) Chrome/63.0.3239.132 Safari/537.36 (FTM)"
184.94.212.206 - - [27/Apr/2026:23:01:14 +0000] "POST /wp-cron.php?doing_wp_cron=1777330874.9033141136169433593750 HTTP/1.1" 200 - "-" "WordPress/6.9.4; https://maxvirusprotection.com"
156.255.180.112 - - [27/Apr/2026:23:01:13 +0000] "GET /design-the-site-of-your-dreams-with-these-tips/?share=facebook HTTP/1.1" 302 - "-" "Mozilla/5.0 (Windows NT 6.1; WOW64) AppleWebKit/537.36 (KHTML, like Gecko) Chrome/95.0.4638.54 Safari/537.36"
185.191.171.10 - - [27/Apr/2026:23:01:21 +0000] "GET /robots.txt HTTP/1.1" 200 150 "-" "Mozilla/5.0 (compatible; SemrushBot/7~bl; +http://www.semrush.com/bot.html)"
114.119.155.2 - - [27/Apr/2026:23:01:21 +0000] "GET /the-desktop-computers-information-in-this-article-is-priceless/?amp HTTP/1.1" 200 46852 "https://maxvirusprotection.com/the-desktop-computers-information-in-this-article-is-priceless?amp" "Mozilla/5.0 (Linux; Android 7.0;) AppleWebKit/537.36 (HTML, like Gecko) Mobile Safari/537.36 (compatible; PetalBot;+https://webmaster.petalsearch.com/site/petalbot)"
185.191.171.5 - - [27/Apr/2026:23:01:23 +0000] "GET /tag/spyware/ HTTP/1.1" 200 45351 "-" "Mozilla/5.0 (compatible; SemrushBot/7~bl; +http://www.semrush.com/bot.html)"
184.94.212.206 - - [27/Apr/2026:23:01:29 +0000] "POST /wp-cron.php?doing_wp_cron=1777330889.1700909137725830078125 HTTP/1.1" 200 - "-" "WordPress/6.9.4; https://maxvirusprotection.com"
192.0.85.167 - - [27/Apr/2026:23:01:28 +0000] "HEAD / HTTP/1.1" 200 - "-" "jetmon/1.0 (Jetpack Site Uptime Monitor by WordPress.com)"
184.94.212.206 - - [27/Apr/2026:23:03:42 +0000] "POST /wp-cron.php?doing_wp_cron=1777331022.2230739593505859375000 HTTP/1.1" 200 - "-" "WordPress/6.9.4; https://maxvirusprotection.com"
54.39.0.85 - - [27/Apr/2026:23:03:40 +0000] "GET /tag/web-browsers/ HTTP/1.1" 200 42953 "-" "Mozilla/5.0 (compatible; AhrefsBot/7.0; +http://ahrefs.com/robot/)"
184.94.212.206 - - [27/Apr/2026:23:06:28 +0000] "POST /wp-cron.php?doing_wp_cron=1777331188.6853690147399902343750 HTTP/1.1" 200 - "-" "WordPress/6.9.4; https://maxvirusprotection.com"
192.0.85.167 - - [27/Apr/2026:23:06:26 +0000] "HEAD / HTTP/1.1" 200 - "-" "jetmon/1.0 (Jetpack Site Uptime Monitor by WordPress.com)"
14.191.94.172 - - [27/Apr/2026:23:06:44 +0000] "GET /tag/pharming/ HTTP/1.1" 200 45348 "-" "Mozilla/5.0 (Macintosh; Intel Mac OS X 10_15_4) AppleWebKit/537.36 (KHTML, like Gecko) Chrome/80.0.3987.122 Safari/537.36"
52.11.171.106 - - [27/Apr/2026:23:06:47 +0000] "GET / HTTP/1.1" 200 47560 "http://MAXVIRUSPROTECTION.COM.PRIMEMUSICPRODUCTIONS.COM" "Mozilla/5.0 (Windows NT 6.3; Win64; x64; rv:109.0) Gecko/20100101 Firefox/110.0"
52.11.171.106 - - [27/Apr/2026:23:06:47 +0000] "GET / HTTP/1.1" 200 47560 "http://MAXVIRUSPROTECTION.COM.PRIMEMUSICPRODUCTIONS.COM" "Mozilla/5.0 (Windows NT 6.3; Win64; x64; rv:109.0) Gecko/20100101 Firefox/110.0"
184.94.212.206 - - [27/Apr/2026:23:10:42 +0000] "POST /wp-cron.php?doing_wp_cron=1777331442.8565781116485595703125 HTTP/1.1" 200 - "-" "WordPress/6.9.4; https://maxvirusprotection.com"
190.154.160.89 - - [27/Apr/2026:23:10:40 +0000] "GET /how-to-get-rid-of-computer-virus/ HTTP/1.1" 200 55327 "-" "Mozilla/5.0 (Macintosh; Intel Mac OS X 10_15_7) AppleWebKit/537.36 (KHTML, like Gecko) Brave Chrome/86.0.4240.111 Safari/537.36"
184.94.212.206 - - [27/Apr/2026:23:11:30 +0000] "POST /wp-cron.php?doing_wp_cron=1777331490.2876279354095458984375 HTTP/1.1" 200 - "-" "WordPress/6.9.4; https://maxvirusprotection.com"
192.0.85.167 - - [27/Apr/2026:23:11:28 +0000] "HEAD / HTTP/1.1" 200 - "-" "jetmon/1.0 (Jetpack Site Uptime Monitor by WordPress.com)"
178.33.251.48 - - [27/Apr/2026:23:11:42 +0000] "GET /wp-login.php HTTP/1.1" 200 4402 "-" "Mozilla/5.0 (Windows NT 10.0; WOW64; Trident/7.0; Touch; MALNJS; rv:11.0) like Gecko"
178.33.251.48 - - [27/Apr/2026:23:11:43 +0000] "POST /wp-login.php HTTP/1.1" 200 4402 "https://maxvirusprotection.com/wp-login.php" "Mozilla/5.0 (Windows NT 10.0; WOW64; Trident/7.0; Touch; MALNJS; rv:11.0) like Gecko"
54.39.0.212 - - [27/Apr/2026:23:11:46 +0000] "GET /tag/protection-plan/ HTTP/1.1" 200 42925 "-" "Mozilla/5.0 (compatible; AhrefsBot/7.0; +http://ahrefs.com/robot/)"
184.94.212.206 - - [27/Apr/2026:23:13:35 +0000] "POST /wp-cron.php?doing_wp_cron=1777331615.8638288974761962890625 HTTP/1.1" 200 - "-" "WordPress/6.9.4; https://maxvirusprotection.com"
114.119.148.120 - - [27/Apr/2026:23:13:34 +0000] "GET /all-about-laptops-weve-got-the-top-tips-online/?share=x HTTP/1.1" 302 - "https://maxvirusprotection.com/all-about-laptops-weve-got-the-top-tips-online/?amp" "Mozilla/5.0 (Linux; Android 7.0;) AppleWebKit/537.36 (HTML, like Gecko) Mobile Safari/537.36 (compatible; PetalBot;+https://webmaster.petalsearch.com/site/petalbot)"
193.56.116.77 - - [27/Apr/2026:23:13:48 +0000] "POST /wp-login.php HTTP/1.1" 401 3499 "-" "Mozilla/5.0"
184.94.212.206 - - [27/Apr/2026:23:15:06 +0000] "POST /wp-cron.php?doing_wp_cron=1777331706.1716270446777343750000 HTTP/1.1" 200 - "-" "WordPress/6.9.4; https://maxvirusprotection.com"
216.73.217.123 - - [27/Apr/2026:23:15:04 +0000] "GET /robots.txt HTTP/1.1" 200 150 "-" "Mozilla/5.0 AppleWebKit/537.36 (KHTML, like Gecko; compatible; ClaudeBot/1.0; +claudebot@anthropic.com)"
216.73.217.123 - - [27/Apr/2026:23:15:06 +0000] "GET /sitemap_index.xml HTTP/1.1" 200 332 "-" "Mozilla/5.0 AppleWebKit/537.36 (KHTML, like Gecko; compatible; ClaudeBot/1.0; +claudebot@anthropic.com)"
184.94.212.206 - - [27/Apr/2026:23:16:28 +0000] "POST /wp-cron.php?doing_wp_cron=1777331788.7892830371856689453125 HTTP/1.1" 200 - "-" "WordPress/6.9.4; https://maxvirusprotection.com"
192.0.85.167 - - [27/Apr/2026:23:16:27 +0000] "HEAD / HTTP/1.1" 200 - "-" "jetmon/1.0 (Jetpack Site Uptime Monitor by WordPress.com)"
184.94.212.206 - - [27/Apr/2026:23:18:24 +0000] "POST /wp-cron.php?doing_wp_cron=1777331904.2069718837738037109375 HTTP/1.1" 200 - "-" "WordPress/6.9.4; https://maxvirusprotection.com"
216.73.217.123 - - [27/Apr/2026:23:18:22 +0000] "GET /news-sitemap.xml HTTP/1.1" 200 315 "-" "Mozilla/5.0 AppleWebKit/537.36 (KHTML, like Gecko; compatible; ClaudeBot/1.0; +claudebot@anthropic.com)"
184.94.212.206 - - [27/Apr/2026:23:19:43 +0000] "POST /wp-cron.php?doing_wp_cron=1777331983.1673660278320312500000 HTTP/1.1" 200 - "-" "WordPress/6.9.4; https://maxvirusprotection.com"
114.119.148.120 - - [27/Apr/2026:23:19:41 +0000] "GET /adsense-disclaimer?amp HTTP/1.1" 301 - "https://maxvirusprotection.com/adsense-disclaimer?amp" "Mozilla/5.0 (Linux; Android 7.0;) AppleWebKit/537.36 (HTML, like Gecko) Mobile Safari/537.36 (compatible; PetalBot;+https://webmaster.petalsearch.com/site/petalbot)"
114.119.148.120 - - [27/Apr/2026:23:19:43 +0000] "GET /adsense-disclaimer/?amp HTTP/1.1" 200 43995 "https://maxvirusprotection.com/adsense-disclaimer?amp" "Mozilla/5.0 (Linux; Android 7.0;) AppleWebKit/537.36 (HTML, like Gecko) Mobile Safari/537.36 (compatible; PetalBot;+https://webmaster.petalsearch.com/site/petalbot)"
15.235.27.201 - - [27/Apr/2026:23:19:48 +0000] "GET /tag/spyware/ HTTP/1.1" 200 45350 "-" "Mozilla/5.0 (compatible; AhrefsBot/7.0; +http://ahrefs.com/robot/)"
184.94.212.206 - - [27/Apr/2026:23:21:28 +0000] "POST /wp-cron.php?doing_wp_cron=1777332088.8226950168609619140625 HTTP/1.1" 200 - "-" "WordPress/6.9.4; https://maxvirusprotection.com"
192.0.85.167 - - [27/Apr/2026:23:21:27 +0000] "HEAD / HTTP/1.1" 200 - "-" "jetmon/1.0 (Jetpack Site Uptime Monitor by WordPress.com)"
162.240.175.101 - - [27/Apr/2026:23:22:28 +0000] "GET /wp-login.php HTTP/1.1" 200 4403 "-" "Mozilla/5.0 (Macintosh; Intel Mac OS X 10_12_6) AppleWebKit/605.1.15 (KHTML, like Gecko) Version/11.1.2 Safari/605.1.15"
162.240.175.101 - - [27/Apr/2026:23:22:29 +0000] "POST /wp-login.php HTTP/1.1" 200 4403 "https://maxvirusprotection.com/wp-login.php" "Mozilla/5.0 (Macintosh; Intel Mac OS X 10_12_6) AppleWebKit/605.1.15 (KHTML, like Gecko) Version/11.1.2 Safari/605.1.15"
184.94.212.206 - - [27/Apr/2026:23:26:30 +0000] "POST /wp-cron.php?doing_wp_cron=1777332390.2519650459289550781250 HTTP/1.1" 200 - "-" "WordPress/6.9.4; https://maxvirusprotection.com"
192.0.85.167 - - [27/Apr/2026:23:26:28 +0000] "HEAD / HTTP/1.1" 200 - "-" "jetmon/1.0 (Jetpack Site Uptime Monitor by WordPress.com)"
35.176.63.104 - - [27/Apr/2026:23:28:26 +0000] "GET /wp-login.php HTTP/1.1" 200 4402 "-" "Mozilla/5.0 (Windows NT 6.1; WOW64; Trident/7.0; EIE11;ENGBWOL; rv:11.0) like Gecko"
35.176.63.104 - - [27/Apr/2026:23:28:28 +0000] "POST /wp-login.php HTTP/1.1" 200 4402 "https://maxvirusprotection.com/wp-login.php" "Mozilla/5.0 (Windows NT 6.1; WOW64; Trident/7.0; EIE11;ENGBWOL; rv:11.0) like Gecko"
184.94.212.206 - - [27/Apr/2026:23:29:46 +0000] "POST /wp-cron.php?doing_wp_cron=1777332586.4595201015472412109375 HTTP/1.1" 200 - "-" "WordPress/6.9.4; https://maxvirusprotection.com"
57.141.18.108 - - [27/Apr/2026:23:29:44 +0000] "GET /tag/vpn-and-antivirus-bundle-best-combination/ HTTP/1.1" 200 126998 "-" "meta-externalagent/1.1 (+https://developers.facebook.com/docs/sharing/webmasters/crawler)"
184.94.212.206 - - [27/Apr/2026:23:31:28 +0000] "POST /wp-cron.php?doing_wp_cron=1777332688.6401000022888183593750 HTTP/1.1" 200 - "-" "WordPress/6.9.4; https://maxvirusprotection.com"
192.0.85.167 - - [27/Apr/2026:23:31:27 +0000] "HEAD / HTTP/1.1" 200 - "-" "jetmon/1.0 (Jetpack Site Uptime Monitor by WordPress.com)"
137.74.194.43 - - [27/Apr/2026:23:33:05 +0000] "GET /wp-login.php HTTP/1.1" 200 4402 "-" "Mozilla/5.0 (Windows NT 6.3; WOW64; Trident/7.0; MANMJS; rv:11.0) like Gecko"
137.74.194.43 - - [27/Apr/2026:23:33:07 +0000] "POST /wp-login.php HTTP/1.1" 200 4402 "https://maxvirusprotection.com/wp-login.php" "Mozilla/5.0 (Windows NT 6.3; WOW64; Trident/7.0; MANMJS; rv:11.0) like Gecko"
13.210.97.104 - - [27/Apr/2026:23:33:25 +0000] "GET /wp-login.php HTTP/1.1" 200 4402 "-" "Mozilla/5.0 (Windows NT 10.0; WOW64; Trident/7.0; Touch; LCJB; rv:11.0) like Gecko"
13.210.97.104 - - [27/Apr/2026:23:33:26 +0000] "POST /wp-login.php HTTP/1.1" 200 4402 "https://maxvirusprotection.com/wp-login.php" "Mozilla/5.0 (Windows NT 10.0; WOW64; Trident/7.0; Touch; LCJB; rv:11.0) like Gecko"
184.94.212.206 - - [27/Apr/2026:23:34:10 +0000] "POST /wp-cron.php?doing_wp_cron=1777332850.5944600105285644531250 HTTP/1.1" 200 - "-" "WordPress/6.9.4; https://maxvirusprotection.com"
142.44.228.233 - - [27/Apr/2026:23:34:08 +0000] "GET /news-sitemap.xml HTTP/1.1" 200 315 "-" "Mozilla/5.0 (compatible; AhrefsBot/7.0; +http://ahrefs.com/robot/)"
184.94.212.206 - - [27/Apr/2026:23:35:26 +0000] "POST /wp-cron.php?doing_wp_cron=1777332926.8800549507141113281250 HTTP/1.1" 200 - "-" "WordPress/6.9.4; https://maxvirusprotection.com"
193.56.116.76 - - [27/Apr/2026:23:35:24 +0000] "POST /wp-login.php HTTP/1.1" 401 3499 "-" "Mozilla/5.0"
184.94.212.206 - - [27/Apr/2026:23:36:28 +0000] "POST /wp-cron.php?doing_wp_cron=1777332988.9317300319671630859375 HTTP/1.1" 200 - "-" "WordPress/6.9.4; https://maxvirusprotection.com"
192.0.85.167 - - [27/Apr/2026:23:36:27 +0000] "HEAD / HTTP/1.1" 200 - "-" "jetmon/1.0 (Jetpack Site Uptime Monitor by WordPress.com)"
184.94.212.206 - - [27/Apr/2026:23:37:13 +0000] "POST /wp-cron.php?doing_wp_cron=1777333033.1728160381317138671875 HTTP/1.1" 200 - "-" "WordPress/6.9.4; https://maxvirusprotection.com"
216.73.217.123 - - [27/Apr/2026:23:37:11 +0000] "GET /sitemap.xml HTTP/1.1" 200 302 "-" "Mozilla/5.0 AppleWebKit/537.36 (KHTML, like Gecko; compatible; ClaudeBot/1.0; +claudebot@anthropic.com)"
176.65.132.241 - - [27/Apr/2026:23:38:04 +0000] "GET /phpinfo.php HTTP/1.1" 500 1004 "http://maxvirusprotection.com.primemusicproductions.com/phpinfo.php" "Mozilla/5.0 (X11; Linux x86_64) AppleWebKit/537.36 (KHTML, like Gecko) Chrome/131.0.0.0 Safari/537.36"
176.65.132.241 - - [27/Apr/2026:23:38:03 +0000] "GET /403.shtml HTTP/1.1" 500 1004 "http://maxvirusprotection.com.primemusicproductions.com/wp-config.php" "Mozilla/5.0 (Macintosh; Intel Mac OS X 10.15; rv:133.0) Gecko/20100101 Firefox/133.0"
176.65.132.241 - - [27/Apr/2026:23:38:03 +0000] "GET /config.php HTTP/1.1" 500 1046 "http://maxvirusprotection.com.primemusicproductions.com/config.php" "Mozilla/5.0 (Windows NT 10.0; Win64; x64) AppleWebKit/537.36 (KHTML, like Gecko) Chrome/131.0.0.0 Safari/537.36 Edg/131.0.0.0"
176.65.132.241 - - [27/Apr/2026:23:38:04 +0000] "GET /.env HTTP/1.1" 500 1046 "http://maxvirusprotection.com.primemusicproductions.com/.env" "Mozilla/5.0 (Macintosh; Intel Mac OS X 10_15_7) AppleWebKit/537.36 (KHTML, like Gecko) Chrome/131.0.0.0 Safari/537.36"
176.65.132.241 - - [27/Apr/2026:23:38:04 +0000] "GET /server.js HTTP/1.1" 500 1046 "http://maxvirusprotection.com.primemusicproductions.com/server.js" "Mozilla/5.0 (Windows NT 10.0; Win64; x64) AppleWebKit/537.36 (KHTML, like Gecko) Chrome/131.0.0.0 Safari/537.36"
176.65.132.241 - - [27/Apr/2026:23:37:56 +0000] "GET /config.php HTTP/1.1" 500 1084 "http://maxvirusprotection.com/config.php" "Mozilla/5.0 (Windows NT 10.0; Win64; x64) AppleWebKit/537.36 (KHTML, like Gecko) Chrome/131.0.0.0 Safari/537.36 Edg/131.0.0.0"
176.65.132.241 - - [27/Apr/2026:23:38:04 +0000] "GET /.git/config HTTP/1.1" 500 1046 "http://maxvirusprotection.com.primemusicproductions.com/.git/config" "Mozilla/5.0 (Windows NT 10.0; Win64; x64) AppleWebKit/537.36 (KHTML, like Gecko) Chrome/131.0.0.0 Safari/537.36"
176.65.132.241 - - [27/Apr/2026:23:37:56 +0000] "GET /info.php HTTP/1.1" 500 1084 "http://maxvirusprotection.com/info.php" "Mozilla/5.0 (Windows NT 10.0; Win64; x64) AppleWebKit/537.36 (KHTML, like Gecko) Chrome/131.0.0.0 Safari/537.36 Edg/131.0.0.0"
176.65.132.241 - - [27/Apr/2026:23:37:56 +0000] "GET /phpinfo.php HTTP/1.1" 500 1084 "http://maxvirusprotection.com/phpinfo.php" "Mozilla/5.0 (Windows NT 10.0; Win64; x64) AppleWebKit/537.36 (KHTML, like Gecko) Chrome/130.0.0.0 Safari/537.36"
