184.94.212.206 - - [28/Apr/2026:00:38:19 +0000] "POST /wp-cron.php?doing_wp_cron=1777336699.2144660949707031250000 HTTP/1.1" 200 - "-" "WordPress/6.9.4; https://instadigitalphotography.com"
192.0.102.146 - - [28/Apr/2026:00:38:17 +0000] "HEAD / HTTP/1.1" 200 - "-" "jetmon/1.0 (Jetpack Site Uptime Monitor by WordPress.com)"
184.94.212.206 - - [28/Apr/2026:00:39:11 +0000] "POST /wp-cron.php?doing_wp_cron=1777336751.0578958988189697265625 HTTP/1.1" 200 - "-" "WordPress/6.9.4; https://instadigitalphotography.com"
52.54.95.127 - - [28/Apr/2026:00:39:09 +0000] "GET /category/equipment/page/4/ HTTP/1.1" 200 26819 "-" "Mozilla/5.0 AppleWebKit/537.36 (KHTML, like Gecko; compatible; Amazonbot/0.1; +https://developer.amazon.com/support/amazonbot) Chrome/119.0.6045.214 Safari/537.36"
184.94.212.206 - - [28/Apr/2026:00:43:19 +0000] "POST /wp-cron.php?doing_wp_cron=1777336999.9266560077667236328125 HTTP/1.1" 200 - "-" "WordPress/6.9.4; https://instadigitalphotography.com"
192.0.102.146 - - [28/Apr/2026:00:43:18 +0000] "HEAD / HTTP/1.1" 200 - "-" "jetmon/1.0 (Jetpack Site Uptime Monitor by WordPress.com)"
173.239.211.156 - - [28/Apr/2026:00:43:29 +0000] "POST /wp-login.php HTTP/1.1" 401 3474 "-" "Mozilla/5.0"
184.94.212.206 - - [28/Apr/2026:00:48:15 +0000] "POST /wp-cron.php?doing_wp_cron=1777337295.6138410568237304687500 HTTP/1.1" 200 - "-" "WordPress/6.9.4; https://instadigitalphotography.com"
192.0.102.146 - - [28/Apr/2026:00:48:14 +0000] "HEAD / HTTP/1.1" 200 - "-" "jetmon/1.0 (Jetpack Site Uptime Monitor by WordPress.com)"
34.229.243.72 - - [28/Apr/2026:00:48:18 +0000] "GET /privacy-policy/) HTTP/1.1" 301 - "-" "Mozilla/5.0 (Windows NT 10.0; Win64; x64) AppleWebKit/537.36 (KHTML, like Gecko) Chrome/83.0.4103.116 Safari/537.36"
34.229.243.72 - - [28/Apr/2026:00:48:20 +0000] "GET /privacy-policy/ HTTP/1.1" 200 15393 "-" "Mozilla/5.0 (Windows NT 10.0; Win64; x64) AppleWebKit/537.36 (KHTML, like Gecko) Chrome/83.0.4103.116 Safari/537.36"
34.229.243.72 - - [28/Apr/2026:00:48:21 +0000] "GET /wp-content/themes/essence-pro/style.css?ver=1.1.0 HTTP/1.1" 200 10682 "https://instadigitalphotography.com/privacy-policy/" "Mozilla/5.0 (Windows NT 10.0; Win64; x64) AppleWebKit/537.36 (KHTML, like Gecko) Chrome/83.0.4103.116 Safari/537.36"
34.229.243.72 - - [28/Apr/2026:00:48:21 +0000] "GET /wp-content/plugins/contact-form-7/includes/css/styles.css?ver=6.1.5 HTTP/1.1" 200 1031 "https://instadigitalphotography.com/privacy-policy/" "Mozilla/5.0 (Windows NT 10.0; Win64; x64) AppleWebKit/537.36 (KHTML, like Gecko) Chrome/83.0.4103.116 Safari/537.36"
34.229.243.72 - - [28/Apr/2026:00:48:21 +0000] "GET /wp-content/themes/essence-pro/lib/gutenberg/front-end.css?ver=1.1.0 HTTP/1.1" 200 1712 "https://instadigitalphotography.com/privacy-policy/" "Mozilla/5.0 (Windows NT 10.0; Win64; x64) AppleWebKit/537.36 (KHTML, like Gecko) Chrome/83.0.4103.116 Safari/537.36"
34.229.243.72 - - [28/Apr/2026:00:48:21 +0000] "GET /wp-content/plugins/simple-social-icons/css/style.css?ver=4.0.0 HTTP/1.1" 200 461 "https://instadigitalphotography.com/privacy-policy/" "Mozilla/5.0 (Windows NT 10.0; Win64; x64) AppleWebKit/537.36 (KHTML, like Gecko) Chrome/83.0.4103.116 Safari/537.36"
34.229.243.72 - - [28/Apr/2026:00:48:23 +0000] "GET /wp-content/plugins/contact-form-7/includes/js/index.js?ver=6.1.5 HTTP/1.1" 200 4265 "https://instadigitalphotography.com/privacy-policy/" "Mozilla/5.0 (Windows NT 10.0; Win64; x64) AppleWebKit/537.36 (KHTML, like Gecko) Chrome/83.0.4103.116 Safari/537.36"
34.229.243.72 - - [28/Apr/2026:00:48:23 +0000] "GET /wp-content/plugins/contact-form-7/includes/swv/js/index.js?ver=6.1.5 HTTP/1.1" 200 3503 "https://instadigitalphotography.com/privacy-policy/" "Mozilla/5.0 (Windows NT 10.0; Win64; x64) AppleWebKit/537.36 (KHTML, like Gecko) Chrome/83.0.4103.116 Safari/537.36"
34.229.243.72 - - [28/Apr/2026:00:48:23 +0000] "GET /wp-content/themes/genesis/lib/js/menu/superfish.args.min.js?ver=3.6.2 HTTP/1.1" 200 124 "https://instadigitalphotography.com/privacy-policy/" "Mozilla/5.0 (Windows NT 10.0; Win64; x64) AppleWebKit/537.36 (KHTML, like Gecko) Chrome/83.0.4103.116 Safari/537.36"
34.229.243.72 - - [28/Apr/2026:00:48:23 +0000] "GET /wp-content/plugins/wp-meta-and-date-remover/assets/js/inspector.js?ver=1.1 HTTP/1.1" 200 1455 "https://instadigitalphotography.com/privacy-policy/" "Mozilla/5.0 (Windows NT 10.0; Win64; x64) AppleWebKit/537.36 (KHTML, like Gecko) Chrome/83.0.4103.116 Safari/537.36"
34.229.243.72 - - [28/Apr/2026:00:48:23 +0000] "GET /wp-content/themes/genesis/lib/js/menu/superfish.min.js?ver=1.7.10 HTTP/1.1" 200 1894 "https://instadigitalphotography.com/privacy-policy/" "Mozilla/5.0 (Windows NT 10.0; Win64; x64) AppleWebKit/537.36 (KHTML, like Gecko) Chrome/83.0.4103.116 Safari/537.36"
34.229.243.72 - - [28/Apr/2026:00:48:23 +0000] "GET /wp-content/themes/genesis/lib/js/skip-links.min.js?ver=3.6.2 HTTP/1.1" 200 238 "https://instadigitalphotography.com/privacy-policy/" "Mozilla/5.0 (Windows NT 10.0; Win64; x64) AppleWebKit/537.36 (KHTML, like Gecko) Chrome/83.0.4103.116 Safari/537.36"
34.229.243.72 - - [28/Apr/2026:00:48:23 +0000] "GET /wp-content/themes/essence-pro/js/jquery.matchHeight.min.js?ver=1.1.0 HTTP/1.1" 200 1553 "https://instadigitalphotography.com/privacy-policy/" "Mozilla/5.0 (Windows NT 10.0; Win64; x64) AppleWebKit/537.36 (KHTML, like Gecko) Chrome/83.0.4103.116 Safari/537.36"
34.229.243.72 - - [28/Apr/2026:00:48:23 +0000] "GET /wp-content/themes/essence-pro/js/global.js?ver=1.1.0 HTTP/1.1" 200 534 "https://instadigitalphotography.com/privacy-policy/" "Mozilla/5.0 (Windows NT 10.0; Win64; x64) AppleWebKit/537.36 (KHTML, like Gecko) Chrome/83.0.4103.116 Safari/537.36"
34.229.243.72 - - [28/Apr/2026:00:48:23 +0000] "GET /wp-content/themes/essence-pro/js/responsive-menus.min.js?ver=1.1.0 HTTP/1.1" 200 1420 "https://instadigitalphotography.com/privacy-policy/" "Mozilla/5.0 (Windows NT 10.0; Win64; x64) AppleWebKit/537.36 (KHTML, like Gecko) Chrome/83.0.4103.116 Safari/537.36"
34.229.243.72 - - [28/Apr/2026:00:48:23 +0000] "GET /wp-content/uploads/2020/02/cropped-Photography-Equipment-e1581712271328.jpg HTTP/1.1" 200 104186 "https://instadigitalphotography.com/privacy-policy/" "Mozilla/5.0 (Windows NT 10.0; Win64; x64) AppleWebKit/537.36 (KHTML, like Gecko) Chrome/83.0.4103.116 Safari/537.36"
34.229.243.72 - - [28/Apr/2026:00:48:24 +0000] "GET /wp-content/plugins/simple-social-icons/symbol-defs.svg HTTP/1.1" 200 17203 "https://instadigitalphotography.com/privacy-policy/" "Mozilla/5.0 (Windows NT 10.0; Win64; x64) AppleWebKit/537.36 (KHTML, like Gecko) Chrome/83.0.4103.116 Safari/537.36"
34.229.243.72 - - [28/Apr/2026:00:48:25 +0000] "GET /wp-includes/js/wp-emoji-release.min.js?ver=5e893e19f987c7578ca89177a9db4cd0 HTTP/1.1" 200 5375 "https://instadigitalphotography.com/privacy-policy/" "Mozilla/5.0 (Windows NT 10.0; Win64; x64) AppleWebKit/537.36 (KHTML, like Gecko) Chrome/83.0.4103.116 Safari/537.36"
34.229.243.72 - - [28/Apr/2026:00:49:51 +0000] "GET /terms-of-use/) HTTP/1.1" 301 - "-" "Mozilla/5.0 (Windows NT 10.0; Win64; x64) AppleWebKit/537.36 (KHTML, like Gecko) Chrome/83.0.4103.116 Safari/537.36"
34.229.243.72 - - [28/Apr/2026:00:49:53 +0000] "GET /terms-of-use/ HTTP/1.1" 200 14435 "-" "Mozilla/5.0 (Windows NT 10.0; Win64; x64) AppleWebKit/537.36 (KHTML, like Gecko) Chrome/83.0.4103.116 Safari/537.36"
34.229.243.72 - - [28/Apr/2026:00:49:54 +0000] "GET /wp-content/themes/essence-pro/style.css?ver=1.1.0 HTTP/1.1" 200 10682 "https://instadigitalphotography.com/terms-of-use/" "Mozilla/5.0 (Windows NT 10.0; Win64; x64) AppleWebKit/537.36 (KHTML, like Gecko) Chrome/83.0.4103.116 Safari/537.36"
34.229.243.72 - - [28/Apr/2026:00:49:54 +0000] "GET /wp-content/plugins/contact-form-7/includes/css/styles.css?ver=6.1.5 HTTP/1.1" 200 1031 "https://instadigitalphotography.com/terms-of-use/" "Mozilla/5.0 (Windows NT 10.0; Win64; x64) AppleWebKit/537.36 (KHTML, like Gecko) Chrome/83.0.4103.116 Safari/537.36"
34.229.243.72 - - [28/Apr/2026:00:49:54 +0000] "GET /wp-content/plugins/simple-social-icons/css/style.css?ver=4.0.0 HTTP/1.1" 200 461 "https://instadigitalphotography.com/terms-of-use/" "Mozilla/5.0 (Windows NT 10.0; Win64; x64) AppleWebKit/537.36 (KHTML, like Gecko) Chrome/83.0.4103.116 Safari/537.36"
34.229.243.72 - - [28/Apr/2026:00:49:54 +0000] "GET /wp-content/themes/essence-pro/lib/gutenberg/front-end.css?ver=1.1.0 HTTP/1.1" 200 1712 "https://instadigitalphotography.com/terms-of-use/" "Mozilla/5.0 (Windows NT 10.0; Win64; x64) AppleWebKit/537.36 (KHTML, like Gecko) Chrome/83.0.4103.116 Safari/537.36"
34.229.243.72 - - [28/Apr/2026:00:49:55 +0000] "GET /wp-content/plugins/contact-form-7/includes/swv/js/index.js?ver=6.1.5 HTTP/1.1" 200 3503 "https://instadigitalphotography.com/terms-of-use/" "Mozilla/5.0 (Windows NT 10.0; Win64; x64) AppleWebKit/537.36 (KHTML, like Gecko) Chrome/83.0.4103.116 Safari/537.36"
34.229.243.72 - - [28/Apr/2026:00:49:55 +0000] "GET /wp-content/plugins/wp-meta-and-date-remover/assets/js/inspector.js?ver=1.1 HTTP/1.1" 200 1455 "https://instadigitalphotography.com/terms-of-use/" "Mozilla/5.0 (Windows NT 10.0; Win64; x64) AppleWebKit/537.36 (KHTML, like Gecko) Chrome/83.0.4103.116 Safari/537.36"
34.229.243.72 - - [28/Apr/2026:00:49:55 +0000] "GET /wp-content/plugins/contact-form-7/includes/js/index.js?ver=6.1.5 HTTP/1.1" 200 4265 "https://instadigitalphotography.com/terms-of-use/" "Mozilla/5.0 (Windows NT 10.0; Win64; x64) AppleWebKit/537.36 (KHTML, like Gecko) Chrome/83.0.4103.116 Safari/537.36"
34.229.243.72 - - [28/Apr/2026:00:49:55 +0000] "GET /wp-content/themes/genesis/lib/js/menu/superfish.min.js?ver=1.7.10 HTTP/1.1" 200 1894 "https://instadigitalphotography.com/terms-of-use/" "Mozilla/5.0 (Windows NT 10.0; Win64; x64) AppleWebKit/537.36 (KHTML, like Gecko) Chrome/83.0.4103.116 Safari/537.36"
34.229.243.72 - - [28/Apr/2026:00:49:55 +0000] "GET /wp-content/themes/genesis/lib/js/menu/superfish.args.min.js?ver=3.6.2 HTTP/1.1" 200 124 "https://instadigitalphotography.com/terms-of-use/" "Mozilla/5.0 (Windows NT 10.0; Win64; x64) AppleWebKit/537.36 (KHTML, like Gecko) Chrome/83.0.4103.116 Safari/537.36"
34.229.243.72 - - [28/Apr/2026:00:49:56 +0000] "GET /wp-content/themes/genesis/lib/js/skip-links.min.js?ver=3.6.2 HTTP/1.1" 200 238 "https://instadigitalphotography.com/terms-of-use/" "Mozilla/5.0 (Windows NT 10.0; Win64; x64) AppleWebKit/537.36 (KHTML, like Gecko) Chrome/83.0.4103.116 Safari/537.36"
34.229.243.72 - - [28/Apr/2026:00:49:56 +0000] "GET /wp-content/uploads/2020/02/cropped-Photography-Equipment-e1581712271328.jpg HTTP/1.1" 200 104186 "https://instadigitalphotography.com/terms-of-use/" "Mozilla/5.0 (Windows NT 10.0; Win64; x64) AppleWebKit/537.36 (KHTML, like Gecko) Chrome/83.0.4103.116 Safari/537.36"
34.229.243.72 - - [28/Apr/2026:00:49:56 +0000] "GET /wp-content/themes/essence-pro/js/jquery.matchHeight.min.js?ver=1.1.0 HTTP/1.1" 200 1553 "https://instadigitalphotography.com/terms-of-use/" "Mozilla/5.0 (Windows NT 10.0; Win64; x64) AppleWebKit/537.36 (KHTML, like Gecko) Chrome/83.0.4103.116 Safari/537.36"
34.229.243.72 - - [28/Apr/2026:00:49:56 +0000] "GET /wp-content/themes/essence-pro/js/global.js?ver=1.1.0 HTTP/1.1" 200 534 "https://instadigitalphotography.com/terms-of-use/" "Mozilla/5.0 (Windows NT 10.0; Win64; x64) AppleWebKit/537.36 (KHTML, like Gecko) Chrome/83.0.4103.116 Safari/537.36"
34.229.243.72 - - [28/Apr/2026:00:49:56 +0000] "GET /wp-content/themes/essence-pro/js/responsive-menus.min.js?ver=1.1.0 HTTP/1.1" 200 1420 "https://instadigitalphotography.com/terms-of-use/" "Mozilla/5.0 (Windows NT 10.0; Win64; x64) AppleWebKit/537.36 (KHTML, like Gecko) Chrome/83.0.4103.116 Safari/537.36"
34.229.243.72 - - [28/Apr/2026:00:49:57 +0000] "GET /wp-content/plugins/simple-social-icons/symbol-defs.svg HTTP/1.1" 200 17203 "https://instadigitalphotography.com/terms-of-use/" "Mozilla/5.0 (Windows NT 10.0; Win64; x64) AppleWebKit/537.36 (KHTML, like Gecko) Chrome/83.0.4103.116 Safari/537.36"
34.229.243.72 - - [28/Apr/2026:00:49:58 +0000] "GET /wp-includes/js/wp-emoji-release.min.js?ver=5e893e19f987c7578ca89177a9db4cd0 HTTP/1.1" 200 5375 "https://instadigitalphotography.com/terms-of-use/" "Mozilla/5.0 (Windows NT 10.0; Win64; x64) AppleWebKit/537.36 (KHTML, like Gecko) Chrome/83.0.4103.116 Safari/537.36"
184.94.212.206 - - [28/Apr/2026:00:50:24 +0000] "POST /wp-cron.php?doing_wp_cron=1777337424.6728360652923583984375 HTTP/1.1" 200 - "-" "WordPress/6.9.4; https://instadigitalphotography.com"
34.7.123.124 - - [28/Apr/2026:00:50:23 +0000] "GET /privacy-policy HTTP/1.1" 301 - "-" "BerlingskeAPP/4.0.0 EmbeddedBrowser AppleWebKit/605.1.15 (KHTML, like Gecko) DeviceUID"
34.7.123.124 - - [28/Apr/2026:00:50:24 +0000] "GET /privacy-policy/ HTTP/1.1" 200 15394 "-" "BerlingskeAPP/4.0.0 EmbeddedBrowser AppleWebKit/605.1.15 (KHTML, like Gecko) DeviceUID"
184.94.212.206 - - [28/Apr/2026:00:52:23 +0000] "POST /wp-cron.php?doing_wp_cron=1777337543.5030009746551513671875 HTTP/1.1" 200 - "-" "WordPress/6.9.4; https://instadigitalphotography.com"
34.91.5.204 - - [28/Apr/2026:00:52:22 +0000] "GET /terms-of-use HTTP/1.1" 301 - "-" "Mozilla/5.0 (X11; Linux x86_64) AppleWebKit/537.36 (KHTML, like Gecko) Chrome/126.0.0.0 Safari/537.36"
34.91.5.204 - - [28/Apr/2026:00:52:23 +0000] "GET /terms-of-use/ HTTP/1.1" 200 14435 "-" "Mozilla/5.0 (X11; Linux x86_64) AppleWebKit/537.36 (KHTML, like Gecko) Chrome/126.0.0.0 Safari/537.36"
184.94.212.206 - - [28/Apr/2026:00:53:17 +0000] "POST /wp-cron.php?doing_wp_cron=1777337597.9517860412597656250000 HTTP/1.1" 200 - "-" "WordPress/6.9.4; https://instadigitalphotography.com"
192.0.102.146 - - [28/Apr/2026:00:53:16 +0000] "HEAD / HTTP/1.1" 200 - "-" "jetmon/1.0 (Jetpack Site Uptime Monitor by WordPress.com)"
54.208.245.77 - - [28/Apr/2026:00:54:32 +0000] "GET /contact/) HTTP/1.1" 301 - "-" "Mozilla/5.0 (Windows NT 10.0; Win64; x64) AppleWebKit/537.36 (KHTML, like Gecko) Chrome/83.0.4103.116 Safari/537.36"
54.208.245.77 - - [28/Apr/2026:00:54:34 +0000] "GET /contact/ HTTP/1.1" 301 - "-" "Mozilla/5.0 (Windows NT 10.0; Win64; x64) AppleWebKit/537.36 (KHTML, like Gecko) Chrome/83.0.4103.116 Safari/537.36"
54.208.245.77 - - [28/Apr/2026:00:54:35 +0000] "GET /contact-us/ HTTP/1.1" 200 12882 "-" "Mozilla/5.0 (Windows NT 10.0; Win64; x64) AppleWebKit/537.36 (KHTML, like Gecko) Chrome/83.0.4103.116 Safari/537.36"
54.208.245.77 - - [28/Apr/2026:00:54:36 +0000] "GET /wp-content/themes/essence-pro/style.css?ver=1.1.0 HTTP/1.1" 200 10682 "https://instadigitalphotography.com/contact-us/" "Mozilla/5.0 (Windows NT 10.0; Win64; x64) AppleWebKit/537.36 (KHTML, like Gecko) Chrome/83.0.4103.116 Safari/537.36"
54.208.245.77 - - [28/Apr/2026:00:54:37 +0000] "GET /wp-content/plugins/contact-form-7/includes/css/styles.css?ver=6.1.5 HTTP/1.1" 200 1031 "https://instadigitalphotography.com/contact-us/" "Mozilla/5.0 (Windows NT 10.0; Win64; x64) AppleWebKit/537.36 (KHTML, like Gecko) Chrome/83.0.4103.116 Safari/537.36"
54.208.245.77 - - [28/Apr/2026:00:54:37 +0000] "GET /wp-content/themes/essence-pro/lib/gutenberg/front-end.css?ver=1.1.0 HTTP/1.1" 200 1712 "https://instadigitalphotography.com/contact-us/" "Mozilla/5.0 (Windows NT 10.0; Win64; x64) AppleWebKit/537.36 (KHTML, like Gecko) Chrome/83.0.4103.116 Safari/537.36"
54.208.245.77 - - [28/Apr/2026:00:54:37 +0000] "GET /wp-content/plugins/simple-social-icons/css/style.css?ver=4.0.0 HTTP/1.1" 200 461 "https://instadigitalphotography.com/contact-us/" "Mozilla/5.0 (Windows NT 10.0; Win64; x64) AppleWebKit/537.36 (KHTML, like Gecko) Chrome/83.0.4103.116 Safari/537.36"
54.208.245.77 - - [28/Apr/2026:00:54:37 +0000] "GET /wp-content/plugins/contact-form-7/includes/swv/js/index.js?ver=6.1.5 HTTP/1.1" 200 3503 "https://instadigitalphotography.com/contact-us/" "Mozilla/5.0 (Windows NT 10.0; Win64; x64) AppleWebKit/537.36 (KHTML, like Gecko) Chrome/83.0.4103.116 Safari/537.36"
54.208.245.77 - - [28/Apr/2026:00:54:37 +0000] "GET /wp-content/plugins/contact-form-7/includes/js/index.js?ver=6.1.5 HTTP/1.1" 200 4265 "https://instadigitalphotography.com/contact-us/" "Mozilla/5.0 (Windows NT 10.0; Win64; x64) AppleWebKit/537.36 (KHTML, like Gecko) Chrome/83.0.4103.116 Safari/537.36"
54.208.245.77 - - [28/Apr/2026:00:54:37 +0000] "GET /wp-content/plugins/wp-meta-and-date-remover/assets/js/inspector.js?ver=1.1 HTTP/1.1" 200 1455 "https://instadigitalphotography.com/contact-us/" "Mozilla/5.0 (Windows NT 10.0; Win64; x64) AppleWebKit/537.36 (KHTML, like Gecko) Chrome/83.0.4103.116 Safari/537.36"
54.208.245.77 - - [28/Apr/2026:00:54:37 +0000] "GET /wp-content/themes/genesis/lib/js/menu/superfish.min.js?ver=1.7.10 HTTP/1.1" 200 1894 "https://instadigitalphotography.com/contact-us/" "Mozilla/5.0 (Windows NT 10.0; Win64; x64) AppleWebKit/537.36 (KHTML, like Gecko) Chrome/83.0.4103.116 Safari/537.36"
54.208.245.77 - - [28/Apr/2026:00:54:37 +0000] "GET /wp-content/themes/genesis/lib/js/menu/superfish.args.min.js?ver=3.6.2 HTTP/1.1" 200 124 "https://instadigitalphotography.com/contact-us/" "Mozilla/5.0 (Windows NT 10.0; Win64; x64) AppleWebKit/537.36 (KHTML, like Gecko) Chrome/83.0.4103.116 Safari/537.36"
54.208.245.77 - - [28/Apr/2026:00:54:37 +0000] "GET /wp-content/themes/genesis/lib/js/skip-links.min.js?ver=3.6.2 HTTP/1.1" 200 238 "https://instadigitalphotography.com/contact-us/" "Mozilla/5.0 (Windows NT 10.0; Win64; x64) AppleWebKit/537.36 (KHTML, like Gecko) Chrome/83.0.4103.116 Safari/537.36"
54.208.245.77 - - [28/Apr/2026:00:54:37 +0000] "GET /wp-content/themes/essence-pro/js/jquery.matchHeight.min.js?ver=1.1.0 HTTP/1.1" 200 1553 "https://instadigitalphotography.com/contact-us/" "Mozilla/5.0 (Windows NT 10.0; Win64; x64) AppleWebKit/537.36 (KHTML, like Gecko) Chrome/83.0.4103.116 Safari/537.36"
54.208.245.77 - - [28/Apr/2026:00:54:37 +0000] "GET /wp-content/uploads/2020/02/cropped-Photography-Equipment-e1581712271328.jpg HTTP/1.1" 200 104186 "https://instadigitalphotography.com/contact-us/" "Mozilla/5.0 (Windows NT 10.0; Win64; x64) AppleWebKit/537.36 (KHTML, like Gecko) Chrome/83.0.4103.116 Safari/537.36"
54.208.245.77 - - [28/Apr/2026:00:54:37 +0000] "GET /wp-content/themes/essence-pro/js/global.js?ver=1.1.0 HTTP/1.1" 200 534 "https://instadigitalphotography.com/contact-us/" "Mozilla/5.0 (Windows NT 10.0; Win64; x64) AppleWebKit/537.36 (KHTML, like Gecko) Chrome/83.0.4103.116 Safari/537.36"
54.208.245.77 - - [28/Apr/2026:00:54:37 +0000] "GET /wp-content/themes/essence-pro/js/responsive-menus.min.js?ver=1.1.0 HTTP/1.1" 200 1420 "https://instadigitalphotography.com/contact-us/" "Mozilla/5.0 (Windows NT 10.0; Win64; x64) AppleWebKit/537.36 (KHTML, like Gecko) Chrome/83.0.4103.116 Safari/537.36"
54.208.245.77 - - [28/Apr/2026:00:54:37 +0000] "GET /wp-content/plugins/simple-social-icons/symbol-defs.svg HTTP/1.1" 200 17203 "https://instadigitalphotography.com/contact-us/" "Mozilla/5.0 (Windows NT 10.0; Win64; x64) AppleWebKit/537.36 (KHTML, like Gecko) Chrome/83.0.4103.116 Safari/537.36"
54.208.245.77 - - [28/Apr/2026:00:54:40 +0000] "GET /wp-includes/js/wp-emoji-release.min.js?ver=5e893e19f987c7578ca89177a9db4cd0 HTTP/1.1" 200 5375 "https://instadigitalphotography.com/contact-us/" "Mozilla/5.0 (Windows NT 10.0; Win64; x64) AppleWebKit/537.36 (KHTML, like Gecko) Chrome/83.0.4103.116 Safari/537.36"
184.94.212.206 - - [28/Apr/2026:00:56:54 +0000] "POST /wp-cron.php?doing_wp_cron=1777337814.6957728862762451171875 HTTP/1.1" 200 - "-" "WordPress/6.9.4; https://instadigitalphotography.com"
34.90.148.238 - - [28/Apr/2026:00:56:53 +0000] "GET /contact-us HTTP/1.1" 301 - "-" "Mozilla/5.0 (Macintosh; Intel Mac OS X 10_15_4) AppleWebKit/605.1.15 (KHTML, like Gecko) Version/13.1.2 Safari/605.1.15"
92.118.39.29 - - [28/Apr/2026:00:56:55 +0000] "GET /.git/config HTTP/1.1" 404 11183 "-" "Mozilla/5.0 (X11; Linux i686) AppleWebKit/537.36 (KHTML, like Gecko) Chrome/135.0.0.0 Safari/537.36"
34.90.148.238 - - [28/Apr/2026:00:56:56 +0000] "GET /contact-us/ HTTP/1.1" 200 12882 "-" "Mozilla/5.0 (Macintosh; Intel Mac OS X 10_15_4) AppleWebKit/605.1.15 (KHTML, like Gecko) Version/13.1.2 Safari/605.1.15"
184.94.212.206 - - [28/Apr/2026:00:58:18 +0000] "POST /wp-cron.php?doing_wp_cron=1777337898.7091639041900634765625 HTTP/1.1" 200 - "-" "WordPress/6.9.4; https://instadigitalphotography.com"
17.241.219.96 - - [28/Apr/2026:00:58:17 +0000] "GET /robots.txt HTTP/1.1" 200 155 "-" "Mozilla/5.0 (Macintosh; Intel Mac OS X 10_15_7) AppleWebKit/605.1.15 (KHTML, like Gecko) Version/17.4 Safari/605.1.15 (Applebot/0.1; +http://www.apple.com/go/applebot)"
192.0.102.146 - - [28/Apr/2026:00:58:18 +0000] "HEAD / HTTP/1.1" 200 - "-" "jetmon/1.0 (Jetpack Site Uptime Monitor by WordPress.com)"
17.241.219.96 - - [28/Apr/2026:00:58:21 +0000] "GET /photography-equipment/ HTTP/1.1" 301 - "-" "Mozilla/5.0 (Macintosh; Intel Mac OS X 10_15_7) AppleWebKit/605.1.15 (KHTML, like Gecko) Version/17.4 Safari/605.1.15 (Applebot/0.1; +http://www.apple.com/go/applebot)"
17.241.219.96 - - [28/Apr/2026:00:58:22 +0000] "GET /wp-content/uploads/2020/02/Photography-Equipment-e1581712271328.jpg HTTP/1.1" 200 124188 "-" "Mozilla/5.0 (Macintosh; Intel Mac OS X 10_15_7) AppleWebKit/605.1.15 (KHTML, like Gecko) Version/17.4 Safari/605.1.15 (Applebot/0.1; +http://www.apple.com/go/applebot)"
184.94.212.206 - - [28/Apr/2026:00:59:01 +0000] "POST /wp-cron.php?doing_wp_cron=1777337941.9475040435791015625000 HTTP/1.1" 200 - "-" "WordPress/6.9.4; https://instadigitalphotography.com"
173.239.211.153 - - [28/Apr/2026:00:59:00 +0000] "POST /wp-login.php HTTP/1.1" 401 3474 "-" "Mozilla/5.0"
184.94.212.206 - - [28/Apr/2026:01:03:16 +0000] "POST /wp-cron.php?doing_wp_cron=1777338196.8283190727233886718750 HTTP/1.1" 200 - "-" "WordPress/6.9.4; https://instadigitalphotography.com"
192.0.102.146 - - [28/Apr/2026:01:03:14 +0000] "HEAD / HTTP/1.1" 200 - "-" "jetmon/1.0 (Jetpack Site Uptime Monitor by WordPress.com)"
88.151.33.51 - - [28/Apr/2026:01:04:05 +0000] "GET / HTTP/1.1" 301 - "-" "Mozilla/5.0 (Windows NT 10.0; Win64; x64) AppleWebKit/537.36 (KHTML, like Gecko) Chrome/136.0.0.0 Safari/537.36"
184.94.212.206 - - [28/Apr/2026:01:07:36 +0000] "POST /wp-cron.php?doing_wp_cron=1777338456.3657650947570800781250 HTTP/1.1" 200 - "-" "WordPress/6.9.4; https://instadigitalphotography.com"
20.220.233.65 - - [28/Apr/2026:01:07:34 +0000] "GET /wp-content/plugins/hellopress/wp_filemanager.php HTTP/1.1" 404 45764 "-" "-"
20.220.233.65 - - [28/Apr/2026:01:07:36 +0000] "GET /file2.php HTTP/1.1" 404 45201 "-" "-"
20.220.233.65 - - [28/Apr/2026:01:07:37 +0000] "GET /.env.php.dist HTTP/1.1" 404 45205 "-" "-"
20.220.233.65 - - [28/Apr/2026:01:07:38 +0000] "GET /path.php HTTP/1.1" 404 45200 "-" "-"
20.220.233.65 - - [28/Apr/2026:01:07:39 +0000] "GET /wp-system.php HTTP/1.1" 404 45205 "-" "-"
20.220.233.65 - - [28/Apr/2026:01:07:41 +0000] "GET /settings.php HTTP/1.1" 404 45204 "-" "-"
20.220.233.65 - - [28/Apr/2026:01:07:42 +0000] "GET /user-edit.php HTTP/1.1" 404 45205 "-" "-"
20.220.233.65 - - [28/Apr/2026:01:07:43 +0000] "GET /alpha.php HTTP/1.1" 404 45201 "-" "-"
20.220.233.65 - - [28/Apr/2026:01:07:44 +0000] "GET /env.php HTTP/1.1" 404 45199 "-" "-"
20.220.233.65 - - [28/Apr/2026:01:07:45 +0000] "GET /environment.php HTTP/1.1" 404 45207 "-" "-"
20.220.233.65 - - [28/Apr/2026:01:07:46 +0000] "GET /oo.php HTTP/1.1" 404 45198 "-" "-"
20.220.233.65 - - [28/Apr/2026:01:07:47 +0000] "GET /white.php HTTP/1.1" 404 45201 "-" "-"
20.220.233.65 - - [28/Apr/2026:01:07:48 +0000] "GET /wp-content/plugins/hellopress/wp_filemanager.php HTTP/1.1" 404 45764 "-" "-"
20.220.233.65 - - [28/Apr/2026:01:07:49 +0000] "GET /admin-ajax.php HTTP/1.1" 404 45206 "-" "-"
20.220.233.65 - - [28/Apr/2026:01:07:50 +0000] "GET /0.php HTTP/1.1" 404 45197 "-" "-"
20.220.233.65 - - [28/Apr/2026:01:07:51 +0000] "GET /smtp.php HTTP/1.1" 404 45200 "-" "-"
20.220.233.65 - - [28/Apr/2026:01:07:53 +0000] "GET /edit-comments.php HTTP/1.1" 404 45209 "-" "-"
184.94.212.206 - - [28/Apr/2026:01:07:55 +0000] "POST /wp-cron.php?doing_wp_cron=1777338475.1150140762329101562500 HTTP/1.1" 200 - "-" "WordPress/6.9.4; https://instadigitalphotography.com"
20.220.233.65 - - [28/Apr/2026:01:07:54 +0000] "GET /epinyins.php HTTP/1.1" 404 45204 "-" "-"
20.220.233.65 - - [28/Apr/2026:01:07:55 +0000] "GET /temp.php HTTP/1.1" 404 45200 "-" "-"
20.220.233.65 - - [28/Apr/2026:01:07:56 +0000] "GET /1100.php HTTP/1.1" 404 45200 "-" "-"
184.94.212.206 - - [28/Apr/2026:01:08:21 +0000] "POST /wp-cron.php?doing_wp_cron=1777338501.6744420528411865234375 HTTP/1.1" 200 - "-" "WordPress/6.9.4; https://instadigitalphotography.com"
192.0.102.146 - - [28/Apr/2026:01:08:20 +0000] "HEAD / HTTP/1.1" 200 - "-" "jetmon/1.0 (Jetpack Site Uptime Monitor by WordPress.com)"
184.94.212.206 - - [28/Apr/2026:01:11:56 +0000] "POST /wp-cron.php?doing_wp_cron=1777338716.9275128841400146484375 HTTP/1.1" 200 - "-" "WordPress/6.9.4; https://instadigitalphotography.com"
69.73.233.83 - - [28/Apr/2026:01:11:55 +0000] "GET / HTTP/1.1" 200 12473 "-" "Mozilla/5.0 (Windows NT 10.0; Win64; x64) AppleWebKit/537.36 (KHTML, like Gecko) Chrome/94.0.4606.81 Safari/537.36"
184.94.212.206 - - [28/Apr/2026:01:13:03 +0000] "POST /wp-cron.php?doing_wp_cron=1777338783.9651229381561279296875 HTTP/1.1" 200 - "-" "WordPress/6.9.4; https://instadigitalphotography.com"
128.123.63.98 - - [28/Apr/2026:01:13:02 +0000] "GET /.well-known/agent-card.json HTTP/1.1" 404 11198 "-" "Python/3.12 aiohttp/3.13.5"
128.123.63.98 - - [28/Apr/2026:01:13:04 +0000] "GET /.well-known/agent-card.json HTTP/1.1" 404 11198 "-" "Python/3.12 aiohttp/3.13.5"
192.0.102.146 - - [28/Apr/2026:01:13:22 +0000] "HEAD / HTTP/1.1" 200 - "-" "jetmon/1.0 (Jetpack Site Uptime Monitor by WordPress.com)"
17.22.245.161 - - [28/Apr/2026:01:13:29 +0000] "GET /comments/feed/ HTTP/1.1" 200 378 "-" "Mozilla/5.0 (Macintosh; Intel Mac OS X 10_15_7) AppleWebKit/605.1.15 (KHTML, like Gecko) Version/17.4 Safari/605.1.15 (Applebot/0.1; +http://www.apple.com/go/applebot)"
173.239.211.165 - - [28/Apr/2026:01:14:57 +0000] "POST /wp-login.php HTTP/1.1" 401 3474 "-" "Mozilla/5.0"
184.94.212.206 - - [28/Apr/2026:01:18:16 +0000] "POST /wp-cron.php?doing_wp_cron=1777339096.7556719779968261718750 HTTP/1.1" 200 - "-" "WordPress/6.9.4; https://instadigitalphotography.com"
192.0.102.146 - - [28/Apr/2026:01:18:15 +0000] "HEAD / HTTP/1.1" 200 - "-" "jetmon/1.0 (Jetpack Site Uptime Monitor by WordPress.com)"
184.94.212.206 - - [28/Apr/2026:01:23:18 +0000] "POST /wp-cron.php?doing_wp_cron=1777339398.4291200637817382812500 HTTP/1.1" 200 - "-" "WordPress/6.9.4; https://instadigitalphotography.com"
192.0.102.146 - - [28/Apr/2026:01:23:16 +0000] "HEAD / HTTP/1.1" 200 - "-" "jetmon/1.0 (Jetpack Site Uptime Monitor by WordPress.com)"
190.219.1.84 - - [28/Apr/2026:01:23:18 +0000] "GET /tag/sony-alpha-a7-iii/ HTTP/1.1" 200 23977 "-" "Mozilla/5.0 (Macintosh; Intel Mac OS X 14_2_0) AppleWebKit/537.36 (KHTML, like Gecko) Chrome/126.0.6478.182 Safari/537.36"
184.94.212.206 - - [28/Apr/2026:01:27:46 +0000] "POST /wp-cron.php?doing_wp_cron=1777339666.7473490238189697265625 HTTP/1.1" 200 - "-" "WordPress/6.9.4; https://instadigitalphotography.com"
92.118.39.29 - - [28/Apr/2026:01:27:45 +0000] "GET /.git/config HTTP/1.1" 404 11188 "-" "Mozilla/5.0 (Macintosh; Intel Mac OS X 10.14; rv:70.0) Gecko/20100101 Firefox/70.0"
184.94.212.206 - - [28/Apr/2026:01:28:23 +0000] "POST /wp-cron.php?doing_wp_cron=1777339703.3653841018676757812500 HTTP/1.1" 200 - "-" "WordPress/6.9.4; https://instadigitalphotography.com"
192.0.102.146 - - [28/Apr/2026:01:28:22 +0000] "HEAD / HTTP/1.1" 200 - "-" "jetmon/1.0 (Jetpack Site Uptime Monitor by WordPress.com)"
184.94.212.206 - - [28/Apr/2026:01:30:51 +0000] "POST /wp-cron.php?doing_wp_cron=1777339851.0448160171508789062500 HTTP/1.1" 200 - "-" "WordPress/6.9.4; https://instadigitalphotography.com"
216.73.161.81 - - [28/Apr/2026:01:30:49 +0000] "POST /wp-login.php HTTP/1.1" 401 3474 "-" "Mozilla/5.0"
184.94.212.206 - - [28/Apr/2026:01:32:23 +0000] "POST /wp-cron.php?doing_wp_cron=1777339943.8981809616088867187500 HTTP/1.1" 200 - "-" "WordPress/6.9.4; https://instadigitalphotography.com"
173.252.70.7 - - [28/Apr/2026:01:32:22 +0000] "GET /robots.txt HTTP/1.1" 200 304 "-" "facebookexternalhit/1.1 (+http://www.facebook.com/externalhit_uatext.php)"
184.94.212.206 - - [28/Apr/2026:01:32:48 +0000] "POST /wp-cron.php?doing_wp_cron=1777339968.4113829135894775390625 HTTP/1.1" 200 - "-" "WordPress/6.9.4; https://instadigitalphotography.com"
40.69.66.178 - - [28/Apr/2026:01:32:47 +0000] "GET /wp-content/plugins/hellopress/wp_filemanager.php HTTP/1.1" 404 45829 "-" "-"
40.69.66.178 - - [28/Apr/2026:01:32:48 +0000] "GET /dd.php HTTP/1.1" 404 45263 "-" "-"
40.69.66.178 - - [28/Apr/2026:01:32:50 +0000] "GET /dx.php HTTP/1.1" 404 45263 "-" "-"
40.69.66.178 - - [28/Apr/2026:01:32:51 +0000] "GET /like.php HTTP/1.1" 404 45265 "-" "-"
184.94.212.206 - - [28/Apr/2026:01:33:17 +0000] "POST /wp-cron.php?doing_wp_cron=1777339997.9232320785522460937500 HTTP/1.1" 200 - "-" "WordPress/6.9.4; https://instadigitalphotography.com"
192.0.102.146 - - [28/Apr/2026:01:33:16 +0000] "HEAD / HTTP/1.1" 200 - "-" "jetmon/1.0 (Jetpack Site Uptime Monitor by WordPress.com)"
184.94.212.206 - - [28/Apr/2026:01:36:33 +0000] "POST /wp-cron.php?doing_wp_cron=1777340193.5501921176910400390625 HTTP/1.1" 200 - "-" "WordPress/6.9.4; https://instadigitalphotography.com"
45.132.227.3 - - [28/Apr/2026:01:36:31 +0000] "GET /wp-login.php HTTP/1.1" 200 3317 "-" "Mozilla/5.0"
45.132.227.3 - - [28/Apr/2026:01:36:34 +0000] "GET /?author=1 HTTP/1.1" 500 1081 "-" "Mozilla/5.0"
172.98.32.16 - - [28/Apr/2026:01:36:36 +0000] "GET /?rest_route=/wp/v2/users HTTP/1.1" 401 128 "-" "Mozilla/5.0"
172.98.32.16 - - [28/Apr/2026:01:36:37 +0000] "GET /feed HTTP/1.1" 301 - "-" "Mozilla/5.0"
172.98.32.16 - - [28/Apr/2026:01:36:38 +0000] "GET /feed/ HTTP/1.1" 200 27063 "-" "Mozilla/5.0"
184.94.212.206 - - [28/Apr/2026:01:38:24 +0000] "POST /wp-cron.php?doing_wp_cron=1777340304.6626338958740234375000 HTTP/1.1" 200 - "-" "WordPress/6.9.4; https://instadigitalphotography.com"
192.0.102.146 - - [28/Apr/2026:01:38:23 +0000] "HEAD / HTTP/1.1" 200 - "-" "jetmon/1.0 (Jetpack Site Uptime Monitor by WordPress.com)"
20.255.80.192 - - [28/Apr/2026:01:38:47 +0000] "GET /.tmb/cloud.php HTTP/1.1" 404 11191 "-" "Mozilla/5.0 (Windows NT 10.0; Win64; x64) AppleWebKit/537.36 (KHTML, like Gecko) Chrome/120.0.0.0 Safari/537.36"
20.255.80.192 - - [28/Apr/2026:01:38:48 +0000] "GET /.well-known/ HTTP/1.1" 404 11191 "-" "Mozilla/5.0 (Windows NT 10.0; Win64; x64) AppleWebKit/537.36 (KHTML, like Gecko) Chrome/120.0.0.0 Safari/537.36"
20.255.80.192 - - [28/Apr/2026:01:38:49 +0000] "GET /.well-known/acme-challenge/index.php HTTP/1.1" 301 - "-" "Mozilla/5.0 (Windows NT 10.0; Win64; x64) AppleWebKit/537.36 (KHTML, like Gecko) Chrome/120.0.0.0 Safari/537.36"
20.255.80.192 - - [28/Apr/2026:01:38:50 +0000] "GET /.well-known/autoload_classmap.php HTTP/1.1" 404 11204 "-" "Mozilla/5.0 (Windows NT 10.0; Win64; x64) AppleWebKit/537.36 (KHTML, like Gecko) Chrome/120.0.0.0 Safari/537.36"
20.255.80.192 - - [28/Apr/2026:01:38:51 +0000] "GET /.well-known/pki-validation/ HTTP/1.1" 404 11201 "-" "Mozilla/5.0 (Windows NT 10.0; Win64; x64) AppleWebKit/537.36 (KHTML, like Gecko) Chrome/120.0.0.0 Safari/537.36"
20.255.80.192 - - [28/Apr/2026:01:38:52 +0000] "GET /.well-known/pki-validation/about.php HTTP/1.1" 404 11329 "-" "Mozilla/5.0 (Windows NT 10.0; Win64; x64) AppleWebKit/537.36 (KHTML, like Gecko) Chrome/120.0.0.0 Safari/537.36"
20.255.80.192 - - [28/Apr/2026:01:38:53 +0000] "GET //wp-2019.php HTTP/1.1" 301 - "-" "Mozilla/5.0 (Windows NT 10.0; Win64; x64) AppleWebKit/537.36 (KHTML, like Gecko) Chrome/120.0.0.0 Safari/537.36"
20.255.80.192 - - [28/Apr/2026:01:38:54 +0000] "GET //wp-content/themes/about.php HTTP/1.1" 301 - "-" "Mozilla/5.0 (Windows NT 10.0; Win64; x64) AppleWebKit/537.36 (KHTML, like Gecko) Chrome/120.0.0.0 Safari/537.36"
20.255.80.192 - - [28/Apr/2026:01:38:55 +0000] "GET /0.php HTTP/1.1" 404 11184 "-" "Mozilla/5.0 (Windows NT 10.0; Win64; x64) AppleWebKit/537.36 (KHTML, like Gecko) Chrome/120.0.0.0 Safari/537.36"
20.255.80.192 - - [28/Apr/2026:01:38:56 +0000] "GET /1.php HTTP/1.1" 404 11184 "-" "Mozilla/5.0 (Windows NT 10.0; Win64; x64) AppleWebKit/537.36 (KHTML, like Gecko) Chrome/120.0.0.0 Safari/537.36"
20.255.80.192 - - [28/Apr/2026:01:38:57 +0000] "GET /12.php HTTP/1.1" 404 11185 "-" "Mozilla/5.0 (Windows NT 10.0; Win64; x64) AppleWebKit/537.36 (KHTML, like Gecko) Chrome/120.0.0.0 Safari/537.36"
20.255.80.192 - - [28/Apr/2026:01:38:58 +0000] "GET /120f9.php HTTP/1.1" 404 11188 "-" "Mozilla/5.0 (Windows NT 10.0; Win64; x64) AppleWebKit/537.36 (KHTML, like Gecko) Chrome/120.0.0.0 Safari/537.36"
20.255.80.192 - - [28/Apr/2026:01:38:59 +0000] "GET /22.php HTTP/1.1" 404 11185 "-" "Mozilla/5.0 (Windows NT 10.0; Win64; x64) AppleWebKit/537.36 (KHTML, like Gecko) Chrome/120.0.0.0 Safari/537.36"
20.255.80.192 - - [28/Apr/2026:01:39:00 +0000] "GET /403.php HTTP/1.1" 404 11186 "-" "Mozilla/5.0 (Windows NT 10.0; Win64; x64) AppleWebKit/537.36 (KHTML, like Gecko) Chrome/120.0.0.0 Safari/537.36"
20.255.80.192 - - [28/Apr/2026:01:39:01 +0000] "GET /504.php HTTP/1.1" 404 11186 "-" "Mozilla/5.0 (Windows NT 10.0; Win64; x64) AppleWebKit/537.36 (KHTML, like Gecko) Chrome/120.0.0.0 Safari/537.36"
20.255.80.192 - - [28/Apr/2026:01:39:03 +0000] "GET /GOD.php HTTP/1.1" 404 11186 "-" "Mozilla/5.0 (Windows NT 10.0; Win64; x64) AppleWebKit/537.36 (KHTML, like Gecko) Chrome/120.0.0.0 Safari/537.36"
20.255.80.192 - - [28/Apr/2026:01:39:04 +0000] "GET /NewFile.php HTTP/1.1" 404 11189 "-" "Mozilla/5.0 (Windows NT 10.0; Win64; x64) AppleWebKit/537.36 (KHTML, like Gecko) Chrome/120.0.0.0 Safari/537.36"
20.255.80.192 - - [28/Apr/2026:01:39:05 +0000] "GET /aaa.php HTTP/1.1" 404 11186 "-" "Mozilla/5.0 (Windows NT 10.0; Win64; x64) AppleWebKit/537.36 (KHTML, like Gecko) Chrome/120.0.0.0 Safari/537.36"
20.255.80.192 - - [28/Apr/2026:01:39:06 +0000] "GET /ab.php HTTP/1.1" 404 11185 "-" "Mozilla/5.0 (Windows NT 10.0; Win64; x64) AppleWebKit/537.36 (KHTML, like Gecko) Chrome/120.0.0.0 Safari/537.36"
20.255.80.192 - - [28/Apr/2026:01:39:08 +0000] "GET /about/function.php HTTP/1.1" 404 11188 "-" "Mozilla/5.0 (Windows NT 10.0; Win64; x64) AppleWebKit/537.36 (KHTML, like Gecko) Chrome/120.0.0.0 Safari/537.36"
20.255.80.192 - - [28/Apr/2026:01:39:09 +0000] "GET /admin/function.php HTTP/1.1" 404 11188 "-" "Mozilla/5.0 (Windows NT 10.0; Win64; x64) AppleWebKit/537.36 (KHTML, like Gecko) Chrome/120.0.0.0 Safari/537.36"
20.255.80.192 - - [28/Apr/2026:01:39:10 +0000] "GET /admin/index_upload.php HTTP/1.1" 404 11192 "-" "Mozilla/5.0 (Windows NT 10.0; Win64; x64) AppleWebKit/537.36 (KHTML, like Gecko) Chrome/120.0.0.0 Safari/537.36"
20.255.80.192 - - [28/Apr/2026:01:39:11 +0000] "GET /al.php HTTP/1.1" 404 11185 "-" "Mozilla/5.0 (Windows NT 10.0; Win64; x64) AppleWebKit/537.36 (KHTML, like Gecko) Chrome/120.0.0.0 Safari/537.36"
20.255.80.192 - - [28/Apr/2026:01:39:12 +0000] "GET /alfa-rex.php HTTP/1.1" 404 11189 "-" "Mozilla/5.0 (Windows NT 10.0; Win64; x64) AppleWebKit/537.36 (KHTML, like Gecko) Chrome/120.0.0.0 Safari/537.36"
20.255.80.192 - - [28/Apr/2026:01:39:13 +0000] "GET /alfanew.PHP7 HTTP/1.1" 404 11193 "-" "Mozilla/5.0 (Windows NT 10.0; Win64; x64) AppleWebKit/537.36 (KHTML, like Gecko) Chrome/120.0.0.0 Safari/537.36"
20.255.80.192 - - [28/Apr/2026:01:39:14 +0000] "GET /alfanew.php HTTP/1.1" 404 11188 "-" "Mozilla/5.0 (Windows NT 10.0; Win64; x64) AppleWebKit/537.36 (KHTML, like Gecko) Chrome/120.0.0.0 Safari/537.36"
20.255.80.192 - - [28/Apr/2026:01:39:15 +0000] "GET /auth.php HTTP/1.1" 404 11186 "-" "Mozilla/5.0 (Windows NT 10.0; Win64; x64) AppleWebKit/537.36 (KHTML, like Gecko) Chrome/120.0.0.0 Safari/537.36"
20.255.80.192 - - [28/Apr/2026:01:39:16 +0000] "GET /b.php HTTP/1.1" 404 11184 "-" "Mozilla/5.0 (Windows NT 10.0; Win64; x64) AppleWebKit/537.36 (KHTML, like Gecko) Chrome/120.0.0.0 Safari/537.36"
20.255.80.192 - - [28/Apr/2026:01:39:17 +0000] "GET /b0.php HTTP/1.1" 404 11185 "-" "Mozilla/5.0 (Windows NT 10.0; Win64; x64) AppleWebKit/537.36 (KHTML, like Gecko) Chrome/120.0.0.0 Safari/537.36"
20.255.80.192 - - [28/Apr/2026:01:39:18 +0000] "GET /back.php HTTP/1.1" 404 11186 "-" "Mozilla/5.0 (Windows NT 10.0; Win64; x64) AppleWebKit/537.36 (KHTML, like Gecko) Chrome/120.0.0.0 Safari/537.36"
20.255.80.192 - - [28/Apr/2026:01:39:19 +0000] "GET /bala.php HTTP/1.1" 404 11186 "-" "Mozilla/5.0 (Windows NT 10.0; Win64; x64) AppleWebKit/537.36 (KHTML, like Gecko) Chrome/120.0.0.0 Safari/537.36"
20.255.80.192 - - [28/Apr/2026:01:39:20 +0000] "GET /baxa1.php HTTP/1.1" 404 11188 "-" "Mozilla/5.0 (Windows NT 10.0; Win64; x64) AppleWebKit/537.36 (KHTML, like Gecko) Chrome/120.0.0.0 Safari/537.36"
20.255.80.192 - - [28/Apr/2026:01:39:21 +0000] "GET /buy.php HTTP/1.1" 404 11186 "-" "Mozilla/5.0 (Windows NT 10.0; Win64; x64) AppleWebKit/537.36 (KHTML, like Gecko) Chrome/120.0.0.0 Safari/537.36"
20.255.80.192 - - [28/Apr/2026:01:39:22 +0000] "GET /byp.php HTTP/1.1" 404 11186 "-" "Mozilla/5.0 (Windows NT 10.0; Win64; x64) AppleWebKit/537.36 (KHTML, like Gecko) Chrome/120.0.0.0 Safari/537.36"
20.255.80.192 - - [28/Apr/2026:01:39:23 +0000] "GET /c.php HTTP/1.1" 404 11184 "-" "Mozilla/5.0 (Windows NT 10.0; Win64; x64) AppleWebKit/537.36 (KHTML, like Gecko) Chrome/120.0.0.0 Safari/537.36"
20.255.80.192 - - [28/Apr/2026:01:39:24 +0000] "GET /c99.php? HTTP/1.1" 404 11187 "-" "Mozilla/5.0 (Windows NT 10.0; Win64; x64) AppleWebKit/537.36 (KHTML, like Gecko) Chrome/120.0.0.0 Safari/537.36"
20.255.80.192 - - [28/Apr/2026:01:39:25 +0000] "GET /chosen.php HTTP/1.1" 404 11188 "-" "Mozilla/5.0 (Windows NT 10.0; Win64; x64) AppleWebKit/537.36 (KHTML, like Gecko) Chrome/120.0.0.0 Safari/537.36"
20.255.80.192 - - [28/Apr/2026:01:39:26 +0000] "GET /class-wp-lock.php HTTP/1.1" 404 11191 "-" "Mozilla/5.0 (Windows NT 10.0; Win64; x64) AppleWebKit/537.36 (KHTML, like Gecko) Chrome/120.0.0.0 Safari/537.36"
20.255.80.192 - - [28/Apr/2026:01:39:27 +0000] "GET /cong.php HTTP/1.1" 404 11186 "-" "Mozilla/5.0 (Windows NT 10.0; Win64; x64) AppleWebKit/537.36 (KHTML, like Gecko) Chrome/120.0.0.0 Safari/537.36"
20.255.80.192 - - [28/Apr/2026:01:39:29 +0000] "GET /content.php HTTP/1.1" 404 11186 "-" "Mozilla/5.0 (Windows NT 10.0; Win64; x64) AppleWebKit/537.36 (KHTML, like Gecko) Chrome/120.0.0.0 Safari/537.36"
20.255.80.192 - - [28/Apr/2026:01:39:30 +0000] "GET /control.php HTTP/1.1" 404 11187 "-" "Mozilla/5.0 (Windows NT 10.0; Win64; x64) AppleWebKit/537.36 (KHTML, like Gecko) Chrome/120.0.0.0 Safari/537.36"
20.255.80.192 - - [28/Apr/2026:01:39:31 +0000] "GET /cookie.php HTTP/1.1" 404 11187 "-" "Mozilla/5.0 (Windows NT 10.0; Win64; x64) AppleWebKit/537.36 (KHTML, like Gecko) Chrome/120.0.0.0 Safari/537.36"
20.255.80.192 - - [28/Apr/2026:01:39:32 +0000] "GET /credits.php HTTP/1.1" 404 11188 "-" "Mozilla/5.0 (Windows NT 10.0; Win64; x64) AppleWebKit/537.36 (KHTML, like Gecko) Chrome/120.0.0.0 Safari/537.36"
20.255.80.192 - - [28/Apr/2026:01:39:33 +0000] "GET /cron.php HTTP/1.1" 404 11186 "-" "Mozilla/5.0 (Windows NT 10.0; Win64; x64) AppleWebKit/537.36 (KHTML, like Gecko) Chrome/120.0.0.0 Safari/537.36"
20.255.80.192 - - [28/Apr/2026:01:39:34 +0000] "GET /css.php HTTP/1.1" 404 11186 "-" "Mozilla/5.0 (Windows NT 10.0; Win64; x64) AppleWebKit/537.36 (KHTML, like Gecko) Chrome/120.0.0.0 Safari/537.36"
20.255.80.192 - - [28/Apr/2026:01:39:35 +0000] "GET /css/autoload_classmap.php HTTP/1.1" 404 11197 "-" "Mozilla/5.0 (Windows NT 10.0; Win64; x64) AppleWebKit/537.36 (KHTML, like Gecko) Chrome/120.0.0.0 Safari/537.36"
20.255.80.192 - - [28/Apr/2026:01:39:36 +0000] "GET /data.php HTTP/1.1" 404 11185 "-" "Mozilla/5.0 (Windows NT 10.0; Win64; x64) AppleWebKit/537.36 (KHTML, like Gecko) Chrome/120.0.0.0 Safari/537.36"
20.255.80.192 - - [28/Apr/2026:01:39:37 +0000] "GET /disagreed.php HTTP/1.1" 404 11191 "-" "Mozilla/5.0 (Windows NT 10.0; Win64; x64) AppleWebKit/537.36 (KHTML, like Gecko) Chrome/120.0.0.0 Safari/537.36"
20.255.80.192 - - [28/Apr/2026:01:39:38 +0000] "GET /doc.php HTTP/1.1" 404 11184 "-" "Mozilla/5.0 (Windows NT 10.0; Win64; x64) AppleWebKit/537.36 (KHTML, like Gecko) Chrome/120.0.0.0 Safari/537.36"
20.255.80.192 - - [28/Apr/2026:01:39:39 +0000] "GET /dropdown.php HTTP/1.1" 404 11188 "-" "Mozilla/5.0 (Windows NT 10.0; Win64; x64) AppleWebKit/537.36 (KHTML, like Gecko) Chrome/120.0.0.0 Safari/537.36"
20.255.80.192 - - [28/Apr/2026:01:39:40 +0000] "GET /ds.php HTTP/1.1" 404 11185 "-" "Mozilla/5.0 (Windows NT 10.0; Win64; x64) AppleWebKit/537.36 (KHTML, like Gecko) Chrome/120.0.0.0 Safari/537.36"
20.255.80.192 - - [28/Apr/2026:01:39:41 +0000] "GET /ee.php HTTP/1.1" 404 11185 "-" "Mozilla/5.0 (Windows NT 10.0; Win64; x64) AppleWebKit/537.36 (KHTML, like Gecko) Chrome/120.0.0.0 Safari/537.36"
20.255.80.192 - - [28/Apr/2026:01:39:42 +0000] "GET /en.php HTTP/1.1" 404 11185 "-" "Mozilla/5.0 (Windows NT 10.0; Win64; x64) AppleWebKit/537.36 (KHTML, like Gecko) Chrome/120.0.0.0 Safari/537.36"
20.255.80.192 - - [28/Apr/2026:01:39:43 +0000] "GET /error.php HTTP/1.1" 404 11186 "-" "Mozilla/5.0 (Windows NT 10.0; Win64; x64) AppleWebKit/537.36 (KHTML, like Gecko) Chrome/120.0.0.0 Safari/537.36"
20.255.80.192 - - [28/Apr/2026:01:39:44 +0000] "GET /f35.php HTTP/1.1" 404 11186 "-" "Mozilla/5.0 (Windows NT 10.0; Win64; x64) AppleWebKit/537.36 (KHTML, like Gecko) Chrome/120.0.0.0 Safari/537.36"
20.255.80.192 - - [28/Apr/2026:01:39:45 +0000] "GET /favicon.php HTTP/1.1" 404 11188 "-" "Mozilla/5.0 (Windows NT 10.0; Win64; x64) AppleWebKit/537.36 (KHTML, like Gecko) Chrome/120.0.0.0 Safari/537.36"
20.255.80.192 - - [28/Apr/2026:01:39:46 +0000] "GET /feeds.php HTTP/1.1" 404 11188 "-" "Mozilla/5.0 (Windows NT 10.0; Win64; x64) AppleWebKit/537.36 (KHTML, like Gecko) Chrome/120.0.0.0 Safari/537.36"
20.255.80.192 - - [28/Apr/2026:01:39:47 +0000] "GET /files.php HTTP/1.1" 404 11187 "-" "Mozilla/5.0 (Windows NT 10.0; Win64; x64) AppleWebKit/537.36 (KHTML, like Gecko) Chrome/120.0.0.0 Safari/537.36"
20.255.80.192 - - [28/Apr/2026:01:39:48 +0000] "GET /files/autoload_classmap.php HTTP/1.1" 404 11197 "-" "Mozilla/5.0 (Windows NT 10.0; Win64; x64) AppleWebKit/537.36 (KHTML, like Gecko) Chrome/120.0.0.0 Safari/537.36"
20.255.80.192 - - [28/Apr/2026:01:39:49 +0000] "GET /flower.php HTTP/1.1" 404 11188 "-" "Mozilla/5.0 (Windows NT 10.0; Win64; x64) AppleWebKit/537.36 (KHTML, like Gecko) Chrome/120.0.0.0 Safari/537.36"
20.255.80.192 - - [28/Apr/2026:01:39:50 +0000] "GET /function.php HTTP/1.1" 404 11186 "-" "Mozilla/5.0 (Windows NT 10.0; Win64; x64) AppleWebKit/537.36 (KHTML, like Gecko) Chrome/120.0.0.0 Safari/537.36"
20.255.80.192 - - [28/Apr/2026:01:39:51 +0000] "GET /functions.php HTTP/1.1" 404 11186 "-" "Mozilla/5.0 (Windows NT 10.0; Win64; x64) AppleWebKit/537.36 (KHTML, like Gecko) Chrome/120.0.0.0 Safari/537.36"
20.255.80.192 - - [28/Apr/2026:01:39:52 +0000] "GET /gecko-new.php HTTP/1.1" 404 11191 "-" "Mozilla/5.0 (Windows NT 10.0; Win64; x64) AppleWebKit/537.36 (KHTML, like Gecko) Chrome/120.0.0.0 Safari/537.36"
20.255.80.192 - - [28/Apr/2026:01:39:53 +0000] "GET /ggfi.php HTTP/1.1" 404 11187 "-" "Mozilla/5.0 (Windows NT 10.0; Win64; x64) AppleWebKit/537.36 (KHTML, like Gecko) Chrome/120.0.0.0 Safari/537.36"
20.255.80.192 - - [28/Apr/2026:01:39:54 +0000] "GET /gzak2w.php HTTP/1.1" 404 11189 "-" "Mozilla/5.0 (Windows NT 10.0; Win64; x64) AppleWebKit/537.36 (KHTML, like Gecko) Chrome/120.0.0.0 Safari/537.36"
20.255.80.192 - - [28/Apr/2026:01:39:55 +0000] "GET /hehe.php HTTP/1.1" 404 11186 "-" "Mozilla/5.0 (Windows NT 10.0; Win64; x64) AppleWebKit/537.36 (KHTML, like Gecko) Chrome/120.0.0.0 Safari/537.36"
20.255.80.192 - - [28/Apr/2026:01:39:56 +0000] "GET /hehehehe.php HTTP/1.1" 404 11187 "-" "Mozilla/5.0 (Windows NT 10.0; Win64; x64) AppleWebKit/537.36 (KHTML, like Gecko) Chrome/120.0.0.0 Safari/537.36"
20.255.80.192 - - [28/Apr/2026:01:39:57 +0000] "GET /help.php HTTP/1.1" 404 11186 "-" "Mozilla/5.0 (Windows NT 10.0; Win64; x64) AppleWebKit/537.36 (KHTML, like Gecko) Chrome/120.0.0.0 Safari/537.36"
20.255.80.192 - - [28/Apr/2026:01:39:58 +0000] "GET /images/wp-login.php HTTP/1.1" 404 11187 "-" "Mozilla/5.0 (Windows NT 10.0; Win64; x64) AppleWebKit/537.36 (KHTML, like Gecko) Chrome/120.0.0.0 Safari/537.36"
20.255.80.192 - - [28/Apr/2026:01:39:59 +0000] "GET /index.php HTTP/1.1" 200 12467 "-" "Mozilla/5.0 (Windows NT 10.0; Win64; x64) AppleWebKit/537.36 (KHTML, like Gecko) Chrome/120.0.0.0 Safari/537.36"
20.255.80.192 - - [28/Apr/2026:01:40:00 +0000] "GET /index/function.php HTTP/1.1" 404 11190 "-" "Mozilla/5.0 (Windows NT 10.0; Win64; x64) AppleWebKit/537.36 (KHTML, like Gecko) Chrome/120.0.0.0 Safari/537.36"
20.255.80.192 - - [28/Apr/2026:01:40:01 +0000] "GET /install.php HTTP/1.1" 404 11187 "-" "Mozilla/5.0 (Windows NT 10.0; Win64; x64) AppleWebKit/537.36 (KHTML, like Gecko) Chrome/120.0.0.0 Safari/537.36"
20.255.80.192 - - [28/Apr/2026:01:40:03 +0000] "GET /jp.php HTTP/1.1" 404 11186 "-" "Mozilla/5.0 (Windows NT 10.0; Win64; x64) AppleWebKit/537.36 (KHTML, like Gecko) Chrome/120.0.0.0 Safari/537.36"
20.255.80.192 - - [28/Apr/2026:01:40:04 +0000] "GET /mah/function.php HTTP/1.1" 404 11190 "-" "Mozilla/5.0 (Windows NT 10.0; Win64; x64) AppleWebKit/537.36 (KHTML, like Gecko) Chrome/120.0.0.0 Safari/537.36"
20.255.80.192 - - [28/Apr/2026:01:40:05 +0000] "GET /meta.php HTTP/1.1" 404 11186 "-" "Mozilla/5.0 (Windows NT 10.0; Win64; x64) AppleWebKit/537.36 (KHTML, like Gecko) Chrome/120.0.0.0 Safari/537.36"
184.94.212.206 - - [28/Apr/2026:01:40:07 +0000] "POST /wp-cron.php?doing_wp_cron=1777340407.1854810714721679687500 HTTP/1.1" 200 - "-" "WordPress/6.9.4; https://instadigitalphotography.com"
20.255.80.192 - - [28/Apr/2026:01:40:06 +0000] "GET /moon.php HTTP/1.1" 404 11187 "-" "Mozilla/5.0 (Windows NT 10.0; Win64; x64) AppleWebKit/537.36 (KHTML, like Gecko) Chrome/120.0.0.0 Safari/537.36"
20.255.80.192 - - [28/Apr/2026:01:40:07 +0000] "GET /new.php HTTP/1.1" 404 11186 "-" "Mozilla/5.0 (Windows NT 10.0; Win64; x64) AppleWebKit/537.36 (KHTML, like Gecko) Chrome/120.0.0.0 Safari/537.36"
20.255.80.192 - - [28/Apr/2026:01:40:08 +0000] "GET /ova.php HTTP/1.1" 404 11186 "-" "Mozilla/5.0 (Windows NT 10.0; Win64; x64) AppleWebKit/537.36 (KHTML, like Gecko) Chrome/120.0.0.0 Safari/537.36"
20.255.80.192 - - [28/Apr/2026:01:40:09 +0000] "GET /print/bkindex.php HTTP/1.1" 404 11192 "-" "Mozilla/5.0 (Windows NT 10.0; Win64; x64) AppleWebKit/537.36 (KHTML, like Gecko) Chrome/120.0.0.0 Safari/537.36"
20.255.80.192 - - [28/Apr/2026:01:40:10 +0000] "GET /radio.php HTTP/1.1" 404 11187 "-" "Mozilla/5.0 (Windows NT 10.0; Win64; x64) AppleWebKit/537.36 (KHTML, like Gecko) Chrome/120.0.0.0 Safari/537.36"
20.255.80.192 - - [28/Apr/2026:01:40:11 +0000] "GET /randkeyword.php HTTP/1.1" 404 11192 "-" "Mozilla/5.0 (Windows NT 10.0; Win64; x64) AppleWebKit/537.36 (KHTML, like Gecko) Chrome/120.0.0.0 Safari/537.36"
20.255.80.192 - - [28/Apr/2026:01:40:12 +0000] "GET /room.php HTTP/1.1" 404 11187 "-" "Mozilla/5.0 (Windows NT 10.0; Win64; x64) AppleWebKit/537.36 (KHTML, like Gecko) Chrome/120.0.0.0 Safari/537.36"
20.255.80.192 - - [28/Apr/2026:01:40:13 +0000] "GET /sad/about.php HTTP/1.1" 404 11189 "-" "Mozilla/5.0 (Windows NT 10.0; Win64; x64) AppleWebKit/537.36 (KHTML, like Gecko) Chrome/120.0.0.0 Safari/537.36"
20.255.80.192 - - [28/Apr/2026:01:40:14 +0000] "GET /sim.php/wp-includes/certificates/plugins.php HTTP/1.1" 404 11325 "-" "Mozilla/5.0 (Windows NT 10.0; Win64; x64) AppleWebKit/537.36 (KHTML, like Gecko) Chrome/120.0.0.0 Safari/537.36"
20.255.80.192 - - [28/Apr/2026:01:40:15 +0000] "GET /simple.php HTTP/1.1" 404 11186 "-" "Mozilla/5.0 (Windows NT 10.0; Win64; x64) AppleWebKit/537.36 (KHTML, like Gecko) Chrome/120.0.0.0 Safari/537.36"
20.255.80.192 - - [28/Apr/2026:01:40:16 +0000] "GET /templates/beez3/1.php HTTP/1.1" 404 11318 "-" "Mozilla/5.0 (Windows NT 10.0; Win64; x64) AppleWebKit/537.36 (KHTML, like Gecko) Chrome/120.0.0.0 Safari/537.36"
20.255.80.192 - - [28/Apr/2026:01:40:17 +0000] "GET /templates/beez3/index.php HTTP/1.1" 301 - "-" "Mozilla/5.0 (Windows NT 10.0; Win64; x64) AppleWebKit/537.36 (KHTML, like Gecko) Chrome/120.0.0.0 Safari/537.36"
184.94.212.206 - - [28/Apr/2026:01:43:24 +0000] "POST /wp-cron.php?doing_wp_cron=1777340604.0327830314636230468750 HTTP/1.1" 200 - "-" "WordPress/6.9.4; https://instadigitalphotography.com"
192.0.102.146 - - [28/Apr/2026:01:43:22 +0000] "HEAD / HTTP/1.1" 200 - "-" "jetmon/1.0 (Jetpack Site Uptime Monitor by WordPress.com)"
216.73.216.205 - - [28/Apr/2026:01:43:27 +0000] "GET /robots.txt HTTP/1.1" 200 155 "-" "Mozilla/5.0 AppleWebKit/537.36 (KHTML, like Gecko; compatible; ClaudeBot/1.0; +claudebot@anthropic.com)"
216.73.216.205 - - [28/Apr/2026:01:43:28 +0000] "GET /sitemap_index.xml HTTP/1.1" 200 336 "-" "Mozilla/5.0 AppleWebKit/537.36 (KHTML, like Gecko; compatible; ClaudeBot/1.0; +claudebot@anthropic.com)"
216.73.216.205 - - [28/Apr/2026:01:44:26 +0000] "GET /sitemap.xml HTTP/1.1" 200 311 "-" "Mozilla/5.0 AppleWebKit/537.36 (KHTML, like Gecko; compatible; ClaudeBot/1.0; +claudebot@anthropic.com)"
184.94.212.206 - - [28/Apr/2026:01:46:30 +0000] "POST /wp-cron.php?doing_wp_cron=1777340790.5504090785980224609375 HTTP/1.1" 200 - "-" "WordPress/6.9.4; https://instadigitalphotography.com"
114.119.150.92 - - [28/Apr/2026:01:46:29 +0000] "GET /tricks-and-tips-on-how-to-take-better-photos?share=pinterest& HTTP/1.1" 302 - "https://instadigitalphotography.com/category/equipment/page/4?amp" "Mozilla/5.0 (Linux; Android 7.0;) AppleWebKit/537.36 (HTML, like Gecko) Mobile Safari/537.36 (compatible; PetalBot;+https://webmaster.petalsearch.com/site/petalbot)"
216.73.161.76 - - [28/Apr/2026:01:46:38 +0000] "POST /wp-login.php HTTP/1.1" 401 3474 "-" "Mozilla/5.0"
184.94.212.206 - - [28/Apr/2026:01:48:18 +0000] "POST /wp-cron.php?doing_wp_cron=1777340898.3361880779266357421875 HTTP/1.1" 200 - "-" "WordPress/6.9.4; https://instadigitalphotography.com"
192.0.102.146 - - [28/Apr/2026:01:48:16 +0000] "HEAD / HTTP/1.1" 200 - "-" "jetmon/1.0 (Jetpack Site Uptime Monitor by WordPress.com)"
