114.119.159.160 - - [27/Apr/2026:19:20:58 +0000] "GET /unleash-the-power-of-instagram-how-canvas-versatile-design-tools-can-help-you-create-stunning-graphics-and-boost-your-followers/?share=twitter& HTTP/1.1" 302 - "https://instadigitalphotography.com/blog/?amp" "Mozilla/5.0 (Linux; Android 7.0;) AppleWebKit/537.36 (HTML, like Gecko) Mobile Safari/537.36 (compatible; PetalBot;+https://webmaster.petalsearch.com/site/petalbot)"
184.94.212.206 - - [27/Apr/2026:19:23:22 +0000] "POST /wp-cron.php?doing_wp_cron=1777317802.2350668907165527343750 HTTP/1.1" 200 - "-" "WordPress/6.9.4; https://instadigitalphotography.com"
192.0.102.146 - - [27/Apr/2026:19:23:20 +0000] "HEAD / HTTP/1.1" 200 - "-" "jetmon/1.0 (Jetpack Site Uptime Monitor by WordPress.com)"
184.94.212.206 - - [27/Apr/2026:19:26:10 +0000] "POST /wp-cron.php?doing_wp_cron=1777317970.6506578922271728515625 HTTP/1.1" 200 - "-" "WordPress/6.9.4; https://instadigitalphotography.com"
173.239.211.169 - - [27/Apr/2026:19:26:08 +0000] "GET /wp-login.php HTTP/1.1" 200 3535 "-" "Mozilla/5.0"
173.239.211.169 - - [27/Apr/2026:19:26:10 +0000] "GET /?author=1 HTTP/1.1" 500 1081 "-" "Mozilla/5.0"
173.239.211.160 - - [27/Apr/2026:19:26:12 +0000] "GET /?rest_route=/wp/v2/users HTTP/1.1" 401 128 "-" "Mozilla/5.0"
173.239.211.160 - - [27/Apr/2026:19:26:13 +0000] "GET /feed HTTP/1.1" 301 - "-" "Mozilla/5.0"
173.239.211.160 - - [27/Apr/2026:19:26:15 +0000] "GET /feed/ HTTP/1.1" 200 27063 "-" "Mozilla/5.0"
216.73.217.83 - - [27/Apr/2026:19:27:11 +0000] "GET /robots.txt HTTP/1.1" 200 155 "-" "Mozilla/5.0 AppleWebKit/537.36 (KHTML, like Gecko; compatible; ClaudeBot/1.0; +claudebot@anthropic.com)"
216.73.217.83 - - [27/Apr/2026:19:27:13 +0000] "GET /news-sitemap.xml HTTP/1.1" 200 319 "-" "Mozilla/5.0 AppleWebKit/537.36 (KHTML, like Gecko; compatible; ClaudeBot/1.0; +claudebot@anthropic.com)"
216.73.217.83 - - [27/Apr/2026:19:27:13 +0000] "GET /sitemap_index.xml HTTP/1.1" 200 336 "-" "Mozilla/5.0 AppleWebKit/537.36 (KHTML, like Gecko; compatible; ClaudeBot/1.0; +claudebot@anthropic.com)"
184.94.212.206 - - [27/Apr/2026:19:27:57 +0000] "POST /wp-cron.php?doing_wp_cron=1777318077.6315760612487792968750 HTTP/1.1" 200 - "-" "WordPress/6.9.4; https://instadigitalphotography.com"
216.73.217.83 - - [27/Apr/2026:19:27:56 +0000] "GET /sitemap.xml HTTP/1.1" 200 311 "-" "Mozilla/5.0 AppleWebKit/537.36 (KHTML, like Gecko; compatible; ClaudeBot/1.0; +claudebot@anthropic.com)"
192.0.102.146 - - [27/Apr/2026:19:28:25 +0000] "HEAD / HTTP/1.1" 200 - "-" "jetmon/1.0 (Jetpack Site Uptime Monitor by WordPress.com)"
184.94.212.206 - - [27/Apr/2026:19:33:21 +0000] "POST /wp-cron.php?doing_wp_cron=1777318401.1218950748443603515625 HTTP/1.1" 200 - "-" "WordPress/6.9.4; https://instadigitalphotography.com"
192.0.102.146 - - [27/Apr/2026:19:33:20 +0000] "HEAD / HTTP/1.1" 200 - "-" "jetmon/1.0 (Jetpack Site Uptime Monitor by WordPress.com)"
184.94.212.206 - - [27/Apr/2026:19:38:19 +0000] "POST /wp-cron.php?doing_wp_cron=1777318699.4887599945068359375000 HTTP/1.1" 200 - "-" "WordPress/6.9.4; https://instadigitalphotography.com"
192.0.102.146 - - [27/Apr/2026:19:38:18 +0000] "HEAD / HTTP/1.1" 200 - "-" "jetmon/1.0 (Jetpack Site Uptime Monitor by WordPress.com)"
113.184.221.249 - - [27/Apr/2026:19:39:56 +0000] "GET /top-10-digital-cameras-based-on-their-popularity-features-and-performance/?amp HTTP/1.1" 200 26059 "-" "Mozilla/5.0 (Macintosh; Intel Mac OS X 10_11_6) AppleWebKit/537.36 (KHTML, like Gecko) Chrome/80.0.3987.87 Safari/537.36"
184.94.212.206 - - [27/Apr/2026:19:43:18 +0000] "POST /wp-cron.php?doing_wp_cron=1777318998.2362101078033447265625 HTTP/1.1" 200 - "-" "WordPress/6.9.4; https://instadigitalphotography.com"
192.0.102.146 - - [27/Apr/2026:19:43:16 +0000] "HEAD / HTTP/1.1" 200 - "-" "jetmon/1.0 (Jetpack Site Uptime Monitor by WordPress.com)"
20.84.7.202 - - [27/Apr/2026:19:44:29 +0000] "POST /wp-login.php HTTP/1.1" 401 1457 "-" "Mozilla/5.0 (Windows NT 10.0; WOW64) AppleWebKit/537.36 (KHTML, like Gecko) Chrome/142.0.0.0 Safari/537.36"
184.94.212.206 - - [27/Apr/2026:19:47:56 +0000] "POST /wp-cron.php?doing_wp_cron=1777319276.6221818923950195312500 HTTP/1.1" 200 - "-" "WordPress/6.9.4; https://instadigitalphotography.com"
150.109.230.210 - - [27/Apr/2026:19:47:55 +0000] "GET / HTTP/1.1" 200 12473 "http://instadigitalphotography.com" "Mozilla/5.0 (iPhone; CPU iPhone OS 13_2_3 like Mac OS X) AppleWebKit/605.1.15 (KHTML, like Gecko) Version/13.0.3 Mobile/15E148 Safari/604.1"
192.0.102.146 - - [27/Apr/2026:19:48:17 +0000] "HEAD / HTTP/1.1" 200 - "-" "jetmon/1.0 (Jetpack Site Uptime Monitor by WordPress.com)"
184.94.212.206 - - [27/Apr/2026:19:51:30 +0000] "POST /wp-cron.php?doing_wp_cron=1777319490.2930779457092285156250 HTTP/1.1" 200 - "-" "WordPress/6.9.4; https://instadigitalphotography.com"
113.181.118.163 - - [27/Apr/2026:19:51:28 +0000] "GET /the-best-in-professional-photography-tips-and-tricks/?share=twitter HTTP/1.1" 302 - "-" "Mozilla/5.0 (Macintosh; Intel Mac OS X 10_13_6) AppleWebKit/537.36 (KHTML, like Gecko) Brave Chrome/80.0.3987.87 Safari/537.36"
184.94.212.206 - - [27/Apr/2026:19:53:23 +0000] "POST /wp-cron.php?doing_wp_cron=1777319603.2116820812225341796875 HTTP/1.1" 200 - "-" "WordPress/6.9.4; https://instadigitalphotography.com"
192.0.102.146 - - [27/Apr/2026:19:53:21 +0000] "HEAD / HTTP/1.1" 200 - "-" "jetmon/1.0 (Jetpack Site Uptime Monitor by WordPress.com)"
184.94.212.206 - - [27/Apr/2026:19:56:48 +0000] "POST /wp-cron.php?doing_wp_cron=1777319808.8698959350585937500000 HTTP/1.1" 200 - "-" "WordPress/6.9.4; https://instadigitalphotography.com"
23.23.99.55 - - [27/Apr/2026:19:56:47 +0000] "GET /know-these-ideas-when-you-reach-for-a-camera/ HTTP/1.1" 200 16497 "-" "Mozilla/5.0 AppleWebKit/537.36 (KHTML, like Gecko; compatible; Amazonbot/0.1; +https://developer.amazon.com/support/amazonbot) Chrome/119.0.6045.214 Safari/537.36"
23.23.212.212 - - [27/Apr/2026:19:56:51 +0000] "GET /blog/ HTTP/1.1" 200 34230 "-" "Mozilla/5.0 AppleWebKit/537.36 (KHTML, like Gecko; compatible; Amazonbot/0.1; +https://developer.amazon.com/support/amazonbot) Chrome/119.0.6045.214 Safari/537.36"
184.94.212.206 - - [27/Apr/2026:19:58:26 +0000] "POST /wp-cron.php?doing_wp_cron=1777319906.3125970363616943359375 HTTP/1.1" 200 - "-" "WordPress/6.9.4; https://instadigitalphotography.com"
192.0.102.146 - - [27/Apr/2026:19:58:24 +0000] "HEAD / HTTP/1.1" 200 - "-" "jetmon/1.0 (Jetpack Site Uptime Monitor by WordPress.com)"
66.249.66.73 - - [27/Apr/2026:19:58:53 +0000] "GET /ads.txt HTTP/1.1" 200 58 "-" "Google-adstxt"
184.94.212.206 - - [27/Apr/2026:20:03:19 +0000] "POST /wp-cron.php?doing_wp_cron=1777320199.4672100543975830078125 HTTP/1.1" 200 - "-" "WordPress/6.9.4; https://instadigitalphotography.com"
192.0.102.146 - - [27/Apr/2026:20:03:17 +0000] "HEAD / HTTP/1.1" 200 - "-" "jetmon/1.0 (Jetpack Site Uptime Monitor by WordPress.com)"
184.94.212.206 - - [27/Apr/2026:20:08:19 +0000] "POST /wp-cron.php?doing_wp_cron=1777320499.7281680107116699218750 HTTP/1.1" 200 - "-" "WordPress/6.9.4; https://instadigitalphotography.com"
192.0.102.146 - - [27/Apr/2026:20:08:18 +0000] "HEAD / HTTP/1.1" 200 - "-" "jetmon/1.0 (Jetpack Site Uptime Monitor by WordPress.com)"
1.92.208.222 - - [27/Apr/2026:20:09:37 +0000] "GET /tag/lessons/ HTTP/1.1" 200 14075 "-" "Mozilla/5.0 (Windows NT 10.0; Win64; x64) AppleWebKit/537.36 (KHTML, like Gecko) Chrome/144.0.0.0 Safari/537.36"
1.92.208.222 - - [27/Apr/2026:20:09:39 +0000] "GET /wp-content/themes/essence-pro/style.css?ver=1.1.0 HTTP/1.1" 200 10682 "https://instadigitalphotography.com/tag/lessons/" "Mozilla/5.0 (Windows NT 10.0; Win64; x64) AppleWebKit/537.36 (KHTML, like Gecko) Chrome/144.0.0.0 Safari/537.36"
1.92.208.222 - - [27/Apr/2026:20:09:39 +0000] "GET /wp-content/themes/essence-pro/lib/gutenberg/front-end.css?ver=1.1.0 HTTP/1.1" 200 1712 "https://instadigitalphotography.com/tag/lessons/" "Mozilla/5.0 (Windows NT 10.0; Win64; x64) AppleWebKit/537.36 (KHTML, like Gecko) Chrome/144.0.0.0 Safari/537.36"
1.92.208.222 - - [27/Apr/2026:20:09:39 +0000] "GET /wp-content/plugins/contact-form-7/includes/css/styles.css?ver=6.1.5 HTTP/1.1" 200 1031 "https://instadigitalphotography.com/tag/lessons/" "Mozilla/5.0 (Windows NT 10.0; Win64; x64) AppleWebKit/537.36 (KHTML, like Gecko) Chrome/144.0.0.0 Safari/537.36"
1.92.208.222 - - [27/Apr/2026:20:09:39 +0000] "GET /wp-content/plugins/simple-social-icons/css/style.css?ver=4.0.0 HTTP/1.1" 200 461 "https://instadigitalphotography.com/tag/lessons/" "Mozilla/5.0 (Windows NT 10.0; Win64; x64) AppleWebKit/537.36 (KHTML, like Gecko) Chrome/144.0.0.0 Safari/537.36"
1.92.208.222 - - [27/Apr/2026:20:09:39 +0000] "GET /wp-content/plugins/contact-form-7/includes/js/index.js?ver=6.1.5 HTTP/1.1" 200 4265 "https://instadigitalphotography.com/tag/lessons/" "Mozilla/5.0 (Windows NT 10.0; Win64; x64) AppleWebKit/537.36 (KHTML, like Gecko) Chrome/144.0.0.0 Safari/537.36"
1.92.208.222 - - [27/Apr/2026:20:09:39 +0000] "GET /wp-content/plugins/contact-form-7/includes/swv/js/index.js?ver=6.1.5 HTTP/1.1" 200 3503 "https://instadigitalphotography.com/tag/lessons/" "Mozilla/5.0 (Windows NT 10.0; Win64; x64) AppleWebKit/537.36 (KHTML, like Gecko) Chrome/144.0.0.0 Safari/537.36"
1.92.208.222 - - [27/Apr/2026:20:09:40 +0000] "GET /wp-content/themes/essence-pro/js/jquery.matchHeight.min.js?ver=1.1.0 HTTP/1.1" 200 1553 "https://instadigitalphotography.com/tag/lessons/" "Mozilla/5.0 (Windows NT 10.0; Win64; x64) AppleWebKit/537.36 (KHTML, like Gecko) Chrome/144.0.0.0 Safari/537.36"
1.92.208.222 - - [27/Apr/2026:20:09:40 +0000] "GET /wp-content/themes/essence-pro/js/global.js?ver=1.1.0 HTTP/1.1" 200 534 "https://instadigitalphotography.com/tag/lessons/" "Mozilla/5.0 (Windows NT 10.0; Win64; x64) AppleWebKit/537.36 (KHTML, like Gecko) Chrome/144.0.0.0 Safari/537.36"
1.92.208.222 - - [27/Apr/2026:20:09:40 +0000] "GET /wp-content/plugins/wp-meta-and-date-remover/assets/js/inspector.js?ver=1.1 HTTP/1.1" 200 1455 "https://instadigitalphotography.com/tag/lessons/" "Mozilla/5.0 (Windows NT 10.0; Win64; x64) AppleWebKit/537.36 (KHTML, like Gecko) Chrome/144.0.0.0 Safari/537.36"
1.92.208.222 - - [27/Apr/2026:20:09:40 +0000] "GET /wp-content/themes/genesis/lib/js/menu/superfish.min.js?ver=1.7.10 HTTP/1.1" 200 1894 "https://instadigitalphotography.com/tag/lessons/" "Mozilla/5.0 (Windows NT 10.0; Win64; x64) AppleWebKit/537.36 (KHTML, like Gecko) Chrome/144.0.0.0 Safari/537.36"
1.92.208.222 - - [27/Apr/2026:20:09:40 +0000] "GET /wp-content/themes/genesis/lib/js/menu/superfish.args.min.js?ver=3.6.2 HTTP/1.1" 200 124 "https://instadigitalphotography.com/tag/lessons/" "Mozilla/5.0 (Windows NT 10.0; Win64; x64) AppleWebKit/537.36 (KHTML, like Gecko) Chrome/144.0.0.0 Safari/537.36"
1.92.208.222 - - [27/Apr/2026:20:09:40 +0000] "GET /wp-content/themes/genesis/lib/js/skip-links.min.js?ver=3.6.2 HTTP/1.1" 200 238 "https://instadigitalphotography.com/tag/lessons/" "Mozilla/5.0 (Windows NT 10.0; Win64; x64) AppleWebKit/537.36 (KHTML, like Gecko) Chrome/144.0.0.0 Safari/537.36"
1.92.208.222 - - [27/Apr/2026:20:09:40 +0000] "GET /wp-content/themes/essence-pro/js/responsive-menus.min.js?ver=1.1.0 HTTP/1.1" 200 1420 "https://instadigitalphotography.com/tag/lessons/" "Mozilla/5.0 (Windows NT 10.0; Win64; x64) AppleWebKit/537.36 (KHTML, like Gecko) Chrome/144.0.0.0 Safari/537.36"
14.190.103.87 - - [27/Apr/2026:20:09:49 +0000] "GET /category/how-tos/?noamp=mobile HTTP/1.1" 200 20496 "-" "Mozilla/5.0 (Macintosh; Intel Mac OS X 10_11_6) AppleWebKit/537.36 (KHTML, like Gecko) Brave Chrome/84.0.4147.135 Safari/537.36"
184.94.212.206 - - [27/Apr/2026:20:13:19 +0000] "POST /wp-cron.php?doing_wp_cron=1777320799.9053719043731689453125 HTTP/1.1" 200 - "-" "WordPress/6.9.4; https://instadigitalphotography.com"
192.0.102.146 - - [27/Apr/2026:20:13:18 +0000] "HEAD / HTTP/1.1" 200 - "-" "jetmon/1.0 (Jetpack Site Uptime Monitor by WordPress.com)"
220.181.108.177 - - [27/Apr/2026:20:14:25 +0000] "GET /photography-learn-to-take-masterful-photos-without-training/?share=reddit&nb=1 HTTP/1.1" 302 - "-" "Mozilla/5.0 (compatible; Baiduspider/2.0; +http://www.baidu.com/search/spider.html)"
216.73.217.83 - - [27/Apr/2026:20:15:01 +0000] "GET /sitemap_index.xml HTTP/1.1" 200 336 "-" "Mozilla/5.0 AppleWebKit/537.36 (KHTML, like Gecko; compatible; ClaudeBot/1.0; +claudebot@anthropic.com)"
184.94.212.206 - - [27/Apr/2026:20:16:59 +0000] "POST /wp-cron.php?doing_wp_cron=1777321019.6177029609680175781250 HTTP/1.1" 200 - "-" "WordPress/6.9.4; https://instadigitalphotography.com"
216.73.217.83 - - [27/Apr/2026:20:16:58 +0000] "GET /sitemap.xml HTTP/1.1" 200 311 "-" "Mozilla/5.0 AppleWebKit/537.36 (KHTML, like Gecko; compatible; ClaudeBot/1.0; +claudebot@anthropic.com)"
184.94.212.206 - - [27/Apr/2026:20:18:23 +0000] "POST /wp-cron.php?doing_wp_cron=1777321103.1830749511718750000000 HTTP/1.1" 200 - "-" "WordPress/6.9.4; https://instadigitalphotography.com"
192.0.102.146 - - [27/Apr/2026:20:18:21 +0000] "HEAD / HTTP/1.1" 200 - "-" "jetmon/1.0 (Jetpack Site Uptime Monitor by WordPress.com)"
216.73.217.83 - - [27/Apr/2026:20:19:01 +0000] "GET /news-sitemap.xml HTTP/1.1" 200 319 "-" "Mozilla/5.0 AppleWebKit/537.36 (KHTML, like Gecko; compatible; ClaudeBot/1.0; +claudebot@anthropic.com)"
184.94.212.206 - - [27/Apr/2026:20:23:23 +0000] "POST /wp-cron.php?doing_wp_cron=1777321403.2005379199981689453125 HTTP/1.1" 200 - "-" "WordPress/6.9.4; https://instadigitalphotography.com"
192.0.102.146 - - [27/Apr/2026:20:23:21 +0000] "HEAD / HTTP/1.1" 200 - "-" "jetmon/1.0 (Jetpack Site Uptime Monitor by WordPress.com)"
184.94.212.206 - - [27/Apr/2026:20:28:19 +0000] "POST /wp-cron.php?doing_wp_cron=1777321699.0314800739288330078125 HTTP/1.1" 200 - "-" "WordPress/6.9.4; https://instadigitalphotography.com"
192.0.102.146 - - [27/Apr/2026:20:28:17 +0000] "HEAD / HTTP/1.1" 200 - "-" "jetmon/1.0 (Jetpack Site Uptime Monitor by WordPress.com)"
184.94.212.206 - - [27/Apr/2026:20:33:18 +0000] "POST /wp-cron.php?doing_wp_cron=1777321998.8964939117431640625000 HTTP/1.1" 200 - "-" "WordPress/6.9.4; https://instadigitalphotography.com"
192.0.102.146 - - [27/Apr/2026:20:33:17 +0000] "HEAD / HTTP/1.1" 200 - "-" "jetmon/1.0 (Jetpack Site Uptime Monitor by WordPress.com)"
184.94.212.206 - - [27/Apr/2026:20:36:27 +0000] "POST /wp-cron.php?doing_wp_cron=1777322187.7744019031524658203125 HTTP/1.1" 200 - "-" "WordPress/6.9.4; https://instadigitalphotography.com"
85.11.167.19 - - [27/Apr/2026:20:36:26 +0000] "GET /.env HTTP/1.1" 404 11181 "-" "python-requests/2.32.4"
85.11.167.19 - - [27/Apr/2026:20:36:28 +0000] "GET / HTTP/1.1" 403 12473 "-" "python-requests/2.32.4"
85.11.167.19 - - [27/Apr/2026:20:36:31 +0000] "GET /.env HTTP/1.1" 404 11185 "-" "python-requests/2.32.4"
85.11.167.19 - - [27/Apr/2026:20:36:33 +0000] "GET / HTTP/1.1" 301 - "-" "python-requests/2.32.4"
85.11.167.19 - - [27/Apr/2026:20:36:34 +0000] "GET / HTTP/1.1" 403 12473 "-" "python-requests/2.32.4"
184.94.212.206 - - [27/Apr/2026:20:37:49 +0000] "POST /wp-cron.php?doing_wp_cron=1777322269.6091170310974121093750 HTTP/1.1" 200 - "-" "WordPress/6.9.4; https://instadigitalphotography.com"
114.119.141.118 - - [27/Apr/2026:20:37:47 +0000] "GET /unleash-the-power-of-instagram-how-canvas-versatile-design-tools-can-help-you-create-stunning-graphics-and-boost-your-followers/?noamp=mobile HTTP/1.1" 200 16556 "https://instadigitalphotography.com/unleash-the-power-of-instagram-how-canvas-versatile-design-tools-can-help-you-create-stunning-graphics-and-boost-your-followers/?noamp=mobile" "Mozilla/5.0 (Linux; Android 7.0;) AppleWebKit/537.36 (HTML, like Gecko) Mobile Safari/537.36 (compatible; PetalBot;+https://webmaster.petalsearch.com/site/petalbot)"
184.94.212.206 - - [27/Apr/2026:20:38:23 +0000] "POST /wp-cron.php?doing_wp_cron=1777322303.3164710998535156250000 HTTP/1.1" 200 - "-" "WordPress/6.9.4; https://instadigitalphotography.com"
192.0.102.146 - - [27/Apr/2026:20:38:22 +0000] "HEAD / HTTP/1.1" 200 - "-" "jetmon/1.0 (Jetpack Site Uptime Monitor by WordPress.com)"
184.94.212.206 - - [27/Apr/2026:20:41:31 +0000] "POST /wp-cron.php?doing_wp_cron=1777322491.5106940269470214843750 HTTP/1.1" 200 - "-" "WordPress/6.9.4; https://instadigitalphotography.com"
216.73.217.83 - - [27/Apr/2026:20:41:29 +0000] "GET /robots.txt HTTP/1.1" 200 155 "-" "Mozilla/5.0 AppleWebKit/537.36 (KHTML, like Gecko; compatible; ClaudeBot/1.0; +claudebot@anthropic.com)"
216.73.217.83 - - [27/Apr/2026:20:41:31 +0000] "GET /news-sitemap.xml HTTP/1.1" 200 319 "-" "Mozilla/5.0 AppleWebKit/537.36 (KHTML, like Gecko; compatible; ClaudeBot/1.0; +claudebot@anthropic.com)"
184.94.212.206 - - [27/Apr/2026:20:43:01 +0000] "POST /wp-cron.php?doing_wp_cron=1777322581.6751990318298339843750 HTTP/1.1" 200 - "-" "WordPress/6.9.4; https://instadigitalphotography.com"
27.106.99.117 - - [27/Apr/2026:20:43:00 +0000] "GET /ip HTTP/1.1" 404 45194 "-" "Mozilla/5.0 (Macintosh; Intel Mac OS X 10_15_7) AppleWebKit/537.36 (KHTML, like Gecko) Chrome/114.0.0.0 Safari/537.36"
188.239.15.89 - - [27/Apr/2026:20:43:00 +0000] "GET /ip HTTP/1.1" 404 45194 "-" "Mozilla/5.0 (Macintosh; Intel Mac OS X 10_15_7) AppleWebKit/537.36 (KHTML, like Gecko) Chrome/114.0.0.0 Safari/537.36"
149.232.141.209 - - [27/Apr/2026:20:43:00 +0000] "GET /ip HTTP/1.1" 404 45194 "-" "Mozilla/5.0 (Macintosh; Intel Mac OS X 10_15_7) AppleWebKit/537.36 (KHTML, like Gecko) Chrome/114.0.0.0 Safari/537.36"
192.0.102.146 - - [27/Apr/2026:20:43:21 +0000] "HEAD / HTTP/1.1" 200 - "-" "jetmon/1.0 (Jetpack Site Uptime Monitor by WordPress.com)"
184.94.212.206 - - [27/Apr/2026:20:48:19 +0000] "POST /wp-cron.php?doing_wp_cron=1777322899.1627960205078125000000 HTTP/1.1" 200 - "-" "WordPress/6.9.4; https://instadigitalphotography.com"
192.0.102.146 - - [27/Apr/2026:20:48:17 +0000] "HEAD / HTTP/1.1" 200 - "-" "jetmon/1.0 (Jetpack Site Uptime Monitor by WordPress.com)"
184.94.212.206 - - [27/Apr/2026:20:53:16 +0000] "POST /wp-cron.php?doing_wp_cron=1777323196.8685979843139648437500 HTTP/1.1" 200 - "-" "WordPress/6.9.4; https://instadigitalphotography.com"
192.0.102.146 - - [27/Apr/2026:20:53:15 +0000] "HEAD / HTTP/1.1" 200 - "-" "jetmon/1.0 (Jetpack Site Uptime Monitor by WordPress.com)"
184.94.212.206 - - [27/Apr/2026:20:55:16 +0000] "POST /wp-cron.php?doing_wp_cron=1777323316.5244770050048828125000 HTTP/1.1" 200 - "-" "WordPress/6.9.4; https://instadigitalphotography.com"
80.94.95.202 - - [27/Apr/2026:20:55:14 +0000] "GET / HTTP/1.0" 200 53726 "https://instadigitalphotography.com/" "Mozilla/5.0 (Windows NT 10.0; Win64; x64) AppleWebKit/537.36 (KHTML, like Gecko) Chrome/130.0.0.0 Safari/537.36 CCleaner/130.0.0.0"
80.94.95.202 - - [27/Apr/2026:20:55:17 +0000] "GET /contact-us/ HTTP/1.0" 200 55468 "https://instadigitalphotography.com/contact-us/" "Mozilla/5.0 (Windows NT 10.0; Win64; x64) AppleWebKit/537.36 (KHTML, like Gecko) Chrome/130.0.0.0 Safari/537.36 CCleaner/130.0.0.0"
80.94.95.202 - - [27/Apr/2026:20:55:19 +0000] "GET /contact-us/?share=twitter HTTP/1.0" 302 - "https://instadigitalphotography.com/contact-us/?share=twitter" "Mozilla/5.0 (Windows NT 10.0; Win64; x64) AppleWebKit/537.36 (KHTML, like Gecko) Chrome/130.0.0.0 Safari/537.36 CCleaner/130.0.0.0"
80.94.95.202 - - [27/Apr/2026:20:55:21 +0000] "GET /contact-us/?share=facebook HTTP/1.0" 302 - "https://instadigitalphotography.com/contact-us/?share=facebook" "Mozilla/5.0 (Windows NT 10.0; Win64; x64) AppleWebKit/537.36 (KHTML, like Gecko) Chrome/130.0.0.0 Safari/537.36 CCleaner/130.0.0.0"
80.94.95.202 - - [27/Apr/2026:20:55:22 +0000] "GET /contact-us/?share=twitter HTTP/1.0" 302 - "https://instadigitalphotography.com/contact-us/?share=twitter" "Mozilla/5.0 (Windows NT 10.0; Win64; x64) AppleWebKit/537.36 (KHTML, like Gecko) Chrome/130.0.0.0 Safari/537.36 CCleaner/130.0.0.0"
80.94.95.202 - - [27/Apr/2026:20:55:24 +0000] "GET /contact-us/?share=facebook HTTP/1.0" 302 - "https://instadigitalphotography.com/contact-us/?share=facebook" "Mozilla/5.0 (Windows NT 10.0; Win64; x64) AppleWebKit/537.36 (KHTML, like Gecko) Chrome/130.0.0.0 Safari/537.36 CCleaner/130.0.0.0"
80.94.95.202 - - [27/Apr/2026:20:55:25 +0000] "GET /contact-us/?share=twitter HTTP/1.0" 302 - "https://instadigitalphotography.com/contact-us/?share=twitter" "Mozilla/5.0 (Windows NT 10.0; Win64; x64) AppleWebKit/537.36 (KHTML, like Gecko) Chrome/130.0.0.0 Safari/537.36 CCleaner/130.0.0.0"
80.94.95.202 - - [27/Apr/2026:20:55:27 +0000] "GET /contact-us/?share=facebook HTTP/1.0" 302 - "https://instadigitalphotography.com/contact-us/?share=facebook" "Mozilla/5.0 (Windows NT 10.0; Win64; x64) AppleWebKit/537.36 (KHTML, like Gecko) Chrome/130.0.0.0 Safari/537.36 CCleaner/130.0.0.0"
184.94.212.206 - - [27/Apr/2026:20:58:23 +0000] "POST /wp-cron.php?doing_wp_cron=1777323503.0950069427490234375000 HTTP/1.1" 200 - "-" "WordPress/6.9.4; https://instadigitalphotography.com"
192.0.102.146 - - [27/Apr/2026:20:58:21 +0000] "HEAD / HTTP/1.1" 200 - "-" "jetmon/1.0 (Jetpack Site Uptime Monitor by WordPress.com)"
184.94.212.206 - - [27/Apr/2026:20:59:03 +0000] "POST /wp-cron.php?doing_wp_cron=1777323543.2039949893951416015625 HTTP/1.1" 200 - "-" "WordPress/6.9.4; https://instadigitalphotography.com"
4.193.118.98 - - [27/Apr/2026:20:59:01 +0000] "GET /inputs.php HTTP/1.1" 404 11184 "-" "Mozilla/5.0 (Windows NT 10.0; Win64; x64) AppleWebKit/537.36 (KHTML, like Gecko) Chrome/120.0.0.0 Safari/537.36"
4.193.118.98 - - [27/Apr/2026:20:59:03 +0000] "GET /ioxi-o.php HTTP/1.1" 404 11184 "-" "Mozilla/5.0 (Windows NT 10.0; Win64; x64) AppleWebKit/537.36 (KHTML, like Gecko) Chrome/120.0.0.0 Safari/537.36"
4.193.118.98 - - [27/Apr/2026:20:59:04 +0000] "GET /function/function.php HTTP/1.1" 404 11184 "-" "Mozilla/5.0 (Windows NT 10.0; Win64; x64) AppleWebKit/537.36 (KHTML, like Gecko) Chrome/120.0.0.0 Safari/537.36"
4.193.118.98 - - [27/Apr/2026:20:59:06 +0000] "GET /rip.php HTTP/1.1" 404 11181 "-" "Mozilla/5.0 (Windows NT 10.0; Win64; x64) AppleWebKit/537.36 (KHTML, like Gecko) Chrome/120.0.0.0 Safari/537.36"
4.193.118.98 - - [27/Apr/2026:20:59:07 +0000] "GET /admin.php HTTP/1.1" 404 11182 "-" "Mozilla/5.0 (Windows NT 10.0; Win64; x64) AppleWebKit/537.36 (KHTML, like Gecko) Chrome/120.0.0.0 Safari/537.36"
4.193.118.98 - - [27/Apr/2026:20:59:08 +0000] "GET /wp-content/uploads/index.php HTTP/1.1" 301 - "-" "Mozilla/5.0 (Windows NT 10.0; Win64; x64) AppleWebKit/537.36 (KHTML, like Gecko) Chrome/120.0.0.0 Safari/537.36"
4.193.118.98 - - [27/Apr/2026:20:59:09 +0000] "GET /cache.php HTTP/1.1" 404 11182 "-" "Mozilla/5.0 (Windows NT 10.0; Win64; x64) AppleWebKit/537.36 (KHTML, like Gecko) Chrome/120.0.0.0 Safari/537.36"
4.193.118.98 - - [27/Apr/2026:20:59:10 +0000] "GET /themes.php HTTP/1.1" 404 11181 "-" "Mozilla/5.0 (Windows NT 10.0; Win64; x64) AppleWebKit/537.36 (KHTML, like Gecko) Chrome/120.0.0.0 Safari/537.36"
4.193.118.98 - - [27/Apr/2026:20:59:11 +0000] "GET /an.php HTTP/1.1" 404 11181 "-" "Mozilla/5.0 (Windows NT 10.0; Win64; x64) AppleWebKit/537.36 (KHTML, like Gecko) Chrome/120.0.0.0 Safari/537.36"
4.193.118.98 - - [27/Apr/2026:20:59:12 +0000] "GET /index/function.php HTTP/1.1" 404 11185 "-" "Mozilla/5.0 (Windows NT 10.0; Win64; x64) AppleWebKit/537.36 (KHTML, like Gecko) Chrome/120.0.0.0 Safari/537.36"
4.193.118.98 - - [27/Apr/2026:20:59:13 +0000] "GET /randkeyword.PhP7 HTTP/1.1" 404 11191 "-" "Mozilla/5.0 (Windows NT 10.0; Win64; x64) AppleWebKit/537.36 (KHTML, like Gecko) Chrome/120.0.0.0 Safari/537.36"
4.193.118.98 - - [27/Apr/2026:20:59:14 +0000] "GET /ws.php HTTP/1.1" 404 11182 "-" "Mozilla/5.0 (Windows NT 10.0; Win64; x64) AppleWebKit/537.36 (KHTML, like Gecko) Chrome/120.0.0.0 Safari/537.36"
4.193.118.98 - - [27/Apr/2026:20:59:16 +0000] "GET /404.php HTTP/1.1" 404 11182 "-" "Mozilla/5.0 (Windows NT 10.0; Win64; x64) AppleWebKit/537.36 (KHTML, like Gecko) Chrome/120.0.0.0 Safari/537.36"
4.193.118.98 - - [27/Apr/2026:20:59:16 +0000] "GET /wp-admin/user.php HTTP/1.1" 404 11186 "-" "Mozilla/5.0 (Windows NT 10.0; Win64; x64) AppleWebKit/537.36 (KHTML, like Gecko) Chrome/120.0.0.0 Safari/537.36"
4.193.118.98 - - [27/Apr/2026:20:59:18 +0000] "GET /wp-conf.php HTTP/1.1" 404 11182 "-" "Mozilla/5.0 (Windows NT 10.0; Win64; x64) AppleWebKit/537.36 (KHTML, like Gecko) Chrome/120.0.0.0 Safari/537.36"
4.193.118.98 - - [27/Apr/2026:20:59:19 +0000] "GET /wp-content/themes/hideo/network.php HTTP/1.1" 404 11316 "-" "Mozilla/5.0 (Windows NT 10.0; Win64; x64) AppleWebKit/537.36 (KHTML, like Gecko) Chrome/120.0.0.0 Safari/537.36"
4.193.118.98 - - [27/Apr/2026:20:59:20 +0000] "GET /wp-login.php HTTP/1.1" 200 3534 "-" "Mozilla/5.0 (Windows NT 10.0; Win64; x64) AppleWebKit/537.36 (KHTML, like Gecko) Chrome/120.0.0.0 Safari/537.36"
4.193.118.98 - - [27/Apr/2026:20:59:21 +0000] "GET /abc.php HTTP/1.1" 404 11182 "-" "Mozilla/5.0 (Windows NT 10.0; Win64; x64) AppleWebKit/537.36 (KHTML, like Gecko) Chrome/120.0.0.0 Safari/537.36"
4.193.118.98 - - [27/Apr/2026:20:59:22 +0000] "GET /abcd.php HTTP/1.1" 404 11182 "-" "Mozilla/5.0 (Windows NT 10.0; Win64; x64) AppleWebKit/537.36 (KHTML, like Gecko) Chrome/120.0.0.0 Safari/537.36"
4.193.118.98 - - [27/Apr/2026:20:59:23 +0000] "GET /as.php HTTP/1.1" 404 11182 "-" "Mozilla/5.0 (Windows NT 10.0; Win64; x64) AppleWebKit/537.36 (KHTML, like Gecko) Chrome/120.0.0.0 Safari/537.36"
4.193.118.98 - - [27/Apr/2026:20:59:24 +0000] "GET /wp-trackback.php HTTP/1.1" 404 130 "-" "Mozilla/5.0 (Windows NT 10.0; Win64; x64) AppleWebKit/537.36 (KHTML, like Gecko) Chrome/120.0.0.0 Safari/537.36"
4.193.118.98 - - [27/Apr/2026:20:59:25 +0000] "GET /about.php HTTP/1.1" 404 11182 "-" "Mozilla/5.0 (Windows NT 10.0; Win64; x64) AppleWebKit/537.36 (KHTML, like Gecko) Chrome/120.0.0.0 Safari/537.36"
4.193.118.98 - - [27/Apr/2026:20:59:26 +0000] "GET /file.php HTTP/1.1" 404 11181 "-" "Mozilla/5.0 (Windows NT 10.0; Win64; x64) AppleWebKit/537.36 (KHTML, like Gecko) Chrome/120.0.0.0 Safari/537.36"
4.193.118.98 - - [27/Apr/2026:20:59:27 +0000] "GET /adminfuns.php HTTP/1.1" 404 11185 "-" "Mozilla/5.0 (Windows NT 10.0; Win64; x64) AppleWebKit/537.36 (KHTML, like Gecko) Chrome/120.0.0.0 Safari/537.36"
4.193.118.98 - - [27/Apr/2026:20:59:28 +0000] "GET /wp-good.php HTTP/1.1" 404 11184 "-" "Mozilla/5.0 (Windows NT 10.0; Win64; x64) AppleWebKit/537.36 (KHTML, like Gecko) Chrome/120.0.0.0 Safari/537.36"
4.193.118.98 - - [27/Apr/2026:20:59:29 +0000] "GET /xmlrpc.php HTTP/1.1" 404 11184 "-" "Mozilla/5.0 (Windows NT 10.0; Win64; x64) AppleWebKit/537.36 (KHTML, like Gecko) Chrome/120.0.0.0 Safari/537.36"
4.193.118.98 - - [27/Apr/2026:20:59:30 +0000] "GET /goods.php HTTP/1.1" 404 11184 "-" "Mozilla/5.0 (Windows NT 10.0; Win64; x64) AppleWebKit/537.36 (KHTML, like Gecko) Chrome/120.0.0.0 Safari/537.36"
4.193.118.98 - - [27/Apr/2026:20:59:31 +0000] "GET /class-t.api.php HTTP/1.1" 404 11187 "-" "Mozilla/5.0 (Windows NT 10.0; Win64; x64) AppleWebKit/537.36 (KHTML, like Gecko) Chrome/120.0.0.0 Safari/537.36"
4.193.118.98 - - [27/Apr/2026:20:59:32 +0000] "GET /sf.php HTTP/1.1" 404 11182 "-" "Mozilla/5.0 (Windows NT 10.0; Win64; x64) AppleWebKit/537.36 (KHTML, like Gecko) Chrome/120.0.0.0 Safari/537.36"
4.193.118.98 - - [27/Apr/2026:20:59:33 +0000] "GET /kbfr.php HTTP/1.1" 404 11183 "-" "Mozilla/5.0 (Windows NT 10.0; Win64; x64) AppleWebKit/537.36 (KHTML, like Gecko) Chrome/120.0.0.0 Safari/537.36"
4.193.118.98 - - [27/Apr/2026:20:59:34 +0000] "GET /autoload_classmap.php HTTP/1.1" 404 11190 "-" "Mozilla/5.0 (Windows NT 10.0; Win64; x64) AppleWebKit/537.36 (KHTML, like Gecko) Chrome/120.0.0.0 Safari/537.36"
4.193.118.98 - - [27/Apr/2026:20:59:35 +0000] "GET /chosen.php?p= HTTP/1.1" 301 - "-" "Mozilla/5.0 (Windows NT 10.0; Win64; x64) AppleWebKit/537.36 (KHTML, like Gecko) Chrome/120.0.0.0 Safari/537.36"
4.193.118.98 - - [27/Apr/2026:20:59:36 +0000] "GET /classwithtostring.php HTTP/1.1" 404 11187 "-" "Mozilla/5.0 (Windows NT 10.0; Win64; x64) AppleWebKit/537.36 (KHTML, like Gecko) Chrome/120.0.0.0 Safari/537.36"
4.193.118.98 - - [27/Apr/2026:20:59:37 +0000] "GET /defaults.php HTTP/1.1" 404 11183 "-" "Mozilla/5.0 (Windows NT 10.0; Win64; x64) AppleWebKit/537.36 (KHTML, like Gecko) Chrome/120.0.0.0 Safari/537.36"
4.193.118.98 - - [27/Apr/2026:20:59:38 +0000] "GET /.well-known/ HTTP/1.1" 404 11187 "-" "Mozilla/5.0 (Windows NT 10.0; Win64; x64) AppleWebKit/537.36 (KHTML, like Gecko) Chrome/120.0.0.0 Safari/537.36"
4.193.118.98 - - [27/Apr/2026:20:59:39 +0000] "GET /info.php HTTP/1.1" 404 11183 "-" "Mozilla/5.0 (Windows NT 10.0; Win64; x64) AppleWebKit/537.36 (KHTML, like Gecko) Chrome/120.0.0.0 Safari/537.36"
4.193.118.98 - - [27/Apr/2026:20:59:40 +0000] "GET /cgi-bin/ HTTP/1.1" 404 11184 "-" "Mozilla/5.0 (Windows NT 10.0; Win64; x64) AppleWebKit/537.36 (KHTML, like Gecko) Chrome/120.0.0.0 Safari/537.36"
4.193.118.98 - - [27/Apr/2026:20:59:41 +0000] "GET /wp-includes/Requests/src/Response/about.php HTTP/1.1" 404 11319 "-" "Mozilla/5.0 (Windows NT 10.0; Win64; x64) AppleWebKit/537.36 (KHTML, like Gecko) Chrome/120.0.0.0 Safari/537.36"
4.193.118.98 - - [27/Apr/2026:20:59:42 +0000] "GET /wp-includes/html-api/ HTTP/1.1" 404 11186 "-" "Mozilla/5.0 (Windows NT 10.0; Win64; x64) AppleWebKit/537.36 (KHTML, like Gecko) Chrome/120.0.0.0 Safari/537.36"
4.193.118.98 - - [27/Apr/2026:20:59:43 +0000] "GET /wp-content/admin.php HTTP/1.1" 404 11184 "-" "Mozilla/5.0 (Windows NT 10.0; Win64; x64) AppleWebKit/537.36 (KHTML, like Gecko) Chrome/120.0.0.0 Safari/537.36"
4.193.118.98 - - [27/Apr/2026:20:59:44 +0000] "GET /wp-admin/css/colors/ectoplasm/ HTTP/1.1" 404 11318 "-" "Mozilla/5.0 (Windows NT 10.0; Win64; x64) AppleWebKit/537.36 (KHTML, like Gecko) Chrome/120.0.0.0 Safari/537.36"
4.193.118.98 - - [27/Apr/2026:20:59:46 +0000] "GET /wp-content/uploads/ HTTP/1.1" 404 11180 "-" "Mozilla/5.0 (Windows NT 10.0; Win64; x64) AppleWebKit/537.36 (KHTML, like Gecko) Chrome/120.0.0.0 Safari/537.36"
4.193.118.98 - - [27/Apr/2026:20:59:47 +0000] "GET /wp-content/themes/admin.php HTTP/1.1" 404 11309 "-" "Mozilla/5.0 (Windows NT 10.0; Win64; x64) AppleWebKit/537.36 (KHTML, like Gecko) Chrome/120.0.0.0 Safari/537.36"
4.193.118.98 - - [27/Apr/2026:20:59:48 +0000] "GET /wp-content/themes/index.php HTTP/1.1" 301 - "-" "Mozilla/5.0 (Windows NT 10.0; Win64; x64) AppleWebKit/537.36 (KHTML, like Gecko) Chrome/120.0.0.0 Safari/537.36"
4.193.118.98 - - [27/Apr/2026:20:59:49 +0000] "GET /wp-content/plugins/index.php HTTP/1.1" 301 - "-" "Mozilla/5.0 (Windows NT 10.0; Win64; x64) AppleWebKit/537.36 (KHTML, like Gecko) Chrome/120.0.0.0 Safari/537.36"
4.193.118.98 - - [27/Apr/2026:20:59:50 +0000] "GET /wp-includes/PHPMailer/ HTTP/1.1" 404 11190 "-" "Mozilla/5.0 (Windows NT 10.0; Win64; x64) AppleWebKit/537.36 (KHTML, like Gecko) Chrome/120.0.0.0 Safari/537.36"
4.193.118.98 - - [27/Apr/2026:20:59:51 +0000] "GET /wp-includes/images/ HTTP/1.1" 404 11184 "-" "Mozilla/5.0 (Windows NT 10.0; Win64; x64) AppleWebKit/537.36 (KHTML, like Gecko) Chrome/120.0.0.0 Safari/537.36"
4.193.118.98 - - [27/Apr/2026:20:59:52 +0000] "GET /wp-content/plugins/WordPressCore/ HTTP/1.1" 404 11310 "-" "Mozilla/5.0 (Windows NT 10.0; Win64; x64) AppleWebKit/537.36 (KHTML, like Gecko) Chrome/120.0.0.0 Safari/537.36"
184.94.212.206 - - [27/Apr/2026:21:03:15 +0000] "POST /wp-cron.php?doing_wp_cron=1777323795.7698860168457031250000 HTTP/1.1" 200 - "-" "WordPress/6.9.4; https://instadigitalphotography.com"
192.0.102.146 - - [27/Apr/2026:21:03:14 +0000] "HEAD / HTTP/1.1" 200 - "-" "jetmon/1.0 (Jetpack Site Uptime Monitor by WordPress.com)"
184.94.212.206 - - [27/Apr/2026:21:08:21 +0000] "POST /wp-cron.php?doing_wp_cron=1777324100.9932200908660888671875 HTTP/1.1" 200 - "-" "WordPress/6.9.4; https://instadigitalphotography.com"
192.0.102.146 - - [27/Apr/2026:21:08:19 +0000] "HEAD / HTTP/1.1" 200 - "-" "jetmon/1.0 (Jetpack Site Uptime Monitor by WordPress.com)"
34.106.68.88 - - [27/Apr/2026:21:09:39 +0000] "HEAD /blog/ HTTP/1.1" 301 - "http://www.instadigitalphotography.com/blog/" "Mozilla/5.0 (Windows NT 10.0; Win64; x64) AppleWebKit/537.36 (KHTML, like Gecko) Chrome/125.0.6422.112 Safari/537.36 Brave/1.63.120"
34.106.68.88 - - [27/Apr/2026:21:09:41 +0000] "HEAD /blog/ HTTP/1.1" 200 - "https://www.instadigitalphotography.com/blog/" "Mozilla/5.0 (Windows NT 10.0; Win64; x64) AppleWebKit/537.36 (KHTML, like Gecko) Chrome/125.0.6422.112 Safari/537.36 Brave/1.63.120"
34.106.68.88 - - [27/Apr/2026:21:09:42 +0000] "HEAD /backup/ HTTP/1.1" 301 - "http://www.instadigitalphotography.com/backup/" "Mozilla/5.0 (Linux; Android 14; Xiaomi 14 Pro) AppleWebKit/537.36 (KHTML, like Gecko) Chrome/126.0.6478.33 Mobile Safari/537.36"
34.106.68.88 - - [27/Apr/2026:21:09:43 +0000] "HEAD /backup/ HTTP/1.1" 404 - "https://www.instadigitalphotography.com/backup/" "Mozilla/5.0 (Linux; Android 14; Xiaomi 14 Pro) AppleWebKit/537.36 (KHTML, like Gecko) Chrome/126.0.6478.33 Mobile Safari/537.36"
34.106.68.88 - - [27/Apr/2026:21:09:44 +0000] "HEAD /wp/ HTTP/1.1" 301 - "http://www.instadigitalphotography.com/wp/" "Mozilla/5.0 (Linux; Android 10; vivo 1904) AppleWebKit/537.36 (KHTML, like Gecko) Chrome/117.0.5938.60 Mobile Safari/537.36"
34.106.68.88 - - [27/Apr/2026:21:09:45 +0000] "HEAD /wp/ HTTP/1.1" 404 - "https://www.instadigitalphotography.com/wp/" "Mozilla/5.0 (Linux; Android 10; vivo 1904) AppleWebKit/537.36 (KHTML, like Gecko) Chrome/117.0.5938.60 Mobile Safari/537.36"
34.106.68.88 - - [27/Apr/2026:21:09:46 +0000] "HEAD /new/ HTTP/1.1" 301 - "http://www.instadigitalphotography.com/new/" "Mozilla/5.0 (Windows NT 10.0; Win64; x64; rv:127.0) Gecko/20100101 Firefox/127.0"
34.106.68.88 - - [27/Apr/2026:21:09:47 +0000] "HEAD /new/ HTTP/1.1" 404 - "https://www.instadigitalphotography.com/new/" "Mozilla/5.0 (Windows NT 10.0; Win64; x64; rv:127.0) Gecko/20100101 Firefox/127.0"
34.106.68.88 - - [27/Apr/2026:21:09:48 +0000] "HEAD / HTTP/1.1" 301 - "http://www.instadigitalphotography.com/" "Mozilla/5.0 (Windows NT 11.0; Win64; x64) AppleWebKit/537.36 (KHTML, like Gecko) Edg/128.0.2790.25 Chrome/128.0.6540.22 Safari/537.36"
34.106.68.88 - - [27/Apr/2026:21:09:48 +0000] "HEAD / HTTP/1.1" 200 - "https://www.instadigitalphotography.com/" "Mozilla/5.0 (Windows NT 11.0; Win64; x64) AppleWebKit/537.36 (KHTML, like Gecko) Edg/128.0.2790.25 Chrome/128.0.6540.22 Safari/537.36"
34.106.68.88 - - [27/Apr/2026:21:09:49 +0000] "HEAD /old/ HTTP/1.1" 301 - "http://www.instadigitalphotography.com/old/" "Mozilla/5.0 (Linux; Android 12; Redmi Note 11) AppleWebKit/537.36 (KHTML, like Gecko) Chrome/123.0.6312.112 Mobile Safari/537.36"
34.106.68.88 - - [27/Apr/2026:21:09:50 +0000] "HEAD /old/ HTTP/1.1" 404 - "https://www.instadigitalphotography.com/old/" "Mozilla/5.0 (Linux; Android 12; Redmi Note 11) AppleWebKit/537.36 (KHTML, like Gecko) Chrome/123.0.6312.112 Mobile Safari/537.36"
34.106.68.88 - - [27/Apr/2026:21:09:51 +0000] "HEAD /wordpress/ HTTP/1.1" 301 - "http://www.instadigitalphotography.com/wordpress/" "Mozilla/5.0 (Macintosh; Intel Mac OS X 15_0) AppleWebKit/537.36 (KHTML, like Gecko) Chrome/125.0.6422.141 Safari/537.36"
34.106.68.88 - - [27/Apr/2026:21:09:52 +0000] "HEAD /wordpress/ HTTP/1.1" 404 - "https://www.instadigitalphotography.com/wordpress/" "Mozilla/5.0 (Macintosh; Intel Mac OS X 15_0) AppleWebKit/537.36 (KHTML, like Gecko) Chrome/125.0.6422.141 Safari/537.36"
184.94.212.206 - - [27/Apr/2026:21:13:21 +0000] "POST /wp-cron.php?doing_wp_cron=1777324401.5774080753326416015625 HTTP/1.1" 200 - "-" "WordPress/6.9.4; https://instadigitalphotography.com"
192.0.102.146 - - [27/Apr/2026:21:13:20 +0000] "HEAD / HTTP/1.1" 200 - "-" "jetmon/1.0 (Jetpack Site Uptime Monitor by WordPress.com)"
216.244.66.203 - - [27/Apr/2026:21:13:58 +0000] "GET /robots.txt HTTP/1.1" 200 304 "-" "Mozilla/5.0 (compatible; DotBot/1.2; +https://opensiteexplorer.org/dotbot; help@moz.com)"
184.94.212.206 - - [27/Apr/2026:21:18:21 +0000] "POST /wp-cron.php?doing_wp_cron=1777324701.0362100601196289062500 HTTP/1.1" 200 - "-" "WordPress/6.9.4; https://instadigitalphotography.com"
192.0.102.146 - - [27/Apr/2026:21:18:19 +0000] "HEAD / HTTP/1.1" 200 - "-" "jetmon/1.0 (Jetpack Site Uptime Monitor by WordPress.com)"
184.94.212.206 - - [27/Apr/2026:21:22:02 +0000] "POST /wp-cron.php?doing_wp_cron=1777324922.0126900672912597656250 HTTP/1.1" 200 - "-" "WordPress/6.9.4; https://instadigitalphotography.com"
103.39.132.40 - - [27/Apr/2026:21:22:00 +0000] "POST /wp-login.php HTTP/1.1" 401 1458 "-" "Mozilla/5.0 (Windows NT 10.0; rv:142.0) Gecko/20100101 Firefox/142.0"
184.94.212.206 - - [27/Apr/2026:21:23:22 +0000] "POST /wp-cron.php?doing_wp_cron=1777325002.2318000793457031250000 HTTP/1.1" 200 - "-" "WordPress/6.9.4; https://instadigitalphotography.com"
192.0.102.146 - - [27/Apr/2026:21:23:20 +0000] "HEAD / HTTP/1.1" 200 - "-" "jetmon/1.0 (Jetpack Site Uptime Monitor by WordPress.com)"
57.141.18.96 - - [27/Apr/2026:21:24:56 +0000] "GET /image-sitemap-1.xml HTTP/1.1" 200 9266 "-" "meta-externalagent/1.1 (+https://developers.facebook.com/docs/sharing/webmasters/crawler)"
184.94.212.206 - - [27/Apr/2026:21:28:26 +0000] "POST /wp-cron.php?doing_wp_cron=1777325306.7516798973083496093750 HTTP/1.1" 200 - "-" "WordPress/6.9.4; https://instadigitalphotography.com"
192.0.102.146 - - [27/Apr/2026:21:28:24 +0000] "HEAD / HTTP/1.1" 200 - "-" "jetmon/1.0 (Jetpack Site Uptime Monitor by WordPress.com)"
20.92.73.174 - - [27/Apr/2026:21:29:37 +0000] "GET /inputs.php HTTP/1.1" 404 11187 "-" "Mozilla/5.0 (Windows NT 10.0; Win64; x64) AppleWebKit/537.36 (KHTML, like Gecko) Chrome/120.0.0.0 Safari/537.36"
20.92.73.174 - - [27/Apr/2026:21:29:39 +0000] "GET /ioxi-o.php HTTP/1.1" 404 11188 "-" "Mozilla/5.0 (Windows NT 10.0; Win64; x64) AppleWebKit/537.36 (KHTML, like Gecko) Chrome/120.0.0.0 Safari/537.36"
20.92.73.174 - - [27/Apr/2026:21:29:40 +0000] "GET /function/function.php HTTP/1.1" 404 11188 "-" "Mozilla/5.0 (Windows NT 10.0; Win64; x64) AppleWebKit/537.36 (KHTML, like Gecko) Chrome/120.0.0.0 Safari/537.36"
20.92.73.174 - - [27/Apr/2026:21:29:41 +0000] "GET /rip.php HTTP/1.1" 404 11185 "-" "Mozilla/5.0 (Windows NT 10.0; Win64; x64) AppleWebKit/537.36 (KHTML, like Gecko) Chrome/120.0.0.0 Safari/537.36"
20.92.73.174 - - [27/Apr/2026:21:29:42 +0000] "GET /admin.php HTTP/1.1" 404 11186 "-" "Mozilla/5.0 (Windows NT 10.0; Win64; x64) AppleWebKit/537.36 (KHTML, like Gecko) Chrome/120.0.0.0 Safari/537.36"
20.92.73.174 - - [27/Apr/2026:21:29:43 +0000] "GET /wp-content/uploads/index.php HTTP/1.1" 301 - "-" "Mozilla/5.0 (Windows NT 10.0; Win64; x64) AppleWebKit/537.36 (KHTML, like Gecko) Chrome/120.0.0.0 Safari/537.36"
20.92.73.174 - - [27/Apr/2026:21:29:49 +0000] "GET /cache.php HTTP/1.1" 404 11186 "-" "Mozilla/5.0 (Windows NT 10.0; Win64; x64) AppleWebKit/537.36 (KHTML, like Gecko) Chrome/120.0.0.0 Safari/537.36"
20.92.73.174 - - [27/Apr/2026:21:29:51 +0000] "GET /themes.php HTTP/1.1" 404 11185 "-" "Mozilla/5.0 (Windows NT 10.0; Win64; x64) AppleWebKit/537.36 (KHTML, like Gecko) Chrome/120.0.0.0 Safari/537.36"
20.92.73.174 - - [27/Apr/2026:21:29:52 +0000] "GET /an.php HTTP/1.1" 404 11185 "-" "Mozilla/5.0 (Windows NT 10.0; Win64; x64) AppleWebKit/537.36 (KHTML, like Gecko) Chrome/120.0.0.0 Safari/537.36"
20.92.73.174 - - [27/Apr/2026:21:29:53 +0000] "GET /index/function.php HTTP/1.1" 404 11189 "-" "Mozilla/5.0 (Windows NT 10.0; Win64; x64) AppleWebKit/537.36 (KHTML, like Gecko) Chrome/120.0.0.0 Safari/537.36"
20.92.73.174 - - [27/Apr/2026:21:29:54 +0000] "GET /randkeyword.PhP7 HTTP/1.1" 404 11195 "-" "Mozilla/5.0 (Windows NT 10.0; Win64; x64) AppleWebKit/537.36 (KHTML, like Gecko) Chrome/120.0.0.0 Safari/537.36"
20.92.73.174 - - [27/Apr/2026:21:29:55 +0000] "GET /ws.php HTTP/1.1" 404 11186 "-" "Mozilla/5.0 (Windows NT 10.0; Win64; x64) AppleWebKit/537.36 (KHTML, like Gecko) Chrome/120.0.0.0 Safari/537.36"
20.92.73.174 - - [27/Apr/2026:21:29:56 +0000] "GET /404.php HTTP/1.1" 404 11186 "-" "Mozilla/5.0 (Windows NT 10.0; Win64; x64) AppleWebKit/537.36 (KHTML, like Gecko) Chrome/120.0.0.0 Safari/537.36"
20.92.73.174 - - [27/Apr/2026:21:29:57 +0000] "GET /wp-admin/user.php HTTP/1.1" 404 11190 "-" "Mozilla/5.0 (Windows NT 10.0; Win64; x64) AppleWebKit/537.36 (KHTML, like Gecko) Chrome/120.0.0.0 Safari/537.36"
20.92.73.174 - - [27/Apr/2026:21:29:58 +0000] "GET /wp-conf.php HTTP/1.1" 404 11186 "-" "Mozilla/5.0 (Windows NT 10.0; Win64; x64) AppleWebKit/537.36 (KHTML, like Gecko) Chrome/120.0.0.0 Safari/537.36"
20.92.73.174 - - [27/Apr/2026:21:29:59 +0000] "GET /wp-content/themes/hideo/network.php HTTP/1.1" 404 11320 "-" "Mozilla/5.0 (Windows NT 10.0; Win64; x64) AppleWebKit/537.36 (KHTML, like Gecko) Chrome/120.0.0.0 Safari/537.36"
20.92.73.174 - - [27/Apr/2026:21:30:00 +0000] "GET /wp-login.php HTTP/1.1" 200 3533 "-" "Mozilla/5.0 (Windows NT 10.0; Win64; x64) AppleWebKit/537.36 (KHTML, like Gecko) Chrome/120.0.0.0 Safari/537.36"
20.92.73.174 - - [27/Apr/2026:21:30:01 +0000] "GET /abc.php HTTP/1.1" 404 11186 "-" "Mozilla/5.0 (Windows NT 10.0; Win64; x64) AppleWebKit/537.36 (KHTML, like Gecko) Chrome/120.0.0.0 Safari/537.36"
20.92.73.174 - - [27/Apr/2026:21:30:03 +0000] "GET /abcd.php HTTP/1.1" 404 11187 "-" "Mozilla/5.0 (Windows NT 10.0; Win64; x64) AppleWebKit/537.36 (KHTML, like Gecko) Chrome/120.0.0.0 Safari/537.36"
20.92.73.174 - - [27/Apr/2026:21:30:05 +0000] "GET /as.php HTTP/1.1" 404 11185 "-" "Mozilla/5.0 (Windows NT 10.0; Win64; x64) AppleWebKit/537.36 (KHTML, like Gecko) Chrome/120.0.0.0 Safari/537.36"
184.94.212.206 - - [27/Apr/2026:21:30:07 +0000] "POST /wp-cron.php?doing_wp_cron=1777325407.2153038978576660156250 HTTP/1.1" 200 - "-" "WordPress/6.9.4; https://instadigitalphotography.com"
20.92.73.174 - - [27/Apr/2026:21:30:06 +0000] "GET /wp-trackback.php HTTP/1.1" 404 130 "-" "Mozilla/5.0 (Windows NT 10.0; Win64; x64) AppleWebKit/537.36 (KHTML, like Gecko) Chrome/120.0.0.0 Safari/537.36"
20.92.73.174 - - [27/Apr/2026:21:30:07 +0000] "GET /about.php HTTP/1.1" 404 11186 "-" "Mozilla/5.0 (Windows NT 10.0; Win64; x64) AppleWebKit/537.36 (KHTML, like Gecko) Chrome/120.0.0.0 Safari/537.36"
20.92.73.174 - - [27/Apr/2026:21:30:08 +0000] "GET /file.php HTTP/1.1" 404 11186 "-" "Mozilla/5.0 (Windows NT 10.0; Win64; x64) AppleWebKit/537.36 (KHTML, like Gecko) Chrome/120.0.0.0 Safari/537.36"
20.92.73.174 - - [27/Apr/2026:21:30:09 +0000] "GET /adminfuns.php HTTP/1.1" 404 11189 "-" "Mozilla/5.0 (Windows NT 10.0; Win64; x64) AppleWebKit/537.36 (KHTML, like Gecko) Chrome/120.0.0.0 Safari/537.36"
20.92.73.174 - - [27/Apr/2026:21:30:10 +0000] "GET /wp-good.php HTTP/1.1" 404 11188 "-" "Mozilla/5.0 (Windows NT 10.0; Win64; x64) AppleWebKit/537.36 (KHTML, like Gecko) Chrome/120.0.0.0 Safari/537.36"
20.92.73.174 - - [27/Apr/2026:21:30:12 +0000] "GET /xmlrpc.php HTTP/1.1" 404 11188 "-" "Mozilla/5.0 (Windows NT 10.0; Win64; x64) AppleWebKit/537.36 (KHTML, like Gecko) Chrome/120.0.0.0 Safari/537.36"
20.92.73.174 - - [27/Apr/2026:21:30:13 +0000] "GET /goods.php HTTP/1.1" 404 11188 "-" "Mozilla/5.0 (Windows NT 10.0; Win64; x64) AppleWebKit/537.36 (KHTML, like Gecko) Chrome/120.0.0.0 Safari/537.36"
20.92.73.174 - - [27/Apr/2026:21:30:14 +0000] "GET /class-t.api.php HTTP/1.1" 404 11191 "-" "Mozilla/5.0 (Windows NT 10.0; Win64; x64) AppleWebKit/537.36 (KHTML, like Gecko) Chrome/120.0.0.0 Safari/537.36"
20.92.73.174 - - [27/Apr/2026:21:30:15 +0000] "GET /sf.php HTTP/1.1" 404 11186 "-" "Mozilla/5.0 (Windows NT 10.0; Win64; x64) AppleWebKit/537.36 (KHTML, like Gecko) Chrome/120.0.0.0 Safari/537.36"
20.92.73.174 - - [27/Apr/2026:21:30:16 +0000] "GET /kbfr.php HTTP/1.1" 404 11187 "-" "Mozilla/5.0 (Windows NT 10.0; Win64; x64) AppleWebKit/537.36 (KHTML, like Gecko) Chrome/120.0.0.0 Safari/537.36"
20.92.73.174 - - [27/Apr/2026:21:30:17 +0000] "GET /autoload_classmap.php HTTP/1.1" 404 11194 "-" "Mozilla/5.0 (Windows NT 10.0; Win64; x64) AppleWebKit/537.36 (KHTML, like Gecko) Chrome/120.0.0.0 Safari/537.36"
20.92.73.174 - - [27/Apr/2026:21:30:18 +0000] "GET /chosen.php?p= HTTP/1.1" 301 - "-" "Mozilla/5.0 (Windows NT 10.0; Win64; x64) AppleWebKit/537.36 (KHTML, like Gecko) Chrome/120.0.0.0 Safari/537.36"
20.92.73.174 - - [27/Apr/2026:21:30:19 +0000] "GET /classwithtostring.php HTTP/1.1" 404 11191 "-" "Mozilla/5.0 (Windows NT 10.0; Win64; x64) AppleWebKit/537.36 (KHTML, like Gecko) Chrome/120.0.0.0 Safari/537.36"
20.92.73.174 - - [27/Apr/2026:21:30:20 +0000] "GET /defaults.php HTTP/1.1" 404 11187 "-" "Mozilla/5.0 (Windows NT 10.0; Win64; x64) AppleWebKit/537.36 (KHTML, like Gecko) Chrome/120.0.0.0 Safari/537.36"
20.92.73.174 - - [27/Apr/2026:21:30:21 +0000] "GET /.well-known/ HTTP/1.1" 404 11191 "-" "Mozilla/5.0 (Windows NT 10.0; Win64; x64) AppleWebKit/537.36 (KHTML, like Gecko) Chrome/120.0.0.0 Safari/537.36"
20.92.73.174 - - [27/Apr/2026:21:30:22 +0000] "GET /info.php HTTP/1.1" 404 11186 "-" "Mozilla/5.0 (Windows NT 10.0; Win64; x64) AppleWebKit/537.36 (KHTML, like Gecko) Chrome/120.0.0.0 Safari/537.36"
20.92.73.174 - - [27/Apr/2026:21:30:23 +0000] "GET /cgi-bin/ HTTP/1.1" 404 11188 "-" "Mozilla/5.0 (Windows NT 10.0; Win64; x64) AppleWebKit/537.36 (KHTML, like Gecko) Chrome/120.0.0.0 Safari/537.36"
20.92.73.174 - - [27/Apr/2026:21:30:24 +0000] "GET /wp-includes/Requests/src/Response/about.php HTTP/1.1" 404 11322 "-" "Mozilla/5.0 (Windows NT 10.0; Win64; x64) AppleWebKit/537.36 (KHTML, like Gecko) Chrome/120.0.0.0 Safari/537.36"
20.92.73.174 - - [27/Apr/2026:21:30:25 +0000] "GET /wp-includes/html-api/ HTTP/1.1" 404 11190 "-" "Mozilla/5.0 (Windows NT 10.0; Win64; x64) AppleWebKit/537.36 (KHTML, like Gecko) Chrome/120.0.0.0 Safari/537.36"
20.92.73.174 - - [27/Apr/2026:21:30:26 +0000] "GET /wp-content/admin.php HTTP/1.1" 404 11188 "-" "Mozilla/5.0 (Windows NT 10.0; Win64; x64) AppleWebKit/537.36 (KHTML, like Gecko) Chrome/120.0.0.0 Safari/537.36"
20.92.73.174 - - [27/Apr/2026:21:30:27 +0000] "GET /wp-admin/css/colors/ectoplasm/ HTTP/1.1" 404 11322 "-" "Mozilla/5.0 (Windows NT 10.0; Win64; x64) AppleWebKit/537.36 (KHTML, like Gecko) Chrome/120.0.0.0 Safari/537.36"
20.92.73.174 - - [27/Apr/2026:21:30:28 +0000] "GET /wp-content/uploads/ HTTP/1.1" 404 11184 "-" "Mozilla/5.0 (Windows NT 10.0; Win64; x64) AppleWebKit/537.36 (KHTML, like Gecko) Chrome/120.0.0.0 Safari/537.36"
20.92.73.174 - - [27/Apr/2026:21:30:29 +0000] "GET /wp-content/themes/admin.php HTTP/1.1" 404 11311 "-" "Mozilla/5.0 (Windows NT 10.0; Win64; x64) AppleWebKit/537.36 (KHTML, like Gecko) Chrome/120.0.0.0 Safari/537.36"
20.92.73.174 - - [27/Apr/2026:21:30:30 +0000] "GET /wp-content/themes/index.php HTTP/1.1" 301 - "-" "Mozilla/5.0 (Windows NT 10.0; Win64; x64) AppleWebKit/537.36 (KHTML, like Gecko) Chrome/120.0.0.0 Safari/537.36"
20.92.73.174 - - [27/Apr/2026:21:30:31 +0000] "GET /wp-content/plugins/index.php HTTP/1.1" 301 - "-" "Mozilla/5.0 (Windows NT 10.0; Win64; x64) AppleWebKit/537.36 (KHTML, like Gecko) Chrome/120.0.0.0 Safari/537.36"
20.92.73.174 - - [27/Apr/2026:21:30:32 +0000] "GET /wp-includes/PHPMailer/ HTTP/1.1" 404 11194 "-" "Mozilla/5.0 (Windows NT 10.0; Win64; x64) AppleWebKit/537.36 (KHTML, like Gecko) Chrome/120.0.0.0 Safari/537.36"
20.92.73.174 - - [27/Apr/2026:21:30:33 +0000] "GET /wp-includes/images/ HTTP/1.1" 404 11188 "-" "Mozilla/5.0 (Windows NT 10.0; Win64; x64) AppleWebKit/537.36 (KHTML, like Gecko) Chrome/120.0.0.0 Safari/537.36"
20.92.73.174 - - [27/Apr/2026:21:30:34 +0000] "GET /wp-content/plugins/WordPressCore/ HTTP/1.1" 404 11314 "-" "Mozilla/5.0 (Windows NT 10.0; Win64; x64) AppleWebKit/537.36 (KHTML, like Gecko) Chrome/120.0.0.0 Safari/537.36"
184.94.212.206 - - [27/Apr/2026:21:32:21 +0000] "POST /wp-cron.php?doing_wp_cron=1777325541.8325829505920410156250 HTTP/1.1" 200 - "-" "WordPress/6.9.4; https://instadigitalphotography.com"
144.31.35.26 - - [27/Apr/2026:21:32:20 +0000] "GET /wp-json/oembed/1.0/embed?url=https%3A%2F%2Finstadigitalphotography.com%2Fget-your-photography-questions-answered-here%2F&format=xml HTTP/1.1" 200 1489 "-" "Mozilla/5.0 (Macintosh; Intel Mac OS X 10_15_7) AppleWebKit/537.36 (KHTML, like Gecko) Chrome/135.0.0.0 Safari/537.36"
184.94.212.206 - - [27/Apr/2026:21:33:17 +0000] "POST /wp-cron.php?doing_wp_cron=1777325597.9388699531555175781250 HTTP/1.1" 200 - "-" "WordPress/6.9.4; https://instadigitalphotography.com"
192.0.102.146 - - [27/Apr/2026:21:33:16 +0000] "HEAD / HTTP/1.1" 200 - "-" "jetmon/1.0 (Jetpack Site Uptime Monitor by WordPress.com)"
216.244.66.203 - - [27/Apr/2026:21:33:59 +0000] "GET /tricks-and-tips-on-how-to-take-better-photos/?share=facebook HTTP/1.1" 302 - "-" "Mozilla/5.0 (compatible; DotBot/1.2; +https://opensiteexplorer.org/dotbot; help@moz.com)"
184.94.212.206 - - [27/Apr/2026:21:36:49 +0000] "POST /wp-cron.php?doing_wp_cron=1777325809.1662709712982177734375 HTTP/1.1" 200 - "-" "WordPress/6.9.4; https://instadigitalphotography.com"
77.75.78.165 - - [27/Apr/2026:21:36:47 +0000] "GET /tips-from-the-pros-on-how-to-take-better-pictures/ HTTP/1.1" 200 16333 "-" "Mozilla/5.0 (compatible; SeznamBot/4.0; +https://o-seznam.cz/napoveda/vyhledavani/en/seznambot-crawler/)"
47.128.58.240 - - [27/Apr/2026:21:37:06 +0000] "GET /robots.txt HTTP/1.1" 200 155 "-" "Mozilla/5.0 (Linux; Android 5.0) AppleWebKit/537.36 (KHTML, like Gecko) Mobile Safari/537.36 (compatible; Bytespider; spider-feedback@bytedance.com)"
184.94.212.206 - - [27/Apr/2026:21:38:19 +0000] "POST /wp-cron.php?doing_wp_cron=1777325899.2898869514465332031250 HTTP/1.1" 200 - "-" "WordPress/6.9.4; https://instadigitalphotography.com"
192.0.102.146 - - [27/Apr/2026:21:38:17 +0000] "HEAD / HTTP/1.1" 200 - "-" "jetmon/1.0 (Jetpack Site Uptime Monitor by WordPress.com)"
173.239.211.149 - - [27/Apr/2026:21:39:14 +0000] "POST /wp-login.php HTTP/1.1" 401 3474 "-" "Mozilla/5.0"
184.94.212.206 - - [27/Apr/2026:21:43:19 +0000] "POST /wp-cron.php?doing_wp_cron=1777326199.7062709331512451171875 HTTP/1.1" 200 - "-" "WordPress/6.9.4; https://instadigitalphotography.com"
192.0.102.146 - - [27/Apr/2026:21:43:18 +0000] "HEAD / HTTP/1.1" 200 - "-" "jetmon/1.0 (Jetpack Site Uptime Monitor by WordPress.com)"
184.94.212.206 - - [27/Apr/2026:21:48:19 +0000] "POST /wp-cron.php?doing_wp_cron=1777326499.4942059516906738281250 HTTP/1.1" 200 - "-" "WordPress/6.9.4; https://instadigitalphotography.com"
192.0.102.146 - - [27/Apr/2026:21:48:18 +0000] "HEAD / HTTP/1.1" 200 - "-" "jetmon/1.0 (Jetpack Site Uptime Monitor by WordPress.com)"
