File: //home/primrwxj/logs/instadigitalphotography.primemusicproductions.com-ssl_log.bkup
184.94.212.206 - - [27/Apr/2026:12:03:20 +0000] "POST /wp-cron.php?doing_wp_cron=1777291400.7863779067993164062500 HTTP/1.1" 200 - "-" "WordPress/6.9.4; https://instadigitalphotography.com"
192.0.102.146 - - [27/Apr/2026:12:03:19 +0000] "HEAD / HTTP/1.1" 200 - "-" "jetmon/1.0 (Jetpack Site Uptime Monitor by WordPress.com)"
81.167.26.57 - - [27/Apr/2026:12:03:53 +0000] "GET /robots.txt HTTP/1.1" 200 304 "-" "Mozilla/5.0 (compatible; MJ12bot/v1.4.8; http://mj12bot.com/)"
81.167.26.57 - - [27/Apr/2026:12:03:58 +0000] "GET /fun-tips-and-techniques-for-great-pictures/?share=tumblr HTTP/1.1" 302 - "-" "Mozilla/5.0 (compatible; MJ12bot/v1.4.8; http://mj12bot.com/)"
77.75.77.17 - - [27/Apr/2026:12:05:03 +0000] "GET /category/equipment/ HTTP/1.1" 200 34718 "-" "Mozilla/5.0 (compatible; SeznamBot/4.0; +https://o-seznam.cz/napoveda/vyhledavani/en/seznambot-crawler/)"
184.94.212.206 - - [27/Apr/2026:12:06:51 +0000] "POST /wp-cron.php?doing_wp_cron=1777291611.3075098991394042968750 HTTP/1.1" 200 - "-" "WordPress/6.9.4; https://instadigitalphotography.com"
38.171.57.214 - - [27/Apr/2026:12:06:49 +0000] "GET /anti-spam-policy/ HTTP/1.1" 200 13786 "-" "Mozilla/5.0 (Windows NT 5.1) AppleWebKit/537.36 (KHTML, like Gecko) Chrome/27.0.1453.93 Safari/537.36"
184.94.212.206 - - [27/Apr/2026:12:08:20 +0000] "POST /wp-cron.php?doing_wp_cron=1777291700.0139310359954833984375 HTTP/1.1" 200 - "-" "WordPress/6.9.4; https://instadigitalphotography.com"
192.0.102.146 - - [27/Apr/2026:12:08:18 +0000] "HEAD / HTTP/1.1" 200 - "-" "jetmon/1.0 (Jetpack Site Uptime Monitor by WordPress.com)"
184.94.212.206 - - [27/Apr/2026:12:11:36 +0000] "POST /wp-cron.php?doing_wp_cron=1777291896.4197518825531005859375 HTTP/1.1" 200 - "-" "WordPress/6.9.4; https://instadigitalphotography.com"
136.118.55.76 - - [27/Apr/2026:12:11:34 +0000] "GET / HTTP/1.1" 200 12473 "http://instadigitalphotography.com" "Mozilla/5.0 (compatible; CMS-Checker/1.0; +https://example.com)"
184.94.212.206 - - [27/Apr/2026:12:13:19 +0000] "POST /wp-cron.php?doing_wp_cron=1777291999.4958050251007080078125 HTTP/1.1" 200 - "-" "WordPress/6.9.4; https://instadigitalphotography.com"
192.0.102.146 - - [27/Apr/2026:12:13:18 +0000] "HEAD / HTTP/1.1" 200 - "-" "jetmon/1.0 (Jetpack Site Uptime Monitor by WordPress.com)"
184.94.212.206 - - [27/Apr/2026:12:18:21 +0000] "POST /wp-cron.php?doing_wp_cron=1777292301.4260630607604980468750 HTTP/1.1" 200 - "-" "WordPress/6.9.4; https://instadigitalphotography.com"
192.0.102.146 - - [27/Apr/2026:12:18:19 +0000] "HEAD / HTTP/1.1" 200 - "-" "jetmon/1.0 (Jetpack Site Uptime Monitor by WordPress.com)"
184.94.212.206 - - [27/Apr/2026:12:23:20 +0000] "POST /wp-cron.php?doing_wp_cron=1777292600.9416279792785644531250 HTTP/1.1" 200 - "-" "WordPress/6.9.4; https://instadigitalphotography.com"
192.0.102.146 - - [27/Apr/2026:12:23:19 +0000] "HEAD / HTTP/1.1" 200 - "-" "jetmon/1.0 (Jetpack Site Uptime Monitor by WordPress.com)"
184.94.212.206 - - [27/Apr/2026:12:28:25 +0000] "POST /wp-cron.php?doing_wp_cron=1777292905.4482529163360595703125 HTTP/1.1" 200 - "-" "WordPress/6.9.4; https://instadigitalphotography.com"
192.0.102.146 - - [27/Apr/2026:12:28:23 +0000] "HEAD / HTTP/1.1" 200 - "-" "jetmon/1.0 (Jetpack Site Uptime Monitor by WordPress.com)"
184.94.212.206 - - [27/Apr/2026:12:32:48 +0000] "POST /wp-cron.php?doing_wp_cron=1777293168.0667390823364257812500 HTTP/1.1" 200 - "-" "WordPress/6.9.4; https://instadigitalphotography.com"
51.89.12.179 - - [27/Apr/2026:12:32:46 +0000] "GET /blog-verify HTTP/1.1" 404 45268 "-" "Mozilla/5.0 (Macintosh; Intel Mac OS X 10_15_7) AppleWebKit/537.36 (KHTML, like Gecko) Chrome/147.0.0.0 Safari/537.36"
184.94.212.206 - - [27/Apr/2026:12:33:16 +0000] "POST /wp-cron.php?doing_wp_cron=1777293196.4695980548858642578125 HTTP/1.1" 200 - "-" "WordPress/6.9.4; https://instadigitalphotography.com"
192.0.102.146 - - [27/Apr/2026:12:33:15 +0000] "HEAD / HTTP/1.1" 200 - "-" "jetmon/1.0 (Jetpack Site Uptime Monitor by WordPress.com)"
73.29.92.236 - - [27/Apr/2026:12:34:55 +0000] "GET /privacy-policy/ HTTP/1.1" 200 15393 "-" "Mozilla/5.0 (Windows NT 10.0; Win64; x64) AppleWebKit/537.36 (KHTML, like Gecko) Chrome/104.0.0.0 Safari/537.36"
184.94.212.206 - - [27/Apr/2026:12:38:19 +0000] "POST /wp-cron.php?doing_wp_cron=1777293499.8295838832855224609375 HTTP/1.1" 200 - "-" "WordPress/6.9.4; https://instadigitalphotography.com"
192.0.102.146 - - [27/Apr/2026:12:38:18 +0000] "HEAD / HTTP/1.1" 200 - "-" "jetmon/1.0 (Jetpack Site Uptime Monitor by WordPress.com)"
184.94.212.206 - - [27/Apr/2026:12:41:44 +0000] "POST /wp-cron.php?doing_wp_cron=1777293703.9836590290069580078125 HTTP/1.1" 200 - "-" "WordPress/6.9.4; https://instadigitalphotography.com"
114.119.140.190 - - [27/Apr/2026:12:41:41 +0000] "GET /unleash-the-power-of-instagram-how-canvas-versatile-design-tools-can-help-you-create-stunning-graphics-and-boost-your-followers?share=reddit& HTTP/1.1" 302 - "https://instadigitalphotography.com/author/h0tn1ch3s?amp" "Mozilla/5.0 (Linux; Android 7.0;) AppleWebKit/537.36 (HTML, like Gecko) Mobile Safari/537.36 (compatible; PetalBot;+https://webmaster.petalsearch.com/site/petalbot)"
184.94.212.206 - - [27/Apr/2026:12:43:11 +0000] "POST /wp-cron.php?doing_wp_cron=1777293788.4282460212707519531250 HTTP/1.1" 200 - "-" "WordPress/6.9.4; https://instadigitalphotography.com"
14.181.88.29 - - [27/Apr/2026:12:43:06 +0000] "GET /copyright-dcma-notice/ HTTP/1.1" 200 15840 "-" "Mozilla/5.0 (Macintosh; Intel Mac OS X 10_15_2) AppleWebKit/537.36 (KHTML, like Gecko) Chrome/98.0.4758.80 Safari/537.36"
192.0.102.146 - - [27/Apr/2026:12:43:26 +0000] "HEAD / HTTP/1.1" 200 - "-" "jetmon/1.0 (Jetpack Site Uptime Monitor by WordPress.com)"
184.94.212.206 - - [27/Apr/2026:12:45:39 +0000] "POST /wp-cron.php?doing_wp_cron=1777293939.9455969333648681640625 HTTP/1.1" 200 - "-" "WordPress/6.9.4; https://instadigitalphotography.com"
45.148.10.120 - - [27/Apr/2026:12:45:38 +0000] "GET /.git/config HTTP/1.1" 404 11184 "-" "Mozilla/5.0 (X11; Linux x86_64) AppleWebKit/537.36 (KHTML, like Gecko) Chrome/73.0.3683.103 Safari/537.36"
184.94.212.206 - - [27/Apr/2026:12:46:25 +0000] "POST /wp-cron.php?doing_wp_cron=1777293985.3885700702667236328125 HTTP/1.1" 200 - "-" "WordPress/6.9.4; https://instadigitalphotography.com"
54.80.73.122 - - [27/Apr/2026:12:46:24 +0000] "GET /simple-tips-to-help-you-take-great-pictures/ HTTP/1.1" 200 16940 "-" "Mozilla/5.0 AppleWebKit/537.36 (KHTML, like Gecko; compatible; Amazonbot/0.1; +https://developer.amazon.com/support/amazonbot) Chrome/119.0.6045.214 Safari/537.36"
184.94.212.206 - - [27/Apr/2026:12:48:20 +0000] "POST /wp-cron.php?doing_wp_cron=1777294099.8966019153594970703125 HTTP/1.1" 200 - "-" "WordPress/6.9.4; https://instadigitalphotography.com"
192.0.102.146 - - [27/Apr/2026:12:48:18 +0000] "HEAD / HTTP/1.1" 200 - "-" "jetmon/1.0 (Jetpack Site Uptime Monitor by WordPress.com)"
184.94.212.206 - - [27/Apr/2026:12:51:12 +0000] "POST /wp-cron.php?doing_wp_cron=1777294272.4528200626373291015625 HTTP/1.1" 200 - "-" "WordPress/6.9.4; https://instadigitalphotography.com"
190.181.150.101 - - [27/Apr/2026:12:51:10 +0000] "GET /the-best-in-professional-photography-tips-and-tricks/?share=twitter HTTP/1.1" 302 - "-" "Mozilla/5.0 (Windows NT 6.1) AppleWebKit/537.36 (KHTML, like Gecko) Chrome/79.0.3945.117 Safari/537.36"
184.94.212.206 - - [27/Apr/2026:12:53:21 +0000] "POST /wp-cron.php?doing_wp_cron=1777294401.1286239624023437500000 HTTP/1.1" 200 - "-" "WordPress/6.9.4; https://instadigitalphotography.com"
192.0.102.146 - - [27/Apr/2026:12:53:19 +0000] "HEAD / HTTP/1.1" 200 - "-" "jetmon/1.0 (Jetpack Site Uptime Monitor by WordPress.com)"
66.249.66.74 - - [27/Apr/2026:12:54:21 +0000] "GET /ads.txt HTTP/1.1" 304 - "-" "Google-adstxt"
184.94.212.206 - - [27/Apr/2026:12:58:26 +0000] "POST /wp-cron.php?doing_wp_cron=1777294706.4942219257354736328125 HTTP/1.1" 200 - "-" "WordPress/6.9.4; https://instadigitalphotography.com"
192.0.102.146 - - [27/Apr/2026:12:58:25 +0000] "HEAD / HTTP/1.1" 200 - "-" "jetmon/1.0 (Jetpack Site Uptime Monitor by WordPress.com)"
184.94.212.206 - - [27/Apr/2026:13:03:20 +0000] "POST /wp-cron.php?doing_wp_cron=1777295000.2313749790191650390625 HTTP/1.1" 200 - "-" "WordPress/6.9.4; https://instadigitalphotography.com"
192.0.102.146 - - [27/Apr/2026:13:03:18 +0000] "HEAD / HTTP/1.1" 200 - "-" "jetmon/1.0 (Jetpack Site Uptime Monitor by WordPress.com)"
34.170.137.56 - - [27/Apr/2026:13:05:05 +0000] "GET / HTTP/1.1" 200 12473 "http://instadigitalphotography.com" "Mozilla/5.0 (compatible; CMS-Checker/1.0; +https://example.com)"
184.94.212.206 - - [27/Apr/2026:13:07:24 +0000] "POST /wp-cron.php?doing_wp_cron=1777295244.5153830051422119140625 HTTP/1.1" 200 - "-" "WordPress/6.9.4; https://instadigitalphotography.com"
190.84.119.107 - - [27/Apr/2026:13:07:22 +0000] "GET /top-10-digital-cameras-based-on-their-popularity-features-and-performance/?amp HTTP/1.1" 200 26089 "-" "Mozilla/5.0 (Windows NT 6.1) AppleWebKit/537.36 (KHTML, like Gecko) Chrome/80.0.3987.132 Safari/537.36"
5.133.192.138 - - [27/Apr/2026:13:07:37 +0000] "GET / HTTP/1.1" 200 12472 "-" "Mozilla/5.0 (Windows NT 10.0; Win64; x64) AppleWebKit/537.36 (KHTML, like Gecko) Chrome/105.0.0.0 Safari/537.36"
184.94.212.206 - - [27/Apr/2026:13:08:24 +0000] "POST /wp-cron.php?doing_wp_cron=1777295304.0311670303344726562500 HTTP/1.1" 200 - "-" "WordPress/6.9.4; https://instadigitalphotography.com"
192.0.102.146 - - [27/Apr/2026:13:08:22 +0000] "HEAD / HTTP/1.1" 200 - "-" "jetmon/1.0 (Jetpack Site Uptime Monitor by WordPress.com)"
45.164.30.98 - - [27/Apr/2026:13:09:28 +0000] "GET /look-here-for-great-advice-about-photography/?share=pinterest HTTP/1.1" 302 - "https://instadigitalphotography.com/blog/page/4/" "Mozilla/5.0 (Windows NT 10.0; Win64; x64) AppleWebKit/537.36 (KHTML, like Gecko) Chrome/135.0.0.0 Safari/537.36"
184.94.212.206 - - [27/Apr/2026:13:10:37 +0000] "POST /wp-cron.php?doing_wp_cron=1777295437.6734690666198730468750 HTTP/1.1" 200 - "-" "WordPress/6.9.4; https://instadigitalphotography.com"
43.166.136.24 - - [27/Apr/2026:13:10:36 +0000] "GET / HTTP/1.1" 200 12473 "http://instadigitalphotography.com" "Mozilla/5.0 (iPhone; CPU iPhone OS 13_2_3 like Mac OS X) AppleWebKit/605.1.15 (KHTML, like Gecko) Version/13.0.3 Mobile/15E148 Safari/604.1"
184.94.212.206 - - [27/Apr/2026:13:13:19 +0000] "POST /wp-cron.php?doing_wp_cron=1777295599.3907089233398437500000 HTTP/1.1" 200 - "-" "WordPress/6.9.4; https://instadigitalphotography.com"
192.0.102.146 - - [27/Apr/2026:13:13:17 +0000] "HEAD / HTTP/1.1" 200 - "-" "jetmon/1.0 (Jetpack Site Uptime Monitor by WordPress.com)"
184.94.212.206 - - [27/Apr/2026:13:18:22 +0000] "POST /wp-cron.php?doing_wp_cron=1777295902.4434919357299804687500 HTTP/1.1" 200 - "-" "WordPress/6.9.4; https://instadigitalphotography.com"
192.0.102.146 - - [27/Apr/2026:13:18:20 +0000] "HEAD / HTTP/1.1" 200 - "-" "jetmon/1.0 (Jetpack Site Uptime Monitor by WordPress.com)"
184.94.212.206 - - [27/Apr/2026:13:23:16 +0000] "POST /wp-cron.php?doing_wp_cron=1777296196.9004271030426025390625 HTTP/1.1" 200 - "-" "WordPress/6.9.4; https://instadigitalphotography.com"
192.0.102.146 - - [27/Apr/2026:13:23:15 +0000] "HEAD / HTTP/1.1" 200 - "-" "jetmon/1.0 (Jetpack Site Uptime Monitor by WordPress.com)"
184.94.212.206 - - [27/Apr/2026:13:28:20 +0000] "POST /wp-cron.php?doing_wp_cron=1777296500.6148180961608886718750 HTTP/1.1" 200 - "-" "WordPress/6.9.4; https://instadigitalphotography.com"
192.0.102.146 - - [27/Apr/2026:13:28:19 +0000] "HEAD / HTTP/1.1" 200 - "-" "jetmon/1.0 (Jetpack Site Uptime Monitor by WordPress.com)"
184.94.212.206 - - [27/Apr/2026:13:33:23 +0000] "POST /wp-cron.php?doing_wp_cron=1777296803.5719261169433593750000 HTTP/1.1" 200 - "-" "WordPress/6.9.4; https://instadigitalphotography.com"
192.0.102.146 - - [27/Apr/2026:13:33:22 +0000] "HEAD / HTTP/1.1" 200 - "-" "jetmon/1.0 (Jetpack Site Uptime Monitor by WordPress.com)"
216.73.217.83 - - [27/Apr/2026:13:33:50 +0000] "GET /robots.txt HTTP/1.1" 200 155 "-" "Mozilla/5.0 AppleWebKit/537.36 (KHTML, like Gecko; compatible; ClaudeBot/1.0; +claudebot@anthropic.com)"
216.73.217.83 - - [27/Apr/2026:13:33:51 +0000] "GET /sitemap_index.xml HTTP/1.1" 200 336 "-" "Mozilla/5.0 AppleWebKit/537.36 (KHTML, like Gecko; compatible; ClaudeBot/1.0; +claudebot@anthropic.com)"
184.94.212.206 - - [27/Apr/2026:13:38:25 +0000] "POST /wp-cron.php?doing_wp_cron=1777297105.5425729751586914062500 HTTP/1.1" 200 - "-" "WordPress/6.9.4; https://instadigitalphotography.com"
192.0.102.146 - - [27/Apr/2026:13:38:23 +0000] "HEAD / HTTP/1.1" 200 - "-" "jetmon/1.0 (Jetpack Site Uptime Monitor by WordPress.com)"
216.73.217.83 - - [27/Apr/2026:13:39:48 +0000] "GET /news-sitemap.xml HTTP/1.1" 200 319 "-" "Mozilla/5.0 AppleWebKit/537.36 (KHTML, like Gecko; compatible; ClaudeBot/1.0; +claudebot@anthropic.com)"
216.73.217.83 - - [27/Apr/2026:13:40:02 +0000] "GET /sitemap.xml HTTP/1.1" 200 311 "-" "Mozilla/5.0 AppleWebKit/537.36 (KHTML, like Gecko; compatible; ClaudeBot/1.0; +claudebot@anthropic.com)"
184.94.212.206 - - [27/Apr/2026:13:43:22 +0000] "POST /wp-cron.php?doing_wp_cron=1777297402.0321838855743408203125 HTTP/1.1" 200 - "-" "WordPress/6.9.4; https://instadigitalphotography.com"
192.0.102.146 - - [27/Apr/2026:13:43:20 +0000] "HEAD / HTTP/1.1" 200 - "-" "jetmon/1.0 (Jetpack Site Uptime Monitor by WordPress.com)"
91.215.85.104 - - [27/Apr/2026:13:44:34 +0000] "GET / HTTP/1.1" 200 12473 "-" "Mozilla/5.0 (Macintosh; Intel Mac OS X 10.15; rv:135.0) Gecko/20100101 Firefox/135.0"
184.94.212.206 - - [27/Apr/2026:13:48:20 +0000] "POST /wp-cron.php?doing_wp_cron=1777297700.3118228912353515625000 HTTP/1.1" 200 - "-" "WordPress/6.9.4; https://instadigitalphotography.com"
192.0.102.146 - - [27/Apr/2026:13:48:17 +0000] "HEAD / HTTP/1.1" 200 - "-" "jetmon/1.0 (Jetpack Site Uptime Monitor by WordPress.com)"
114.119.150.92 - - [27/Apr/2026:13:48:30 +0000] "GET /unleash-the-power-of-instagram-how-canvas-versatile-design-tools-can-help-you-create-stunning-graphics-and-boost-your-followers?share=facebook& HTTP/1.1" 302 - "https://instadigitalphotography.com/author/h0tn1ch3s?amp" "Mozilla/5.0 (Linux; Android 7.0;) AppleWebKit/537.36 (HTML, like Gecko) Mobile Safari/537.36 (compatible; PetalBot;+https://webmaster.petalsearch.com/site/petalbot)"
184.94.212.206 - - [27/Apr/2026:13:50:57 +0000] "POST /wp-cron.php?doing_wp_cron=1777297857.5568399429321289062500 HTTP/1.1" 200 - "-" "WordPress/6.9.4; https://instadigitalphotography.com"
212.30.41.78 - - [27/Apr/2026:13:50:55 +0000] "GET /tag/start-taking/ HTTP/1.1" 200 15700 "-" "Mozilla/5.0 (Macintosh; Intel Mac OS X 12_7_3) AppleWebKit/537.36 (KHTML, like Gecko) Chrome/124.0.6367.82 Safari/537.36"
85.208.96.198 - - [27/Apr/2026:13:51:50 +0000] "GET /robots.txt HTTP/1.1" 200 155 "-" "Mozilla/5.0 (compatible; SemrushBot/7~bl; +http://www.semrush.com/bot.html)"
85.208.96.207 - - [27/Apr/2026:13:51:51 +0000] "GET /tag/training/ HTTP/1.1" 200 14249 "-" "Mozilla/5.0 (compatible; SemrushBot/7~bl; +http://www.semrush.com/bot.html)"
184.94.212.206 - - [27/Apr/2026:13:53:03 +0000] "POST /wp-cron.php?doing_wp_cron=1777297983.8649420738220214843750 HTTP/1.1" 200 - "-" "WordPress/6.9.4; https://instadigitalphotography.com"
77.75.79.62 - - [27/Apr/2026:13:53:02 +0000] "GET /robots.txt HTTP/1.1" 200 155 "-" "Mozilla/5.0 (compatible; SeznamBot/4.0; +https://o-seznam.cz/napoveda/vyhledavani/en/seznambot-crawler/)"
77.75.79.62 - - [27/Apr/2026:13:53:02 +0000] "GET /wp-login.php HTTP/1.1" 200 3318 "-" "Mozilla/5.0 (compatible; SeznamBot/4.0; +https://o-seznam.cz/napoveda/vyhledavani/en/seznambot-crawler/)"
192.0.102.146 - - [27/Apr/2026:13:53:17 +0000] "HEAD / HTTP/1.1" 200 - "-" "jetmon/1.0 (Jetpack Site Uptime Monitor by WordPress.com)"
184.94.212.206 - - [27/Apr/2026:13:56:24 +0000] "POST /wp-cron.php?doing_wp_cron=1777298184.4484200477600097656250 HTTP/1.1" 200 - "-" "WordPress/6.9.4; https://instadigitalphotography.com"
114.119.151.192 - - [27/Apr/2026:13:56:22 +0000] "GET /robots.txt HTTP/1.1" 200 155 "-" "Mozilla/5.0 (compatible;PetalBot;+https://webmaster.petalsearch.com/site/petalbot)"
184.94.212.206 - - [27/Apr/2026:13:58:26 +0000] "POST /wp-cron.php?doing_wp_cron=1777298306.3784310817718505859375 HTTP/1.1" 200 - "-" "WordPress/6.9.4; https://instadigitalphotography.com"
192.0.102.146 - - [27/Apr/2026:13:58:24 +0000] "HEAD / HTTP/1.1" 200 - "-" "jetmon/1.0 (Jetpack Site Uptime Monitor by WordPress.com)"
184.94.212.206 - - [27/Apr/2026:14:00:51 +0000] "POST /wp-cron.php?doing_wp_cron=1777298451.8202600479125976562500 HTTP/1.1" 200 - "-" "WordPress/6.9.4; https://instadigitalphotography.com"
114.119.138.107 - - [27/Apr/2026:14:00:50 +0000] "GET /robots.txt HTTP/1.1" 200 155 "-" "Mozilla/5.0 (compatible;PetalBot;+https://webmaster.petalsearch.com/site/petalbot)"
184.94.212.206 - - [27/Apr/2026:14:03:16 +0000] "POST /wp-cron.php?doing_wp_cron=1777298596.6113629341125488281250 HTTP/1.1" 200 - "-" "WordPress/6.9.4; https://instadigitalphotography.com"
192.0.102.146 - - [27/Apr/2026:14:03:15 +0000] "HEAD / HTTP/1.1" 200 - "-" "jetmon/1.0 (Jetpack Site Uptime Monitor by WordPress.com)"
184.94.212.206 - - [27/Apr/2026:14:06:41 +0000] "POST /wp-cron.php?doing_wp_cron=1777298801.0229129791259765625000 HTTP/1.1" 200 - "-" "WordPress/6.9.4; https://instadigitalphotography.com"
34.170.137.56 - - [27/Apr/2026:14:06:39 +0000] "GET / HTTP/1.1" 200 53726 "-" "Mozilla/5.0 (Windows NT 10.0; Win64; x64) AppleWebKit/537.36 (KHTML, like Gecko) Chrome/78.0.3904.108 Safari/537.36"
34.170.137.56 - - [27/Apr/2026:14:06:41 +0000] "GET //wp-includes/wlwmanifest.xml HTTP/1.1" 301 - "-" "Mozilla/5.0 (Windows NT 10.0; Win64; x64) AppleWebKit/537.36 (KHTML, like Gecko) Chrome/78.0.3904.108 Safari/537.36"
34.170.137.56 - - [27/Apr/2026:14:06:42 +0000] "GET //xmlrpc.php?rsd HTTP/1.1" 301 - "-" "Mozilla/5.0 (Windows NT 10.0; Win64; x64) AppleWebKit/537.36 (KHTML, like Gecko) Chrome/78.0.3904.108 Safari/537.36"
34.170.137.56 - - [27/Apr/2026:14:06:43 +0000] "GET / HTTP/1.1" 200 53726 "-" "Mozilla/5.0 (Windows NT 10.0; Win64; x64) AppleWebKit/537.36 (KHTML, like Gecko) Chrome/78.0.3904.108 Safari/537.36"
34.170.137.56 - - [27/Apr/2026:14:06:44 +0000] "GET //?author=1 HTTP/1.1" 500 2554 "-" "Mozilla/5.0 (Windows NT 10.0; Win64; x64) AppleWebKit/537.36 (KHTML, like Gecko) Chrome/78.0.3904.108 Safari/537.36"
34.170.137.56 - - [27/Apr/2026:14:06:45 +0000] "GET //?author=2 HTTP/1.1" 500 2554 "-" "Mozilla/5.0 (Windows NT 10.0; Win64; x64) AppleWebKit/537.36 (KHTML, like Gecko) Chrome/78.0.3904.108 Safari/537.36"
34.170.137.56 - - [27/Apr/2026:14:06:47 +0000] "GET //wp-json/wp/v2/users/ HTTP/1.1" 401 133 "-" "Mozilla/5.0 (Windows NT 10.0; Win64; x64) AppleWebKit/537.36 (KHTML, like Gecko) Chrome/78.0.3904.108 Safari/537.36"
34.170.137.56 - - [27/Apr/2026:14:06:48 +0000] "GET //wp-json/oembed/1.0/embed?url=https://instadigitalphotography.com/ HTTP/1.1" 200 2667 "-" "Mozilla/5.0 (Windows NT 10.0; Win64; x64) AppleWebKit/537.36 (KHTML, like Gecko) Chrome/78.0.3904.108 Safari/537.36"
34.170.137.56 - - [27/Apr/2026:14:06:49 +0000] "POST //xmlrpc.php HTTP/1.1" 301 - "-" "Mozilla/5.0 (Windows NT 10.0; Win64; x64) AppleWebKit/537.36 (KHTML, like Gecko) Chrome/78.0.3904.108 Safari/537.36"
184.94.212.206 - - [27/Apr/2026:14:08:27 +0000] "POST /wp-cron.php?doing_wp_cron=1777298907.0072169303894042968750 HTTP/1.1" 200 - "-" "WordPress/6.9.4; https://instadigitalphotography.com"
192.0.102.146 - - [27/Apr/2026:14:08:24 +0000] "HEAD / HTTP/1.1" 200 - "-" "jetmon/1.0 (Jetpack Site Uptime Monitor by WordPress.com)"
51.161.117.166 - - [27/Apr/2026:14:09:13 +0000] "GET /?wmo_hc=k7Hx9mQp2wRt HTTP/1.1" 301 - "-" "Mozilla/5.0 (Windows NT 10.0; Win64; x64; rv:149.0) Gecko/20100101 Firefox/149.0"
51.161.117.166 - - [27/Apr/2026:14:09:15 +0000] "GET /?wmo_hc=k7Hx9mQp2wRt HTTP/1.1" 200 53650 "-" "Mozilla/5.0 (Windows NT 10.0; Win64; x64; rv:149.0) Gecko/20100101 Firefox/149.0"
184.94.212.206 - - [27/Apr/2026:14:13:24 +0000] "POST /wp-cron.php?doing_wp_cron=1777299204.2170190811157226562500 HTTP/1.1" 200 - "-" "WordPress/6.9.4; https://instadigitalphotography.com"
192.0.102.146 - - [27/Apr/2026:14:13:22 +0000] "HEAD / HTTP/1.1" 200 - "-" "jetmon/1.0 (Jetpack Site Uptime Monitor by WordPress.com)"
113.173.42.185 - - [27/Apr/2026:14:14:24 +0000] "GET /anti-spam-policy/?amp HTTP/1.1" 200 13787 "-" "Mozilla/5.0 (Macintosh; Intel Mac OS X 14_4_1) AppleWebKit/537.36 (KHTML, like Gecko) Chrome/124.0.6367.207 Safari/537.36"
184.94.212.206 - - [27/Apr/2026:14:16:13 +0000] "POST /wp-cron.php?doing_wp_cron=1777299373.1085660457611083984375 HTTP/1.1" 200 - "-" "WordPress/6.9.4; https://instadigitalphotography.com"
17.246.15.96 - - [27/Apr/2026:14:16:11 +0000] "GET /top-10-digital-cameras-based-on-their-popularity-features-and-performance/ HTTP/1.1" 200 26057 "-" "Mozilla/5.0 (Macintosh; Intel Mac OS X 10_15_7) AppleWebKit/605.1.15 (KHTML, like Gecko) Version/17.4 Safari/605.1.15 (Applebot/0.1; +http://www.apple.com/go/applebot)"
187.109.98.184 - - [27/Apr/2026:14:17:05 +0000] "GET /see-here-for-the-very-ideas-about-photography/ HTTP/1.1" 200 16293 "-" "Mozilla/5.0 (Windows NT 6.3; Win64; x64) AppleWebKit/537.36 (KHTML, like Gecko) Chrome/100.0.3478.83 Safari/537.36"
184.94.212.206 - - [27/Apr/2026:14:18:21 +0000] "POST /wp-cron.php?doing_wp_cron=1777299501.5692179203033447265625 HTTP/1.1" 200 - "-" "WordPress/6.9.4; https://instadigitalphotography.com"
192.0.102.146 - - [27/Apr/2026:14:18:20 +0000] "HEAD / HTTP/1.1" 200 - "-" "jetmon/1.0 (Jetpack Site Uptime Monitor by WordPress.com)"
184.94.212.206 - - [27/Apr/2026:14:21:06 +0000] "POST /wp-cron.php?doing_wp_cron=1777299666.0723340511322021484375 HTTP/1.1" 200 - "-" "WordPress/6.9.4; https://instadigitalphotography.com"
190.185.109.109 - - [27/Apr/2026:14:21:04 +0000] "GET / HTTP/1.1" 200 12473 "-" "Mozilla/5.0 (Windows NT 10.0; Win64; x64) AppleWebKit/537.36 (KHTML, like Gecko) Chrome/143.0.0.0 Safari/537.36"
190.185.109.109 - - [27/Apr/2026:14:21:06 +0000] "GET /unleash-the-power-of-instagram-how-canvas-versatile-design-tools-can-help-you-create-stunning-graphics-and-boost-your-followers/ HTTP/1.1" 200 16515 "https://instadigitalphotography.com" "Mozilla/5.0 (Windows NT 10.0; Win64; x64) AppleWebKit/537.36 (KHTML, like Gecko) Chrome/143.0.0.0 Safari/537.36"
190.185.109.109 - - [27/Apr/2026:14:21:08 +0000] "GET /wp-content/themes/essence-pro/style.css?ver=1.1.0 HTTP/1.1" 200 10682 "https://instadigitalphotography.com/unleash-the-power-of-instagram-how-canvas-versatile-design-tools-can-help-you-create-stunning-graphics-and-boost-your-followers/" "Mozilla/5.0 (Windows NT 10.0; Win64; x64) AppleWebKit/537.36 (KHTML, like Gecko) Chrome/145.0.0.0 Safari/537.36"
190.185.109.109 - - [27/Apr/2026:14:21:09 +0000] "GET /wp-content/plugins/contact-form-7/includes/css/styles.css?ver=6.1.5 HTTP/1.1" 200 1031 "https://instadigitalphotography.com/unleash-the-power-of-instagram-how-canvas-versatile-design-tools-can-help-you-create-stunning-graphics-and-boost-your-followers/" "Mozilla/5.0 (Windows NT 10.0; Win64; x64) AppleWebKit/537.36 (KHTML, like Gecko) Chrome/145.0.0.0 Safari/537.36"
190.185.109.109 - - [27/Apr/2026:14:21:11 +0000] "GET /wp-content/themes/essence-pro/lib/gutenberg/front-end.css?ver=1.1.0 HTTP/1.1" 200 1712 "https://instadigitalphotography.com/unleash-the-power-of-instagram-how-canvas-versatile-design-tools-can-help-you-create-stunning-graphics-and-boost-your-followers/" "Mozilla/5.0 (Windows NT 10.0; Win64; x64) AppleWebKit/537.36 (KHTML, like Gecko) Chrome/145.0.0.0 Safari/537.36"
17.246.19.38 - - [27/Apr/2026:14:21:11 +0000] "GET /wp-content/plugins/contact-form-7/includes/css/styles.css?ver=6.1.5 HTTP/1.1" 200 1031 "https://instadigitalphotography.com/top-10-digital-cameras-based-on-their-popularity-features-and-performance/" "Mozilla/5.0 (Macintosh; Intel Mac OS X 10_15_7) AppleWebKit/605.1.15 (KHTML, like Gecko) Version/17.4 Safari/605.1.15 (Applebot/0.1; +http://www.apple.com/go/applebot)"
190.185.109.109 - - [27/Apr/2026:14:21:12 +0000] "GET /wp-content/plugins/simple-social-icons/css/style.css?ver=4.0.0 HTTP/1.1" 200 461 "https://instadigitalphotography.com/unleash-the-power-of-instagram-how-canvas-versatile-design-tools-can-help-you-create-stunning-graphics-and-boost-your-followers/" "Mozilla/5.0 (Windows NT 10.0; Win64; x64) AppleWebKit/537.36 (KHTML, like Gecko) Chrome/145.0.0.0 Safari/537.36"
17.246.23.73 - - [27/Apr/2026:14:21:13 +0000] "GET /wp-content/themes/essence-pro/lib/gutenberg/front-end.css?ver=1.1.0 HTTP/1.1" 200 1712 "https://instadigitalphotography.com/top-10-digital-cameras-based-on-their-popularity-features-and-performance/" "Mozilla/5.0 (Macintosh; Intel Mac OS X 10_15_7) AppleWebKit/605.1.15 (KHTML, like Gecko) Version/17.4 Safari/605.1.15 (Applebot/0.1; +http://www.apple.com/go/applebot)"
17.246.23.191 - - [27/Apr/2026:14:21:14 +0000] "GET /wp-content/plugins/contact-form-7/includes/js/index.js?ver=6.1.5 HTTP/1.1" 200 4265 "https://instadigitalphotography.com/top-10-digital-cameras-based-on-their-popularity-features-and-performance/" "Mozilla/5.0 (Macintosh; Intel Mac OS X 10_15_7) AppleWebKit/605.1.15 (KHTML, like Gecko) Version/17.4 Safari/605.1.15 (Applebot/0.1; +http://www.apple.com/go/applebot)"
190.185.109.109 - - [27/Apr/2026:14:21:13 +0000] "POST /wp-comments-post.php HTTP/1.1" 302 - "https://instadigitalphotography.com/unleash-the-power-of-instagram-how-canvas-versatile-design-tools-can-help-you-create-stunning-graphics-and-boost-your-followers/" "Mozilla/5.0 (Windows NT 10.0; Win64; x64) AppleWebKit/537.36 (KHTML, like Gecko) Chrome/143.0.0.0 Safari/537.36"
17.246.15.78 - - [27/Apr/2026:14:21:16 +0000] "GET /wp-content/themes/essence-pro/style.css?ver=1.1.0 HTTP/1.1" 200 10682 "https://instadigitalphotography.com/top-10-digital-cameras-based-on-their-popularity-features-and-performance/" "Mozilla/5.0 (Macintosh; Intel Mac OS X 10_15_7) AppleWebKit/605.1.15 (KHTML, like Gecko) Version/17.4 Safari/605.1.15 (Applebot/0.1; +http://www.apple.com/go/applebot)"
190.185.109.109 - - [27/Apr/2026:14:21:16 +0000] "GET /unleash-the-power-of-instagram-how-canvas-versatile-design-tools-can-help-you-create-stunning-graphics-and-boost-your-followers/?unapproved=114&moderation-hash=91a7ff98f61884a3173887ae3acaab1c HTTP/1.1" 200 17025 "https://instadigitalphotography.com/wp-comments-post.php" "Mozilla/5.0 (Windows NT 10.0; Win64; x64) AppleWebKit/537.36 (KHTML, like Gecko) Chrome/143.0.0.0 Safari/537.36"
184.94.212.206 - - [27/Apr/2026:14:21:14 +0000] "GET /wp-json/jetpack/v4/sync/spawn-sync?time=1777299674&request_lock_id=293e83ef-5588-4154-8b67-84c54bd6565d HTTP/1.1" 200 37 "-" "WordPress/6.9.4; https://instadigitalphotography.com"
17.246.15.15 - - [27/Apr/2026:14:21:17 +0000] "GET /wp-content/plugins/simple-social-icons/css/style.css?ver=4.0.0 HTTP/1.1" 200 461 "https://instadigitalphotography.com/top-10-digital-cameras-based-on-their-popularity-features-and-performance/" "Mozilla/5.0 (Macintosh; Intel Mac OS X 10_15_7) AppleWebKit/605.1.15 (KHTML, like Gecko) Version/17.4 Safari/605.1.15 (Applebot/0.1; +http://www.apple.com/go/applebot)"
190.185.109.109 - - [27/Apr/2026:14:21:18 +0000] "GET /unleash-the-power-of-instagram-how-canvas-versatile-design-tools-can-help-you-create-stunning-graphics-and-boost-your-followers/ HTTP/1.1" 200 16514 "-" "Mozilla/5.0 (compatible; Googlebot/2.1; +http://www.google.com/bot.html)"
17.246.19.186 - - [27/Apr/2026:14:21:19 +0000] "GET /wp-content/plugins/contact-form-7/includes/swv/js/index.js?ver=6.1.5 HTTP/1.1" 200 3503 "https://instadigitalphotography.com/top-10-digital-cameras-based-on-their-popularity-features-and-performance/" "Mozilla/5.0 (Macintosh; Intel Mac OS X 10_15_7) AppleWebKit/605.1.15 (KHTML, like Gecko) Version/17.4 Safari/605.1.15 (Applebot/0.1; +http://www.apple.com/go/applebot)"
17.246.19.70 - - [27/Apr/2026:14:21:20 +0000] "GET /wp-content/plugins/wp-meta-and-date-remover/assets/js/inspector.js?ver=1.1 HTTP/1.1" 200 1455 "https://instadigitalphotography.com/top-10-digital-cameras-based-on-their-popularity-features-and-performance/" "Mozilla/5.0 (Macintosh; Intel Mac OS X 10_15_7) AppleWebKit/605.1.15 (KHTML, like Gecko) Version/17.4 Safari/605.1.15 (Applebot/0.1; +http://www.apple.com/go/applebot)"
17.246.23.17 - - [27/Apr/2026:14:21:21 +0000] "GET /wp-content/themes/genesis/lib/js/menu/superfish.min.js?ver=1.7.10 HTTP/1.1" 200 1894 "https://instadigitalphotography.com/top-10-digital-cameras-based-on-their-popularity-features-and-performance/" "Mozilla/5.0 (Macintosh; Intel Mac OS X 10_15_7) AppleWebKit/605.1.15 (KHTML, like Gecko) Version/17.4 Safari/605.1.15 (Applebot/0.1; +http://www.apple.com/go/applebot)"
17.246.15.221 - - [27/Apr/2026:14:21:22 +0000] "GET /wp-content/themes/genesis/lib/js/menu/superfish.args.min.js?ver=3.6.2 HTTP/1.1" 200 124 "https://instadigitalphotography.com/top-10-digital-cameras-based-on-their-popularity-features-and-performance/" "Mozilla/5.0 (Macintosh; Intel Mac OS X 10_15_7) AppleWebKit/605.1.15 (KHTML, like Gecko) Version/17.4 Safari/605.1.15 (Applebot/0.1; +http://www.apple.com/go/applebot)"
17.246.23.14 - - [27/Apr/2026:14:21:23 +0000] "GET /wp-content/themes/genesis/lib/js/skip-links.min.js?ver=3.6.2 HTTP/1.1" 200 238 "https://instadigitalphotography.com/top-10-digital-cameras-based-on-their-popularity-features-and-performance/" "Mozilla/5.0 (Macintosh; Intel Mac OS X 10_15_7) AppleWebKit/605.1.15 (KHTML, like Gecko) Version/17.4 Safari/605.1.15 (Applebot/0.1; +http://www.apple.com/go/applebot)"
17.246.19.66 - - [27/Apr/2026:14:21:24 +0000] "GET /wp-content/themes/essence-pro/js/jquery.matchHeight.min.js?ver=1.1.0 HTTP/1.1" 200 1553 "https://instadigitalphotography.com/top-10-digital-cameras-based-on-their-popularity-features-and-performance/" "Mozilla/5.0 (Macintosh; Intel Mac OS X 10_15_7) AppleWebKit/605.1.15 (KHTML, like Gecko) Version/17.4 Safari/605.1.15 (Applebot/0.1; +http://www.apple.com/go/applebot)"
17.246.19.117 - - [27/Apr/2026:14:21:25 +0000] "GET /wp-content/themes/essence-pro/js/global.js?ver=1.1.0 HTTP/1.1" 200 534 "https://instadigitalphotography.com/top-10-digital-cameras-based-on-their-popularity-features-and-performance/" "Mozilla/5.0 (Macintosh; Intel Mac OS X 10_15_7) AppleWebKit/605.1.15 (KHTML, like Gecko) Version/17.4 Safari/605.1.15 (Applebot/0.1; +http://www.apple.com/go/applebot)"
17.246.23.250 - - [27/Apr/2026:14:21:26 +0000] "GET /wp-content/themes/essence-pro/js/responsive-menus.min.js?ver=1.1.0 HTTP/1.1" 200 1420 "https://instadigitalphotography.com/top-10-digital-cameras-based-on-their-popularity-features-and-performance/" "Mozilla/5.0 (Macintosh; Intel Mac OS X 10_15_7) AppleWebKit/605.1.15 (KHTML, like Gecko) Version/17.4 Safari/605.1.15 (Applebot/0.1; +http://www.apple.com/go/applebot)"
17.246.15.203 - - [27/Apr/2026:14:21:28 +0000] "GET /wp-includes/js/wp-emoji-release.min.js?ver=5e893e19f987c7578ca89177a9db4cd0 HTTP/1.1" 200 5375 "https://instadigitalphotography.com/top-10-digital-cameras-based-on-their-popularity-features-and-performance/" "Mozilla/5.0 (Macintosh; Intel Mac OS X 10_15_7) AppleWebKit/605.1.15 (KHTML, like Gecko) Version/17.4 Safari/605.1.15 (Applebot/0.1; +http://www.apple.com/go/applebot)"
17.246.19.66 - - [27/Apr/2026:14:21:27 +0000] "GET /top-10-digital-cameras-based-on-their-popularity-features-and-performance/?relatedposts=1 HTTP/1.1" 200 119 "https://instadigitalphotography.com/top-10-digital-cameras-based-on-their-popularity-features-and-performance/" "Mozilla/5.0 (Macintosh; Intel Mac OS X 10_15_7) AppleWebKit/605.1.15 (KHTML, like Gecko) Version/17.4 Safari/605.1.15 (Applebot/0.1; +http://www.apple.com/go/applebot)"
192.0.89.121 - - [27/Apr/2026:14:23:03 +0000] "GET /feed/ HTTP/1.1" 500 164 "-" "wp.com feedbot/1.0 (+https://wp.com)"
184.94.212.206 - - [27/Apr/2026:14:23:27 +0000] "POST /wp-cron.php?doing_wp_cron=1777299807.9132699966430664062500 HTTP/1.1" 200 - "-" "WordPress/6.9.4; https://instadigitalphotography.com"
192.0.102.146 - - [27/Apr/2026:14:23:24 +0000] "HEAD / HTTP/1.1" 200 - "-" "jetmon/1.0 (Jetpack Site Uptime Monitor by WordPress.com)"
216.73.217.83 - - [27/Apr/2026:14:23:48 +0000] "GET /sitemap.xml HTTP/1.1" 200 311 "-" "Mozilla/5.0 AppleWebKit/537.36 (KHTML, like Gecko; compatible; ClaudeBot/1.0; +claudebot@anthropic.com)"
184.94.212.206 - - [27/Apr/2026:14:27:51 +0000] "POST /wp-cron.php?doing_wp_cron=1777300071.7218360900878906250000 HTTP/1.1" 200 - "-" "WordPress/6.9.4; https://instadigitalphotography.com"
216.73.217.83 - - [27/Apr/2026:14:27:50 +0000] "GET /news-sitemap.xml HTTP/1.1" 200 319 "-" "Mozilla/5.0 AppleWebKit/537.36 (KHTML, like Gecko; compatible; ClaudeBot/1.0; +claudebot@anthropic.com)"
184.94.212.206 - - [27/Apr/2026:14:28:25 +0000] "POST /wp-cron.php?doing_wp_cron=1777300105.4433300495147705078125 HTTP/1.1" 200 - "-" "WordPress/6.9.4; https://instadigitalphotography.com"
192.0.102.146 - - [27/Apr/2026:14:28:24 +0000] "HEAD / HTTP/1.1" 200 - "-" "jetmon/1.0 (Jetpack Site Uptime Monitor by WordPress.com)"
184.94.212.206 - - [27/Apr/2026:14:33:23 +0000] "POST /wp-cron.php?doing_wp_cron=1777300403.3469679355621337890625 HTTP/1.1" 200 - "-" "WordPress/6.9.4; https://instadigitalphotography.com"
192.0.102.146 - - [27/Apr/2026:14:33:21 +0000] "HEAD / HTTP/1.1" 200 - "-" "jetmon/1.0 (Jetpack Site Uptime Monitor by WordPress.com)"
77.75.78.163 - - [27/Apr/2026:14:33:33 +0000] "GET / HTTP/1.1" 200 12473 "-" "Mozilla/5.0 (compatible; SeznamBot/4.0; +https://o-seznam.cz/napoveda/vyhledavani/en/seznambot-crawler/)"
213.109.202.57 - - [27/Apr/2026:14:34:01 +0000] "GET / HTTP/1.1" 200 12473 "-" "Mozilla/5.0 (Windows NT 10.0; Win64; x64) AppleWebKit/537.37 (KHTML, like Gecko) Chrome/118.0.0.0 Safari/537.36"
184.94.212.206 - - [27/Apr/2026:14:36:27 +0000] "POST /wp-cron.php?doing_wp_cron=1777300587.9659550189971923828125 HTTP/1.1" 200 - "-" "WordPress/6.9.4; https://instadigitalphotography.com"
51.161.117.166 - - [27/Apr/2026:14:36:26 +0000] "GET /?wmo_hc=k7Hx9mQp2wRt HTTP/1.1" 200 53650 "-" "Mozilla/5.0 (Macintosh; Intel Mac OS X 10_15_7) AppleWebKit/537.36 (KHTML, like Gecko) Chrome/147.0.0.0 Safari/537.36"
216.73.217.83 - - [27/Apr/2026:14:36:50 +0000] "GET /robots.txt HTTP/1.1" 200 155 "-" "Mozilla/5.0 AppleWebKit/537.36 (KHTML, like Gecko; compatible; ClaudeBot/1.0; +claudebot@anthropic.com)"
216.73.217.83 - - [27/Apr/2026:14:36:51 +0000] "GET /sitemap_index.xml HTTP/1.1" 200 336 "-" "Mozilla/5.0 AppleWebKit/537.36 (KHTML, like Gecko; compatible; ClaudeBot/1.0; +claudebot@anthropic.com)"
184.94.212.206 - - [27/Apr/2026:14:38:26 +0000] "POST /wp-cron.php?doing_wp_cron=1777300706.5763330459594726562500 HTTP/1.1" 200 - "-" "WordPress/6.9.4; https://instadigitalphotography.com"
192.0.102.146 - - [27/Apr/2026:14:38:25 +0000] "HEAD / HTTP/1.1" 200 - "-" "jetmon/1.0 (Jetpack Site Uptime Monitor by WordPress.com)"
17.241.219.60 - - [27/Apr/2026:14:42:41 +0000] "GET /wp-content/uploads/2020/02/Fav.png HTTP/1.1" 200 2122 "-" "Mozilla/5.0 (Macintosh; Intel Mac OS X 10_15_7) AppleWebKit/605.1.15 (KHTML, like Gecko) Version/17.4 Safari/605.1.15 (Applebot/0.1; +http://www.apple.com/go/applebot)"
184.94.212.206 - - [27/Apr/2026:14:43:29 +0000] "POST /wp-cron.php?doing_wp_cron=1777301009.1778399944305419921875 HTTP/1.1" 200 - "-" "WordPress/6.9.4; https://instadigitalphotography.com"
192.0.102.146 - - [27/Apr/2026:14:43:27 +0000] "HEAD / HTTP/1.1" 200 - "-" "jetmon/1.0 (Jetpack Site Uptime Monitor by WordPress.com)"
184.94.212.206 - - [27/Apr/2026:14:48:26 +0000] "POST /wp-cron.php?doing_wp_cron=1777301306.5567901134490966796875 HTTP/1.1" 200 - "-" "WordPress/6.9.4; https://instadigitalphotography.com"
192.0.102.146 - - [27/Apr/2026:14:48:24 +0000] "HEAD / HTTP/1.1" 200 - "-" "jetmon/1.0 (Jetpack Site Uptime Monitor by WordPress.com)"
14.183.126.220 - - [27/Apr/2026:14:49:47 +0000] "GET /news-sitemap.xml HTTP/1.1" 200 319 "-" "Mozilla/5.0 (Macintosh; Intel Mac OS X 12.3; rv:136.0) Gecko/20100101 Firefox/136.0"
17.246.23.88 - - [27/Apr/2026:14:52:33 +0000] "GET /wp-content/uploads/2020/02/Photography-Equipment-e1581712271328.jpg HTTP/1.1" 200 124188 "-" "Mozilla/5.0 (Macintosh; Intel Mac OS X 10_15_7) AppleWebKit/605.1.15 (KHTML, like Gecko) Version/17.4 Safari/605.1.15 (Applebot/0.1; +http://www.apple.com/go/applebot)"
184.94.212.206 - - [27/Apr/2026:14:53:19 +0000] "POST /wp-cron.php?doing_wp_cron=1777301599.9507238864898681640625 HTTP/1.1" 200 - "-" "WordPress/6.9.4; https://instadigitalphotography.com"
192.0.102.146 - - [27/Apr/2026:14:53:18 +0000] "HEAD / HTTP/1.1" 200 - "-" "jetmon/1.0 (Jetpack Site Uptime Monitor by WordPress.com)"
114.119.137.95 - - [27/Apr/2026:14:54:52 +0000] "GET /unleash-the-power-of-instagram-how-canvas-versatile-design-tools-can-help-you-create-stunning-graphics-and-boost-your-followers/ HTTP/1.1" 200 16515 "https://instadigitalphotography.com/unleash-the-power-of-instagram-how-canvas-versatile-design-tools-can-help-you-create-stunning-graphics-and-boost-your-followers/?noamp=mobile" "Mozilla/5.0 (Linux; Android 7.0;) AppleWebKit/537.36 (HTML, like Gecko) Mobile Safari/537.36 (compatible; PetalBot;+https://webmaster.petalsearch.com/site/petalbot)"
184.94.212.206 - - [27/Apr/2026:14:58:20 +0000] "POST /wp-cron.php?doing_wp_cron=1777301900.8005859851837158203125 HTTP/1.1" 200 - "-" "WordPress/6.9.4; https://instadigitalphotography.com"
192.0.102.146 - - [27/Apr/2026:14:58:19 +0000] "HEAD / HTTP/1.1" 200 - "-" "jetmon/1.0 (Jetpack Site Uptime Monitor by WordPress.com)"
184.94.212.206 - - [27/Apr/2026:15:03:20 +0000] "POST /wp-cron.php?doing_wp_cron=1777302200.4135909080505371093750 HTTP/1.1" 200 - "-" "WordPress/6.9.4; https://instadigitalphotography.com"
192.0.102.146 - - [27/Apr/2026:15:03:18 +0000] "HEAD / HTTP/1.1" 200 - "-" "jetmon/1.0 (Jetpack Site Uptime Monitor by WordPress.com)"
184.94.212.206 - - [27/Apr/2026:15:07:09 +0000] "POST /wp-cron.php?doing_wp_cron=1777302429.8813779354095458984375 HTTP/1.1" 200 - "-" "WordPress/6.9.4; https://instadigitalphotography.com"
14.191.223.127 - - [27/Apr/2026:15:07:08 +0000] "GET /ensure-perfect-pictures-with-these-tips-and-tricks/?share=facebook HTTP/1.1" 302 - "-" "Mozilla/5.0 (Windows NT 6.1; Win64; x64) AppleWebKit/537.36 (KHTML, like Gecko) Chrome/100.0.4896.127 Safari/537.36"
184.94.212.206 - - [27/Apr/2026:15:08:29 +0000] "POST /wp-cron.php?doing_wp_cron=1777302509.6786170005798339843750 HTTP/1.1" 200 - "-" "WordPress/6.9.4; https://instadigitalphotography.com"
192.0.102.146 - - [27/Apr/2026:15:08:28 +0000] "HEAD / HTTP/1.1" 200 - "-" "jetmon/1.0 (Jetpack Site Uptime Monitor by WordPress.com)"
184.94.212.206 - - [27/Apr/2026:15:13:19 +0000] "POST /wp-cron.php?doing_wp_cron=1777302799.4392468929290771484375 HTTP/1.1" 200 - "-" "WordPress/6.9.4; https://instadigitalphotography.com"
192.0.102.146 - - [27/Apr/2026:15:13:17 +0000] "HEAD / HTTP/1.1" 200 - "-" "jetmon/1.0 (Jetpack Site Uptime Monitor by WordPress.com)"
184.94.212.206 - - [27/Apr/2026:15:18:24 +0000] "POST /wp-cron.php?doing_wp_cron=1777303104.6626279354095458984375 HTTP/1.1" 200 - "-" "WordPress/6.9.4; https://instadigitalphotography.com"
192.0.102.146 - - [27/Apr/2026:15:18:23 +0000] "HEAD / HTTP/1.1" 200 - "-" "jetmon/1.0 (Jetpack Site Uptime Monitor by WordPress.com)"
184.94.212.206 - - [27/Apr/2026:15:23:20 +0000] "POST /wp-cron.php?doing_wp_cron=1777303400.2485370635986328125000 HTTP/1.1" 200 - "-" "WordPress/6.9.4; https://instadigitalphotography.com"
192.0.102.146 - - [27/Apr/2026:15:23:18 +0000] "HEAD / HTTP/1.1" 200 - "-" "jetmon/1.0 (Jetpack Site Uptime Monitor by WordPress.com)"
77.75.78.172 - - [27/Apr/2026:15:26:55 +0000] "GET /DesignElements HTTP/1.1" 307 - "-" "Mozilla/5.0 (compatible; SeznamBot/4.0; +https://o-seznam.cz/napoveda/vyhledavani/en/seznambot-crawler/)"
184.94.212.206 - - [27/Apr/2026:15:28:26 +0000] "POST /wp-cron.php?doing_wp_cron=1777303706.5859289169311523437500 HTTP/1.1" 200 - "-" "WordPress/6.9.4; https://instadigitalphotography.com"
192.0.102.146 - - [27/Apr/2026:15:28:25 +0000] "HEAD / HTTP/1.1" 200 - "-" "jetmon/1.0 (Jetpack Site Uptime Monitor by WordPress.com)"
184.94.212.206 - - [27/Apr/2026:15:33:16 +0000] "POST /wp-cron.php?doing_wp_cron=1777303996.0438849925994873046875 HTTP/1.1" 200 - "-" "WordPress/6.9.4; https://instadigitalphotography.com"
192.0.102.146 - - [27/Apr/2026:15:33:14 +0000] "HEAD / HTTP/1.1" 200 - "-" "jetmon/1.0 (Jetpack Site Uptime Monitor by WordPress.com)"
184.94.212.206 - - [27/Apr/2026:15:38:25 +0000] "POST /wp-cron.php?doing_wp_cron=1777304305.6188340187072753906250 HTTP/1.1" 200 - "-" "WordPress/6.9.4; https://instadigitalphotography.com"
192.0.102.146 - - [27/Apr/2026:15:38:24 +0000] "HEAD / HTTP/1.1" 200 - "-" "jetmon/1.0 (Jetpack Site Uptime Monitor by WordPress.com)"
184.94.212.206 - - [27/Apr/2026:15:43:23 +0000] "POST /wp-cron.php?doing_wp_cron=1777304603.7207450866699218750000 HTTP/1.1" 200 - "-" "WordPress/6.9.4; https://instadigitalphotography.com"
192.0.102.146 - - [27/Apr/2026:15:43:22 +0000] "HEAD / HTTP/1.1" 200 - "-" "jetmon/1.0 (Jetpack Site Uptime Monitor by WordPress.com)"
184.94.212.206 - - [27/Apr/2026:15:45:45 +0000] "POST /wp-cron.php?doing_wp_cron=1777304745.6115260124206542968750 HTTP/1.1" 200 - "-" "WordPress/6.9.4; https://instadigitalphotography.com"
44.218.6.93 - - [27/Apr/2026:15:45:43 +0000] "GET /want-professional-quality-photos-these-tips-can-help/ HTTP/1.1" 200 17071 "-" "Mozilla/5.0 AppleWebKit/537.36 (KHTML, like Gecko; compatible; Amazonbot/0.1; +https://developer.amazon.com/support/amazonbot) Chrome/119.0.6045.214 Safari/537.36"
184.94.212.206 - - [27/Apr/2026:15:48:18 +0000] "POST /wp-cron.php?doing_wp_cron=1777304898.0728030204772949218750 HTTP/1.1" 200 - "-" "WordPress/6.9.4; https://instadigitalphotography.com"
192.0.102.146 - - [27/Apr/2026:15:48:16 +0000] "HEAD / HTTP/1.1" 200 - "-" "jetmon/1.0 (Jetpack Site Uptime Monitor by WordPress.com)"
151.244.146.197 - - [27/Apr/2026:15:49:41 +0000] "GET /copyright-dcma-notice/?share=tumblr HTTP/1.1" 302 - "-" "Mozilla/5.0 (Macintosh; Intel Mac OS X 10_15_6) AppleWebKit/537.36 (KHTML, like Gecko) Brave Chrome/88.0.4324.152 Safari/537.36"
176.241.83.210 - - [27/Apr/2026:15:49:56 +0000] "GET /copyright-dcma-notice/?share=tumblr HTTP/1.1" 302 - "-" "Mozilla/5.0 (Windows NT 10.0; Win64; x64) AppleWebKit/537.36 (KHTML, like Gecko) Chrome/101.0.4591.54 Safari/537.36"
74.114.154.13 - - [27/Apr/2026:15:50:00 +0000] "GET /copyright-dcma-notice/ HTTP/1.1" 200 15840 "-" "Tumblr/14.0.835.186"
74.114.154.12 - - [27/Apr/2026:15:50:02 +0000] "HEAD /copyright-dcma-notice/ HTTP/1.1" 200 - "-" "-"
74.114.154.12 - - [27/Apr/2026:15:50:03 +0000] "GET /copyright-dcma-notice/ HTTP/1.1" 200 64581 "-" "-"
74.114.154.12 - - [27/Apr/2026:15:50:05 +0000] "GET /copyright-dcma-notice/ HTTP/1.1" 200 15840 "-" "Mozilla/5.0 (Windows NT 10.0; Win64; x64) AppleWebKit/537.36 (KHTML, like Gecko) Chrome/101.0.4591.54 Safari/537.36"
184.94.212.206 - - [27/Apr/2026:15:50:55 +0000] "POST /wp-cron.php?doing_wp_cron=1777305055.0983419418334960937500 HTTP/1.1" 200 - "-" "WordPress/6.9.4; https://instadigitalphotography.com"
123.28.26.90 - - [27/Apr/2026:15:50:53 +0000] "GET /post-sitemap.xml HTTP/1.1" 200 2213 "-" "Mozilla/5.0 (Macintosh; Intel Mac OS X 15_1_1) AppleWebKit/537.36 (KHTML, like Gecko) Chrome/133.0.6943.53 Safari/537.36"
184.94.212.206 - - [27/Apr/2026:15:52:46 +0000] "POST /wp-cron.php?doing_wp_cron=1777305166.5477769374847412109375 HTTP/1.1" 200 - "-" "WordPress/6.9.4; https://instadigitalphotography.com"
52.202.233.37 - - [27/Apr/2026:15:52:44 +0000] "GET /dont-look-anywhere-else-until-you-read-these-great-tips-about-photography/ HTTP/1.1" 200 16185 "-" "Mozilla/5.0 AppleWebKit/537.36 (KHTML, like Gecko; compatible; Amazonbot/0.1; +https://developer.amazon.com/support/amazonbot) Chrome/119.0.6045.214 Safari/537.36"
184.94.212.206 - - [27/Apr/2026:15:52:58 +0000] "POST /wp-cron.php?doing_wp_cron=1777305178.5778150558471679687500 HTTP/1.1" 200 - "-" "WordPress/6.9.4; https://instadigitalphotography.com"
66.249.66.75 - - [27/Apr/2026:15:52:56 +0000] "GET /robots.txt HTTP/1.1" 200 155 "-" "Mozilla/5.0 (compatible; Googlebot/2.1; +http://www.google.com/bot.html)"
66.249.66.74 - - [27/Apr/2026:15:53:08 +0000] "GET /ads.txt HTTP/1.1" 200 58 "-" "Mozilla/5.0 (compatible; Googlebot/2.1; +http://www.google.com/bot.html)"
66.249.66.74 - - [27/Apr/2026:15:53:11 +0000] "GET /ads.txt HTTP/1.1" 200 58 "-" "Mozilla/5.0 (compatible; Googlebot/2.1; +http://www.google.com/bot.html)"
192.0.102.146 - - [27/Apr/2026:15:53:16 +0000] "HEAD / HTTP/1.1" 200 - "-" "jetmon/1.0 (Jetpack Site Uptime Monitor by WordPress.com)"
221.229.106.25 - - [27/Apr/2026:15:53:33 +0000] "GET / HTTP/1.1" 301 - "http://www.instadigitalphotography.com" "Mozilla/5.0 (iPhone; CPU iPhone OS 13_2_3 like Mac OS X) AppleWebKit/605.1.15 (KHTML, like Gecko) Version/13.0.3 Mobile/15E148 Safari/604.1"
124.236.100.56 - - [27/Apr/2026:15:53:35 +0000] "GET / HTTP/1.1" 200 12473 "-" "Mozilla/5.0 (Windows NT 6.1; Win64; x64; rv:55.0) Gecko/20100101 Firefox/55.0"
221.229.106.25 - - [27/Apr/2026:15:53:41 +0000] "GET / HTTP/1.1" 200 12473 "https://www.instadigitalphotography.com/" "Mozilla/5.0 (iPhone; CPU iPhone OS 13_2_3 like Mac OS X) AppleWebKit/605.1.15 (KHTML, like Gecko) Version/13.0.3 Mobile/15E148 Safari/604.1"
184.94.212.206 - - [27/Apr/2026:15:56:32 +0000] "POST /wp-cron.php?doing_wp_cron=1777305392.1881740093231201171875 HTTP/1.1" 200 - "-" "WordPress/6.9.4; https://instadigitalphotography.com"
111.225.148.188 - - [27/Apr/2026:15:56:31 +0000] "GET /robots.txt HTTP/1.1" 200 155 "-" "Mozilla/5.0 (Linux; Android 5.0) AppleWebKit/537.36 (KHTML, like Gecko) Mobile Safari/537.36 (compatible; Bytespider; https://zhanzhang.toutiao.com/)"
184.94.212.206 - - [27/Apr/2026:15:58:19 +0000] "POST /wp-cron.php?doing_wp_cron=1777305499.8410420417785644531250 HTTP/1.1" 200 - "-" "WordPress/6.9.4; https://instadigitalphotography.com"
192.0.102.146 - - [27/Apr/2026:15:58:18 +0000] "HEAD / HTTP/1.1" 200 - "-" "jetmon/1.0 (Jetpack Site Uptime Monitor by WordPress.com)"
66.249.66.73 - - [27/Apr/2026:15:58:53 +0000] "GET /ads.txt HTTP/1.1" 304 - "-" "Google-adstxt"
184.94.212.206 - - [27/Apr/2026:16:01:32 +0000] "POST /wp-cron.php?doing_wp_cron=1777305692.7436809539794921875000 HTTP/1.1" 200 - "-" "WordPress/6.9.4; https://instadigitalphotography.com"
114.119.141.118 - - [27/Apr/2026:16:01:31 +0000] "GET /unleash-the-power-of-instagram-how-canvas-versatile-design-tools-can-help-you-create-stunning-graphics-and-boost-your-followers HTTP/1.1" 301 - "https://instadigitalphotography.com/contact-us?noamp=mobile" "Mozilla/5.0 (Linux; Android 7.0;) AppleWebKit/537.36 (HTML, like Gecko) Mobile Safari/537.36 (compatible; PetalBot;+https://webmaster.petalsearch.com/site/petalbot)"
114.119.141.118 - - [27/Apr/2026:16:01:33 +0000] "GET /unleash-the-power-of-instagram-how-canvas-versatile-design-tools-can-help-you-create-stunning-graphics-and-boost-your-followers/ HTTP/1.1" 200 16514 "https://instadigitalphotography.com/contact-us?noamp=mobile" "Mozilla/5.0 (Linux; Android 7.0;) AppleWebKit/537.36 (HTML, like Gecko) Mobile Safari/537.36 (compatible; PetalBot;+https://webmaster.petalsearch.com/site/petalbot)"
66.249.66.75 - - [27/Apr/2026:16:02:03 +0000] "GET /sitemap.xml HTTP/1.1" 200 311 "-" "Mozilla/5.0 (compatible; Googlebot/2.1; +http://www.google.com/bot.html)"
184.94.212.206 - - [27/Apr/2026:16:03:18 +0000] "POST /wp-cron.php?doing_wp_cron=1777305798.0431621074676513671875 HTTP/1.1" 200 - "-" "WordPress/6.9.4; https://instadigitalphotography.com"
192.0.102.146 - - [27/Apr/2026:16:03:16 +0000] "HEAD / HTTP/1.1" 200 - "-" "jetmon/1.0 (Jetpack Site Uptime Monitor by WordPress.com)"
184.94.212.206 - - [27/Apr/2026:16:08:22 +0000] "POST /wp-cron.php?doing_wp_cron=1777306102.7185440063476562500000 HTTP/1.1" 200 - "-" "WordPress/6.9.4; https://instadigitalphotography.com"
192.0.102.146 - - [27/Apr/2026:16:08:21 +0000] "HEAD / HTTP/1.1" 200 - "-" "jetmon/1.0 (Jetpack Site Uptime Monitor by WordPress.com)"
184.94.212.206 - - [27/Apr/2026:16:13:21 +0000] "POST /wp-cron.php?doing_wp_cron=1777306401.2821359634399414062500 HTTP/1.1" 200 - "-" "WordPress/6.9.4; https://instadigitalphotography.com"
192.0.102.146 - - [27/Apr/2026:16:13:19 +0000] "HEAD / HTTP/1.1" 200 - "-" "jetmon/1.0 (Jetpack Site Uptime Monitor by WordPress.com)"
184.94.212.206 - - [27/Apr/2026:16:16:20 +0000] "POST /wp-cron.php?doing_wp_cron=1777306580.8423669338226318359375 HTTP/1.1" 200 - "-" "WordPress/6.9.4; https://instadigitalphotography.com"
103.134.242.18 - - [27/Apr/2026:16:16:19 +0000] "GET /expert-advice-for-making-photography-fun-again/ HTTP/1.1" 200 16342 "-" "Mozilla/5.0 (Windows NT 6.3; Win64; x64) AppleWebKit/537.36 (KHTML, like Gecko) Chrome/91.0.4472.114 Safari/537.36"
20.255.80.192 - - [27/Apr/2026:16:17:07 +0000] "GET /inputs.php HTTP/1.1" 404 11188 "-" "Mozilla/5.0 (Windows NT 10.0; Win64; x64) AppleWebKit/537.36 (KHTML, like Gecko) Chrome/120.0.0.0 Safari/537.36"
20.255.80.192 - - [27/Apr/2026:16:17:09 +0000] "GET /ioxi-o.php HTTP/1.1" 404 11189 "-" "Mozilla/5.0 (Windows NT 10.0; Win64; x64) AppleWebKit/537.36 (KHTML, like Gecko) Chrome/120.0.0.0 Safari/537.36"
20.255.80.192 - - [27/Apr/2026:16:17:10 +0000] "GET /function/function.php HTTP/1.1" 404 11188 "-" "Mozilla/5.0 (Windows NT 10.0; Win64; x64) AppleWebKit/537.36 (KHTML, like Gecko) Chrome/120.0.0.0 Safari/537.36"
20.255.80.192 - - [27/Apr/2026:16:17:11 +0000] "GET /rip.php HTTP/1.1" 404 11185 "-" "Mozilla/5.0 (Windows NT 10.0; Win64; x64) AppleWebKit/537.36 (KHTML, like Gecko) Chrome/120.0.0.0 Safari/537.36"
20.255.80.192 - - [27/Apr/2026:16:17:12 +0000] "GET /admin.php HTTP/1.1" 404 11186 "-" "Mozilla/5.0 (Windows NT 10.0; Win64; x64) AppleWebKit/537.36 (KHTML, like Gecko) Chrome/120.0.0.0 Safari/537.36"
20.255.80.192 - - [27/Apr/2026:16:17:13 +0000] "GET /wp-content/uploads/index.php HTTP/1.1" 301 - "-" "Mozilla/5.0 (Windows NT 10.0; Win64; x64) AppleWebKit/537.36 (KHTML, like Gecko) Chrome/120.0.0.0 Safari/537.36"
