192.0.102.146 - - [28/Apr/2026:05:08:16 +0000] "HEAD / HTTP/1.1" 200 - "-" "jetmon/1.0 (Jetpack Site Uptime Monitor by WordPress.com)"
184.94.212.206 - - [28/Apr/2026:05:11:36 +0000] "POST /wp-cron.php?doing_wp_cron=1777353096.4909379482269287109375 HTTP/1.1" 200 - "-" "WordPress/6.9.4; https://instadigitalphotography.com"
14.165.224.118 - - [28/Apr/2026:05:11:34 +0000] "GET /tag/create-interesting/ HTTP/1.1" 200 15806 "-" "Mozilla/5.0 (Macintosh; Intel Mac OS X 10_15_7) AppleWebKit/537.36 (KHTML, like Gecko) Chrome/127.0.6533.72 Safari/537.36"
184.94.212.206 - - [28/Apr/2026:05:13:26 +0000] "POST /wp-cron.php?doing_wp_cron=1777353206.0042030811309814453125 HTTP/1.1" 200 - "-" "WordPress/6.9.4; https://instadigitalphotography.com"
192.0.102.146 - - [28/Apr/2026:05:13:24 +0000] "HEAD / HTTP/1.1" 200 - "-" "jetmon/1.0 (Jetpack Site Uptime Monitor by WordPress.com)"
192.0.113.146 - - [28/Apr/2026:05:14:30 +0000] "GET /wp-content/uploads/2020/02/headerlogo.png HTTP/1.1" 200 31602 "-" "Photon/1.0"
184.94.212.206 - - [28/Apr/2026:05:16:01 +0000] "POST /wp-cron.php?doing_wp_cron=1777353361.0354828834533691406250 HTTP/1.1" 200 - "-" "WordPress/6.9.4; https://instadigitalphotography.com"
114.130.156.238 - - [28/Apr/2026:05:15:59 +0000] "GET /expert-advice-for-making-photography-fun-again/?amp HTTP/1.1" 200 16342 "-" "Mozilla/5.0 (Windows NT 10.0; Win64; x64) AppleWebKit/537.36 (KHTML, like Gecko) Chrome/100.0.4896.60 Safari/537.36"
184.94.212.206 - - [28/Apr/2026:05:18:05 +0000] "POST /wp-cron.php?doing_wp_cron=1777353485.4675509929656982421875 HTTP/1.1" 200 - "-" "WordPress/6.9.4; https://instadigitalphotography.com"
59.125.102.142 - - [28/Apr/2026:05:18:03 +0000] "POST /wp-login.php HTTP/1.1" 401 1458 "-" "Mozilla/5.0 (Windows NT 10.0; WOW64) AppleWebKit/537.43 (KHTML, like Gecko) Chrome/137.0.0.0 Safari/537.36 OPR/121.0.0.0"
192.0.102.146 - - [28/Apr/2026:05:18:13 +0000] "HEAD / HTTP/1.1" 200 - "-" "jetmon/1.0 (Jetpack Site Uptime Monitor by WordPress.com)"
176.37.0.193 - - [28/Apr/2026:05:19:16 +0000] "GET / HTTP/1.0" 200 53726 "-" "Mozilla/5.0 (Windows NT 10.0; Win64; x64) AppleWebKit/537.36 (KHTML, like Gecko) Chrome/118.0.0.0 Safari/537.36"
184.94.212.206 - - [28/Apr/2026:05:23:14 +0000] "POST /wp-cron.php?doing_wp_cron=1777353794.7107779979705810546875 HTTP/1.1" 200 - "-" "WordPress/6.9.4; https://instadigitalphotography.com"
192.0.102.146 - - [28/Apr/2026:05:23:13 +0000] "HEAD / HTTP/1.1" 200 - "-" "jetmon/1.0 (Jetpack Site Uptime Monitor by WordPress.com)"
184.94.212.206 - - [28/Apr/2026:05:25:51 +0000] "POST /wp-cron.php?doing_wp_cron=1777353951.6528220176696777343750 HTTP/1.1" 200 - "-" "WordPress/6.9.4; https://instadigitalphotography.com"
57.141.18.72 - - [28/Apr/2026:05:25:50 +0000] "GET /news-sitemap.xml HTTP/1.1" 200 578 "-" "meta-externalagent/1.1 (+https://developers.facebook.com/docs/sharing/webmasters/crawler)"
173.239.211.161 - - [28/Apr/2026:05:27:02 +0000] "POST /wp-login.php HTTP/1.1" 401 3474 "-" "Mozilla/5.0"
17.22.253.177 - - [28/Apr/2026:05:27:13 +0000] "GET /tag/red-eye/ HTTP/1.1" 200 17565 "-" "Mozilla/5.0 (Macintosh; Intel Mac OS X 10_15_7) AppleWebKit/605.1.15 (KHTML, like Gecko) Version/17.4 Safari/605.1.15 (Applebot/0.1; +http://www.apple.com/go/applebot)"
184.94.212.206 - - [28/Apr/2026:05:28:21 +0000] "POST /wp-cron.php?doing_wp_cron=1777354101.3293559551239013671875 HTTP/1.1" 200 - "-" "WordPress/6.9.4; https://instadigitalphotography.com"
192.0.102.146 - - [28/Apr/2026:05:28:19 +0000] "HEAD / HTTP/1.1" 200 - "-" "jetmon/1.0 (Jetpack Site Uptime Monitor by WordPress.com)"
184.94.212.206 - - [28/Apr/2026:05:31:08 +0000] "POST /wp-cron.php?doing_wp_cron=1777354268.4063949584960937500000 HTTP/1.1" 200 - "-" "WordPress/6.9.4; https://instadigitalphotography.com"
45.148.10.120 - - [28/Apr/2026:05:31:07 +0000] "GET /.env.docker HTTP/1.1" 404 11190 "-" "Mozilla/5.0 (iPhone; CPU iPhone OS 12_1 like Mac OS X) AppleWebKit/605.1.15 (KHTML, like Gecko) Version/12.0 Mobile/15E148 Safari/604.1"
45.148.10.120 - - [28/Apr/2026:05:31:07 +0000] "GET /.env HTTP/1.1" 404 11185 "-" "Mozilla/5.0 (Macintosh; Intel Mac OS X 10_14_6) AppleWebKit/537.36 (KHTML, like Gecko) Chrome/77.0.3835.0 Safari/537.36"
45.148.10.120 - - [28/Apr/2026:05:31:07 +0000] "GET /.aws/credentials HTTP/1.1" 404 11190 "-" "Mozilla/5.0 (Maemo; Linux armv7l; rv:2.0.1) Gecko/20100101 Firefox/4.0.1 Fennec/2.0.1"
184.94.212.206 - - [28/Apr/2026:05:32:28 +0000] "POST /wp-cron.php?doing_wp_cron=1777354348.4588129520416259765625 HTTP/1.1" 200 - "-" "WordPress/6.9.4; https://instadigitalphotography.com"
104.238.222.26 - - [28/Apr/2026:05:32:26 +0000] "GET /wp-login.php HTTP/1.1" 302 - "-" "python-requests/2.33.1"
104.238.222.26 - - [28/Apr/2026:05:32:28 +0000] "GET /wp-login.php HTTP/1.1" 302 - "-" "python-requests/2.33.1"
104.238.222.26 - - [28/Apr/2026:05:32:29 +0000] "GET /wp-login.php HTTP/1.1" 302 - "-" "python-requests/2.33.1"
104.238.222.26 - - [28/Apr/2026:05:32:30 +0000] "GET /wp-login.php HTTP/1.1" 302 - "-" "python-requests/2.33.1"
104.238.222.26 - - [28/Apr/2026:05:32:31 +0000] "GET /wp-login.php HTTP/1.1" 302 - "-" "python-requests/2.33.1"
104.238.222.26 - - [28/Apr/2026:05:32:32 +0000] "GET /wp-login.php HTTP/1.1" 302 - "-" "python-requests/2.33.1"
104.238.222.26 - - [28/Apr/2026:05:32:33 +0000] "GET /wp-login.php HTTP/1.1" 302 - "-" "python-requests/2.33.1"
104.238.222.26 - - [28/Apr/2026:05:32:34 +0000] "GET /wp-login.php HTTP/1.1" 302 - "-" "python-requests/2.33.1"
104.238.222.26 - - [28/Apr/2026:05:32:35 +0000] "GET /wp-login.php HTTP/1.1" 302 - "-" "python-requests/2.33.1"
104.238.222.26 - - [28/Apr/2026:05:32:36 +0000] "GET /wp-login.php HTTP/1.1" 302 - "-" "python-requests/2.33.1"
104.238.222.26 - - [28/Apr/2026:05:32:36 +0000] "GET /wp-login.php HTTP/1.1" 302 - "-" "python-requests/2.33.1"
104.238.222.26 - - [28/Apr/2026:05:32:37 +0000] "GET /wp-login.php HTTP/1.1" 302 - "-" "python-requests/2.33.1"
104.238.222.26 - - [28/Apr/2026:05:32:38 +0000] "GET /wp-login.php HTTP/1.1" 302 - "-" "python-requests/2.33.1"
184.94.212.206 - - [28/Apr/2026:05:32:40 +0000] "POST /wp-cron.php?doing_wp_cron=1777354360.4841759204864501953125 HTTP/1.1" 200 - "-" "WordPress/6.9.4; https://instadigitalphotography.com"
104.238.222.26 - - [28/Apr/2026:05:32:39 +0000] "GET /wp-login.php HTTP/1.1" 302 - "-" "python-requests/2.33.1"
104.238.222.26 - - [28/Apr/2026:05:32:40 +0000] "GET /wp-login.php HTTP/1.1" 302 - "-" "python-requests/2.33.1"
104.238.222.26 - - [28/Apr/2026:05:32:41 +0000] "GET /wp-login.php HTTP/1.1" 302 - "-" "python-requests/2.33.1"
104.238.222.26 - - [28/Apr/2026:05:32:42 +0000] "GET /wp-login.php HTTP/1.1" 302 - "-" "python-requests/2.33.1"
104.238.222.26 - - [28/Apr/2026:05:32:43 +0000] "GET /wp-login.php HTTP/1.1" 302 - "-" "python-requests/2.33.1"
104.238.222.26 - - [28/Apr/2026:05:32:44 +0000] "GET /wp-login.php HTTP/1.1" 302 - "-" "python-requests/2.33.1"
104.238.222.26 - - [28/Apr/2026:05:32:45 +0000] "GET /wp-login.php HTTP/1.1" 302 - "-" "python-requests/2.33.1"
184.94.212.206 - - [28/Apr/2026:05:32:46 +0000] "POST /wp-cron.php?doing_wp_cron=1777354366.8027429580688476562500 HTTP/1.1" 200 - "-" "WordPress/6.9.4; https://instadigitalphotography.com"
104.238.222.26 - - [28/Apr/2026:05:32:45 +0000] "GET /wp-login.php HTTP/1.1" 302 - "-" "python-requests/2.33.1"
104.238.222.26 - - [28/Apr/2026:05:32:46 +0000] "GET /wp-login.php HTTP/1.1" 302 - "-" "python-requests/2.33.1"
104.238.222.26 - - [28/Apr/2026:05:32:47 +0000] "GET /wp-login.php HTTP/1.1" 302 - "-" "python-requests/2.33.1"
104.238.222.26 - - [28/Apr/2026:05:32:49 +0000] "GET /wp-login.php HTTP/1.1" 302 - "-" "python-requests/2.33.1"
104.238.222.26 - - [28/Apr/2026:05:32:50 +0000] "GET /wp-login.php HTTP/1.1" 302 - "-" "python-requests/2.33.1"
104.238.222.26 - - [28/Apr/2026:05:32:51 +0000] "GET /wp-login.php HTTP/1.1" 302 - "-" "python-requests/2.33.1"
104.238.222.26 - - [28/Apr/2026:05:32:52 +0000] "GET /wp-login.php HTTP/1.1" 302 - "-" "python-requests/2.33.1"
104.238.222.26 - - [28/Apr/2026:05:32:52 +0000] "GET /wp-login.php HTTP/1.1" 302 - "-" "python-requests/2.33.1"
104.238.222.26 - - [28/Apr/2026:05:32:53 +0000] "GET /wp-login.php HTTP/1.1" 302 - "-" "python-requests/2.33.1"
184.94.212.206 - - [28/Apr/2026:05:32:55 +0000] "POST /wp-cron.php?doing_wp_cron=1777354375.6796360015869140625000 HTTP/1.1" 200 - "-" "WordPress/6.9.4; https://instadigitalphotography.com"
104.238.222.26 - - [28/Apr/2026:05:32:54 +0000] "GET /wp-login.php HTTP/1.1" 302 - "-" "python-requests/2.33.1"
104.238.222.26 - - [28/Apr/2026:05:32:55 +0000] "GET /wp-login.php HTTP/1.1" 302 - "-" "python-requests/2.33.1"
192.0.102.146 - - [28/Apr/2026:05:33:15 +0000] "HEAD / HTTP/1.1" 200 - "-" "jetmon/1.0 (Jetpack Site Uptime Monitor by WordPress.com)"
17.22.245.16 - - [28/Apr/2026:05:33:22 +0000] "GET /wp-content/themes/essence-pro/lib/gutenberg/front-end.css?ver=1.1.0 HTTP/1.1" 200 1712 "https://instadigitalphotography.com/tag/red-eye/" "Mozilla/5.0 (Macintosh; Intel Mac OS X 10_15_7) AppleWebKit/605.1.15 (KHTML, like Gecko) Version/17.4 Safari/605.1.15 (Applebot/0.1; +http://www.apple.com/go/applebot)"
17.22.245.180 - - [28/Apr/2026:05:33:24 +0000] "GET /wp-content/plugins/contact-form-7/includes/css/styles.css?ver=6.1.5 HTTP/1.1" 200 1031 "https://instadigitalphotography.com/tag/red-eye/" "Mozilla/5.0 (Macintosh; Intel Mac OS X 10_15_7) AppleWebKit/605.1.15 (KHTML, like Gecko) Version/17.4 Safari/605.1.15 (Applebot/0.1; +http://www.apple.com/go/applebot)"
17.22.253.29 - - [28/Apr/2026:05:33:25 +0000] "GET /wp-content/themes/essence-pro/style.css?ver=1.1.0 HTTP/1.1" 200 10682 "https://instadigitalphotography.com/tag/red-eye/" "Mozilla/5.0 (Macintosh; Intel Mac OS X 10_15_7) AppleWebKit/605.1.15 (KHTML, like Gecko) Version/17.4 Safari/605.1.15 (Applebot/0.1; +http://www.apple.com/go/applebot)"
17.22.245.217 - - [28/Apr/2026:05:33:27 +0000] "GET /wp-content/plugins/simple-social-icons/css/style.css?ver=4.0.0 HTTP/1.1" 200 461 "https://instadigitalphotography.com/tag/red-eye/" "Mozilla/5.0 (Macintosh; Intel Mac OS X 10_15_7) AppleWebKit/605.1.15 (KHTML, like Gecko) Version/17.4 Safari/605.1.15 (Applebot/0.1; +http://www.apple.com/go/applebot)"
17.22.237.80 - - [28/Apr/2026:05:33:28 +0000] "GET /wp-content/plugins/contact-form-7/includes/swv/js/index.js?ver=6.1.5 HTTP/1.1" 200 3503 "https://instadigitalphotography.com/tag/red-eye/" "Mozilla/5.0 (Macintosh; Intel Mac OS X 10_15_7) AppleWebKit/605.1.15 (KHTML, like Gecko) Version/17.4 Safari/605.1.15 (Applebot/0.1; +http://www.apple.com/go/applebot)"
17.22.237.46 - - [28/Apr/2026:05:33:30 +0000] "GET /wp-content/plugins/contact-form-7/includes/js/index.js?ver=6.1.5 HTTP/1.1" 200 4265 "https://instadigitalphotography.com/tag/red-eye/" "Mozilla/5.0 (Macintosh; Intel Mac OS X 10_15_7) AppleWebKit/605.1.15 (KHTML, like Gecko) Version/17.4 Safari/605.1.15 (Applebot/0.1; +http://www.apple.com/go/applebot)"
17.22.245.22 - - [28/Apr/2026:05:33:31 +0000] "GET /wp-content/plugins/wp-meta-and-date-remover/assets/js/inspector.js?ver=1.1 HTTP/1.1" 200 1455 "https://instadigitalphotography.com/tag/red-eye/" "Mozilla/5.0 (Macintosh; Intel Mac OS X 10_15_7) AppleWebKit/605.1.15 (KHTML, like Gecko) Version/17.4 Safari/605.1.15 (Applebot/0.1; +http://www.apple.com/go/applebot)"
17.22.245.198 - - [28/Apr/2026:05:33:32 +0000] "GET /wp-content/themes/genesis/lib/js/menu/superfish.min.js?ver=1.7.10 HTTP/1.1" 200 1894 "https://instadigitalphotography.com/tag/red-eye/" "Mozilla/5.0 (Macintosh; Intel Mac OS X 10_15_7) AppleWebKit/605.1.15 (KHTML, like Gecko) Version/17.4 Safari/605.1.15 (Applebot/0.1; +http://www.apple.com/go/applebot)"
17.22.253.177 - - [28/Apr/2026:05:33:33 +0000] "GET /wp-content/themes/genesis/lib/js/menu/superfish.args.min.js?ver=3.6.2 HTTP/1.1" 200 124 "https://instadigitalphotography.com/tag/red-eye/" "Mozilla/5.0 (Macintosh; Intel Mac OS X 10_15_7) AppleWebKit/605.1.15 (KHTML, like Gecko) Version/17.4 Safari/605.1.15 (Applebot/0.1; +http://www.apple.com/go/applebot)"
17.22.237.217 - - [28/Apr/2026:05:33:34 +0000] "GET /wp-content/themes/genesis/lib/js/skip-links.min.js?ver=3.6.2 HTTP/1.1" 200 238 "https://instadigitalphotography.com/tag/red-eye/" "Mozilla/5.0 (Macintosh; Intel Mac OS X 10_15_7) AppleWebKit/605.1.15 (KHTML, like Gecko) Version/17.4 Safari/605.1.15 (Applebot/0.1; +http://www.apple.com/go/applebot)"
17.22.253.63 - - [28/Apr/2026:05:33:35 +0000] "GET /wp-content/themes/essence-pro/js/jquery.matchHeight.min.js?ver=1.1.0 HTTP/1.1" 200 1553 "https://instadigitalphotography.com/tag/red-eye/" "Mozilla/5.0 (Macintosh; Intel Mac OS X 10_15_7) AppleWebKit/605.1.15 (KHTML, like Gecko) Version/17.4 Safari/605.1.15 (Applebot/0.1; +http://www.apple.com/go/applebot)"
17.22.253.183 - - [28/Apr/2026:05:33:36 +0000] "GET /wp-content/themes/essence-pro/js/global.js?ver=1.1.0 HTTP/1.1" 200 534 "https://instadigitalphotography.com/tag/red-eye/" "Mozilla/5.0 (Macintosh; Intel Mac OS X 10_15_7) AppleWebKit/605.1.15 (KHTML, like Gecko) Version/17.4 Safari/605.1.15 (Applebot/0.1; +http://www.apple.com/go/applebot)"
17.22.253.187 - - [28/Apr/2026:05:33:37 +0000] "GET /wp-content/themes/essence-pro/js/responsive-menus.min.js?ver=1.1.0 HTTP/1.1" 200 1420 "https://instadigitalphotography.com/tag/red-eye/" "Mozilla/5.0 (Macintosh; Intel Mac OS X 10_15_7) AppleWebKit/605.1.15 (KHTML, like Gecko) Version/17.4 Safari/605.1.15 (Applebot/0.1; +http://www.apple.com/go/applebot)"
17.22.245.45 - - [28/Apr/2026:05:33:38 +0000] "GET /wp-includes/js/wp-emoji-release.min.js?ver=5e893e19f987c7578ca89177a9db4cd0 HTTP/1.1" 200 5375 "https://instadigitalphotography.com/tag/red-eye/" "Mozilla/5.0 (Macintosh; Intel Mac OS X 10_15_7) AppleWebKit/605.1.15 (KHTML, like Gecko) Version/17.4 Safari/605.1.15 (Applebot/0.1; +http://www.apple.com/go/applebot)"
184.94.212.206 - - [28/Apr/2026:05:37:10 +0000] "POST /wp-cron.php?doing_wp_cron=1777354630.8452889919281005859375 HTTP/1.1" 200 - "-" "WordPress/6.9.4; https://instadigitalphotography.com"
114.119.134.121 - - [28/Apr/2026:05:37:09 +0000] "GET /want-professional-quality-photos-these-tips-can-help?share=facebook& HTTP/1.1" 302 - "https://instadigitalphotography.com/want-professional-quality-photos-these-tips-can-help?amp" "Mozilla/5.0 (Linux; Android 7.0;) AppleWebKit/537.36 (HTML, like Gecko) Mobile Safari/537.36 (compatible; PetalBot;+https://webmaster.petalsearch.com/site/petalbot)"
184.94.212.206 - - [28/Apr/2026:05:38:19 +0000] "POST /wp-cron.php?doing_wp_cron=1777354699.5938549041748046875000 HTTP/1.1" 200 - "-" "WordPress/6.9.4; https://instadigitalphotography.com"
192.0.102.146 - - [28/Apr/2026:05:38:18 +0000] "HEAD / HTTP/1.1" 200 - "-" "jetmon/1.0 (Jetpack Site Uptime Monitor by WordPress.com)"
14.191.231.92 - - [28/Apr/2026:05:39:43 +0000] "GET /guidelines-on-how-to-effectively-take-better-photos/?share=facebook HTTP/1.1" 302 - "-" "Mozilla/5.0 (Macintosh; Intel Mac OS X 10_15_6) AppleWebKit/537.36 (KHTML, like Gecko) Chrome/101.0.4951.54 Safari/537.36"
184.94.212.206 - - [28/Apr/2026:05:43:18 +0000] "POST /wp-cron.php?doing_wp_cron=1777354998.0777111053466796875000 HTTP/1.1" 200 - "-" "WordPress/6.9.4; https://instadigitalphotography.com"
192.0.102.146 - - [28/Apr/2026:05:43:16 +0000] "HEAD / HTTP/1.1" 200 - "-" "jetmon/1.0 (Jetpack Site Uptime Monitor by WordPress.com)"
216.73.161.72 - - [28/Apr/2026:05:43:20 +0000] "POST /wp-login.php HTTP/1.1" 401 3474 "-" "Mozilla/5.0"
147.30.38.173 - - [28/Apr/2026:05:44:37 +0000] "GET /get-your-photography-questions-answered-here/?amp HTTP/1.1" 200 16226 "-" "Mozilla/5.0 (Windows NT 10.0; Win64; x64) AppleWebKit/537.36 (KHTML, like Gecko) Chrome/88.0.4500.0 Iron Safari/537.36"
184.94.212.206 - - [28/Apr/2026:05:46:01 +0000] "POST /wp-cron.php?doing_wp_cron=1777355161.5942308902740478515625 HTTP/1.1" 200 - "-" "WordPress/6.9.4; https://instadigitalphotography.com"
14.224.34.100 - - [28/Apr/2026:05:46:00 +0000] "GET /photography-tips-that-will-help-you-take-pictures-like-a-pro/?share=facebook HTTP/1.1" 302 - "-" "Mozilla/5.0 (Windows NT 10.0; WOW64) AppleWebKit/537.36 (KHTML, like Gecko) Chrome/93.0.4577.63 Safari/537.36"
184.94.212.206 - - [28/Apr/2026:05:48:16 +0000] "POST /wp-cron.php?doing_wp_cron=1777355296.7710020542144775390625 HTTP/1.1" 200 - "-" "WordPress/6.9.4; https://instadigitalphotography.com"
192.0.102.146 - - [28/Apr/2026:05:48:15 +0000] "HEAD / HTTP/1.1" 200 - "-" "jetmon/1.0 (Jetpack Site Uptime Monitor by WordPress.com)"
85.208.96.201 - - [28/Apr/2026:05:48:44 +0000] "GET /robots.txt HTTP/1.1" 200 155 "-" "Mozilla/5.0 (compatible; SemrushBot/7~bl; +http://www.semrush.com/bot.html)"
185.191.171.2 - - [28/Apr/2026:05:48:45 +0000] "GET /guidelines-on-how-to-effectively-take-better-photos/ HTTP/1.1" 200 16674 "-" "Mozilla/5.0 (compatible; SemrushBot/7~bl; +http://www.semrush.com/bot.html)"
184.94.212.206 - - [28/Apr/2026:05:53:17 +0000] "POST /wp-cron.php?doing_wp_cron=1777355597.2076299190521240234375 HTTP/1.1" 200 - "-" "WordPress/6.9.4; https://instadigitalphotography.com"
192.0.102.146 - - [28/Apr/2026:05:53:15 +0000] "HEAD / HTTP/1.1" 200 - "-" "jetmon/1.0 (Jetpack Site Uptime Monitor by WordPress.com)"
184.94.212.206 - - [28/Apr/2026:05:55:35 +0000] "POST /wp-cron.php?doing_wp_cron=1777355735.7240200042724609375000 HTTP/1.1" 200 - "-" "WordPress/6.9.4; https://instadigitalphotography.com"
108.179.167.120 - - [28/Apr/2026:05:55:33 +0000] "GET /tag/olympus-om-d-e-m1-mark-iii/ HTTP/1.1" 200 23983 "-" "Mozilla/5.0 (Macintosh; Intel Mac OS X 10_15_7) AppleWebKit/537.36 (KHTML, like Gecko) Chrome/131.0.0.0 Safari/537.36"
184.94.212.206 - - [28/Apr/2026:05:57:51 +0000] "POST /wp-cron.php?doing_wp_cron=1777355871.7476511001586914062500 HTTP/1.1" 200 - "-" "WordPress/6.9.4; https://instadigitalphotography.com"
103.151.52.53 - - [28/Apr/2026:05:57:49 +0000] "POST /wp-login.php HTTP/1.1" 401 1458 "-" "Mozilla/5.0 (Windows NT 10.0; Win64; x64) AppleWebKit/537.36 (KHTML, like Gecko) Chrome/138.0.0.0 Safari/537.36"
184.94.212.206 - - [28/Apr/2026:05:58:20 +0000] "POST /wp-cron.php?doing_wp_cron=1777355900.7400619983673095703125 HTTP/1.1" 200 - "-" "WordPress/6.9.4; https://instadigitalphotography.com"
192.0.102.146 - - [28/Apr/2026:05:58:19 +0000] "HEAD / HTTP/1.1" 200 - "-" "jetmon/1.0 (Jetpack Site Uptime Monitor by WordPress.com)"
184.94.212.206 - - [28/Apr/2026:05:59:46 +0000] "POST /wp-cron.php?doing_wp_cron=1777355986.5384380817413330078125 HTTP/1.1" 200 - "-" "WordPress/6.9.4; https://instadigitalphotography.com"
173.239.211.150 - - [28/Apr/2026:05:59:44 +0000] "POST /wp-login.php HTTP/1.1" 401 3474 "-" "Mozilla/5.0"
184.94.212.206 - - [28/Apr/2026:06:03:16 +0000] "POST /wp-cron.php?doing_wp_cron=1777356196.4165151119232177734375 HTTP/1.1" 200 - "-" "WordPress/6.9.4; https://instadigitalphotography.com"
192.0.102.146 - - [28/Apr/2026:06:03:14 +0000] "HEAD / HTTP/1.1" 200 - "-" "jetmon/1.0 (Jetpack Site Uptime Monitor by WordPress.com)"
184.94.212.206 - - [28/Apr/2026:06:08:19 +0000] "POST /wp-cron.php?doing_wp_cron=1777356499.3703401088714599609375 HTTP/1.1" 200 - "-" "WordPress/6.9.4; https://instadigitalphotography.com"
192.0.102.146 - - [28/Apr/2026:06:08:17 +0000] "HEAD / HTTP/1.1" 200 - "-" "jetmon/1.0 (Jetpack Site Uptime Monitor by WordPress.com)"
184.94.212.206 - - [28/Apr/2026:06:13:18 +0000] "POST /wp-cron.php?doing_wp_cron=1777356798.5819110870361328125000 HTTP/1.1" 200 - "-" "WordPress/6.9.4; https://instadigitalphotography.com"
192.0.102.146 - - [28/Apr/2026:06:13:17 +0000] "HEAD / HTTP/1.1" 200 - "-" "jetmon/1.0 (Jetpack Site Uptime Monitor by WordPress.com)"
184.94.212.206 - - [28/Apr/2026:06:16:39 +0000] "POST /wp-cron.php?doing_wp_cron=1777356999.4497249126434326171875 HTTP/1.1" 200 - "-" "WordPress/6.9.4; https://instadigitalphotography.com"
216.73.161.86 - - [28/Apr/2026:06:16:37 +0000] "POST /wp-login.php HTTP/1.1" 401 3474 "-" "Mozilla/5.0"
184.94.212.206 - - [28/Apr/2026:06:18:18 +0000] "POST /wp-cron.php?doing_wp_cron=1777357098.8730940818786621093750 HTTP/1.1" 200 - "-" "WordPress/6.9.4; https://instadigitalphotography.com"
192.0.102.146 - - [28/Apr/2026:06:18:17 +0000] "HEAD / HTTP/1.1" 200 - "-" "jetmon/1.0 (Jetpack Site Uptime Monitor by WordPress.com)"
184.94.212.206 - - [28/Apr/2026:06:23:15 +0000] "POST /wp-cron.php?doing_wp_cron=1777357395.8704619407653808593750 HTTP/1.1" 200 - "-" "WordPress/6.9.4; https://instadigitalphotography.com"
192.0.102.146 - - [28/Apr/2026:06:23:14 +0000] "HEAD / HTTP/1.1" 200 - "-" "jetmon/1.0 (Jetpack Site Uptime Monitor by WordPress.com)"
67.230.42.146 - - [28/Apr/2026:06:23:30 +0000] "GET /the-best-in-professional-photography-tips-and-tricks/ HTTP/1.1" 200 16805 "-" "Mozilla/5.0 (Windows NT 6.1; ) AppleWebKit/537.36 (KHTML, like Gecko) Chrome/81.0.4044.113 Safari/537.36"
14.239.239.36 - - [28/Apr/2026:06:23:50 +0000] "GET /the-best-in-professional-photography-tips-and-tricks/ HTTP/1.1" 200 16772 "-" "Mozilla/5.0 (Windows NT 10.0; Win64; x64) AppleWebKit/537.36 (KHTML, like Gecko) Chrome/100.0.4896.60 Safari/537.36"
184.94.212.206 - - [28/Apr/2026:06:28:22 +0000] "POST /wp-cron.php?doing_wp_cron=1777357702.2911789417266845703125 HTTP/1.1" 200 - "-" "WordPress/6.9.4; https://instadigitalphotography.com"
192.0.102.146 - - [28/Apr/2026:06:28:20 +0000] "HEAD / HTTP/1.1" 200 - "-" "jetmon/1.0 (Jetpack Site Uptime Monitor by WordPress.com)"
103.244.178.38 - - [28/Apr/2026:06:28:41 +0000] "POST /xmlrpc.php HTTP/1.1" 404 45202 "-" "Mozilla/5.0 (X11; Ubuntu; Linux x86_64; x64) AppleWebKit/537.36 (KHTML, like Gecko) Edge/93.0.0.0 Safari/537.36"
216.73.216.113 - - [28/Apr/2026:06:28:47 +0000] "GET /robots.txt HTTP/1.1" 200 155 "-" "Mozilla/5.0 AppleWebKit/537.36 (KHTML, like Gecko; compatible; ClaudeBot/1.0; +claudebot@anthropic.com)"
216.73.216.113 - - [28/Apr/2026:06:28:48 +0000] "GET /sitemap_index.xml HTTP/1.1" 200 336 "-" "Mozilla/5.0 AppleWebKit/537.36 (KHTML, like Gecko; compatible; ClaudeBot/1.0; +claudebot@anthropic.com)"
83.142.209.158 - - [28/Apr/2026:06:29:00 +0000] "GET / HTTP/1.1" 200 53726 "-" "-"
115.45.40.223 - - [28/Apr/2026:06:29:23 +0000] "GET /robots.txt HTTP/1.1" 500 1004 "-" "Mozilla/5.0 (Windows NT 10.0; Win64; x64) AppleWebKit/537.36 (KHTML, like Gecko) Chrome/75.0.3098.88 Safari/537.36 Edge/18.18362"
83.142.209.158 - - [28/Apr/2026:06:29:23 +0000] "GET / HTTP/1.1" 500 2431 "-" "-"
83.142.209.158 - - [28/Apr/2026:06:29:05 +0000] "GET / HTTP/1.1" 200 53726 "-" "-"
83.142.209.158 - - [28/Apr/2026:06:29:10 +0000] "GET / HTTP/1.1" 200 53726 "-" "-"
83.142.209.158 - - [28/Apr/2026:06:29:16 +0000] "GET / HTTP/1.1" 200 53726 "-" "-"
184.94.212.206 - - [28/Apr/2026:06:31:49 +0000] "POST /wp-cron.php?doing_wp_cron=1777357909.7744319438934326171875 HTTP/1.1" 200 - "-" "WordPress/6.9.4; https://instadigitalphotography.com"
57.141.18.10 - - [28/Apr/2026:06:31:48 +0000] "GET /photography-equipment/ HTTP/1.1" 301 - "-" "meta-externalagent/1.1 (+https://developers.facebook.com/docs/sharing/webmasters/crawler)"
184.94.212.206 - - [28/Apr/2026:06:33:05 +0000] "POST /wp-cron.php?doing_wp_cron=1777357985.1246728897094726562500 HTTP/1.1" 200 - "-" "WordPress/6.9.4; https://instadigitalphotography.com"
3.14.79.208 - - [28/Apr/2026:06:33:03 +0000] "GET /robots.txt HTTP/1.1" 200 155 "-" "Mozilla/5.0 (Macintosh; Intel Mac OS X 10_15_7) AppleWebKit/537.36 (KHTML, like Gecko) Chrome/131.0.0.0 Safari/537.36; ClaudeBot/1.0; +claudebot@anthropic.com)"
3.14.79.208 - - [28/Apr/2026:06:33:05 +0000] "GET /category/equipment/ HTTP/1.1" 200 34719 "-" "Mozilla/5.0 (Macintosh; Intel Mac OS X 10_15_7) AppleWebKit/537.36 (KHTML, like Gecko) Chrome/131.0.0.0 Safari/537.36; ClaudeBot/1.0; +claudebot@anthropic.com)"
3.14.79.208 - - [28/Apr/2026:06:33:06 +0000] "GET /wp-content/themes/essence-pro/style.css?ver=1.1.0 HTTP/1.1" 200 10682 "https://instadigitalphotography.com/category/equipment/" "Mozilla/5.0 (Macintosh; Intel Mac OS X 10_15_7) AppleWebKit/537.36 (KHTML, like Gecko) Chrome/131.0.0.0 Safari/537.36; ClaudeBot/1.0; +claudebot@anthropic.com)"
3.14.79.208 - - [28/Apr/2026:06:33:06 +0000] "GET /wp-content/plugins/contact-form-7/includes/css/styles.css?ver=6.1.5 HTTP/1.1" 200 1031 "https://instadigitalphotography.com/category/equipment/" "Mozilla/5.0 (Macintosh; Intel Mac OS X 10_15_7) AppleWebKit/537.36 (KHTML, like Gecko) Chrome/131.0.0.0 Safari/537.36; ClaudeBot/1.0; +claudebot@anthropic.com)"
3.14.79.208 - - [28/Apr/2026:06:33:06 +0000] "GET /wp-content/themes/essence-pro/lib/gutenberg/front-end.css?ver=1.1.0 HTTP/1.1" 200 1712 "https://instadigitalphotography.com/category/equipment/" "Mozilla/5.0 (Macintosh; Intel Mac OS X 10_15_7) AppleWebKit/537.36 (KHTML, like Gecko) Chrome/131.0.0.0 Safari/537.36; ClaudeBot/1.0; +claudebot@anthropic.com)"
3.14.79.208 - - [28/Apr/2026:06:33:06 +0000] "GET /wp-content/plugins/simple-social-icons/css/style.css?ver=4.0.0 HTTP/1.1" 200 461 "https://instadigitalphotography.com/category/equipment/" "Mozilla/5.0 (Macintosh; Intel Mac OS X 10_15_7) AppleWebKit/537.36 (KHTML, like Gecko) Chrome/131.0.0.0 Safari/537.36; ClaudeBot/1.0; +claudebot@anthropic.com)"
3.14.79.208 - - [28/Apr/2026:06:33:06 +0000] "GET /wp-content/plugins/contact-form-7/includes/swv/js/index.js?ver=6.1.5 HTTP/1.1" 200 3503 "https://instadigitalphotography.com/category/equipment/" "Mozilla/5.0 (Macintosh; Intel Mac OS X 10_15_7) AppleWebKit/537.36 (KHTML, like Gecko) Chrome/131.0.0.0 Safari/537.36; ClaudeBot/1.0; +claudebot@anthropic.com)"
3.14.79.208 - - [28/Apr/2026:06:33:06 +0000] "GET /wp-content/plugins/wp-meta-and-date-remover/assets/js/inspector.js?ver=1.1 HTTP/1.1" 200 1455 "https://instadigitalphotography.com/category/equipment/" "Mozilla/5.0 (Macintosh; Intel Mac OS X 10_15_7) AppleWebKit/537.36 (KHTML, like Gecko) Chrome/131.0.0.0 Safari/537.36; ClaudeBot/1.0; +claudebot@anthropic.com)"
3.14.79.208 - - [28/Apr/2026:06:33:06 +0000] "GET /wp-content/plugins/contact-form-7/includes/js/index.js?ver=6.1.5 HTTP/1.1" 200 4265 "https://instadigitalphotography.com/category/equipment/" "Mozilla/5.0 (Macintosh; Intel Mac OS X 10_15_7) AppleWebKit/537.36 (KHTML, like Gecko) Chrome/131.0.0.0 Safari/537.36; ClaudeBot/1.0; +claudebot@anthropic.com)"
3.14.79.208 - - [28/Apr/2026:06:33:06 +0000] "GET /wp-content/themes/genesis/lib/js/menu/superfish.min.js?ver=1.7.10 HTTP/1.1" 200 1894 "https://instadigitalphotography.com/category/equipment/" "Mozilla/5.0 (Macintosh; Intel Mac OS X 10_15_7) AppleWebKit/537.36 (KHTML, like Gecko) Chrome/131.0.0.0 Safari/537.36; ClaudeBot/1.0; +claudebot@anthropic.com)"
3.14.79.208 - - [28/Apr/2026:06:33:06 +0000] "GET /wp-content/themes/genesis/lib/js/menu/superfish.args.min.js?ver=3.6.2 HTTP/1.1" 200 124 "https://instadigitalphotography.com/category/equipment/" "Mozilla/5.0 (Macintosh; Intel Mac OS X 10_15_7) AppleWebKit/537.36 (KHTML, like Gecko) Chrome/131.0.0.0 Safari/537.36; ClaudeBot/1.0; +claudebot@anthropic.com)"
3.14.79.208 - - [28/Apr/2026:06:33:06 +0000] "GET /wp-content/themes/genesis/lib/js/skip-links.min.js?ver=3.6.2 HTTP/1.1" 200 238 "https://instadigitalphotography.com/category/equipment/" "Mozilla/5.0 (Macintosh; Intel Mac OS X 10_15_7) AppleWebKit/537.36 (KHTML, like Gecko) Chrome/131.0.0.0 Safari/537.36; ClaudeBot/1.0; +claudebot@anthropic.com)"
3.14.79.208 - - [28/Apr/2026:06:33:06 +0000] "GET /wp-content/themes/essence-pro/js/global.js?ver=1.1.0 HTTP/1.1" 200 534 "https://instadigitalphotography.com/category/equipment/" "Mozilla/5.0 (Macintosh; Intel Mac OS X 10_15_7) AppleWebKit/537.36 (KHTML, like Gecko) Chrome/131.0.0.0 Safari/537.36; ClaudeBot/1.0; +claudebot@anthropic.com)"
3.14.79.208 - - [28/Apr/2026:06:33:06 +0000] "GET /wp-content/themes/essence-pro/js/jquery.matchHeight.min.js?ver=1.1.0 HTTP/1.1" 200 1553 "https://instadigitalphotography.com/category/equipment/" "Mozilla/5.0 (Macintosh; Intel Mac OS X 10_15_7) AppleWebKit/537.36 (KHTML, like Gecko) Chrome/131.0.0.0 Safari/537.36; ClaudeBot/1.0; +claudebot@anthropic.com)"
3.14.79.208 - - [28/Apr/2026:06:33:07 +0000] "GET /wp-content/themes/essence-pro/js/responsive-menus.min.js?ver=1.1.0 HTTP/1.1" 200 1420 "https://instadigitalphotography.com/category/equipment/" "Mozilla/5.0 (Macintosh; Intel Mac OS X 10_15_7) AppleWebKit/537.36 (KHTML, like Gecko) Chrome/131.0.0.0 Safari/537.36; ClaudeBot/1.0; +claudebot@anthropic.com)"
3.14.79.208 - - [28/Apr/2026:06:33:07 +0000] "GET /wp-content/uploads/2020/02/cropped-Photography-Equipment-e1581712271328.jpg HTTP/1.1" 200 104186 "https://instadigitalphotography.com/category/equipment/" "Mozilla/5.0 (Macintosh; Intel Mac OS X 10_15_7) AppleWebKit/537.36 (KHTML, like Gecko) Chrome/131.0.0.0 Safari/537.36; ClaudeBot/1.0; +claudebot@anthropic.com)"
3.14.79.208 - - [28/Apr/2026:06:33:07 +0000] "GET /wp-content/plugins/simple-social-icons/symbol-defs.svg HTTP/1.1" 200 17203 "https://instadigitalphotography.com/category/equipment/" "Mozilla/5.0 (Macintosh; Intel Mac OS X 10_15_7) AppleWebKit/537.36 (KHTML, like Gecko) Chrome/131.0.0.0 Safari/537.36; ClaudeBot/1.0; +claudebot@anthropic.com)"
192.0.102.70 - - [28/Apr/2026:06:33:07 +0000] "GET /wp-content/uploads/2020/04/guidelines_on_how_to_effectively_take_better_photos.jpg HTTP/1.1" 200 - "-" "Photon/1.0"
192.0.101.238 - - [28/Apr/2026:06:33:07 +0000] "GET /wp-content/uploads/2020/04/how_to_find_the_perfect_spot_for_photos.jpg HTTP/1.1" 200 - "-" "Photon/1.0"
192.0.102.66 - - [28/Apr/2026:06:33:07 +0000] "GET /wp-content/uploads/2020/04/give_these_photography_techniques_a_try.jpg HTTP/1.1" 200 - "-" "Photon/1.0"
192.0.99.250 - - [28/Apr/2026:06:33:08 +0000] "GET /wp-content/uploads/2020/04/the_best_in_professional_photography_tips_and_tricks.jpg HTTP/1.1" 200 - "-" "Photon/1.0"
3.14.79.208 - - [28/Apr/2026:06:33:09 +0000] "GET /wp-includes/js/wp-emoji-release.min.js?ver=5e893e19f987c7578ca89177a9db4cd0 HTTP/1.1" 200 5375 "https://instadigitalphotography.com/category/equipment/" "Mozilla/5.0 (Macintosh; Intel Mac OS X 10_15_7) AppleWebKit/537.36 (KHTML, like Gecko) Chrome/131.0.0.0 Safari/537.36; ClaudeBot/1.0; +claudebot@anthropic.com)"
192.0.102.146 - - [28/Apr/2026:06:33:14 +0000] "HEAD / HTTP/1.1" 200 - "-" "jetmon/1.0 (Jetpack Site Uptime Monitor by WordPress.com)"
216.73.216.113 - - [28/Apr/2026:06:33:22 +0000] "GET /news-sitemap.xml HTTP/1.1" 200 319 "-" "Mozilla/5.0 AppleWebKit/537.36 (KHTML, like Gecko; compatible; ClaudeBot/1.0; +claudebot@anthropic.com)"
173.239.211.147 - - [28/Apr/2026:06:33:28 +0000] "POST /wp-login.php HTTP/1.1" 401 3474 "-" "Mozilla/5.0"
51.68.107.161 - - [28/Apr/2026:06:33:32 +0000] "GET /robots.txt HTTP/1.1" 200 155 "-" "Mozilla/5.0 (compatible; MJ12bot/v2.0.5; http://mj12bot.com/)"
51.68.107.161 - - [28/Apr/2026:06:33:33 +0000] "GET / HTTP/1.1" 403 12473 "-" "Mozilla/5.0 (compatible; MJ12bot/v2.0.5; http://mj12bot.com/)"
184.94.212.206 - - [28/Apr/2026:06:35:38 +0000] "POST /wp-cron.php?doing_wp_cron=1777358138.0347180366516113281250 HTTP/1.1" 200 - "-" "WordPress/6.9.4; https://instadigitalphotography.com"
216.73.216.113 - - [28/Apr/2026:06:35:36 +0000] "GET /sitemap.xml HTTP/1.1" 200 311 "-" "Mozilla/5.0 AppleWebKit/537.36 (KHTML, like Gecko; compatible; ClaudeBot/1.0; +claudebot@anthropic.com)"
184.94.212.206 - - [28/Apr/2026:06:38:20 +0000] "POST /wp-cron.php?doing_wp_cron=1777358300.5550079345703125000000 HTTP/1.1" 200 - "-" "WordPress/6.9.4; https://instadigitalphotography.com"
192.0.102.146 - - [28/Apr/2026:06:38:19 +0000] "HEAD / HTTP/1.1" 200 - "-" "jetmon/1.0 (Jetpack Site Uptime Monitor by WordPress.com)"
184.94.212.206 - - [28/Apr/2026:06:40:49 +0000] "POST /wp-cron.php?doing_wp_cron=1777358449.3187890052795410156250 HTTP/1.1" 200 - "-" "WordPress/6.9.4; https://instadigitalphotography.com"
197.232.142.6 - - [28/Apr/2026:06:40:47 +0000] "GET / HTTP/1.1" 200 12472 "-" "Mozilla/5.0 (Windows NT 10.0; Win64; x64) AppleWebKit/537.36 (KHTML, like Gecko) Brave Chrome/79.0.3945.88 Safari/537.36"
113.168.161.250 - - [28/Apr/2026:06:40:49 +0000] "GET /photography-tips-that-will-help-you-take-pictures-like-a-pro/ HTTP/1.1" 200 16706 "-" "Mozilla/5.0 (Windows NT 10.0; WOW64) AppleWebKit/537.36 (KHTML, like Gecko) Chrome/80.0.3987.132 Safari/537.36"
184.94.212.206 - - [28/Apr/2026:06:43:21 +0000] "POST /wp-cron.php?doing_wp_cron=1777358601.7636630535125732421875 HTTP/1.1" 200 - "-" "WordPress/6.9.4; https://instadigitalphotography.com"
192.0.102.146 - - [28/Apr/2026:06:43:20 +0000] "HEAD / HTTP/1.1" 200 - "-" "jetmon/1.0 (Jetpack Site Uptime Monitor by WordPress.com)"
54.39.210.4 - - [28/Apr/2026:06:44:07 +0000] "GET /know-these-ideas-when-you-reach-for-a-camera/ HTTP/1.1" 200 16463 "-" "Mozilla/5.0 (compatible; AhrefsBot/7.0; +http://ahrefs.com/robot/)"
184.94.212.206 - - [28/Apr/2026:06:45:55 +0000] "POST /wp-cron.php?doing_wp_cron=1777358755.9777019023895263671875 HTTP/1.1" 200 - "-" "WordPress/6.9.4; https://instadigitalphotography.com"
35.145.203.18 - - [28/Apr/2026:06:45:54 +0000] "GET /tag/fluorescent-lighting/?amp HTTP/1.1" 200 15294 "-" "Mozilla/5.0 (Macintosh; Intel Mac OS X 10_15_7) AppleWebKit/537.36 (KHTML, like Gecko) Chrome/133.0.0.0 Safari/537.36"
165.22.166.210 - - [28/Apr/2026:06:46:37 +0000] "GET / HTTP/1.1" 200 12473 "-" "Mozilla/5.0 (X11; Linux x86_64) AppleWebKit/537.36 (KHTML, like Gecko) Chrome/55.0.2883.87 Safari/537.36"
184.94.212.206 - - [28/Apr/2026:06:47:31 +0000] "POST /wp-cron.php?doing_wp_cron=1777358851.5295779705047607421875 HTTP/1.1" 200 - "-" "WordPress/6.9.4; https://instadigitalphotography.com"
98.84.200.43 - - [28/Apr/2026:06:47:29 +0000] "GET /category/how-tos/ HTTP/1.1" 200 20496 "-" "Mozilla/5.0 AppleWebKit/537.36 (KHTML, like Gecko; compatible; Amazonbot/0.1; +https://developer.amazon.com/support/amazonbot) Chrome/119.0.6045.214 Safari/537.36"
184.94.212.206 - - [28/Apr/2026:06:48:15 +0000] "POST /wp-cron.php?doing_wp_cron=1777358895.6490979194641113281250 HTTP/1.1" 200 - "-" "WordPress/6.9.4; https://instadigitalphotography.com"
192.0.102.146 - - [28/Apr/2026:06:48:14 +0000] "HEAD / HTTP/1.1" 200 - "-" "jetmon/1.0 (Jetpack Site Uptime Monitor by WordPress.com)"
216.73.161.73 - - [28/Apr/2026:06:50:04 +0000] "POST /wp-login.php HTTP/1.1" 401 3474 "-" "Mozilla/5.0"
57.141.18.124 - - [28/Apr/2026:06:50:05 +0000] "GET /post_tag-sitemap.xml HTTP/1.1" 200 7440 "-" "meta-externalagent/1.1 (+https://developers.facebook.com/docs/sharing/webmasters/crawler)"
184.94.212.206 - - [28/Apr/2026:06:53:21 +0000] "POST /wp-cron.php?doing_wp_cron=1777359201.1392650604248046875000 HTTP/1.1" 200 - "-" "WordPress/6.9.4; https://instadigitalphotography.com"
192.0.102.146 - - [28/Apr/2026:06:53:19 +0000] "HEAD / HTTP/1.1" 200 - "-" "jetmon/1.0 (Jetpack Site Uptime Monitor by WordPress.com)"
71.179.16.56 - - [28/Apr/2026:06:54:26 +0000] "GET /learn-photography-and-capture-the-moment/ HTTP/1.1" 200 15482 "-" "Mozilla/5.0 (Windows NT 10.0; Win64; x64) AppleWebKit/537.36 (KHTML, like Gecko) Chrome/107.0.0.0 Safari/537.36"
114.119.145.140 - - [28/Apr/2026:06:55:05 +0000] "GET /unleash-the-power-of-instagram-how-canvas-versatile-design-tools-can-help-you-create-stunning-graphics-and-boost-your-followers/?share=tumblr& HTTP/1.1" 302 - "https://instadigitalphotography.com/blog/?amp" "Mozilla/5.0 (Linux; Android 7.0;) AppleWebKit/537.36 (HTML, like Gecko) Mobile Safari/537.36 (compatible; PetalBot;+https://webmaster.petalsearch.com/site/petalbot)"
184.94.212.206 - - [28/Apr/2026:06:55:25 +0000] "POST /wp-cron.php?doing_wp_cron=1777359325.0657229423522949218750 HTTP/1.1" 200 - "-" "WordPress/6.9.4; https://instadigitalphotography.com"
43.157.188.74 - - [28/Apr/2026:06:55:24 +0000] "GET / HTTP/1.1" 301 - "http://www.instadigitalphotography.com" "Mozilla/5.0 (iPhone; CPU iPhone OS 13_2_3 like Mac OS X) AppleWebKit/605.1.15 (KHTML, like Gecko) Version/13.0.3 Mobile/15E148 Safari/604.1"
43.157.188.74 - - [28/Apr/2026:06:55:26 +0000] "GET / HTTP/1.1" 200 12473 "https://www.instadigitalphotography.com/" "Mozilla/5.0 (iPhone; CPU iPhone OS 13_2_3 like Mac OS X) AppleWebKit/605.1.15 (KHTML, like Gecko) Version/13.0.3 Mobile/15E148 Safari/604.1"
184.94.212.206 - - [28/Apr/2026:06:58:19 +0000] "POST /wp-cron.php?doing_wp_cron=1777359499.1338069438934326171875 HTTP/1.1" 200 - "-" "WordPress/6.9.4; https://instadigitalphotography.com"
192.0.102.146 - - [28/Apr/2026:06:58:17 +0000] "HEAD / HTTP/1.1" 200 - "-" "jetmon/1.0 (Jetpack Site Uptime Monitor by WordPress.com)"
184.94.212.206 - - [28/Apr/2026:07:03:16 +0000] "POST /wp-cron.php?doing_wp_cron=1777359795.9030139446258544921875 HTTP/1.1" 200 - "-" "WordPress/6.9.4; https://instadigitalphotography.com"
192.0.102.146 - - [28/Apr/2026:07:03:14 +0000] "HEAD / HTTP/1.1" 200 - "-" "jetmon/1.0 (Jetpack Site Uptime Monitor by WordPress.com)"
184.94.212.206 - - [28/Apr/2026:07:06:15 +0000] "POST /wp-cron.php?doing_wp_cron=1777359975.1877679824829101562500 HTTP/1.1" 200 - "-" "WordPress/6.9.4; https://instadigitalphotography.com"
66.78.142.129 - - [28/Apr/2026:07:06:12 +0000] "GET /tag/shooting-photos/ HTTP/1.1" 200 15290 "-" "Mozilla/5.0 (Macintosh; Intel Mac OS X 10_15_7) AppleWebKit/537.36 (KHTML, like Gecko) Chrome/131.0.0.0 Safari/537.36"
216.73.161.88 - - [28/Apr/2026:07:06:44 +0000] "POST /wp-login.php HTTP/1.1" 401 3475 "-" "Mozilla/5.0"
184.94.212.206 - - [28/Apr/2026:07:08:17 +0000] "POST /wp-cron.php?doing_wp_cron=1777360097.0761640071868896484375 HTTP/1.1" 200 - "-" "WordPress/6.9.4; https://instadigitalphotography.com"
192.0.102.146 - - [28/Apr/2026:07:08:15 +0000] "HEAD / HTTP/1.1" 200 - "-" "jetmon/1.0 (Jetpack Site Uptime Monitor by WordPress.com)"
184.94.212.206 - - [28/Apr/2026:07:10:20 +0000] "POST /wp-cron.php?doing_wp_cron=1777360220.5452659130096435546875 HTTP/1.1" 200 - "-" "WordPress/6.9.4; https://instadigitalphotography.com"
4.193.118.98 - - [28/Apr/2026:07:10:18 +0000] "GET /.tmb/cloud.php HTTP/1.1" 404 11187 "-" "Mozilla/5.0 (Windows NT 10.0; Win64; x64) AppleWebKit/537.36 (KHTML, like Gecko) Chrome/120.0.0.0 Safari/537.36"
4.193.118.98 - - [28/Apr/2026:07:10:20 +0000] "GET /.well-known/ HTTP/1.1" 404 11187 "-" "Mozilla/5.0 (Windows NT 10.0; Win64; x64) AppleWebKit/537.36 (KHTML, like Gecko) Chrome/120.0.0.0 Safari/537.36"
4.193.118.98 - - [28/Apr/2026:07:10:22 +0000] "GET /.well-known/acme-challenge/index.php HTTP/1.1" 301 - "-" "Mozilla/5.0 (Windows NT 10.0; Win64; x64) AppleWebKit/537.36 (KHTML, like Gecko) Chrome/120.0.0.0 Safari/537.36"
4.193.118.98 - - [28/Apr/2026:07:10:23 +0000] "GET /.well-known/autoload_classmap.php HTTP/1.1" 404 11199 "-" "Mozilla/5.0 (Windows NT 10.0; Win64; x64) AppleWebKit/537.36 (KHTML, like Gecko) Chrome/120.0.0.0 Safari/537.36"
4.193.118.98 - - [28/Apr/2026:07:10:24 +0000] "GET /.well-known/pki-validation/ HTTP/1.1" 404 11196 "-" "Mozilla/5.0 (Windows NT 10.0; Win64; x64) AppleWebKit/537.36 (KHTML, like Gecko) Chrome/120.0.0.0 Safari/537.36"
4.193.118.98 - - [28/Apr/2026:07:10:26 +0000] "GET /.well-known/pki-validation/about.php HTTP/1.1" 404 11325 "-" "Mozilla/5.0 (Windows NT 10.0; Win64; x64) AppleWebKit/537.36 (KHTML, like Gecko) Chrome/120.0.0.0 Safari/537.36"
4.193.118.98 - - [28/Apr/2026:07:10:28 +0000] "GET //wp-2019.php HTTP/1.1" 301 - "-" "Mozilla/5.0 (Windows NT 10.0; Win64; x64) AppleWebKit/537.36 (KHTML, like Gecko) Chrome/120.0.0.0 Safari/537.36"
4.193.118.98 - - [28/Apr/2026:07:10:30 +0000] "GET //wp-content/themes/about.php HTTP/1.1" 301 - "-" "Mozilla/5.0 (Windows NT 10.0; Win64; x64) AppleWebKit/537.36 (KHTML, like Gecko) Chrome/120.0.0.0 Safari/537.36"
4.193.118.98 - - [28/Apr/2026:07:10:32 +0000] "GET /0.php HTTP/1.1" 404 11180 "-" "Mozilla/5.0 (Windows NT 10.0; Win64; x64) AppleWebKit/537.36 (KHTML, like Gecko) Chrome/120.0.0.0 Safari/537.36"
4.193.118.98 - - [28/Apr/2026:07:10:34 +0000] "GET /1.php HTTP/1.1" 404 11180 "-" "Mozilla/5.0 (Windows NT 10.0; Win64; x64) AppleWebKit/537.36 (KHTML, like Gecko) Chrome/120.0.0.0 Safari/537.36"
4.193.118.98 - - [28/Apr/2026:07:10:37 +0000] "GET /12.php HTTP/1.1" 404 11181 "-" "Mozilla/5.0 (Windows NT 10.0; Win64; x64) AppleWebKit/537.36 (KHTML, like Gecko) Chrome/120.0.0.0 Safari/537.36"
4.193.118.98 - - [28/Apr/2026:07:10:38 +0000] "GET /120f9.php HTTP/1.1" 404 11184 "-" "Mozilla/5.0 (Windows NT 10.0; Win64; x64) AppleWebKit/537.36 (KHTML, like Gecko) Chrome/120.0.0.0 Safari/537.36"
4.193.118.98 - - [28/Apr/2026:07:10:40 +0000] "GET /22.php HTTP/1.1" 404 11181 "-" "Mozilla/5.0 (Windows NT 10.0; Win64; x64) AppleWebKit/537.36 (KHTML, like Gecko) Chrome/120.0.0.0 Safari/537.36"
4.193.118.98 - - [28/Apr/2026:07:10:41 +0000] "GET /403.php HTTP/1.1" 404 11182 "-" "Mozilla/5.0 (Windows NT 10.0; Win64; x64) AppleWebKit/537.36 (KHTML, like Gecko) Chrome/120.0.0.0 Safari/537.36"
4.193.118.98 - - [28/Apr/2026:07:10:43 +0000] "GET /504.php HTTP/1.1" 404 11182 "-" "Mozilla/5.0 (Windows NT 10.0; Win64; x64) AppleWebKit/537.36 (KHTML, like Gecko) Chrome/120.0.0.0 Safari/537.36"
4.193.118.98 - - [28/Apr/2026:07:10:44 +0000] "GET /GOD.php HTTP/1.1" 404 11182 "-" "Mozilla/5.0 (Windows NT 10.0; Win64; x64) AppleWebKit/537.36 (KHTML, like Gecko) Chrome/120.0.0.0 Safari/537.36"
184.94.212.206 - - [28/Apr/2026:07:10:46 +0000] "POST /wp-cron.php?doing_wp_cron=1777360246.8423500061035156250000 HTTP/1.1" 200 - "-" "WordPress/6.9.4; https://instadigitalphotography.com"
4.193.118.98 - - [28/Apr/2026:07:10:45 +0000] "GET /NewFile.php HTTP/1.1" 404 11185 "-" "Mozilla/5.0 (Windows NT 10.0; Win64; x64) AppleWebKit/537.36 (KHTML, like Gecko) Chrome/120.0.0.0 Safari/537.36"
4.193.118.98 - - [28/Apr/2026:07:10:47 +0000] "GET /aaa.php HTTP/1.1" 404 11181 "-" "Mozilla/5.0 (Windows NT 10.0; Win64; x64) AppleWebKit/537.36 (KHTML, like Gecko) Chrome/120.0.0.0 Safari/537.36"
4.193.118.98 - - [28/Apr/2026:07:10:48 +0000] "GET /ab.php HTTP/1.1" 404 11181 "-" "Mozilla/5.0 (Windows NT 10.0; Win64; x64) AppleWebKit/537.36 (KHTML, like Gecko) Chrome/120.0.0.0 Safari/537.36"
4.193.118.98 - - [28/Apr/2026:07:10:49 +0000] "GET /about/function.php HTTP/1.1" 404 11184 "-" "Mozilla/5.0 (Windows NT 10.0; Win64; x64) AppleWebKit/537.36 (KHTML, like Gecko) Chrome/120.0.0.0 Safari/537.36"
4.193.118.98 - - [28/Apr/2026:07:10:50 +0000] "GET /admin/function.php HTTP/1.1" 404 11184 "-" "Mozilla/5.0 (Windows NT 10.0; Win64; x64) AppleWebKit/537.36 (KHTML, like Gecko) Chrome/120.0.0.0 Safari/537.36"
4.193.118.98 - - [28/Apr/2026:07:10:52 +0000] "GET /admin/index_upload.php HTTP/1.1" 404 11188 "-" "Mozilla/5.0 (Windows NT 10.0; Win64; x64) AppleWebKit/537.36 (KHTML, like Gecko) Chrome/120.0.0.0 Safari/537.36"
4.193.118.98 - - [28/Apr/2026:07:10:55 +0000] "GET /al.php HTTP/1.1" 404 11181 "-" "Mozilla/5.0 (Windows NT 10.0; Win64; x64) AppleWebKit/537.36 (KHTML, like Gecko) Chrome/120.0.0.0 Safari/537.36"
4.193.118.98 - - [28/Apr/2026:07:10:59 +0000] "GET /alfa-rex.php HTTP/1.1" 404 11185 "-" "Mozilla/5.0 (Windows NT 10.0; Win64; x64) AppleWebKit/537.36 (KHTML, like Gecko) Chrome/120.0.0.0 Safari/537.36"
4.193.118.98 - - [28/Apr/2026:07:11:03 +0000] "GET /alfanew.PHP7 HTTP/1.1" 404 11188 "-" "Mozilla/5.0 (Windows NT 10.0; Win64; x64) AppleWebKit/537.36 (KHTML, like Gecko) Chrome/120.0.0.0 Safari/537.36"
4.193.118.98 - - [28/Apr/2026:07:11:07 +0000] "GET /alfanew.php HTTP/1.1" 404 11184 "-" "Mozilla/5.0 (Windows NT 10.0; Win64; x64) AppleWebKit/537.36 (KHTML, like Gecko) Chrome/120.0.0.0 Safari/537.36"
4.193.118.98 - - [28/Apr/2026:07:11:10 +0000] "GET /auth.php HTTP/1.1" 404 11180 "-" "Mozilla/5.0 (Windows NT 10.0; Win64; x64) AppleWebKit/537.36 (KHTML, like Gecko) Chrome/120.0.0.0 Safari/537.36"
4.193.118.98 - - [28/Apr/2026:07:11:15 +0000] "GET /b.php HTTP/1.1" 404 11180 "-" "Mozilla/5.0 (Windows NT 10.0; Win64; x64) AppleWebKit/537.36 (KHTML, like Gecko) Chrome/120.0.0.0 Safari/537.36"
4.193.118.98 - - [28/Apr/2026:07:11:21 +0000] "GET /b0.php HTTP/1.1" 404 11181 "-" "Mozilla/5.0 (Windows NT 10.0; Win64; x64) AppleWebKit/537.36 (KHTML, like Gecko) Chrome/120.0.0.0 Safari/537.36"
4.193.118.98 - - [28/Apr/2026:07:11:25 +0000] "GET /back.php HTTP/1.1" 404 11181 "-" "Mozilla/5.0 (Windows NT 10.0; Win64; x64) AppleWebKit/537.36 (KHTML, like Gecko) Chrome/120.0.0.0 Safari/537.36"
4.193.118.98 - - [28/Apr/2026:07:11:28 +0000] "GET /bala.php HTTP/1.1" 404 11182 "-" "Mozilla/5.0 (Windows NT 10.0; Win64; x64) AppleWebKit/537.36 (KHTML, like Gecko) Chrome/120.0.0.0 Safari/537.36"
4.193.118.98 - - [28/Apr/2026:07:11:31 +0000] "GET /baxa1.php HTTP/1.1" 404 11183 "-" "Mozilla/5.0 (Windows NT 10.0; Win64; x64) AppleWebKit/537.36 (KHTML, like Gecko) Chrome/120.0.0.0 Safari/537.36"
4.193.118.98 - - [28/Apr/2026:07:11:35 +0000] "GET /buy.php HTTP/1.1" 404 11182 "-" "Mozilla/5.0 (Windows NT 10.0; Win64; x64) AppleWebKit/537.36 (KHTML, like Gecko) Chrome/120.0.0.0 Safari/537.36"
4.193.118.98 - - [28/Apr/2026:07:11:36 +0000] "GET /byp.php HTTP/1.1" 404 11182 "-" "Mozilla/5.0 (Windows NT 10.0; Win64; x64) AppleWebKit/537.36 (KHTML, like Gecko) Chrome/120.0.0.0 Safari/537.36"
4.193.118.98 - - [28/Apr/2026:07:11:37 +0000] "GET /c.php HTTP/1.1" 404 11180 "-" "Mozilla/5.0 (Windows NT 10.0; Win64; x64) AppleWebKit/537.36 (KHTML, like Gecko) Chrome/120.0.0.0 Safari/537.36"
4.193.118.98 - - [28/Apr/2026:07:11:38 +0000] "GET /c99.php? HTTP/1.1" 404 11183 "-" "Mozilla/5.0 (Windows NT 10.0; Win64; x64) AppleWebKit/537.36 (KHTML, like Gecko) Chrome/120.0.0.0 Safari/537.36"
4.193.118.98 - - [28/Apr/2026:07:11:39 +0000] "GET /chosen.php HTTP/1.1" 404 11183 "-" "Mozilla/5.0 (Windows NT 10.0; Win64; x64) AppleWebKit/537.36 (KHTML, like Gecko) Chrome/120.0.0.0 Safari/537.36"
4.193.118.98 - - [28/Apr/2026:07:11:41 +0000] "GET /class-wp-lock.php HTTP/1.1" 404 11187 "-" "Mozilla/5.0 (Windows NT 10.0; Win64; x64) AppleWebKit/537.36 (KHTML, like Gecko) Chrome/120.0.0.0 Safari/537.36"
4.193.118.98 - - [28/Apr/2026:07:11:43 +0000] "GET /cong.php HTTP/1.1" 404 11182 "-" "Mozilla/5.0 (Windows NT 10.0; Win64; x64) AppleWebKit/537.36 (KHTML, like Gecko) Chrome/120.0.0.0 Safari/537.36"
4.193.118.98 - - [28/Apr/2026:07:11:46 +0000] "GET /content.php HTTP/1.1" 404 11182 "-" "Mozilla/5.0 (Windows NT 10.0; Win64; x64) AppleWebKit/537.36 (KHTML, like Gecko) Chrome/120.0.0.0 Safari/537.36"
4.193.118.98 - - [28/Apr/2026:07:11:50 +0000] "GET /control.php HTTP/1.1" 404 11183 "-" "Mozilla/5.0 (Windows NT 10.0; Win64; x64) AppleWebKit/537.36 (KHTML, like Gecko) Chrome/120.0.0.0 Safari/537.36"
4.193.118.98 - - [28/Apr/2026:07:11:56 +0000] "GET /cookie.php HTTP/1.1" 404 11183 "-" "Mozilla/5.0 (Windows NT 10.0; Win64; x64) AppleWebKit/537.36 (KHTML, like Gecko) Chrome/120.0.0.0 Safari/537.36"
4.193.118.98 - - [28/Apr/2026:07:12:07 +0000] "GET /credits.php HTTP/1.1" 404 11184 "-" "Mozilla/5.0 (Windows NT 10.0; Win64; x64) AppleWebKit/537.36 (KHTML, like Gecko) Chrome/120.0.0.0 Safari/537.36"
4.193.118.98 - - [28/Apr/2026:07:12:09 +0000] "GET /cron.php HTTP/1.1" 404 11182 "-" "Mozilla/5.0 (Windows NT 10.0; Win64; x64) AppleWebKit/537.36 (KHTML, like Gecko) Chrome/120.0.0.0 Safari/537.36"
184.94.212.206 - - [28/Apr/2026:07:12:18 +0000] "POST /wp-cron.php?doing_wp_cron=1777360337.9625029563903808593750 HTTP/1.1" 200 - "-" "WordPress/6.9.4; https://instadigitalphotography.com"
4.193.118.98 - - [28/Apr/2026:07:12:13 +0000] "GET /css.php HTTP/1.1" 404 11182 "-" "Mozilla/5.0 (Windows NT 10.0; Win64; x64) AppleWebKit/537.36 (KHTML, like Gecko) Chrome/120.0.0.0 Safari/537.36"
4.193.118.98 - - [28/Apr/2026:07:12:18 +0000] "GET /css/autoload_classmap.php HTTP/1.1" 404 11192 "-" "Mozilla/5.0 (Windows NT 10.0; Win64; x64) AppleWebKit/537.36 (KHTML, like Gecko) Chrome/120.0.0.0 Safari/537.36"
4.193.118.98 - - [28/Apr/2026:07:12:23 +0000] "GET /data.php HTTP/1.1" 404 11181 "-" "Mozilla/5.0 (Windows NT 10.0; Win64; x64) AppleWebKit/537.36 (KHTML, like Gecko) Chrome/120.0.0.0 Safari/537.36"
4.193.118.98 - - [28/Apr/2026:07:12:25 +0000] "GET /disagreed.php HTTP/1.1" 404 11186 "-" "Mozilla/5.0 (Windows NT 10.0; Win64; x64) AppleWebKit/537.36 (KHTML, like Gecko) Chrome/120.0.0.0 Safari/537.36"
4.193.118.98 - - [28/Apr/2026:07:12:27 +0000] "GET /doc.php HTTP/1.1" 404 11181 "-" "Mozilla/5.0 (Windows NT 10.0; Win64; x64) AppleWebKit/537.36 (KHTML, like Gecko) Chrome/120.0.0.0 Safari/537.36"
4.193.118.98 - - [28/Apr/2026:07:12:30 +0000] "GET /dropdown.php HTTP/1.1" 404 11184 "-" "Mozilla/5.0 (Windows NT 10.0; Win64; x64) AppleWebKit/537.36 (KHTML, like Gecko) Chrome/120.0.0.0 Safari/537.36"
4.193.118.98 - - [28/Apr/2026:07:12:31 +0000] "GET /ds.php HTTP/1.1" 404 11180 "-" "Mozilla/5.0 (Windows NT 10.0; Win64; x64) AppleWebKit/537.36 (KHTML, like Gecko) Chrome/120.0.0.0 Safari/537.36"
4.193.118.98 - - [28/Apr/2026:07:12:32 +0000] "GET /ee.php HTTP/1.1" 404 11180 "-" "Mozilla/5.0 (Windows NT 10.0; Win64; x64) AppleWebKit/537.36 (KHTML, like Gecko) Chrome/120.0.0.0 Safari/537.36"
4.193.118.98 - - [28/Apr/2026:07:12:33 +0000] "GET /en.php HTTP/1.1" 404 11180 "-" "Mozilla/5.0 (Windows NT 10.0; Win64; x64) AppleWebKit/537.36 (KHTML, like Gecko) Chrome/120.0.0.0 Safari/537.36"
4.193.118.98 - - [28/Apr/2026:07:12:34 +0000] "GET /error.php HTTP/1.1" 404 11182 "-" "Mozilla/5.0 (Windows NT 10.0; Win64; x64) AppleWebKit/537.36 (KHTML, like Gecko) Chrome/120.0.0.0 Safari/537.36"
4.193.118.98 - - [28/Apr/2026:07:12:35 +0000] "GET /f35.php HTTP/1.1" 404 11182 "-" "Mozilla/5.0 (Windows NT 10.0; Win64; x64) AppleWebKit/537.36 (KHTML, like Gecko) Chrome/120.0.0.0 Safari/537.36"
4.193.118.98 - - [28/Apr/2026:07:12:36 +0000] "GET /favicon.php HTTP/1.1" 404 11184 "-" "Mozilla/5.0 (Windows NT 10.0; Win64; x64) AppleWebKit/537.36 (KHTML, like Gecko) Chrome/120.0.0.0 Safari/537.36"
4.193.118.98 - - [28/Apr/2026:07:12:37 +0000] "GET /feeds.php HTTP/1.1" 404 11183 "-" "Mozilla/5.0 (Windows NT 10.0; Win64; x64) AppleWebKit/537.36 (KHTML, like Gecko) Chrome/120.0.0.0 Safari/537.36"
4.193.118.98 - - [28/Apr/2026:07:12:39 +0000] "GET /files.php HTTP/1.1" 404 11182 "-" "Mozilla/5.0 (Windows NT 10.0; Win64; x64) AppleWebKit/537.36 (KHTML, like Gecko) Chrome/120.0.0.0 Safari/537.36"
4.193.118.98 - - [28/Apr/2026:07:12:40 +0000] "GET /files/autoload_classmap.php HTTP/1.1" 404 11193 "-" "Mozilla/5.0 (Windows NT 10.0; Win64; x64) AppleWebKit/537.36 (KHTML, like Gecko) Chrome/120.0.0.0 Safari/537.36"
