20.92.73.174 - - [28/Apr/2026:09:16:05 +0000] "GET /templates/beez3/index.php HTTP/1.1" 301 - "-" "Mozilla/5.0 (Windows NT 10.0; Win64; x64) AppleWebKit/537.36 (KHTML, like Gecko) Chrome/120.0.0.0 Safari/537.36"
184.94.212.206 - - [28/Apr/2026:09:18:17 +0000] "POST /wp-cron.php?doing_wp_cron=1777367897.8162779808044433593750 HTTP/1.1" 200 - "-" "WordPress/6.9.4; https://instadigitalphotography.com"
192.0.102.146 - - [28/Apr/2026:09:18:16 +0000] "HEAD / HTTP/1.1" 200 - "-" "jetmon/1.0 (Jetpack Site Uptime Monitor by WordPress.com)"
216.73.216.113 - - [28/Apr/2026:09:18:37 +0000] "GET /robots.txt HTTP/1.1" 200 155 "-" "Mozilla/5.0 AppleWebKit/537.36 (KHTML, like Gecko; compatible; ClaudeBot/1.0; +claudebot@anthropic.com)"
216.73.216.113 - - [28/Apr/2026:09:18:38 +0000] "GET /news-sitemap.xml HTTP/1.1" 200 319 "-" "Mozilla/5.0 AppleWebKit/537.36 (KHTML, like Gecko; compatible; ClaudeBot/1.0; +claudebot@anthropic.com)"
184.94.212.206 - - [28/Apr/2026:09:23:06 +0000] "POST /wp-cron.php?doing_wp_cron=1777368186.7228889465332031250000 HTTP/1.1" 200 - "-" "WordPress/6.9.4; https://instadigitalphotography.com"
78.159.131.56 - - [28/Apr/2026:09:22:52 +0000] "GET / HTTP/1.1" 200 53726 "-" "Mozilla/5.0 (Windows NT 10.0; Win64; x64) AppleWebKit/537.36 (KHTML, like Gecko) Chrome/131.0.0.0 Safari/537.36"
78.159.131.56 - - [28/Apr/2026:09:22:55 +0000] "GET /txets.php HTTP/1.1" 404 45201 "http://instadigitalphotography.com/txets.php" "Mozilla/5.0 (Macintosh; Intel Mac OS X 10_15_7) AppleWebKit/537.36 (KHTML, like Gecko) Chrome/131.0.0.0 Safari/537.36"
192.0.102.146 - - [28/Apr/2026:09:23:15 +0000] "HEAD / HTTP/1.1" 200 - "-" "jetmon/1.0 (Jetpack Site Uptime Monitor by WordPress.com)"
216.73.161.73 - - [28/Apr/2026:09:23:21 +0000] "POST /wp-login.php HTTP/1.1" 401 3474 "-" "Mozilla/5.0"
184.94.212.206 - - [28/Apr/2026:09:25:39 +0000] "POST /wp-cron.php?doing_wp_cron=1777368339.8141579627990722656250 HTTP/1.1" 200 - "-" "WordPress/6.9.4; https://instadigitalphotography.com"
54.39.136.121 - - [28/Apr/2026:09:25:38 +0000] "GET /tips-from-the-pros-on-how-to-take-better-pictures/ HTTP/1.1" 200 16302 "-" "Mozilla/5.0 (compatible; AhrefsBot/7.0; +http://ahrefs.com/robot/)"
184.94.212.206 - - [28/Apr/2026:09:28:19 +0000] "POST /wp-cron.php?doing_wp_cron=1777368499.3027489185333251953125 HTTP/1.1" 200 - "-" "WordPress/6.9.4; https://instadigitalphotography.com"
192.0.102.146 - - [28/Apr/2026:09:28:17 +0000] "HEAD / HTTP/1.1" 200 - "-" "jetmon/1.0 (Jetpack Site Uptime Monitor by WordPress.com)"
114.119.150.92 - - [28/Apr/2026:09:29:38 +0000] "GET /tricks-and-tips-on-how-to-take-better-photos/?share=reddit HTTP/1.1" 302 - "https://instadigitalphotography.com/tricks-and-tips-on-how-to-take-better-photos/?noamp=mobile" "Mozilla/5.0 (Linux; Android 7.0;) AppleWebKit/537.36 (HTML, like Gecko) Mobile Safari/537.36 (compatible; PetalBot;+https://webmaster.petalsearch.com/site/petalbot)"
184.94.212.206 - - [28/Apr/2026:09:33:15 +0000] "POST /wp-cron.php?doing_wp_cron=1777368795.4827799797058105468750 HTTP/1.1" 200 - "-" "WordPress/6.9.4; https://instadigitalphotography.com"
192.0.102.146 - - [28/Apr/2026:09:33:14 +0000] "HEAD / HTTP/1.1" 200 - "-" "jetmon/1.0 (Jetpack Site Uptime Monitor by WordPress.com)"
184.94.212.206 - - [28/Apr/2026:09:37:28 +0000] "POST /wp-cron.php?doing_wp_cron=1777369048.7405419349670410156250 HTTP/1.1" 200 - "-" "WordPress/6.9.4; https://instadigitalphotography.com"
216.73.216.113 - - [28/Apr/2026:09:37:27 +0000] "GET /sitemap.xml HTTP/1.1" 200 311 "-" "Mozilla/5.0 AppleWebKit/537.36 (KHTML, like Gecko; compatible; ClaudeBot/1.0; +claudebot@anthropic.com)"
184.94.212.206 - - [28/Apr/2026:09:38:16 +0000] "POST /wp-cron.php?doing_wp_cron=1777369096.0868489742279052734375 HTTP/1.1" 200 - "-" "WordPress/6.9.4; https://instadigitalphotography.com"
192.0.102.146 - - [28/Apr/2026:09:38:14 +0000] "HEAD / HTTP/1.1" 200 - "-" "jetmon/1.0 (Jetpack Site Uptime Monitor by WordPress.com)"
184.94.212.206 - - [28/Apr/2026:09:40:43 +0000] "POST /wp-cron.php?doing_wp_cron=1777369243.6880300045013427734375 HTTP/1.1" 200 - "-" "WordPress/6.9.4; https://instadigitalphotography.com"
173.239.211.150 - - [28/Apr/2026:09:40:41 +0000] "POST /wp-login.php HTTP/1.1" 401 3475 "-" "Mozilla/5.0"
184.94.212.206 - - [28/Apr/2026:09:40:55 +0000] "POST /wp-cron.php?doing_wp_cron=1777369255.5171830654144287109375 HTTP/1.1" 200 - "-" "WordPress/6.9.4; https://instadigitalphotography.com"
216.73.216.113 - - [28/Apr/2026:09:40:54 +0000] "GET /sitemap_index.xml HTTP/1.1" 200 336 "-" "Mozilla/5.0 AppleWebKit/537.36 (KHTML, like Gecko; compatible; ClaudeBot/1.0; +claudebot@anthropic.com)"
144.31.35.130 - - [28/Apr/2026:09:41:29 +0000] "GET /wp-json/oembed/1.0/embed?url=https%3A%2F%2Finstadigitalphotography.com%2Fget-your-photography-questions-answered-here%2F&format=xml HTTP/1.1" 200 1490 "-" "Mozilla/5.0 (Macintosh; Intel Mac OS X 10_15_7) AppleWebKit/537.36 (KHTML, like Gecko) Chrome/135.0.0.0 Safari/537.36"
184.94.212.206 - - [28/Apr/2026:09:43:24 +0000] "POST /wp-cron.php?doing_wp_cron=1777369404.1331250667572021484375 HTTP/1.1" 200 - "-" "WordPress/6.9.4; https://instadigitalphotography.com"
192.0.102.146 - - [28/Apr/2026:09:43:22 +0000] "HEAD / HTTP/1.1" 200 - "-" "jetmon/1.0 (Jetpack Site Uptime Monitor by WordPress.com)"
192.0.100.83 - - [28/Apr/2026:09:48:17 +0000] "GET /wp-content/uploads/2020/04/Take-Better-Photos.jpg HTTP/1.1" 200 297900 "-" "Photon/1.0"
192.0.102.70 - - [28/Apr/2026:09:48:18 +0000] "GET /wp-content/uploads/2020/04/guidelines_on_how_to_effectively_take_better_photos.jpg HTTP/1.1" 200 - "-" "Photon/1.0"
184.94.212.206 - - [28/Apr/2026:09:48:18 +0000] "POST /wp-cron.php?doing_wp_cron=1777369698.6458010673522949218750 HTTP/1.1" 200 - "-" "WordPress/6.9.4; https://instadigitalphotography.com"
192.0.102.146 - - [28/Apr/2026:09:48:17 +0000] "HEAD / HTTP/1.1" 200 - "-" "jetmon/1.0 (Jetpack Site Uptime Monitor by WordPress.com)"
184.94.212.206 - - [28/Apr/2026:09:50:10 +0000] "POST /wp-cron.php?doing_wp_cron=1777369810.1969358921051025390625 HTTP/1.1" 200 - "-" "WordPress/6.9.4; https://instadigitalphotography.com"
57.141.18.86 - - [28/Apr/2026:09:50:08 +0000] "GET /post-sitemap.xml HTTP/1.1" 200 16105 "-" "meta-externalagent/1.1 (+https://developers.facebook.com/docs/sharing/webmasters/crawler)"
184.94.212.206 - - [28/Apr/2026:09:52:12 +0000] "POST /wp-cron.php?doing_wp_cron=1777369931.9781188964843750000000 HTTP/1.1" 200 - "-" "WordPress/6.9.4; https://instadigitalphotography.com"
43.134.49.216 - - [28/Apr/2026:09:52:10 +0000] "GET / HTTP/1.1" 200 12473 "http://instadigitalphotography.com" "Mozilla/5.0 (iPhone; CPU iPhone OS 13_2_3 like Mac OS X) AppleWebKit/605.1.15 (KHTML, like Gecko) Version/13.0.3 Mobile/15E148 Safari/604.1"
184.94.212.206 - - [28/Apr/2026:09:53:16 +0000] "POST /wp-cron.php?doing_wp_cron=1777369996.5849940776824951171875 HTTP/1.1" 200 - "-" "WordPress/6.9.4; https://instadigitalphotography.com"
192.0.102.146 - - [28/Apr/2026:09:53:15 +0000] "HEAD / HTTP/1.1" 200 - "-" "jetmon/1.0 (Jetpack Site Uptime Monitor by WordPress.com)"
173.239.211.162 - - [28/Apr/2026:09:56:56 +0000] "POST /wp-login.php HTTP/1.1" 200 11847 "-" "Mozilla/5.0"
184.94.212.206 - - [28/Apr/2026:09:58:21 +0000] "POST /wp-cron.php?doing_wp_cron=1777370301.4435570240020751953125 HTTP/1.1" 200 - "-" "WordPress/6.9.4; https://instadigitalphotography.com"
192.0.102.146 - - [28/Apr/2026:09:58:19 +0000] "HEAD / HTTP/1.1" 200 - "-" "jetmon/1.0 (Jetpack Site Uptime Monitor by WordPress.com)"
184.94.212.206 - - [28/Apr/2026:10:03:15 +0000] "POST /wp-cron.php?doing_wp_cron=1777370595.4588649272918701171875 HTTP/1.1" 200 - "-" "WordPress/6.9.4; https://instadigitalphotography.com"
192.0.102.146 - - [28/Apr/2026:10:03:13 +0000] "HEAD / HTTP/1.1" 200 - "-" "jetmon/1.0 (Jetpack Site Uptime Monitor by WordPress.com)"
216.73.216.113 - - [28/Apr/2026:10:05:05 +0000] "GET /sitemap_index.xml HTTP/1.1" 200 336 "-" "Mozilla/5.0 AppleWebKit/537.36 (KHTML, like Gecko; compatible; ClaudeBot/1.0; +claudebot@anthropic.com)"
184.94.212.206 - - [28/Apr/2026:10:08:07 +0000] "POST /wp-cron.php?doing_wp_cron=1777370887.7999460697174072265625 HTTP/1.1" 200 - "-" "WordPress/6.9.4; https://instadigitalphotography.com"
113.178.181.217 - - [28/Apr/2026:10:08:06 +0000] "GET /want-professional-quality-photos-these-tips-can-help/ HTTP/1.1" 200 17045 "-" "Mozilla/5.0 (Windows NT 10.0; Win64; x64) AppleWebKit/537.36 (KHTML, like Gecko) Brave Chrome/79.0.3945.88 Safari/537.36"
192.0.102.146 - - [28/Apr/2026:10:08:17 +0000] "HEAD / HTTP/1.1" 200 - "-" "jetmon/1.0 (Jetpack Site Uptime Monitor by WordPress.com)"
184.94.212.206 - - [28/Apr/2026:10:11:46 +0000] "POST /wp-cron.php?doing_wp_cron=1777371106.0291249752044677734375 HTTP/1.1" 200 - "-" "WordPress/6.9.4; https://instadigitalphotography.com"
34.6.200.184 - - [28/Apr/2026:10:11:44 +0000] "GET /robots.txt HTTP/1.1" 200 155 "-" "Python/3.12 aiohttp/3.11.11"
184.94.212.206 - - [28/Apr/2026:10:13:23 +0000] "POST /wp-cron.php?doing_wp_cron=1777371203.7339479923248291015625 HTTP/1.1" 200 - "-" "WordPress/6.9.4; https://instadigitalphotography.com"
192.0.102.146 - - [28/Apr/2026:10:13:22 +0000] "HEAD / HTTP/1.1" 200 - "-" "jetmon/1.0 (Jetpack Site Uptime Monitor by WordPress.com)"
216.73.161.78 - - [28/Apr/2026:10:13:57 +0000] "POST /wp-login.php HTTP/1.1" 401 3474 "-" "Mozilla/5.0"
184.94.212.206 - - [28/Apr/2026:10:15:25 +0000] "POST /wp-cron.php?doing_wp_cron=1777371325.2363638877868652343750 HTTP/1.1" 200 - "-" "WordPress/6.9.4; https://instadigitalphotography.com"
113.175.71.18 - - [28/Apr/2026:10:15:23 +0000] "GET /feed/ HTTP/1.1" 200 27063 "-" "Mozilla/5.0 (Windows NT 6.1; WOW64) AppleWebKit/537.36 (KHTML, like Gecko) Chrome/107.0.0.0 Safari/537.36"
184.94.212.206 - - [28/Apr/2026:10:18:15 +0000] "POST /wp-cron.php?doing_wp_cron=1777371495.2682180404663085937500 HTTP/1.1" 200 - "-" "WordPress/6.9.4; https://instadigitalphotography.com"
192.0.102.146 - - [28/Apr/2026:10:18:13 +0000] "HEAD / HTTP/1.1" 200 - "-" "jetmon/1.0 (Jetpack Site Uptime Monitor by WordPress.com)"
216.244.66.203 - - [28/Apr/2026:10:18:49 +0000] "GET /robots.txt HTTP/1.1" 200 304 "-" "Mozilla/5.0 (compatible; DotBot/1.2; +https://opensiteexplorer.org/dotbot; help@moz.com)"
184.94.212.206 - - [28/Apr/2026:10:23:18 +0000] "POST /wp-cron.php?doing_wp_cron=1777371798.7219910621643066406250 HTTP/1.1" 200 - "-" "WordPress/6.9.4; https://instadigitalphotography.com"
192.0.102.146 - - [28/Apr/2026:10:23:17 +0000] "HEAD / HTTP/1.1" 200 - "-" "jetmon/1.0 (Jetpack Site Uptime Monitor by WordPress.com)"
216.73.216.113 - - [28/Apr/2026:10:23:59 +0000] "GET /robots.txt HTTP/1.1" 200 155 "-" "Mozilla/5.0 AppleWebKit/537.36 (KHTML, like Gecko; compatible; ClaudeBot/1.0; +claudebot@anthropic.com)"
216.73.216.113 - - [28/Apr/2026:10:24:00 +0000] "GET /news-sitemap.xml HTTP/1.1" 200 319 "-" "Mozilla/5.0 AppleWebKit/537.36 (KHTML, like Gecko; compatible; ClaudeBot/1.0; +claudebot@anthropic.com)"
216.244.66.203 - - [28/Apr/2026:10:24:34 +0000] "GET /tricks-and-tips-on-how-to-take-better-photos/?amp HTTP/1.1" 200 69218 "-" "Mozilla/5.0 (compatible; DotBot/1.2; +https://opensiteexplorer.org/dotbot; help@moz.com)"
184.94.212.206 - - [28/Apr/2026:10:25:50 +0000] "POST /wp-cron.php?doing_wp_cron=1777371950.6833350658416748046875 HTTP/1.1" 200 - "-" "WordPress/6.9.4; https://instadigitalphotography.com"
216.73.216.113 - - [28/Apr/2026:10:25:49 +0000] "GET /sitemap.xml HTTP/1.1" 200 311 "-" "Mozilla/5.0 AppleWebKit/537.36 (KHTML, like Gecko; compatible; ClaudeBot/1.0; +claudebot@anthropic.com)"
184.94.212.206 - - [28/Apr/2026:10:28:18 +0000] "POST /wp-cron.php?doing_wp_cron=1777372098.0504810810089111328125 HTTP/1.1" 200 - "-" "WordPress/6.9.4; https://instadigitalphotography.com"
192.0.102.146 - - [28/Apr/2026:10:28:16 +0000] "HEAD / HTTP/1.1" 200 - "-" "jetmon/1.0 (Jetpack Site Uptime Monitor by WordPress.com)"
184.94.212.206 - - [28/Apr/2026:10:30:58 +0000] "POST /wp-cron.php?doing_wp_cron=1777372258.0618999004364013671875 HTTP/1.1" 200 - "-" "WordPress/6.9.4; https://instadigitalphotography.com"
216.73.161.71 - - [28/Apr/2026:10:30:56 +0000] "POST /wp-login.php HTTP/1.1" 401 3474 "-" "Mozilla/5.0"
184.94.212.206 - - [28/Apr/2026:10:33:15 +0000] "POST /wp-cron.php?doing_wp_cron=1777372395.4657130241394042968750 HTTP/1.1" 200 - "-" "WordPress/6.9.4; https://instadigitalphotography.com"
192.0.102.146 - - [28/Apr/2026:10:33:13 +0000] "HEAD / HTTP/1.1" 200 - "-" "jetmon/1.0 (Jetpack Site Uptime Monitor by WordPress.com)"
184.94.212.206 - - [28/Apr/2026:10:35:09 +0000] "POST /wp-cron.php?doing_wp_cron=1777372509.7069089412689208984375 HTTP/1.1" 200 - "-" "WordPress/6.9.4; https://instadigitalphotography.com"
46.8.18.175 - - [28/Apr/2026:10:35:07 +0000] "GET / HTTP/1.0" 200 53726 "https://instadigitalphotography.com/" "Mozilla/5.0 (Windows NT 10.0; Win64; x64) AppleWebKit/537.36 (KHTML, like Gecko) Chrome/130.0.0.0 Safari/537.36 CCleaner/130.0.0.0"
46.8.18.175 - - [28/Apr/2026:10:35:10 +0000] "GET /blog/ HTTP/1.0" 200 153189 "https://instadigitalphotography.com/blog/" "Mozilla/5.0 (Windows NT 10.0; Win64; x64) AppleWebKit/537.36 (KHTML, like Gecko) Chrome/130.0.0.0 Safari/537.36 CCleaner/130.0.0.0"
46.8.18.175 - - [28/Apr/2026:10:35:13 +0000] "GET /blog/page/2/ HTTP/1.0" 200 107926 "https://instadigitalphotography.com/blog/page/2/" "Mozilla/5.0 (Windows NT 10.0; Win64; x64) AppleWebKit/537.36 (KHTML, like Gecko) Chrome/130.0.0.0 Safari/537.36 CCleaner/130.0.0.0"
46.8.18.175 - - [28/Apr/2026:10:35:16 +0000] "GET /blog/page/3/ HTTP/1.0" 200 107497 "https://instadigitalphotography.com/blog/page/3/" "Mozilla/5.0 (Windows NT 10.0; Win64; x64) AppleWebKit/537.36 (KHTML, like Gecko) Chrome/130.0.0.0 Safari/537.36 CCleaner/130.0.0.0"
46.8.18.175 - - [28/Apr/2026:10:35:18 +0000] "GET /contact-us/ HTTP/1.0" 200 55468 "https://instadigitalphotography.com/contact-us/" "Mozilla/5.0 (Windows NT 10.0; Win64; x64) AppleWebKit/537.36 (KHTML, like Gecko) Chrome/130.0.0.0 Safari/537.36 CCleaner/130.0.0.0"
184.94.212.206 - - [28/Apr/2026:10:36:40 +0000] "POST /wp-cron.php?doing_wp_cron=1777372600.9064719676971435546875 HTTP/1.1" 200 - "-" "WordPress/6.9.4; https://instadigitalphotography.com"
124.236.100.56 - - [28/Apr/2026:10:36:39 +0000] "GET / HTTP/1.1" 200 12473 "-" "Mozilla/5.0 (Macintosh; Intel Mac OS X 10_10_5) AppleWebKit/603.3.8 (KHTML, like Gecko) Version/10.1.2 Safari/603.3.8"
184.94.212.206 - - [28/Apr/2026:10:37:49 +0000] "POST /wp-cron.php?doing_wp_cron=1777372669.3311090469360351562500 HTTP/1.1" 200 - "-" "WordPress/6.9.4; https://instadigitalphotography.com"
172.232.7.86 - - [28/Apr/2026:10:37:47 +0000] "HEAD / HTTP/1.1" 200 - "-" "Mozilla/5.0 (compatible; SSL-Checker/1.0)"
184.94.212.206 - - [28/Apr/2026:10:38:15 +0000] "POST /wp-cron.php?doing_wp_cron=1777372695.3829340934753417968750 HTTP/1.1" 200 - "-" "WordPress/6.9.4; https://instadigitalphotography.com"
192.0.102.146 - - [28/Apr/2026:10:38:14 +0000] "HEAD / HTTP/1.1" 200 - "-" "jetmon/1.0 (Jetpack Site Uptime Monitor by WordPress.com)"
184.94.212.206 - - [28/Apr/2026:10:43:18 +0000] "POST /wp-cron.php?doing_wp_cron=1777372998.7236659526824951171875 HTTP/1.1" 200 - "-" "WordPress/6.9.4; https://instadigitalphotography.com"
192.0.102.146 - - [28/Apr/2026:10:43:17 +0000] "HEAD / HTTP/1.1" 200 - "-" "jetmon/1.0 (Jetpack Site Uptime Monitor by WordPress.com)"
184.94.212.206 - - [28/Apr/2026:10:46:53 +0000] "POST /wp-cron.php?doing_wp_cron=1777373213.6516311168670654296875 HTTP/1.1" 200 - "-" "WordPress/6.9.4; https://instadigitalphotography.com"
114.119.145.140 - - [28/Apr/2026:10:46:52 +0000] "GET /tricks-and-tips-on-how-to-take-better-photos/?share=pinterest HTTP/1.1" 302 - "https://instadigitalphotography.com/tricks-and-tips-on-how-to-take-better-photos/?noamp=mobile" "Mozilla/5.0 (Linux; Android 7.0;) AppleWebKit/537.36 (HTML, like Gecko) Mobile Safari/537.36 (compatible; PetalBot;+https://webmaster.petalsearch.com/site/petalbot)"
184.94.212.206 - - [28/Apr/2026:10:48:08 +0000] "POST /wp-cron.php?doing_wp_cron=1777373288.0588688850402832031250 HTTP/1.1" 200 - "-" "WordPress/6.9.4; https://instadigitalphotography.com"
173.239.211.154 - - [28/Apr/2026:10:48:06 +0000] "POST /wp-login.php HTTP/1.1" 401 3474 "-" "Mozilla/5.0"
192.0.102.146 - - [28/Apr/2026:10:48:14 +0000] "HEAD / HTTP/1.1" 200 - "-" "jetmon/1.0 (Jetpack Site Uptime Monitor by WordPress.com)"
195.250.23.93 - - [28/Apr/2026:10:49:25 +0000] "POST /wp-login.php HTTP/1.1" 401 1456 "-" "Mozilla/5.0 (Windows NT 10.0) AppleWebKit/537.36 (KHTML, like Gecko) Chrome/142.0.0.0 Safari/537.36"
184.94.212.206 - - [28/Apr/2026:10:51:05 +0000] "POST /wp-cron.php?doing_wp_cron=1777373465.8495099544525146484375 HTTP/1.1" 200 - "-" "WordPress/6.9.4; https://instadigitalphotography.com"
42.83.147.55 - - [28/Apr/2026:10:51:04 +0000] "GET / HTTP/1.1" 200 12473 "-" "Mozilla/5.0 (Windows NT 6.1; Win64; x64) AppleWebKit/537.36 (KHTML, like Gecko)Chrome/74.0.3729.169 Safari/537.36"
42.83.147.55 - - [28/Apr/2026:10:51:06 +0000] "GET / HTTP/1.1" 200 12473 "-" "Mozilla/5.0 (Windows NT 6.1; Win64; x64) AppleWebKit/537.36 (KHTML, like Gecko)Chrome/74.0.3729.169 Safari/537.36"
184.94.212.206 - - [28/Apr/2026:10:53:16 +0000] "POST /wp-cron.php?doing_wp_cron=1777373596.3703401088714599609375 HTTP/1.1" 200 - "-" "WordPress/6.9.4; https://instadigitalphotography.com"
192.0.102.146 - - [28/Apr/2026:10:53:14 +0000] "HEAD / HTTP/1.1" 200 - "-" "jetmon/1.0 (Jetpack Site Uptime Monitor by WordPress.com)"
184.94.212.206 - - [28/Apr/2026:10:58:20 +0000] "POST /wp-cron.php?doing_wp_cron=1777373900.2775609493255615234375 HTTP/1.1" 200 - "-" "WordPress/6.9.4; https://instadigitalphotography.com"
192.0.102.146 - - [28/Apr/2026:10:58:18 +0000] "HEAD / HTTP/1.1" 200 - "-" "jetmon/1.0 (Jetpack Site Uptime Monitor by WordPress.com)"
184.94.212.206 - - [28/Apr/2026:10:58:39 +0000] "POST /wp-cron.php?doing_wp_cron=1777373919.3780028820037841796875 HTTP/1.1" 200 - "-" "WordPress/6.9.4; https://instadigitalphotography.com"
3.211.105.134 - - [28/Apr/2026:10:58:38 +0000] "GET / HTTP/1.1" 200 12473 "-" "Mozilla/5.0 AppleWebKit/537.36 (KHTML, like Gecko; compatible; Amazonbot/0.1; +https://developer.amazon.com/support/amazonbot) Chrome/119.0.6045.214 Safari/537.36"
184.94.212.206 - - [28/Apr/2026:11:03:15 +0000] "POST /wp-cron.php?doing_wp_cron=1777374195.1382999420166015625000 HTTP/1.1" 200 - "-" "WordPress/6.9.4; https://instadigitalphotography.com"
192.0.102.146 - - [28/Apr/2026:11:03:13 +0000] "HEAD / HTTP/1.1" 200 - "-" "jetmon/1.0 (Jetpack Site Uptime Monitor by WordPress.com)"
184.94.212.206 - - [28/Apr/2026:11:06:40 +0000] "POST /wp-cron.php?doing_wp_cron=1777374400.3460431098937988281250 HTTP/1.1" 200 - "-" "WordPress/6.9.4; https://instadigitalphotography.com"
173.239.211.156 - - [28/Apr/2026:11:06:38 +0000] "POST /wp-login.php HTTP/1.1" 401 3474 "-" "Mozilla/5.0"
184.94.212.206 - - [28/Apr/2026:11:08:19 +0000] "POST /wp-cron.php?doing_wp_cron=1777374499.0969340801239013671875 HTTP/1.1" 200 - "-" "WordPress/6.9.4; https://instadigitalphotography.com"
192.0.102.146 - - [28/Apr/2026:11:08:17 +0000] "HEAD / HTTP/1.1" 200 - "-" "jetmon/1.0 (Jetpack Site Uptime Monitor by WordPress.com)"
184.94.212.206 - - [28/Apr/2026:11:13:21 +0000] "POST /wp-cron.php?doing_wp_cron=1777374801.0141129493713378906250 HTTP/1.1" 200 - "-" "WordPress/6.9.4; https://instadigitalphotography.com"
192.0.102.146 - - [28/Apr/2026:11:13:19 +0000] "HEAD / HTTP/1.1" 200 - "-" "jetmon/1.0 (Jetpack Site Uptime Monitor by WordPress.com)"
184.94.212.206 - - [28/Apr/2026:11:18:21 +0000] "POST /wp-cron.php?doing_wp_cron=1777375101.7732748985290527343750 HTTP/1.1" 200 - "-" "WordPress/6.9.4; https://instadigitalphotography.com"
192.0.102.146 - - [28/Apr/2026:11:18:20 +0000] "HEAD / HTTP/1.1" 200 - "-" "jetmon/1.0 (Jetpack Site Uptime Monitor by WordPress.com)"
57.141.18.18 - - [28/Apr/2026:11:18:53 +0000] "GET /headerlogo/ HTTP/1.1" 301 - "-" "meta-externalagent/1.1 (+https://developers.facebook.com/docs/sharing/webmasters/crawler)"
184.94.212.206 - - [28/Apr/2026:11:20:18 +0000] "POST /wp-cron.php?doing_wp_cron=1777375218.1980679035186767578125 HTTP/1.1" 200 - "-" "WordPress/6.9.4; https://instadigitalphotography.com"
114.119.151.93 - - [28/Apr/2026:11:20:14 +0000] "GET /robots.txt HTTP/1.1" 200 155 "-" "Mozilla/5.0 (compatible;PetalBot;+https://webmaster.petalsearch.com/site/petalbot)"
184.94.212.206 - - [28/Apr/2026:11:23:16 +0000] "POST /wp-cron.php?doing_wp_cron=1777375396.5781788825988769531250 HTTP/1.1" 200 - "-" "WordPress/6.9.4; https://instadigitalphotography.com"
192.0.102.146 - - [28/Apr/2026:11:23:15 +0000] "HEAD / HTTP/1.1" 200 - "-" "jetmon/1.0 (Jetpack Site Uptime Monitor by WordPress.com)"
20.239.192.136 - - [28/Apr/2026:11:24:34 +0000] "GET /1.php HTTP/1.1" 404 11180 "-" "Mozilla/5.0 (Windows NT 10.0; Win64; x64) AppleWebKit/537.36 (KHTML, like Gecko) Chrome/120.0.0.0 Safari/537.36"
20.239.192.136 - - [28/Apr/2026:11:24:36 +0000] "GET /wp-content/uploads/2024/ HTTP/1.1" 404 11307 "-" "Mozilla/5.0 (Windows NT 10.0; Win64; x64) AppleWebKit/537.36 (KHTML, like Gecko) Chrome/120.0.0.0 Safari/537.36"
20.239.192.136 - - [28/Apr/2026:11:24:37 +0000] "GET /wp-content/uploads/wp-login.php HTTP/1.1" 404 11308 "-" "Mozilla/5.0 (Windows NT 10.0; Win64; x64) AppleWebKit/537.36 (KHTML, like Gecko) Chrome/120.0.0.0 Safari/537.36"
20.239.192.136 - - [28/Apr/2026:11:24:38 +0000] "GET /wp-corn-sample.php HTTP/1.1" 404 11187 "-" "Mozilla/5.0 (Windows NT 10.0; Win64; x64) AppleWebKit/537.36 (KHTML, like Gecko) Chrome/120.0.0.0 Safari/537.36"
20.239.192.136 - - [28/Apr/2026:11:24:39 +0000] "GET /wp-content/uploads/ HTTP/1.1" 404 11180 "-" "Mozilla/5.0 (Windows NT 10.0; Win64; x64) AppleWebKit/537.36 (KHTML, like Gecko) Chrome/120.0.0.0 Safari/537.36"
20.239.192.136 - - [28/Apr/2026:11:24:40 +0000] "GET /wp-admin/js/index.php HTTP/1.1" 301 - "-" "Mozilla/5.0 (Windows NT 10.0; Win64; x64) AppleWebKit/537.36 (KHTML, like Gecko) Chrome/120.0.0.0 Safari/537.36"
20.239.192.136 - - [28/Apr/2026:11:24:41 +0000] "GET /wp-admin/css/index.php HTTP/1.1" 301 - "-" "Mozilla/5.0 (Windows NT 10.0; Win64; x64) AppleWebKit/537.36 (KHTML, like Gecko) Chrome/120.0.0.0 Safari/537.36"
20.239.192.136 - - [28/Apr/2026:11:24:42 +0000] "GET /server.php HTTP/1.1" 404 11184 "-" "Mozilla/5.0 (Windows NT 10.0; Win64; x64) AppleWebKit/537.36 (KHTML, like Gecko) Chrome/120.0.0.0 Safari/537.36"
20.239.192.136 - - [28/Apr/2026:11:24:43 +0000] "GET /wp-includes/Requests/library/ HTTP/1.1" 404 11313 "-" "Mozilla/5.0 (Windows NT 10.0; Win64; x64) AppleWebKit/537.36 (KHTML, like Gecko) Chrome/120.0.0.0 Safari/537.36"
20.239.192.136 - - [28/Apr/2026:11:24:44 +0000] "GET /wp-admin/js/ HTTP/1.1" 404 11181 "-" "Mozilla/5.0 (Windows NT 10.0; Win64; x64) AppleWebKit/537.36 (KHTML, like Gecko) Chrome/120.0.0.0 Safari/537.36"
20.239.192.136 - - [28/Apr/2026:11:24:45 +0000] "GET /wso.php HTTP/1.1" 404 11182 "-" "Mozilla/5.0 (Windows NT 10.0; Win64; x64) AppleWebKit/537.36 (KHTML, like Gecko) Chrome/120.0.0.0 Safari/537.36"
20.239.192.136 - - [28/Apr/2026:11:24:46 +0000] "GET /wp-includes/images/crystal/ HTTP/1.1" 404 11312 "-" "Mozilla/5.0 (Windows NT 10.0; Win64; x64) AppleWebKit/537.36 (KHTML, like Gecko) Chrome/120.0.0.0 Safari/537.36"
20.239.192.136 - - [28/Apr/2026:11:24:47 +0000] "GET /wp-file.php HTTP/1.1" 404 11183 "-" "Mozilla/5.0 (Windows NT 10.0; Win64; x64) AppleWebKit/537.36 (KHTML, like Gecko) Chrome/120.0.0.0 Safari/537.36"
20.239.192.136 - - [28/Apr/2026:11:24:48 +0000] "GET /adminfuns.php HTTP/1.1" 404 11185 "-" "Mozilla/5.0 (Windows NT 10.0; Win64; x64) AppleWebKit/537.36 (KHTML, like Gecko) Chrome/120.0.0.0 Safari/537.36"
20.239.192.136 - - [28/Apr/2026:11:24:49 +0000] "GET /wk/index.php HTTP/1.1" 301 - "-" "Mozilla/5.0 (Windows NT 10.0; Win64; x64) AppleWebKit/537.36 (KHTML, like Gecko) Chrome/120.0.0.0 Safari/537.36"
20.239.192.136 - - [28/Apr/2026:11:24:50 +0000] "GET /wp-admin.php HTTP/1.1" 404 11182 "-" "Mozilla/5.0 (Windows NT 10.0; Win64; x64) AppleWebKit/537.36 (KHTML, like Gecko) Chrome/120.0.0.0 Safari/537.36"
20.239.192.136 - - [28/Apr/2026:11:24:51 +0000] "GET /wp-content/themes/admin.php HTTP/1.1" 404 11308 "-" "Mozilla/5.0 (Windows NT 10.0; Win64; x64) AppleWebKit/537.36 (KHTML, like Gecko) Chrome/120.0.0.0 Safari/537.36"
20.239.192.136 - - [28/Apr/2026:11:24:52 +0000] "GET /wp-includes/block-bindings/ HTTP/1.1" 404 11188 "-" "Mozilla/5.0 (Windows NT 10.0; Win64; x64) AppleWebKit/537.36 (KHTML, like Gecko) Chrome/120.0.0.0 Safari/537.36"
20.239.192.136 - - [28/Apr/2026:11:24:53 +0000] "GET /xmrlpc.php HTTP/1.1" 404 11184 "-" "Mozilla/5.0 (Windows NT 10.0; Win64; x64) AppleWebKit/537.36 (KHTML, like Gecko) Chrome/120.0.0.0 Safari/537.36"
20.239.192.136 - - [28/Apr/2026:11:24:54 +0000] "GET /wp-includes/SimplePie/about.php HTTP/1.1" 404 11314 "-" "Mozilla/5.0 (Windows NT 10.0; Win64; x64) AppleWebKit/537.36 (KHTML, like Gecko) Chrome/120.0.0.0 Safari/537.36"
20.239.192.136 - - [28/Apr/2026:11:24:55 +0000] "GET /wp-admin/file.php HTTP/1.1" 404 11183 "-" "Mozilla/5.0 (Windows NT 10.0; Win64; x64) AppleWebKit/537.36 (KHTML, like Gecko) Chrome/120.0.0.0 Safari/537.36"
20.239.192.136 - - [28/Apr/2026:11:24:57 +0000] "GET /wp-includes/rest-api/fields/ HTTP/1.1" 404 11315 "-" "Mozilla/5.0 (Windows NT 10.0; Win64; x64) AppleWebKit/537.36 (KHTML, like Gecko) Chrome/120.0.0.0 Safari/537.36"
20.239.192.136 - - [28/Apr/2026:11:24:58 +0000] "GET /atomlib.php HTTP/1.1" 404 11184 "-" "Mozilla/5.0 (Windows NT 10.0; Win64; x64) AppleWebKit/537.36 (KHTML, like Gecko) Chrome/120.0.0.0 Safari/537.36"
20.239.192.136 - - [28/Apr/2026:11:24:59 +0000] "GET /css/index.php HTTP/1.1" 301 - "-" "Mozilla/5.0 (Windows NT 10.0; Win64; x64) AppleWebKit/537.36 (KHTML, like Gecko) Chrome/120.0.0.0 Safari/537.36"
20.239.192.136 - - [28/Apr/2026:11:24:59 +0000] "GET /wp-content/et-cache/ HTTP/1.1" 404 11185 "-" "Mozilla/5.0 (Windows NT 10.0; Win64; x64) AppleWebKit/537.36 (KHTML, like Gecko) Chrome/120.0.0.0 Safari/537.36"
20.239.192.136 - - [28/Apr/2026:11:25:01 +0000] "GET /about.php HTTP/1.1" 404 11182 "-" "Mozilla/5.0 (Windows NT 10.0; Win64; x64) AppleWebKit/537.36 (KHTML, like Gecko) Chrome/120.0.0.0 Safari/537.36"
20.239.192.136 - - [28/Apr/2026:11:25:02 +0000] "GET /wp-content/uploads/admin.php HTTP/1.1" 404 11309 "-" "Mozilla/5.0 (Windows NT 10.0; Win64; x64) AppleWebKit/537.36 (KHTML, like Gecko) Chrome/120.0.0.0 Safari/537.36"
20.239.192.136 - - [28/Apr/2026:11:25:03 +0000] "GET /wp-content/index.php HTTP/1.1" 301 - "-" "Mozilla/5.0 (Windows NT 10.0; Win64; x64) AppleWebKit/537.36 (KHTML, like Gecko) Chrome/120.0.0.0 Safari/537.36"
20.239.192.136 - - [28/Apr/2026:11:25:04 +0000] "GET /wp-includes/js/index.php HTTP/1.1" 301 - "-" "Mozilla/5.0 (Windows NT 10.0; Win64; x64) AppleWebKit/537.36 (KHTML, like Gecko) Chrome/120.0.0.0 Safari/537.36"
20.239.192.136 - - [28/Apr/2026:11:25:05 +0000] "GET /wp-includes/rest-api/ HTTP/1.1" 404 11186 "-" "Mozilla/5.0 (Windows NT 10.0; Win64; x64) AppleWebKit/537.36 (KHTML, like Gecko) Chrome/120.0.0.0 Safari/537.36"
184.94.212.206 - - [28/Apr/2026:11:25:07 +0000] "POST /wp-cron.php?doing_wp_cron=1777375507.3866798877716064453125 HTTP/1.1" 200 - "-" "WordPress/6.9.4; https://instadigitalphotography.com"
20.239.192.136 - - [28/Apr/2026:11:25:06 +0000] "GET /admin.php HTTP/1.1" 404 11182 "-" "Mozilla/5.0 (Windows NT 10.0; Win64; x64) AppleWebKit/537.36 (KHTML, like Gecko) Chrome/120.0.0.0 Safari/537.36"
20.239.192.136 - - [28/Apr/2026:11:25:07 +0000] "GET /wp-includes/blocks/block/ HTTP/1.1" 404 11309 "-" "Mozilla/5.0 (Windows NT 10.0; Win64; x64) AppleWebKit/537.36 (KHTML, like Gecko) Chrome/120.0.0.0 Safari/537.36"
20.239.192.136 - - [28/Apr/2026:11:25:08 +0000] "GET /as.php HTTP/1.1" 404 11181 "-" "Mozilla/5.0 (Windows NT 10.0; Win64; x64) AppleWebKit/537.36 (KHTML, like Gecko) Chrome/120.0.0.0 Safari/537.36"
20.239.192.136 - - [28/Apr/2026:11:25:09 +0000] "GET /wp-includes/PHPMailer/index.php HTTP/1.1" 301 - "-" "Mozilla/5.0 (Windows NT 10.0; Win64; x64) AppleWebKit/537.36 (KHTML, like Gecko) Chrome/120.0.0.0 Safari/537.36"
20.239.192.136 - - [28/Apr/2026:11:25:10 +0000] "GET /buy.php HTTP/1.1" 404 11182 "-" "Mozilla/5.0 (Windows NT 10.0; Win64; x64) AppleWebKit/537.36 (KHTML, like Gecko) Chrome/120.0.0.0 Safari/537.36"
20.239.192.136 - - [28/Apr/2026:11:25:11 +0000] "GET /wp.php HTTP/1.1" 404 11181 "-" "Mozilla/5.0 (Windows NT 10.0; Win64; x64) AppleWebKit/537.36 (KHTML, like Gecko) Chrome/120.0.0.0 Safari/537.36"
20.239.192.136 - - [28/Apr/2026:11:25:12 +0000] "GET /wp-admin/images/index.php HTTP/1.1" 301 - "-" "Mozilla/5.0 (Windows NT 10.0; Win64; x64) AppleWebKit/537.36 (KHTML, like Gecko) Chrome/120.0.0.0 Safari/537.36"
20.239.192.136 - - [28/Apr/2026:11:25:13 +0000] "GET /about.PHP HTTP/1.1" 404 11185 "-" "Mozilla/5.0 (Windows NT 10.0; Win64; x64) AppleWebKit/537.36 (KHTML, like Gecko) Chrome/120.0.0.0 Safari/537.36"
20.239.192.136 - - [28/Apr/2026:11:25:14 +0000] "GET /ioxi-o.php HTTP/1.1" 404 11184 "-" "Mozilla/5.0 (Windows NT 10.0; Win64; x64) AppleWebKit/537.36 (KHTML, like Gecko) Chrome/120.0.0.0 Safari/537.36"
20.239.192.136 - - [28/Apr/2026:11:25:15 +0000] "GET /wp-content/uploads/index.php HTTP/1.1" 301 - "-" "Mozilla/5.0 (Windows NT 10.0; Win64; x64) AppleWebKit/537.36 (KHTML, like Gecko) Chrome/120.0.0.0 Safari/537.36"
20.239.192.136 - - [28/Apr/2026:11:25:16 +0000] "GET /wp-content/edit.php HTTP/1.1" 404 11184 "-" "Mozilla/5.0 (Windows NT 10.0; Win64; x64) AppleWebKit/537.36 (KHTML, like Gecko) Chrome/120.0.0.0 Safari/537.36"
20.239.192.136 - - [28/Apr/2026:11:25:17 +0000] "GET /sf.php HTTP/1.1" 404 11181 "-" "Mozilla/5.0 (Windows NT 10.0; Win64; x64) AppleWebKit/537.36 (KHTML, like Gecko) Chrome/120.0.0.0 Safari/537.36"
20.239.192.136 - - [28/Apr/2026:11:25:18 +0000] "GET /wp-includes/index.php HTTP/1.1" 301 - "-" "Mozilla/5.0 (Windows NT 10.0; Win64; x64) AppleWebKit/537.36 (KHTML, like Gecko) Chrome/120.0.0.0 Safari/537.36"
20.239.192.136 - - [28/Apr/2026:11:25:19 +0000] "GET /file.php HTTP/1.1" 404 11180 "-" "Mozilla/5.0 (Windows NT 10.0; Win64; x64) AppleWebKit/537.36 (KHTML, like Gecko) Chrome/120.0.0.0 Safari/537.36"
20.239.192.136 - - [28/Apr/2026:11:25:20 +0000] "GET /wp-admin/css/colors/modern/ HTTP/1.1" 404 11316 "-" "Mozilla/5.0 (Windows NT 10.0; Win64; x64) AppleWebKit/537.36 (KHTML, like Gecko) Chrome/120.0.0.0 Safari/537.36"
20.239.192.136 - - [28/Apr/2026:11:25:21 +0000] "GET /cgi-bin/ HTTP/1.1" 404 11183 "-" "Mozilla/5.0 (Windows NT 10.0; Win64; x64) AppleWebKit/537.36 (KHTML, like Gecko) Chrome/120.0.0.0 Safari/537.36"
20.239.192.136 - - [28/Apr/2026:11:25:22 +0000] "GET /test1.php HTTP/1.1" 404 11182 "-" "Mozilla/5.0 (Windows NT 10.0; Win64; x64) AppleWebKit/537.36 (KHTML, like Gecko) Chrome/120.0.0.0 Safari/537.36"
20.239.192.136 - - [28/Apr/2026:11:25:23 +0000] "GET /wp-cron.php HTTP/1.1" 200 - "-" "Mozilla/5.0 (Windows NT 10.0; Win64; x64) AppleWebKit/537.36 (KHTML, like Gecko) Chrome/120.0.0.0 Safari/537.36"
20.239.192.136 - - [28/Apr/2026:11:25:23 +0000] "GET /wp-includes/block-supports/ HTTP/1.1" 404 11187 "-" "Mozilla/5.0 (Windows NT 10.0; Win64; x64) AppleWebKit/537.36 (KHTML, like Gecko) Chrome/120.0.0.0 Safari/537.36"
20.239.192.136 - - [28/Apr/2026:11:25:24 +0000] "GET /404.php HTTP/1.1" 404 11180 "-" "Mozilla/5.0 (Windows NT 10.0; Win64; x64) AppleWebKit/537.36 (KHTML, like Gecko) Chrome/120.0.0.0 Safari/537.36"
20.239.192.136 - - [28/Apr/2026:11:25:25 +0000] "GET /wp-content/1.php HTTP/1.1" 404 11182 "-" "Mozilla/5.0 (Windows NT 10.0; Win64; x64) AppleWebKit/537.36 (KHTML, like Gecko) Chrome/120.0.0.0 Safari/537.36"
20.239.192.136 - - [28/Apr/2026:11:25:26 +0000] "GET /images/index.php HTTP/1.1" 301 - "-" "Mozilla/5.0 (Windows NT 10.0; Win64; x64) AppleWebKit/537.36 (KHTML, like Gecko) Chrome/120.0.0.0 Safari/537.36"
184.94.212.206 - - [28/Apr/2026:11:26:26 +0000] "POST /wp-cron.php?doing_wp_cron=1777375586.4407780170440673828125 HTTP/1.1" 200 - "-" "WordPress/6.9.4; https://instadigitalphotography.com"
216.73.161.89 - - [28/Apr/2026:11:26:24 +0000] "POST /wp-login.php HTTP/1.1" 401 3475 "-" "Mozilla/5.0"