4.193.118.98 - - [28/Apr/2026:07:12:42 +0000] "GET /flower.php HTTP/1.1" 404 11184 "-" "Mozilla/5.0 (Windows NT 10.0; Win64; x64) AppleWebKit/537.36 (KHTML, like Gecko) Chrome/120.0.0.0 Safari/537.36"
4.193.118.98 - - [28/Apr/2026:07:12:43 +0000] "GET /function.php HTTP/1.1" 404 11181 "-" "Mozilla/5.0 (Windows NT 10.0; Win64; x64) AppleWebKit/537.36 (KHTML, like Gecko) Chrome/120.0.0.0 Safari/537.36"
4.193.118.98 - - [28/Apr/2026:07:12:45 +0000] "GET /functions.php HTTP/1.1" 404 11182 "-" "Mozilla/5.0 (Windows NT 10.0; Win64; x64) AppleWebKit/537.36 (KHTML, like Gecko) Chrome/120.0.0.0 Safari/537.36"
4.193.118.98 - - [28/Apr/2026:07:12:46 +0000] "GET /gecko-new.php HTTP/1.1" 404 11186 "-" "Mozilla/5.0 (Windows NT 10.0; Win64; x64) AppleWebKit/537.36 (KHTML, like Gecko) Chrome/120.0.0.0 Safari/537.36"
4.193.118.98 - - [28/Apr/2026:07:12:48 +0000] "GET /ggfi.php HTTP/1.1" 404 11182 "-" "Mozilla/5.0 (Windows NT 10.0; Win64; x64) AppleWebKit/537.36 (KHTML, like Gecko) Chrome/120.0.0.0 Safari/537.36"
4.193.118.98 - - [28/Apr/2026:07:12:51 +0000] "GET /gzak2w.php HTTP/1.1" 404 11185 "-" "Mozilla/5.0 (Windows NT 10.0; Win64; x64) AppleWebKit/537.36 (KHTML, like Gecko) Chrome/120.0.0.0 Safari/537.36"
4.193.118.98 - - [28/Apr/2026:07:12:52 +0000] "GET /hehe.php HTTP/1.1" 404 11182 "-" "Mozilla/5.0 (Windows NT 10.0; Win64; x64) AppleWebKit/537.36 (KHTML, like Gecko) Chrome/120.0.0.0 Safari/537.36"
184.94.212.206 - - [28/Apr/2026:07:12:55 +0000] "POST /wp-cron.php?doing_wp_cron=1777360375.4259290695190429687500 HTTP/1.1" 200 - "-" "WordPress/6.9.4; https://instadigitalphotography.com"
4.193.118.98 - - [28/Apr/2026:07:12:54 +0000] "GET /hehehehe.php HTTP/1.1" 404 11182 "-" "Mozilla/5.0 (Windows NT 10.0; Win64; x64) AppleWebKit/537.36 (KHTML, like Gecko) Chrome/120.0.0.0 Safari/537.36"
4.193.118.98 - - [28/Apr/2026:07:12:55 +0000] "GET /help.php HTTP/1.1" 404 11182 "-" "Mozilla/5.0 (Windows NT 10.0; Win64; x64) AppleWebKit/537.36 (KHTML, like Gecko) Chrome/120.0.0.0 Safari/537.36"
4.193.118.98 - - [28/Apr/2026:07:12:57 +0000] "GET /images/wp-login.php HTTP/1.1" 404 11183 "-" "Mozilla/5.0 (Windows NT 10.0; Win64; x64) AppleWebKit/537.36 (KHTML, like Gecko) Chrome/120.0.0.0 Safari/537.36"
4.193.118.98 - - [28/Apr/2026:07:12:58 +0000] "GET /index.php HTTP/1.1" 301 - "-" "Mozilla/5.0 (Windows NT 10.0; Win64; x64) AppleWebKit/537.36 (KHTML, like Gecko) Chrome/120.0.0.0 Safari/537.36"
4.193.118.98 - - [28/Apr/2026:07:12:59 +0000] "GET /index/function.php HTTP/1.1" 404 11185 "-" "Mozilla/5.0 (Windows NT 10.0; Win64; x64) AppleWebKit/537.36 (KHTML, like Gecko) Chrome/120.0.0.0 Safari/537.36"
4.193.118.98 - - [28/Apr/2026:07:13:00 +0000] "GET /install.php HTTP/1.1" 404 11182 "-" "Mozilla/5.0 (Windows NT 10.0; Win64; x64) AppleWebKit/537.36 (KHTML, like Gecko) Chrome/120.0.0.0 Safari/537.36"
4.193.118.98 - - [28/Apr/2026:07:13:02 +0000] "GET /jp.php HTTP/1.1" 404 11181 "-" "Mozilla/5.0 (Windows NT 10.0; Win64; x64) AppleWebKit/537.36 (KHTML, like Gecko) Chrome/120.0.0.0 Safari/537.36"
4.193.118.98 - - [28/Apr/2026:07:13:03 +0000] "GET /mah/function.php HTTP/1.1" 404 11185 "-" "Mozilla/5.0 (Windows NT 10.0; Win64; x64) AppleWebKit/537.36 (KHTML, like Gecko) Chrome/120.0.0.0 Safari/537.36"
4.193.118.98 - - [28/Apr/2026:07:13:04 +0000] "GET /meta.php HTTP/1.1" 404 11181 "-" "Mozilla/5.0 (Windows NT 10.0; Win64; x64) AppleWebKit/537.36 (KHTML, like Gecko) Chrome/120.0.0.0 Safari/537.36"
4.193.118.98 - - [28/Apr/2026:07:13:05 +0000] "GET /moon.php HTTP/1.1" 404 11182 "-" "Mozilla/5.0 (Windows NT 10.0; Win64; x64) AppleWebKit/537.36 (KHTML, like Gecko) Chrome/120.0.0.0 Safari/537.36"
4.193.118.98 - - [28/Apr/2026:07:13:06 +0000] "GET /new.php HTTP/1.1" 404 11181 "-" "Mozilla/5.0 (Windows NT 10.0; Win64; x64) AppleWebKit/537.36 (KHTML, like Gecko) Chrome/120.0.0.0 Safari/537.36"
4.193.118.98 - - [28/Apr/2026:07:13:07 +0000] "GET /ova.php HTTP/1.1" 404 11182 "-" "Mozilla/5.0 (Windows NT 10.0; Win64; x64) AppleWebKit/537.36 (KHTML, like Gecko) Chrome/120.0.0.0 Safari/537.36"
4.193.118.98 - - [28/Apr/2026:07:13:08 +0000] "GET /print/bkindex.php HTTP/1.1" 404 11187 "-" "Mozilla/5.0 (Windows NT 10.0; Win64; x64) AppleWebKit/537.36 (KHTML, like Gecko) Chrome/120.0.0.0 Safari/537.36"
4.193.118.98 - - [28/Apr/2026:07:13:09 +0000] "GET /radio.php HTTP/1.1" 404 11182 "-" "Mozilla/5.0 (Windows NT 10.0; Win64; x64) AppleWebKit/537.36 (KHTML, like Gecko) Chrome/120.0.0.0 Safari/537.36"
4.193.118.98 - - [28/Apr/2026:07:13:10 +0000] "GET /randkeyword.php HTTP/1.1" 404 11187 "-" "Mozilla/5.0 (Windows NT 10.0; Win64; x64) AppleWebKit/537.36 (KHTML, like Gecko) Chrome/120.0.0.0 Safari/537.36"
4.193.118.98 - - [28/Apr/2026:07:13:11 +0000] "GET /room.php HTTP/1.1" 404 11182 "-" "Mozilla/5.0 (Windows NT 10.0; Win64; x64) AppleWebKit/537.36 (KHTML, like Gecko) Chrome/120.0.0.0 Safari/537.36"
4.193.118.98 - - [28/Apr/2026:07:13:12 +0000] "GET /sad/about.php HTTP/1.1" 404 11183 "-" "Mozilla/5.0 (Windows NT 10.0; Win64; x64) AppleWebKit/537.36 (KHTML, like Gecko) Chrome/120.0.0.0 Safari/537.36"
4.193.118.98 - - [28/Apr/2026:07:13:13 +0000] "GET /sim.php/wp-includes/certificates/plugins.php HTTP/1.1" 404 11321 "-" "Mozilla/5.0 (Windows NT 10.0; Win64; x64) AppleWebKit/537.36 (KHTML, like Gecko) Chrome/120.0.0.0 Safari/537.36"
4.193.118.98 - - [28/Apr/2026:07:13:14 +0000] "GET /simple.php HTTP/1.1" 404 11181 "-" "Mozilla/5.0 (Windows NT 10.0; Win64; x64) AppleWebKit/537.36 (KHTML, like Gecko) Chrome/120.0.0.0 Safari/537.36"
4.193.118.98 - - [28/Apr/2026:07:13:15 +0000] "GET /templates/beez3/1.php HTTP/1.1" 404 11314 "-" "Mozilla/5.0 (Windows NT 10.0; Win64; x64) AppleWebKit/537.36 (KHTML, like Gecko) Chrome/120.0.0.0 Safari/537.36"
4.193.118.98 - - [28/Apr/2026:07:13:16 +0000] "GET /templates/beez3/index.php HTTP/1.1" 301 - "-" "Mozilla/5.0 (Windows NT 10.0; Win64; x64) AppleWebKit/537.36 (KHTML, like Gecko) Chrome/120.0.0.0 Safari/537.36"
192.0.102.146 - - [28/Apr/2026:07:13:19 +0000] "HEAD / HTTP/1.1" 200 - "-" "jetmon/1.0 (Jetpack Site Uptime Monitor by WordPress.com)"
184.94.212.206 - - [28/Apr/2026:07:18:17 +0000] "POST /wp-cron.php?doing_wp_cron=1777360697.8594679832458496093750 HTTP/1.1" 200 - "-" "WordPress/6.9.4; https://instadigitalphotography.com"
192.0.102.146 - - [28/Apr/2026:07:18:16 +0000] "HEAD / HTTP/1.1" 200 - "-" "jetmon/1.0 (Jetpack Site Uptime Monitor by WordPress.com)"
184.94.212.206 - - [28/Apr/2026:07:23:16 +0000] "POST /wp-cron.php?doing_wp_cron=1777360996.5621690750122070312500 HTTP/1.1" 200 - "-" "WordPress/6.9.4; https://instadigitalphotography.com"
192.0.102.146 - - [28/Apr/2026:07:23:15 +0000] "HEAD / HTTP/1.1" 200 - "-" "jetmon/1.0 (Jetpack Site Uptime Monitor by WordPress.com)"
216.73.161.79 - - [28/Apr/2026:07:23:44 +0000] "POST /wp-login.php HTTP/1.1" 401 3474 "-" "Mozilla/5.0"
184.94.212.206 - - [28/Apr/2026:07:28:18 +0000] "POST /wp-cron.php?doing_wp_cron=1777361298.6210000514984130859375 HTTP/1.1" 200 - "-" "WordPress/6.9.4; https://instadigitalphotography.com"
192.0.102.146 - - [28/Apr/2026:07:28:17 +0000] "HEAD / HTTP/1.1" 200 - "-" "jetmon/1.0 (Jetpack Site Uptime Monitor by WordPress.com)"
97.146.139.228 - - [28/Apr/2026:07:29:03 +0000] "GET /tag/shutter-speeds/ HTTP/1.1" 200 19463 "-" "Mozilla/5.0 (Macintosh; Intel Mac OS X 10_15_7) AppleWebKit/537.36 (KHTML, like Gecko) Chrome/120.0.0.0 Safari/537.36"
184.94.212.206 - - [28/Apr/2026:07:30:29 +0000] "POST /wp-cron.php?doing_wp_cron=1777361429.6461870670318603515625 HTTP/1.1" 200 - "-" "WordPress/6.9.4; https://instadigitalphotography.com"
47.128.58.47 - - [28/Apr/2026:07:30:28 +0000] "GET /blog/ HTTP/1.1" 200 34230 "-" "Mozilla/5.0 (Linux; Android 5.0) AppleWebKit/537.36 (KHTML, like Gecko) Mobile Safari/537.36 (compatible; Bytespider; spider-feedback@bytedance.com)"
47.128.58.47 - - [28/Apr/2026:07:30:30 +0000] "GET /wp-content/themes/essence-pro/style.css?ver=1.1.0 HTTP/1.1" 200 10682 "https://instadigitalphotography.com/blog/" "Mozilla/5.0 (Linux; Android 5.0) AppleWebKit/537.36 (KHTML, like Gecko) Mobile Safari/537.36 (compatible; Bytespider; spider-feedback@bytedance.com)"
47.128.58.47 - - [28/Apr/2026:07:30:30 +0000] "GET /wp-content/plugins/simple-social-icons/css/style.css?ver=4.0.0 HTTP/1.1" 200 461 "https://instadigitalphotography.com/blog/" "Mozilla/5.0 (Linux; Android 5.0) AppleWebKit/537.36 (KHTML, like Gecko) Mobile Safari/537.36 (compatible; Bytespider; spider-feedback@bytedance.com)"
47.128.58.47 - - [28/Apr/2026:07:30:31 +0000] "GET /wp-content/themes/essence-pro/lib/gutenberg/front-end.css?ver=1.1.0 HTTP/1.1" 200 1712 "https://instadigitalphotography.com/blog/" "Mozilla/5.0 (Linux; Android 5.0) AppleWebKit/537.36 (KHTML, like Gecko) Mobile Safari/537.36 (compatible; Bytespider; spider-feedback@bytedance.com)"
47.128.58.47 - - [28/Apr/2026:07:30:33 +0000] "GET /wp-content/plugins/simple-social-icons/symbol-defs.svg HTTP/1.1" 206 500 "https://instadigitalphotography.com/blog/" "Mozilla/5.0 (Linux; Android 5.0) AppleWebKit/537.36 (KHTML, like Gecko) Mobile Safari/537.36 (compatible; Bytespider; spider-feedback@bytedance.com)"
47.128.58.47 - - [28/Apr/2026:07:30:33 +0000] "GET /wp-content/uploads/2020/02/cropped-Photography-Equipment-e1581712271328.jpg HTTP/1.1" 206 500 "https://instadigitalphotography.com/blog/" "Mozilla/5.0 (Linux; Android 5.0) AppleWebKit/537.36 (KHTML, like Gecko) Mobile Safari/537.36 (compatible; Bytespider; spider-feedback@bytedance.com)"
47.128.58.47 - - [28/Apr/2026:07:30:34 +0000] "GET /wp-content/uploads/2020/02/cropped-Photography-Equipment-e1581712271328.jpg HTTP/1.1" 304 - "https://instadigitalphotography.com/blog/" "Mozilla/5.0 (Linux; Android 5.0) AppleWebKit/537.36 (KHTML, like Gecko) Mobile Safari/537.36 (compatible; Bytespider; spider-feedback@bytedance.com)"
47.128.58.47 - - [28/Apr/2026:07:30:34 +0000] "GET /wp-content/plugins/simple-social-icons/symbol-defs.svg HTTP/1.1" 200 17203 "https://instadigitalphotography.com/blog/" "Mozilla/5.0 (Linux; Android 5.0) AppleWebKit/537.36 (KHTML, like Gecko) Mobile Safari/537.36 (compatible; Bytespider; spider-feedback@bytedance.com)"
47.128.58.47 - - [28/Apr/2026:07:30:34 +0000] "GET /wp-content/uploads/2020/02/cropped-Photography-Equipment-e1581712271328.jpg HTTP/1.1" 206 103686 "https://instadigitalphotography.com/blog/" "Mozilla/5.0 (Linux; Android 5.0) AppleWebKit/537.36 (KHTML, like Gecko) Mobile Safari/537.36 (compatible; Bytespider; spider-feedback@bytedance.com)"
216.73.216.113 - - [28/Apr/2026:07:30:43 +0000] "GET /robots.txt HTTP/1.1" 200 155 "-" "Mozilla/5.0 AppleWebKit/537.36 (KHTML, like Gecko; compatible; ClaudeBot/1.0; +claudebot@anthropic.com)"
216.73.216.113 - - [28/Apr/2026:07:30:44 +0000] "GET /sitemap_index.xml HTTP/1.1" 200 336 "-" "Mozilla/5.0 AppleWebKit/537.36 (KHTML, like Gecko; compatible; ClaudeBot/1.0; +claudebot@anthropic.com)"
184.94.212.206 - - [28/Apr/2026:07:32:29 +0000] "POST /wp-cron.php?doing_wp_cron=1777361549.5849459171295166015625 HTTP/1.1" 200 - "-" "WordPress/6.9.4; https://instadigitalphotography.com"
57.141.18.112 - - [28/Apr/2026:07:32:28 +0000] "GET /sitemap.xml HTTP/1.1" 200 555 "-" "meta-externalagent/1.1 (+https://developers.facebook.com/docs/sharing/webmasters/crawler)"
216.73.216.113 - - [28/Apr/2026:07:32:35 +0000] "GET /sitemap.xml HTTP/1.1" 200 311 "-" "Mozilla/5.0 AppleWebKit/537.36 (KHTML, like Gecko; compatible; ClaudeBot/1.0; +claudebot@anthropic.com)"
184.94.212.206 - - [28/Apr/2026:07:33:17 +0000] "POST /wp-cron.php?doing_wp_cron=1777361597.9249119758605957031250 HTTP/1.1" 200 - "-" "WordPress/6.9.4; https://instadigitalphotography.com"
192.0.102.146 - - [28/Apr/2026:07:33:17 +0000] "HEAD / HTTP/1.1" 200 - "-" "jetmon/1.0 (Jetpack Site Uptime Monitor by WordPress.com)"
184.94.212.206 - - [28/Apr/2026:07:36:24 +0000] "POST /wp-cron.php?doing_wp_cron=1777361784.5416719913482666015625 HTTP/1.1" 200 - "-" "WordPress/6.9.4; https://instadigitalphotography.com"
216.73.216.113 - - [28/Apr/2026:07:36:23 +0000] "GET /news-sitemap.xml HTTP/1.1" 200 319 "-" "Mozilla/5.0 AppleWebKit/537.36 (KHTML, like Gecko; compatible; ClaudeBot/1.0; +claudebot@anthropic.com)"
184.94.212.206 - - [28/Apr/2026:07:37:22 +0000] "POST /wp-cron.php?doing_wp_cron=1777361842.8640611171722412109375 HTTP/1.1" 200 - "-" "WordPress/6.9.4; https://instadigitalphotography.com"
14.230.152.79 - - [28/Apr/2026:07:37:21 +0000] "GET /see-here-for-the-very-ideas-about-photography/ HTTP/1.1" 200 16262 "-" "Mozilla/5.0 (Macintosh; Intel Mac OS X 10_15_7) AppleWebKit/537.36 (KHTML, like Gecko) Brave Chrome/86.0.4240.111 Safari/537.36"
184.94.212.206 - - [28/Apr/2026:07:38:16 +0000] "POST /wp-cron.php?doing_wp_cron=1777361896.6414060592651367187500 HTTP/1.1" 200 - "-" "WordPress/6.9.4; https://instadigitalphotography.com"
192.0.102.146 - - [28/Apr/2026:07:38:15 +0000] "HEAD / HTTP/1.1" 200 - "-" "jetmon/1.0 (Jetpack Site Uptime Monitor by WordPress.com)"
184.94.212.206 - - [28/Apr/2026:07:40:32 +0000] "POST /wp-cron.php?doing_wp_cron=1777362032.1728889942169189453125 HTTP/1.1" 200 - "-" "WordPress/6.9.4; https://instadigitalphotography.com"
173.239.211.167 - - [28/Apr/2026:07:40:30 +0000] "POST /wp-login.php HTTP/1.1" 401 3474 "-" "Mozilla/5.0"
184.94.212.206 - - [28/Apr/2026:07:43:20 +0000] "POST /wp-cron.php?doing_wp_cron=1777362200.4263620376586914062500 HTTP/1.1" 200 - "-" "WordPress/6.9.4; https://instadigitalphotography.com"
192.0.102.146 - - [28/Apr/2026:07:43:18 +0000] "HEAD / HTTP/1.1" 200 - "-" "jetmon/1.0 (Jetpack Site Uptime Monitor by WordPress.com)"
192.0.102.146 - - [28/Apr/2026:07:48:20 +0000] "HEAD / HTTP/1.1" 500 - "-" "jetmon/1.0 (Jetpack Site Uptime Monitor by WordPress.com)"
184.94.212.206 - - [28/Apr/2026:07:49:58 +0000] "POST /wp-cron.php?doing_wp_cron=1777362598.5542280673980712890625 HTTP/1.1" 200 - "-" "WordPress/6.9.4; https://instadigitalphotography.com"
192.0.102.146 - - [28/Apr/2026:07:49:44 +0000] "HEAD / HTTP/1.1" 200 - "-" "jetmon/1.0 (Jetpack Site Uptime Monitor by WordPress.com)"
184.94.212.206 - - [28/Apr/2026:07:53:24 +0000] "POST /wp-cron.php?doing_wp_cron=1777362804.3870990276336669921875 HTTP/1.1" 200 - "-" "WordPress/6.9.4; https://instadigitalphotography.com"
192.0.102.146 - - [28/Apr/2026:07:53:22 +0000] "HEAD / HTTP/1.1" 200 - "-" "jetmon/1.0 (Jetpack Site Uptime Monitor by WordPress.com)"
47.128.58.227 - - [28/Apr/2026:07:53:57 +0000] "GET /BoostInstagramFollowing HTTP/1.1" 307 - "-" "Mozilla/5.0 (Linux; Android 5.0) AppleWebKit/537.36 (KHTML, like Gecko) Mobile Safari/537.36 (compatible; Bytespider; spider-feedback@bytedance.com)"
45.148.10.120 - - [28/Apr/2026:07:54:54 +0000] "GET /.git/config HTTP/1.1" 404 11188 "-" "Mozilla/5.0 (Windows NT 10.0; Win64; x64) AppleWebKit/537.36 (KHTML, like Gecko) Chrome/74.0.3729.169 Safari/537.36"
184.94.212.206 - - [28/Apr/2026:07:57:10 +0000] "POST /wp-cron.php?doing_wp_cron=1777363030.5038719177246093750000 HTTP/1.1" 200 - "-" "WordPress/6.9.4; https://instadigitalphotography.com"
173.239.211.148 - - [28/Apr/2026:07:57:08 +0000] "POST /wp-login.php HTTP/1.1" 401 3474 "-" "Mozilla/5.0"
184.94.212.206 - - [28/Apr/2026:07:58:19 +0000] "POST /wp-cron.php?doing_wp_cron=1777363099.9083719253540039062500 HTTP/1.1" 200 - "-" "WordPress/6.9.4; https://instadigitalphotography.com"
192.0.102.146 - - [28/Apr/2026:07:58:18 +0000] "HEAD / HTTP/1.1" 200 - "-" "jetmon/1.0 (Jetpack Site Uptime Monitor by WordPress.com)"
66.249.66.74 - - [28/Apr/2026:07:58:53 +0000] "GET /ads.txt HTTP/1.1" 304 - "-" "Google-adstxt"
184.94.212.206 - - [28/Apr/2026:08:03:15 +0000] "POST /wp-cron.php?doing_wp_cron=1777363395.3096048831939697265625 HTTP/1.1" 200 - "-" "WordPress/6.9.4; https://instadigitalphotography.com"
192.0.102.146 - - [28/Apr/2026:08:03:13 +0000] "HEAD / HTTP/1.1" 200 - "-" "jetmon/1.0 (Jetpack Site Uptime Monitor by WordPress.com)"
184.94.212.206 - - [28/Apr/2026:08:08:24 +0000] "POST /wp-cron.php?doing_wp_cron=1777363704.5954749584197998046875 HTTP/1.1" 200 - "-" "WordPress/6.9.4; https://instadigitalphotography.com"
192.0.102.146 - - [28/Apr/2026:08:08:23 +0000] "HEAD / HTTP/1.1" 200 - "-" "jetmon/1.0 (Jetpack Site Uptime Monitor by WordPress.com)"
184.94.212.206 - - [28/Apr/2026:08:12:18 +0000] "POST /wp-cron.php?doing_wp_cron=1777363938.9192481040954589843750 HTTP/1.1" 200 - "-" "WordPress/6.9.4; https://instadigitalphotography.com"
14.165.207.209 - - [28/Apr/2026:08:12:17 +0000] "GET /ensure-perfect-pictures-with-these-tips-and-tricks/ HTTP/1.1" 200 17163 "-" "Mozilla/5.0 (Windows NT 6.1; WOW64) AppleWebKit/537.36 (KHTML, like Gecko) Chrome/98.0.4758.102 Safari/537.36"
114.119.140.190 - - [28/Apr/2026:08:12:36 +0000] "GET /tricks-and-tips-on-how-to-take-better-photos?share=reddit HTTP/1.1" 302 - "https://instadigitalphotography.com/tricks-and-tips-on-how-to-take-better-photos" "Mozilla/5.0 (Linux; Android 7.0;) AppleWebKit/537.36 (HTML, like Gecko) Mobile Safari/537.36 (compatible; PetalBot;+https://webmaster.petalsearch.com/site/petalbot)"
184.94.212.206 - - [28/Apr/2026:08:13:18 +0000] "POST /wp-cron.php?doing_wp_cron=1777363998.0961599349975585937500 HTTP/1.1" 200 - "-" "WordPress/6.9.4; https://instadigitalphotography.com"
192.0.102.146 - - [28/Apr/2026:08:13:17 +0000] "HEAD / HTTP/1.1" 200 - "-" "jetmon/1.0 (Jetpack Site Uptime Monitor by WordPress.com)"
173.239.211.173 - - [28/Apr/2026:08:13:43 +0000] "POST /wp-login.php HTTP/1.1" 401 3474 "-" "Mozilla/5.0"
45.148.10.120 - - [28/Apr/2026:08:14:02 +0000] "GET /.git/config HTTP/1.1" 404 11184 "-" "Mozilla/5.0 (Windows NT 10.0; WOW64) AppleWebKit/537.36 (KHTML, like Gecko) Chrome/74.0.3729.169 Safari/537.36"
184.94.212.206 - - [28/Apr/2026:08:18:17 +0000] "POST /wp-cron.php?doing_wp_cron=1777364297.0788578987121582031250 HTTP/1.1" 200 - "-" "WordPress/6.9.4; https://instadigitalphotography.com"
192.0.102.146 - - [28/Apr/2026:08:18:15 +0000] "HEAD / HTTP/1.1" 200 - "-" "jetmon/1.0 (Jetpack Site Uptime Monitor by WordPress.com)"
184.94.212.206 - - [28/Apr/2026:08:23:15 +0000] "POST /wp-cron.php?doing_wp_cron=1777364595.4633610248565673828125 HTTP/1.1" 200 - "-" "WordPress/6.9.4; https://instadigitalphotography.com"
192.0.102.146 - - [28/Apr/2026:08:23:13 +0000] "HEAD / HTTP/1.1" 200 - "-" "jetmon/1.0 (Jetpack Site Uptime Monitor by WordPress.com)"
98.83.178.66 - - [28/Apr/2026:08:25:02 +0000] "GET /wp-json/oembed/1.0/embed?format=xml&url=https://instadigitalphotography.com/simple-tips-to-help-you-take-great-pictures/ HTTP/1.1" 200 1517 "-" "Mozilla/5.0 AppleWebKit/537.36 (KHTML, like Gecko; compatible; Amazonbot/0.1; +https://developer.amazon.com/support/amazonbot) Chrome/119.0.6045.214 Safari/537.36"
184.94.212.206 - - [28/Apr/2026:08:26:07 +0000] "POST /wp-cron.php?doing_wp_cron=1777364767.3538689613342285156250 HTTP/1.1" 200 - "-" "WordPress/6.9.4; https://instadigitalphotography.com"
164.92.212.216 - - [28/Apr/2026:08:26:05 +0000] "GET / HTTP/1.1" 200 12473 "-" "Mozilla/5.0 (Windows NT 10.0; Win64; x64) AppleWebKit/537.36 (KHTML, like Gecko) Chrome/120.0.0.0 Safari/537.36"
184.94.212.206 - - [28/Apr/2026:08:28:11 +0000] "POST /wp-cron.php?doing_wp_cron=1777364891.1107380390167236328125 HTTP/1.1" 200 - "-" "WordPress/6.9.4; https://instadigitalphotography.com"
66.102.8.235 - - [28/Apr/2026:08:28:09 +0000] "GET / HTTP/1.1" 200 12473 "-" "Google-Display-Ads-Bot"
192.0.102.146 - - [28/Apr/2026:08:28:18 +0000] "HEAD / HTTP/1.1" 200 - "-" "jetmon/1.0 (Jetpack Site Uptime Monitor by WordPress.com)"
184.94.212.206 - - [28/Apr/2026:08:30:21 +0000] "POST /wp-cron.php?doing_wp_cron=1777365021.7000339031219482421875 HTTP/1.1" 200 - "-" "WordPress/6.9.4; https://instadigitalphotography.com"
216.73.161.80 - - [28/Apr/2026:08:30:19 +0000] "POST /wp-login.php HTTP/1.1" 401 3474 "-" "Mozilla/5.0"
164.92.212.216 - - [28/Apr/2026:08:30:27 +0000] "GET /wp-json/wp/v2/posts?per_page=100&_fields=content,excerpt HTTP/1.1" 200 233999 "-" "Mozilla/5.0 (Windows NT 10.0; Win64; x64) AppleWebKit/537.36 (KHTML, like Gecko) Chrome/120.0.0.0 Safari/537.36"
184.94.212.206 - - [28/Apr/2026:08:32:05 +0000] "POST /wp-cron.php?doing_wp_cron=1777365125.2897000312805175781250 HTTP/1.1" 200 - "-" "WordPress/6.9.4; https://instadigitalphotography.com"
164.92.212.216 - - [28/Apr/2026:08:32:03 +0000] "GET /wp-admin/install.php HTTP/1.1" 200 1357 "-" "Mozilla/5.0 (Windows NT 10.0; Win64; x64) AppleWebKit/537.36 (KHTML, like Gecko) Chrome/120.0.0.0 Safari/537.36"
184.94.212.206 - - [28/Apr/2026:08:32:05 +0000] "POST /wp-cron.php?doing_wp_cron=1777365125.8471999168395996093750 HTTP/1.1" 200 - "-" "WordPress/6.9.4; https://instadigitalphotography.com"
164.92.212.216 - - [28/Apr/2026:08:32:03 +0000] "GET /xmlrpc.php HTTP/1.1" 404 45202 "-" "Mozilla/5.0 (Windows NT 10.0; Win64; x64) AppleWebKit/537.36 (KHTML, like Gecko) Chrome/120.0.0.0 Safari/537.36"
164.92.212.216 - - [28/Apr/2026:08:32:03 +0000] "GET /info.php HTTP/1.1" 404 45200 "-" "Mozilla/5.0 (Windows NT 10.0; Win64; x64) AppleWebKit/537.36 (KHTML, like Gecko) Chrome/120.0.0.0 Safari/537.36"
164.92.212.216 - - [28/Apr/2026:08:32:03 +0000] "GET /old/ HTTP/1.1" 404 45196 "-" "Mozilla/5.0 (Windows NT 10.0; Win64; x64) AppleWebKit/537.36 (KHTML, like Gecko) Chrome/120.0.0.0 Safari/537.36"
164.92.212.216 - - [28/Apr/2026:08:32:03 +0000] "GET /test/ HTTP/1.1" 404 45197 "-" "Mozilla/5.0 (Windows NT 10.0; Win64; x64) AppleWebKit/537.36 (KHTML, like Gecko) Chrome/120.0.0.0 Safari/537.36"
164.92.212.216 - - [28/Apr/2026:08:32:03 +0000] "GET /staging/ HTTP/1.1" 404 45200 "-" "Mozilla/5.0 (Windows NT 10.0; Win64; x64) AppleWebKit/537.36 (KHTML, like Gecko) Chrome/120.0.0.0 Safari/537.36"
164.92.212.216 - - [28/Apr/2026:08:32:03 +0000] "GET /dev/ HTTP/1.1" 404 45196 "-" "Mozilla/5.0 (Windows NT 10.0; Win64; x64) AppleWebKit/537.36 (KHTML, like Gecko) Chrome/120.0.0.0 Safari/537.36"
164.92.212.216 - - [28/Apr/2026:08:32:03 +0000] "GET /phpinfo.php HTTP/1.1" 404 45203 "-" "Mozilla/5.0 (Windows NT 10.0; Win64; x64) AppleWebKit/537.36 (KHTML, like Gecko) Chrome/120.0.0.0 Safari/537.36"
164.92.212.216 - - [28/Apr/2026:08:32:03 +0000] "GET /backup/ HTTP/1.1" 404 45199 "-" "Mozilla/5.0 (Windows NT 10.0; Win64; x64) AppleWebKit/537.36 (KHTML, like Gecko) Chrome/120.0.0.0 Safari/537.36"
164.92.212.216 - - [28/Apr/2026:08:32:03 +0000] "GET /wp-content/debug.log HTTP/1.1" 404 45212 "-" "Mozilla/5.0 (Windows NT 10.0; Win64; x64) AppleWebKit/537.36 (KHTML, like Gecko) Chrome/120.0.0.0 Safari/537.36"
164.92.212.216 - - [28/Apr/2026:08:32:03 +0000] "GET /error_log HTTP/1.1" 404 45201 "-" "Mozilla/5.0 (Windows NT 10.0; Win64; x64) AppleWebKit/537.36 (KHTML, like Gecko) Chrome/120.0.0.0 Safari/537.36"
184.94.212.206 - - [28/Apr/2026:08:33:16 +0000] "POST /wp-cron.php?doing_wp_cron=1777365196.8803820610046386718750 HTTP/1.1" 200 - "-" "WordPress/6.9.4; https://instadigitalphotography.com"
192.0.102.146 - - [28/Apr/2026:08:33:15 +0000] "HEAD / HTTP/1.1" 200 - "-" "jetmon/1.0 (Jetpack Site Uptime Monitor by WordPress.com)"
184.94.212.206 - - [28/Apr/2026:08:36:29 +0000] "POST /wp-cron.php?doing_wp_cron=1777365389.7126450538635253906250 HTTP/1.1" 200 - "-" "WordPress/6.9.4; https://instadigitalphotography.com"
113.179.9.4 - - [28/Apr/2026:08:36:28 +0000] "GET /the-best-lighting-equipment-for-digital-photography/ HTTP/1.1" 200 15613 "-" "Mozilla/5.0 (Macintosh; Intel Mac OS X 10_15_7) AppleWebKit/537.36 (KHTML, like Gecko) Chrome/93.0.4577.63 Safari/537.36"
184.94.212.206 - - [28/Apr/2026:08:37:54 +0000] "POST /wp-cron.php?doing_wp_cron=1777365474.3101639747619628906250 HTTP/1.1" 200 - "-" "WordPress/6.9.4; https://instadigitalphotography.com"
156.245.246.154 - - [28/Apr/2026:08:37:52 +0000] "GET /index.php?rest_route=/wp/v2/posts&per_page=100&_fields=id%2Ccomment_status&page=1 HTTP/1.1" 200 169 "https://mail.instadigitalphotography.com" "Mozilla/5.0 (Windows NT 10.0; Win64; x64) AppleWebKit/537.36 (KHTML, like Gecko) Chrome/135.0.0.0 Safari/537.36"
192.0.102.146 - - [28/Apr/2026:08:38:14 +0000] "HEAD / HTTP/1.1" 200 - "-" "jetmon/1.0 (Jetpack Site Uptime Monitor by WordPress.com)"
184.94.212.206 - - [28/Apr/2026:08:40:56 +0000] "POST /wp-cron.php?doing_wp_cron=1777365656.4999029636383056640625 HTTP/1.1" 200 - "-" "WordPress/6.9.4; https://instadigitalphotography.com"
14.172.179.9 - - [28/Apr/2026:08:40:55 +0000] "GET /copyright-dcma-notice/?share=facebook HTTP/1.1" 302 - "-" "Mozilla/5.0 (Windows NT 6.1; Win64; x64) AppleWebKit/537.36 (KHTML, like Gecko) Chrome/88.0.4324.190 Safari/537.36"
106.78.22.27 - - [28/Apr/2026:08:41:12 +0000] "GET /robots.txt HTTP/1.1" 200 155 "-" "Mozilla/5.0 (Macintosh; Intel Mac OS X 12.6; rv:136.0) Gecko/20100101 Firefox/136.0"
184.94.212.206 - - [28/Apr/2026:08:43:18 +0000] "POST /wp-cron.php?doing_wp_cron=1777365798.4448819160461425781250 HTTP/1.1" 200 - "-" "WordPress/6.9.4; https://instadigitalphotography.com"
192.0.102.146 - - [28/Apr/2026:08:43:17 +0000] "HEAD / HTTP/1.1" 200 - "-" "jetmon/1.0 (Jetpack Site Uptime Monitor by WordPress.com)"
172.190.142.176 - - [28/Apr/2026:08:43:38 +0000] "GET /wp-content/plugins/hellopress/wp_filemanager.php HTTP/1.1" 404 45764 "-" "-"
172.190.142.176 - - [28/Apr/2026:08:43:40 +0000] "GET /db.php HTTP/1.1" 404 45198 "-" "-"
172.190.142.176 - - [28/Apr/2026:08:43:41 +0000] "GET /xy.php HTTP/1.1" 404 45198 "-" "-"
172.190.142.176 - - [28/Apr/2026:08:43:42 +0000] "GET /revealability.php HTTP/1.1" 404 45209 "-" "-"
172.190.142.176 - - [28/Apr/2026:08:43:46 +0000] "GET /tox.php HTTP/1.1" 404 45199 "-" "-"
172.190.142.176 - - [28/Apr/2026:08:43:47 +0000] "GET /packed.php HTTP/1.1" 404 45202 "-" "-"
172.190.142.176 - - [28/Apr/2026:08:43:48 +0000] "GET /lib.php HTTP/1.1" 404 45199 "-" "-"
172.190.142.176 - - [28/Apr/2026:08:43:49 +0000] "GET /ccu.php HTTP/1.1" 404 45199 "-" "-"
172.190.142.176 - - [28/Apr/2026:08:43:50 +0000] "GET /ffile.php HTTP/1.1" 404 45201 "-" "-"
172.190.142.176 - - [28/Apr/2026:08:43:51 +0000] "GET /class.1.php HTTP/1.1" 404 45203 "-" "-"
172.190.142.176 - - [28/Apr/2026:08:43:53 +0000] "GET /popo.php HTTP/1.1" 404 45200 "-" "-"
172.190.142.176 - - [28/Apr/2026:08:43:54 +0000] "GET /academy.php HTTP/1.1" 404 45203 "-" "-"
172.190.142.176 - - [28/Apr/2026:08:43:55 +0000] "GET /wp-xml.php HTTP/1.1" 404 45202 "-" "-"
172.190.142.176 - - [28/Apr/2026:08:43:56 +0000] "GET /layout.php HTTP/1.1" 404 45202 "-" "-"
172.190.142.176 - - [28/Apr/2026:08:43:57 +0000] "GET /txets.php HTTP/1.1" 404 45201 "-" "-"
172.190.142.176 - - [28/Apr/2026:08:43:58 +0000] "GET /Sanskrit.php HTTP/1.1" 404 45204 "-" "-"
172.190.142.176 - - [28/Apr/2026:08:43:59 +0000] "GET /kikikoko.php HTTP/1.1" 404 45204 "-" "-"
172.190.142.176 - - [28/Apr/2026:08:44:00 +0000] "GET /opts.php HTTP/1.1" 404 45200 "-" "-"
172.190.142.176 - - [28/Apr/2026:08:44:01 +0000] "GET /ouh.php HTTP/1.1" 404 45199 "-" "-"
172.190.142.176 - - [28/Apr/2026:08:44:18 +0000] "GET /rendi59.php HTTP/1.1" 404 45203 "-" "-"
172.190.142.176 - - [28/Apr/2026:08:44:20 +0000] "GET /mga.php HTTP/1.1" 404 45199 "-" "-"
172.190.142.176 - - [28/Apr/2026:08:44:21 +0000] "GET /sbhu.php HTTP/1.1" 404 45200 "-" "-"
172.190.142.176 - - [28/Apr/2026:08:44:22 +0000] "GET /ftde.php HTTP/1.1" 404 45200 "-" "-"
172.190.142.176 - - [28/Apr/2026:08:44:23 +0000] "GET /racs3.php HTTP/1.1" 404 45201 "-" "-"
172.190.142.176 - - [28/Apr/2026:08:44:24 +0000] "GET /fone1.php HTTP/1.1" 404 45201 "-" "-"
172.190.142.176 - - [28/Apr/2026:08:44:25 +0000] "GET /wp-bonbon.php HTTP/1.1" 404 45205 "-" "-"
172.190.142.176 - - [28/Apr/2026:08:44:26 +0000] "GET /xozx.php HTTP/1.1" 404 45200 "-" "-"
172.190.142.176 - - [28/Apr/2026:08:44:27 +0000] "GET /eetu.php HTTP/1.1" 404 45200 "-" "-"
172.190.142.176 - - [28/Apr/2026:08:44:29 +0000] "GET /wp-firewall.php HTTP/1.1" 404 45207 "-" "-"
172.190.142.176 - - [28/Apr/2026:08:44:30 +0000] "GET /aevly.php HTTP/1.1" 404 45201 "-" "-"
172.190.142.176 - - [28/Apr/2026:08:44:31 +0000] "GET /albin.php HTTP/1.1" 404 45201 "-" "-"
172.190.142.176 - - [28/Apr/2026:08:44:32 +0000] "GET /asasx.php HTTP/1.1" 404 45201 "-" "-"
172.190.142.176 - - [28/Apr/2026:08:44:33 +0000] "GET /bthil.php HTTP/1.1" 404 45201 "-" "-"
172.190.142.176 - - [28/Apr/2026:08:44:34 +0000] "GET /cilus.php HTTP/1.1" 404 45201 "-" "-"
172.190.142.176 - - [28/Apr/2026:08:44:35 +0000] "GET /gptsh.php HTTP/1.1" 404 45201 "-" "-"
172.190.142.176 - - [28/Apr/2026:08:44:38 +0000] "GET /rithin.php HTTP/1.1" 404 45202 "-" "-"
216.73.161.82 - - [28/Apr/2026:08:46:58 +0000] "POST /wp-login.php HTTP/1.1" 200 11845 "-" "Mozilla/5.0"
184.94.212.206 - - [28/Apr/2026:08:48:15 +0000] "POST /wp-cron.php?doing_wp_cron=1777366095.1514680385589599609375 HTTP/1.1" 200 - "-" "WordPress/6.9.4; https://instadigitalphotography.com"
192.0.102.146 - - [28/Apr/2026:08:48:13 +0000] "HEAD / HTTP/1.1" 200 - "-" "jetmon/1.0 (Jetpack Site Uptime Monitor by WordPress.com)"
184.94.212.206 - - [28/Apr/2026:08:53:19 +0000] "POST /wp-cron.php?doing_wp_cron=1777366399.9166018962860107421875 HTTP/1.1" 200 - "-" "WordPress/6.9.4; https://instadigitalphotography.com"
192.0.102.146 - - [28/Apr/2026:08:53:17 +0000] "HEAD / HTTP/1.1" 200 - "-" "jetmon/1.0 (Jetpack Site Uptime Monitor by WordPress.com)"
184.94.212.206 - - [28/Apr/2026:08:58:21 +0000] "POST /wp-cron.php?doing_wp_cron=1777366701.6314189434051513671875 HTTP/1.1" 200 - "-" "WordPress/6.9.4; https://instadigitalphotography.com"
192.0.102.146 - - [28/Apr/2026:08:58:20 +0000] "HEAD / HTTP/1.1" 200 - "-" "jetmon/1.0 (Jetpack Site Uptime Monitor by WordPress.com)"
184.94.212.206 - - [28/Apr/2026:09:03:17 +0000] "POST /wp-cron.php?doing_wp_cron=1777366997.1683230400085449218750 HTTP/1.1" 200 - "-" "WordPress/6.9.4; https://instadigitalphotography.com"
192.0.102.146 - - [28/Apr/2026:09:03:15 +0000] "HEAD / HTTP/1.1" 200 - "-" "jetmon/1.0 (Jetpack Site Uptime Monitor by WordPress.com)"
216.73.161.75 - - [28/Apr/2026:09:06:41 +0000] "POST /wp-login.php HTTP/1.1" 200 11845 "-" "Mozilla/5.0"
184.94.212.206 - - [28/Apr/2026:09:08:20 +0000] "POST /wp-cron.php?doing_wp_cron=1777367300.6185479164123535156250 HTTP/1.1" 200 - "-" "WordPress/6.9.4; https://instadigitalphotography.com"
192.0.102.146 - - [28/Apr/2026:09:08:19 +0000] "HEAD / HTTP/1.1" 200 - "-" "jetmon/1.0 (Jetpack Site Uptime Monitor by WordPress.com)"
52.5.232.250 - - [28/Apr/2026:09:09:54 +0000] "GET /category/how-tos/ HTTP/1.1" 200 20496 "-" "Mozilla/5.0 AppleWebKit/537.36 (KHTML, like Gecko; compatible; Amazonbot/0.1; +https://developer.amazon.com/support/amazonbot) Chrome/119.0.6045.214 Safari/537.36"
204.76.203.27 - - [28/Apr/2026:09:11:36 +0000] "GET /wp-content/plugins/contact-form-7/includes/js/index.js HTTP/1.1" 200 13452 "-" "Mozilla/5.0 (Windows NT 10.0; Win64; x64) AppleWebKit/537.36 (KHTML, like Gecko) Chrome/147.0.0.0 Safari/537.36"
204.76.203.25 - - [28/Apr/2026:09:11:36 +0000] "GET /wp-content/plugins/contact-form-7/includes/js/index.js HTTP/1.1" 200 13452 "-" "Mozilla/5.0 (Windows NT 10.0; Win64; x64) AppleWebKit/537.36 (KHTML, like Gecko) Chrome/147.0.0.0 Safari/537.36"
204.76.203.25 - - [28/Apr/2026:09:11:36 +0000] "GET /wp-content/plugins/contact-form-7/includes/swv/js/index.js HTTP/1.1" 200 12512 "-" "Mozilla/5.0 (Windows NT 10.0; Win64; x64) AppleWebKit/537.36 (KHTML, like Gecko) Chrome/147.0.0.0 Safari/537.36"
204.76.203.25 - - [28/Apr/2026:09:11:37 +0000] "GET /wp-content/plugins/contact-form-7/includes/swv/js/index.js HTTP/1.1" 200 12512 "-" "Mozilla/5.0 (Windows NT 10.0; Win64; x64) AppleWebKit/537.36 (KHTML, like Gecko) Chrome/147.0.0.0 Safari/537.36"
184.94.212.206 - - [28/Apr/2026:09:11:51 +0000] "POST /wp-cron.php?doing_wp_cron=1777367511.4371449947357177734375 HTTP/1.1" 200 - "-" "WordPress/6.9.4; https://instadigitalphotography.com"
54.39.136.190 - - [28/Apr/2026:09:11:49 +0000] "GET /robots.txt HTTP/1.1" 200 155 "-" "Mozilla/5.0 (compatible; AhrefsBot/7.0; +http://ahrefs.com/robot/)"
15.235.98.167 - - [28/Apr/2026:09:11:52 +0000] "GET /look-here-for-great-advice-about-photography/ HTTP/1.1" 200 16283 "-" "Mozilla/5.0 (compatible; AhrefsBot/7.0; +http://ahrefs.com/robot/)"
184.94.212.206 - - [28/Apr/2026:09:13:20 +0000] "POST /wp-cron.php?doing_wp_cron=1777367600.6313600540161132812500 HTTP/1.1" 200 - "-" "WordPress/6.9.4; https://instadigitalphotography.com"
192.0.102.146 - - [28/Apr/2026:09:13:19 +0000] "HEAD / HTTP/1.1" 200 - "-" "jetmon/1.0 (Jetpack Site Uptime Monitor by WordPress.com)"
20.92.73.174 - - [28/Apr/2026:09:14:29 +0000] "GET /.tmb/cloud.php HTTP/1.1" 404 11191 "-" "Mozilla/5.0 (Windows NT 10.0; Win64; x64) AppleWebKit/537.36 (KHTML, like Gecko) Chrome/120.0.0.0 Safari/537.36"
20.92.73.174 - - [28/Apr/2026:09:14:31 +0000] "GET /.well-known/ HTTP/1.1" 404 11191 "-" "Mozilla/5.0 (Windows NT 10.0; Win64; x64) AppleWebKit/537.36 (KHTML, like Gecko) Chrome/120.0.0.0 Safari/537.36"
20.92.73.174 - - [28/Apr/2026:09:14:32 +0000] "GET /.well-known/acme-challenge/index.php HTTP/1.1" 301 - "-" "Mozilla/5.0 (Windows NT 10.0; Win64; x64) AppleWebKit/537.36 (KHTML, like Gecko) Chrome/120.0.0.0 Safari/537.36"
20.92.73.174 - - [28/Apr/2026:09:14:33 +0000] "GET /.well-known/autoload_classmap.php HTTP/1.1" 404 11203 "-" "Mozilla/5.0 (Windows NT 10.0; Win64; x64) AppleWebKit/537.36 (KHTML, like Gecko) Chrome/120.0.0.0 Safari/537.36"
20.92.73.174 - - [28/Apr/2026:09:14:34 +0000] "GET /.well-known/pki-validation/ HTTP/1.1" 404 11201 "-" "Mozilla/5.0 (Windows NT 10.0; Win64; x64) AppleWebKit/537.36 (KHTML, like Gecko) Chrome/120.0.0.0 Safari/537.36"
20.92.73.174 - - [28/Apr/2026:09:14:35 +0000] "GET /.well-known/pki-validation/about.php HTTP/1.1" 404 11329 "-" "Mozilla/5.0 (Windows NT 10.0; Win64; x64) AppleWebKit/537.36 (KHTML, like Gecko) Chrome/120.0.0.0 Safari/537.36"
20.92.73.174 - - [28/Apr/2026:09:14:36 +0000] "GET //wp-2019.php HTTP/1.1" 301 - "-" "Mozilla/5.0 (Windows NT 10.0; Win64; x64) AppleWebKit/537.36 (KHTML, like Gecko) Chrome/120.0.0.0 Safari/537.36"
20.92.73.174 - - [28/Apr/2026:09:14:37 +0000] "GET //wp-content/themes/about.php HTTP/1.1" 301 - "-" "Mozilla/5.0 (Windows NT 10.0; Win64; x64) AppleWebKit/537.36 (KHTML, like Gecko) Chrome/120.0.0.0 Safari/537.36"
20.92.73.174 - - [28/Apr/2026:09:14:38 +0000] "GET /0.php HTTP/1.1" 404 11185 "-" "Mozilla/5.0 (Windows NT 10.0; Win64; x64) AppleWebKit/537.36 (KHTML, like Gecko) Chrome/120.0.0.0 Safari/537.36"
20.92.73.174 - - [28/Apr/2026:09:14:39 +0000] "GET /1.php HTTP/1.1" 404 11184 "-" "Mozilla/5.0 (Windows NT 10.0; Win64; x64) AppleWebKit/537.36 (KHTML, like Gecko) Chrome/120.0.0.0 Safari/537.36"
20.92.73.174 - - [28/Apr/2026:09:14:41 +0000] "GET /12.php HTTP/1.1" 404 11185 "-" "Mozilla/5.0 (Windows NT 10.0; Win64; x64) AppleWebKit/537.36 (KHTML, like Gecko) Chrome/120.0.0.0 Safari/537.36"
20.92.73.174 - - [28/Apr/2026:09:14:42 +0000] "GET /120f9.php HTTP/1.1" 404 11188 "-" "Mozilla/5.0 (Windows NT 10.0; Win64; x64) AppleWebKit/537.36 (KHTML, like Gecko) Chrome/120.0.0.0 Safari/537.36"
20.92.73.174 - - [28/Apr/2026:09:14:43 +0000] "GET /22.php HTTP/1.1" 404 11185 "-" "Mozilla/5.0 (Windows NT 10.0; Win64; x64) AppleWebKit/537.36 (KHTML, like Gecko) Chrome/120.0.0.0 Safari/537.36"
20.92.73.174 - - [28/Apr/2026:09:14:44 +0000] "GET /403.php HTTP/1.1" 404 11186 "-" "Mozilla/5.0 (Windows NT 10.0; Win64; x64) AppleWebKit/537.36 (KHTML, like Gecko) Chrome/120.0.0.0 Safari/537.36"
20.92.73.174 - - [28/Apr/2026:09:14:45 +0000] "GET /504.php HTTP/1.1" 404 11186 "-" "Mozilla/5.0 (Windows NT 10.0; Win64; x64) AppleWebKit/537.36 (KHTML, like Gecko) Chrome/120.0.0.0 Safari/537.36"
20.92.73.174 - - [28/Apr/2026:09:14:46 +0000] "GET /GOD.php HTTP/1.1" 404 11186 "-" "Mozilla/5.0 (Windows NT 10.0; Win64; x64) AppleWebKit/537.36 (KHTML, like Gecko) Chrome/120.0.0.0 Safari/537.36"
20.92.73.174 - - [28/Apr/2026:09:14:47 +0000] "GET /NewFile.php HTTP/1.1" 404 11188 "-" "Mozilla/5.0 (Windows NT 10.0; Win64; x64) AppleWebKit/537.36 (KHTML, like Gecko) Chrome/120.0.0.0 Safari/537.36"
20.92.73.174 - - [28/Apr/2026:09:14:48 +0000] "GET /aaa.php HTTP/1.1" 404 11186 "-" "Mozilla/5.0 (Windows NT 10.0; Win64; x64) AppleWebKit/537.36 (KHTML, like Gecko) Chrome/120.0.0.0 Safari/537.36"
20.92.73.174 - - [28/Apr/2026:09:14:49 +0000] "GET /ab.php HTTP/1.1" 404 11185 "-" "Mozilla/5.0 (Windows NT 10.0; Win64; x64) AppleWebKit/537.36 (KHTML, like Gecko) Chrome/120.0.0.0 Safari/537.36"
20.92.73.174 - - [28/Apr/2026:09:14:50 +0000] "GET /about/function.php HTTP/1.1" 404 11188 "-" "Mozilla/5.0 (Windows NT 10.0; Win64; x64) AppleWebKit/537.36 (KHTML, like Gecko) Chrome/120.0.0.0 Safari/537.36"
20.92.73.174 - - [28/Apr/2026:09:14:51 +0000] "GET /admin/function.php HTTP/1.1" 404 11188 "-" "Mozilla/5.0 (Windows NT 10.0; Win64; x64) AppleWebKit/537.36 (KHTML, like Gecko) Chrome/120.0.0.0 Safari/537.36"
20.92.73.174 - - [28/Apr/2026:09:14:52 +0000] "GET /admin/index_upload.php HTTP/1.1" 404 11192 "-" "Mozilla/5.0 (Windows NT 10.0; Win64; x64) AppleWebKit/537.36 (KHTML, like Gecko) Chrome/120.0.0.0 Safari/537.36"
20.92.73.174 - - [28/Apr/2026:09:14:53 +0000] "GET /al.php HTTP/1.1" 404 11186 "-" "Mozilla/5.0 (Windows NT 10.0; Win64; x64) AppleWebKit/537.36 (KHTML, like Gecko) Chrome/120.0.0.0 Safari/537.36"
20.92.73.174 - - [28/Apr/2026:09:14:54 +0000] "GET /alfa-rex.php HTTP/1.1" 404 11189 "-" "Mozilla/5.0 (Windows NT 10.0; Win64; x64) AppleWebKit/537.36 (KHTML, like Gecko) Chrome/120.0.0.0 Safari/537.36"
20.92.73.174 - - [28/Apr/2026:09:14:55 +0000] "GET /alfanew.PHP7 HTTP/1.1" 404 11193 "-" "Mozilla/5.0 (Windows NT 10.0; Win64; x64) AppleWebKit/537.36 (KHTML, like Gecko) Chrome/120.0.0.0 Safari/537.36"
20.92.73.174 - - [28/Apr/2026:09:14:57 +0000] "GET /alfanew.php HTTP/1.1" 404 11189 "-" "Mozilla/5.0 (Windows NT 10.0; Win64; x64) AppleWebKit/537.36 (KHTML, like Gecko) Chrome/120.0.0.0 Safari/537.36"
20.92.73.174 - - [28/Apr/2026:09:14:58 +0000] "GET /auth.php HTTP/1.1" 404 11186 "-" "Mozilla/5.0 (Windows NT 10.0; Win64; x64) AppleWebKit/537.36 (KHTML, like Gecko) Chrome/120.0.0.0 Safari/537.36"
20.92.73.174 - - [28/Apr/2026:09:14:59 +0000] "GET /b.php HTTP/1.1" 404 11184 "-" "Mozilla/5.0 (Windows NT 10.0; Win64; x64) AppleWebKit/537.36 (KHTML, like Gecko) Chrome/120.0.0.0 Safari/537.36"
20.92.73.174 - - [28/Apr/2026:09:15:00 +0000] "GET /b0.php HTTP/1.1" 404 11185 "-" "Mozilla/5.0 (Windows NT 10.0; Win64; x64) AppleWebKit/537.36 (KHTML, like Gecko) Chrome/120.0.0.0 Safari/537.36"
20.92.73.174 - - [28/Apr/2026:09:15:01 +0000] "GET /back.php HTTP/1.1" 404 11186 "-" "Mozilla/5.0 (Windows NT 10.0; Win64; x64) AppleWebKit/537.36 (KHTML, like Gecko) Chrome/120.0.0.0 Safari/537.36"
20.92.73.174 - - [28/Apr/2026:09:15:02 +0000] "GET /bala.php HTTP/1.1" 404 11186 "-" "Mozilla/5.0 (Windows NT 10.0; Win64; x64) AppleWebKit/537.36 (KHTML, like Gecko) Chrome/120.0.0.0 Safari/537.36"
20.92.73.174 - - [28/Apr/2026:09:15:04 +0000] "GET /baxa1.php HTTP/1.1" 404 11188 "-" "Mozilla/5.0 (Windows NT 10.0; Win64; x64) AppleWebKit/537.36 (KHTML, like Gecko) Chrome/120.0.0.0 Safari/537.36"
20.92.73.174 - - [28/Apr/2026:09:15:05 +0000] "GET /buy.php HTTP/1.1" 404 11186 "-" "Mozilla/5.0 (Windows NT 10.0; Win64; x64) AppleWebKit/537.36 (KHTML, like Gecko) Chrome/120.0.0.0 Safari/537.36"
184.94.212.206 - - [28/Apr/2026:09:15:07 +0000] "POST /wp-cron.php?doing_wp_cron=1777367707.5961000919342041015625 HTTP/1.1" 200 - "-" "WordPress/6.9.4; https://instadigitalphotography.com"
20.92.73.174 - - [28/Apr/2026:09:15:06 +0000] "GET /byp.php HTTP/1.1" 404 11186 "-" "Mozilla/5.0 (Windows NT 10.0; Win64; x64) AppleWebKit/537.36 (KHTML, like Gecko) Chrome/120.0.0.0 Safari/537.36"
20.92.73.174 - - [28/Apr/2026:09:15:07 +0000] "GET /c.php HTTP/1.1" 404 11184 "-" "Mozilla/5.0 (Windows NT 10.0; Win64; x64) AppleWebKit/537.36 (KHTML, like Gecko) Chrome/120.0.0.0 Safari/537.36"
20.92.73.174 - - [28/Apr/2026:09:15:09 +0000] "GET /c99.php? HTTP/1.1" 404 11187 "-" "Mozilla/5.0 (Windows NT 10.0; Win64; x64) AppleWebKit/537.36 (KHTML, like Gecko) Chrome/120.0.0.0 Safari/537.36"
20.92.73.174 - - [28/Apr/2026:09:15:10 +0000] "GET /chosen.php HTTP/1.1" 404 11187 "-" "Mozilla/5.0 (Windows NT 10.0; Win64; x64) AppleWebKit/537.36 (KHTML, like Gecko) Chrome/120.0.0.0 Safari/537.36"
20.92.73.174 - - [28/Apr/2026:09:15:11 +0000] "GET /class-wp-lock.php HTTP/1.1" 404 11191 "-" "Mozilla/5.0 (Windows NT 10.0; Win64; x64) AppleWebKit/537.36 (KHTML, like Gecko) Chrome/120.0.0.0 Safari/537.36"
20.92.73.174 - - [28/Apr/2026:09:15:13 +0000] "GET /cong.php HTTP/1.1" 404 11186 "-" "Mozilla/5.0 (Windows NT 10.0; Win64; x64) AppleWebKit/537.36 (KHTML, like Gecko) Chrome/120.0.0.0 Safari/537.36"
20.92.73.174 - - [28/Apr/2026:09:15:14 +0000] "GET /content.php HTTP/1.1" 404 11185 "-" "Mozilla/5.0 (Windows NT 10.0; Win64; x64) AppleWebKit/537.36 (KHTML, like Gecko) Chrome/120.0.0.0 Safari/537.36"
20.92.73.174 - - [28/Apr/2026:09:15:15 +0000] "GET /control.php HTTP/1.1" 404 11187 "-" "Mozilla/5.0 (Windows NT 10.0; Win64; x64) AppleWebKit/537.36 (KHTML, like Gecko) Chrome/120.0.0.0 Safari/537.36"
20.92.73.174 - - [28/Apr/2026:09:15:16 +0000] "GET /cookie.php HTTP/1.1" 404 11187 "-" "Mozilla/5.0 (Windows NT 10.0; Win64; x64) AppleWebKit/537.36 (KHTML, like Gecko) Chrome/120.0.0.0 Safari/537.36"
20.92.73.174 - - [28/Apr/2026:09:15:18 +0000] "GET /credits.php HTTP/1.1" 404 11188 "-" "Mozilla/5.0 (Windows NT 10.0; Win64; x64) AppleWebKit/537.36 (KHTML, like Gecko) Chrome/120.0.0.0 Safari/537.36"
20.92.73.174 - - [28/Apr/2026:09:15:19 +0000] "GET /cron.php HTTP/1.1" 404 11186 "-" "Mozilla/5.0 (Windows NT 10.0; Win64; x64) AppleWebKit/537.36 (KHTML, like Gecko) Chrome/120.0.0.0 Safari/537.36"
20.92.73.174 - - [28/Apr/2026:09:15:20 +0000] "GET /css.php HTTP/1.1" 404 11186 "-" "Mozilla/5.0 (Windows NT 10.0; Win64; x64) AppleWebKit/537.36 (KHTML, like Gecko) Chrome/120.0.0.0 Safari/537.36"
20.92.73.174 - - [28/Apr/2026:09:15:21 +0000] "GET /css/autoload_classmap.php HTTP/1.1" 404 11197 "-" "Mozilla/5.0 (Windows NT 10.0; Win64; x64) AppleWebKit/537.36 (KHTML, like Gecko) Chrome/120.0.0.0 Safari/537.36"
20.92.73.174 - - [28/Apr/2026:09:15:22 +0000] "GET /data.php HTTP/1.1" 404 11185 "-" "Mozilla/5.0 (Windows NT 10.0; Win64; x64) AppleWebKit/537.36 (KHTML, like Gecko) Chrome/120.0.0.0 Safari/537.36"
20.92.73.174 - - [28/Apr/2026:09:15:23 +0000] "GET /disagreed.php HTTP/1.1" 404 11191 "-" "Mozilla/5.0 (Windows NT 10.0; Win64; x64) AppleWebKit/537.36 (KHTML, like Gecko) Chrome/120.0.0.0 Safari/537.36"
20.92.73.174 - - [28/Apr/2026:09:15:24 +0000] "GET /doc.php HTTP/1.1" 404 11185 "-" "Mozilla/5.0 (Windows NT 10.0; Win64; x64) AppleWebKit/537.36 (KHTML, like Gecko) Chrome/120.0.0.0 Safari/537.36"
20.92.73.174 - - [28/Apr/2026:09:15:25 +0000] "GET /dropdown.php HTTP/1.1" 404 11188 "-" "Mozilla/5.0 (Windows NT 10.0; Win64; x64) AppleWebKit/537.36 (KHTML, like Gecko) Chrome/120.0.0.0 Safari/537.36"
20.92.73.174 - - [28/Apr/2026:09:15:26 +0000] "GET /ds.php HTTP/1.1" 404 11185 "-" "Mozilla/5.0 (Windows NT 10.0; Win64; x64) AppleWebKit/537.36 (KHTML, like Gecko) Chrome/120.0.0.0 Safari/537.36"
20.92.73.174 - - [28/Apr/2026:09:15:27 +0000] "GET /ee.php HTTP/1.1" 404 11184 "-" "Mozilla/5.0 (Windows NT 10.0; Win64; x64) AppleWebKit/537.36 (KHTML, like Gecko) Chrome/120.0.0.0 Safari/537.36"
20.92.73.174 - - [28/Apr/2026:09:15:28 +0000] "GET /en.php HTTP/1.1" 404 11185 "-" "Mozilla/5.0 (Windows NT 10.0; Win64; x64) AppleWebKit/537.36 (KHTML, like Gecko) Chrome/120.0.0.0 Safari/537.36"
20.92.73.174 - - [28/Apr/2026:09:15:29 +0000] "GET /error.php HTTP/1.1" 404 11186 "-" "Mozilla/5.0 (Windows NT 10.0; Win64; x64) AppleWebKit/537.36 (KHTML, like Gecko) Chrome/120.0.0.0 Safari/537.36"
20.92.73.174 - - [28/Apr/2026:09:15:30 +0000] "GET /f35.php HTTP/1.1" 404 11186 "-" "Mozilla/5.0 (Windows NT 10.0; Win64; x64) AppleWebKit/537.36 (KHTML, like Gecko) Chrome/120.0.0.0 Safari/537.36"
20.92.73.174 - - [28/Apr/2026:09:15:31 +0000] "GET /favicon.php HTTP/1.1" 404 11188 "-" "Mozilla/5.0 (Windows NT 10.0; Win64; x64) AppleWebKit/537.36 (KHTML, like Gecko) Chrome/120.0.0.0 Safari/537.36"
20.92.73.174 - - [28/Apr/2026:09:15:33 +0000] "GET /feeds.php HTTP/1.1" 404 11187 "-" "Mozilla/5.0 (Windows NT 10.0; Win64; x64) AppleWebKit/537.36 (KHTML, like Gecko) Chrome/120.0.0.0 Safari/537.36"
20.92.73.174 - - [28/Apr/2026:09:15:34 +0000] "GET /files.php HTTP/1.1" 404 11186 "-" "Mozilla/5.0 (Windows NT 10.0; Win64; x64) AppleWebKit/537.36 (KHTML, like Gecko) Chrome/120.0.0.0 Safari/537.36"
20.92.73.174 - - [28/Apr/2026:09:15:35 +0000] "GET /files/autoload_classmap.php HTTP/1.1" 404 11197 "-" "Mozilla/5.0 (Windows NT 10.0; Win64; x64) AppleWebKit/537.36 (KHTML, like Gecko) Chrome/120.0.0.0 Safari/537.36"
20.92.73.174 - - [28/Apr/2026:09:15:36 +0000] "GET /flower.php HTTP/1.1" 404 11188 "-" "Mozilla/5.0 (Windows NT 10.0; Win64; x64) AppleWebKit/537.36 (KHTML, like Gecko) Chrome/120.0.0.0 Safari/537.36"
20.92.73.174 - - [28/Apr/2026:09:15:37 +0000] "GET /function.php HTTP/1.1" 404 11186 "-" "Mozilla/5.0 (Windows NT 10.0; Win64; x64) AppleWebKit/537.36 (KHTML, like Gecko) Chrome/120.0.0.0 Safari/537.36"
20.92.73.174 - - [28/Apr/2026:09:15:38 +0000] "GET /functions.php HTTP/1.1" 404 11186 "-" "Mozilla/5.0 (Windows NT 10.0; Win64; x64) AppleWebKit/537.36 (KHTML, like Gecko) Chrome/120.0.0.0 Safari/537.36"
20.92.73.174 - - [28/Apr/2026:09:15:39 +0000] "GET /gecko-new.php HTTP/1.1" 404 11190 "-" "Mozilla/5.0 (Windows NT 10.0; Win64; x64) AppleWebKit/537.36 (KHTML, like Gecko) Chrome/120.0.0.0 Safari/537.36"
20.92.73.174 - - [28/Apr/2026:09:15:40 +0000] "GET /ggfi.php HTTP/1.1" 404 11187 "-" "Mozilla/5.0 (Windows NT 10.0; Win64; x64) AppleWebKit/537.36 (KHTML, like Gecko) Chrome/120.0.0.0 Safari/537.36"
20.92.73.174 - - [28/Apr/2026:09:15:41 +0000] "GET /gzak2w.php HTTP/1.1" 404 11189 "-" "Mozilla/5.0 (Windows NT 10.0; Win64; x64) AppleWebKit/537.36 (KHTML, like Gecko) Chrome/120.0.0.0 Safari/537.36"
20.92.73.174 - - [28/Apr/2026:09:15:42 +0000] "GET /hehe.php HTTP/1.1" 404 11186 "-" "Mozilla/5.0 (Windows NT 10.0; Win64; x64) AppleWebKit/537.36 (KHTML, like Gecko) Chrome/120.0.0.0 Safari/537.36"
20.92.73.174 - - [28/Apr/2026:09:15:43 +0000] "GET /hehehehe.php HTTP/1.1" 404 11186 "-" "Mozilla/5.0 (Windows NT 10.0; Win64; x64) AppleWebKit/537.36 (KHTML, like Gecko) Chrome/120.0.0.0 Safari/537.36"
20.92.73.174 - - [28/Apr/2026:09:15:44 +0000] "GET /help.php HTTP/1.1" 404 11186 "-" "Mozilla/5.0 (Windows NT 10.0; Win64; x64) AppleWebKit/537.36 (KHTML, like Gecko) Chrome/120.0.0.0 Safari/537.36"
184.94.212.206 - - [28/Apr/2026:09:15:46 +0000] "POST /wp-cron.php?doing_wp_cron=1777367746.3688209056854248046875 HTTP/1.1" 200 - "-" "WordPress/6.9.4; https://instadigitalphotography.com"
20.92.73.174 - - [28/Apr/2026:09:15:45 +0000] "GET /images/wp-login.php HTTP/1.1" 404 11187 "-" "Mozilla/5.0 (Windows NT 10.0; Win64; x64) AppleWebKit/537.36 (KHTML, like Gecko) Chrome/120.0.0.0 Safari/537.36"
20.92.73.174 - - [28/Apr/2026:09:15:46 +0000] "GET /index.php HTTP/1.1" 200 12467 "-" "Mozilla/5.0 (Windows NT 10.0; Win64; x64) AppleWebKit/537.36 (KHTML, like Gecko) Chrome/120.0.0.0 Safari/537.36"
20.92.73.174 - - [28/Apr/2026:09:15:47 +0000] "GET /index/function.php HTTP/1.1" 404 11189 "-" "Mozilla/5.0 (Windows NT 10.0; Win64; x64) AppleWebKit/537.36 (KHTML, like Gecko) Chrome/120.0.0.0 Safari/537.36"
20.92.73.174 - - [28/Apr/2026:09:15:48 +0000] "GET /install.php HTTP/1.1" 404 11186 "-" "Mozilla/5.0 (Windows NT 10.0; Win64; x64) AppleWebKit/537.36 (KHTML, like Gecko) Chrome/120.0.0.0 Safari/537.36"
20.92.73.174 - - [28/Apr/2026:09:15:49 +0000] "GET /jp.php HTTP/1.1" 404 11185 "-" "Mozilla/5.0 (Windows NT 10.0; Win64; x64) AppleWebKit/537.36 (KHTML, like Gecko) Chrome/120.0.0.0 Safari/537.36"
20.92.73.174 - - [28/Apr/2026:09:15:50 +0000] "GET /mah/function.php HTTP/1.1" 404 11189 "-" "Mozilla/5.0 (Windows NT 10.0; Win64; x64) AppleWebKit/537.36 (KHTML, like Gecko) Chrome/120.0.0.0 Safari/537.36"
20.92.73.174 - - [28/Apr/2026:09:15:52 +0000] "GET /meta.php HTTP/1.1" 404 11185 "-" "Mozilla/5.0 (Windows NT 10.0; Win64; x64) AppleWebKit/537.36 (KHTML, like Gecko) Chrome/120.0.0.0 Safari/537.36"
20.92.73.174 - - [28/Apr/2026:09:15:53 +0000] "GET /moon.php HTTP/1.1" 404 11186 "-" "Mozilla/5.0 (Windows NT 10.0; Win64; x64) AppleWebKit/537.36 (KHTML, like Gecko) Chrome/120.0.0.0 Safari/537.36"
20.92.73.174 - - [28/Apr/2026:09:15:54 +0000] "GET /new.php HTTP/1.1" 404 11185 "-" "Mozilla/5.0 (Windows NT 10.0; Win64; x64) AppleWebKit/537.36 (KHTML, like Gecko) Chrome/120.0.0.0 Safari/537.36"
20.92.73.174 - - [28/Apr/2026:09:15:55 +0000] "GET /ova.php HTTP/1.1" 404 11186 "-" "Mozilla/5.0 (Windows NT 10.0; Win64; x64) AppleWebKit/537.36 (KHTML, like Gecko) Chrome/120.0.0.0 Safari/537.36"
20.92.73.174 - - [28/Apr/2026:09:15:56 +0000] "GET /print/bkindex.php HTTP/1.1" 404 11191 "-" "Mozilla/5.0 (Windows NT 10.0; Win64; x64) AppleWebKit/537.36 (KHTML, like Gecko) Chrome/120.0.0.0 Safari/537.36"
20.92.73.174 - - [28/Apr/2026:09:15:57 +0000] "GET /radio.php HTTP/1.1" 404 11186 "-" "Mozilla/5.0 (Windows NT 10.0; Win64; x64) AppleWebKit/537.36 (KHTML, like Gecko) Chrome/120.0.0.0 Safari/537.36"
20.92.73.174 - - [28/Apr/2026:09:15:58 +0000] "GET /randkeyword.php HTTP/1.1" 404 11192 "-" "Mozilla/5.0 (Windows NT 10.0; Win64; x64) AppleWebKit/537.36 (KHTML, like Gecko) Chrome/120.0.0.0 Safari/537.36"
20.92.73.174 - - [28/Apr/2026:09:15:59 +0000] "GET /room.php HTTP/1.1" 404 11187 "-" "Mozilla/5.0 (Windows NT 10.0; Win64; x64) AppleWebKit/537.36 (KHTML, like Gecko) Chrome/120.0.0.0 Safari/537.36"
20.92.73.174 - - [28/Apr/2026:09:16:00 +0000] "GET /sad/about.php HTTP/1.1" 404 11188 "-" "Mozilla/5.0 (Windows NT 10.0; Win64; x64) AppleWebKit/537.36 (KHTML, like Gecko) Chrome/120.0.0.0 Safari/537.36"
20.92.73.174 - - [28/Apr/2026:09:16:01 +0000] "GET /sim.php/wp-includes/certificates/plugins.php HTTP/1.1" 404 11325 "-" "Mozilla/5.0 (Windows NT 10.0; Win64; x64) AppleWebKit/537.36 (KHTML, like Gecko) Chrome/120.0.0.0 Safari/537.36"
20.92.73.174 - - [28/Apr/2026:09:16:02 +0000] "GET /simple.php HTTP/1.1" 404 11186 "-" "Mozilla/5.0 (Windows NT 10.0; Win64; x64) AppleWebKit/537.36 (KHTML, like Gecko) Chrome/120.0.0.0 Safari/537.36"
20.92.73.174 - - [28/Apr/2026:09:16:04 +0000] "GET /templates/beez3/1.php HTTP/1.1" 404 11318 "-" "Mozilla/5.0 (Windows NT 10.0; Win64; x64) AppleWebKit/537.36 (KHTML, like Gecko) Chrome/120.0.0.0 Safari/537.36"
