184.94.212.206 - - [28/Apr/2026:01:52:47 +0000] "POST /wp-cron.php?doing_wp_cron=1777341167.2833929061889648437500 HTTP/1.1" 200 - "-" "WordPress/6.9.4; https://instadigitalphotography.com"
216.73.216.205 - - [28/Apr/2026:01:52:45 +0000] "GET /news-sitemap.xml HTTP/1.1" 200 319 "-" "Mozilla/5.0 AppleWebKit/537.36 (KHTML, like Gecko; compatible; ClaudeBot/1.0; +claudebot@anthropic.com)"
184.94.212.206 - - [28/Apr/2026:01:53:22 +0000] "POST /wp-cron.php?doing_wp_cron=1777341202.5740439891815185546875 HTTP/1.1" 200 - "-" "WordPress/6.9.4; https://instadigitalphotography.com"
192.0.102.146 - - [28/Apr/2026:01:53:21 +0000] "HEAD / HTTP/1.1" 200 - "-" "jetmon/1.0 (Jetpack Site Uptime Monitor by WordPress.com)"
184.94.212.206 - - [28/Apr/2026:01:58:22 +0000] "POST /wp-cron.php?doing_wp_cron=1777341502.2420539855957031250000 HTTP/1.1" 200 - "-" "WordPress/6.9.4; https://instadigitalphotography.com"
192.0.102.146 - - [28/Apr/2026:01:58:20 +0000] "HEAD / HTTP/1.1" 200 - "-" "jetmon/1.0 (Jetpack Site Uptime Monitor by WordPress.com)"
184.94.212.206 - - [28/Apr/2026:02:02:35 +0000] "POST /wp-cron.php?doing_wp_cron=1777341754.9949369430541992187500 HTTP/1.1" 200 - "-" "WordPress/6.9.4; https://instadigitalphotography.com"
216.73.161.71 - - [28/Apr/2026:02:02:33 +0000] "POST /wp-login.php HTTP/1.1" 401 3475 "-" "Mozilla/5.0"
184.94.212.206 - - [28/Apr/2026:02:03:19 +0000] "POST /wp-cron.php?doing_wp_cron=1777341799.4705379009246826171875 HTTP/1.1" 200 - "-" "WordPress/6.9.4; https://instadigitalphotography.com"
192.0.102.146 - - [28/Apr/2026:02:03:18 +0000] "HEAD / HTTP/1.1" 200 - "-" "jetmon/1.0 (Jetpack Site Uptime Monitor by WordPress.com)"
82.22.209.95 - - [28/Apr/2026:02:04:54 +0000] "GET /robots.txt HTTP/1.1" 200 155 "-" "Exabot"
82.22.209.95 - - [28/Apr/2026:02:04:57 +0000] "GET /robots.txt HTTP/1.1" 200 155 "-" "Exabot"
184.94.212.206 - - [28/Apr/2026:02:05:24 +0000] "POST /wp-cron.php?doing_wp_cron=1777341924.5416600704193115234375 HTTP/1.1" 200 - "-" "WordPress/6.9.4; https://instadigitalphotography.com"
104.233.16.79 - - [28/Apr/2026:02:05:23 +0000] "GET / HTTP/1.1" 200 12472 "-" "Mozilla/5.0 (Macintosh; Intel Mac OS X 10_15_7) AppleWebKit/537.36 (KHTML, like Gecko) Chrome/139.0.0.0 Safari/537.36"
44.250.187.190 - - [28/Apr/2026:02:05:25 +0000] "GET /wp-json/oembed/1.0/embed?url=https%3A%2F%2Finstadigitalphotography.com%2F&format=xml HTTP/1.1" 200 1349 "-" "axios/1.15.0"
184.94.212.206 - - [28/Apr/2026:02:06:36 +0000] "POST /wp-cron.php?doing_wp_cron=1777341996.0071990489959716796875 HTTP/1.1" 200 - "-" "WordPress/6.9.4; https://instadigitalphotography.com"
204.76.203.27 - - [28/Apr/2026:02:06:34 +0000] "GET / HTTP/1.1" 301 - "-" "Mozilla/5.0 (Windows NT 10.0; Win64; x64) AppleWebKit/537.36 (KHTML, like Gecko) Chrome/147.0.0.0 Safari/537.36"
204.76.203.25 - - [28/Apr/2026:02:06:37 +0000] "GET / HTTP/1.1" 200 53726 "-" "Mozilla/5.0 (Windows NT 10.0; Win64; x64) AppleWebKit/537.36 (KHTML, like Gecko) Chrome/147.0.0.0 Safari/537.36"
184.94.212.206 - - [28/Apr/2026:02:08:21 +0000] "POST /wp-cron.php?doing_wp_cron=1777342101.1350040435791015625000 HTTP/1.1" 200 - "-" "WordPress/6.9.4; https://instadigitalphotography.com"
192.0.102.146 - - [28/Apr/2026:02:08:19 +0000] "HEAD / HTTP/1.1" 200 - "-" "jetmon/1.0 (Jetpack Site Uptime Monitor by WordPress.com)"
184.94.212.206 - - [28/Apr/2026:02:13:24 +0000] "POST /wp-cron.php?doing_wp_cron=1777342404.0669419765472412109375 HTTP/1.1" 200 - "-" "WordPress/6.9.4; https://instadigitalphotography.com"
192.0.102.146 - - [28/Apr/2026:02:13:22 +0000] "HEAD / HTTP/1.1" 200 - "-" "jetmon/1.0 (Jetpack Site Uptime Monitor by WordPress.com)"
51.161.37.195 - - [28/Apr/2026:02:13:24 +0000] "GET /how-to-find-good-digital-photography-lessons/ HTTP/1.1" 200 15459 "-" "Mozilla/5.0 (compatible; AhrefsBot/7.0; +http://ahrefs.com/robot/)"
184.94.212.206 - - [28/Apr/2026:02:18:17 +0000] "POST /wp-cron.php?doing_wp_cron=1777342697.8260509967803955078125 HTTP/1.1" 200 - "-" "WordPress/6.9.4; https://instadigitalphotography.com"
192.0.102.146 - - [28/Apr/2026:02:18:16 +0000] "HEAD / HTTP/1.1" 200 - "-" "jetmon/1.0 (Jetpack Site Uptime Monitor by WordPress.com)"
173.239.211.155 - - [28/Apr/2026:02:18:21 +0000] "POST /wp-login.php HTTP/1.1" 401 3474 "-" "Mozilla/5.0"
34.34.233.157 - - [28/Apr/2026:02:22:49 +0000] "GET /ads.txt HTTP/1.1" 200 58 "-" "IAB-Tech-Lab"
184.94.212.206 - - [28/Apr/2026:02:23:18 +0000] "POST /wp-cron.php?doing_wp_cron=1777342998.1761419773101806640625 HTTP/1.1" 200 - "-" "WordPress/6.9.4; https://instadigitalphotography.com"
192.0.102.146 - - [28/Apr/2026:02:23:16 +0000] "HEAD / HTTP/1.1" 200 - "-" "jetmon/1.0 (Jetpack Site Uptime Monitor by WordPress.com)"
184.94.212.206 - - [28/Apr/2026:02:25:31 +0000] "POST /wp-cron.php?doing_wp_cron=1777343131.5490911006927490234375 HTTP/1.1" 200 - "-" "WordPress/6.9.4; https://instadigitalphotography.com"
216.73.216.205 - - [28/Apr/2026:02:25:30 +0000] "GET /sitemap.xml HTTP/1.1" 200 311 "-" "Mozilla/5.0 AppleWebKit/537.36 (KHTML, like Gecko; compatible; ClaudeBot/1.0; +claudebot@anthropic.com)"
184.94.212.206 - - [28/Apr/2026:02:26:26 +0000] "POST /wp-cron.php?doing_wp_cron=1777343186.8780989646911621093750 HTTP/1.1" 200 - "-" "WordPress/6.9.4; https://instadigitalphotography.com"
84.54.70.118 - - [28/Apr/2026:02:26:25 +0000] "GET /the-rule-of-thirds-definition-greatly-simplified/?amp HTTP/1.1" 200 15796 "-" "Mozilla/5.0 (Macintosh; Intel Mac OS X 10_13_6) AppleWebKit/537.36 (KHTML, like Gecko) Chrome/99.0.3538.77 Safari/537.36"
184.94.212.206 - - [28/Apr/2026:02:28:06 +0000] "POST /wp-cron.php?doing_wp_cron=1777343286.6998269557952880859375 HTTP/1.1" 200 - "-" "WordPress/6.9.4; https://instadigitalphotography.com"
216.73.216.205 - - [28/Apr/2026:02:28:05 +0000] "GET /news-sitemap.xml HTTP/1.1" 200 319 "-" "Mozilla/5.0 AppleWebKit/537.36 (KHTML, like Gecko; compatible; ClaudeBot/1.0; +claudebot@anthropic.com)"
216.73.216.205 - - [28/Apr/2026:02:28:05 +0000] "GET /sitemap_index.xml HTTP/1.1" 200 336 "-" "Mozilla/5.0 AppleWebKit/537.36 (KHTML, like Gecko; compatible; ClaudeBot/1.0; +claudebot@anthropic.com)"
192.0.102.146 - - [28/Apr/2026:02:28:24 +0000] "HEAD / HTTP/1.1" 200 - "-" "jetmon/1.0 (Jetpack Site Uptime Monitor by WordPress.com)"
184.94.212.206 - - [28/Apr/2026:02:33:16 +0000] "POST /wp-cron.php?doing_wp_cron=1777343596.1296899318695068359375 HTTP/1.1" 200 - "-" "WordPress/6.9.4; https://instadigitalphotography.com"
192.0.102.146 - - [28/Apr/2026:02:33:14 +0000] "HEAD / HTTP/1.1" 200 - "-" "jetmon/1.0 (Jetpack Site Uptime Monitor by WordPress.com)"
173.239.211.170 - - [28/Apr/2026:02:34:17 +0000] "POST /wp-login.php HTTP/1.1" 401 3474 "-" "Mozilla/5.0"
184.94.212.206 - - [28/Apr/2026:02:36:20 +0000] "POST /wp-cron.php?doing_wp_cron=1777343780.7285718917846679687500 HTTP/1.1" 200 - "-" "WordPress/6.9.4; https://instadigitalphotography.com"
190.134.60.67 - - [28/Apr/2026:02:36:19 +0000] "GET /dont-look-anywhere-else-until-you-read-these-great-tips-about-photography/?amp HTTP/1.1" 200 16214 "-" "Mozilla/5.0 (Windows NT 10.0; Win64; x64) AppleWebKit/537.36 (KHTML, like Gecko) Chrome/101.0.0.0 Safari/537.36"
184.94.212.206 - - [28/Apr/2026:02:38:23 +0000] "POST /wp-cron.php?doing_wp_cron=1777343903.6465239524841308593750 HTTP/1.1" 200 - "-" "WordPress/6.9.4; https://instadigitalphotography.com"
192.0.102.146 - - [28/Apr/2026:02:38:22 +0000] "HEAD / HTTP/1.1" 200 - "-" "jetmon/1.0 (Jetpack Site Uptime Monitor by WordPress.com)"
184.94.212.206 - - [28/Apr/2026:02:41:04 +0000] "POST /wp-cron.php?doing_wp_cron=1777344064.4822010993957519531250 HTTP/1.1" 200 - "-" "WordPress/6.9.4; https://instadigitalphotography.com"
57.141.18.61 - - [28/Apr/2026:02:41:02 +0000] "GET /cropped-dslr-camera-photographing-p-e1581712084187-jpg/ HTTP/1.1" 301 - "-" "meta-externalagent/1.1 (+https://developers.facebook.com/docs/sharing/webmasters/crawler)"
184.94.212.206 - - [28/Apr/2026:02:43:25 +0000] "POST /wp-cron.php?doing_wp_cron=1777344205.1059989929199218750000 HTTP/1.1" 200 - "-" "WordPress/6.9.4; https://instadigitalphotography.com"
192.0.102.146 - - [28/Apr/2026:02:43:23 +0000] "HEAD / HTTP/1.1" 200 - "-" "jetmon/1.0 (Jetpack Site Uptime Monitor by WordPress.com)"
52.167.144.199 - - [28/Apr/2026:02:44:16 +0000] "GET /news-sitemap.xml HTTP/1.1" 200 319 "-" "Mozilla/5.0 AppleWebKit/537.36 (KHTML, like Gecko; compatible; bingbot/2.0; +http://www.bing.com/bingbot.htm) Chrome/116.0.1938.76 Safari/537.36"
184.94.212.206 - - [28/Apr/2026:02:46:42 +0000] "POST /wp-cron.php?doing_wp_cron=1777344402.0603179931640625000000 HTTP/1.1" 200 - "-" "WordPress/6.9.4; https://instadigitalphotography.com"
113.188.107.133 - - [28/Apr/2026:02:46:40 +0000] "GET /easy-solutions-to-photography-that-are-simple-to-follow/?share=facebook HTTP/1.1" 302 - "-" "Mozilla/5.0 (Macintosh; Intel Mac OS X 10_15_3) AppleWebKit/537.36 (KHTML, like Gecko) Chrome/79.0.3945.130 Safari/537.36"
184.94.212.206 - - [28/Apr/2026:02:47:25 +0000] "POST /wp-cron.php?doing_wp_cron=1777344445.1849880218505859375000 HTTP/1.1" 200 - "-" "WordPress/6.9.4; https://instadigitalphotography.com"
184.94.212.206 - - [28/Apr/2026:02:47:22 +0000] "GET / HTTP/1.1" 200 53726 "-" "Mozilla/5.0 (Windows NT 10.0; Win64; x64; rv:122.0) Gecko/20100101 Firefox/122.0"
54.226.15.7 - - [28/Apr/2026:02:47:31 +0000] "GET /robots.txt HTTP/1.1" 200 155 "-" "Mozilla/5.0 (Macintosh; Intel Mac OS X 10_15_7) AppleWebKit/537.36 (KHTML, like Gecko) Chrome/108.0.0.0 Safari/537.36"
184.94.212.206 - - [28/Apr/2026:02:48:21 +0000] "POST /wp-cron.php?doing_wp_cron=1777344501.6717650890350341796875 HTTP/1.1" 200 - "-" "WordPress/6.9.4; https://instadigitalphotography.com"
192.0.102.146 - - [28/Apr/2026:02:48:20 +0000] "HEAD / HTTP/1.1" 200 - "-" "jetmon/1.0 (Jetpack Site Uptime Monitor by WordPress.com)"
184.94.212.206 - - [28/Apr/2026:02:50:09 +0000] "POST /wp-cron.php?doing_wp_cron=1777344609.3114480972290039062500 HTTP/1.1" 200 - "-" "WordPress/6.9.4; https://instadigitalphotography.com"
216.73.161.76 - - [28/Apr/2026:02:50:07 +0000] "POST /wp-login.php HTTP/1.1" 401 3474 "-" "Mozilla/5.0"
184.94.212.206 - - [28/Apr/2026:02:52:54 +0000] "POST /wp-cron.php?doing_wp_cron=1777344774.5530951023101806640625 HTTP/1.1" 200 - "-" "WordPress/6.9.4; https://instadigitalphotography.com"
54.221.153.157 - - [28/Apr/2026:02:52:53 +0000] "GET /robots.txt HTTP/1.1" 200 155 "-" "Mozilla/5.0 (Macintosh; Intel Mac OS X 10_15_7) AppleWebKit/537.36 (KHTML, like Gecko) Chrome/108.0.0.0 Safari/537.36"
192.0.102.146 - - [28/Apr/2026:02:53:19 +0000] "HEAD / HTTP/1.1" 200 - "-" "jetmon/1.0 (Jetpack Site Uptime Monitor by WordPress.com)"
184.94.212.206 - - [28/Apr/2026:02:58:25 +0000] "POST /wp-cron.php?doing_wp_cron=1777345105.3985390663146972656250 HTTP/1.1" 200 - "-" "WordPress/6.9.4; https://instadigitalphotography.com"
192.0.102.146 - - [28/Apr/2026:02:58:23 +0000] "HEAD / HTTP/1.1" 200 - "-" "jetmon/1.0 (Jetpack Site Uptime Monitor by WordPress.com)"
184.94.212.206 - - [28/Apr/2026:03:00:51 +0000] "POST /wp-cron.php?doing_wp_cron=1777345251.4743149280548095703125 HTTP/1.1" 200 - "-" "WordPress/6.9.4; https://instadigitalphotography.com"
54.221.102.175 - - [28/Apr/2026:03:00:49 +0000] "GET /robots.txt HTTP/1.1" 200 155 "-" "Mozilla/5.0 (Macintosh; Intel Mac OS X 10_15_7) AppleWebKit/537.36 (KHTML, like Gecko) Chrome/108.0.0.0 Safari/537.36"
54.221.153.157 - - [28/Apr/2026:03:01:18 +0000] "GET / HTTP/1.1" 301 - "-" "Mozilla/5.0 (Macintosh; Intel Mac OS X 10_15_7) AppleWebKit/537.36 (KHTML, like Gecko) Chrome/108.0.0.0 Safari/537.36"
54.221.153.157 - - [28/Apr/2026:03:01:20 +0000] "GET / HTTP/1.1" 200 12473 "-" "Mozilla/5.0 (Macintosh; Intel Mac OS X 10_15_7) AppleWebKit/537.36 (KHTML, like Gecko) Chrome/108.0.0.0 Safari/537.36"
43.133.139.6 - - [28/Apr/2026:03:01:57 +0000] "GET / HTTP/1.1" 200 12473 "http://instadigitalphotography.com" "Mozilla/5.0 (iPhone; CPU iPhone OS 13_2_3 like Mac OS X) AppleWebKit/605.1.15 (KHTML, like Gecko) Version/13.0.3 Mobile/15E148 Safari/604.1"
184.94.212.206 - - [28/Apr/2026:03:03:17 +0000] "POST /wp-cron.php?doing_wp_cron=1777345397.1138720512390136718750 HTTP/1.1" 200 - "-" "WordPress/6.9.4; https://instadigitalphotography.com"
192.0.102.146 - - [28/Apr/2026:03:03:15 +0000] "HEAD / HTTP/1.1" 200 - "-" "jetmon/1.0 (Jetpack Site Uptime Monitor by WordPress.com)"
114.119.140.190 - - [28/Apr/2026:03:03:49 +0000] "GET /tricks-and-tips-on-how-to-take-better-photos?share=facebook HTTP/1.1" 302 - "https://instadigitalphotography.com/tricks-and-tips-on-how-to-take-better-photos" "Mozilla/5.0 (Linux; Android 7.0;) AppleWebKit/537.36 (HTML, like Gecko) Mobile Safari/537.36 (compatible; PetalBot;+https://webmaster.petalsearch.com/site/petalbot)"
88.151.33.7 - - [28/Apr/2026:03:04:24 +0000] "GET / HTTP/1.1" 301 - "-" "Mozilla/5.0 (iPhone; CPU iPhone OS 18_3 like Mac OS X) AppleWebKit/605.1.15 (KHTML, like Gecko) Version/18.3 Mobile/15E148 Safari/604.1"
184.94.212.206 - - [28/Apr/2026:03:05:57 +0000] "POST /wp-cron.php?doing_wp_cron=1777345557.7679319381713867187500 HTTP/1.1" 200 - "-" "WordPress/6.9.4; https://instadigitalphotography.com"
173.239.211.150 - - [28/Apr/2026:03:05:56 +0000] "POST /wp-login.php HTTP/1.1" 401 3474 "-" "Mozilla/5.0"
184.94.212.206 - - [28/Apr/2026:03:08:19 +0000] "POST /wp-cron.php?doing_wp_cron=1777345699.1658320426940917968750 HTTP/1.1" 200 - "-" "WordPress/6.9.4; https://instadigitalphotography.com"
192.0.102.146 - - [28/Apr/2026:03:08:17 +0000] "HEAD / HTTP/1.1" 200 - "-" "jetmon/1.0 (Jetpack Site Uptime Monitor by WordPress.com)"
184.94.212.206 - - [28/Apr/2026:03:10:07 +0000] "POST /wp-cron.php?doing_wp_cron=1777345807.8857529163360595703125 HTTP/1.1" 200 - "-" "WordPress/6.9.4; https://instadigitalphotography.com"
54.221.102.175 - - [28/Apr/2026:03:10:06 +0000] "GET / HTTP/1.1" 301 - "-" "Mozilla/5.0 (Macintosh; Intel Mac OS X 10_15_7) AppleWebKit/537.36 (KHTML, like Gecko) Chrome/108.0.0.0 Safari/537.36"
54.221.102.175 - - [28/Apr/2026:03:10:08 +0000] "GET / HTTP/1.1" 200 12473 "-" "Mozilla/5.0 (Macintosh; Intel Mac OS X 10_15_7) AppleWebKit/537.36 (KHTML, like Gecko) Chrome/108.0.0.0 Safari/537.36"
184.94.212.206 - - [28/Apr/2026:03:13:18 +0000] "POST /wp-cron.php?doing_wp_cron=1777345998.3664441108703613281250 HTTP/1.1" 200 - "-" "WordPress/6.9.4; https://instadigitalphotography.com"
192.0.102.146 - - [28/Apr/2026:03:13:16 +0000] "HEAD / HTTP/1.1" 200 - "-" "jetmon/1.0 (Jetpack Site Uptime Monitor by WordPress.com)"
216.73.216.205 - - [28/Apr/2026:03:14:39 +0000] "GET /robots.txt HTTP/1.1" 200 155 "-" "Mozilla/5.0 AppleWebKit/537.36 (KHTML, like Gecko; compatible; ClaudeBot/1.0; +claudebot@anthropic.com)"
216.73.216.205 - - [28/Apr/2026:03:14:41 +0000] "GET /news-sitemap.xml HTTP/1.1" 200 319 "-" "Mozilla/5.0 AppleWebKit/537.36 (KHTML, like Gecko; compatible; ClaudeBot/1.0; +claudebot@anthropic.com)"
184.94.212.206 - - [28/Apr/2026:03:18:17 +0000] "POST /wp-cron.php?doing_wp_cron=1777346297.4540600776672363281250 HTTP/1.1" 200 - "-" "WordPress/6.9.4; https://instadigitalphotography.com"
192.0.102.146 - - [28/Apr/2026:03:18:16 +0000] "HEAD / HTTP/1.1" 200 - "-" "jetmon/1.0 (Jetpack Site Uptime Monitor by WordPress.com)"
184.94.212.206 - - [28/Apr/2026:03:21:54 +0000] "POST /wp-cron.php?doing_wp_cron=1777346514.4703850746154785156250 HTTP/1.1" 200 - "-" "WordPress/6.9.4; https://instadigitalphotography.com"
173.239.211.164 - - [28/Apr/2026:03:21:52 +0000] "POST /wp-login.php HTTP/1.1" 401 3475 "-" "Mozilla/5.0"
184.94.212.206 - - [28/Apr/2026:03:23:16 +0000] "POST /wp-cron.php?doing_wp_cron=1777346596.0649480819702148437500 HTTP/1.1" 200 - "-" "WordPress/6.9.4; https://instadigitalphotography.com"
192.0.102.146 - - [28/Apr/2026:03:23:14 +0000] "HEAD / HTTP/1.1" 200 - "-" "jetmon/1.0 (Jetpack Site Uptime Monitor by WordPress.com)"
192.175.111.235 - - [28/Apr/2026:03:23:51 +0000] "GET / HTTP/1.1" 200 12473 "-" "Mozilla/5.0 (Windows NT 10.0; Win64; x64) AppleWebKit/537.36 (KHTML, like Gecko) Chrome/146.0.0.0 Safari/537.36"
184.94.212.206 - - [28/Apr/2026:03:28:25 +0000] "POST /wp-cron.php?doing_wp_cron=1777346905.0041139125823974609375 HTTP/1.1" 200 - "-" "WordPress/6.9.4; https://instadigitalphotography.com"
192.0.102.146 - - [28/Apr/2026:03:28:23 +0000] "HEAD / HTTP/1.1" 200 - "-" "jetmon/1.0 (Jetpack Site Uptime Monitor by WordPress.com)"
184.94.212.206 - - [28/Apr/2026:03:33:18 +0000] "POST /wp-cron.php?doing_wp_cron=1777347198.8925490379333496093750 HTTP/1.1" 200 - "-" "WordPress/6.9.4; https://instadigitalphotography.com"
192.0.102.146 - - [28/Apr/2026:03:33:17 +0000] "HEAD / HTTP/1.1" 200 - "-" "jetmon/1.0 (Jetpack Site Uptime Monitor by WordPress.com)"
122.248.245.244 - - [28/Apr/2026:03:40:24 +0000] "HEAD / HTTP/1.1" 500 - "-" "jetmon/1.0 (Jetpack Site Uptime Monitor by WordPress.com)"
54.232.116.4 - - [28/Apr/2026:03:40:24 +0000] "HEAD / HTTP/1.1" 500 - "-" "jetmon/1.0 (Jetpack Site Uptime Monitor by WordPress.com)"
54.217.201.243 - - [28/Apr/2026:03:40:33 +0000] "HEAD / HTTP/1.1" 500 - "-" "jetmon/1.0 (Jetpack Site Uptime Monitor by WordPress.com)"
192.0.102.146 - - [28/Apr/2026:03:39:52 +0000] "HEAD / HTTP/1.1" 500 - "-" "jetmon/1.0 (Jetpack Site Uptime Monitor by WordPress.com)"
216.73.161.86 - - [28/Apr/2026:03:38:13 +0000] "POST /wp-login.php HTTP/1.1" 401 3474 "-" "Mozilla/5.0"
184.94.212.206 - - [28/Apr/2026:03:41:25 +0000] "POST /wp-cron.php?doing_wp_cron=1777347685.5600159168243408203125 HTTP/1.1" 200 - "-" "WordPress/6.9.4; https://instadigitalphotography.com"
192.0.102.146 - - [28/Apr/2026:03:38:24 +0000] "HEAD / HTTP/1.1" 200 - "-" "jetmon/1.0 (Jetpack Site Uptime Monitor by WordPress.com)"
184.94.212.206 - - [28/Apr/2026:03:43:17 +0000] "POST /wp-cron.php?doing_wp_cron=1777347797.4484140872955322265625 HTTP/1.1" 200 - "-" "WordPress/6.9.4; https://instadigitalphotography.com"
192.0.102.146 - - [28/Apr/2026:03:43:15 +0000] "HEAD / HTTP/1.1" 200 - "-" "jetmon/1.0 (Jetpack Site Uptime Monitor by WordPress.com)"
184.94.212.206 - - [28/Apr/2026:03:48:16 +0000] "POST /wp-cron.php?doing_wp_cron=1777348096.0490999221801757812500 HTTP/1.1" 200 - "-" "WordPress/6.9.4; https://instadigitalphotography.com"
192.0.102.146 - - [28/Apr/2026:03:48:14 +0000] "HEAD / HTTP/1.1" 200 - "-" "jetmon/1.0 (Jetpack Site Uptime Monitor by WordPress.com)"
184.94.212.206 - - [28/Apr/2026:03:53:14 +0000] "POST /wp-cron.php?doing_wp_cron=1777348394.5523529052734375000000 HTTP/1.1" 200 - "-" "WordPress/6.9.4; https://instadigitalphotography.com"
192.0.102.146 - - [28/Apr/2026:03:53:13 +0000] "HEAD / HTTP/1.1" 200 - "-" "jetmon/1.0 (Jetpack Site Uptime Monitor by WordPress.com)"
173.239.211.154 - - [28/Apr/2026:03:53:53 +0000] "POST /wp-login.php HTTP/1.1" 401 3474 "-" "Mozilla/5.0"
184.94.212.206 - - [28/Apr/2026:03:58:16 +0000] "POST /wp-cron.php?doing_wp_cron=1777348696.6295270919799804687500 HTTP/1.1" 200 - "-" "WordPress/6.9.4; https://instadigitalphotography.com"
192.0.102.146 - - [28/Apr/2026:03:58:15 +0000] "HEAD / HTTP/1.1" 200 - "-" "jetmon/1.0 (Jetpack Site Uptime Monitor by WordPress.com)"
66.249.66.75 - - [28/Apr/2026:03:58:53 +0000] "GET /ads.txt HTTP/1.1" 200 58 "-" "Google-adstxt"
184.94.212.206 - - [28/Apr/2026:04:04:24 +0000] "POST /wp-cron.php?doing_wp_cron=1777349064.5825810432434082031250 HTTP/1.1" 200 - "-" "WordPress/6.9.4; https://instadigitalphotography.com"
192.0.102.146 - - [28/Apr/2026:04:03:25 +0000] "HEAD / HTTP/1.1" 200 - "-" "jetmon/1.0 (Jetpack Site Uptime Monitor by WordPress.com)"
192.0.102.146 - - [28/Apr/2026:04:04:47 +0000] "HEAD / HTTP/1.1" 200 - "-" "jetmon/1.0 (Jetpack Site Uptime Monitor by WordPress.com)"
184.94.212.206 - - [28/Apr/2026:04:05:13 +0000] "POST /wp-cron.php?doing_wp_cron=1777349113.2396619319915771484375 HTTP/1.1" 200 - "-" "WordPress/6.9.4; https://instadigitalphotography.com"
35.219.233.53 - - [28/Apr/2026:04:05:12 +0000] "GET / HTTP/1.1" 200 12473 "-" "Mozilla/5.0 (Windows NT 10.0; Win64; x64) AppleWebKit/537.36 (KHTML, like Gecko; compatible; BuiltWith/1.4; rb.gy/xprgqj) Chrome/124.0.0.0 Safari/537.36"
35.219.233.53 - - [28/Apr/2026:04:05:13 +0000] "GET / HTTP/1.1" 200 12473 "-" "Mozilla/5.0 (Windows NT 10.0; Win64; x64) AppleWebKit/537.36 (KHTML, like Gecko; compatible; BuiltWith/1.4; rb.gy/xprgqj) Chrome/124.0.0.0 Safari/537.36"
35.219.233.53 - - [28/Apr/2026:04:05:13 +0000] "GET /robots.txt HTTP/1.1" 200 155 "-" "Mozilla/5.0 (Windows NT 10.0; Win64; x64) AppleWebKit/537.36 (KHTML, like Gecko; compatible; BuiltWith/1.4; rb.gy/xprgqj) Chrome/124.0.0.0 Safari/537.36"
35.219.233.53 - - [28/Apr/2026:04:05:15 +0000] "GET /unleash-the-power-of-instagram-how-canvas-versatile-design-tools-can-help-you-create-stunning-graphics-and-boost-your-followers/ HTTP/1.1" 200 16514 "-" "Mozilla/5.0 (Windows NT 10.0; Win64; x64) AppleWebKit/537.36 (KHTML, like Gecko; compatible; BuiltWith/1.4; rb.gy/xprgqj) Chrome/124.0.0.0 Safari/537.36"
35.219.233.53 - - [28/Apr/2026:04:05:15 +0000] "GET /get-your-photography-questions-answered-here/ HTTP/1.1" 200 16266 "-" "Mozilla/5.0 (Windows NT 10.0; Win64; x64) AppleWebKit/537.36 (KHTML, like Gecko; compatible; BuiltWith/1.4; rb.gy/xprgqj) Chrome/124.0.0.0 Safari/537.36"
35.219.233.53 - - [28/Apr/2026:04:05:16 +0000] "GET /ads.txt HTTP/1.1" 200 58 "-" "Mozilla/5.0 (Windows NT 10.0; Win64; x64) AppleWebKit/537.36 (KHTML, like Gecko; compatible; BuiltWith/1.4; rb.gy/xprgqj) Chrome/124.0.0.0 Safari/537.36"
35.219.233.53 - - [28/Apr/2026:04:05:16 +0000] "GET /privacy-policy/ HTTP/1.1" 200 15393 "-" "Mozilla/5.0 (Windows NT 10.0; Win64; x64) AppleWebKit/537.36 (KHTML, like Gecko; compatible; BuiltWith/1.4; rb.gy/xprgqj) Chrome/124.0.0.0 Safari/537.36"
35.219.233.53 - - [28/Apr/2026:04:05:19 +0000] "GET /app-ads.txt HTTP/1.1" 404 11185 "-" "Mozilla/5.0 (Windows NT 10.0; Win64; x64) AppleWebKit/537.36 (KHTML, like Gecko; compatible; BuiltWith/1.4; rb.gy/xprgqj) Chrome/124.0.0.0 Safari/537.36"
216.73.216.205 - - [28/Apr/2026:04:05:29 +0000] "GET /sitemap_index.xml HTTP/1.1" 200 336 "-" "Mozilla/5.0 AppleWebKit/537.36 (KHTML, like Gecko; compatible; ClaudeBot/1.0; +claudebot@anthropic.com)"
184.94.212.206 - - [28/Apr/2026:04:06:23 +0000] "POST /wp-cron.php?doing_wp_cron=1777349183.1272599697113037109375 HTTP/1.1" 200 - "-" "WordPress/6.9.4; https://instadigitalphotography.com"
66.249.66.73 - - [28/Apr/2026:04:06:21 +0000] "GET /tag/stay-focused/ HTTP/1.1" 200 15696 "-" "Mozilla/5.0 (Linux; Android 6.0.1; Nexus 5X Build/MMB29P) AppleWebKit/537.36 (KHTML, like Gecko) Chrome/147.0.7727.116 Mobile Safari/537.36 (compatible; Googlebot/2.1; +http://www.google.com/bot.html)"
66.249.66.73 - - [28/Apr/2026:04:06:25 +0000] "GET /wp-content/themes/essence-pro/style.css?ver=1.1.0 HTTP/1.1" 200 10682 "https://instadigitalphotography.com/tag/stay-focused/" "Mozilla/5.0 (Linux; Android 6.0.1; Nexus 5X Build/MMB29P) AppleWebKit/537.36 (KHTML, like Gecko) Chrome/147.0.7727.116 Mobile Safari/537.36 (compatible; Googlebot/2.1; +http://www.google.com/bot.html)"
66.249.66.74 - - [28/Apr/2026:04:06:27 +0000] "GET /wp-content/plugins/contact-form-7/includes/js/index.js?ver=6.1.5 HTTP/1.1" 200 4265 "https://instadigitalphotography.com/tag/stay-focused/" "Mozilla/5.0 (Linux; Android 6.0.1; Nexus 5X Build/MMB29P) AppleWebKit/537.36 (KHTML, like Gecko) Chrome/147.0.7727.116 Mobile Safari/537.36 (compatible; Googlebot/2.1; +http://www.google.com/bot.html)"
66.249.66.73 - - [28/Apr/2026:04:06:29 +0000] "GET /wp-content/plugins/wp-meta-and-date-remover/assets/js/inspector.js?ver=1.1 HTTP/1.1" 200 1455 "https://instadigitalphotography.com/tag/stay-focused/" "Mozilla/5.0 (Linux; Android 6.0.1; Nexus 5X Build/MMB29P) AppleWebKit/537.36 (KHTML, like Gecko) Chrome/147.0.7727.116 Mobile Safari/537.36 (compatible; Googlebot/2.1; +http://www.google.com/bot.html)"
184.94.212.206 - - [28/Apr/2026:04:08:16 +0000] "POST /wp-cron.php?doing_wp_cron=1777349296.9527010917663574218750 HTTP/1.1" 200 - "-" "WordPress/6.9.4; https://instadigitalphotography.com"
192.0.102.146 - - [28/Apr/2026:04:08:15 +0000] "HEAD / HTTP/1.1" 200 - "-" "jetmon/1.0 (Jetpack Site Uptime Monitor by WordPress.com)"
184.94.212.206 - - [28/Apr/2026:04:09:56 +0000] "POST /wp-cron.php?doing_wp_cron=1777349396.5489559173583984375000 HTTP/1.1" 200 - "-" "WordPress/6.9.4; https://instadigitalphotography.com"
216.73.161.83 - - [28/Apr/2026:04:09:54 +0000] "POST /wp-login.php HTTP/1.1" 401 3474 "-" "Mozilla/5.0"
184.94.212.206 - - [28/Apr/2026:04:12:43 +0000] "POST /wp-cron.php?doing_wp_cron=1777349563.9796850681304931640625 HTTP/1.1" 200 - "-" "WordPress/6.9.4; https://instadigitalphotography.com"
51.103.73.149 - - [28/Apr/2026:04:12:42 +0000] "GET /inputs.php HTTP/1.1" 404 11183 "-" "Mozilla/5.0 (Windows NT 10.0; Win64; x64) AppleWebKit/537.36 (KHTML, like Gecko) Chrome/120.0.0.0 Safari/537.36"
51.103.73.149 - - [28/Apr/2026:04:12:44 +0000] "GET /ioxi-o.php HTTP/1.1" 404 11184 "-" "Mozilla/5.0 (Windows NT 10.0; Win64; x64) AppleWebKit/537.36 (KHTML, like Gecko) Chrome/120.0.0.0 Safari/537.36"
51.103.73.149 - - [28/Apr/2026:04:12:45 +0000] "GET /function/function.php HTTP/1.1" 404 11183 "-" "Mozilla/5.0 (Windows NT 10.0; Win64; x64) AppleWebKit/537.36 (KHTML, like Gecko) Chrome/120.0.0.0 Safari/537.36"
51.103.73.149 - - [28/Apr/2026:04:12:46 +0000] "GET /rip.php HTTP/1.1" 404 11181 "-" "Mozilla/5.0 (Windows NT 10.0; Win64; x64) AppleWebKit/537.36 (KHTML, like Gecko) Chrome/120.0.0.0 Safari/537.36"
51.103.73.149 - - [28/Apr/2026:04:12:47 +0000] "GET /admin.php HTTP/1.1" 404 11182 "-" "Mozilla/5.0 (Windows NT 10.0; Win64; x64) AppleWebKit/537.36 (KHTML, like Gecko) Chrome/120.0.0.0 Safari/537.36"
51.103.73.149 - - [28/Apr/2026:04:12:48 +0000] "GET /wp-content/uploads/index.php HTTP/1.1" 301 - "-" "Mozilla/5.0 (Windows NT 10.0; Win64; x64) AppleWebKit/537.36 (KHTML, like Gecko) Chrome/120.0.0.0 Safari/537.36"
51.103.73.149 - - [28/Apr/2026:04:12:49 +0000] "GET /cache.php HTTP/1.1" 404 11181 "-" "Mozilla/5.0 (Windows NT 10.0; Win64; x64) AppleWebKit/537.36 (KHTML, like Gecko) Chrome/120.0.0.0 Safari/537.36"
51.103.73.149 - - [28/Apr/2026:04:12:50 +0000] "GET /themes.php HTTP/1.1" 404 11181 "-" "Mozilla/5.0 (Windows NT 10.0; Win64; x64) AppleWebKit/537.36 (KHTML, like Gecko) Chrome/120.0.0.0 Safari/537.36"
51.103.73.149 - - [28/Apr/2026:04:12:51 +0000] "GET /an.php HTTP/1.1" 404 11180 "-" "Mozilla/5.0 (Windows NT 10.0; Win64; x64) AppleWebKit/537.36 (KHTML, like Gecko) Chrome/120.0.0.0 Safari/537.36"
51.103.73.149 - - [28/Apr/2026:04:12:52 +0000] "GET /index/function.php HTTP/1.1" 404 11185 "-" "Mozilla/5.0 (Windows NT 10.0; Win64; x64) AppleWebKit/537.36 (KHTML, like Gecko) Chrome/120.0.0.0 Safari/537.36"
51.103.73.149 - - [28/Apr/2026:04:12:53 +0000] "GET /randkeyword.PhP7 HTTP/1.1" 404 11191 "-" "Mozilla/5.0 (Windows NT 10.0; Win64; x64) AppleWebKit/537.36 (KHTML, like Gecko) Chrome/120.0.0.0 Safari/537.36"
51.103.73.149 - - [28/Apr/2026:04:12:54 +0000] "GET /ws.php HTTP/1.1" 404 11181 "-" "Mozilla/5.0 (Windows NT 10.0; Win64; x64) AppleWebKit/537.36 (KHTML, like Gecko) Chrome/120.0.0.0 Safari/537.36"
184.94.212.206 - - [28/Apr/2026:04:12:55 +0000] "POST /wp-cron.php?doing_wp_cron=1777349575.9451980590820312500000 HTTP/1.1" 200 - "-" "WordPress/6.9.4; https://instadigitalphotography.com"
51.103.73.149 - - [28/Apr/2026:04:12:55 +0000] "GET /404.php HTTP/1.1" 404 11182 "-" "Mozilla/5.0 (Windows NT 10.0; Win64; x64) AppleWebKit/537.36 (KHTML, like Gecko) Chrome/120.0.0.0 Safari/537.36"
51.103.73.149 - - [28/Apr/2026:04:12:56 +0000] "GET /wp-admin/user.php HTTP/1.1" 404 11185 "-" "Mozilla/5.0 (Windows NT 10.0; Win64; x64) AppleWebKit/537.36 (KHTML, like Gecko) Chrome/120.0.0.0 Safari/537.36"
51.103.73.149 - - [28/Apr/2026:04:12:57 +0000] "GET /wp-conf.php HTTP/1.1" 404 11182 "-" "Mozilla/5.0 (Windows NT 10.0; Win64; x64) AppleWebKit/537.36 (KHTML, like Gecko) Chrome/120.0.0.0 Safari/537.36"
51.103.73.149 - - [28/Apr/2026:04:12:58 +0000] "GET /wp-content/themes/hideo/network.php HTTP/1.1" 404 11316 "-" "Mozilla/5.0 (Windows NT 10.0; Win64; x64) AppleWebKit/537.36 (KHTML, like Gecko) Chrome/120.0.0.0 Safari/537.36"
51.103.73.149 - - [28/Apr/2026:04:12:59 +0000] "GET /wp-login.php HTTP/1.1" 200 3532 "-" "Mozilla/5.0 (Windows NT 10.0; Win64; x64) AppleWebKit/537.36 (KHTML, like Gecko) Chrome/120.0.0.0 Safari/537.36"
51.103.73.149 - - [28/Apr/2026:04:13:00 +0000] "GET /abc.php HTTP/1.1" 404 11181 "-" "Mozilla/5.0 (Windows NT 10.0; Win64; x64) AppleWebKit/537.36 (KHTML, like Gecko) Chrome/120.0.0.0 Safari/537.36"
51.103.73.149 - - [28/Apr/2026:04:13:01 +0000] "GET /abcd.php HTTP/1.1" 404 11182 "-" "Mozilla/5.0 (Windows NT 10.0; Win64; x64) AppleWebKit/537.36 (KHTML, like Gecko) Chrome/120.0.0.0 Safari/537.36"
51.103.73.149 - - [28/Apr/2026:04:13:02 +0000] "GET /as.php HTTP/1.1" 404 11181 "-" "Mozilla/5.0 (Windows NT 10.0; Win64; x64) AppleWebKit/537.36 (KHTML, like Gecko) Chrome/120.0.0.0 Safari/537.36"
51.103.73.149 - - [28/Apr/2026:04:13:03 +0000] "GET /wp-trackback.php HTTP/1.1" 404 130 "-" "Mozilla/5.0 (Windows NT 10.0; Win64; x64) AppleWebKit/537.36 (KHTML, like Gecko) Chrome/120.0.0.0 Safari/537.36"
51.103.73.149 - - [28/Apr/2026:04:13:04 +0000] "GET /about.php HTTP/1.1" 404 11182 "-" "Mozilla/5.0 (Windows NT 10.0; Win64; x64) AppleWebKit/537.36 (KHTML, like Gecko) Chrome/120.0.0.0 Safari/537.36"
51.103.73.149 - - [28/Apr/2026:04:13:05 +0000] "GET /file.php HTTP/1.1" 404 11181 "-" "Mozilla/5.0 (Windows NT 10.0; Win64; x64) AppleWebKit/537.36 (KHTML, like Gecko) Chrome/120.0.0.0 Safari/537.36"
51.103.73.149 - - [28/Apr/2026:04:13:06 +0000] "GET /adminfuns.php HTTP/1.1" 404 11185 "-" "Mozilla/5.0 (Windows NT 10.0; Win64; x64) AppleWebKit/537.36 (KHTML, like Gecko) Chrome/120.0.0.0 Safari/537.36"
51.103.73.149 - - [28/Apr/2026:04:13:07 +0000] "GET /wp-good.php HTTP/1.1" 404 11184 "-" "Mozilla/5.0 (Windows NT 10.0; Win64; x64) AppleWebKit/537.36 (KHTML, like Gecko) Chrome/120.0.0.0 Safari/537.36"
51.103.73.149 - - [28/Apr/2026:04:13:08 +0000] "GET /xmlrpc.php HTTP/1.1" 404 11184 "-" "Mozilla/5.0 (Windows NT 10.0; Win64; x64) AppleWebKit/537.36 (KHTML, like Gecko) Chrome/120.0.0.0 Safari/537.36"
51.103.73.149 - - [28/Apr/2026:04:13:09 +0000] "GET /goods.php HTTP/1.1" 404 11184 "-" "Mozilla/5.0 (Windows NT 10.0; Win64; x64) AppleWebKit/537.36 (KHTML, like Gecko) Chrome/120.0.0.0 Safari/537.36"
51.103.73.149 - - [28/Apr/2026:04:13:10 +0000] "GET /class-t.api.php HTTP/1.1" 404 11186 "-" "Mozilla/5.0 (Windows NT 10.0; Win64; x64) AppleWebKit/537.36 (KHTML, like Gecko) Chrome/120.0.0.0 Safari/537.36"
51.103.73.149 - - [28/Apr/2026:04:13:11 +0000] "GET /sf.php HTTP/1.1" 404 11181 "-" "Mozilla/5.0 (Windows NT 10.0; Win64; x64) AppleWebKit/537.36 (KHTML, like Gecko) Chrome/120.0.0.0 Safari/537.36"
51.103.73.149 - - [28/Apr/2026:04:13:12 +0000] "GET /kbfr.php HTTP/1.1" 404 11182 "-" "Mozilla/5.0 (Windows NT 10.0; Win64; x64) AppleWebKit/537.36 (KHTML, like Gecko) Chrome/120.0.0.0 Safari/537.36"
51.103.73.149 - - [28/Apr/2026:04:13:13 +0000] "GET /autoload_classmap.php HTTP/1.1" 404 11190 "-" "Mozilla/5.0 (Windows NT 10.0; Win64; x64) AppleWebKit/537.36 (KHTML, like Gecko) Chrome/120.0.0.0 Safari/537.36"
51.103.73.149 - - [28/Apr/2026:04:13:14 +0000] "GET /chosen.php?p= HTTP/1.1" 301 - "-" "Mozilla/5.0 (Windows NT 10.0; Win64; x64) AppleWebKit/537.36 (KHTML, like Gecko) Chrome/120.0.0.0 Safari/537.36"
51.103.73.149 - - [28/Apr/2026:04:13:16 +0000] "GET /classwithtostring.php HTTP/1.1" 404 11187 "-" "Mozilla/5.0 (Windows NT 10.0; Win64; x64) AppleWebKit/537.36 (KHTML, like Gecko) Chrome/120.0.0.0 Safari/537.36"
51.103.73.149 - - [28/Apr/2026:04:13:17 +0000] "GET /defaults.php HTTP/1.1" 404 11183 "-" "Mozilla/5.0 (Windows NT 10.0; Win64; x64) AppleWebKit/537.36 (KHTML, like Gecko) Chrome/120.0.0.0 Safari/537.36"
51.103.73.149 - - [28/Apr/2026:04:13:18 +0000] "GET /.well-known/ HTTP/1.1" 404 11187 "-" "Mozilla/5.0 (Windows NT 10.0; Win64; x64) AppleWebKit/537.36 (KHTML, like Gecko) Chrome/120.0.0.0 Safari/537.36"
51.103.73.149 - - [28/Apr/2026:04:13:19 +0000] "GET /info.php HTTP/1.1" 404 11182 "-" "Mozilla/5.0 (Windows NT 10.0; Win64; x64) AppleWebKit/537.36 (KHTML, like Gecko) Chrome/120.0.0.0 Safari/537.36"
51.103.73.149 - - [28/Apr/2026:04:13:20 +0000] "GET /cgi-bin/ HTTP/1.1" 404 11183 "-" "Mozilla/5.0 (Windows NT 10.0; Win64; x64) AppleWebKit/537.36 (KHTML, like Gecko) Chrome/120.0.0.0 Safari/537.36"
51.103.73.149 - - [28/Apr/2026:04:13:20 +0000] "GET /wp-includes/Requests/src/Response/about.php HTTP/1.1" 404 11319 "-" "Mozilla/5.0 (Windows NT 10.0; Win64; x64) AppleWebKit/537.36 (KHTML, like Gecko) Chrome/120.0.0.0 Safari/537.36"
51.103.73.149 - - [28/Apr/2026:04:13:21 +0000] "GET /wp-includes/html-api/ HTTP/1.1" 404 11186 "-" "Mozilla/5.0 (Windows NT 10.0; Win64; x64) AppleWebKit/537.36 (KHTML, like Gecko) Chrome/120.0.0.0 Safari/537.36"
192.0.102.146 - - [28/Apr/2026:04:13:22 +0000] "HEAD / HTTP/1.1" 200 - "-" "jetmon/1.0 (Jetpack Site Uptime Monitor by WordPress.com)"
51.103.73.149 - - [28/Apr/2026:04:13:22 +0000] "GET /wp-content/admin.php HTTP/1.1" 404 11184 "-" "Mozilla/5.0 (Windows NT 10.0; Win64; x64) AppleWebKit/537.36 (KHTML, like Gecko) Chrome/120.0.0.0 Safari/537.36"
51.103.73.149 - - [28/Apr/2026:04:13:23 +0000] "GET /wp-admin/css/colors/ectoplasm/ HTTP/1.1" 404 11318 "-" "Mozilla/5.0 (Windows NT 10.0; Win64; x64) AppleWebKit/537.36 (KHTML, like Gecko) Chrome/120.0.0.0 Safari/537.36"
51.103.73.149 - - [28/Apr/2026:04:13:24 +0000] "GET /wp-content/uploads/ HTTP/1.1" 404 11179 "-" "Mozilla/5.0 (Windows NT 10.0; Win64; x64) AppleWebKit/537.36 (KHTML, like Gecko) Chrome/120.0.0.0 Safari/537.36"
51.103.73.149 - - [28/Apr/2026:04:13:25 +0000] "GET /wp-content/themes/admin.php HTTP/1.1" 404 11308 "-" "Mozilla/5.0 (Windows NT 10.0; Win64; x64) AppleWebKit/537.36 (KHTML, like Gecko) Chrome/120.0.0.0 Safari/537.36"
51.103.73.149 - - [28/Apr/2026:04:13:26 +0000] "GET /wp-content/themes/index.php HTTP/1.1" 301 - "-" "Mozilla/5.0 (Windows NT 10.0; Win64; x64) AppleWebKit/537.36 (KHTML, like Gecko) Chrome/120.0.0.0 Safari/537.36"
51.103.73.149 - - [28/Apr/2026:04:13:27 +0000] "GET /wp-content/plugins/index.php HTTP/1.1" 301 - "-" "Mozilla/5.0 (Windows NT 10.0; Win64; x64) AppleWebKit/537.36 (KHTML, like Gecko) Chrome/120.0.0.0 Safari/537.36"
51.103.73.149 - - [28/Apr/2026:04:13:28 +0000] "GET /wp-includes/PHPMailer/ HTTP/1.1" 404 11189 "-" "Mozilla/5.0 (Windows NT 10.0; Win64; x64) AppleWebKit/537.36 (KHTML, like Gecko) Chrome/120.0.0.0 Safari/537.36"
51.103.73.149 - - [28/Apr/2026:04:13:29 +0000] "GET /wp-includes/images/ HTTP/1.1" 404 11184 "-" "Mozilla/5.0 (Windows NT 10.0; Win64; x64) AppleWebKit/537.36 (KHTML, like Gecko) Chrome/120.0.0.0 Safari/537.36"
51.103.73.149 - - [28/Apr/2026:04:13:30 +0000] "GET /wp-content/plugins/WordPressCore/ HTTP/1.1" 404 11310 "-" "Mozilla/5.0 (Windows NT 10.0; Win64; x64) AppleWebKit/537.36 (KHTML, like Gecko) Chrome/120.0.0.0 Safari/537.36"
184.94.212.206 - - [28/Apr/2026:04:18:15 +0000] "POST /wp-cron.php?doing_wp_cron=1777349895.7751619815826416015625 HTTP/1.1" 200 - "-" "WordPress/6.9.4; https://instadigitalphotography.com"
192.0.102.146 - - [28/Apr/2026:04:18:14 +0000] "HEAD / HTTP/1.1" 200 - "-" "jetmon/1.0 (Jetpack Site Uptime Monitor by WordPress.com)"
184.94.212.206 - - [28/Apr/2026:04:20:08 +0000] "POST /wp-cron.php?doing_wp_cron=1777350008.5123159885406494140625 HTTP/1.1" 200 - "-" "WordPress/6.9.4; https://instadigitalphotography.com"
69.171.231.116 - - [28/Apr/2026:04:20:07 +0000] "GET /robots.txt HTTP/1.1" 200 304 "-" "facebookexternalhit/1.1 (+http://www.facebook.com/externalhit_uatext.php)"
184.94.212.206 - - [28/Apr/2026:04:21:00 +0000] "POST /wp-cron.php?doing_wp_cron=1777350060.8044509887695312500000 HTTP/1.1" 200 - "-" "WordPress/6.9.4; https://instadigitalphotography.com"
114.119.134.121 - - [28/Apr/2026:04:20:59 +0000] "GET /tricks-and-tips-on-how-to-take-better-photos/?share=reddit& HTTP/1.1" 302 - "https://instadigitalphotography.com/blog/page/4?amp" "Mozilla/5.0 (Linux; Android 7.0;) AppleWebKit/537.36 (HTML, like Gecko) Mobile Safari/537.36 (compatible; PetalBot;+https://webmaster.petalsearch.com/site/petalbot)"
216.73.216.205 - - [28/Apr/2026:04:21:35 +0000] "GET /robots.txt HTTP/1.1" 200 155 "-" "Mozilla/5.0 AppleWebKit/537.36 (KHTML, like Gecko; compatible; ClaudeBot/1.0; +claudebot@anthropic.com)"
216.73.216.205 - - [28/Apr/2026:04:21:36 +0000] "GET /news-sitemap.xml HTTP/1.1" 200 319 "-" "Mozilla/5.0 AppleWebKit/537.36 (KHTML, like Gecko; compatible; ClaudeBot/1.0; +claudebot@anthropic.com)"
184.94.212.206 - - [28/Apr/2026:04:23:17 +0000] "POST /wp-cron.php?doing_wp_cron=1777350197.1577780246734619140625 HTTP/1.1" 200 - "-" "WordPress/6.9.4; https://instadigitalphotography.com"
192.0.102.146 - - [28/Apr/2026:04:23:15 +0000] "HEAD / HTTP/1.1" 200 - "-" "jetmon/1.0 (Jetpack Site Uptime Monitor by WordPress.com)"
3.143.237.135 - - [28/Apr/2026:04:23:58 +0000] "GET /robots.txt HTTP/1.1" 200 155 "-" "Mozilla/5.0 (Macintosh; Intel Mac OS X 10_15_7) AppleWebKit/537.36 (KHTML, like Gecko) Chrome/131.0.0.0 Safari/537.36; ClaudeBot/1.0; +claudebot@anthropic.com)"
3.143.237.135 - - [28/Apr/2026:04:23:59 +0000] "GET /tag/photo-shoot/ HTTP/1.1" 200 15188 "-" "Mozilla/5.0 (Macintosh; Intel Mac OS X 10_15_7) AppleWebKit/537.36 (KHTML, like Gecko) Chrome/131.0.0.0 Safari/537.36; ClaudeBot/1.0; +claudebot@anthropic.com)"
3.143.237.135 - - [28/Apr/2026:04:24:00 +0000] "GET /robots.txt HTTP/1.1" 200 155 "-" "Mozilla/5.0 (Macintosh; Intel Mac OS X 10_15_7) AppleWebKit/537.36 (KHTML, like Gecko) Chrome/131.0.0.0 Safari/537.36; ClaudeBot/1.0; +claudebot@anthropic.com)"
3.143.237.135 - - [28/Apr/2026:04:24:01 +0000] "GET /wp-content/themes/essence-pro/style.css?ver=1.1.0 HTTP/1.1" 200 10682 "https://instadigitalphotography.com/tag/photo-shoot/" "Mozilla/5.0 (Macintosh; Intel Mac OS X 10_15_7) AppleWebKit/537.36 (KHTML, like Gecko) Chrome/131.0.0.0 Safari/537.36; ClaudeBot/1.0; +claudebot@anthropic.com)"
3.143.237.135 - - [28/Apr/2026:04:24:00 +0000] "GET /robots.txt HTTP/1.1" 200 155 "-" "Mozilla/5.0 (Macintosh; Intel Mac OS X 10_15_7) AppleWebKit/537.36 (KHTML, like Gecko) Chrome/131.0.0.0 Safari/537.36; ClaudeBot/1.0; +claudebot@anthropic.com)"
3.143.237.135 - - [28/Apr/2026:04:24:01 +0000] "GET /wp-content/plugins/contact-form-7/includes/css/styles.css?ver=6.1.5 HTTP/1.1" 200 1031 "https://instadigitalphotography.com/tag/photo-shoot/" "Mozilla/5.0 (Macintosh; Intel Mac OS X 10_15_7) AppleWebKit/537.36 (KHTML, like Gecko) Chrome/131.0.0.0 Safari/537.36; ClaudeBot/1.0; +claudebot@anthropic.com)"
3.143.237.135 - - [28/Apr/2026:04:24:00 +0000] "GET /robots.txt HTTP/1.1" 200 155 "-" "Mozilla/5.0 (Macintosh; Intel Mac OS X 10_15_7) AppleWebKit/537.36 (KHTML, like Gecko) Chrome/131.0.0.0 Safari/537.36; ClaudeBot/1.0; +claudebot@anthropic.com)"
3.143.237.135 - - [28/Apr/2026:04:24:00 +0000] "GET /robots.txt HTTP/1.1" 200 155 "-" "Mozilla/5.0 (Macintosh; Intel Mac OS X 10_15_7) AppleWebKit/537.36 (KHTML, like Gecko) Chrome/131.0.0.0 Safari/537.36; ClaudeBot/1.0; +claudebot@anthropic.com)"
3.143.237.135 - - [28/Apr/2026:04:24:01 +0000] "GET /wp-content/plugins/simple-social-icons/css/style.css?ver=4.0.0 HTTP/1.1" 200 461 "https://instadigitalphotography.com/tag/photo-shoot/" "Mozilla/5.0 (Macintosh; Intel Mac OS X 10_15_7) AppleWebKit/537.36 (KHTML, like Gecko) Chrome/131.0.0.0 Safari/537.36; ClaudeBot/1.0; +claudebot@anthropic.com)"
3.143.237.135 - - [28/Apr/2026:04:24:01 +0000] "GET /wp-content/themes/essence-pro/lib/gutenberg/front-end.css?ver=1.1.0 HTTP/1.1" 200 1712 "https://instadigitalphotography.com/tag/photo-shoot/" "Mozilla/5.0 (Macintosh; Intel Mac OS X 10_15_7) AppleWebKit/537.36 (KHTML, like Gecko) Chrome/131.0.0.0 Safari/537.36; ClaudeBot/1.0; +claudebot@anthropic.com)"
3.143.237.135 - - [28/Apr/2026:04:24:02 +0000] "GET /wp-content/plugins/contact-form-7/includes/swv/js/index.js?ver=6.1.5 HTTP/1.1" 200 3503 "https://instadigitalphotography.com/tag/photo-shoot/" "Mozilla/5.0 (Macintosh; Intel Mac OS X 10_15_7) AppleWebKit/537.36 (KHTML, like Gecko) Chrome/131.0.0.0 Safari/537.36; ClaudeBot/1.0; +claudebot@anthropic.com)"
3.143.237.135 - - [28/Apr/2026:04:24:02 +0000] "GET /wp-content/plugins/contact-form-7/includes/js/index.js?ver=6.1.5 HTTP/1.1" 200 4265 "https://instadigitalphotography.com/tag/photo-shoot/" "Mozilla/5.0 (Macintosh; Intel Mac OS X 10_15_7) AppleWebKit/537.36 (KHTML, like Gecko) Chrome/131.0.0.0 Safari/537.36; ClaudeBot/1.0; +claudebot@anthropic.com)"
3.143.237.135 - - [28/Apr/2026:04:24:02 +0000] "GET /wp-content/plugins/wp-meta-and-date-remover/assets/js/inspector.js?ver=1.1 HTTP/1.1" 200 1455 "https://instadigitalphotography.com/tag/photo-shoot/" "Mozilla/5.0 (Macintosh; Intel Mac OS X 10_15_7) AppleWebKit/537.36 (KHTML, like Gecko) Chrome/131.0.0.0 Safari/537.36; ClaudeBot/1.0; +claudebot@anthropic.com)"
3.143.237.135 - - [28/Apr/2026:04:24:02 +0000] "GET /wp-content/themes/genesis/lib/js/menu/superfish.min.js?ver=1.7.10 HTTP/1.1" 200 1894 "https://instadigitalphotography.com/tag/photo-shoot/" "Mozilla/5.0 (Macintosh; Intel Mac OS X 10_15_7) AppleWebKit/537.36 (KHTML, like Gecko) Chrome/131.0.0.0 Safari/537.36; ClaudeBot/1.0; +claudebot@anthropic.com)"
3.143.237.135 - - [28/Apr/2026:04:24:02 +0000] "GET /wp-content/themes/genesis/lib/js/menu/superfish.args.min.js?ver=3.6.2 HTTP/1.1" 200 124 "https://instadigitalphotography.com/tag/photo-shoot/" "Mozilla/5.0 (Macintosh; Intel Mac OS X 10_15_7) AppleWebKit/537.36 (KHTML, like Gecko) Chrome/131.0.0.0 Safari/537.36; ClaudeBot/1.0; +claudebot@anthropic.com)"
3.143.237.135 - - [28/Apr/2026:04:24:02 +0000] "GET /wp-content/themes/essence-pro/js/jquery.matchHeight.min.js?ver=1.1.0 HTTP/1.1" 200 1553 "https://instadigitalphotography.com/tag/photo-shoot/" "Mozilla/5.0 (Macintosh; Intel Mac OS X 10_15_7) AppleWebKit/537.36 (KHTML, like Gecko) Chrome/131.0.0.0 Safari/537.36; ClaudeBot/1.0; +claudebot@anthropic.com)"
3.143.237.135 - - [28/Apr/2026:04:24:02 +0000] "GET /wp-content/themes/essence-pro/js/global.js?ver=1.1.0 HTTP/1.1" 200 534 "https://instadigitalphotography.com/tag/photo-shoot/" "Mozilla/5.0 (Macintosh; Intel Mac OS X 10_15_7) AppleWebKit/537.36 (KHTML, like Gecko) Chrome/131.0.0.0 Safari/537.36; ClaudeBot/1.0; +claudebot@anthropic.com)"
3.143.237.135 - - [28/Apr/2026:04:24:02 +0000] "GET /wp-content/themes/genesis/lib/js/skip-links.min.js?ver=3.6.2 HTTP/1.1" 200 238 "https://instadigitalphotography.com/tag/photo-shoot/" "Mozilla/5.0 (Macintosh; Intel Mac OS X 10_15_7) AppleWebKit/537.36 (KHTML, like Gecko) Chrome/131.0.0.0 Safari/537.36; ClaudeBot/1.0; +claudebot@anthropic.com)"
3.143.237.135 - - [28/Apr/2026:04:24:02 +0000] "GET /wp-content/themes/essence-pro/js/responsive-menus.min.js?ver=1.1.0 HTTP/1.1" 200 1420 "https://instadigitalphotography.com/tag/photo-shoot/" "Mozilla/5.0 (Macintosh; Intel Mac OS X 10_15_7) AppleWebKit/537.36 (KHTML, like Gecko) Chrome/131.0.0.0 Safari/537.36; ClaudeBot/1.0; +claudebot@anthropic.com)"
3.143.237.135 - - [28/Apr/2026:04:24:02 +0000] "GET /wp-content/uploads/2020/02/cropped-Photography-Equipment-e1581712271328.jpg HTTP/1.1" 200 104186 "https://instadigitalphotography.com/tag/photo-shoot/" "Mozilla/5.0 (Macintosh; Intel Mac OS X 10_15_7) AppleWebKit/537.36 (KHTML, like Gecko) Chrome/131.0.0.0 Safari/537.36; ClaudeBot/1.0; +claudebot@anthropic.com)"
3.143.237.135 - - [28/Apr/2026:04:24:02 +0000] "GET /wp-content/plugins/simple-social-icons/symbol-defs.svg HTTP/1.1" 200 17203 "https://instadigitalphotography.com/tag/photo-shoot/" "Mozilla/5.0 (Macintosh; Intel Mac OS X 10_15_7) AppleWebKit/537.36 (KHTML, like Gecko) Chrome/131.0.0.0 Safari/537.36; ClaudeBot/1.0; +claudebot@anthropic.com)"
192.0.101.35 - - [28/Apr/2026:04:24:03 +0000] "GET /wp-content/uploads/2020/03/tricks_and_tips_on_how_to_take_better_photos.jpg HTTP/1.1" 200 69195 "-" "Photon/1.0"
3.143.237.135 - - [28/Apr/2026:04:24:04 +0000] "GET /wp-includes/js/wp-emoji-release.min.js?ver=5e893e19f987c7578ca89177a9db4cd0 HTTP/1.1" 200 5375 "https://instadigitalphotography.com/tag/photo-shoot/" "Mozilla/5.0 (Macintosh; Intel Mac OS X 10_15_7) AppleWebKit/537.36 (KHTML, like Gecko) Chrome/131.0.0.0 Safari/537.36; ClaudeBot/1.0; +claudebot@anthropic.com)"
192.0.113.241 - - [28/Apr/2026:04:25:21 +0000] "GET /wp-content/uploads/2020/02/rule-of-thirds.jpg HTTP/1.1" 200 141327 "-" "Photon/1.0"
184.94.212.206 - - [28/Apr/2026:04:26:15 +0000] "POST /wp-cron.php?doing_wp_cron=1777350375.3240540027618408203125 HTTP/1.1" 200 - "-" "WordPress/6.9.4; https://instadigitalphotography.com"
216.73.161.72 - - [28/Apr/2026:04:26:13 +0000] "POST /wp-login.php HTTP/1.1" 401 3475 "-" "Mozilla/5.0"
184.94.212.206 - - [28/Apr/2026:04:27:41 +0000] "POST /wp-cron.php?doing_wp_cron=1777350461.5652570724487304687500 HTTP/1.1" 200 - "-" "WordPress/6.9.4; https://instadigitalphotography.com"
216.73.216.205 - - [28/Apr/2026:04:27:40 +0000] "GET /sitemap.xml HTTP/1.1" 200 311 "-" "Mozilla/5.0 AppleWebKit/537.36 (KHTML, like Gecko; compatible; ClaudeBot/1.0; +claudebot@anthropic.com)"
184.94.212.206 - - [28/Apr/2026:04:28:21 +0000] "POST /wp-cron.php?doing_wp_cron=1777350501.2104899883270263671875 HTTP/1.1" 200 - "-" "WordPress/6.9.4; https://instadigitalphotography.com"
192.0.102.146 - - [28/Apr/2026:04:28:20 +0000] "HEAD / HTTP/1.1" 200 - "-" "jetmon/1.0 (Jetpack Site Uptime Monitor by WordPress.com)"
182.42.111.156 - - [28/Apr/2026:04:29:05 +0000] "GET / HTTP/1.1" 301 - "http://www.instadigitalphotography.com" "Mozilla/5.0 (iPhone; CPU iPhone OS 13_2_3 like Mac OS X) AppleWebKit/605.1.15 (KHTML, like Gecko) Version/13.0.3 Mobile/15E148 Safari/604.1"
182.42.111.156 - - [28/Apr/2026:04:29:12 +0000] "GET / HTTP/1.1" 200 12473 "https://www.instadigitalphotography.com/" "Mozilla/5.0 (iPhone; CPU iPhone OS 13_2_3 like Mac OS X) AppleWebKit/605.1.15 (KHTML, like Gecko) Version/13.0.3 Mobile/15E148 Safari/604.1"
184.94.212.206 - - [28/Apr/2026:04:33:15 +0000] "POST /wp-cron.php?doing_wp_cron=1777350795.7594709396362304687500 HTTP/1.1" 200 - "-" "WordPress/6.9.4; https://instadigitalphotography.com"
192.0.102.146 - - [28/Apr/2026:04:33:14 +0000] "HEAD / HTTP/1.1" 200 - "-" "jetmon/1.0 (Jetpack Site Uptime Monitor by WordPress.com)"
184.94.212.206 - - [28/Apr/2026:04:38:16 +0000] "POST /wp-cron.php?doing_wp_cron=1777351096.6930971145629882812500 HTTP/1.1" 200 - "-" "WordPress/6.9.4; https://instadigitalphotography.com"
192.0.102.146 - - [28/Apr/2026:04:38:15 +0000] "HEAD / HTTP/1.1" 200 - "-" "jetmon/1.0 (Jetpack Site Uptime Monitor by WordPress.com)"
184.94.212.206 - - [28/Apr/2026:04:42:27 +0000] "POST /wp-cron.php?doing_wp_cron=1777351347.9305250644683837890625 HTTP/1.1" 200 - "-" "WordPress/6.9.4; https://instadigitalphotography.com"
173.239.211.171 - - [28/Apr/2026:04:42:25 +0000] "POST /wp-login.php HTTP/1.1" 401 3474 "-" "Mozilla/5.0"
184.94.212.206 - - [28/Apr/2026:04:43:18 +0000] "POST /wp-cron.php?doing_wp_cron=1777351398.3731050491333007812500 HTTP/1.1" 200 - "-" "WordPress/6.9.4; https://instadigitalphotography.com"
192.0.102.146 - - [28/Apr/2026:04:43:16 +0000] "HEAD / HTTP/1.1" 200 - "-" "jetmon/1.0 (Jetpack Site Uptime Monitor by WordPress.com)"
211.21.61.244 - - [28/Apr/2026:04:43:33 +0000] "POST /wp-login.php HTTP/1.1" 401 1457 "-" "Mozilla/5.0 (Windows NT 10.0; Win64; x64; rv:140.0) Gecko/20100101 Firefox/140.0"
47.130.205.94 - - [28/Apr/2026:04:43:33 +0000] "POST /wp-login.php HTTP/1.1" 401 1457 "-" "Mozilla/5.0 (Windows NT 10.0; WOW64) AppleWebKit/537.36 (KHTML, like Gecko) Chrome/140.0.0.0 Safari/537.36"
184.94.212.206 - - [28/Apr/2026:04:46:50 +0000] "POST /wp-cron.php?doing_wp_cron=1777351610.5546178817749023437500 HTTP/1.1" 200 - "-" "WordPress/6.9.4; https://instadigitalphotography.com"
184.94.212.206 - - [28/Apr/2026:04:48:14 +0000] "POST /wp-cron.php?doing_wp_cron=1777351694.2011780738830566406250 HTTP/1.1" 200 - "-" "WordPress/6.9.4; https://instadigitalphotography.com"
192.0.102.146 - - [28/Apr/2026:04:48:12 +0000] "HEAD / HTTP/1.1" 200 - "-" "jetmon/1.0 (Jetpack Site Uptime Monitor by WordPress.com)"
184.94.212.206 - - [28/Apr/2026:04:50:32 +0000] "POST /wp-cron.php?doing_wp_cron=1777351832.8090090751647949218750 HTTP/1.1" 200 - "-" "WordPress/6.9.4; https://instadigitalphotography.com"
184.94.212.206 - - [28/Apr/2026:04:53:16 +0000] "POST /wp-cron.php?doing_wp_cron=1777351996.2287540435791015625000 HTTP/1.1" 200 - "-" "WordPress/6.9.4; https://instadigitalphotography.com"
192.0.102.146 - - [28/Apr/2026:04:53:14 +0000] "HEAD / HTTP/1.1" 200 - "-" "jetmon/1.0 (Jetpack Site Uptime Monitor by WordPress.com)"
184.94.212.206 - - [28/Apr/2026:04:57:34 +0000] "POST /wp-cron.php?doing_wp_cron=1777352254.7885980606079101562500 HTTP/1.1" 200 - "-" "WordPress/6.9.4; https://instadigitalphotography.com"
14.186.131.38 - - [28/Apr/2026:04:57:33 +0000] "GET /tips-from-the-pros-on-how-to-take-better-pictures/?share=facebook HTTP/1.1" 302 - "-" "Mozilla/5.0 (Macintosh; Intel Mac OS X 10_15_7) AppleWebKit/537.36 (KHTML, like Gecko) Chrome/102.0.0.0 Safari/537.36"
184.94.212.206 - - [28/Apr/2026:04:58:25 +0000] "POST /wp-cron.php?doing_wp_cron=1777352305.8052139282226562500000 HTTP/1.1" 200 - "-" "WordPress/6.9.4; https://instadigitalphotography.com"
192.0.102.146 - - [28/Apr/2026:04:58:24 +0000] "HEAD / HTTP/1.1" 200 - "-" "jetmon/1.0 (Jetpack Site Uptime Monitor by WordPress.com)"
184.94.212.206 - - [28/Apr/2026:04:58:58 +0000] "POST /wp-cron.php?doing_wp_cron=1777352338.1650199890136718750000 HTTP/1.1" 200 - "-" "WordPress/6.9.4; https://instadigitalphotography.com"
173.239.211.161 - - [28/Apr/2026:04:58:56 +0000] "POST /wp-login.php HTTP/1.1" 401 3474 "-" "Mozilla/5.0"
184.94.212.206 - - [28/Apr/2026:05:03:16 +0000] "POST /wp-cron.php?doing_wp_cron=1777352596.1914920806884765625000 HTTP/1.1" 200 - "-" "WordPress/6.9.4; https://instadigitalphotography.com"
192.0.102.146 - - [28/Apr/2026:05:03:14 +0000] "HEAD / HTTP/1.1" 200 - "-" "jetmon/1.0 (Jetpack Site Uptime Monitor by WordPress.com)"
184.94.212.206 - - [28/Apr/2026:05:08:17 +0000] "POST /wp-cron.php?doing_wp_cron=1777352897.7261319160461425781250 HTTP/1.1" 200 - "-" "WordPress/6.9.4; https://instadigitalphotography.com"
