File: //home/primrwxj/logs/ideainitself.com.primemusicproductions.com-ssl_log.bkup
184.94.212.206 - - [27/Apr/2026:12:06:23 +0000] "POST /wp-cron.php?doing_wp_cron=1777291583.6516990661621093750000 HTTP/1.1" 200 - "-" "WordPress/6.9.4; https://ideainitself.com"
150.241.237.44 - - [27/Apr/2026:12:06:21 +0000] "GET /why-does-the-pomodoro-technique-work-so-well/busy16 HTTP/1.1" 301 - "https://ideainitself.com/" "Mozilla/5.0 (Windows NT 10.0; Win64; x64) AppleWebKit/537.36 (KHTML, like Gecko) Chrome/133.0.0.0 Safari/537.36"
150.241.237.19 - - [27/Apr/2026:12:06:25 +0000] "GET /wp-content/uploads/2021/10/busy16.jpg HTTP/1.1" 200 135678 "https://ideainitself.com/" "Mozilla/5.0 (Windows NT 10.0; Win64; x64) AppleWebKit/537.36 (KHTML, like Gecko) Chrome/133.0.0.0 Safari/537.36"
192.0.103.42 - - [27/Apr/2026:12:07:49 +0000] "HEAD / HTTP/1.1" 200 - "-" "jetmon/1.0 (Jetpack Site Uptime Monitor by WordPress.com)"
184.94.212.206 - - [27/Apr/2026:12:10:28 +0000] "POST /wp-cron.php?doing_wp_cron=1777291828.9398210048675537109375 HTTP/1.1" 200 - "-" "WordPress/6.9.4; https://ideainitself.com"
188.166.181.176 - - [27/Apr/2026:12:10:27 +0000] "GET /a-simple-primer-to-the-pomodoro-technique/busy1 HTTP/1.1" 301 - "https://ideainitself.com/" "Mozilla/5.0 (Windows NT 10.0; Win64; x64) AppleWebKit/537.36 (KHTML, like Gecko) Chrome/112.0.0.0 Safari/537.36"
188.166.181.176 - - [27/Apr/2026:12:10:29 +0000] "GET /wp-content/uploads/2021/10/busy1.jpg HTTP/1.1" 200 48822 "https://ideainitself.com/" "Mozilla/5.0 (Windows NT 10.0; Win64; x64) AppleWebKit/537.36 (KHTML, like Gecko) Chrome/112.0.0.0 Safari/537.36"
45.43.65.221 - - [27/Apr/2026:12:10:34 +0000] "GET /robots.txt HTTP/1.1" 200 115 "-" "Exabot"
45.43.65.221 - - [27/Apr/2026:12:10:36 +0000] "GET /robots.txt HTTP/1.1" 200 115 "-" "Exabot"
82.23.203.119 - - [27/Apr/2026:12:11:08 +0000] "GET /author/n1ch3p4cks/ HTTP/1.1" 200 53296 "-" "Mozilla/5.0 (Windows NT 10.0; Win64; x64) AppleWebKit/537.36 (KHTML, like Gecko) Chrome/139.0.0.0 Safari/537.36"
91.92.242.223 - - [27/Apr/2026:12:11:44 +0000] "POST /wp-login.php?action=register HTTP/1.1" 500 188 "-" "-"
192.0.103.42 - - [27/Apr/2026:12:12:50 +0000] "HEAD / HTTP/1.1" 200 - "-" "jetmon/1.0 (Jetpack Site Uptime Monitor by WordPress.com)"
138.197.33.12 - - [27/Apr/2026:12:14:55 +0000] "GET / HTTP/1.1" 301 - "-" "Mozilla/5.0 (X11; Linux x86_64) AppleWebKit/537.36 (KHTML, like Gecko) Chrome/142.0.0.0 Safari/537.36"
138.197.33.12 - - [27/Apr/2026:12:14:58 +0000] "GET /favicon.ico HTTP/1.1" 302 - "https://www.ideainitself.com.primemusicproductions.com/" "Mozilla/5.0 (X11; Linux x86_64) AppleWebKit/537.36 (KHTML, like Gecko) Chrome/142.0.0.0 Safari/537.36"
192.0.103.42 - - [27/Apr/2026:12:17:49 +0000] "HEAD / HTTP/1.1" 200 - "-" "jetmon/1.0 (Jetpack Site Uptime Monitor by WordPress.com)"
114.119.148.165 - - [27/Apr/2026:12:18:38 +0000] "GET /special-offer/?share=facebook HTTP/1.1" 302 - "https://ideainitself.com/special-offer/?share=mastodon" "Mozilla/5.0 (Linux; Android 7.0;) AppleWebKit/537.36 (HTML, like Gecko) Mobile Safari/537.36 (compatible; PetalBot;+https://webmaster.petalsearch.com/site/petalbot)"
144.225.147.32 - - [27/Apr/2026:12:19:28 +0000] "GET / HTTP/1.1" 200 52156 "-" "Mozilla/5.0 (Windows NT 10.0; Win64; x64) AppleWebKit/537.36 (KHTML, like Gecko) Chrome/120.0.0.0 Safari/537.36"
144.225.147.32 - - [27/Apr/2026:12:19:31 +0000] "GET / HTTP/1.1" 200 52156 "-" "Mozilla/5.0 (Windows NT 10.0; Win64; x64) AppleWebKit/537.36 (KHTML, like Gecko) Chrome/120.0.0.0 Safari/537.36"
144.225.147.32 - - [27/Apr/2026:12:19:33 +0000] "GET /wp-content/plugins/contact-form-7/modules/stripe/style.css?ver=6.1.5 HTTP/1.1" 200 192 "-" "Mozilla/5.0 (Windows NT 10.0; Win64; x64) AppleWebKit/537.36 (KHTML, like Gecko) Chrome/120.0.0.0 Safari/537.36"
91.92.242.223 - - [27/Apr/2026:12:22:18 +0000] "POST /wp-login.php?action=register HTTP/1.1" 500 188 "-" "-"
192.0.103.42 - - [27/Apr/2026:12:22:52 +0000] "HEAD / HTTP/1.1" 200 - "-" "jetmon/1.0 (Jetpack Site Uptime Monitor by WordPress.com)"
192.0.103.42 - - [27/Apr/2026:12:27:52 +0000] "HEAD / HTTP/1.1" 200 - "-" "jetmon/1.0 (Jetpack Site Uptime Monitor by WordPress.com)"
192.0.103.42 - - [27/Apr/2026:12:32:52 +0000] "HEAD / HTTP/1.1" 200 - "-" "jetmon/1.0 (Jetpack Site Uptime Monitor by WordPress.com)"
170.106.160.90 - - [27/Apr/2026:12:33:25 +0000] "GET / HTTP/1.1" 200 52058 "http://ideainitself.com" "Mozilla/5.0 (iPhone; CPU iPhone OS 13_2_3 like Mac OS X) AppleWebKit/605.1.15 (KHTML, like Gecko) Version/13.0.3 Mobile/15E148 Safari/604.1"
184.94.212.206 - - [27/Apr/2026:12:35:11 +0000] "POST /wp-cron.php?doing_wp_cron=1777293311.5265638828277587890625 HTTP/1.1" 200 - "-" "WordPress/6.9.4; https://ideainitself.com"
114.119.133.204 - - [27/Apr/2026:12:35:09 +0000] "GET /privacy-policy?share=reddit HTTP/1.1" 302 - "https://ideainitself.com/privacy-policy?share=mastodon" "Mozilla/5.0 (Linux; Android 7.0;) AppleWebKit/537.36 (HTML, like Gecko) Mobile Safari/537.36 (compatible; PetalBot;+https://webmaster.petalsearch.com/site/petalbot)"
137.184.103.60 - - [27/Apr/2026:12:36:29 +0000] "GET /about/busy12 HTTP/1.1" 301 - "https://ideainitself.com/" "Mozilla/5.0 (Windows NT 10.0; Win64; x64) AppleWebKit/537.36 (KHTML, like Gecko) Chrome/116.0.0.0 Safari/537.36"
137.184.103.60 - - [27/Apr/2026:12:36:32 +0000] "GET /wp-content/uploads/2021/10/busy12.jpg HTTP/1.1" 200 44519 "https://ideainitself.com/" "Mozilla/5.0 (Windows NT 10.0; Win64; x64) AppleWebKit/537.36 (KHTML, like Gecko) Chrome/116.0.0.0 Safari/537.36"
192.0.103.42 - - [27/Apr/2026:12:37:50 +0000] "HEAD / HTTP/1.1" 200 - "-" "jetmon/1.0 (Jetpack Site Uptime Monitor by WordPress.com)"
91.92.242.223 - - [27/Apr/2026:12:39:10 +0000] "POST /wp-login.php?action=register HTTP/1.1" 500 188 "-" "-"
192.0.103.42 - - [27/Apr/2026:12:42:51 +0000] "HEAD / HTTP/1.1" 200 - "-" "jetmon/1.0 (Jetpack Site Uptime Monitor by WordPress.com)"
184.94.212.206 - - [27/Apr/2026:12:47:46 +0000] "POST /wp-cron.php?doing_wp_cron=1777294066.7104110717773437500000 HTTP/1.1" 200 - "-" "WordPress/6.9.4; https://ideainitself.com"
52.0.63.151 - - [27/Apr/2026:12:47:44 +0000] "GET /three-benefits-of-working-in-short-bursts/ HTTP/1.1" 200 57423 "-" "Mozilla/5.0 AppleWebKit/537.36 (KHTML, like Gecko; compatible; Amazonbot/0.1; +https://developer.amazon.com/support/amazonbot) Chrome/119.0.6045.214 Safari/537.36"
184.94.212.206 - - [27/Apr/2026:12:47:51 +0000] "POST /wp-cron.php?doing_wp_cron=1777294071.0414519309997558593750 HTTP/1.1" 200 - "-" "WordPress/6.9.4; https://ideainitself.com"
192.0.103.42 - - [27/Apr/2026:12:47:49 +0000] "HEAD / HTTP/1.1" 200 - "-" "jetmon/1.0 (Jetpack Site Uptime Monitor by WordPress.com)"
91.215.85.104 - - [27/Apr/2026:12:48:09 +0000] "GET / HTTP/1.1" 200 52156 "-" "Mozilla/5.0 (Knoppix; Linux i686) AppleWebKit/537.36 (KHTML, like Gecko) Chrome/132.0.0.0 Safari/537.36"
184.94.212.206 - - [27/Apr/2026:12:52:05 +0000] "POST /wp-cron.php?doing_wp_cron=1777294325.1036450862884521484375 HTTP/1.1" 200 - "-" "WordPress/6.9.4; https://ideainitself.com"
114.119.157.118 - - [27/Apr/2026:12:52:03 +0000] "GET /privacy-policy?share=pocket HTTP/1.1" 301 - "https://ideainitself.com/privacy-policy?share=mastodon" "Mozilla/5.0 (Linux; Android 7.0;) AppleWebKit/537.36 (HTML, like Gecko) Mobile Safari/537.36 (compatible; PetalBot;+https://webmaster.petalsearch.com/site/petalbot)"
114.119.157.118 - - [27/Apr/2026:12:52:05 +0000] "GET /privacy-policy/?share=pocket HTTP/1.1" 200 49098 "https://ideainitself.com/privacy-policy?share=mastodon" "Mozilla/5.0 (Linux; Android 7.0;) AppleWebKit/537.36 (HTML, like Gecko) Mobile Safari/537.36 (compatible; PetalBot;+https://webmaster.petalsearch.com/site/petalbot)"
192.0.103.42 - - [27/Apr/2026:12:52:51 +0000] "HEAD / HTTP/1.1" 200 - "-" "jetmon/1.0 (Jetpack Site Uptime Monitor by WordPress.com)"
70.65.90.79 - - [27/Apr/2026:12:54:06 +0000] "GET /how-working-too-long-can-harm-our-productivity/ HTTP/1.1" 200 57448 "-" "Mozilla/5.0 (Android 5.0.2; Mobile; rv:42.0) Gecko/42.0 Firefox/42.0"
66.249.66.64 - - [27/Apr/2026:12:54:12 +0000] "GET /ads.txt HTTP/1.1" 304 - "-" "Google-adstxt"
91.92.242.223 - - [27/Apr/2026:12:55:40 +0000] "POST /wp-login.php?action=register HTTP/1.1" 500 188 "-" "-"
184.94.212.206 - - [27/Apr/2026:12:57:52 +0000] "POST /wp-cron.php?doing_wp_cron=1777294672.5517139434814453125000 HTTP/1.1" 200 - "-" "WordPress/6.9.4; https://ideainitself.com"
192.0.103.42 - - [27/Apr/2026:12:57:50 +0000] "HEAD / HTTP/1.1" 200 - "-" "jetmon/1.0 (Jetpack Site Uptime Monitor by WordPress.com)"
49.204.104.163 - - [27/Apr/2026:12:57:52 +0000] "GET /how-working-in-short-bursts-benefits-the-easily-distracted/ HTTP/1.1" 200 57247 "-" "Mozilla/5.0 (compatible; MSIE 6.0; Windows 98; Win 9x 4.90; Trident/3.1)"
184.94.212.206 - - [27/Apr/2026:13:00:34 +0000] "POST /wp-cron.php?doing_wp_cron=1777294834.9205470085144042968750 HTTP/1.1" 200 - "-" "WordPress/6.9.4; https://ideainitself.com"
129.150.44.188 - - [27/Apr/2026:13:00:32 +0000] "GET /file-manager/initialize HTTP/1.1" 404 45064 "-" "Mozilla/5.0 (Windows NT 10.0; Win64; x64) AppleWebKit/537.36"
216.73.217.60 - - [27/Apr/2026:13:02:24 +0000] "GET /robots.txt HTTP/1.1" 200 115 "-" "Mozilla/5.0 AppleWebKit/537.36 (KHTML, like Gecko; compatible; ClaudeBot/1.0; +claudebot@anthropic.com)"
216.73.217.60 - - [27/Apr/2026:13:02:24 +0000] "GET /why-does-the-pomodoro-technique-work-so-well/ HTTP/1.1" 200 57516 "-" "Mozilla/5.0 AppleWebKit/537.36 (KHTML, like Gecko; compatible; ClaudeBot/1.0; +claudebot@anthropic.com)"
216.73.217.60 - - [27/Apr/2026:13:02:27 +0000] "GET /privacy-policy/ HTTP/1.1" 200 49188 "-" "Mozilla/5.0 AppleWebKit/537.36 (KHTML, like Gecko; compatible; ClaudeBot/1.0; +claudebot@anthropic.com)"
192.0.103.42 - - [27/Apr/2026:13:02:51 +0000] "HEAD / HTTP/1.1" 200 - "-" "jetmon/1.0 (Jetpack Site Uptime Monitor by WordPress.com)"
184.94.212.206 - - [27/Apr/2026:13:07:52 +0000] "POST /wp-cron.php?doing_wp_cron=1777295272.9107239246368408203125 HTTP/1.1" 200 - "-" "WordPress/6.9.4; https://ideainitself.com"
192.0.103.42 - - [27/Apr/2026:13:07:51 +0000] "HEAD / HTTP/1.1" 200 - "-" "jetmon/1.0 (Jetpack Site Uptime Monitor by WordPress.com)"
114.119.157.118 - - [27/Apr/2026:13:08:43 +0000] "GET /privacy-policy/?share=x HTTP/1.1" 302 - "https://ideainitself.com/privacy-policy/?share=pocket" "Mozilla/5.0 (Linux; Android 7.0;) AppleWebKit/537.36 (HTML, like Gecko) Mobile Safari/537.36 (compatible; PetalBot;+https://webmaster.petalsearch.com/site/petalbot)"
184.94.212.206 - - [27/Apr/2026:13:12:52 +0000] "POST /wp-cron.php?doing_wp_cron=1777295572.5677530765533447265625 HTTP/1.1" 200 - "-" "WordPress/6.9.4; https://ideainitself.com"
192.0.103.42 - - [27/Apr/2026:13:12:50 +0000] "HEAD / HTTP/1.1" 200 - "-" "jetmon/1.0 (Jetpack Site Uptime Monitor by WordPress.com)"
91.92.242.223 - - [27/Apr/2026:13:14:22 +0000] "POST /wp-login.php?action=register HTTP/1.1" 500 188 "-" "-"
122.51.236.174 - - [27/Apr/2026:13:14:33 +0000] "GET / HTTP/1.1" 200 52058 "http://ideainitself.com" "Mozilla/5.0 (iPhone; CPU iPhone OS 13_2_3 like Mac OS X) AppleWebKit/605.1.15 (KHTML, like Gecko) Version/13.0.3 Mobile/15E148 Safari/604.1"
192.0.103.42 - - [27/Apr/2026:13:17:50 +0000] "HEAD / HTTP/1.1" 200 - "-" "jetmon/1.0 (Jetpack Site Uptime Monitor by WordPress.com)"
51.161.37.196 - - [27/Apr/2026:13:18:27 +0000] "GET /terms-of-service/?share=pocket HTTP/1.1" 200 49001 "-" "Mozilla/5.0 (compatible; AhrefsBot/7.0; +http://ahrefs.com/robot/)"
188.240.71.250 - - [27/Apr/2026:13:18:54 +0000] "GET /tag/pomodoro/ HTTP/1.1" 200 50311 "-" "Mozilla/5.0 (Macintosh; Intel Mac OS X 12.1; rv:125.0) Gecko/20100101 Firefox/125.0"
184.94.212.206 - - [27/Apr/2026:13:22:50 +0000] "POST /wp-cron.php?doing_wp_cron=1777296170.5821230411529541015625 HTTP/1.1" 200 - "-" "WordPress/6.9.4; https://ideainitself.com"
192.0.103.42 - - [27/Apr/2026:13:22:49 +0000] "HEAD / HTTP/1.1" 200 - "-" "jetmon/1.0 (Jetpack Site Uptime Monitor by WordPress.com)"
91.92.242.223 - - [27/Apr/2026:13:22:47 +0000] "POST /wp-login.php?action=register HTTP/1.1" 500 188 "-" "-"
184.94.212.206 - - [27/Apr/2026:13:25:41 +0000] "POST /wp-cron.php?doing_wp_cron=1777296341.0706589221954345703125 HTTP/1.1" 200 - "-" "WordPress/6.9.4; https://ideainitself.com"
114.119.146.114 - - [27/Apr/2026:13:25:39 +0000] "GET /privacy-policy/?share=tumblr HTTP/1.1" 302 - "https://ideainitself.com/privacy-policy/?share=pocket" "Mozilla/5.0 (Linux; Android 7.0;) AppleWebKit/537.36 (HTML, like Gecko) Mobile Safari/537.36 (compatible; PetalBot;+https://webmaster.petalsearch.com/site/petalbot)"
184.94.212.206 - - [27/Apr/2026:13:27:52 +0000] "POST /wp-cron.php?doing_wp_cron=1777296472.2906761169433593750000 HTTP/1.1" 200 - "-" "WordPress/6.9.4; https://ideainitself.com"
192.0.103.42 - - [27/Apr/2026:13:27:50 +0000] "HEAD / HTTP/1.1" 200 - "-" "jetmon/1.0 (Jetpack Site Uptime Monitor by WordPress.com)"
184.94.212.206 - - [27/Apr/2026:13:32:01 +0000] "POST /wp-cron.php?doing_wp_cron=1777296721.3105809688568115234375 HTTP/1.1" 200 - "-" "WordPress/6.9.4; https://ideainitself.com"
213.230.93.118 - - [27/Apr/2026:13:31:59 +0000] "GET /the-burst-program/ HTTP/1.1" 301 - "-" "Mozilla/5.0 (Macintosh; PPC Mac OS X 10_10_9 rv:3.0; nhn-MX) AppleWebKit/534.6.2 (KHTML, like Gecko) Version/4.0.5 Safari/534.6.2"
197.95.64.151 - - [27/Apr/2026:13:32:06 +0000] "GET / HTTP/1.1" 200 52156 "-" "Mozilla/5.0 (X11; Linux i686) AppleWebKit/536.0 (KHTML, like Gecko) Chrome/63.0.867.0 Safari/536.0"
192.0.103.42 - - [27/Apr/2026:13:32:50 +0000] "HEAD / HTTP/1.1" 200 - "-" "jetmon/1.0 (Jetpack Site Uptime Monitor by WordPress.com)"
184.94.212.206 - - [27/Apr/2026:13:37:50 +0000] "POST /wp-cron.php?doing_wp_cron=1777297070.4757249355316162109375 HTTP/1.1" 200 - "-" "WordPress/6.9.4; https://ideainitself.com"
192.0.103.42 - - [27/Apr/2026:13:37:48 +0000] "HEAD / HTTP/1.1" 200 - "-" "jetmon/1.0 (Jetpack Site Uptime Monitor by WordPress.com)"
184.94.212.206 - - [27/Apr/2026:13:41:40 +0000] "POST /wp-cron.php?doing_wp_cron=1777297300.0533490180969238281250 HTTP/1.1" 200 - "-" "WordPress/6.9.4; https://ideainitself.com"
15.235.27.196 - - [27/Apr/2026:13:41:38 +0000] "GET /affiliate-disclosure/?share=mastodon HTTP/1.1" 200 48912 "-" "Mozilla/5.0 (compatible; AhrefsBot/7.0; +http://ahrefs.com/robot/)"
184.94.212.206 - - [27/Apr/2026:13:42:27 +0000] "POST /wp-cron.php?doing_wp_cron=1777297347.5826098918914794921875 HTTP/1.1" 200 - "-" "WordPress/6.9.4; https://ideainitself.com"
114.119.154.124 - - [27/Apr/2026:13:42:25 +0000] "GET /how-working-too-long-can-harm-our-productivity?share=reddit HTTP/1.1" 302 - "-" "Mozilla/5.0 (Linux; Android 7.0;) AppleWebKit/537.36 (HTML, like Gecko) Mobile Safari/537.36 (compatible; PetalBot;+https://webmaster.petalsearch.com/site/petalbot)"
184.94.212.206 - - [27/Apr/2026:13:42:28 +0000] "POST /wp-admin/admin-ajax.php?action=wordfence_testAjax HTTP/1.1" 200 32 "-" "WordPress/6.9.4; https://ideainitself.com"
184.94.212.206 - - [27/Apr/2026:13:42:51 +0000] "POST /wp-cron.php?doing_wp_cron=1777297371.2638740539550781250000 HTTP/1.1" 200 - "-" "WordPress/6.9.4; https://ideainitself.com"
192.0.103.42 - - [27/Apr/2026:13:42:50 +0000] "HEAD / HTTP/1.1" 200 - "-" "jetmon/1.0 (Jetpack Site Uptime Monitor by WordPress.com)"
184.94.212.206 - - [27/Apr/2026:13:42:50 +0000] "GET /.user.ini HTTP/1.1" 404 45060 "-" "WordPress/6.9.4; https://ideainitself.com"
184.94.212.206 - - [27/Apr/2026:13:42:30 +0000] "GET /wp-admin/admin-ajax.php?action=wordfence_doScan&isFork=0&scanMode=standard&cronKey=77611f1f376c7f01b669648ad2883d89&signature=a4da04e19f94534f33c62483916accb33923ea604e33e01df4aa530616e44929 HTTP/1.1" 200 - "-" "WordPress/6.9.4; https://ideainitself.com"
184.94.212.206 - - [27/Apr/2026:13:43:36 +0000] "POST /wp-cron.php?doing_wp_cron=1777297416.6977589130401611328125 HTTP/1.1" 200 - "-" "WordPress/6.9.4; https://ideainitself.com"
184.94.212.206 - - [27/Apr/2026:13:43:03 +0000] "GET /wp-admin/admin-ajax.php?action=wordfence_doScan&isFork=1&scanMode=standard&cronKey=a3625b923b840b5fba39b0f9acb60cda&signature=fde98b9f8e64bbecb6835c6aaaa065316be47f07ff7188f1a041f7b3019c4c39 HTTP/1.1" 200 - "-" "WordPress/6.9.4; https://ideainitself.com"
184.94.212.206 - - [27/Apr/2026:13:44:08 +0000] "POST /wp-cron.php?doing_wp_cron=1777297448.5401670932769775390625 HTTP/1.1" 200 - "-" "WordPress/6.9.4; https://ideainitself.com"
184.94.212.206 - - [27/Apr/2026:13:43:35 +0000] "GET /wp-admin/admin-ajax.php?action=wordfence_doScan&isFork=1&scanMode=standard&cronKey=5e558add738d3f7535ec4bbff86cb846&signature=b0ea2f386fef1a5f08cb6be51b4e51f2a7f87810c2b2dd075ee74d3b6e76110f HTTP/1.1" 200 - "-" "WordPress/6.9.4; https://ideainitself.com"
184.94.212.206 - - [27/Apr/2026:13:44:07 +0000] "GET /wp-admin/admin-ajax.php?action=wordfence_doScan&isFork=1&scanMode=standard&cronKey=1ddcb9586b87fba72d792d3de39d14ee&signature=4d989a8d3a61e75793f708a027c7028b1517a0465cb4333e11033b56b62608b4 HTTP/1.1" 200 - "-" "WordPress/6.9.4; https://ideainitself.com"
184.94.212.206 - - [27/Apr/2026:13:45:12 +0000] "POST /wp-cron.php?doing_wp_cron=1777297512.3535320758819580078125 HTTP/1.1" 200 - "-" "WordPress/6.9.4; https://ideainitself.com"
184.94.212.206 - - [27/Apr/2026:13:44:39 +0000] "GET /wp-admin/admin-ajax.php?action=wordfence_doScan&isFork=1&scanMode=standard&cronKey=9cfa87ad076d89fcf010f1b7517d05c7&signature=cc2d8598815078465c0d4e03b004a1b9ed40ae8ec3099bfbb29911f53d660bb0 HTTP/1.1" 200 - "-" "WordPress/6.9.4; https://ideainitself.com"
91.92.242.223 - - [27/Apr/2026:13:45:16 +0000] "POST /wp-login.php?action=register HTTP/1.1" 500 188 "-" "-"
184.94.212.206 - - [27/Apr/2026:13:45:44 +0000] "POST /wp-cron.php?doing_wp_cron=1777297544.3956899642944335937500 HTTP/1.1" 200 - "-" "WordPress/6.9.4; https://ideainitself.com"
184.94.212.206 - - [27/Apr/2026:13:45:11 +0000] "GET /wp-admin/admin-ajax.php?action=wordfence_doScan&isFork=1&scanMode=standard&cronKey=7fc974cda9fa40c70f04ef20761eb445&signature=51bc1ad6debeb034695ab950c4ea476f60e27e65dd9dba0926e739fa8cbd797a HTTP/1.1" 200 - "-" "WordPress/6.9.4; https://ideainitself.com"
184.94.212.206 - - [27/Apr/2026:13:45:55 +0000] "POST /wp-cron.php?doing_wp_cron=1777297555.5129001140594482421875 HTTP/1.1" 200 - "-" "WordPress/6.9.4; https://ideainitself.com"
82.205.39.146 - - [27/Apr/2026:13:45:54 +0000] "GET /affiliate-disclosure/?share=reddit HTTP/1.1" 302 - "-" "Mozilla/5.0 (Windows NT 10.0; Win64; x64) AppleWebKit/537.36 (KHTML, like Gecko) Chrome/101.0.4951.67 Safari/537.36"
184.94.212.206 - - [27/Apr/2026:13:46:17 +0000] "POST /wp-cron.php?doing_wp_cron=1777297576.9975769519805908203125 HTTP/1.1" 200 - "-" "WordPress/6.9.4; https://ideainitself.com"
184.94.212.206 - - [27/Apr/2026:13:45:43 +0000] "GET /wp-admin/admin-ajax.php?action=wordfence_doScan&isFork=1&scanMode=standard&cronKey=72c01d435fd2008b285af840b3213c82&signature=80089395f53c6c236851850e84e36bc7856b95d0c5b5c02152c323b41f52b6cd HTTP/1.1" 200 - "-" "WordPress/6.9.4; https://ideainitself.com"
184.94.212.206 - - [27/Apr/2026:13:46:16 +0000] "GET /wp-admin/admin-ajax.php?action=wordfence_doScan&isFork=1&scanMode=standard&cronKey=7ca3a0136997b69863bee880af6a4347&signature=2e7f7999e5d5550d6686144ba60036b51aa7663437f5ef6ecec7bac8129d0eb1 HTTP/1.1" 200 - "-" "WordPress/6.9.4; https://ideainitself.com"
184.94.212.206 - - [27/Apr/2026:13:47:21 +0000] "POST /wp-cron.php?doing_wp_cron=1777297641.2787349224090576171875 HTTP/1.1" 200 - "-" "WordPress/6.9.4; https://ideainitself.com"
184.94.212.206 - - [27/Apr/2026:13:46:48 +0000] "GET /wp-admin/admin-ajax.php?action=wordfence_doScan&isFork=1&scanMode=standard&cronKey=d595923f5ed580686431572421b8259c&signature=5e531bc58d09a0eac443e2b1354c24aecf9e3279b28204c09d1bf0f7f15e7c63 HTTP/1.1" 200 - "-" "WordPress/6.9.4; https://ideainitself.com"
184.94.212.206 - - [27/Apr/2026:13:47:51 +0000] "POST /wp-cron.php?doing_wp_cron=1777297671.3507289886474609375000 HTTP/1.1" 200 - "-" "WordPress/6.9.4; https://ideainitself.com"
192.0.103.42 - - [27/Apr/2026:13:47:50 +0000] "HEAD / HTTP/1.1" 200 - "-" "jetmon/1.0 (Jetpack Site Uptime Monitor by WordPress.com)"
184.94.212.206 - - [27/Apr/2026:13:47:53 +0000] "POST /wp-cron.php?doing_wp_cron=1777297673.3311018943786621093750 HTTP/1.1" 200 - "-" "WordPress/6.9.4; https://ideainitself.com"
184.94.212.206 - - [27/Apr/2026:13:47:20 +0000] "GET /wp-admin/admin-ajax.php?action=wordfence_doScan&isFork=1&scanMode=standard&cronKey=fe1364770abbd0c4ba14510a6d266db2&signature=39fcf0b5dcfb2b451fa615d59ee0149258b9201d87ce4abbeb2c3501a5fb495b HTTP/1.1" 200 - "-" "WordPress/6.9.4; https://ideainitself.com"
184.94.212.206 - - [27/Apr/2026:13:47:52 +0000] "GET /wp-admin/admin-ajax.php?action=wordfence_doScan&isFork=1&scanMode=standard&cronKey=43d3a7856b1eac2dc8faeade1ebc2398&signature=c876f527ba5b48c47e0e71e3c0b3161fe8c2d8609a2d7bcddcbba3862cb220f9 HTTP/1.1" 200 - "-" "WordPress/6.9.4; https://ideainitself.com"
184.94.212.206 - - [27/Apr/2026:13:48:58 +0000] "POST /wp-cron.php?doing_wp_cron=1777297738.6629691123962402343750 HTTP/1.1" 200 - "-" "WordPress/6.9.4; https://ideainitself.com"
184.94.212.206 - - [27/Apr/2026:13:48:24 +0000] "GET /wp-admin/admin-ajax.php?action=wordfence_doScan&isFork=1&scanMode=standard&cronKey=14c72b4452f5f7570c1194b2ffeb9cc8&signature=e1aab8bc9db46e369c52feb74ccb3d624f75b7bc1cda34990f48c406be2dcf79 HTTP/1.1" 200 - "-" "WordPress/6.9.4; https://ideainitself.com"
184.94.212.206 - - [27/Apr/2026:13:49:31 +0000] "POST /wp-cron.php?doing_wp_cron=1777297771.6442029476165771484375 HTTP/1.1" 200 - "-" "WordPress/6.9.4; https://ideainitself.com"
184.94.212.206 - - [27/Apr/2026:13:48:57 +0000] "GET /wp-admin/admin-ajax.php?action=wordfence_doScan&isFork=1&scanMode=standard&cronKey=9e192c439d3526ef539bc683ca24e98b&signature=9f1034fac110c52a6a08d01277cc5938a048d76e37b04e2e4a6110f4598fa455 HTTP/1.1" 200 - "-" "WordPress/6.9.4; https://ideainitself.com"
184.94.212.206 - - [27/Apr/2026:13:50:03 +0000] "POST /wp-cron.php?doing_wp_cron=1777297803.6446139812469482421875 HTTP/1.1" 200 - "-" "WordPress/6.9.4; https://ideainitself.com"
184.94.212.206 - - [27/Apr/2026:13:49:30 +0000] "GET /wp-admin/admin-ajax.php?action=wordfence_doScan&isFork=1&scanMode=standard&cronKey=bbf9f772944e0c8b640a133e5b837a87&signature=38dd4f67f0ff44fd7fb419406135dac789701dec0cb62c92bffd6d362011c0d3 HTTP/1.1" 200 - "-" "WordPress/6.9.4; https://ideainitself.com"
184.94.212.206 - - [27/Apr/2026:13:50:02 +0000] "GET /wp-admin/admin-ajax.php?action=wordfence_doScan&isFork=1&scanMode=standard&cronKey=3a1793a51e1f7a10df831a21194b8faa&signature=049f3c9aa6aa088f483ac408246281adf1437635a09a8c8ec27c1209f5a81292 HTTP/1.1" 200 - "-" "WordPress/6.9.4; https://ideainitself.com"
184.94.212.206 - - [27/Apr/2026:13:51:09 +0000] "POST /wp-cron.php?doing_wp_cron=1777297869.5721020698547363281250 HTTP/1.1" 200 - "-" "WordPress/6.9.4; https://ideainitself.com"
184.94.212.206 - - [27/Apr/2026:13:50:35 +0000] "GET /wp-admin/admin-ajax.php?action=wordfence_doScan&isFork=1&scanMode=standard&cronKey=ff279e563b97394af63b37d1e794598b&signature=4f26691c92065967bceb1ac6c56313600f6a68969ead6708eb48ecc87df286b6 HTTP/1.1" 200 - "-" "WordPress/6.9.4; https://ideainitself.com"
184.94.212.206 - - [27/Apr/2026:13:51:41 +0000] "POST /wp-cron.php?doing_wp_cron=1777297901.6305739879608154296875 HTTP/1.1" 200 - "-" "WordPress/6.9.4; https://ideainitself.com"
184.94.212.206 - - [27/Apr/2026:13:51:08 +0000] "GET /wp-admin/admin-ajax.php?action=wordfence_doScan&isFork=1&scanMode=standard&cronKey=d7f3447ccdb0519cc8324d71f44fcdf9&signature=5de3ba34033e769f71f58f9d376f728cef22d538b55624146015a548edb6606b HTTP/1.1" 200 - "-" "WordPress/6.9.4; https://ideainitself.com"
184.94.212.206 - - [27/Apr/2026:13:52:14 +0000] "POST /wp-cron.php?doing_wp_cron=1777297933.9950699806213378906250 HTTP/1.1" 200 - "-" "WordPress/6.9.4; https://ideainitself.com"
184.94.212.206 - - [27/Apr/2026:13:51:40 +0000] "GET /wp-admin/admin-ajax.php?action=wordfence_doScan&isFork=1&scanMode=standard&cronKey=6d8382be81a2964f4ed78e354dceae42&signature=e042d1d4175eb666f0655f8fc7c87f19c59a6c6b64849d1dce6f88a88868d37b HTTP/1.1" 200 - "-" "WordPress/6.9.4; https://ideainitself.com"
184.94.212.206 - - [27/Apr/2026:13:52:46 +0000] "POST /wp-cron.php?doing_wp_cron=1777297966.9314150810241699218750 HTTP/1.1" 200 - "-" "WordPress/6.9.4; https://ideainitself.com"
184.94.212.206 - - [27/Apr/2026:13:52:12 +0000] "GET /wp-admin/admin-ajax.php?action=wordfence_doScan&isFork=1&scanMode=standard&cronKey=9a8d416631bea7811964feca31dc2b69&signature=825d73558b505aea7b32cb84b495fd4e4e7dfc3fb581d99d51fd556a3c03852b HTTP/1.1" 200 - "-" "WordPress/6.9.4; https://ideainitself.com"
192.0.103.42 - - [27/Apr/2026:13:52:47 +0000] "HEAD / HTTP/1.1" 200 - "-" "jetmon/1.0 (Jetpack Site Uptime Monitor by WordPress.com)"
184.94.212.206 - - [27/Apr/2026:13:53:19 +0000] "POST /wp-cron.php?doing_wp_cron=1777297999.6946549415588378906250 HTTP/1.1" 200 - "-" "WordPress/6.9.4; https://ideainitself.com"
184.94.212.206 - - [27/Apr/2026:13:52:45 +0000] "GET /wp-admin/admin-ajax.php?action=wordfence_doScan&isFork=1&scanMode=standard&cronKey=eb09e6ca1a2b9faad7f0ef619e11e7fc&signature=1a569f4517f841a5aa90fe08ec8c40a52fcae2bbbb877fa6a70e9e3cec5a12db HTTP/1.1" 200 - "-" "WordPress/6.9.4; https://ideainitself.com"
184.94.212.206 - - [27/Apr/2026:13:53:18 +0000] "GET /wp-admin/admin-ajax.php?action=wordfence_doScan&isFork=1&scanMode=standard&cronKey=cb35d11cc0a27ccdf0dc8d3eb63d1edb&signature=9053813fcaa68a6dc3f33013ac2f111bb3019834fedbf4260dc5e48c6e04b011 HTTP/1.1" 200 - "-" "WordPress/6.9.4; https://ideainitself.com"
184.94.212.206 - - [27/Apr/2026:13:54:24 +0000] "POST /wp-cron.php?doing_wp_cron=1777298064.2897179126739501953125 HTTP/1.1" 200 - "-" "WordPress/6.9.4; https://ideainitself.com"
184.94.212.206 - - [27/Apr/2026:13:53:51 +0000] "GET /wp-admin/admin-ajax.php?action=wordfence_doScan&isFork=1&scanMode=standard&cronKey=cd27f328f99a98831f1149c9ad31fd4a&signature=be77e72b66725c0d7ba32efdc7fb50abb64fe9eed924540a754d7c001938e639 HTTP/1.1" 200 - "-" "WordPress/6.9.4; https://ideainitself.com"
91.92.242.223 - - [27/Apr/2026:13:54:27 +0000] "POST /wp-login.php?action=register HTTP/1.1" 500 188 "-" "-"
184.94.212.206 - - [27/Apr/2026:13:54:56 +0000] "POST /wp-cron.php?doing_wp_cron=1777298096.3358941078186035156250 HTTP/1.1" 200 - "-" "WordPress/6.9.4; https://ideainitself.com"
184.94.212.206 - - [27/Apr/2026:13:54:23 +0000] "GET /wp-admin/admin-ajax.php?action=wordfence_doScan&isFork=1&scanMode=standard&cronKey=70894a89b416bb03cc6507f53c4b4384&signature=e5f41d3f5fd2fbe3ced1bb0bdd413fc7ed88473a5228a7828f898845327720e9 HTTP/1.1" 200 - "-" "WordPress/6.9.4; https://ideainitself.com"
184.94.212.206 - - [27/Apr/2026:13:55:28 +0000] "POST /wp-cron.php?doing_wp_cron=1777298128.4391450881958007812500 HTTP/1.1" 200 - "-" "WordPress/6.9.4; https://ideainitself.com"
184.94.212.206 - - [27/Apr/2026:13:54:55 +0000] "GET /wp-admin/admin-ajax.php?action=wordfence_doScan&isFork=1&scanMode=standard&cronKey=aacabfd1aa06c17f35d6ea77fc10991d&signature=8c01119dc3cc5bbc1fe44e456453b1d6b7dc2acf70bd4813646a7f1158f269eb HTTP/1.1" 200 - "-" "WordPress/6.9.4; https://ideainitself.com"
184.94.212.206 - - [27/Apr/2026:13:56:00 +0000] "POST /wp-cron.php?doing_wp_cron=1777298160.2887299060821533203125 HTTP/1.1" 200 - "-" "WordPress/6.9.4; https://ideainitself.com"
184.94.212.206 - - [27/Apr/2026:13:55:27 +0000] "GET /wp-admin/admin-ajax.php?action=wordfence_doScan&isFork=1&scanMode=standard&cronKey=1b0358af9c5d79e28b49f2dc91ced37e&signature=fc2063c098c1c3d7028094da5a3d3bfaeb47fb3adb64db541c3c11238edf4dc4 HTTP/1.1" 200 - "-" "WordPress/6.9.4; https://ideainitself.com"
184.94.212.206 - - [27/Apr/2026:13:56:32 +0000] "POST /wp-cron.php?doing_wp_cron=1777298192.4952049255371093750000 HTTP/1.1" 200 - "-" "WordPress/6.9.4; https://ideainitself.com"
184.94.212.206 - - [27/Apr/2026:13:55:59 +0000] "GET /wp-admin/admin-ajax.php?action=wordfence_doScan&isFork=1&scanMode=standard&cronKey=05b4c16b7ea86b2ae1a33f95bca166c5&signature=d122b250c9a112ce3543f629e9649a3d5d62cf8b28c768efa96fea53e11c6974 HTTP/1.1" 200 - "-" "WordPress/6.9.4; https://ideainitself.com"
184.94.212.206 - - [27/Apr/2026:13:57:04 +0000] "POST /wp-cron.php?doing_wp_cron=1777298224.5442750453948974609375 HTTP/1.1" 200 - "-" "WordPress/6.9.4; https://ideainitself.com"
184.94.212.206 - - [27/Apr/2026:13:56:31 +0000] "GET /wp-admin/admin-ajax.php?action=wordfence_doScan&isFork=1&scanMode=standard&cronKey=84108f6e364d03876c2dab2b9498c391&signature=1668681f78ddf71cb2a470f73cf13b27f2a6b65e858386b47f46026be61f4f7d HTTP/1.1" 200 - "-" "WordPress/6.9.4; https://ideainitself.com"
184.94.212.206 - - [27/Apr/2026:13:57:03 +0000] "GET /wp-admin/admin-ajax.php?action=wordfence_doScan&isFork=1&scanMode=standard&cronKey=3ac0acfb762f87650eb3a3cd27fddc6a&signature=eab215e033df5470412e54c6c8239fb22b104fd9f516b8fb1fca116565b2dd49 HTTP/1.1" 200 - "-" "WordPress/6.9.4; https://ideainitself.com"
192.0.103.42 - - [27/Apr/2026:13:57:50 +0000] "HEAD / HTTP/1.1" 200 - "-" "jetmon/1.0 (Jetpack Site Uptime Monitor by WordPress.com)"
184.94.212.206 - - [27/Apr/2026:13:58:10 +0000] "POST /wp-cron.php?doing_wp_cron=1777298290.4507520198822021484375 HTTP/1.1" 200 - "-" "WordPress/6.9.4; https://ideainitself.com"
184.94.212.206 - - [27/Apr/2026:13:57:36 +0000] "GET /wp-admin/admin-ajax.php?action=wordfence_doScan&isFork=1&scanMode=standard&cronKey=8722814d55c57169e1cf377e2a484c71&signature=919736ddb73115655326f8c672c20f3c4a574fce148669bc1206e44952f2d7c0 HTTP/1.1" 200 - "-" "WordPress/6.9.4; https://ideainitself.com"
184.94.212.206 - - [27/Apr/2026:13:58:42 +0000] "POST /wp-cron.php?doing_wp_cron=1777298322.3541100025177001953125 HTTP/1.1" 200 - "-" "WordPress/6.9.4; https://ideainitself.com"
184.94.212.206 - - [27/Apr/2026:13:58:09 +0000] "GET /wp-admin/admin-ajax.php?action=wordfence_doScan&isFork=1&scanMode=standard&cronKey=def27c8ce704732de9a9ce22f513b5db&signature=bf5fcbdf3f4628b0cee8f5ecf247d18325d93c249b0456fdf64629fc8a5e3579 HTTP/1.1" 200 - "-" "WordPress/6.9.4; https://ideainitself.com"
184.94.212.206 - - [27/Apr/2026:13:59:14 +0000] "POST /wp-cron.php?doing_wp_cron=1777298354.4806449413299560546875 HTTP/1.1" 200 - "-" "WordPress/6.9.4; https://ideainitself.com"
184.94.212.206 - - [27/Apr/2026:13:58:41 +0000] "GET /wp-admin/admin-ajax.php?action=wordfence_doScan&isFork=1&scanMode=standard&cronKey=6a968ac3f514f7b604e29169ec01877c&signature=68b454531ac8f3c4435967cc817edf30453a4f443545f0487c493e7ccabf0b7e HTTP/1.1" 200 - "-" "WordPress/6.9.4; https://ideainitself.com"
184.94.212.206 - - [27/Apr/2026:13:59:33 +0000] "POST /wp-cron.php?doing_wp_cron=1777298373.2115230560302734375000 HTTP/1.1" 200 - "-" "WordPress/6.9.4; https://ideainitself.com"
34.227.234.246 - - [27/Apr/2026:13:59:32 +0000] "GET /privacy HTTP/1.1" 301 - "-" "Mozilla/5.0 AppleWebKit/537.36 (KHTML, like Gecko; compatible; Amazonbot/0.1; +https://developer.amazon.com/support/amazonbot) Chrome/119.0.6045.214 Safari/537.36"
3.221.50.71 - - [27/Apr/2026:13:59:33 +0000] "GET /privacy-policy/ HTTP/1.1" 200 49189 "-" "Mozilla/5.0 AppleWebKit/537.36 (KHTML, like Gecko; compatible; Amazonbot/0.1; +https://developer.amazon.com/support/amazonbot) Chrome/119.0.6045.214 Safari/537.36"
184.94.212.206 - - [27/Apr/2026:13:59:46 +0000] "POST /wp-cron.php?doing_wp_cron=1777298386.3417301177978515625000 HTTP/1.1" 200 - "-" "WordPress/6.9.4; https://ideainitself.com"
184.94.212.206 - - [27/Apr/2026:13:59:13 +0000] "GET /wp-admin/admin-ajax.php?action=wordfence_doScan&isFork=1&scanMode=standard&cronKey=1053c49684ea8cb7aac9608c4fc68938&signature=b46cb46ff52ec43416bb8543ef18682f5a8650b413e8c69fc53045f7cd2cfe8c HTTP/1.1" 200 - "-" "WordPress/6.9.4; https://ideainitself.com"
184.94.212.206 - - [27/Apr/2026:13:59:45 +0000] "GET /wp-admin/admin-ajax.php?action=wordfence_doScan&isFork=1&scanMode=standard&cronKey=333ed672bc3a5ded543217cf3a1db998&signature=a0afce1b2e6300538da39411f0e7ea8997860da98688bb49024c238f4f48bc3e HTTP/1.1" 200 - "-" "WordPress/6.9.4; https://ideainitself.com"
184.94.212.206 - - [27/Apr/2026:14:00:51 +0000] "POST /wp-cron.php?doing_wp_cron=1777298451.8953580856323242187500 HTTP/1.1" 200 - "-" "WordPress/6.9.4; https://ideainitself.com"
184.94.212.206 - - [27/Apr/2026:14:00:17 +0000] "GET /wp-admin/admin-ajax.php?action=wordfence_doScan&isFork=1&scanMode=standard&cronKey=c38d1bb4ab214c43a1bfade266088a05&signature=46f1eff57c513a06dcc63eca85a09e638eb0f67bf5eaf84a89ae88fbf8055505 HTTP/1.1" 200 - "-" "WordPress/6.9.4; https://ideainitself.com"
184.94.212.206 - - [27/Apr/2026:14:01:24 +0000] "POST /wp-cron.php?doing_wp_cron=1777298484.5490729808807373046875 HTTP/1.1" 200 - "-" "WordPress/6.9.4; https://ideainitself.com"
184.94.212.206 - - [27/Apr/2026:14:00:50 +0000] "GET /wp-admin/admin-ajax.php?action=wordfence_doScan&isFork=1&scanMode=standard&cronKey=8396e4778d6578f96fa9613f7ceb7192&signature=3c4b628676cbd724f8970226270455a94344e2dc032736336c295e8783569552 HTTP/1.1" 200 - "-" "WordPress/6.9.4; https://ideainitself.com"
184.94.212.206 - - [27/Apr/2026:14:01:56 +0000] "POST /wp-cron.php?doing_wp_cron=1777298516.6583409309387207031250 HTTP/1.1" 200 - "-" "WordPress/6.9.4; https://ideainitself.com"
184.94.212.206 - - [27/Apr/2026:14:01:23 +0000] "GET /wp-admin/admin-ajax.php?action=wordfence_doScan&isFork=1&scanMode=standard&cronKey=ba93e10e0981c9fa3f1ed1d110b63574&signature=64aa5a5a85dc00e3202cd8be6a4fa34abd5979a9561e39087063b6668eabfffb HTTP/1.1" 200 - "-" "WordPress/6.9.4; https://ideainitself.com"
184.94.212.206 - - [27/Apr/2026:14:02:29 +0000] "POST /wp-cron.php?doing_wp_cron=1777298549.4390420913696289062500 HTTP/1.1" 200 - "-" "WordPress/6.9.4; https://ideainitself.com"
184.94.212.206 - - [27/Apr/2026:14:01:55 +0000] "GET /wp-admin/admin-ajax.php?action=wordfence_doScan&isFork=1&scanMode=standard&cronKey=3dc5a42f1f61be3562b286ef1f117d35&signature=a59da210509a8866bb0c61e770b03aee4d51c95924f3bd92ea3b6586dc22af79 HTTP/1.1" 200 - "-" "WordPress/6.9.4; https://ideainitself.com"
192.0.103.42 - - [27/Apr/2026:14:02:50 +0000] "HEAD / HTTP/1.1" 200 - "-" "jetmon/1.0 (Jetpack Site Uptime Monitor by WordPress.com)"
184.94.212.206 - - [27/Apr/2026:14:03:01 +0000] "POST /wp-cron.php?doing_wp_cron=1777298581.2850699424743652343750 HTTP/1.1" 200 - "-" "WordPress/6.9.4; https://ideainitself.com"
184.94.212.206 - - [27/Apr/2026:14:02:28 +0000] "GET /wp-admin/admin-ajax.php?action=wordfence_doScan&isFork=1&scanMode=standard&cronKey=dd48565820eaff44c570d3d97f273959&signature=e0f277d064275506b598e6473388065adb4f503bd0c72e87d216e820d92827a7 HTTP/1.1" 200 - "-" "WordPress/6.9.4; https://ideainitself.com"
91.92.242.223 - - [27/Apr/2026:14:03:13 +0000] "POST /wp-login.php?action=register HTTP/1.1" 500 188 "-" "-"
184.94.212.206 - - [27/Apr/2026:14:03:00 +0000] "GET /wp-admin/admin-ajax.php?action=wordfence_doScan&isFork=1&scanMode=standard&cronKey=7f9bc04e4d5e3c72d18baac9532ce3c2&signature=6d399745b8bfe83ebb886b0bbca64114db06d30032704fa05d0f3b0310f95294 HTTP/1.1" 200 - "-" "WordPress/6.9.4; https://ideainitself.com"
184.94.212.206 - - [27/Apr/2026:14:04:06 +0000] "POST /wp-cron.php?doing_wp_cron=1777298646.8402390480041503906250 HTTP/1.1" 200 - "-" "WordPress/6.9.4; https://ideainitself.com"
184.94.212.206 - - [27/Apr/2026:14:03:33 +0000] "GET /wp-admin/admin-ajax.php?action=wordfence_doScan&isFork=1&scanMode=standard&cronKey=5a7fec369441dd1afec1498731170edd&signature=9b773461ba809ff11b6849fd177ce67542f3b4027de1489cf4cd2424bf7c9f25 HTTP/1.1" 200 - "-" "WordPress/6.9.4; https://ideainitself.com"
184.94.212.206 - - [27/Apr/2026:14:04:38 +0000] "POST /wp-cron.php?doing_wp_cron=1777298678.0125389099121093750000 HTTP/1.1" 200 - "-" "WordPress/6.9.4; https://ideainitself.com"
145.223.131.72 - - [27/Apr/2026:14:04:36 +0000] "GET /ad_campaign/landing.php?placement=pflo&%3Bcampaign_id=402047449186&%3Bnav_source=unknown&%3Bextra_1=auto HTTP/1.1" 404 45103 "-" "Mozilla/5.0 (iPhone; CPU iPhone OS 17_0 like Mac OS X) AppleWebKit/605.1.15 (KHTML, like Gecko) Version/17.0 Mobile/15E148 Safari/180.1"
184.94.212.206 - - [27/Apr/2026:14:04:39 +0000] "POST /wp-cron.php?doing_wp_cron=1777298679.5728991031646728515625 HTTP/1.1" 200 - "-" "WordPress/6.9.4; https://ideainitself.com"
184.94.212.206 - - [27/Apr/2026:14:04:05 +0000] "GET /wp-admin/admin-ajax.php?action=wordfence_doScan&isFork=1&scanMode=standard&cronKey=6921acee76fcecdf6ebdfffeb3e8a3a5&signature=9bd20aa6d43bd496333dff3eee2c37c3cfd397082646669924624583ab4deaa5 HTTP/1.1" 200 - "-" "WordPress/6.9.4; https://ideainitself.com"
184.94.212.206 - - [27/Apr/2026:14:04:38 +0000] "GET /wp-admin/admin-ajax.php?action=wordfence_doScan&isFork=1&scanMode=standard&cronKey=cd0126c1d0e7d0af19434971a02c599b&signature=ae76810b93652ebf3775ab30dc519575d183323f84660ab5d3708454a56b5240 HTTP/1.1" 200 - "-" "WordPress/6.9.4; https://ideainitself.com"
184.94.212.206 - - [27/Apr/2026:14:05:44 +0000] "POST /wp-cron.php?doing_wp_cron=1777298744.7406051158905029296875 HTTP/1.1" 200 - "-" "WordPress/6.9.4; https://ideainitself.com"
184.94.212.206 - - [27/Apr/2026:14:05:10 +0000] "GET /wp-admin/admin-ajax.php?action=wordfence_doScan&isFork=1&scanMode=standard&cronKey=0cac50629d5d568814f567c52b7c37fb&signature=4cab6d9af1be9a696fefc0b64b8258e09bfdd75b4ef83b8ea9cc2999a0823ae4 HTTP/1.1" 200 - "-" "WordPress/6.9.4; https://ideainitself.com"
184.94.212.206 - - [27/Apr/2026:14:06:17 +0000] "POST /wp-cron.php?doing_wp_cron=1777298777.4711880683898925781250 HTTP/1.1" 200 - "-" "WordPress/6.9.4; https://ideainitself.com"
184.94.212.206 - - [27/Apr/2026:14:05:43 +0000] "GET /wp-admin/admin-ajax.php?action=wordfence_doScan&isFork=1&scanMode=standard&cronKey=66a4b2cf7b5b11924ccecd4b06a61bd2&signature=c7ae2d90f8308a16735df85f3aa8cc763f4f285b1f9e35eaf1f9215ba6cb6c5b HTTP/1.1" 200 - "-" "WordPress/6.9.4; https://ideainitself.com"
184.94.212.206 - - [27/Apr/2026:14:06:16 +0000] "GET /wp-admin/admin-ajax.php?action=wordfence_doScan&isFork=1&scanMode=standard&cronKey=51a53685be7ecf3489646bd764393a4e&signature=df21dff2db6ae3954253d8a74d6e42ca9c26c079cefa42d815d02930c4c67eaa HTTP/1.1" 200 - "-" "WordPress/6.9.4; https://ideainitself.com"
184.94.212.206 - - [27/Apr/2026:14:07:22 +0000] "POST /wp-cron.php?doing_wp_cron=1777298842.0037519931793212890625 HTTP/1.1" 200 - "-" "WordPress/6.9.4; https://ideainitself.com"
184.94.212.206 - - [27/Apr/2026:14:06:48 +0000] "GET /wp-admin/admin-ajax.php?action=wordfence_doScan&isFork=1&scanMode=standard&cronKey=8d23b93d7761ed833e7290affaee9e79&signature=e8e7110bc0445c3b5c383e39f422d8c33830c297bda6a311007f65e743ca7b3d HTTP/1.1" 200 - "-" "WordPress/6.9.4; https://ideainitself.com"
184.94.212.206 - - [27/Apr/2026:14:07:49 +0000] "POST /wp-cron.php?doing_wp_cron=1777298869.3135640621185302734375 HTTP/1.1" 200 - "-" "WordPress/6.9.4; https://ideainitself.com"
192.0.103.42 - - [27/Apr/2026:14:07:48 +0000] "HEAD / HTTP/1.1" 200 - "-" "jetmon/1.0 (Jetpack Site Uptime Monitor by WordPress.com)"
184.94.212.206 - - [27/Apr/2026:14:07:54 +0000] "POST /wp-cron.php?doing_wp_cron=1777298874.8929779529571533203125 HTTP/1.1" 200 - "-" "WordPress/6.9.4; https://ideainitself.com"
184.94.212.206 - - [27/Apr/2026:14:07:21 +0000] "GET /wp-admin/admin-ajax.php?action=wordfence_doScan&isFork=1&scanMode=standard&cronKey=bc6a143d6b43c444f478a80eb7073832&signature=7e67c5d1ab73338a213d1dcc9bc4200e69c36089ad235d6dfdc92224a76deacb HTTP/1.1" 200 - "-" "WordPress/6.9.4; https://ideainitself.com"
184.94.212.206 - - [27/Apr/2026:14:07:53 +0000] "GET /wp-admin/admin-ajax.php?action=wordfence_doScan&isFork=1&scanMode=standard&cronKey=91e851eebd6ce1aa52c47629a2b6c268&signature=df72e3109d60f8f3e9e2755f00fe3d82b6baa1136ffb832f7cb7bb91f6a3aafa HTTP/1.1" 200 - "-" "WordPress/6.9.4; https://ideainitself.com"
184.94.212.206 - - [27/Apr/2026:14:08:59 +0000] "POST /wp-cron.php?doing_wp_cron=1777298939.9466478824615478515625 HTTP/1.1" 200 - "-" "WordPress/6.9.4; https://ideainitself.com"
184.94.212.206 - - [27/Apr/2026:14:08:26 +0000] "GET /wp-admin/admin-ajax.php?action=wordfence_doScan&isFork=1&scanMode=standard&cronKey=cb700c4f0a0b5fcf5bbdc9fde6dae622&signature=7be1ce8cc7f6d1d5859f8350a1b142a6132d34a0c1c0893f49c1ee0edd0d535a HTTP/1.1" 200 - "-" "WordPress/6.9.4; https://ideainitself.com"
184.94.212.206 - - [27/Apr/2026:14:09:32 +0000] "POST /wp-cron.php?doing_wp_cron=1777298972.7155549526214599609375 HTTP/1.1" 200 - "-" "WordPress/6.9.4; https://ideainitself.com"
184.94.212.206 - - [27/Apr/2026:14:08:58 +0000] "GET /wp-admin/admin-ajax.php?action=wordfence_doScan&isFork=1&scanMode=standard&cronKey=5b6f16e645d14e886535919b8d82cf41&signature=91680be34d3520a3ce2f0c48f6eebf247d53ead9a08c72bc76c4cdb5baab4222 HTTP/1.1" 200 - "-" "WordPress/6.9.4; https://ideainitself.com"
184.94.212.206 - - [27/Apr/2026:14:10:05 +0000] "POST /wp-cron.php?doing_wp_cron=1777299005.2503099441528320312500 HTTP/1.1" 200 - "-" "WordPress/6.9.4; https://ideainitself.com"
184.94.212.206 - - [27/Apr/2026:14:09:31 +0000] "GET /wp-admin/admin-ajax.php?action=wordfence_doScan&isFork=1&scanMode=standard&cronKey=e0b9d8489e1747fb314adb5bfec666cd&signature=efcab5e7b5ebe0022f04615505a19f3cce40cec4411c9eac018f458aa61d5586 HTTP/1.1" 200 - "-" "WordPress/6.9.4; https://ideainitself.com"
184.94.212.206 - - [27/Apr/2026:14:10:04 +0000] "GET /wp-admin/admin-ajax.php?action=wordfence_doScan&isFork=1&scanMode=standard&cronKey=80a648986095107824ef553171c46e99&signature=a8ae9931a7cc058c0ffdb6d71f29d643524abebf095aefbae980184e9e2f703b HTTP/1.1" 200 - "-" "WordPress/6.9.4; https://ideainitself.com"
184.94.212.206 - - [27/Apr/2026:14:11:10 +0000] "POST /wp-cron.php?doing_wp_cron=1777299070.6069788932800292968750 HTTP/1.1" 200 - "-" "WordPress/6.9.4; https://ideainitself.com"
184.94.212.206 - - [27/Apr/2026:14:10:36 +0000] "GET /wp-admin/admin-ajax.php?action=wordfence_doScan&isFork=1&scanMode=standard&cronKey=b7d027039b54216ccd872f009e2f98f2&signature=c0eff8e67b8cb3eee63523184960f18fcf63a6bc718c7ab4add96ff350601376 HTTP/1.1" 200 - "-" "WordPress/6.9.4; https://ideainitself.com"
184.94.212.206 - - [27/Apr/2026:14:11:43 +0000] "POST /wp-cron.php?doing_wp_cron=1777299103.7472319602966308593750 HTTP/1.1" 200 - "-" "WordPress/6.9.4; https://ideainitself.com"
184.94.212.206 - - [27/Apr/2026:14:11:09 +0000] "GET /wp-admin/admin-ajax.php?action=wordfence_doScan&isFork=1&scanMode=standard&cronKey=0213c727adbc96bfd1427d240cbe1441&signature=f7f2640634a2750ec49c9e0fafd7f6cd1d2d416e4b8a5f3644236654bafa92df HTTP/1.1" 200 - "-" "WordPress/6.9.4; https://ideainitself.com"
184.94.212.206 - - [27/Apr/2026:14:12:16 +0000] "POST /wp-cron.php?doing_wp_cron=1777299136.6870739459991455078125 HTTP/1.1" 200 - "-" "WordPress/6.9.4; https://ideainitself.com"
184.94.212.206 - - [27/Apr/2026:14:11:42 +0000] "GET /wp-admin/admin-ajax.php?action=wordfence_doScan&isFork=1&scanMode=standard&cronKey=c1ee840c2223ded93ee11cf4e9eb1194&signature=21706f394d234121776c2737f213d06ef0dd02b76ea91113f94738a0602c7680 HTTP/1.1" 200 - "-" "WordPress/6.9.4; https://ideainitself.com"
184.94.212.206 - - [27/Apr/2026:14:12:49 +0000] "POST /wp-cron.php?doing_wp_cron=1777299169.6577460765838623046875 HTTP/1.1" 200 - "-" "WordPress/6.9.4; https://ideainitself.com"
184.94.212.206 - - [27/Apr/2026:14:12:15 +0000] "GET /wp-admin/admin-ajax.php?action=wordfence_doScan&isFork=1&scanMode=standard&cronKey=13f86a768a9c96fb1a1cdc0e9a78c141&signature=9cfcfcbba9bd308e6b00ca006f612245cc1345df4fa95be55f47130e7270d1a0 HTTP/1.1" 200 - "-" "WordPress/6.9.4; https://ideainitself.com"
192.0.103.42 - - [27/Apr/2026:14:12:49 +0000] "HEAD / HTTP/1.1" 200 - "-" "jetmon/1.0 (Jetpack Site Uptime Monitor by WordPress.com)"
184.94.212.206 - - [27/Apr/2026:14:13:22 +0000] "POST /wp-cron.php?doing_wp_cron=1777299202.4140059947967529296875 HTTP/1.1" 200 - "-" "WordPress/6.9.4; https://ideainitself.com"
184.94.212.206 - - [27/Apr/2026:14:12:48 +0000] "GET /wp-admin/admin-ajax.php?action=wordfence_doScan&isFork=1&scanMode=standard&cronKey=9b4766a9d843cf0c809864497ddf29b2&signature=fb6402fa28aa2198e2e4d098419ad18831b8355c6e1b17a206ef6af914d3d8fd HTTP/1.1" 200 - "-" "WordPress/6.9.4; https://ideainitself.com"
184.94.212.206 - - [27/Apr/2026:14:13:21 +0000] "GET /wp-admin/admin-ajax.php?action=wordfence_doScan&isFork=1&scanMode=standard&cronKey=cd917cb79023131f40a5fa79fac2c04a&signature=a49e7e2ae8caa6d4e9fa242e88153d0eb4004e6636d9b295e4fa442e53036900 HTTP/1.1" 200 - "-" "WordPress/6.9.4; https://ideainitself.com"
184.94.212.206 - - [27/Apr/2026:14:14:28 +0000] "POST /wp-cron.php?doing_wp_cron=1777299268.0285949707031250000000 HTTP/1.1" 200 - "-" "WordPress/6.9.4; https://ideainitself.com"
184.94.212.206 - - [27/Apr/2026:14:13:53 +0000] "GET /wp-admin/admin-ajax.php?action=wordfence_doScan&isFork=1&scanMode=standard&cronKey=67664a3236306df0032c4a28f4934607&signature=e8f00fff9d940725fc310aa60a8a33ea3bfc1544d6dcf86b0ab9fe88e2492417 HTTP/1.1" 200 - "-" "WordPress/6.9.4; https://ideainitself.com"
91.92.242.223 - - [27/Apr/2026:14:14:43 +0000] "POST /wp-login.php?action=register HTTP/1.1" 500 188 "-" "-"
184.94.212.206 - - [27/Apr/2026:14:15:00 +0000] "POST /wp-cron.php?doing_wp_cron=1777299300.6546139717102050781250 HTTP/1.1" 200 - "-" "WordPress/6.9.4; https://ideainitself.com"
184.94.212.206 - - [27/Apr/2026:14:14:27 +0000] "GET /wp-admin/admin-ajax.php?action=wordfence_doScan&isFork=1&scanMode=standard&cronKey=e5fdcdf5a27cab2baca4d1abac0dcb20&signature=4d161559ff0253cf5daa94a2ff16f157aa870a437b0e2bb38f956ace6f9d8d16 HTTP/1.1" 200 - "-" "WordPress/6.9.4; https://ideainitself.com"
184.94.212.206 - - [27/Apr/2026:14:15:31 +0000] "POST /wp-cron.php?doing_wp_cron=1777299331.4220399856567382812500 HTTP/1.1" 200 - "-" "WordPress/6.9.4; https://ideainitself.com"
114.119.159.148 - - [27/Apr/2026:14:15:30 +0000] "GET /how-working-too-long-can-harm-our-productivity/?share=x HTTP/1.1" 302 - "https://ideainitself.com/how-working-too-long-can-harm-our-productivity/?share=pocket" "Mozilla/5.0 (Linux; Android 7.0;) AppleWebKit/537.36 (HTML, like Gecko) Mobile Safari/537.36 (compatible; PetalBot;+https://webmaster.petalsearch.com/site/petalbot)"
184.94.212.206 - - [27/Apr/2026:14:15:33 +0000] "POST /wp-cron.php?doing_wp_cron=1777299333.9352519512176513671875 HTTP/1.1" 200 - "-" "WordPress/6.9.4; https://ideainitself.com"
184.94.212.206 - - [27/Apr/2026:14:14:59 +0000] "GET /wp-admin/admin-ajax.php?action=wordfence_doScan&isFork=1&scanMode=standard&cronKey=ec9eb91c597f96a350de53a05c5eb3c3&signature=86cd203575dc6d89fddcfc3076efde31a90363fd3ec612eaa4fa32ccbe0af6da HTTP/1.1" 200 - "-" "WordPress/6.9.4; https://ideainitself.com"
184.94.212.206 - - [27/Apr/2026:14:15:32 +0000] "GET /wp-admin/admin-ajax.php?action=wordfence_doScan&isFork=1&scanMode=standard&cronKey=7323833472127c7da20b824cd84508d6&signature=f195fbd51aaeb9695f3e16bd00d39c4a5dc7d967fe4eec6702b8683086137a2d HTTP/1.1" 200 - "-" "WordPress/6.9.4; https://ideainitself.com"
184.94.212.206 - - [27/Apr/2026:14:16:38 +0000] "POST /wp-cron.php?doing_wp_cron=1777299398.4049389362335205078125 HTTP/1.1" 200 - "-" "WordPress/6.9.4; https://ideainitself.com"
184.94.212.206 - - [27/Apr/2026:14:16:05 +0000] "GET /wp-admin/admin-ajax.php?action=wordfence_doScan&isFork=1&scanMode=standard&cronKey=3697857ae5eb0f2b5ba9ed6fe2b3e054&signature=93aa49af6af20cc1bd75870adbca3da565f72de142c8ae8bf924aeb1d255bbc5 HTTP/1.1" 200 - "-" "WordPress/6.9.4; https://ideainitself.com"
184.94.212.206 - - [27/Apr/2026:14:17:10 +0000] "POST /wp-cron.php?doing_wp_cron=1777299430.2639870643615722656250 HTTP/1.1" 200 - "-" "WordPress/6.9.4; https://ideainitself.com"
184.94.212.206 - - [27/Apr/2026:14:16:37 +0000] "GET /wp-admin/admin-ajax.php?action=wordfence_doScan&isFork=1&scanMode=standard&cronKey=cfd57198c969768423edcb689ee580f8&signature=beb94f7b23b4b98562fea73dd4eedd953a4a197444641786fbe4400327561d6f HTTP/1.1" 200 - "-" "WordPress/6.9.4; https://ideainitself.com"
184.94.212.206 - - [27/Apr/2026:14:17:42 +0000] "POST /wp-cron.php?doing_wp_cron=1777299462.9001479148864746093750 HTTP/1.1" 200 - "-" "WordPress/6.9.4; https://ideainitself.com"
184.94.212.206 - - [27/Apr/2026:14:17:09 +0000] "GET /wp-admin/admin-ajax.php?action=wordfence_doScan&isFork=1&scanMode=standard&cronKey=3b5c78a6bd3586aa1a265bdae8dc99fc&signature=3d0728d54ce75cd959ac2be94f093c3d5d3e12b0abbd577f9e1a9f0fb106e38d HTTP/1.1" 200 - "-" "WordPress/6.9.4; https://ideainitself.com"
192.0.103.42 - - [27/Apr/2026:14:17:50 +0000] "HEAD / HTTP/1.1" 200 - "-" "jetmon/1.0 (Jetpack Site Uptime Monitor by WordPress.com)"
184.94.212.206 - - [27/Apr/2026:14:18:15 +0000] "POST /wp-cron.php?doing_wp_cron=1777299495.8668410778045654296875 HTTP/1.1" 200 - "-" "WordPress/6.9.4; https://ideainitself.com"
184.94.212.206 - - [27/Apr/2026:14:17:41 +0000] "GET /wp-admin/admin-ajax.php?action=wordfence_doScan&isFork=1&scanMode=standard&cronKey=79af72a79e0035a3c9aa8e7d9440734a&signature=8df7bbb31835b666f45561b02c02bdf9e195c1a4e2e8ffdeb592a1778569ca88 HTTP/1.1" 200 - "-" "WordPress/6.9.4; https://ideainitself.com"
184.94.212.206 - - [27/Apr/2026:14:18:14 +0000] "GET /wp-admin/admin-ajax.php?action=wordfence_doScan&isFork=1&scanMode=standard&cronKey=fb4cc90eea646788a72744754b17a2d2&signature=8f94335b788d747cc59d1cc9631dbb8c924e19a6036015dce2e58336c0a30508 HTTP/1.1" 200 - "-" "WordPress/6.9.4; https://ideainitself.com"
184.94.212.206 - - [27/Apr/2026:14:19:21 +0000] "POST /wp-cron.php?doing_wp_cron=1777299561.3197460174560546875000 HTTP/1.1" 200 - "-" "WordPress/6.9.4; https://ideainitself.com"
184.94.212.206 - - [27/Apr/2026:14:18:47 +0000] "GET /wp-admin/admin-ajax.php?action=wordfence_doScan&isFork=1&scanMode=standard&cronKey=2c78d833b7e49ef68c3a32fadbfefc0e&signature=d51c4229bb89e00d314aee84c7146176f12593b1d41ec16036378a3c12b8ca64 HTTP/1.1" 200 - "-" "WordPress/6.9.4; https://ideainitself.com"
184.94.212.206 - - [27/Apr/2026:14:19:41 +0000] "POST /wp-cron.php?doing_wp_cron=1777299581.4730761051177978515625 HTTP/1.1" 200 - "-" "WordPress/6.9.4; https://ideainitself.com"
51.222.95.146 - - [27/Apr/2026:14:19:40 +0000] "GET /affiliate-disclosure/?share=pocket HTTP/1.1" 200 48912 "-" "Mozilla/5.0 (compatible; AhrefsBot/7.0; +http://ahrefs.com/robot/)"
