184.94.212.206 - - [27/Apr/2026:14:19:54 +0000] "POST /wp-cron.php?doing_wp_cron=1777299594.0253279209136962890625 HTTP/1.1" 200 - "-" "WordPress/6.9.4; https://ideainitself.com"
184.94.212.206 - - [27/Apr/2026:14:19:20 +0000] "GET /wp-admin/admin-ajax.php?action=wordfence_doScan&isFork=1&scanMode=standard&cronKey=e0c978e4f9eec870e1500b57f1429266&signature=8c9dd872b7ab0f4c5e7f821da3bc34af45ff598dbc1f7df1def12e2a3410060e HTTP/1.1" 200 - "-" "WordPress/6.9.4; https://ideainitself.com"
66.249.66.15 - - [27/Apr/2026:14:20:19 +0000] "GET /ads.txt HTTP/1.1" 200 58 "-" "Mozilla/5.0 (compatible; Googlebot/2.1; +http://www.google.com/bot.html)"
184.94.212.206 - - [27/Apr/2026:14:19:53 +0000] "GET /wp-admin/admin-ajax.php?action=wordfence_doScan&isFork=1&scanMode=standard&cronKey=b7060cfbe2ad8f6edd2af766687a9800&signature=d715b70c67a4c57a9bde1dd3546896b561a4ec0e21e643f7b139645aac82ed55 HTTP/1.1" 200 - "-" "WordPress/6.9.4; https://ideainitself.com"
184.94.212.206 - - [27/Apr/2026:14:20:25 +0000] "GET /wp-admin/admin-ajax.php?action=wordfence_doScan&isFork=1&scanMode=standard&cronKey=43a5cb634e06a65bc502e5b029ef6b71&signature=01d0fb23413f825bbc5daed431257de4875bdd5cc059610162633bd1ec718865 HTTP/1.1" 200 - "-" "WordPress/6.9.4; https://ideainitself.com"
43.153.71.12 - - [27/Apr/2026:14:20:59 +0000] "GET / HTTP/1.1" 200 52058 "http://www.ideainitself.com" "Mozilla/5.0 (iPhone; CPU iPhone OS 13_2_3 like Mac OS X) AppleWebKit/605.1.15 (KHTML, like Gecko) Version/13.0.3 Mobile/15E148 Safari/604.1"
23.101.4.52 - - [27/Apr/2026:14:21:19 +0000] "GET /ioxi-o.php HTTP/1.1" 404 45060 "-" "Mozilla/5.0 (Windows NT 10.0; Win64; x64) AppleWebKit/537.36 (KHTML, like Gecko) Chrome/120.0.0.0 Safari/537.36"
23.101.4.52 - - [27/Apr/2026:14:21:20 +0000] "GET /rip.php HTTP/1.1" 404 45057 "-" "Mozilla/5.0 (Windows NT 10.0; Win64; x64) AppleWebKit/537.36 (KHTML, like Gecko) Chrome/120.0.0.0 Safari/537.36"
23.101.4.52 - - [27/Apr/2026:14:21:22 +0000] "GET /admin.php HTTP/1.1" 404 45058 "-" "Mozilla/5.0 (Windows NT 10.0; Win64; x64) AppleWebKit/537.36 (KHTML, like Gecko) Chrome/120.0.0.0 Safari/537.36"
23.101.4.52 - - [27/Apr/2026:14:21:24 +0000] "GET /wp-content/uploads/index.php HTTP/1.1" 301 - "-" "Mozilla/5.0 (Windows NT 10.0; Win64; x64) AppleWebKit/537.36 (KHTML, like Gecko) Chrome/120.0.0.0 Safari/537.36"
23.101.4.52 - - [27/Apr/2026:14:21:25 +0000] "GET /cache.php HTTP/1.1" 404 45057 "-" "Mozilla/5.0 (Windows NT 10.0; Win64; x64) AppleWebKit/537.36 (KHTML, like Gecko) Chrome/120.0.0.0 Safari/537.36"
184.94.212.206 - - [27/Apr/2026:14:21:29 +0000] "POST /wp-cron.php?doing_wp_cron=1777299689.3838069438934326171875 HTTP/1.1" 200 - "-" "WordPress/6.9.4; https://ideainitself.com"
23.101.4.52 - - [27/Apr/2026:14:21:28 +0000] "GET /themes.php HTTP/1.1" 404 45057 "-" "Mozilla/5.0 (Windows NT 10.0; Win64; x64) AppleWebKit/537.36 (KHTML, like Gecko) Chrome/120.0.0.0 Safari/537.36"
23.101.4.52 - - [27/Apr/2026:14:21:30 +0000] "GET /an.php HTTP/1.1" 404 45057 "-" "Mozilla/5.0 (Windows NT 10.0; Win64; x64) AppleWebKit/537.36 (KHTML, like Gecko) Chrome/120.0.0.0 Safari/537.36"
184.94.212.206 - - [27/Apr/2026:14:21:31 +0000] "POST /wp-cron.php?doing_wp_cron=1777299691.4147830009460449218750 HTTP/1.1" 200 - "-" "WordPress/6.9.4; https://ideainitself.com"
184.94.212.206 - - [27/Apr/2026:14:20:58 +0000] "GET /wp-admin/admin-ajax.php?action=wordfence_doScan&isFork=1&scanMode=standard&cronKey=029bfb97774ae6b1df15cb8e099bdf07&signature=0ea6a9c109fd85e3a00f195247da3961b1dd88bc6cf7fffc5b33751be00dfafa HTTP/1.1" 200 - "-" "WordPress/6.9.4; https://ideainitself.com"
23.101.4.52 - - [27/Apr/2026:14:21:31 +0000] "GET /randkeyword.PhP7 HTTP/1.1" 404 45066 "-" "Mozilla/5.0 (Windows NT 10.0; Win64; x64) AppleWebKit/537.36 (KHTML, like Gecko) Chrome/120.0.0.0 Safari/537.36"
23.101.4.52 - - [27/Apr/2026:14:21:33 +0000] "GET /ws.php HTTP/1.1" 404 45057 "-" "Mozilla/5.0 (Windows NT 10.0; Win64; x64) AppleWebKit/537.36 (KHTML, like Gecko) Chrome/120.0.0.0 Safari/537.36"
23.101.4.52 - - [27/Apr/2026:14:21:35 +0000] "GET /404.php HTTP/1.1" 404 45058 "-" "Mozilla/5.0 (Windows NT 10.0; Win64; x64) AppleWebKit/537.36 (KHTML, like Gecko) Chrome/120.0.0.0 Safari/537.36"
23.101.4.52 - - [27/Apr/2026:14:21:37 +0000] "GET /wp-admin/user.php HTTP/1.1" 404 45060 "-" "Mozilla/5.0 (Windows NT 10.0; Win64; x64) AppleWebKit/537.36 (KHTML, like Gecko) Chrome/120.0.0.0 Safari/537.36"
23.101.4.52 - - [27/Apr/2026:14:21:39 +0000] "GET /wp-conf.php HTTP/1.1" 404 45058 "-" "Mozilla/5.0 (Windows NT 10.0; Win64; x64) AppleWebKit/537.36 (KHTML, like Gecko) Chrome/120.0.0.0 Safari/537.36"
23.101.4.52 - - [27/Apr/2026:14:21:41 +0000] "GET /wp-content/themes/hideo/network.php HTTP/1.1" 404 45067 "-" "Mozilla/5.0 (Windows NT 10.0; Win64; x64) AppleWebKit/537.36 (KHTML, like Gecko) Chrome/120.0.0.0 Safari/537.36"
23.101.4.52 - - [27/Apr/2026:14:21:42 +0000] "GET /wp-login.php HTTP/1.1" 200 3807 "-" "Mozilla/5.0 (Windows NT 10.0; Win64; x64) AppleWebKit/537.36 (KHTML, like Gecko) Chrome/120.0.0.0 Safari/537.36"
23.101.4.52 - - [27/Apr/2026:14:21:45 +0000] "GET /abc.php HTTP/1.1" 404 45058 "-" "Mozilla/5.0 (Windows NT 10.0; Win64; x64) AppleWebKit/537.36 (KHTML, like Gecko) Chrome/120.0.0.0 Safari/537.36"
23.101.4.52 - - [27/Apr/2026:14:21:47 +0000] "GET /abcd.php HTTP/1.1" 404 45058 "-" "Mozilla/5.0 (Windows NT 10.0; Win64; x64) AppleWebKit/537.36 (KHTML, like Gecko) Chrome/120.0.0.0 Safari/537.36"
23.101.4.52 - - [27/Apr/2026:14:21:48 +0000] "GET /as.php HTTP/1.1" 404 45056 "-" "Mozilla/5.0 (Windows NT 10.0; Win64; x64) AppleWebKit/537.36 (KHTML, like Gecko) Chrome/120.0.0.0 Safari/537.36"
23.101.4.52 - - [27/Apr/2026:14:21:50 +0000] "GET /wp-trackback.php HTTP/1.1" 404 130 "-" "Mozilla/5.0 (Windows NT 10.0; Win64; x64) AppleWebKit/537.36 (KHTML, like Gecko) Chrome/120.0.0.0 Safari/537.36"
23.101.4.52 - - [27/Apr/2026:14:21:51 +0000] "GET /about.php HTTP/1.1" 404 45058 "-" "Mozilla/5.0 (Windows NT 10.0; Win64; x64) AppleWebKit/537.36 (KHTML, like Gecko) Chrome/120.0.0.0 Safari/537.36"
23.101.4.52 - - [27/Apr/2026:14:21:53 +0000] "GET /file.php HTTP/1.1" 404 45057 "-" "Mozilla/5.0 (Windows NT 10.0; Win64; x64) AppleWebKit/537.36 (KHTML, like Gecko) Chrome/120.0.0.0 Safari/537.36"
23.101.4.52 - - [27/Apr/2026:14:21:55 +0000] "GET /adminfuns.php HTTP/1.1" 404 45062 "-" "Mozilla/5.0 (Windows NT 10.0; Win64; x64) AppleWebKit/537.36 (KHTML, like Gecko) Chrome/120.0.0.0 Safari/537.36"
23.101.4.52 - - [27/Apr/2026:14:21:57 +0000] "GET /wp-good.php HTTP/1.1" 404 45060 "-" "Mozilla/5.0 (Windows NT 10.0; Win64; x64) AppleWebKit/537.36 (KHTML, like Gecko) Chrome/120.0.0.0 Safari/537.36"
23.101.4.52 - - [27/Apr/2026:14:21:59 +0000] "GET /xmlrpc.php HTTP/1.1" 404 45057 "-" "Mozilla/5.0 (Windows NT 10.0; Win64; x64) AppleWebKit/537.36 (KHTML, like Gecko) Chrome/120.0.0.0 Safari/537.36"
184.94.212.206 - - [27/Apr/2026:14:21:30 +0000] "GET /wp-admin/admin-ajax.php?action=wordfence_doScan&isFork=1&scanMode=standard&cronKey=f61679211e06e58a508df74439e221fc&signature=e74c6cc905640c4bd352c632749978f2b2ad410e7b981869f181230722b357ac HTTP/1.1" 200 - "-" "WordPress/6.9.4; https://ideainitself.com"
91.92.242.223 - - [27/Apr/2026:14:23:16 +0000] "POST /wp-login.php?action=register HTTP/1.1" 500 2431 "-" "-"
184.94.212.206 - - [27/Apr/2026:14:23:55 +0000] "POST /wp-cron.php?doing_wp_cron=1777299835.2959349155426025390625 HTTP/1.1" 200 - "-" "WordPress/6.9.4; https://ideainitself.com"
192.0.103.42 - - [27/Apr/2026:14:23:55 +0000] "HEAD / HTTP/1.1" 200 - "-" "jetmon/1.0 (Jetpack Site Uptime Monitor by WordPress.com)"
184.94.212.206 - - [27/Apr/2026:14:24:28 +0000] "POST /wp-cron.php?doing_wp_cron=1777299868.4791569709777832031250 HTTP/1.1" 200 - "-" "WordPress/6.9.4; https://ideainitself.com"
184.94.212.206 - - [27/Apr/2026:14:23:54 +0000] "GET /wp-admin/admin-ajax.php?action=wordfence_doScan&isFork=1&scanMode=standard&cronKey=c64eebc64700da86c5408ac650df1ffd&signature=c033b8ee377568395c39930692db710b038a353927ec66de6019c52dbb14889e HTTP/1.1" 200 - "-" "WordPress/6.9.4; https://ideainitself.com"
184.94.212.206 - - [27/Apr/2026:14:25:00 +0000] "POST /wp-cron.php?doing_wp_cron=1777299900.3598198890686035156250 HTTP/1.1" 200 - "-" "WordPress/6.9.4; https://ideainitself.com"
184.94.212.206 - - [27/Apr/2026:14:24:27 +0000] "GET /wp-admin/admin-ajax.php?action=wordfence_doScan&isFork=1&scanMode=standard&cronKey=11ac92ee4ac0cab24d569b0174d66cd3&signature=00783c82d4dcfc89a8eb0842380fee00826f78f1e1516ae98c14bc21a51e4f49 HTTP/1.1" 200 - "-" "WordPress/6.9.4; https://ideainitself.com"
184.94.212.206 - - [27/Apr/2026:14:25:32 +0000] "POST /wp-cron.php?doing_wp_cron=1777299932.3053410053253173828125 HTTP/1.1" 200 - "-" "WordPress/6.9.4; https://ideainitself.com"
184.94.212.206 - - [27/Apr/2026:14:24:59 +0000] "GET /wp-admin/admin-ajax.php?action=wordfence_doScan&isFork=1&scanMode=standard&cronKey=b323064f3bca4adb9bb869ca09b43760&signature=51a6671a88a5ef97bd28054cff58011a77f76b8db8e8b8c39ca617311b43ce48 HTTP/1.1" 200 - "-" "WordPress/6.9.4; https://ideainitself.com"
184.94.212.206 - - [27/Apr/2026:14:26:04 +0000] "POST /wp-cron.php?doing_wp_cron=1777299964.9165039062500000000000 HTTP/1.1" 200 - "-" "WordPress/6.9.4; https://ideainitself.com"
184.94.212.206 - - [27/Apr/2026:14:25:31 +0000] "GET /wp-admin/admin-ajax.php?action=wordfence_doScan&isFork=1&scanMode=standard&cronKey=d4dd9d0eda1e692dd81ce0ed2c50f733&signature=8e653411087fdac51e914ca254227de0fc5c9776a09d885958eaa519b9e348f0 HTTP/1.1" 200 - "-" "WordPress/6.9.4; https://ideainitself.com"
184.94.212.206 - - [27/Apr/2026:14:26:03 +0000] "GET /wp-admin/admin-ajax.php?action=wordfence_doScan&isFork=1&scanMode=standard&cronKey=4d4167a78f56c2bc7e7294226939e2a8&signature=f632147b0edd7ce42514170a1f93075fb8384dd7c877c9b2c122818a15c1c039 HTTP/1.1" 200 - "-" "WordPress/6.9.4; https://ideainitself.com"
184.94.212.206 - - [27/Apr/2026:14:27:10 +0000] "POST /wp-cron.php?doing_wp_cron=1777300030.5986340045928955078125 HTTP/1.1" 200 - "-" "WordPress/6.9.4; https://ideainitself.com"
184.94.212.206 - - [27/Apr/2026:14:26:36 +0000] "GET /wp-admin/admin-ajax.php?action=wordfence_doScan&isFork=1&scanMode=standard&cronKey=12c1b04771b8a223c2d37aaccb75907b&signature=29080935bbf4b346b900456f6446196c790d17ba79ad011dc8cf198e36ab4032 HTTP/1.1" 200 - "-" "WordPress/6.9.4; https://ideainitself.com"
184.94.212.206 - - [27/Apr/2026:14:27:42 +0000] "POST /wp-cron.php?doing_wp_cron=1777300062.6320710182189941406250 HTTP/1.1" 200 - "-" "WordPress/6.9.4; https://ideainitself.com"
184.94.212.206 - - [27/Apr/2026:14:27:09 +0000] "GET /wp-admin/admin-ajax.php?action=wordfence_doScan&isFork=1&scanMode=standard&cronKey=af8d9d64e31ff9f072dc2b85cb962dc0&signature=3a32264b73aec3ddf79ecd2bb05b1b7bc71cf3351a52a9c098444b99d46cee03 HTTP/1.1" 200 - "-" "WordPress/6.9.4; https://ideainitself.com"
184.94.212.206 - - [27/Apr/2026:14:27:52 +0000] "POST /wp-cron.php?doing_wp_cron=1777300072.0129110813140869140625 HTTP/1.1" 200 - "-" "WordPress/6.9.4; https://ideainitself.com"
192.0.103.42 - - [27/Apr/2026:14:27:50 +0000] "HEAD / HTTP/1.1" 200 - "-" "jetmon/1.0 (Jetpack Site Uptime Monitor by WordPress.com)"
184.94.212.206 - - [27/Apr/2026:14:28:14 +0000] "POST /wp-cron.php?doing_wp_cron=1777300094.6565959453582763671875 HTTP/1.1" 200 - "-" "WordPress/6.9.4; https://ideainitself.com"
184.94.212.206 - - [27/Apr/2026:14:27:41 +0000] "GET /wp-admin/admin-ajax.php?action=wordfence_doScan&isFork=1&scanMode=standard&cronKey=26cc6223f7e3c72831f88e010cee5dbf&signature=baf6babacad208f0c32c1e8a4d0551e1a17efbb431aaa6304e35a80d569e5e3b HTTP/1.1" 200 - "-" "WordPress/6.9.4; https://ideainitself.com"
184.94.212.206 - - [27/Apr/2026:14:28:13 +0000] "GET /wp-admin/admin-ajax.php?action=wordfence_doScan&isFork=1&scanMode=standard&cronKey=ed202401fca69fa629e55064cde14d77&signature=3210973150c7e4032db0f0a9e8e40774b5edebd2db68439aee3b2e1e795ebd0d HTTP/1.1" 200 - "-" "WordPress/6.9.4; https://ideainitself.com"
184.94.212.206 - - [27/Apr/2026:14:29:18 +0000] "POST /wp-cron.php?doing_wp_cron=1777300158.2973721027374267578125 HTTP/1.1" 200 - "-" "WordPress/6.9.4; https://ideainitself.com"
184.94.212.206 - - [27/Apr/2026:14:28:45 +0000] "GET /wp-admin/admin-ajax.php?action=wordfence_doScan&isFork=1&scanMode=standard&cronKey=de8d3d68d072458a3f9da0ad86789715&signature=c2fee515a457be91642e4f6beba13d7bb2462d499d6b99f61ce2bb13b9c2c79c HTTP/1.1" 200 - "-" "WordPress/6.9.4; https://ideainitself.com"
184.94.212.206 - - [27/Apr/2026:14:29:50 +0000] "POST /wp-cron.php?doing_wp_cron=1777300190.8184189796447753906250 HTTP/1.1" 200 - "-" "WordPress/6.9.4; https://ideainitself.com"
184.94.212.206 - - [27/Apr/2026:14:29:17 +0000] "GET /wp-admin/admin-ajax.php?action=wordfence_doScan&isFork=1&scanMode=standard&cronKey=f8f981e95e094205bb2e389a661851e4&signature=ba1c95a0d4b6ecbcc71b5d1922284558c683f7e222b8778b42050c946a177b39 HTTP/1.1" 200 - "-" "WordPress/6.9.4; https://ideainitself.com"
184.94.212.206 - - [27/Apr/2026:14:30:23 +0000] "POST /wp-cron.php?doing_wp_cron=1777300223.8380720615386962890625 HTTP/1.1" 200 - "-" "WordPress/6.9.4; https://ideainitself.com"
184.94.212.206 - - [27/Apr/2026:14:29:49 +0000] "GET /wp-admin/admin-ajax.php?action=wordfence_doScan&isFork=1&scanMode=standard&cronKey=6dd52b3227a724bc0a62d03a6bbc8232&signature=3d80ae97dece4145ff34531ad356e96a03dbc558cc398e044c18586a7cc75e7b HTTP/1.1" 200 - "-" "WordPress/6.9.4; https://ideainitself.com"
184.94.212.206 - - [27/Apr/2026:14:30:56 +0000] "POST /wp-cron.php?doing_wp_cron=1777300256.4210228919982910156250 HTTP/1.1" 200 - "-" "WordPress/6.9.4; https://ideainitself.com"
184.94.212.206 - - [27/Apr/2026:14:30:22 +0000] "GET /wp-admin/admin-ajax.php?action=wordfence_doScan&isFork=1&scanMode=standard&cronKey=c27c7508c4fd01dd74f7b31688e2f881&signature=373d47a7bffb3033cf6566874661341c4b4006c2c07737423709c7ab051858ec HTTP/1.1" 200 - "-" "WordPress/6.9.4; https://ideainitself.com"
184.94.212.206 - - [27/Apr/2026:14:31:28 +0000] "POST /wp-cron.php?doing_wp_cron=1777300288.2850570678710937500000 HTTP/1.1" 200 - "-" "WordPress/6.9.4; https://ideainitself.com"
184.94.212.206 - - [27/Apr/2026:14:30:55 +0000] "GET /wp-admin/admin-ajax.php?action=wordfence_doScan&isFork=1&scanMode=standard&cronKey=9901063a47c9e173384422047a354fae&signature=3e7d76e874a4ad17dbe6e11a1d2d296cf031f7672e3cbed95518d904311c0139 HTTP/1.1" 200 - "-" "WordPress/6.9.4; https://ideainitself.com"
184.94.212.206 - - [27/Apr/2026:14:32:00 +0000] "POST /wp-cron.php?doing_wp_cron=1777300320.8047719001770019531250 HTTP/1.1" 200 - "-" "WordPress/6.9.4; https://ideainitself.com"
184.94.212.206 - - [27/Apr/2026:14:31:27 +0000] "GET /wp-admin/admin-ajax.php?action=wordfence_doScan&isFork=1&scanMode=standard&cronKey=a681bb5112f00b0c58e235242d06ecd3&signature=1adca339f7622e24aa9bd548c11fbec41bc1a55a14c5da3d9552dc34145954c0 HTTP/1.1" 200 - "-" "WordPress/6.9.4; https://ideainitself.com"
114.119.146.114 - - [27/Apr/2026:14:32:03 +0000] "GET /how-working-too-long-can-harm-our-productivity/?share=pocket HTTP/1.1" 200 57465 "https://ideainitself.com/how-working-too-long-can-harm-our-productivity/?share=pocket" "Mozilla/5.0 (Linux; Android 7.0;) AppleWebKit/537.36 (HTML, like Gecko) Mobile Safari/537.36 (compatible; PetalBot;+https://webmaster.petalsearch.com/site/petalbot)"
184.94.212.206 - - [27/Apr/2026:14:31:59 +0000] "GET /wp-admin/admin-ajax.php?action=wordfence_doScan&isFork=1&scanMode=standard&cronKey=c9e0f378cbef331db9611b51a67711b2&signature=d8f71e4b3448c2f2dd5717f631242626a235acf559868c6af5dd7f54a409a912 HTTP/1.1" 200 - "-" "WordPress/6.9.4; https://ideainitself.com"
192.0.103.42 - - [27/Apr/2026:14:32:50 +0000] "HEAD / HTTP/1.1" 200 - "-" "jetmon/1.0 (Jetpack Site Uptime Monitor by WordPress.com)"
184.94.212.206 - - [27/Apr/2026:14:33:05 +0000] "POST /wp-cron.php?doing_wp_cron=1777300385.3499689102172851562500 HTTP/1.1" 200 - "-" "WordPress/6.9.4; https://ideainitself.com"
184.94.212.206 - - [27/Apr/2026:14:32:32 +0000] "GET /wp-admin/admin-ajax.php?action=wordfence_doScan&isFork=1&scanMode=standard&cronKey=342891faf2b69a1104c372a9965fce9f&signature=3ba4f4b129a2bc1ca18e4bdaa9baed574fc61c4af6513c7956aab40cadc28569 HTTP/1.1" 200 - "-" "WordPress/6.9.4; https://ideainitself.com"
216.73.217.60 - - [27/Apr/2026:14:33:26 +0000] "GET /robots.txt HTTP/1.1" 200 115 "-" "Mozilla/5.0 AppleWebKit/537.36 (KHTML, like Gecko; compatible; ClaudeBot/1.0; +claudebot@anthropic.com)"
216.73.217.60 - - [27/Apr/2026:14:33:26 +0000] "GET /author/n1ch3p4cks/ HTTP/1.1" 200 53296 "-" "Mozilla/5.0 AppleWebKit/537.36 (KHTML, like Gecko; compatible; ClaudeBot/1.0; +claudebot@anthropic.com)"
184.94.212.206 - - [27/Apr/2026:14:33:37 +0000] "POST /wp-cron.php?doing_wp_cron=1777300417.9639730453491210937500 HTTP/1.1" 200 - "-" "WordPress/6.9.4; https://ideainitself.com"
184.94.212.206 - - [27/Apr/2026:14:33:04 +0000] "GET /wp-admin/admin-ajax.php?action=wordfence_doScan&isFork=1&scanMode=standard&cronKey=6f556ce0dcbd6d720145a9b2b7a3d680&signature=afffb901b633d68b0eeb90b2fab7d27cad76c7b5c2f5554c7ebdab5c69b56e4e HTTP/1.1" 200 - "-" "WordPress/6.9.4; https://ideainitself.com"
184.94.212.206 - - [27/Apr/2026:14:34:10 +0000] "POST /wp-cron.php?doing_wp_cron=1777300450.9677178859710693359375 HTTP/1.1" 200 - "-" "WordPress/6.9.4; https://ideainitself.com"
184.94.212.206 - - [27/Apr/2026:14:33:36 +0000] "GET /wp-admin/admin-ajax.php?action=wordfence_doScan&isFork=1&scanMode=standard&cronKey=47128e59e745122f83fd926a9625f727&signature=d0e565ec88cc97e8ab39623b216f033bdae06ed4ea91486dd5ff61cd576f5e1f HTTP/1.1" 200 - "-" "WordPress/6.9.4; https://ideainitself.com"
184.94.212.206 - - [27/Apr/2026:14:34:44 +0000] "POST /wp-cron.php?doing_wp_cron=1777300484.5450279712677001953125 HTTP/1.1" 200 - "-" "WordPress/6.9.4; https://ideainitself.com"
184.94.212.206 - - [27/Apr/2026:14:34:09 +0000] "GET /wp-admin/admin-ajax.php?action=wordfence_doScan&isFork=1&scanMode=standard&cronKey=60a0dfb528834b6c84a15138ac06fcfd&signature=ab55125c26720a371c1ddb73c807d03cbe436ab64f5110dbd5d22426f5bce2d8 HTTP/1.1" 200 - "-" "WordPress/6.9.4; https://ideainitself.com"
216.73.217.60 - - [27/Apr/2026:14:35:06 +0000] "GET /why-does-the-pomodoro-technique-work-so-well/feed/ HTTP/1.1" 200 504 "-" "Mozilla/5.0 AppleWebKit/537.36 (KHTML, like Gecko; compatible; ClaudeBot/1.0; +claudebot@anthropic.com)"
184.94.212.206 - - [27/Apr/2026:14:35:18 +0000] "POST /wp-cron.php?doing_wp_cron=1777300518.0143439769744873046875 HTTP/1.1" 200 - "-" "WordPress/6.9.4; https://ideainitself.com"
184.94.212.206 - - [27/Apr/2026:14:34:43 +0000] "GET /wp-admin/admin-ajax.php?action=wordfence_doScan&isFork=1&scanMode=standard&cronKey=3abf26a1d9e6fc3e3ef571875fe3422f&signature=b4c309d663e73bdfa0c64ef72b5c2e1c2f0804952caa3306ed198785f0a3c876 HTTP/1.1" 200 - "-" "WordPress/6.9.4; https://ideainitself.com"
184.94.212.206 - - [27/Apr/2026:14:35:17 +0000] "GET /wp-admin/admin-ajax.php?action=wordfence_doScan&isFork=1&scanMode=standard&cronKey=1564c69c2f7c5bcdf41d19f221a8dfaa&signature=48a26daaef8f249d1017e56208a3e03cb69c1d29cbadd82e81a04191d5155416 HTTP/1.1" 200 - "-" "WordPress/6.9.4; https://ideainitself.com"
184.94.212.206 - - [27/Apr/2026:14:36:22 +0000] "POST /wp-cron.php?doing_wp_cron=1777300582.5069849491119384765625 HTTP/1.1" 200 - "-" "WordPress/6.9.4; https://ideainitself.com"
184.94.212.206 - - [27/Apr/2026:14:35:49 +0000] "GET /wp-admin/admin-ajax.php?action=wordfence_doScan&isFork=1&scanMode=standard&cronKey=121599873123661f9aba2f94dfd20d3a&signature=a7442a07ae62875026255965067167241d7e99d79911c17015335672f060e30d HTTP/1.1" 200 - "-" "WordPress/6.9.4; https://ideainitself.com"
184.94.212.206 - - [27/Apr/2026:14:36:55 +0000] "POST /wp-cron.php?doing_wp_cron=1777300615.3041779994964599609375 HTTP/1.1" 200 - "-" "WordPress/6.9.4; https://ideainitself.com"
184.94.212.206 - - [27/Apr/2026:14:36:21 +0000] "GET /wp-admin/admin-ajax.php?action=wordfence_doScan&isFork=1&scanMode=standard&cronKey=ff6d8ab9ead0c6aff517ba92df670031&signature=006ccfd1c046a94826e02738bf0b0675649230cb58ddc8b6344579c116cb20d0 HTTP/1.1" 200 - "-" "WordPress/6.9.4; https://ideainitself.com"
184.94.212.206 - - [27/Apr/2026:14:37:27 +0000] "POST /wp-cron.php?doing_wp_cron=1777300647.3386609554290771484375 HTTP/1.1" 200 - "-" "WordPress/6.9.4; https://ideainitself.com"
184.94.212.206 - - [27/Apr/2026:14:36:54 +0000] "GET /wp-admin/admin-ajax.php?action=wordfence_doScan&isFork=1&scanMode=standard&cronKey=950b25bf4b58f2f3a3df551bc9acdb2d&signature=a69fc37dd5b4c1eb850f04e9fd96baca75ed705ce745b14cfd28aff55c571c22 HTTP/1.1" 200 - "-" "WordPress/6.9.4; https://ideainitself.com"
192.0.103.42 - - [27/Apr/2026:14:37:48 +0000] "HEAD / HTTP/1.1" 200 - "-" "jetmon/1.0 (Jetpack Site Uptime Monitor by WordPress.com)"
184.94.212.206 - - [27/Apr/2026:14:37:59 +0000] "POST /wp-cron.php?doing_wp_cron=1777300679.9185199737548828125000 HTTP/1.1" 200 - "-" "WordPress/6.9.4; https://ideainitself.com"
184.94.212.206 - - [27/Apr/2026:14:37:26 +0000] "GET /wp-admin/admin-ajax.php?action=wordfence_doScan&isFork=1&scanMode=standard&cronKey=ce786309d7a25a525e9c5e3c2ab22414&signature=7721992ce39625120470a085cfdeda07c6172d27a19d747ad5452e680d70982f HTTP/1.1" 200 - "-" "WordPress/6.9.4; https://ideainitself.com"
216.73.217.60 - - [27/Apr/2026:14:38:08 +0000] "GET /category/productivity/ HTTP/1.1" 200 52429 "-" "Mozilla/5.0 AppleWebKit/537.36 (KHTML, like Gecko; compatible; ClaudeBot/1.0; +claudebot@anthropic.com)"
184.94.212.206 - - [27/Apr/2026:14:37:58 +0000] "GET /wp-admin/admin-ajax.php?action=wordfence_doScan&isFork=1&scanMode=standard&cronKey=d87bc19226db92605f5e4655002da18e&signature=81114fb8679f2281befc7e51f5a7d130a637a94b186b540e863a10078d8ba89a HTTP/1.1" 200 - "-" "WordPress/6.9.4; https://ideainitself.com"
216.73.217.60 - - [27/Apr/2026:14:38:33 +0000] "GET /tag/pomodoro/ HTTP/1.1" 200 50311 "-" "Mozilla/5.0 AppleWebKit/537.36 (KHTML, like Gecko; compatible; ClaudeBot/1.0; +claudebot@anthropic.com)"
184.94.212.206 - - [27/Apr/2026:14:39:05 +0000] "POST /wp-cron.php?doing_wp_cron=1777300745.3004949092864990234375 HTTP/1.1" 200 - "-" "WordPress/6.9.4; https://ideainitself.com"
184.94.212.206 - - [27/Apr/2026:14:38:31 +0000] "GET /wp-admin/admin-ajax.php?action=wordfence_doScan&isFork=1&scanMode=standard&cronKey=db80e5ffe787050933f55f56e86a11f8&signature=cb9a79741c4f17f9477d1e1ea31af38ffb1e73e7a0b5e79e129e11ad00da7a10 HTTP/1.1" 200 - "-" "WordPress/6.9.4; https://ideainitself.com"
184.94.212.206 - - [27/Apr/2026:14:39:06 +0000] "POST /wp-cron.php?doing_wp_cron=1777300746.3057661056518554687500 HTTP/1.1" 200 - "-" "WordPress/6.9.4; https://ideainitself.com"
216.73.217.60 - - [27/Apr/2026:14:39:04 +0000] "GET /tag/procrastination/ HTTP/1.1" 200 49909 "-" "Mozilla/5.0 AppleWebKit/537.36 (KHTML, like Gecko; compatible; ClaudeBot/1.0; +claudebot@anthropic.com)"
113.176.126.253 - - [27/Apr/2026:14:39:25 +0000] "GET / HTTP/1.1" 200 52156 "-" "Mozilla/5.0 (Macintosh; Intel Mac OS X 12_5_1) AppleWebKit/537.36 (KHTML, like Gecko) Chrome/127.0.6533.120 Safari/537.36"
216.73.217.60 - - [27/Apr/2026:14:39:36 +0000] "GET /sitemap.xml HTTP/1.1" 200 246 "-" "Mozilla/5.0 AppleWebKit/537.36 (KHTML, like Gecko; compatible; ClaudeBot/1.0; +claudebot@anthropic.com)"
184.94.212.206 - - [27/Apr/2026:14:39:38 +0000] "POST /wp-cron.php?doing_wp_cron=1777300778.3678219318389892578125 HTTP/1.1" 200 - "-" "WordPress/6.9.4; https://ideainitself.com"
184.94.212.206 - - [27/Apr/2026:14:39:04 +0000] "GET /wp-admin/admin-ajax.php?action=wordfence_doScan&isFork=1&scanMode=standard&cronKey=5ef4453322d696f2c794ee9cc489d618&signature=9ce7fb595b993edda627d51433acb8acfb92ac965b2360b1676cb5738bb5ade7 HTTP/1.1" 200 - "-" "WordPress/6.9.4; https://ideainitself.com"
184.94.212.206 - - [27/Apr/2026:14:40:10 +0000] "POST /wp-cron.php?doing_wp_cron=1777300810.3556470870971679687500 HTTP/1.1" 200 - "-" "WordPress/6.9.4; https://ideainitself.com"
184.94.212.206 - - [27/Apr/2026:14:39:37 +0000] "GET /wp-admin/admin-ajax.php?action=wordfence_doScan&isFork=1&scanMode=standard&cronKey=45ac0499250a9f21c45f8a9c9e1d3a5f&signature=1b0d53b38c63e951832141e2ac899bedbd07598efaae17a494076e6b6aa079cf HTTP/1.1" 200 - "-" "WordPress/6.9.4; https://ideainitself.com"
184.94.212.206 - - [27/Apr/2026:14:40:09 +0000] "GET /wp-admin/admin-ajax.php?action=wordfence_doScan&isFork=1&scanMode=standard&cronKey=22972df6727d2d12b3ab1d8a20439458&signature=f5fbd5711e783ec12b8bb0395397f974731660c69c9e79a5c931d9c90413ffa1 HTTP/1.1" 200 - "-" "WordPress/6.9.4; https://ideainitself.com"
91.92.242.223 - - [27/Apr/2026:14:40:46 +0000] "POST /wp-login.php?action=register HTTP/1.1" 500 188 "-" "-"
184.94.212.206 - - [27/Apr/2026:14:41:14 +0000] "POST /wp-cron.php?doing_wp_cron=1777300874.7696700096130371093750 HTTP/1.1" 200 - "-" "WordPress/6.9.4; https://ideainitself.com"
184.94.212.206 - - [27/Apr/2026:14:40:41 +0000] "GET /wp-admin/admin-ajax.php?action=wordfence_doScan&isFork=1&scanMode=standard&cronKey=75839d6c995a510e9a4285941cb70f28&signature=bb5dd3415b347bc08ae128ed90111036675d9b480a0dd657e7e8e6a52a2988e2 HTTP/1.1" 200 - "-" "WordPress/6.9.4; https://ideainitself.com"
184.94.212.206 - - [27/Apr/2026:14:41:46 +0000] "POST /wp-cron.php?doing_wp_cron=1777300906.4913170337677001953125 HTTP/1.1" 200 - "-" "WordPress/6.9.4; https://ideainitself.com"
184.94.212.206 - - [27/Apr/2026:14:41:13 +0000] "GET /wp-admin/admin-ajax.php?action=wordfence_doScan&isFork=1&scanMode=standard&cronKey=272f07056add023c34a62831dd77f42f&signature=989d78c3d26faba7fc9bf6108d04c5e61e59948ec0d96fb75e2fca549f7fdc2d HTTP/1.1" 200 - "-" "WordPress/6.9.4; https://ideainitself.com"
184.94.212.206 - - [27/Apr/2026:14:42:18 +0000] "POST /wp-cron.php?doing_wp_cron=1777300938.2631480693817138671875 HTTP/1.1" 200 - "-" "WordPress/6.9.4; https://ideainitself.com"
184.94.212.206 - - [27/Apr/2026:14:41:45 +0000] "GET /wp-admin/admin-ajax.php?action=wordfence_doScan&isFork=1&scanMode=standard&cronKey=a281221e612a87ebf5f7bf4fadb50c73&signature=7bdf14b7def50f2a29c17674cacf296962b981c80383adbcc8c1d4718c1f5dec HTTP/1.1" 200 - "-" "WordPress/6.9.4; https://ideainitself.com"
184.94.212.206 - - [27/Apr/2026:14:42:50 +0000] "POST /wp-cron.php?doing_wp_cron=1777300970.9837450981140136718750 HTTP/1.1" 200 - "-" "WordPress/6.9.4; https://ideainitself.com"
184.94.212.206 - - [27/Apr/2026:14:42:17 +0000] "GET /wp-admin/admin-ajax.php?action=wordfence_doScan&isFork=1&scanMode=standard&cronKey=dbbf2791139728cae14bfd1048392cf0&signature=457579182d1cf0a626532d69b73ead1e112e7764107d1701025aecb4a5e98227 HTTP/1.1" 200 - "-" "WordPress/6.9.4; https://ideainitself.com"
57.141.18.91 - - [27/Apr/2026:14:42:50 +0000] "GET /image-sitemap-1.xml HTTP/1.1" 200 7177 "-" "meta-externalagent/1.1 (+https://developers.facebook.com/docs/sharing/webmasters/crawler)"
192.0.103.42 - - [27/Apr/2026:14:42:51 +0000] "HEAD / HTTP/1.1" 200 - "-" "jetmon/1.0 (Jetpack Site Uptime Monitor by WordPress.com)"
52.203.152.231 - - [27/Apr/2026:14:43:14 +0000] "GET /three-benefits-of-working-in-short-bursts/ HTTP/1.1" 200 57421 "-" "Mozilla/5.0 AppleWebKit/537.36 (KHTML, like Gecko; compatible; Amazonbot/0.1; +https://developer.amazon.com/support/amazonbot) Chrome/119.0.6045.214 Safari/537.36"
184.94.212.206 - - [27/Apr/2026:14:43:23 +0000] "POST /wp-cron.php?doing_wp_cron=1777301003.7441389560699462890625 HTTP/1.1" 200 - "-" "WordPress/6.9.4; https://ideainitself.com"
184.94.212.206 - - [27/Apr/2026:14:42:49 +0000] "GET /wp-admin/admin-ajax.php?action=wordfence_doScan&isFork=1&scanMode=standard&cronKey=e4883506797a17c4e8457157df22183a&signature=042de3449f72a667b52fe3cc53e652655c7205be9d4e8ed61ca551c34fa7e5e9 HTTP/1.1" 200 - "-" "WordPress/6.9.4; https://ideainitself.com"
184.94.212.206 - - [27/Apr/2026:14:43:22 +0000] "GET /wp-admin/admin-ajax.php?action=wordfence_doScan&isFork=1&scanMode=standard&cronKey=54216ee4179f3dca82667ad122894718&signature=17c356f68cec61c2dda73dfd5c071309728c837f662b949d8721bb54524a5736 HTTP/1.1" 200 - "-" "WordPress/6.9.4; https://ideainitself.com"
184.94.212.206 - - [27/Apr/2026:14:44:28 +0000] "POST /wp-cron.php?doing_wp_cron=1777301067.9925010204315185546875 HTTP/1.1" 200 - "-" "WordPress/6.9.4; https://ideainitself.com"
184.94.212.206 - - [27/Apr/2026:14:43:54 +0000] "GET /wp-admin/admin-ajax.php?action=wordfence_doScan&isFork=1&scanMode=standard&cronKey=f0e2ec98f14a622fe17414563897a4f1&signature=a29fe7767a79335ad539b914d10d7fcfcd9d50d14bea62e64627f2ff4c28297e HTTP/1.1" 200 - "-" "WordPress/6.9.4; https://ideainitself.com"
184.94.212.206 - - [27/Apr/2026:14:45:00 +0000] "POST /wp-cron.php?doing_wp_cron=1777301100.6084089279174804687500 HTTP/1.1" 200 - "-" "WordPress/6.9.4; https://ideainitself.com"
184.94.212.206 - - [27/Apr/2026:14:44:26 +0000] "GET /wp-admin/admin-ajax.php?action=wordfence_doScan&isFork=1&scanMode=standard&cronKey=fd343ffd362d824230abe0ae05b8dfd5&signature=6a6b472857d8afd87264b851190f6eeb05ba9723845651587e84aa6d6aa73d25 HTTP/1.1" 200 - "-" "WordPress/6.9.4; https://ideainitself.com"
184.94.212.206 - - [27/Apr/2026:14:45:32 +0000] "POST /wp-cron.php?doing_wp_cron=1777301132.7684350013732910156250 HTTP/1.1" 200 - "-" "WordPress/6.9.4; https://ideainitself.com"
184.94.212.206 - - [27/Apr/2026:14:44:59 +0000] "GET /wp-admin/admin-ajax.php?action=wordfence_doScan&isFork=1&scanMode=standard&cronKey=0ea6b0fa5cd60f5ebe363715e657f4f4&signature=57bb630691ecf4af223cefc72609430275a00ca637c9ca1db25f7bc6f7e4d95c HTTP/1.1" 200 - "-" "WordPress/6.9.4; https://ideainitself.com"
91.92.242.223 - - [27/Apr/2026:14:45:29 +0000] "POST /wp-login.php?action=register HTTP/1.1" 500 188 "-" "-"
184.94.212.206 - - [27/Apr/2026:14:46:05 +0000] "POST /wp-cron.php?doing_wp_cron=1777301165.5918729305267333984375 HTTP/1.1" 200 - "-" "WordPress/6.9.4; https://ideainitself.com"
184.94.212.206 - - [27/Apr/2026:14:45:31 +0000] "GET /wp-admin/admin-ajax.php?action=wordfence_doScan&isFork=1&scanMode=standard&cronKey=3b6e09ab0a19f2ccfb2cfd9bed526936&signature=1247e65ddaf661008d30e0a87700635a46d609c17b63b133bcc2c77344eda85b HTTP/1.1" 200 - "-" "WordPress/6.9.4; https://ideainitself.com"
184.94.212.206 - - [27/Apr/2026:14:46:04 +0000] "GET /wp-admin/admin-ajax.php?action=wordfence_doScan&isFork=1&scanMode=standard&cronKey=7ae9dc5e86d208ad02e4538101eb3bd9&signature=4d727b8083f2b0d617adb8b6c3156dc194d673c9d39f5c315a7f4d533667dd95 HTTP/1.1" 200 - "-" "WordPress/6.9.4; https://ideainitself.com"
184.94.212.206 - - [27/Apr/2026:14:47:09 +0000] "POST /wp-cron.php?doing_wp_cron=1777301229.5122869014739990234375 HTTP/1.1" 200 - "-" "WordPress/6.9.4; https://ideainitself.com"
184.94.212.206 - - [27/Apr/2026:14:46:36 +0000] "GET /wp-admin/admin-ajax.php?action=wordfence_doScan&isFork=1&scanMode=standard&cronKey=268d9d6fe35abcc5275be13c248b5ada&signature=1cd316c659284f66bcba2af7a1db2e7adb3cb3621a460a25643f00953af86e51 HTTP/1.1" 200 - "-" "WordPress/6.9.4; https://ideainitself.com"
184.94.212.206 - - [27/Apr/2026:14:47:41 +0000] "POST /wp-cron.php?doing_wp_cron=1777301261.2281780242919921875000 HTTP/1.1" 200 - "-" "WordPress/6.9.4; https://ideainitself.com"
184.94.212.206 - - [27/Apr/2026:14:47:08 +0000] "GET /wp-admin/admin-ajax.php?action=wordfence_doScan&isFork=1&scanMode=standard&cronKey=11a644dd73bbbe8958dea2f0162ce5b4&signature=9f4b52aa74901f7e6403a709ed823baf8b59c9e30737ef8ded02af32997fb41c HTTP/1.1" 200 - "-" "WordPress/6.9.4; https://ideainitself.com"
184.94.212.206 - - [27/Apr/2026:14:47:51 +0000] "POST /wp-cron.php?doing_wp_cron=1777301271.4202029705047607421875 HTTP/1.1" 200 - "-" "WordPress/6.9.4; https://ideainitself.com"
192.0.103.42 - - [27/Apr/2026:14:47:50 +0000] "HEAD / HTTP/1.1" 200 - "-" "jetmon/1.0 (Jetpack Site Uptime Monitor by WordPress.com)"
185.191.171.12 - - [27/Apr/2026:14:48:04 +0000] "GET /robots.txt HTTP/1.1" 403 143 "-" "Mozilla/5.0 (compatible; SemrushBot/7~bl; +http://www.semrush.com/bot.html)"
185.191.171.12 - - [27/Apr/2026:14:48:06 +0000] "GET /when-my-creative-block-helps-me-brainstorm-surviving-your-brains-worst-roommate/ HTTP/1.1" 200 56840 "-" "Mozilla/5.0 (compatible; SemrushBot/7~bl; +http://www.semrush.com/bot.html)"
184.94.212.206 - - [27/Apr/2026:14:48:13 +0000] "POST /wp-cron.php?doing_wp_cron=1777301293.9506049156188964843750 HTTP/1.1" 200 - "-" "WordPress/6.9.4; https://ideainitself.com"
184.94.212.206 - - [27/Apr/2026:14:47:40 +0000] "GET /wp-admin/admin-ajax.php?action=wordfence_doScan&isFork=1&scanMode=standard&cronKey=5298d9e1335caa2d9027ab1855d55978&signature=3499553eb04c2660dd9cee7313506af2344393e676c0b07dfadc14842d9522c8 HTTP/1.1" 200 - "-" "WordPress/6.9.4; https://ideainitself.com"
184.94.212.206 - - [27/Apr/2026:14:48:12 +0000] "GET /wp-admin/admin-ajax.php?action=wordfence_doScan&isFork=1&scanMode=standard&cronKey=cc3c941859f5bf3fcf377a5be597c971&signature=ef8c26f51113b73b2085ad429ee03a6f0fd17da001cab6b55c329c65f9328f7a HTTP/1.1" 200 - "-" "WordPress/6.9.4; https://ideainitself.com"
114.119.133.204 - - [27/Apr/2026:14:48:46 +0000] "GET /how-working-too-long-can-harm-our-productivity/?share=pinterest HTTP/1.1" 302 - "https://ideainitself.com/how-working-too-long-can-harm-our-productivity/?share=pocket" "Mozilla/5.0 (Linux; Android 7.0;) AppleWebKit/537.36 (HTML, like Gecko) Mobile Safari/537.36 (compatible; PetalBot;+https://webmaster.petalsearch.com/site/petalbot)"
184.94.212.206 - - [27/Apr/2026:14:49:18 +0000] "POST /wp-cron.php?doing_wp_cron=1777301358.8143529891967773437500 HTTP/1.1" 200 - "-" "WordPress/6.9.4; https://ideainitself.com"
184.94.212.206 - - [27/Apr/2026:14:48:45 +0000] "GET /wp-admin/admin-ajax.php?action=wordfence_doScan&isFork=1&scanMode=standard&cronKey=4a4414029e9079ba2287bb64df53ae0f&signature=f204a05e647db266e9fcdfce424c9c59ec68c8e7f4304e19abbca281d7add24d HTTP/1.1" 200 - "-" "WordPress/6.9.4; https://ideainitself.com"
184.94.212.206 - - [27/Apr/2026:14:49:51 +0000] "POST /wp-cron.php?doing_wp_cron=1777301391.4701199531555175781250 HTTP/1.1" 200 - "-" "WordPress/6.9.4; https://ideainitself.com"
184.94.212.206 - - [27/Apr/2026:14:49:17 +0000] "GET /wp-admin/admin-ajax.php?action=wordfence_doScan&isFork=1&scanMode=standard&cronKey=eac0a323c0e5eabe16bc8cc2ad963eaa&signature=a8acc555b0652c54b92d5bf74cfcb884b5f140ffb54566e27fb7399ee37352e0 HTTP/1.1" 200 - "-" "WordPress/6.9.4; https://ideainitself.com"
184.94.212.206 - - [27/Apr/2026:14:50:23 +0000] "POST /wp-cron.php?doing_wp_cron=1777301423.7085649967193603515625 HTTP/1.1" 200 - "-" "WordPress/6.9.4; https://ideainitself.com"
184.94.212.206 - - [27/Apr/2026:14:49:50 +0000] "GET /wp-admin/admin-ajax.php?action=wordfence_doScan&isFork=1&scanMode=standard&cronKey=b89aac627b3fee832988706f0603dd99&signature=7ebc75e23d48f4f86c93a01065d19649c82feb2b0f36c73879cf9ac97da34885 HTTP/1.1" 200 - "-" "WordPress/6.9.4; https://ideainitself.com"
184.94.212.206 - - [27/Apr/2026:14:50:56 +0000] "POST /wp-cron.php?doing_wp_cron=1777301456.5580239295959472656250 HTTP/1.1" 200 - "-" "WordPress/6.9.4; https://ideainitself.com"
184.94.212.206 - - [27/Apr/2026:14:50:22 +0000] "GET /wp-admin/admin-ajax.php?action=wordfence_doScan&isFork=1&scanMode=standard&cronKey=78a455b41ac0f58aad7576cc17b31335&signature=187d0dc910b58a73a780cd28522794c82f3a164faf54b4f44f88a23d52330b45 HTTP/1.1" 200 - "-" "WordPress/6.9.4; https://ideainitself.com"
184.94.212.206 - - [27/Apr/2026:14:51:28 +0000] "POST /wp-cron.php?doing_wp_cron=1777301488.3760321140289306640625 HTTP/1.1" 200 - "-" "WordPress/6.9.4; https://ideainitself.com"
184.94.212.206 - - [27/Apr/2026:14:50:55 +0000] "GET /wp-admin/admin-ajax.php?action=wordfence_doScan&isFork=1&scanMode=standard&cronKey=2eb3435e6353e9dc01ceefd388ae2396&signature=116653533c014812c58b8911bd5de86bace82f00c218c13e56e0c26f17ae2a25 HTTP/1.1" 200 - "-" "WordPress/6.9.4; https://ideainitself.com"
184.94.212.206 - - [27/Apr/2026:14:52:00 +0000] "POST /wp-cron.php?doing_wp_cron=1777301520.5270080566406250000000 HTTP/1.1" 200 - "-" "WordPress/6.9.4; https://ideainitself.com"
184.94.212.206 - - [27/Apr/2026:14:51:27 +0000] "GET /wp-admin/admin-ajax.php?action=wordfence_doScan&isFork=1&scanMode=standard&cronKey=f3fd15b3e978d8e5d39d8d8962d7d768&signature=a26a23377f5ed6575a8f627268f93157d0c6772abf6c1a59e97dfb68f2c5d516 HTTP/1.1" 200 - "-" "WordPress/6.9.4; https://ideainitself.com"
184.94.212.206 - - [27/Apr/2026:14:52:32 +0000] "POST /wp-cron.php?doing_wp_cron=1777301552.3523130416870117187500 HTTP/1.1" 200 - "-" "WordPress/6.9.4; https://ideainitself.com"
184.94.212.206 - - [27/Apr/2026:14:51:59 +0000] "GET /wp-admin/admin-ajax.php?action=wordfence_doScan&isFork=1&scanMode=standard&cronKey=1385242df9056efa0071a21129b29a5f&signature=995a19eb15945b036634f0147bd0bbebed843a8133fda2009a2c1eeb9343956a HTTP/1.1" 200 - "-" "WordPress/6.9.4; https://ideainitself.com"
192.0.103.42 - - [27/Apr/2026:14:52:49 +0000] "HEAD / HTTP/1.1" 200 - "-" "jetmon/1.0 (Jetpack Site Uptime Monitor by WordPress.com)"
3.214.176.44 - - [27/Apr/2026:14:52:57 +0000] "GET /how-working-in-short-bursts-benefits-the-easily-distracted/ HTTP/1.1" 200 57245 "-" "Mozilla/5.0 AppleWebKit/537.36 (KHTML, like Gecko; compatible; Amazonbot/0.1; +https://developer.amazon.com/support/amazonbot) Chrome/119.0.6045.214 Safari/537.36"
184.94.212.206 - - [27/Apr/2026:14:53:04 +0000] "POST /wp-cron.php?doing_wp_cron=1777301584.4459600448608398437500 HTTP/1.1" 200 - "-" "WordPress/6.9.4; https://ideainitself.com"
184.94.212.206 - - [27/Apr/2026:14:52:31 +0000] "GET /wp-admin/admin-ajax.php?action=wordfence_doScan&isFork=1&scanMode=standard&cronKey=b9878d578a94491f1b6a521f678db88d&signature=2b92b905eef29a3bfd466fa881a103c51dead21c47c9564c783cc126a8a24f0c HTTP/1.1" 200 - "-" "WordPress/6.9.4; https://ideainitself.com"
184.94.212.206 - - [27/Apr/2026:14:53:03 +0000] "GET /wp-admin/admin-ajax.php?action=wordfence_doScan&isFork=1&scanMode=standard&cronKey=5c3c1dab5a1f03342d53bc394e11a95d&signature=4a6e64cc996e4403a7f74a04107d3bc88a7533bbc5dd373531b329a05b09d1da HTTP/1.1" 200 - "-" "WordPress/6.9.4; https://ideainitself.com"
184.94.212.206 - - [27/Apr/2026:14:54:08 +0000] "POST /wp-cron.php?doing_wp_cron=1777301648.8666939735412597656250 HTTP/1.1" 200 - "-" "WordPress/6.9.4; https://ideainitself.com"
184.94.212.206 - - [27/Apr/2026:14:53:35 +0000] "GET /wp-admin/admin-ajax.php?action=wordfence_doScan&isFork=1&scanMode=standard&cronKey=9b680e1c1eff7d42b66fded04e99ff3c&signature=f087c3eed340ffb234a6c5d29853232d965f5c578a0c93bf06f0efdc1f700ee0 HTTP/1.1" 200 - "-" "WordPress/6.9.4; https://ideainitself.com"
157.230.237.189 - - [27/Apr/2026:14:54:19 +0000] "GET /what-is-the-rule-of-52-and-17/busy16 HTTP/1.1" 301 - "https://ideainitself.com/" "Mozilla/5.0 (Windows NT 10.0; Win64; x64) AppleWebKit/537.36 (KHTML, like Gecko) Chrome/105.0.0.0 Safari/537.3"
157.230.237.189 - - [27/Apr/2026:14:54:22 +0000] "GET /wp-content/uploads/2021/10/busy16.jpg HTTP/1.1" 200 135678 "https://ideainitself.com/" "Mozilla/5.0 (Windows NT 10.0; Win64; x64) AppleWebKit/537.36 (KHTML, like Gecko) Chrome/105.0.0.0 Safari/537.3"
184.94.212.206 - - [27/Apr/2026:14:54:25 +0000] "POST /wp-cron.php?doing_wp_cron=1777301665.8655879497528076171875 HTTP/1.1" 200 - "-" "WordPress/6.9.4; https://ideainitself.com"
20.207.201.147 - - [27/Apr/2026:14:54:24 +0000] "GET / HTTP/1.1" 200 52156 "http://ideainitself.com" "Mozilla/5.0 (Windows NT 10.0; Win64; x64) AppleWebKit/537.36 (KHTML, like Gecko) Chrome/123.0.0.0 Safari/537.36"
184.94.212.206 - - [27/Apr/2026:14:54:41 +0000] "POST /wp-cron.php?doing_wp_cron=1777301681.7389740943908691406250 HTTP/1.1" 200 - "-" "WordPress/6.9.4; https://ideainitself.com"
184.94.212.206 - - [27/Apr/2026:14:54:07 +0000] "GET /wp-admin/admin-ajax.php?action=wordfence_doScan&isFork=1&scanMode=standard&cronKey=331a94d23f485c8b2429e7dae129c2b4&signature=041e86b5b0b87188684156c371f4238cf519028c04a616bfb7ca1ca875ef7aa2 HTTP/1.1" 200 - "-" "WordPress/6.9.4; https://ideainitself.com"
184.94.212.206 - - [27/Apr/2026:14:55:14 +0000] "POST /wp-cron.php?doing_wp_cron=1777301714.3569529056549072265625 HTTP/1.1" 200 - "-" "WordPress/6.9.4; https://ideainitself.com"
184.94.212.206 - - [27/Apr/2026:14:54:40 +0000] "GET /wp-admin/admin-ajax.php?action=wordfence_doScan&isFork=1&scanMode=standard&cronKey=e955c9cc4719ac3a1ad17b6accbc0766&signature=573a9922011f49ffa2fa4363302a5b0affdca8837e90a0934f8e0804b22abd44 HTTP/1.1" 200 - "-" "WordPress/6.9.4; https://ideainitself.com"
184.94.212.206 - - [27/Apr/2026:14:55:46 +0000] "POST /wp-cron.php?doing_wp_cron=1777301746.3377110958099365234375 HTTP/1.1" 200 - "-" "WordPress/6.9.4; https://ideainitself.com"
184.94.212.206 - - [27/Apr/2026:14:55:13 +0000] "GET /wp-admin/admin-ajax.php?action=wordfence_doScan&isFork=1&scanMode=standard&cronKey=9b3edd6e189eb1477c490e9bb786d97f&signature=48f9503e0f5e6b4b7ca50056e924a270f9b424099fa1f61b4520e7752509881b HTTP/1.1" 200 - "-" "WordPress/6.9.4; https://ideainitself.com"
91.92.242.223 - - [27/Apr/2026:14:55:46 +0000] "POST /wp-login.php?action=register HTTP/1.1" 500 188 "-" "-"
69.171.231.2 - - [27/Apr/2026:14:56:18 +0000] "GET /robots.txt HTTP/1.1" 206 117 "-" "facebookexternalhit/1.1 (+http://www.facebook.com/externalhit_uatext.php)"
184.94.212.206 - - [27/Apr/2026:14:56:18 +0000] "POST /wp-cron.php?doing_wp_cron=1777301778.2445058822631835937500 HTTP/1.1" 200 - "-" "WordPress/6.9.4; https://ideainitself.com"
184.94.212.206 - - [27/Apr/2026:14:55:45 +0000] "GET /wp-admin/admin-ajax.php?action=wordfence_doScan&isFork=1&scanMode=standard&cronKey=c6973bfcad87118a00f59ae2d6b3ed84&signature=c028cd506185dd62bba629a90aeb34f0d96c7d516ba7b55d7a6f36216a3eeda8 HTTP/1.1" 200 - "-" "WordPress/6.9.4; https://ideainitself.com"
184.94.212.206 - - [27/Apr/2026:14:56:17 +0000] "GET /wp-admin/admin-ajax.php?action=wordfence_doScan&isFork=1&scanMode=standard&cronKey=39673d74e7780e90e6ecaee5ce2d597d&signature=314e044c15d9aae55b00b58c8a7321d11e2987da014730a923c3c10397724519 HTTP/1.1" 200 - "-" "WordPress/6.9.4; https://ideainitself.com"
184.94.212.206 - - [27/Apr/2026:14:57:22 +0000] "POST /wp-cron.php?doing_wp_cron=1777301842.5072638988494873046875 HTTP/1.1" 200 - "-" "WordPress/6.9.4; https://ideainitself.com"
184.94.212.206 - - [27/Apr/2026:14:56:49 +0000] "GET /wp-admin/admin-ajax.php?action=wordfence_doScan&isFork=1&scanMode=standard&cronKey=a57c0a7c3806a1e434dc94aefdde9801&signature=159179dfc0b7e2dd58db8425feb8fcaa03b91b7b593b988c8098141569820f2a HTTP/1.1" 200 - "-" "WordPress/6.9.4; https://ideainitself.com"
184.94.212.206 - - [27/Apr/2026:14:57:51 +0000] "POST /wp-cron.php?doing_wp_cron=1777301871.5751450061798095703125 HTTP/1.1" 200 - "-" "WordPress/6.9.4; https://ideainitself.com"
192.0.103.42 - - [27/Apr/2026:14:57:50 +0000] "HEAD / HTTP/1.1" 200 - "-" "jetmon/1.0 (Jetpack Site Uptime Monitor by WordPress.com)"
184.94.212.206 - - [27/Apr/2026:14:57:54 +0000] "POST /wp-cron.php?doing_wp_cron=1777301874.7865779399871826171875 HTTP/1.1" 200 - "-" "WordPress/6.9.4; https://ideainitself.com"
184.94.212.206 - - [27/Apr/2026:14:57:21 +0000] "GET /wp-admin/admin-ajax.php?action=wordfence_doScan&isFork=1&scanMode=standard&cronKey=86025c64bd554793a2289e8ae5354149&signature=a2f8014ba0ab26f0475571f129c88d5056a5d57edd81a6c3ebd1b27a9795a274 HTTP/1.1" 200 - "-" "WordPress/6.9.4; https://ideainitself.com"
184.94.212.206 - - [27/Apr/2026:14:57:53 +0000] "GET /wp-admin/admin-ajax.php?action=wordfence_doScan&isFork=1&scanMode=standard&cronKey=51aa727d20fa09e6a2bb957dbaba8d2f&signature=d490997441b21906498b916538e6002d2f5d446c1b509e8b18600dbaa1cba321 HTTP/1.1" 200 - "-" "WordPress/6.9.4; https://ideainitself.com"
184.94.212.206 - - [27/Apr/2026:14:58:52 +0000] "POST /wp-cron.php?doing_wp_cron=1777301932.6519761085510253906250 HTTP/1.1" 200 - "-" "WordPress/6.9.4; https://ideainitself.com"
107.175.75.13 - - [27/Apr/2026:14:58:51 +0000] "POST /wp-comments-post.php HTTP/1.1" 200 - "https://ideainitself.com/?p=268" "Mozilla/5.0 (Windows NT 10.0; Win64; x64) AppleWebKit/537.36 (KHTML, like Gecko) Chrome/120.0.0.0 Safari/537.36"
184.94.212.206 - - [27/Apr/2026:14:58:58 +0000] "POST /wp-cron.php?doing_wp_cron=1777301938.3817288875579833984375 HTTP/1.1" 200 - "-" "WordPress/6.9.4; https://ideainitself.com"
184.94.212.206 - - [27/Apr/2026:14:58:25 +0000] "GET /wp-admin/admin-ajax.php?action=wordfence_doScan&isFork=1&scanMode=standard&cronKey=b1444e3ccc9453da725547754fb9f501&signature=828a39228ebdcd4ae11e652db6eb08f53b9e4a994319f5c003720f76ef44d355 HTTP/1.1" 200 - "-" "WordPress/6.9.4; https://ideainitself.com"
184.94.212.206 - - [27/Apr/2026:14:58:57 +0000] "GET /wp-admin/admin-ajax.php?action=wordfence_doScan&isFork=1&scanMode=standard&cronKey=fefdcf46216ef622df8888089c7f39ad&signature=aa77788e5d04d172449f00d943e0c989ec10421426402e193dfb36b3d606cf6b HTTP/1.1" 200 - "-" "WordPress/6.9.4; https://ideainitself.com"
184.94.212.206 - - [27/Apr/2026:15:00:02 +0000] "POST /wp-cron.php?doing_wp_cron=1777302002.6311678886413574218750 HTTP/1.1" 200 - "-" "WordPress/6.9.4; https://ideainitself.com"
184.94.212.206 - - [27/Apr/2026:14:59:29 +0000] "GET /wp-admin/admin-ajax.php?action=wordfence_doScan&isFork=1&scanMode=standard&cronKey=dfddee823d4e9022e5fcd6b216934bfb&signature=138da67492edc16a7d8b8fadb6aa8ee5225e95261afc209972cb44b3e34054d2 HTTP/1.1" 200 - "-" "WordPress/6.9.4; https://ideainitself.com"
184.94.212.206 - - [27/Apr/2026:15:00:36 +0000] "POST /wp-cron.php?doing_wp_cron=1777302036.3602139949798583984375 HTTP/1.1" 200 - "-" "WordPress/6.9.4; https://ideainitself.com"
184.94.212.206 - - [27/Apr/2026:15:00:01 +0000] "GET /wp-admin/admin-ajax.php?action=wordfence_doScan&isFork=1&scanMode=standard&cronKey=6469f9a06dadb5a58af31c188075fe0a&signature=40a9a3fedd767a579b8c6ab949a41a3c3f41920cabe7178a24e63e9f77df5f7c HTTP/1.1" 200 - "-" "WordPress/6.9.4; https://ideainitself.com"
184.94.212.206 - - [27/Apr/2026:15:01:08 +0000] "POST /wp-cron.php?doing_wp_cron=1777302068.2994959354400634765625 HTTP/1.1" 200 - "-" "WordPress/6.9.4; https://ideainitself.com"
184.94.212.206 - - [27/Apr/2026:15:00:35 +0000] "GET /wp-admin/admin-ajax.php?action=wordfence_doScan&isFork=1&scanMode=standard&cronKey=dd344893a89840506c1452e3946b034e&signature=7443295b1852e86c5596a3bbc7d7baddcbd6e11230665fa3cdf0cebc6f2f2107 HTTP/1.1" 200 - "-" "WordPress/6.9.4; https://ideainitself.com"
184.94.212.206 - - [27/Apr/2026:15:01:41 +0000] "POST /wp-cron.php?doing_wp_cron=1777302100.9724121093750000000000 HTTP/1.1" 200 - "-" "WordPress/6.9.4; https://ideainitself.com"
184.94.212.206 - - [27/Apr/2026:15:01:07 +0000] "GET /wp-admin/admin-ajax.php?action=wordfence_doScan&isFork=1&scanMode=standard&cronKey=0b21a4c52eb60cd905710a6ac1a9211f&signature=13c55a8b095f36b3bc91116d5364be913131433c6094168b83cf25fcdac2a5a5 HTTP/1.1" 200 - "-" "WordPress/6.9.4; https://ideainitself.com"
184.94.212.206 - - [27/Apr/2026:15:02:13 +0000] "POST /wp-cron.php?doing_wp_cron=1777302133.3481450080871582031250 HTTP/1.1" 200 - "-" "WordPress/6.9.4; https://ideainitself.com"
184.94.212.206 - - [27/Apr/2026:15:01:39 +0000] "GET /wp-admin/admin-ajax.php?action=wordfence_doScan&isFork=1&scanMode=standard&cronKey=c999cc54df38411723e235514d20b4aa&signature=381f36f2884b9c2e7c16b4afba42e54d5899ce809d519a8822eb5ff7b67cdb0f HTTP/1.1" 200 - "-" "WordPress/6.9.4; https://ideainitself.com"
184.94.212.206 - - [27/Apr/2026:15:02:12 +0000] "GET /wp-admin/admin-ajax.php?action=wordfence_doScan&isFork=1&scanMode=standard&cronKey=acad447917e6bf516b668a36bedd956e&signature=9cc4ef52c0d3d16b54889510012538b30cf3fc7a459788dfb4198ab4a2e2a6ae HTTP/1.1" 200 - "-" "WordPress/6.9.4; https://ideainitself.com"
192.0.103.42 - - [27/Apr/2026:15:02:50 +0000] "HEAD / HTTP/1.1" 200 - "-" "jetmon/1.0 (Jetpack Site Uptime Monitor by WordPress.com)"
184.94.212.206 - - [27/Apr/2026:15:03:18 +0000] "POST /wp-cron.php?doing_wp_cron=1777302198.5704810619354248046875 HTTP/1.1" 200 - "-" "WordPress/6.9.4; https://ideainitself.com"
184.94.212.206 - - [27/Apr/2026:15:02:44 +0000] "GET /wp-admin/admin-ajax.php?action=wordfence_doScan&isFork=1&scanMode=standard&cronKey=3c127e626d247aedb7ae083769b73096&signature=d7eadbc0c091ec7c47b4051e4a71b05e00df96f3fd24c534a51dfefc6e950613 HTTP/1.1" 200 - "-" "WordPress/6.9.4; https://ideainitself.com"
184.94.212.206 - - [27/Apr/2026:15:03:51 +0000] "POST /wp-cron.php?doing_wp_cron=1777302231.4340240955352783203125 HTTP/1.1" 200 - "-" "WordPress/6.9.4; https://ideainitself.com"
184.94.212.206 - - [27/Apr/2026:15:03:17 +0000] "GET /wp-admin/admin-ajax.php?action=wordfence_doScan&isFork=1&scanMode=standard&cronKey=a477c0430b848d0468f4f35c97fca85c&signature=01a47838554aa36a930a98b62bc617719769e1ef7c3a479044839ee5ebbe15e4 HTTP/1.1" 200 - "-" "WordPress/6.9.4; https://ideainitself.com"
184.94.212.206 - - [27/Apr/2026:15:04:23 +0000] "POST /wp-cron.php?doing_wp_cron=1777302263.5546929836273193359375 HTTP/1.1" 200 - "-" "WordPress/6.9.4; https://ideainitself.com"
184.94.212.206 - - [27/Apr/2026:15:03:50 +0000] "GET /wp-admin/admin-ajax.php?action=wordfence_doScan&isFork=1&scanMode=standard&cronKey=5368d7c3a902ae5d6f5d10a6f0c3031b&signature=b41a1874c65074e6ef18baebd748b4a9d2217bda9ae7fa4dce9ee43b66e42736 HTTP/1.1" 200 - "-" "WordPress/6.9.4; https://ideainitself.com"
184.94.212.206 - - [27/Apr/2026:15:04:55 +0000] "POST /wp-cron.php?doing_wp_cron=1777302295.6049969196319580078125 HTTP/1.1" 200 - "-" "WordPress/6.9.4; https://ideainitself.com"
184.94.212.206 - - [27/Apr/2026:15:04:22 +0000] "GET /wp-admin/admin-ajax.php?action=wordfence_doScan&isFork=1&scanMode=standard&cronKey=af13270ef5a7b3586140f17d741e96a9&signature=dbaf7d40c85ed259ca745804b31f03c049c2cf4bf5a56ba591ac2fe863d21a21 HTTP/1.1" 200 - "-" "WordPress/6.9.4; https://ideainitself.com"
91.92.242.223 - - [27/Apr/2026:15:05:11 +0000] "POST /wp-login.php?action=register HTTP/1.1" 500 188 "-" "-"
114.119.159.148 - - [27/Apr/2026:15:05:17 +0000] "GET /how-working-in-short-bursts-benefits-the-easily-distracted?share=tumblr HTTP/1.1" 302 - "https://ideainitself.com/how-working-in-short-bursts-benefits-the-easily-distracted?share=mastodon" "Mozilla/5.0 (Linux; Android 7.0;) AppleWebKit/537.36 (HTML, like Gecko) Mobile Safari/537.36 (compatible; PetalBot;+https://webmaster.petalsearch.com/site/petalbot)"
184.94.212.206 - - [27/Apr/2026:15:05:27 +0000] "POST /wp-cron.php?doing_wp_cron=1777302327.7202990055084228515625 HTTP/1.1" 200 - "-" "WordPress/6.9.4; https://ideainitself.com"
