114.119.159.148 - - [28/Apr/2026:08:18:14 +0000] "GET /why-does-the-pomodoro-technique-work-so-well/?share=mastodon HTTP/1.1" 200 57436 "https://ideainitself.com/why-does-the-pomodoro-technique-work-so-well?share=mastodon" "Mozilla/5.0 (Linux; Android 7.0;) AppleWebKit/537.36 (HTML, like Gecko) Mobile Safari/537.36 (compatible; PetalBot;+https://webmaster.petalsearch.com/site/petalbot)"
209.87.169.233 - - [28/Apr/2026:08:18:23 +0000] "POST /wp-login.php HTTP/1.1" 401 3402 "-" "Mozilla/5.0"
184.94.212.206 - - [28/Apr/2026:08:22:47 +0000] "POST /wp-cron.php?doing_wp_cron=1777364567.2777390480041503906250 HTTP/1.1" 200 - "-" "WordPress/6.9.4; https://ideainitself.com"
192.0.103.42 - - [28/Apr/2026:08:22:45 +0000] "HEAD / HTTP/1.1" 200 - "-" "jetmon/1.0 (Jetpack Site Uptime Monitor by WordPress.com)"
223.15.245.170 - - [28/Apr/2026:08:24:36 +0000] "GET / HTTP/1.1" 200 52057 "http://www.ideainitself.com" "Mozilla/5.0 (iPhone; CPU iPhone OS 13_2_3 like Mac OS X) AppleWebKit/605.1.15 (KHTML, like Gecko) Version/13.0.3 Mobile/15E148 Safari/604.1"
91.92.242.223 - - [28/Apr/2026:08:25:41 +0000] "POST /wp-login.php?action=register HTTP/1.1" 500 188 "-" "-"
184.94.212.206 - - [28/Apr/2026:08:27:48 +0000] "POST /wp-cron.php?doing_wp_cron=1777364868.0604588985443115234375 HTTP/1.1" 200 - "-" "WordPress/6.9.4; https://ideainitself.com"
192.0.103.42 - - [28/Apr/2026:08:27:46 +0000] "HEAD / HTTP/1.1" 200 - "-" "jetmon/1.0 (Jetpack Site Uptime Monitor by WordPress.com)"
184.94.212.206 - - [28/Apr/2026:08:29:32 +0000] "POST /wp-cron.php?doing_wp_cron=1777364972.4448559284210205078125 HTTP/1.1" 200 - "-" "WordPress/6.9.4; https://ideainitself.com"
209.87.169.38 - - [28/Apr/2026:08:29:30 +0000] "POST /wp-login.php HTTP/1.1" 401 3402 "-" "Mozilla/5.0"
91.92.242.223 - - [28/Apr/2026:08:32:20 +0000] "POST /wp-login.php?action=register HTTP/1.1" 500 188 "-" "-"
192.0.103.42 - - [28/Apr/2026:08:32:46 +0000] "HEAD / HTTP/1.1" 200 - "-" "jetmon/1.0 (Jetpack Site Uptime Monitor by WordPress.com)"
184.94.212.206 - - [28/Apr/2026:08:35:11 +0000] "POST /wp-cron.php?doing_wp_cron=1777365311.6186079978942871093750 HTTP/1.1" 200 - "-" "WordPress/6.9.4; https://ideainitself.com"
114.119.146.215 - - [28/Apr/2026:08:35:10 +0000] "GET /when-my-creative-block-helps-me-brainstorm-surviving-your-brains-worst-roommate/?share=facebook HTTP/1.1" 302 - "https://ideainitself.com/when-my-creative-block-helps-me-brainstorm-surviving-your-brains-worst-roommate/?share=pocket" "Mozilla/5.0 (Linux; Android 7.0;) AppleWebKit/537.36 (HTML, like Gecko) Mobile Safari/537.36 (compatible; PetalBot;+https://webmaster.petalsearch.com/site/petalbot)"
192.0.103.42 - - [28/Apr/2026:08:37:45 +0000] "HEAD / HTTP/1.1" 200 - "-" "jetmon/1.0 (Jetpack Site Uptime Monitor by WordPress.com)"
216.73.217.60 - - [28/Apr/2026:08:38:38 +0000] "GET /robots.txt HTTP/1.1" 200 115 "-" "Mozilla/5.0 AppleWebKit/537.36 (KHTML, like Gecko; compatible; ClaudeBot/1.0; +claudebot@anthropic.com)"
216.73.217.60 - - [28/Apr/2026:08:38:38 +0000] "GET /sitemap.xml HTTP/1.1" 200 246 "-" "Mozilla/5.0 AppleWebKit/537.36 (KHTML, like Gecko; compatible; ClaudeBot/1.0; +claudebot@anthropic.com)"
184.94.212.206 - - [28/Apr/2026:08:41:07 +0000] "POST /wp-cron.php?doing_wp_cron=1777365667.2066829204559326171875 HTTP/1.1" 200 - "-" "WordPress/6.9.4; https://ideainitself.com"
209.87.169.50 - - [28/Apr/2026:08:41:04 +0000] "POST /wp-login.php HTTP/1.1" 401 3402 "-" "Mozilla/5.0"
192.0.103.42 - - [28/Apr/2026:08:42:47 +0000] "HEAD / HTTP/1.1" 200 - "-" "jetmon/1.0 (Jetpack Site Uptime Monitor by WordPress.com)"
151.40.14.15 - - [28/Apr/2026:08:43:51 +0000] "GET /contact-us/ HTTP/1.1" 200 48258 "-" "Mozilla/5.0 (Macintosh; Intel Mac OS X 15_4_0) AppleWebKit/537.36 (KHTML, like Gecko) Chrome/131.0.6778.265 Safari/537.36"
216.73.217.60 - - [28/Apr/2026:08:46:25 +0000] "GET /sitemap.xml HTTP/1.1" 200 246 "-" "Mozilla/5.0 AppleWebKit/537.36 (KHTML, like Gecko; compatible; ClaudeBot/1.0; +claudebot@anthropic.com)"
184.94.212.206 - - [28/Apr/2026:08:47:47 +0000] "POST /wp-cron.php?doing_wp_cron=1777366067.6622169017791748046875 HTTP/1.1" 200 - "-" "WordPress/6.9.4; https://ideainitself.com"
192.0.103.42 - - [28/Apr/2026:08:47:46 +0000] "HEAD / HTTP/1.1" 200 - "-" "jetmon/1.0 (Jetpack Site Uptime Monitor by WordPress.com)"
184.94.212.206 - - [28/Apr/2026:08:52:07 +0000] "POST /wp-cron.php?doing_wp_cron=1777366327.9136879444122314453125 HTTP/1.1" 200 - "-" "WordPress/6.9.4; https://ideainitself.com"
114.119.146.114 - - [28/Apr/2026:08:52:05 +0000] "GET /three-benefits-of-working-in-short-bursts/?share=tumblr HTTP/1.1" 302 - "https://ideainitself.com/three-benefits-of-working-in-short-bursts/?share=mastodon" "Mozilla/5.0 (Linux; Android 7.0;) AppleWebKit/537.36 (HTML, like Gecko) Mobile Safari/537.36 (compatible; PetalBot;+https://webmaster.petalsearch.com/site/petalbot)"
192.0.103.42 - - [28/Apr/2026:08:52:45 +0000] "HEAD / HTTP/1.1" 200 - "-" "jetmon/1.0 (Jetpack Site Uptime Monitor by WordPress.com)"
209.87.169.75 - - [28/Apr/2026:08:52:55 +0000] "POST /wp-login.php HTTP/1.1" 401 3402 "-" "Mozilla/5.0"
204.76.203.27 - - [28/Apr/2026:08:54:06 +0000] "GET /wp-content/plugins/contact-form-7/includes/js/index.js HTTP/1.1" 200 13452 "-" "Mozilla/5.0 (Windows NT 10.0; Win64; x64) AppleWebKit/537.36 (KHTML, like Gecko) Chrome/147.0.0.0 Safari/537.36"
204.76.203.27 - - [28/Apr/2026:08:54:06 +0000] "GET /wp-content/plugins/contact-form-7/modules/stripe/index.js HTTP/1.1" 200 3585 "-" "Mozilla/5.0 (Windows NT 10.0; Win64; x64) AppleWebKit/537.36 (KHTML, like Gecko) Chrome/147.0.0.0 Safari/537.36"
204.76.203.27 - - [28/Apr/2026:08:54:06 +0000] "GET /wp-content/plugins/contact-form-7/includes/swv/js/index.js HTTP/1.1" 200 12512 "-" "Mozilla/5.0 (Windows NT 10.0; Win64; x64) AppleWebKit/537.36 (KHTML, like Gecko) Chrome/147.0.0.0 Safari/537.36"
204.76.203.25 - - [28/Apr/2026:08:54:06 +0000] "GET /wp-content/plugins/contact-form-7/modules/recaptcha/index.js HTTP/1.1" 200 934 "-" "Mozilla/5.0 (Windows NT 10.0; Win64; x64) AppleWebKit/537.36 (KHTML, like Gecko) Chrome/147.0.0.0 Safari/537.36"
91.92.242.223 - - [28/Apr/2026:08:55:48 +0000] "POST /wp-login.php?action=register HTTP/1.1" 500 188 "-" "-"
216.73.217.60 - - [28/Apr/2026:08:56:10 +0000] "GET /sitemap_index.xml HTTP/1.1" 500 167 "-" "Mozilla/5.0 AppleWebKit/537.36 (KHTML, like Gecko; compatible; ClaudeBot/1.0; +claudebot@anthropic.com)"
184.94.212.206 - - [28/Apr/2026:08:57:47 +0000] "POST /wp-cron.php?doing_wp_cron=1777366667.9191091060638427734375 HTTP/1.1" 200 - "-" "WordPress/6.9.4; https://ideainitself.com"
192.0.103.42 - - [28/Apr/2026:08:57:46 +0000] "HEAD / HTTP/1.1" 200 - "-" "jetmon/1.0 (Jetpack Site Uptime Monitor by WordPress.com)"
40.160.227.50 - - [28/Apr/2026:08:58:43 +0000] "GET / HTTP/1.1" 200 52155 "-" "Mozilla/5.0 (Windows NT 10.0; Win64; x64) AppleWebKit/537.36 (KHTML, like Gecko) Chrome/131.0.0.0 Safari/537.36"
91.92.242.223 - - [28/Apr/2026:09:00:49 +0000] "POST /wp-login.php?action=register HTTP/1.1" 500 188 "-" "-"
184.94.212.206 - - [28/Apr/2026:09:02:47 +0000] "POST /wp-cron.php?doing_wp_cron=1777366967.5510699748992919921875 HTTP/1.1" 200 - "-" "WordPress/6.9.4; https://ideainitself.com"
192.0.103.42 - - [28/Apr/2026:09:02:45 +0000] "HEAD / HTTP/1.1" 200 - "-" "jetmon/1.0 (Jetpack Site Uptime Monitor by WordPress.com)"
184.94.212.206 - - [28/Apr/2026:09:05:19 +0000] "POST /wp-cron.php?doing_wp_cron=1777367119.6593859195709228515625 HTTP/1.1" 200 - "-" "WordPress/6.9.4; https://ideainitself.com"
209.87.169.54 - - [28/Apr/2026:09:05:17 +0000] "POST /wp-login.php HTTP/1.1" 401 3402 "-" "Mozilla/5.0"
82.223.70.218 - - [28/Apr/2026:09:07:04 +0000] "POST /wp-login.php HTTP/1.1" 401 1413 "-" "Mozilla/5.0 (Windows NT 10.0) AppleWebKit/537.36 (KHTML, like Gecko) Chrome/138.0.0.0 Safari/537.36 Edg/138.0.0.0"
192.0.103.42 - - [28/Apr/2026:09:07:44 +0000] "HEAD / HTTP/1.1" 200 - "-" "jetmon/1.0 (Jetpack Site Uptime Monitor by WordPress.com)"
114.119.146.114 - - [28/Apr/2026:09:08:54 +0000] "GET /the-importance-of-taking-breaks/?share=reddit HTTP/1.1" 302 - "https://ideainitself.com/the-importance-of-taking-breaks" "Mozilla/5.0 (Linux; Android 7.0;) AppleWebKit/537.36 (HTML, like Gecko) Mobile Safari/537.36 (compatible; PetalBot;+https://webmaster.petalsearch.com/site/petalbot)"
184.94.212.206 - - [28/Apr/2026:09:12:47 +0000] "POST /wp-cron.php?doing_wp_cron=1777367567.7406411170959472656250 HTTP/1.1" 200 - "-" "WordPress/6.9.4; https://ideainitself.com"
192.0.103.42 - - [28/Apr/2026:09:12:46 +0000] "HEAD / HTTP/1.1" 200 - "-" "jetmon/1.0 (Jetpack Site Uptime Monitor by WordPress.com)"
184.94.212.206 - - [28/Apr/2026:09:17:49 +0000] "POST /wp-cron.php?doing_wp_cron=1777367869.7772140502929687500000 HTTP/1.1" 200 - "-" "WordPress/6.9.4; https://ideainitself.com"
192.0.103.42 - - [28/Apr/2026:09:17:47 +0000] "HEAD / HTTP/1.1" 200 - "-" "jetmon/1.0 (Jetpack Site Uptime Monitor by WordPress.com)"
209.87.169.208 - - [28/Apr/2026:09:18:10 +0000] "POST /wp-login.php HTTP/1.1" 401 3402 "-" "Mozilla/5.0"
184.94.212.206 - - [28/Apr/2026:09:22:46 +0000] "POST /wp-cron.php?doing_wp_cron=1777368166.4238040447235107421875 HTTP/1.1" 200 - "-" "WordPress/6.9.4; https://ideainitself.com"
192.0.103.42 - - [28/Apr/2026:09:22:44 +0000] "HEAD / HTTP/1.1" 200 - "-" "jetmon/1.0 (Jetpack Site Uptime Monitor by WordPress.com)"
78.159.131.56 - - [28/Apr/2026:09:22:51 +0000] "GET / HTTP/1.1" 200 171621 "-" "Mozilla/5.0 (Windows NT 10.0; Win64; x64) AppleWebKit/537.36 (KHTML, like Gecko) Chrome/131.0.0.0 Safari/537.36"
91.92.242.223 - - [28/Apr/2026:09:23:56 +0000] "POST /wp-login.php?action=register HTTP/1.1" 500 188 "-" "-"
184.94.212.206 - - [28/Apr/2026:09:26:31 +0000] "POST /wp-cron.php?doing_wp_cron=1777368391.5040869712829589843750 HTTP/1.1" 200 - "-" "WordPress/6.9.4; https://ideainitself.com"
114.119.157.118 - - [28/Apr/2026:09:26:29 +0000] "GET /privacy-policy?share=pinterest HTTP/1.1" 302 - "https://ideainitself.com/privacy-policy?share=mastodon" "Mozilla/5.0 (Linux; Android 7.0;) AppleWebKit/537.36 (HTML, like Gecko) Mobile Safari/537.36 (compatible; PetalBot;+https://webmaster.petalsearch.com/site/petalbot)"
34.228.219.188 - - [28/Apr/2026:09:27:21 +0000] "GET /ads.txt HTTP/1.1" 200 58 "-" "Mozilla/5.0 (Windows NT 10.0; Win64; x64) AppleWebKit/537.36 (KHTML, like Gecko) Chrome/124.0.0.0 Safari/537.36"
184.94.212.206 - - [28/Apr/2026:09:27:47 +0000] "POST /wp-cron.php?doing_wp_cron=1777368467.6661200523376464843750 HTTP/1.1" 200 - "-" "WordPress/6.9.4; https://ideainitself.com"
192.0.103.42 - - [28/Apr/2026:09:27:45 +0000] "HEAD / HTTP/1.1" 200 - "-" "jetmon/1.0 (Jetpack Site Uptime Monitor by WordPress.com)"
91.92.242.223 - - [28/Apr/2026:09:28:07 +0000] "POST /wp-login.php?action=register HTTP/1.1" 500 188 "-" "-"
184.94.212.206 - - [28/Apr/2026:09:31:13 +0000] "POST /wp-cron.php?doing_wp_cron=1777368673.9692349433898925781250 HTTP/1.1" 200 - "-" "WordPress/6.9.4; https://ideainitself.com"
209.87.169.45 - - [28/Apr/2026:09:31:11 +0000] "POST /wp-login.php HTTP/1.1" 401 3402 "-" "Mozilla/5.0"
192.0.103.42 - - [28/Apr/2026:09:32:46 +0000] "HEAD / HTTP/1.1" 200 - "-" "jetmon/1.0 (Jetpack Site Uptime Monitor by WordPress.com)"
204.76.203.27 - - [28/Apr/2026:09:36:53 +0000] "GET /wp-content/plugins/contact-form-7/modules/recaptcha/index.js HTTP/1.1" 200 934 "-" "Mozilla/5.0 (Windows NT 10.0; Win64; x64) AppleWebKit/537.36 (KHTML, like Gecko) Chrome/147.0.0.0 Safari/537.36"
204.76.203.27 - - [28/Apr/2026:09:36:53 +0000] "GET /wp-content/plugins/contact-form-7/includes/swv/js/index.js HTTP/1.1" 200 12512 "-" "Mozilla/5.0 (Windows NT 10.0; Win64; x64) AppleWebKit/537.36 (KHTML, like Gecko) Chrome/147.0.0.0 Safari/537.36"
204.76.203.25 - - [28/Apr/2026:09:36:53 +0000] "GET /wp-content/plugins/contact-form-7/includes/js/index.js HTTP/1.1" 200 13452 "-" "Mozilla/5.0 (Windows NT 10.0; Win64; x64) AppleWebKit/537.36 (KHTML, like Gecko) Chrome/147.0.0.0 Safari/537.36"
204.76.203.25 - - [28/Apr/2026:09:36:53 +0000] "GET /wp-content/plugins/contact-form-7/modules/stripe/index.js HTTP/1.1" 200 3585 "-" "Mozilla/5.0 (Windows NT 10.0; Win64; x64) AppleWebKit/537.36 (KHTML, like Gecko) Chrome/147.0.0.0 Safari/537.36"
184.94.212.206 - - [28/Apr/2026:09:37:49 +0000] "POST /wp-cron.php?doing_wp_cron=1777369069.0343151092529296875000 HTTP/1.1" 200 - "-" "WordPress/6.9.4; https://ideainitself.com"
192.0.103.42 - - [28/Apr/2026:09:37:46 +0000] "HEAD / HTTP/1.1" 200 - "-" "jetmon/1.0 (Jetpack Site Uptime Monitor by WordPress.com)"
184.94.212.206 - - [28/Apr/2026:09:42:09 +0000] "POST /wp-cron.php?doing_wp_cron=1777369329.9301879405975341796875 HTTP/1.1" 200 - "-" "WordPress/6.9.4; https://ideainitself.com"
104.28.163.39 - - [28/Apr/2026:09:42:07 +0000] "GET /wp-login.php HTTP/1.1" 200 3807 "-" "Mozilla/5.0 (Windows NT 10.0; Win64; rv:143.0) Gecko/20100101 Firefox/143.0"
104.28.163.39 - - [28/Apr/2026:09:42:10 +0000] "GET /?author=1 HTTP/1.1" 403 52150 "-" "Mozilla/5.0 (Windows NT 10.0; Win64; rv:143.0) Gecko/20100101 Firefox/143.0"
104.28.163.39 - - [28/Apr/2026:09:42:12 +0000] "GET /?rest_route=/wp/v2/users HTTP/1.1" 401 110 "-" "Mozilla/5.0 (Macintosh; Intel Mac OS X 10_15_7) AppleWebKit/605.1.15 Version/17.0 Safari/605.1.15"
104.28.163.39 - - [28/Apr/2026:09:42:14 +0000] "GET /feed HTTP/1.1" 301 - "-" "Mozilla/5.0 (Macintosh; Intel Mac OS X 10_15_7) AppleWebKit/605.1.15 Version/17.0 Safari/605.1.15"
104.28.163.39 - - [28/Apr/2026:09:42:15 +0000] "GET /feed/ HTTP/1.1" 200 13751 "-" "Mozilla/5.0 (Macintosh; Intel Mac OS X 10_15_7) AppleWebKit/605.1.15 Version/17.0 Safari/605.1.15"
192.0.103.42 - - [28/Apr/2026:09:42:49 +0000] "HEAD / HTTP/1.1" 200 - "-" "jetmon/1.0 (Jetpack Site Uptime Monitor by WordPress.com)"
114.119.154.124 - - [28/Apr/2026:09:43:33 +0000] "GET /how-working-20-minutes-at-a-time-can-change-your-life?share=mastodon HTTP/1.1" 301 - "-" "Mozilla/5.0 (Linux; Android 7.0;) AppleWebKit/537.36 (HTML, like Gecko) Mobile Safari/537.36 (compatible; PetalBot;+https://webmaster.petalsearch.com/site/petalbot)"
114.119.154.124 - - [28/Apr/2026:09:43:35 +0000] "GET /how-working-20-minutes-at-a-time-can-change-your-life/?share=mastodon HTTP/1.1" 200 57142 "https://ideainitself.com/how-working-20-minutes-at-a-time-can-change-your-life?share=mastodon" "Mozilla/5.0 (Linux; Android 7.0;) AppleWebKit/537.36 (HTML, like Gecko) Mobile Safari/537.36 (compatible; PetalBot;+https://webmaster.petalsearch.com/site/petalbot)"
184.94.212.206 - - [28/Apr/2026:09:44:27 +0000] "POST /wp-cron.php?doing_wp_cron=1777369467.1506710052490234375000 HTTP/1.1" 200 - "-" "WordPress/6.9.4; https://ideainitself.com"
209.87.169.220 - - [28/Apr/2026:09:44:25 +0000] "POST /wp-login.php HTTP/1.1" 401 3403 "-" "Mozilla/5.0"
184.94.212.206 - - [28/Apr/2026:09:47:49 +0000] "POST /wp-cron.php?doing_wp_cron=1777369669.3147900104522705078125 HTTP/1.1" 200 - "-" "WordPress/6.9.4; https://ideainitself.com"
192.0.103.42 - - [28/Apr/2026:09:47:47 +0000] "HEAD / HTTP/1.1" 200 - "-" "jetmon/1.0 (Jetpack Site Uptime Monitor by WordPress.com)"
91.92.242.223 - - [28/Apr/2026:09:52:36 +0000] "POST /wp-login.php?action=register HTTP/1.1" 500 188 "-" "-"
184.94.212.206 - - [28/Apr/2026:09:52:47 +0000] "POST /wp-cron.php?doing_wp_cron=1777369967.4294490814208984375000 HTTP/1.1" 200 - "-" "WordPress/6.9.4; https://ideainitself.com"
192.0.103.42 - - [28/Apr/2026:09:52:46 +0000] "HEAD / HTTP/1.1" 200 - "-" "jetmon/1.0 (Jetpack Site Uptime Monitor by WordPress.com)"
184.94.212.206 - - [28/Apr/2026:09:57:47 +0000] "POST /wp-cron.php?doing_wp_cron=1777370267.3735270500183105468750 HTTP/1.1" 200 - "-" "WordPress/6.9.4; https://ideainitself.com"
209.87.169.229 - - [28/Apr/2026:09:57:45 +0000] "POST /wp-login.php HTTP/1.1" 401 3402 "-" "Mozilla/5.0"
192.0.103.42 - - [28/Apr/2026:09:57:47 +0000] "HEAD / HTTP/1.1" 200 - "-" "jetmon/1.0 (Jetpack Site Uptime Monitor by WordPress.com)"
91.92.242.223 - - [28/Apr/2026:09:59:30 +0000] "POST /wp-login.php?action=register HTTP/1.1" 500 188 "-" "-"
184.94.212.206 - - [28/Apr/2026:10:00:36 +0000] "POST /wp-cron.php?doing_wp_cron=1777370436.2321031093597412109375 HTTP/1.1" 200 - "-" "WordPress/6.9.4; https://ideainitself.com"
114.119.154.124 - - [28/Apr/2026:10:00:34 +0000] "GET /how-working-20-minutes-at-a-time-can-change-your-life/?share=mastodon HTTP/1.1" 200 57143 "https://ideainitself.com/how-working-20-minutes-at-a-time-can-change-your-life/" "Mozilla/5.0 (Linux; Android 7.0;) AppleWebKit/537.36 (HTML, like Gecko) Mobile Safari/537.36 (compatible; PetalBot;+https://webmaster.petalsearch.com/site/petalbot)"
192.0.103.42 - - [28/Apr/2026:10:02:47 +0000] "HEAD / HTTP/1.1" 200 - "-" "jetmon/1.0 (Jetpack Site Uptime Monitor by WordPress.com)"
184.94.212.206 - - [28/Apr/2026:10:07:48 +0000] "POST /wp-cron.php?doing_wp_cron=1777370868.7049689292907714843750 HTTP/1.1" 200 - "-" "WordPress/6.9.4; https://ideainitself.com"
192.0.103.42 - - [28/Apr/2026:10:07:46 +0000] "HEAD / HTTP/1.1" 200 - "-" "jetmon/1.0 (Jetpack Site Uptime Monitor by WordPress.com)"
91.92.242.223 - - [28/Apr/2026:10:09:46 +0000] "POST /wp-login.php?action=register HTTP/1.1" 500 188 "-" "-"
184.94.212.206 - - [28/Apr/2026:10:10:04 +0000] "POST /wp-cron.php?doing_wp_cron=1777371004.7010109424591064453125 HTTP/1.1" 200 - "-" "WordPress/6.9.4; https://ideainitself.com"
23.21.227.240 - - [28/Apr/2026:10:10:02 +0000] "GET /wp-json/wp/v2/posts/138 HTTP/1.1" 200 4614 "-" "Mozilla/5.0 AppleWebKit/537.36 (KHTML, like Gecko; compatible; Amazonbot/0.1; +https://developer.amazon.com/support/amazonbot) Chrome/119.0.6045.214 Safari/537.36"
209.87.169.211 - - [28/Apr/2026:10:11:16 +0000] "POST /wp-login.php HTTP/1.1" 401 3402 "-" "Mozilla/5.0"
192.0.103.42 - - [28/Apr/2026:10:12:46 +0000] "HEAD / HTTP/1.1" 200 - "-" "jetmon/1.0 (Jetpack Site Uptime Monitor by WordPress.com)"
184.94.212.206 - - [28/Apr/2026:10:17:48 +0000] "POST /wp-cron.php?doing_wp_cron=1777371468.1311318874359130859375 HTTP/1.1" 200 - "-" "WordPress/6.9.4; https://ideainitself.com"
192.0.103.42 - - [28/Apr/2026:10:17:46 +0000] "HEAD / HTTP/1.1" 200 - "-" "jetmon/1.0 (Jetpack Site Uptime Monitor by WordPress.com)"
184.94.212.206 - - [28/Apr/2026:10:22:46 +0000] "POST /wp-cron.php?doing_wp_cron=1777371766.7015490531921386718750 HTTP/1.1" 200 - "-" "WordPress/6.9.4; https://ideainitself.com"
192.0.103.42 - - [28/Apr/2026:10:22:45 +0000] "HEAD / HTTP/1.1" 200 - "-" "jetmon/1.0 (Jetpack Site Uptime Monitor by WordPress.com)"
184.94.212.206 - - [28/Apr/2026:10:24:52 +0000] "POST /wp-cron.php?doing_wp_cron=1777371892.9557070732116699218750 HTTP/1.1" 200 - "-" "WordPress/6.9.4; https://ideainitself.com"
14.244.213.38 - - [28/Apr/2026:10:24:51 +0000] "GET /web-services/?share=mastodon HTTP/1.1" 200 47646 "-" "Mozilla/5.0 (Macintosh; Intel Mac OS X 12.4; rv:130.0) Gecko/20100101 Firefox/130.0"
209.87.169.32 - - [28/Apr/2026:10:24:52 +0000] "POST /wp-login.php HTTP/1.1" 401 3403 "-" "Mozilla/5.0"
155.117.163.45 - - [28/Apr/2026:10:27:36 +0000] "GET /how-working-in-short-bursts-benefits-the-easily-distracted/busy10 HTTP/1.1" 301 - "https://ideainitself.com/" "Mozilla/5.0 (Windows NT 10.0; Win64; x64) AppleWebKit/537.36 (KHTML, like Gecko) Chrome/110.0.0.0 Safari/537.36"
143.244.157.54 - - [28/Apr/2026:10:27:36 +0000] "GET /the-burst-program/SoftCoverB1 HTTP/1.1" 301 - "https://ideainitself.com/" "Mozilla/5.0 (Windows NT 10.0; Win64; x64) AppleWebKit/537.36 (KHTML, like Gecko) Chrome/116.0.0.0 Safari/537.36"
155.117.163.51 - - [28/Apr/2026:10:27:38 +0000] "GET /wp-content/uploads/2021/10/busy10.jpg HTTP/1.1" 200 46237 "https://ideainitself.com/" "Mozilla/5.0 (Windows NT 10.0; Win64; x64) AppleWebKit/537.36 (KHTML, like Gecko) Chrome/110.0.0.0 Safari/537.36"
143.244.157.54 - - [28/Apr/2026:10:27:39 +0000] "GET /wp-content/uploads/2021/10/SoftCoverB1.png HTTP/1.1" 200 466651 "https://ideainitself.com/" "Mozilla/5.0 (Windows NT 10.0; Win64; x64) AppleWebKit/537.36 (KHTML, like Gecko) Chrome/116.0.0.0 Safari/537.36"
184.94.212.206 - - [28/Apr/2026:10:27:48 +0000] "POST /wp-cron.php?doing_wp_cron=1777372068.2489159107208251953125 HTTP/1.1" 200 - "-" "WordPress/6.9.4; https://ideainitself.com"
192.0.103.42 - - [28/Apr/2026:10:27:47 +0000] "HEAD / HTTP/1.1" 200 - "-" "jetmon/1.0 (Jetpack Site Uptime Monitor by WordPress.com)"
51.89.19.199 - - [28/Apr/2026:10:28:45 +0000] "GET /blog-verify HTTP/1.1" 404 144330 "-" "Mozilla/5.0 (Macintosh; Intel Mac OS X 10_15_7; rv:149.0) Gecko/20100101 Firefox/149.0"
51.89.19.199 - - [28/Apr/2026:10:28:48 +0000] "GET /wp-includes/.cache_key HTTP/1.1" 404 144341 "-" "Mozilla/5.0 (Windows NT 10.0; Win64; x64; rv:149.0) Gecko/20100101 Firefox/149.0"
51.89.19.199 - - [28/Apr/2026:10:28:51 +0000] "GET /blog-verify HTTP/1.1" 404 144384 "-" "Mozilla/5.0 (Windows NT 10.0; Win64; x64) AppleWebKit/537.36 (KHTML, like Gecko) Chrome/146.0.0.0 Safari/537.36"
51.89.19.199 - - [28/Apr/2026:10:28:53 +0000] "GET /wp-includes/.cache_key HTTP/1.1" 404 144395 "-" "Mozilla/5.0 (Macintosh; Intel Mac OS X 10_15_7; rv:149.0) Gecko/20100101 Firefox/149.0"
51.89.19.199 - - [28/Apr/2026:10:29:11 +0000] "GET /?wmo_hc=k7Hx9mQp2wRt HTTP/1.1" 200 171583 "-" "Mozilla/5.0 (Macintosh; Intel Mac OS X 10_15_7) AppleWebKit/537.36 (KHTML, like Gecko) Chrome/147.0.0.0 Safari/537.36"
51.89.19.199 - - [28/Apr/2026:10:29:17 +0000] "GET /?wmo_hc=k7Hx9mQp2wRt HTTP/1.1" 301 - "-" "Mozilla/5.0 (Macintosh; Intel Mac OS X 10_15_7) AppleWebKit/537.36 (KHTML, like Gecko) Chrome/146.0.0.0 Safari/537.36"
51.89.19.199 - - [28/Apr/2026:10:29:18 +0000] "GET /?wmo_hc=k7Hx9mQp2wRt HTTP/1.1" 200 171583 "-" "Mozilla/5.0 (Macintosh; Intel Mac OS X 10_15_7) AppleWebKit/537.36 (KHTML, like Gecko) Chrome/146.0.0.0 Safari/537.36"
184.94.212.206 - - [28/Apr/2026:10:32:47 +0000] "POST /wp-cron.php?doing_wp_cron=1777372367.7117230892181396484375 HTTP/1.1" 200 - "-" "WordPress/6.9.4; https://ideainitself.com"
192.0.103.42 - - [28/Apr/2026:10:32:46 +0000] "HEAD / HTTP/1.1" 200 - "-" "jetmon/1.0 (Jetpack Site Uptime Monitor by WordPress.com)"
130.12.180.144 - - [28/Apr/2026:10:33:18 +0000] "GET /.env HTTP/1.1" 404 45058 "-" "Mozilla/5.0 (Windows NT 10.0; Win64; x64) AppleWebKit/537.36"
91.92.242.223 - - [28/Apr/2026:10:34:15 +0000] "POST /wp-login.php?action=register HTTP/1.1" 500 188 "-" "-"
184.94.212.206 - - [28/Apr/2026:10:34:31 +0000] "POST /wp-cron.php?doing_wp_cron=1777372471.6381781101226806640625 HTTP/1.1" 200 - "-" "WordPress/6.9.4; https://ideainitself.com"
114.119.157.118 - - [28/Apr/2026:10:34:30 +0000] "GET /your-downloads?share=x HTTP/1.1" 302 - "https://ideainitself.com/your-downloads?share=mastodon" "Mozilla/5.0 (Linux; Android 7.0;) AppleWebKit/537.36 (HTML, like Gecko) Mobile Safari/537.36 (compatible; PetalBot;+https://webmaster.petalsearch.com/site/petalbot)"
192.0.103.42 - - [28/Apr/2026:10:37:45 +0000] "HEAD / HTTP/1.1" 200 - "-" "jetmon/1.0 (Jetpack Site Uptime Monitor by WordPress.com)"
24.133.156.251 - - [28/Apr/2026:10:38:16 +0000] "GET /how-working-too-long-can-harm-our-productivity/ HTTP/1.1" 200 57446 "-" "Mozilla/5.0 (Linux; Android 2.3.3) AppleWebKit/532.2 (KHTML, like Gecko) Chrome/61.0.875.0 Safari/532.2"
209.87.169.62 - - [28/Apr/2026:10:38:32 +0000] "POST /wp-login.php HTTP/1.1" 401 3402 "-" "Mozilla/5.0"
91.92.242.223 - - [28/Apr/2026:10:42:27 +0000] "POST /wp-login.php?action=register HTTP/1.1" 500 188 "-" "-"
184.94.212.206 - - [28/Apr/2026:10:42:47 +0000] "POST /wp-cron.php?doing_wp_cron=1777372967.6506741046905517578125 HTTP/1.1" 200 - "-" "WordPress/6.9.4; https://ideainitself.com"
192.0.103.42 - - [28/Apr/2026:10:42:46 +0000] "HEAD / HTTP/1.1" 200 - "-" "jetmon/1.0 (Jetpack Site Uptime Monitor by WordPress.com)"
42.83.147.56 - - [28/Apr/2026:10:46:12 +0000] "GET / HTTP/1.1" 200 52155 "-" "Mozilla/5.0 (Windows NT 6.1; Win64; x64) AppleWebKit/537.36 (KHTML, like Gecko)Chrome/74.0.3729.169 Safari/537.36"
192.0.103.42 - - [28/Apr/2026:10:47:46 +0000] "HEAD / HTTP/1.1" 200 - "-" "jetmon/1.0 (Jetpack Site Uptime Monitor by WordPress.com)"
184.94.212.206 - - [28/Apr/2026:10:52:09 +0000] "POST /wp-cron.php?doing_wp_cron=1777373529.7188100814819335937500 HTTP/1.1" 200 - "-" "WordPress/6.9.4; https://ideainitself.com"
114.119.146.215 - - [28/Apr/2026:10:52:08 +0000] "GET /what-is-the-rule-of-52-and-17/?share=x HTTP/1.1" 302 - "https://ideainitself.com/what-is-the-rule-of-52-and-17" "Mozilla/5.0 (Linux; Android 7.0;) AppleWebKit/537.36 (HTML, like Gecko) Mobile Safari/537.36 (compatible; PetalBot;+https://webmaster.petalsearch.com/site/petalbot)"
209.87.169.224 - - [28/Apr/2026:10:52:07 +0000] "POST /wp-login.php HTTP/1.1" 401 3403 "-" "Mozilla/5.0"
192.0.103.42 - - [28/Apr/2026:10:52:45 +0000] "HEAD / HTTP/1.1" 200 - "-" "jetmon/1.0 (Jetpack Site Uptime Monitor by WordPress.com)"
184.94.212.206 - - [28/Apr/2026:10:56:23 +0000] "POST /wp-cron.php?doing_wp_cron=1777373783.5667650699615478515625 HTTP/1.1" 200 - "-" "WordPress/6.9.4; https://ideainitself.com"
47.128.51.94 - - [28/Apr/2026:10:56:21 +0000] "GET /services/ HTTP/1.1" 200 47515 "-" "Mozilla/5.0 (Linux; Android 5.0) AppleWebKit/537.36 (KHTML, like Gecko) Mobile Safari/537.36 (compatible; Bytespider; spider-feedback@bytedance.com)"
47.128.51.94 - - [28/Apr/2026:10:56:25 +0000] "GET /wp-content/plugins/contact-form-7/modules/stripe/style.css?ver=6.1.5 HTTP/1.1" 200 192 "https://ideainitself.com/services/" "Mozilla/5.0 (Linux; Android 5.0) AppleWebKit/537.36 (KHTML, like Gecko) Mobile Safari/537.36 (compatible; Bytespider; spider-feedback@bytedance.com)"
47.128.51.94 - - [28/Apr/2026:10:56:25 +0000] "GET /wp-content/themes/generatepress/assets/css/main.min.css?ver=3.6.1 HTTP/1.1" 200 4675 "https://ideainitself.com/services/" "Mozilla/5.0 (Linux; Android 5.0) AppleWebKit/537.36 (KHTML, like Gecko) Mobile Safari/537.36 (compatible; Bytespider; spider-feedback@bytedance.com)"
192.0.103.42 - - [28/Apr/2026:10:57:46 +0000] "HEAD / HTTP/1.1" 200 - "-" "jetmon/1.0 (Jetpack Site Uptime Monitor by WordPress.com)"
184.94.212.206 - - [28/Apr/2026:11:00:22 +0000] "POST /wp-cron.php?doing_wp_cron=1777374022.4079499244689941406250 HTTP/1.1" 200 - "-" "WordPress/6.9.4; https://ideainitself.com"
47.128.52.125 - - [28/Apr/2026:11:00:19 +0000] "GET /services/ HTTP/1.1" 200 47516 "-" "Mozilla/5.0 (Linux; Android 5.0) AppleWebKit/537.36 (KHTML, like Gecko) Mobile Safari/537.36 (compatible; Bytespider; spider-feedback@bytedance.com)"
47.128.52.125 - - [28/Apr/2026:11:00:23 +0000] "GET /wp-content/themes/generatepress/assets/css/components/widget-areas.min.css?ver=3.6.1 HTTP/1.1" 200 693 "https://ideainitself.com/services/" "Mozilla/5.0 (Linux; Android 5.0) AppleWebKit/537.36 (KHTML, like Gecko) Mobile Safari/537.36 (compatible; Bytespider; spider-feedback@bytedance.com)"
192.0.103.42 - - [28/Apr/2026:11:02:45 +0000] "HEAD / HTTP/1.1" 200 - "-" "jetmon/1.0 (Jetpack Site Uptime Monitor by WordPress.com)"
91.92.242.223 - - [28/Apr/2026:11:04:56 +0000] "POST /wp-login.php?action=register HTTP/1.1" 500 188 "-" "-"
184.94.212.206 - - [28/Apr/2026:11:05:46 +0000] "POST /wp-cron.php?doing_wp_cron=1777374346.6729609966278076171875 HTTP/1.1" 200 - "-" "WordPress/6.9.4; https://ideainitself.com"
209.87.169.44 - - [28/Apr/2026:11:05:44 +0000] "POST /wp-login.php HTTP/1.1" 401 3403 "-" "Mozilla/5.0"
192.0.103.42 - - [28/Apr/2026:11:07:44 +0000] "HEAD / HTTP/1.1" 200 - "-" "jetmon/1.0 (Jetpack Site Uptime Monitor by WordPress.com)"
114.119.133.204 - - [28/Apr/2026:11:08:44 +0000] "GET /what-is-the-rule-of-52-and-17/?share=pinterest HTTP/1.1" 302 - "https://ideainitself.com/what-is-the-rule-of-52-and-17" "Mozilla/5.0 (Linux; Android 7.0;) AppleWebKit/537.36 (HTML, like Gecko) Mobile Safari/537.36 (compatible; PetalBot;+https://webmaster.petalsearch.com/site/petalbot)"
184.94.212.206 - - [28/Apr/2026:11:10:14 +0000] "POST /wp-cron.php?doing_wp_cron=1777374614.2109549045562744140625 HTTP/1.1" 200 - "-" "WordPress/6.9.4; https://ideainitself.com"
64.89.160.114 - - [28/Apr/2026:11:10:11 +0000] "GET /wp-login.php?al=true HTTP/1.1" 200 3814 "-" "Mozilla/5.0"
192.0.103.42 - - [28/Apr/2026:11:12:46 +0000] "HEAD / HTTP/1.1" 200 - "-" "jetmon/1.0 (Jetpack Site Uptime Monitor by WordPress.com)"
184.94.212.206 - - [28/Apr/2026:11:17:46 +0000] "POST /wp-cron.php?doing_wp_cron=1777375066.5018370151519775390625 HTTP/1.1" 200 - "-" "WordPress/6.9.4; https://ideainitself.com"
192.0.103.42 - - [28/Apr/2026:11:17:44 +0000] "HEAD / HTTP/1.1" 200 - "-" "jetmon/1.0 (Jetpack Site Uptime Monitor by WordPress.com)"
103.153.182.11 - - [28/Apr/2026:11:17:56 +0000] "GET /info.php HTTP/1.1" 404 144327 "-" "Mozilla/5.0 (X11; Linux x86_64) AppleWebKit/537.36 (KHTML, like Gecko) Chrome/120.0.0.0 Safari/537.36"
103.153.182.11 - - [28/Apr/2026:11:17:56 +0000] "GET /php.php HTTP/1.1" 404 144326 "-" "Mozilla/5.0 (Windows NT 10.0; Win64; x64) AppleWebKit/537.36 (KHTML, like Gecko) Chrome/120.0.0.0 Safari/537.36"
103.153.182.11 - - [28/Apr/2026:11:17:56 +0000] "GET /i.php HTTP/1.1" 404 144324 "-" "Mozilla/5.0 (Windows NT 10.0; Win64; x64; rv:121.0) Gecko/20100101 Firefox/121.0"
103.153.182.11 - - [28/Apr/2026:11:17:56 +0000] "GET /.env.prod HTTP/1.1" 404 144328 "-" "Mozilla/5.0 (Macintosh; Intel Mac OS X 10_15_7) AppleWebKit/537.36 (KHTML, like Gecko) Chrome/120.0.0.0 Safari/537.36"
103.153.182.11 - - [28/Apr/2026:11:17:56 +0000] "GET /.env HTTP/1.1" 404 144323 "-" "Mozilla/5.0 (X11; Linux x86_64) AppleWebKit/537.36 (KHTML, like Gecko) Chrome/120.0.0.0 Safari/537.36"
103.153.182.11 - - [28/Apr/2026:11:17:56 +0000] "GET /test.php HTTP/1.1" 404 144327 "-" "Mozilla/5.0 (Macintosh; Intel Mac OS X 10_15_7) AppleWebKit/537.36 (KHTML, like Gecko) Chrome/120.0.0.0 Safari/537.36"
103.153.182.11 - - [28/Apr/2026:11:17:56 +0000] "GET /.aws/credentials HTTP/1.1" 404 144335 "-" "Mozilla/5.0 (X11; Linux x86_64) AppleWebKit/537.36 (KHTML, like Gecko) Chrome/120.0.0.0 Safari/537.36"
103.153.182.11 - - [28/Apr/2026:11:17:56 +0000] "GET /.%61%77%73/%63%6F%6E%66%69%67 HTTP/1.1" 404 144321 "-" "Mozilla/5.0 (Windows NT 10.0; Win64; x64; rv:121.0) Gecko/20100101 Firefox/121.0"
103.153.182.11 - - [28/Apr/2026:11:17:56 +0000] "GET /.env.local HTTP/1.1" 404 144329 "-" "Mozilla/5.0 (compatible; SecurityScanner/1.0)"
103.153.182.11 - - [28/Apr/2026:11:17:56 +0000] "GET /.docker/config.json HTTP/1.1" 404 144338 "-" "Mozilla/5.0 (X11; Linux x86_64) AppleWebKit/537.36 (KHTML, like Gecko) Chrome/120.0.0.0 Safari/537.36"
103.153.182.11 - - [28/Apr/2026:11:17:56 +0000] "GET /.aws/config HTTP/1.1" 404 144330 "-" "Mozilla/5.0 (Macintosh; Intel Mac OS X 10_15_7) AppleWebKit/537.36 (KHTML, like Gecko) Chrome/120.0.0.0 Safari/537.36"
103.153.182.11 - - [28/Apr/2026:11:17:56 +0000] "GET / HTTP/1.1" 200 171621 "-" "Mozilla/5.0 (Macintosh; Intel Mac OS X 10_15_7) AppleWebKit/537.36 (KHTML, like Gecko) Chrome/120.0.0.0 Safari/537.36"
103.153.182.11 - - [28/Apr/2026:11:17:56 +0000] "GET /.env.production HTTP/1.1" 404 144334 "-" "Mozilla/5.0 (Windows NT 10.0; Win64; x64; rv:121.0) Gecko/20100101 Firefox/121.0"
103.153.182.11 - - [28/Apr/2026:11:17:56 +0000] "GET /phpinfo.php HTTP/1.1" 404 144330 "-" "Mozilla/5.0 (Windows NT 10.0; Win64; x64; rv:121.0) Gecko/20100101 Firefox/121.0"
103.153.182.11 - - [28/Apr/2026:11:17:56 +0000] "GET /.%61%77%73/%63%72%65%64%65%6E%74%69%61%6C%73 HTTP/1.1" 404 144321 "-" "Mozilla/5.0 (Windows NT 10.0; Win64; x64; rv:121.0) Gecko/20100101 Firefox/121.0"
184.94.212.206 - - [28/Apr/2026:11:19:32 +0000] "POST /wp-cron.php?doing_wp_cron=1777375172.8186790943145751953125 HTTP/1.1" 200 - "-" "WordPress/6.9.4; https://ideainitself.com"
209.87.169.219 - - [28/Apr/2026:11:19:30 +0000] "POST /wp-login.php HTTP/1.1" 401 3402 "-" "Mozilla/5.0"
103.153.182.11 - - [28/Apr/2026:11:19:59 +0000] "GET /.env.production HTTP/1.1" 404 144388 "-" "Mozilla/5.0 (compatible; SecurityScanner/1.0)"
103.153.182.11 - - [28/Apr/2026:11:20:01 +0000] "GET /.npmrc HTTP/1.1" 404 144379 "-" "Mozilla/5.0 (X11; Linux x86_64) AppleWebKit/537.36 (KHTML, like Gecko) Chrome/120.0.0.0 Safari/537.36"
103.153.182.11 - - [28/Apr/2026:11:19:59 +0000] "GET /i.php HTTP/1.1" 404 144378 "-" "Mozilla/5.0 (Windows NT 10.0; Win64; x64; rv:121.0) Gecko/20100101 Firefox/121.0"
103.153.182.11 - - [28/Apr/2026:11:19:59 +0000] "GET /.env.local HTTP/1.1" 404 144383 "-" "Mozilla/5.0 (compatible; SecurityScanner/1.0)"
103.153.182.11 - - [28/Apr/2026:11:19:59 +0000] "GET /.env HTTP/1.1" 404 144377 "-" "Mozilla/5.0 (X11; Linux x86_64) AppleWebKit/537.36 (KHTML, like Gecko) Chrome/120.0.0.0 Safari/537.36"
103.153.182.11 - - [28/Apr/2026:11:19:59 +0000] "GET /info.php HTTP/1.1" 404 144381 "-" "Mozilla/5.0 (Windows NT 10.0; Win64; x64) AppleWebKit/537.36 (KHTML, like Gecko) Chrome/120.0.0.0 Safari/537.36"
103.153.182.11 - - [28/Apr/2026:11:20:01 +0000] "GET /.env.development HTTP/1.1" 404 144389 "-" "Mozilla/5.0 (compatible; SecurityScanner/1.0)"
103.153.182.11 - - [28/Apr/2026:11:19:59 +0000] "GET / HTTP/1.1" 301 - "-" "Mozilla/5.0 (Windows NT 10.0; Win64; x64; rv:121.0) Gecko/20100101 Firefox/121.0"
103.153.182.11 - - [28/Apr/2026:11:19:59 +0000] "GET /.aws/config HTTP/1.1" 404 144384 "-" "Mozilla/5.0 (Windows NT 10.0; Win64; x64; rv:121.0) Gecko/20100101 Firefox/121.0"
103.153.182.11 - - [28/Apr/2026:11:19:59 +0000] "GET /.docker/config.json HTTP/1.1" 404 144392 "-" "Mozilla/5.0 (compatible; SecurityScanner/1.0)"
103.153.182.11 - - [28/Apr/2026:11:20:01 +0000] "GET /.kube/config HTTP/1.1" 404 144385 "-" "Mozilla/5.0 (compatible; SecurityScanner/1.0)"
103.153.182.11 - - [28/Apr/2026:11:20:01 +0000] "GET /.netrc HTTP/1.1" 404 144379 "-" "Mozilla/5.0 (X11; Linux x86_64) AppleWebKit/537.36 (KHTML, like Gecko) Chrome/120.0.0.0 Safari/537.36"
103.153.182.11 - - [28/Apr/2026:11:20:01 +0000] "GET /.dockerenv HTTP/1.1" 404 144383 "-" "Mozilla/5.0 (compatible; SecurityScanner/1.0)"
103.153.182.11 - - [28/Apr/2026:11:19:59 +0000] "GET /php.php HTTP/1.1" 404 144380 "-" "Mozilla/5.0 (X11; Linux x86_64) AppleWebKit/537.36 (KHTML, like Gecko) Chrome/120.0.0.0 Safari/537.36"
103.153.182.11 - - [28/Apr/2026:11:19:59 +0000] "GET /test.php HTTP/1.1" 404 144381 "-" "Mozilla/5.0 (compatible; SecurityScanner/1.0)"
103.153.182.11 - - [28/Apr/2026:11:19:59 +0000] "GET /phpinfo.php HTTP/1.1" 404 144384 "-" "Mozilla/5.0 (Windows NT 10.0; Win64; x64; rv:121.0) Gecko/20100101 Firefox/121.0"
103.153.182.11 - - [28/Apr/2026:11:19:59 +0000] "GET /.env.prod HTTP/1.1" 404 144382 "-" "Mozilla/5.0 (Windows NT 10.0; Win64; x64; rv:121.0) Gecko/20100101 Firefox/121.0"
103.153.182.11 - - [28/Apr/2026:11:20:01 +0000] "GET /%70%68%70%69%6E%66%6F.%70%68%70 HTTP/1.1" 404 144374 "-" "Mozilla/5.0 (Windows NT 10.0; Win64; x64; rv:121.0) Gecko/20100101 Firefox/121.0"
103.153.182.11 - - [28/Apr/2026:11:20:01 +0000] "GET /.htpasswd HTTP/1.1" 404 144382 "-" "Mozilla/5.0 (compatible; SecurityScanner/1.0)"
103.153.182.11 - - [28/Apr/2026:11:20:01 +0000] "GET /.env.stage HTTP/1.1" 404 144383 "-" "Mozilla/5.0 (compatible; SecurityScanner/1.0)"
103.153.182.11 - - [28/Apr/2026:11:19:59 +0000] "GET / HTTP/1.1" 301 - "-" "Mozilla/5.0 (Windows NT 10.0; Win64; x64) AppleWebKit/537.36 (KHTML, like Gecko) Chrome/120.0.0.0 Safari/537.36"
103.153.182.11 - - [28/Apr/2026:11:20:01 +0000] "GET /.env.test HTTP/1.1" 404 144382 "-" "Mozilla/5.0 (Windows NT 10.0; Win64; x64; rv:121.0) Gecko/20100101 Firefox/121.0"
103.153.182.11 - - [28/Apr/2026:11:20:01 +0000] "GET /.env.dev HTTP/1.1" 404 144381 "-" "Mozilla/5.0 (compatible; SecurityScanner/1.0)"
103.153.182.11 - - [28/Apr/2026:11:19:59 +0000] "GET /.%61%77%73/%63%72%65%64%65%6E%74%69%61%6C%73 HTTP/1.1" 404 144375 "-" "Mozilla/5.0 (X11; Linux x86_64) AppleWebKit/537.36 (KHTML, like Gecko) Chrome/120.0.0.0 Safari/537.36"
103.153.182.11 - - [28/Apr/2026:11:20:01 +0000] "GET /.env.staging HTTP/1.1" 404 144385 "-" "Mozilla/5.0 (Macintosh; Intel Mac OS X 10_15_7) AppleWebKit/537.36 (KHTML, like Gecko) Chrome/120.0.0.0 Safari/537.36"
103.153.182.11 - - [28/Apr/2026:11:19:59 +0000] "GET /.aws/credentials HTTP/1.1" 404 144389 "-" "Mozilla/5.0 (Windows NT 10.0; Win64; x64) AppleWebKit/537.36 (KHTML, like Gecko) Chrome/120.0.0.0 Safari/537.36"
103.153.182.11 - - [28/Apr/2026:11:20:01 +0000] "GET /%69%6E%66%6F.%70%68%70 HTTP/1.1" 404 144374 "-" "Mozilla/5.0 (Macintosh; Intel Mac OS X 10_15_7) AppleWebKit/537.36 (KHTML, like Gecko) Chrome/120.0.0.0 Safari/537.36"
103.153.182.11 - - [28/Apr/2026:11:20:01 +0000] "GET /php-info.php HTTP/1.1" 404 144385 "-" "Mozilla/5.0 (Macintosh; Intel Mac OS X 10_15_7) AppleWebKit/537.36 (KHTML, like Gecko) Chrome/120.0.0.0 Safari/537.36"
103.153.182.11 - - [28/Apr/2026:11:20:01 +0000] "GET /php_info.php HTTP/1.1" 404 144385 "-" "Mozilla/5.0 (Windows NT 10.0; Win64; x64; rv:121.0) Gecko/20100101 Firefox/121.0"
103.153.182.11 - - [28/Apr/2026:11:20:01 +0000] "GET /%74%65%73%74.%70%68%70 HTTP/1.1" 404 144374 "-" "Mozilla/5.0 (X11; Linux x86_64) AppleWebKit/537.36 (KHTML, like Gecko) Chrome/120.0.0.0 Safari/537.36"
91.92.242.223 - - [28/Apr/2026:11:20:02 +0000] "POST /wp-login.php?action=register HTTP/1.1" 500 188 "-" "-"
171.225.198.188 - - [28/Apr/2026:11:22:11 +0000] "GET /how-working-in-short-bursts-benefits-the-easily-distracted/ HTTP/1.1" 200 57247 "-" "Opera/9.63.(X11; Linux i686; fa-IR) Presto/2.9.177 Version/10.00"
192.0.103.42 - - [28/Apr/2026:11:22:44 +0000] "HEAD / HTTP/1.1" 200 - "-" "jetmon/1.0 (Jetpack Site Uptime Monitor by WordPress.com)"
98.91.203.152 - - [28/Apr/2026:11:25:19 +0000] "GET /ads.txt HTTP/1.1" 200 58 "-" "Mozilla/5.0 (Windows NT 10.0; Win64; x64) AppleWebKit/537.36 (KHTML, like Gecko) Chrome/124.0.0.0 Safari/537.36"
184.94.212.206 - - [28/Apr/2026:11:25:32 +0000] "POST /wp-cron.php?doing_wp_cron=1777375532.4782559871673583984375 HTTP/1.1" 200 - "-" "WordPress/6.9.4; https://ideainitself.com"
114.119.133.204 - - [28/Apr/2026:11:25:30 +0000] "GET /three-benefits-of-working-in-short-bursts?share=pocket HTTP/1.1" 301 - "-" "Mozilla/5.0 (Linux; Android 7.0;) AppleWebKit/537.36 (HTML, like Gecko) Mobile Safari/537.36 (compatible; PetalBot;+https://webmaster.petalsearch.com/site/petalbot)"
114.119.133.204 - - [28/Apr/2026:11:25:32 +0000] "GET /three-benefits-of-working-in-short-bursts/?share=pocket HTTP/1.1" 200 57344 "https://ideainitself.com/three-benefits-of-working-in-short-bursts?share=pocket" "Mozilla/5.0 (Linux; Android 7.0;) AppleWebKit/537.36 (HTML, like Gecko) Mobile Safari/537.36 (compatible; PetalBot;+https://webmaster.petalsearch.com/site/petalbot)"