192.0.103.42 - - [27/Apr/2026:21:37:46 +0000] "HEAD / HTTP/1.1" 200 - "-" "jetmon/1.0 (Jetpack Site Uptime Monitor by WordPress.com)"
14.172.161.130 - - [27/Apr/2026:21:39:02 +0000] "GET /tag/pomodoro/ HTTP/1.1" 200 50311 "-" "Mozilla/5.0 (Macintosh; Intel Mac OS X 14_5_0) AppleWebKit/537.36 (KHTML, like Gecko) Chrome/130.0.6723.69 Safari/537.36"
184.94.212.206 - - [27/Apr/2026:21:40:24 +0000] "POST /wp-cron.php?doing_wp_cron=1777326024.7923769950866699218750 HTTP/1.1" 200 - "-" "WordPress/6.9.4; https://ideainitself.com"
148.227.93.159 - - [27/Apr/2026:21:40:22 +0000] "GET /special-offer/ HTTP/1.1" 200 56060 "-" "Mozilla/5.0 (Macintosh; Intel Mac OS X 10_12_1; rv:1.9.6.20) Gecko/4743-09-09 05:25:12.653503 Firefox/3.8"
192.0.103.42 - - [27/Apr/2026:21:42:50 +0000] "HEAD / HTTP/1.1" 200 - "-" "jetmon/1.0 (Jetpack Site Uptime Monitor by WordPress.com)"
209.87.169.231 - - [27/Apr/2026:21:43:56 +0000] "POST /wp-login.php HTTP/1.1" 401 3402 "-" "Mozilla/5.0"
184.94.212.206 - - [27/Apr/2026:21:46:20 +0000] "POST /wp-cron.php?doing_wp_cron=1777326380.4150679111480712890625 HTTP/1.1" 200 - "-" "WordPress/6.9.4; https://ideainitself.com"
85.208.96.211 - - [27/Apr/2026:21:46:18 +0000] "GET /how-a-college-dropout-used-military-discipline-to-land-a-slack-job-working-smarter-not-harder/ HTTP/1.1" 200 55672 "-" "Mozilla/5.0 (compatible; SemrushBot/7~bl; +http://www.semrush.com/bot.html)"
184.94.212.206 - - [27/Apr/2026:21:47:50 +0000] "POST /wp-cron.php?doing_wp_cron=1777326470.1295559406280517578125 HTTP/1.1" 200 - "-" "WordPress/6.9.4; https://ideainitself.com"
192.0.103.42 - - [27/Apr/2026:21:47:48 +0000] "HEAD / HTTP/1.1" 200 - "-" "jetmon/1.0 (Jetpack Site Uptime Monitor by WordPress.com)"
103.147.152.12 - - [27/Apr/2026:21:48:21 +0000] "POST /wp-comments-post.php HTTP/1.1" 302 - "-" "Mozilla/5.0 (Windows NT 10.0; Win64; x64) AppleWebKit/537.36 (KHTML, like Gecko) Chrome/120.0.0.0 Safari/537.36"
184.94.212.206 - - [27/Apr/2026:21:48:22 +0000] "GET /wp-json/jetpack/v4/sync/spawn-sync?time=1777326502&request_lock_id=95e50e59-ad4d-4c5d-89bc-5a774f775830 HTTP/1.1" 200 37 "-" "WordPress/6.9.4; https://ideainitself.com"
103.147.152.12 - - [27/Apr/2026:21:48:24 +0000] "POST /wp-comments-post.php HTTP/1.1" 429 1090 "-" "Mozilla/5.0 (Windows NT 10.0; Win64; x64) AppleWebKit/537.36 (KHTML, like Gecko) Chrome/120.0.0.0 Safari/537.36"
103.147.152.12 - - [27/Apr/2026:21:48:25 +0000] "POST /wp-comments-post.php HTTP/1.1" 429 1090 "-" "Mozilla/5.0 (Windows NT 10.0; Win64; x64) AppleWebKit/537.36 (KHTML, like Gecko) Chrome/120.0.0.0 Safari/537.36"
103.147.152.12 - - [27/Apr/2026:21:48:27 +0000] "POST /wp-comments-post.php HTTP/1.1" 429 1090 "-" "Mozilla/5.0 (Windows NT 10.0; Win64; x64) AppleWebKit/537.36 (KHTML, like Gecko) Chrome/120.0.0.0 Safari/537.36"
103.147.152.12 - - [27/Apr/2026:21:48:28 +0000] "POST /wp-comments-post.php HTTP/1.1" 429 1090 "-" "Mozilla/5.0 (Windows NT 10.0; Win64; x64) AppleWebKit/537.36 (KHTML, like Gecko) Chrome/120.0.0.0 Safari/537.36"
103.147.152.12 - - [27/Apr/2026:21:48:30 +0000] "POST /wp-comments-post.php HTTP/1.1" 429 1090 "-" "Mozilla/5.0 (Windows NT 10.0; Win64; x64) AppleWebKit/537.36 (KHTML, like Gecko) Chrome/120.0.0.0 Safari/537.36"
103.147.152.12 - - [27/Apr/2026:21:48:31 +0000] "POST /wp-comments-post.php HTTP/1.1" 429 1090 "-" "Mozilla/5.0 (Windows NT 10.0; Win64; x64) AppleWebKit/537.36 (KHTML, like Gecko) Chrome/120.0.0.0 Safari/537.36"
103.147.152.12 - - [27/Apr/2026:21:48:33 +0000] "POST /wp-comments-post.php HTTP/1.1" 429 1090 "-" "Mozilla/5.0 (Windows NT 10.0; Win64; x64) AppleWebKit/537.36 (KHTML, like Gecko) Chrome/120.0.0.0 Safari/537.36"
103.147.152.12 - - [27/Apr/2026:21:48:34 +0000] "POST /wp-comments-post.php HTTP/1.1" 429 1090 "-" "Mozilla/5.0 (Windows NT 10.0; Win64; x64) AppleWebKit/537.36 (KHTML, like Gecko) Chrome/120.0.0.0 Safari/537.36"
103.147.152.12 - - [27/Apr/2026:21:48:35 +0000] "POST /wp-comments-post.php HTTP/1.1" 429 1090 "-" "Mozilla/5.0 (Windows NT 10.0; Win64; x64) AppleWebKit/537.36 (KHTML, like Gecko) Chrome/120.0.0.0 Safari/537.36"
85.208.96.193 - - [27/Apr/2026:21:48:48 +0000] "GET /web-services/ HTTP/1.1" 200 47647 "-" "Mozilla/5.0 (compatible; SemrushBot/7~bl; +http://www.semrush.com/bot.html)"
91.92.242.223 - - [27/Apr/2026:21:48:55 +0000] "POST /wp-login.php?action=register HTTP/1.1" 500 188 "-" "-"
17.22.237.100 - - [27/Apr/2026:21:52:40 +0000] "GET /robots.txt HTTP/1.1" 200 115 "-" "Mozilla/5.0 (Macintosh; Intel Mac OS X 10_15_7) AppleWebKit/605.1.15 (KHTML, like Gecko) Version/17.4 Safari/605.1.15 (Applebot/0.1; +http://www.apple.com/go/applebot)"
184.94.212.206 - - [27/Apr/2026:21:52:42 +0000] "POST /wp-cron.php?doing_wp_cron=1777326762.5299389362335205078125 HTTP/1.1" 200 - "-" "WordPress/6.9.4; https://ideainitself.com"
17.22.237.100 - - [27/Apr/2026:21:52:40 +0000] "GET /order-now-button-png/ HTTP/1.1" 301 - "-" "Mozilla/5.0 (Macintosh; Intel Mac OS X 10_15_7) AppleWebKit/605.1.15 (KHTML, like Gecko) Version/17.4 Safari/605.1.15 (Applebot/0.1; +http://www.apple.com/go/applebot)"
17.22.237.100 - - [27/Apr/2026:21:52:42 +0000] "GET /wp-content/uploads/2023/04/order-now-button-png.png HTTP/1.1" 200 19060 "-" "Mozilla/5.0 (Macintosh; Intel Mac OS X 10_15_7) AppleWebKit/605.1.15 (KHTML, like Gecko) Version/17.4 Safari/605.1.15 (Applebot/0.1; +http://www.apple.com/go/applebot)"
192.0.103.42 - - [27/Apr/2026:21:52:47 +0000] "HEAD / HTTP/1.1" 200 - "-" "jetmon/1.0 (Jetpack Site Uptime Monitor by WordPress.com)"
209.87.169.252 - - [27/Apr/2026:21:52:54 +0000] "POST /wp-login.php HTTP/1.1" 401 3402 "-" "Mozilla/5.0"
184.94.212.206 - - [27/Apr/2026:21:57:51 +0000] "POST /wp-cron.php?doing_wp_cron=1777327071.2007899284362792968750 HTTP/1.1" 200 - "-" "WordPress/6.9.4; https://ideainitself.com"
192.0.103.42 - - [27/Apr/2026:21:57:49 +0000] "HEAD / HTTP/1.1" 200 - "-" "jetmon/1.0 (Jetpack Site Uptime Monitor by WordPress.com)"
216.73.217.60 - - [27/Apr/2026:21:58:09 +0000] "GET /robots.txt HTTP/1.1" 200 115 "-" "Mozilla/5.0 AppleWebKit/537.36 (KHTML, like Gecko; compatible; ClaudeBot/1.0; +claudebot@anthropic.com)"
216.73.217.60 - - [27/Apr/2026:21:58:10 +0000] "GET /author/n1ch3p4cks/page/3/ HTTP/1.1" 200 51958 "-" "Mozilla/5.0 AppleWebKit/537.36 (KHTML, like Gecko; compatible; ClaudeBot/1.0; +claudebot@anthropic.com)"
91.92.242.223 - - [27/Apr/2026:21:59:28 +0000] "POST /wp-login.php?action=register HTTP/1.1" 500 188 "-" "-"
184.94.212.206 - - [27/Apr/2026:22:02:13 +0000] "POST /wp-cron.php?doing_wp_cron=1777327333.0062000751495361328125 HTTP/1.1" 200 - "-" "WordPress/6.9.4; https://ideainitself.com"
209.87.169.208 - - [27/Apr/2026:22:02:10 +0000] "POST /wp-login.php HTTP/1.1" 401 3402 "-" "Mozilla/5.0"
192.0.103.42 - - [27/Apr/2026:22:02:48 +0000] "HEAD / HTTP/1.1" 200 - "-" "jetmon/1.0 (Jetpack Site Uptime Monitor by WordPress.com)"
184.94.212.206 - - [27/Apr/2026:22:07:49 +0000] "POST /wp-cron.php?doing_wp_cron=1777327669.3224461078643798828125 HTTP/1.1" 200 - "-" "WordPress/6.9.4; https://ideainitself.com"
192.0.103.42 - - [27/Apr/2026:22:07:47 +0000] "HEAD / HTTP/1.1" 200 - "-" "jetmon/1.0 (Jetpack Site Uptime Monitor by WordPress.com)"
91.92.242.223 - - [27/Apr/2026:22:08:04 +0000] "POST /wp-login.php?action=register HTTP/1.1" 500 188 "-" "-"
184.94.212.206 - - [27/Apr/2026:22:11:31 +0000] "POST /wp-cron.php?doing_wp_cron=1777327891.3669540882110595703125 HTTP/1.1" 200 - "-" "WordPress/6.9.4; https://ideainitself.com"
209.87.169.36 - - [27/Apr/2026:22:11:28 +0000] "POST /wp-login.php HTTP/1.1" 401 3402 "-" "Mozilla/5.0"
192.0.103.42 - - [27/Apr/2026:22:12:50 +0000] "HEAD / HTTP/1.1" 200 - "-" "jetmon/1.0 (Jetpack Site Uptime Monitor by WordPress.com)"
184.94.212.206 - - [27/Apr/2026:22:14:48 +0000] "POST /wp-cron.php?doing_wp_cron=1777328088.6192030906677246093750 HTTP/1.1" 200 - "-" "WordPress/6.9.4; https://ideainitself.com"
45.131.155.100 - - [27/Apr/2026:22:14:44 +0000] "GET / HTTP/1.1" 200 52156 "-" "Mozilla/5.0 (Windows NT 10.0; Win64; x64) AppleWebKit/537.36 (KHTML, like Gecko) Chrome/79.0.3945.79 Safari/537.36"
45.131.155.111 - - [27/Apr/2026:22:14:52 +0000] "GET /favicon.ico HTTP/1.1" 302 - "https://ideainitself.com/" "Mozilla/5.0 (Windows NT 10.0; Win64; x64) AppleWebKit/537.36 (KHTML, like Gecko) Chrome/138.0.0.0 Safari/537.36 Edg/138.0.0.0"
192.0.103.42 - - [27/Apr/2026:22:17:46 +0000] "HEAD / HTTP/1.1" 200 - "-" "jetmon/1.0 (Jetpack Site Uptime Monitor by WordPress.com)"
184.94.212.206 - - [27/Apr/2026:22:20:46 +0000] "POST /wp-cron.php?doing_wp_cron=1777328446.8206019401550292968750 HTTP/1.1" 200 - "-" "WordPress/6.9.4; https://ideainitself.com"
209.87.169.39 - - [27/Apr/2026:22:20:44 +0000] "POST /wp-login.php HTTP/1.1" 401 3402 "-" "Mozilla/5.0"
91.92.242.223 - - [27/Apr/2026:22:21:06 +0000] "POST /wp-login.php?action=register HTTP/1.1" 500 188 "-" "-"
192.0.103.42 - - [27/Apr/2026:22:22:47 +0000] "HEAD / HTTP/1.1" 200 - "-" "jetmon/1.0 (Jetpack Site Uptime Monitor by WordPress.com)"
184.94.212.206 - - [27/Apr/2026:22:27:51 +0000] "POST /wp-cron.php?doing_wp_cron=1777328871.5599339008331298828125 HTTP/1.1" 200 - "-" "WordPress/6.9.4; https://ideainitself.com"
192.0.103.42 - - [27/Apr/2026:22:27:49 +0000] "HEAD / HTTP/1.1" 200 - "-" "jetmon/1.0 (Jetpack Site Uptime Monitor by WordPress.com)"
216.73.217.60 - - [27/Apr/2026:22:28:16 +0000] "GET /sitemap.xml HTTP/1.1" 200 246 "-" "Mozilla/5.0 AppleWebKit/537.36 (KHTML, like Gecko; compatible; ClaudeBot/1.0; +claudebot@anthropic.com)"
177.1.125.211 - - [27/Apr/2026:22:28:40 +0000] "GET /how-taking-breaks-helps-us-be-more-productive/ HTTP/1.1" 200 57285 "-" "Mozilla/5.0 (compatible; MSIE 6.0; Windows NT 4.0; Trident/3.0)"
184.94.212.206 - - [27/Apr/2026:22:29:53 +0000] "POST /wp-cron.php?doing_wp_cron=1777328993.4536828994750976562500 HTTP/1.1" 200 - "-" "WordPress/6.9.4; https://ideainitself.com"
209.87.169.47 - - [27/Apr/2026:22:29:51 +0000] "POST /wp-login.php HTTP/1.1" 401 3402 "-" "Mozilla/5.0"
142.44.220.43 - - [27/Apr/2026:22:32:42 +0000] "GET /robots.txt HTTP/1.1" 403 143 "-" "Mozilla/5.0 (compatible; AhrefsBot/7.0; +http://ahrefs.com/robot/)"
15.235.27.98 - - [27/Apr/2026:22:32:45 +0000] "GET /why-does-the-pomodoro-technique-work-so-well/?share=pocket HTTP/1.1" 200 57539 "-" "Mozilla/5.0 (compatible; AhrefsBot/7.0; +http://ahrefs.com/robot/)"
192.0.103.42 - - [27/Apr/2026:22:32:47 +0000] "HEAD / HTTP/1.1" 200 - "-" "jetmon/1.0 (Jetpack Site Uptime Monitor by WordPress.com)"
91.92.242.223 - - [27/Apr/2026:22:34:51 +0000] "POST /wp-login.php?action=register HTTP/1.1" 500 188 "-" "-"
184.94.212.206 - - [27/Apr/2026:22:37:48 +0000] "POST /wp-cron.php?doing_wp_cron=1777329468.7738380432128906250000 HTTP/1.1" 200 - "-" "WordPress/6.9.4; https://ideainitself.com"
192.0.103.42 - - [27/Apr/2026:22:37:47 +0000] "HEAD / HTTP/1.1" 200 - "-" "jetmon/1.0 (Jetpack Site Uptime Monitor by WordPress.com)"
209.87.169.214 - - [27/Apr/2026:22:38:59 +0000] "POST /wp-login.php HTTP/1.1" 401 3402 "-" "Mozilla/5.0"
184.94.212.206 - - [27/Apr/2026:22:42:52 +0000] "POST /wp-cron.php?doing_wp_cron=1777329772.0841360092163085937500 HTTP/1.1" 200 - "-" "WordPress/6.9.4; https://ideainitself.com"
192.0.103.42 - - [27/Apr/2026:22:42:50 +0000] "HEAD / HTTP/1.1" 200 - "-" "jetmon/1.0 (Jetpack Site Uptime Monitor by WordPress.com)"
194.67.198.250 - - [27/Apr/2026:22:43:57 +0000] "GET / HTTP/1.1" 200 52156 "http://IDEAINITSELF.COM" "Mozilla/5.0 (Windows NT 10.0; Win64; x64) AppleWebKit/537.36 (KHTML, like Gecko) Chrome/145.0.0.0 Safari/537.36 Edg/145.0.0.0"
184.94.212.206 - - [27/Apr/2026:22:47:50 +0000] "POST /wp-cron.php?doing_wp_cron=1777330070.0112230777740478515625 HTTP/1.1" 200 - "-" "WordPress/6.9.4; https://ideainitself.com"
192.0.103.42 - - [27/Apr/2026:22:47:48 +0000] "HEAD / HTTP/1.1" 200 - "-" "jetmon/1.0 (Jetpack Site Uptime Monitor by WordPress.com)"
209.87.169.53 - - [27/Apr/2026:22:48:17 +0000] "POST /wp-login.php HTTP/1.1" 401 3402 "-" "Mozilla/5.0"
91.92.242.223 - - [27/Apr/2026:22:50:44 +0000] "POST /wp-login.php?action=register HTTP/1.1" 500 188 "-" "-"
184.94.212.206 - - [27/Apr/2026:22:51:11 +0000] "POST /wp-cron.php?doing_wp_cron=1777330271.5614280700683593750000 HTTP/1.1" 200 - "-" "WordPress/6.9.4; https://ideainitself.com"
152.237.150.249 - - [27/Apr/2026:22:51:10 +0000] "GET /tag/procrastination/ HTTP/1.1" 200 49909 "-" "Mozilla/5.0 (Macintosh; Intel Mac OS X 14.2; rv:127.0) Gecko/20100101 Firefox/127.0"
184.94.212.206 - - [27/Apr/2026:22:52:50 +0000] "POST /wp-cron.php?doing_wp_cron=1777330370.2493910789489746093750 HTTP/1.1" 200 - "-" "WordPress/6.9.4; https://ideainitself.com"
192.0.103.42 - - [27/Apr/2026:22:52:48 +0000] "HEAD / HTTP/1.1" 200 - "-" "jetmon/1.0 (Jetpack Site Uptime Monitor by WordPress.com)"
91.92.242.223 - - [27/Apr/2026:22:54:42 +0000] "POST /wp-login.php?action=register HTTP/1.1" 500 188 "-" "-"
209.87.169.70 - - [27/Apr/2026:22:57:34 +0000] "POST /wp-login.php HTTP/1.1" 401 3402 "-" "Mozilla/5.0"
192.0.103.42 - - [27/Apr/2026:22:57:49 +0000] "HEAD / HTTP/1.1" 200 - "-" "jetmon/1.0 (Jetpack Site Uptime Monitor by WordPress.com)"
184.94.212.206 - - [27/Apr/2026:22:58:17 +0000] "POST /wp-cron.php?doing_wp_cron=1777330697.1212069988250732421875 HTTP/1.1" 200 - "-" "WordPress/6.9.4; https://ideainitself.com"
137.184.25.215 - - [27/Apr/2026:22:58:14 +0000] "POST /wp-login.php HTTP/1.1" 401 1412 "-" "Mozilla/5.0 (Windows NT 10.0; rv:142.0) Gecko/20100101 Firefox/142.0"
43.130.26.3 - - [27/Apr/2026:23:00:58 +0000] "GET / HTTP/1.1" 200 52058 "http://www.ideainitself.com" "Mozilla/5.0 (iPhone; CPU iPhone OS 13_2_3 like Mac OS X) AppleWebKit/605.1.15 (KHTML, like Gecko) Version/13.0.3 Mobile/15E148 Safari/604.1"
192.0.103.42 - - [27/Apr/2026:23:02:51 +0000] "HEAD / HTTP/1.1" 200 - "-" "jetmon/1.0 (Jetpack Site Uptime Monitor by WordPress.com)"
91.92.242.223 - - [27/Apr/2026:23:04:53 +0000] "POST /wp-login.php?action=register HTTP/1.1" 500 188 "-" "-"
184.94.212.206 - - [27/Apr/2026:23:05:42 +0000] "POST /wp-cron.php?doing_wp_cron=1777331142.1215999126434326171875 HTTP/1.1" 200 - "-" "WordPress/6.9.4; https://ideainitself.com"
185.191.171.12 - - [27/Apr/2026:23:05:40 +0000] "GET /robots.txt HTTP/1.1" 403 143 "-" "Mozilla/5.0 (compatible; SemrushBot/7~bl; +http://www.semrush.com/bot.html)"
185.191.171.12 - - [27/Apr/2026:23:05:42 +0000] "GET /how-working-too-long-can-harm-our-productivity/ HTTP/1.1" 200 57152 "-" "Mozilla/5.0 (compatible; SemrushBot/7~bl; +http://www.semrush.com/bot.html)"
209.87.169.33 - - [27/Apr/2026:23:07:03 +0000] "POST /wp-login.php HTTP/1.1" 401 3402 "-" "Mozilla/5.0"
216.73.217.60 - - [27/Apr/2026:23:07:08 +0000] "GET /robots.txt HTTP/1.1" 200 115 "-" "Mozilla/5.0 AppleWebKit/537.36 (KHTML, like Gecko; compatible; ClaudeBot/1.0; +claudebot@anthropic.com)"
216.73.217.60 - - [27/Apr/2026:23:07:08 +0000] "GET /how-working-in-short-bursts-benefits-the-easily-distracted/feed/ HTTP/1.1" 200 520 "-" "Mozilla/5.0 AppleWebKit/537.36 (KHTML, like Gecko; compatible; ClaudeBot/1.0; +claudebot@anthropic.com)"
192.0.103.42 - - [27/Apr/2026:23:07:46 +0000] "HEAD / HTTP/1.1" 200 - "-" "jetmon/1.0 (Jetpack Site Uptime Monitor by WordPress.com)"
184.94.212.206 - - [27/Apr/2026:23:12:51 +0000] "POST /wp-cron.php?doing_wp_cron=1777331571.4139239788055419921875 HTTP/1.1" 200 - "-" "WordPress/6.9.4; https://ideainitself.com"
192.0.103.42 - - [27/Apr/2026:23:12:49 +0000] "HEAD / HTTP/1.1" 200 - "-" "jetmon/1.0 (Jetpack Site Uptime Monitor by WordPress.com)"
184.94.212.206 - - [27/Apr/2026:23:16:30 +0000] "POST /wp-cron.php?doing_wp_cron=1777331790.9555089473724365234375 HTTP/1.1" 200 - "-" "WordPress/6.9.4; https://ideainitself.com"
209.87.169.251 - - [27/Apr/2026:23:16:28 +0000] "POST /wp-login.php HTTP/1.1" 401 3402 "-" "Mozilla/5.0"
184.94.212.206 - - [27/Apr/2026:23:17:26 +0000] "POST /wp-cron.php?doing_wp_cron=1777331846.7175951004028320312500 HTTP/1.1" 200 - "-" "WordPress/6.9.4; https://ideainitself.com"
181.23.145.136 - - [27/Apr/2026:23:17:24 +0000] "GET /category/featured/ HTTP/1.1" 200 51176 "-" "Mozilla/5.0 (Windows NT 10.0; Win64; x64) AppleWebKit/537.36 (KHTML, like Gecko) Chrome/126.0.6478.55 Safari/537.36"
192.0.103.42 - - [27/Apr/2026:23:17:47 +0000] "HEAD / HTTP/1.1" 200 - "-" "jetmon/1.0 (Jetpack Site Uptime Monitor by WordPress.com)"
91.92.242.223 - - [27/Apr/2026:23:22:09 +0000] "POST /wp-login.php?action=register HTTP/1.1" 500 188 "-" "-"
184.94.212.206 - - [27/Apr/2026:23:22:49 +0000] "POST /wp-cron.php?doing_wp_cron=1777332169.8084580898284912109375 HTTP/1.1" 200 - "-" "WordPress/6.9.4; https://ideainitself.com"
192.0.103.42 - - [27/Apr/2026:23:22:48 +0000] "HEAD / HTTP/1.1" 200 - "-" "jetmon/1.0 (Jetpack Site Uptime Monitor by WordPress.com)"
184.94.212.206 - - [27/Apr/2026:23:25:50 +0000] "POST /wp-cron.php?doing_wp_cron=1777332350.7453429698944091796875 HTTP/1.1" 200 - "-" "WordPress/6.9.4; https://ideainitself.com"
209.87.169.238 - - [27/Apr/2026:23:25:48 +0000] "POST /wp-login.php HTTP/1.1" 401 3402 "-" "Mozilla/5.0"
184.94.212.206 - - [27/Apr/2026:23:27:52 +0000] "POST /wp-cron.php?doing_wp_cron=1777332472.4527940750122070312500 HTTP/1.1" 200 - "-" "WordPress/6.9.4; https://ideainitself.com"
192.0.103.42 - - [27/Apr/2026:23:27:50 +0000] "HEAD / HTTP/1.1" 200 - "-" "jetmon/1.0 (Jetpack Site Uptime Monitor by WordPress.com)"
91.92.242.223 - - [27/Apr/2026:23:28:31 +0000] "POST /wp-login.php?action=register HTTP/1.1" 500 188 "-" "-"
184.94.212.206 - - [27/Apr/2026:23:30:19 +0000] "POST /wp-cron.php?doing_wp_cron=1777332619.2125179767608642578125 HTTP/1.1" 200 - "-" "WordPress/6.9.4; https://ideainitself.com"
23.101.4.52 - - [27/Apr/2026:23:30:17 +0000] "GET /ioxi-o.php HTTP/1.1" 404 45060 "-" "Mozilla/5.0 (Windows NT 10.0; Win64; x64) AppleWebKit/537.36 (KHTML, like Gecko) Chrome/120.0.0.0 Safari/537.36"
23.101.4.52 - - [27/Apr/2026:23:30:19 +0000] "GET /rip.php HTTP/1.1" 404 45057 "-" "Mozilla/5.0 (Windows NT 10.0; Win64; x64) AppleWebKit/537.36 (KHTML, like Gecko) Chrome/120.0.0.0 Safari/537.36"
23.101.4.52 - - [27/Apr/2026:23:30:21 +0000] "GET /admin.php HTTP/1.1" 404 45058 "-" "Mozilla/5.0 (Windows NT 10.0; Win64; x64) AppleWebKit/537.36 (KHTML, like Gecko) Chrome/120.0.0.0 Safari/537.36"
23.101.4.52 - - [27/Apr/2026:23:30:22 +0000] "GET /wp-content/uploads/index.php HTTP/1.1" 301 - "-" "Mozilla/5.0 (Windows NT 10.0; Win64; x64) AppleWebKit/537.36 (KHTML, like Gecko) Chrome/120.0.0.0 Safari/537.36"
23.101.4.52 - - [27/Apr/2026:23:30:23 +0000] "GET /cache.php HTTP/1.1" 404 45057 "-" "Mozilla/5.0 (Windows NT 10.0; Win64; x64) AppleWebKit/537.36 (KHTML, like Gecko) Chrome/120.0.0.0 Safari/537.36"
23.101.4.52 - - [27/Apr/2026:23:30:25 +0000] "GET /themes.php HTTP/1.1" 404 45057 "-" "Mozilla/5.0 (Windows NT 10.0; Win64; x64) AppleWebKit/537.36 (KHTML, like Gecko) Chrome/120.0.0.0 Safari/537.36"
23.101.4.52 - - [27/Apr/2026:23:30:27 +0000] "GET /an.php HTTP/1.1" 404 45057 "-" "Mozilla/5.0 (Windows NT 10.0; Win64; x64) AppleWebKit/537.36 (KHTML, like Gecko) Chrome/120.0.0.0 Safari/537.36"
23.101.4.52 - - [27/Apr/2026:23:30:28 +0000] "GET /randkeyword.PhP7 HTTP/1.1" 404 45066 "-" "Mozilla/5.0 (Windows NT 10.0; Win64; x64) AppleWebKit/537.36 (KHTML, like Gecko) Chrome/120.0.0.0 Safari/537.36"
23.101.4.52 - - [27/Apr/2026:23:30:30 +0000] "GET /ws.php HTTP/1.1" 404 45057 "-" "Mozilla/5.0 (Windows NT 10.0; Win64; x64) AppleWebKit/537.36 (KHTML, like Gecko) Chrome/120.0.0.0 Safari/537.36"
23.101.4.52 - - [27/Apr/2026:23:30:32 +0000] "GET /404.php HTTP/1.1" 404 45058 "-" "Mozilla/5.0 (Windows NT 10.0; Win64; x64) AppleWebKit/537.36 (KHTML, like Gecko) Chrome/120.0.0.0 Safari/537.36"
23.101.4.52 - - [27/Apr/2026:23:30:33 +0000] "GET /wp-admin/user.php HTTP/1.1" 404 45060 "-" "Mozilla/5.0 (Windows NT 10.0; Win64; x64) AppleWebKit/537.36 (KHTML, like Gecko) Chrome/120.0.0.0 Safari/537.36"
23.101.4.52 - - [27/Apr/2026:23:30:35 +0000] "GET /wp-conf.php HTTP/1.1" 404 45058 "-" "Mozilla/5.0 (Windows NT 10.0; Win64; x64) AppleWebKit/537.36 (KHTML, like Gecko) Chrome/120.0.0.0 Safari/537.36"
23.101.4.52 - - [27/Apr/2026:23:30:36 +0000] "GET /wp-content/themes/hideo/network.php HTTP/1.1" 404 45067 "-" "Mozilla/5.0 (Windows NT 10.0; Win64; x64) AppleWebKit/537.36 (KHTML, like Gecko) Chrome/120.0.0.0 Safari/537.36"
23.101.4.52 - - [27/Apr/2026:23:30:38 +0000] "GET /wp-login.php HTTP/1.1" 200 3804 "-" "Mozilla/5.0 (Windows NT 10.0; Win64; x64) AppleWebKit/537.36 (KHTML, like Gecko) Chrome/120.0.0.0 Safari/537.36"
23.101.4.52 - - [27/Apr/2026:23:30:40 +0000] "GET /abc.php HTTP/1.1" 404 45058 "-" "Mozilla/5.0 (Windows NT 10.0; Win64; x64) AppleWebKit/537.36 (KHTML, like Gecko) Chrome/120.0.0.0 Safari/537.36"
23.101.4.52 - - [27/Apr/2026:23:30:41 +0000] "GET /abcd.php HTTP/1.1" 404 45058 "-" "Mozilla/5.0 (Windows NT 10.0; Win64; x64) AppleWebKit/537.36 (KHTML, like Gecko) Chrome/120.0.0.0 Safari/537.36"
23.101.4.52 - - [27/Apr/2026:23:30:43 +0000] "GET /as.php HTTP/1.1" 404 45056 "-" "Mozilla/5.0 (Windows NT 10.0; Win64; x64) AppleWebKit/537.36 (KHTML, like Gecko) Chrome/120.0.0.0 Safari/537.36"
23.101.4.52 - - [27/Apr/2026:23:30:44 +0000] "GET /wp-trackback.php HTTP/1.1" 404 130 "-" "Mozilla/5.0 (Windows NT 10.0; Win64; x64) AppleWebKit/537.36 (KHTML, like Gecko) Chrome/120.0.0.0 Safari/537.36"
23.101.4.52 - - [27/Apr/2026:23:30:45 +0000] "GET /about.php HTTP/1.1" 404 45058 "-" "Mozilla/5.0 (Windows NT 10.0; Win64; x64) AppleWebKit/537.36 (KHTML, like Gecko) Chrome/120.0.0.0 Safari/537.36"
23.101.4.52 - - [27/Apr/2026:23:30:47 +0000] "GET /file.php HTTP/1.1" 404 45057 "-" "Mozilla/5.0 (Windows NT 10.0; Win64; x64) AppleWebKit/537.36 (KHTML, like Gecko) Chrome/120.0.0.0 Safari/537.36"
23.101.4.52 - - [27/Apr/2026:23:30:48 +0000] "GET /adminfuns.php HTTP/1.1" 404 45062 "-" "Mozilla/5.0 (Windows NT 10.0; Win64; x64) AppleWebKit/537.36 (KHTML, like Gecko) Chrome/120.0.0.0 Safari/537.36"
23.101.4.52 - - [27/Apr/2026:23:30:50 +0000] "GET /wp-good.php HTTP/1.1" 404 45060 "-" "Mozilla/5.0 (Windows NT 10.0; Win64; x64) AppleWebKit/537.36 (KHTML, like Gecko) Chrome/120.0.0.0 Safari/537.36"
23.101.4.52 - - [27/Apr/2026:23:30:51 +0000] "GET /xmlrpc.php HTTP/1.1" 404 45057 "-" "Mozilla/5.0 (Windows NT 10.0; Win64; x64) AppleWebKit/537.36 (KHTML, like Gecko) Chrome/120.0.0.0 Safari/537.36"
23.101.4.52 - - [27/Apr/2026:23:30:53 +0000] "GET /goods.php HTTP/1.1" 404 45059 "-" "Mozilla/5.0 (Windows NT 10.0; Win64; x64) AppleWebKit/537.36 (KHTML, like Gecko) Chrome/120.0.0.0 Safari/537.36"
23.101.4.52 - - [27/Apr/2026:23:30:54 +0000] "GET /class-t.api.php HTTP/1.1" 404 45062 "-" "Mozilla/5.0 (Windows NT 10.0; Win64; x64) AppleWebKit/537.36 (KHTML, like Gecko) Chrome/120.0.0.0 Safari/537.36"
23.101.4.52 - - [27/Apr/2026:23:30:55 +0000] "GET /sf.php HTTP/1.1" 404 45057 "-" "Mozilla/5.0 (Windows NT 10.0; Win64; x64) AppleWebKit/537.36 (KHTML, like Gecko) Chrome/120.0.0.0 Safari/537.36"
23.101.4.52 - - [27/Apr/2026:23:30:57 +0000] "GET /kbfr.php HTTP/1.1" 404 45059 "-" "Mozilla/5.0 (Windows NT 10.0; Win64; x64) AppleWebKit/537.36 (KHTML, like Gecko) Chrome/120.0.0.0 Safari/537.36"
23.101.4.52 - - [27/Apr/2026:23:30:58 +0000] "GET /autoload_classmap.php HTTP/1.1" 404 45065 "-" "Mozilla/5.0 (Windows NT 10.0; Win64; x64) AppleWebKit/537.36 (KHTML, like Gecko) Chrome/120.0.0.0 Safari/537.36"
23.101.4.52 - - [27/Apr/2026:23:31:00 +0000] "GET /chosen.php?p= HTTP/1.1" 301 - "-" "Mozilla/5.0 (Windows NT 10.0; Win64; x64) AppleWebKit/537.36 (KHTML, like Gecko) Chrome/120.0.0.0 Safari/537.36"
23.101.4.52 - - [27/Apr/2026:23:31:01 +0000] "GET /classwithtostring.php HTTP/1.1" 404 45063 "-" "Mozilla/5.0 (Windows NT 10.0; Win64; x64) AppleWebKit/537.36 (KHTML, like Gecko) Chrome/120.0.0.0 Safari/537.36"
23.101.4.52 - - [27/Apr/2026:23:31:03 +0000] "GET /defaults.php HTTP/1.1" 404 45058 "-" "Mozilla/5.0 (Windows NT 10.0; Win64; x64) AppleWebKit/537.36 (KHTML, like Gecko) Chrome/120.0.0.0 Safari/537.36"
23.101.4.52 - - [27/Apr/2026:23:31:04 +0000] "GET /.well-known/ HTTP/1.1" 404 45064 "-" "Mozilla/5.0 (Windows NT 10.0; Win64; x64) AppleWebKit/537.36 (KHTML, like Gecko) Chrome/120.0.0.0 Safari/537.36"
23.101.4.52 - - [27/Apr/2026:23:31:05 +0000] "GET /info.php HTTP/1.1" 404 45057 "-" "Mozilla/5.0 (Windows NT 10.0; Win64; x64) AppleWebKit/537.36 (KHTML, like Gecko) Chrome/120.0.0.0 Safari/537.36"
23.101.4.52 - - [27/Apr/2026:23:31:07 +0000] "GET /cgi-bin/ HTTP/1.1" 404 45061 "-" "Mozilla/5.0 (Windows NT 10.0; Win64; x64) AppleWebKit/537.36 (KHTML, like Gecko) Chrome/120.0.0.0 Safari/537.36"
23.101.4.52 - - [27/Apr/2026:23:31:08 +0000] "GET /wp-includes/Requests/src/Response/about.php HTTP/1.1" 404 45072 "-" "Mozilla/5.0 (Windows NT 10.0; Win64; x64) AppleWebKit/537.36 (KHTML, like Gecko) Chrome/120.0.0.0 Safari/537.36"
23.101.4.52 - - [27/Apr/2026:23:31:10 +0000] "GET /wp-includes/html-api/ HTTP/1.1" 404 45063 "-" "Mozilla/5.0 (Windows NT 10.0; Win64; x64) AppleWebKit/537.36 (KHTML, like Gecko) Chrome/120.0.0.0 Safari/537.36"
23.101.4.52 - - [27/Apr/2026:23:31:11 +0000] "GET /wp-content/admin.php HTTP/1.1" 404 45060 "-" "Mozilla/5.0 (Windows NT 10.0; Win64; x64) AppleWebKit/537.36 (KHTML, like Gecko) Chrome/120.0.0.0 Safari/537.36"
23.101.4.52 - - [27/Apr/2026:23:31:13 +0000] "GET /wp-admin/css/colors/ectoplasm/ HTTP/1.1" 404 45071 "-" "Mozilla/5.0 (Windows NT 10.0; Win64; x64) AppleWebKit/537.36 (KHTML, like Gecko) Chrome/120.0.0.0 Safari/537.36"
23.101.4.52 - - [27/Apr/2026:23:31:14 +0000] "GET /wp-content/uploads/ HTTP/1.1" 404 45056 "-" "Mozilla/5.0 (Windows NT 10.0; Win64; x64) AppleWebKit/537.36 (KHTML, like Gecko) Chrome/120.0.0.0 Safari/537.36"
23.101.4.52 - - [27/Apr/2026:23:31:16 +0000] "GET /wp-content/themes/admin.php HTTP/1.1" 404 45061 "-" "Mozilla/5.0 (Windows NT 10.0; Win64; x64) AppleWebKit/537.36 (KHTML, like Gecko) Chrome/120.0.0.0 Safari/537.36"
23.101.4.52 - - [27/Apr/2026:23:31:17 +0000] "GET /wp-content/themes/index.php HTTP/1.1" 200 - "-" "Mozilla/5.0 (Windows NT 10.0; Win64; x64) AppleWebKit/537.36 (KHTML, like Gecko) Chrome/120.0.0.0 Safari/537.36"
23.101.4.52 - - [27/Apr/2026:23:31:17 +0000] "GET /wp-content/plugins/index.php HTTP/1.1" 200 - "-" "Mozilla/5.0 (Windows NT 10.0; Win64; x64) AppleWebKit/537.36 (KHTML, like Gecko) Chrome/120.0.0.0 Safari/537.36"
23.101.4.52 - - [27/Apr/2026:23:31:18 +0000] "GET /wp-includes/PHPMailer/ HTTP/1.1" 404 45065 "-" "Mozilla/5.0 (Windows NT 10.0; Win64; x64) AppleWebKit/537.36 (KHTML, like Gecko) Chrome/120.0.0.0 Safari/537.36"
23.101.4.52 - - [27/Apr/2026:23:31:19 +0000] "GET /wp-includes/images/ HTTP/1.1" 404 45060 "-" "Mozilla/5.0 (Windows NT 10.0; Win64; x64) AppleWebKit/537.36 (KHTML, like Gecko) Chrome/120.0.0.0 Safari/537.36"
23.101.4.52 - - [27/Apr/2026:23:31:21 +0000] "GET /wp-content/plugins/WordPressCore/ HTTP/1.1" 404 45062 "-" "Mozilla/5.0 (Windows NT 10.0; Win64; x64) AppleWebKit/537.36 (KHTML, like Gecko) Chrome/120.0.0.0 Safari/537.36"
192.0.103.42 - - [27/Apr/2026:23:32:47 +0000] "HEAD / HTTP/1.1" 200 - "-" "jetmon/1.0 (Jetpack Site Uptime Monitor by WordPress.com)"
184.94.212.206 - - [27/Apr/2026:23:35:11 +0000] "POST /wp-cron.php?doing_wp_cron=1777332911.9281830787658691406250 HTTP/1.1" 200 - "-" "WordPress/6.9.4; https://ideainitself.com"
209.87.169.42 - - [27/Apr/2026:23:35:09 +0000] "POST /wp-login.php HTTP/1.1" 401 3402 "-" "Mozilla/5.0"
192.0.103.42 - - [27/Apr/2026:23:37:48 +0000] "HEAD / HTTP/1.1" 200 - "-" "jetmon/1.0 (Jetpack Site Uptime Monitor by WordPress.com)"
216.73.217.60 - - [27/Apr/2026:23:39:37 +0000] "GET /sitemap.xml HTTP/1.1" 200 246 "-" "Mozilla/5.0 AppleWebKit/537.36 (KHTML, like Gecko; compatible; ClaudeBot/1.0; +claudebot@anthropic.com)"
184.94.212.206 - - [27/Apr/2026:23:41:53 +0000] "POST /wp-cron.php?doing_wp_cron=1777333313.2868819236755371093750 HTTP/1.1" 200 - "-" "WordPress/6.9.4; https://ideainitself.com"
128.123.63.98 - - [27/Apr/2026:23:41:50 +0000] "GET /.well-known/agent-card.json HTTP/1.1" 404 45075 "-" "Python/3.12 aiohttp/3.13.5"
192.0.103.42 - - [27/Apr/2026:23:42:51 +0000] "HEAD / HTTP/1.1" 200 - "-" "jetmon/1.0 (Jetpack Site Uptime Monitor by WordPress.com)"
184.94.212.206 - - [27/Apr/2026:23:44:33 +0000] "POST /wp-cron.php?doing_wp_cron=1777333473.0403919219970703125000 HTTP/1.1" 200 - "-" "WordPress/6.9.4; https://ideainitself.com"
209.87.169.246 - - [27/Apr/2026:23:44:30 +0000] "POST /wp-login.php HTTP/1.1" 401 3402 "-" "Mozilla/5.0"
91.92.242.223 - - [27/Apr/2026:23:45:46 +0000] "POST /wp-login.php?action=register HTTP/1.1" 500 188 "-" "-"
184.94.212.206 - - [27/Apr/2026:23:47:23 +0000] "POST /wp-cron.php?doing_wp_cron=1777333643.4455800056457519531250 HTTP/1.1" 200 - "-" "WordPress/6.9.4; https://ideainitself.com"
14.254.42.78 - - [27/Apr/2026:23:47:21 +0000] "GET /contact-us/ HTTP/1.1" 200 48257 "-" "Mozilla/5.0 (Macintosh; U; PPC Mac OS X; en-us) AppleWebKit/85.8.2 (KHTML, like Gecko) Safari/85.8"
184.94.212.206 - - [27/Apr/2026:23:47:49 +0000] "POST /wp-cron.php?doing_wp_cron=1777333669.8124399185180664062500 HTTP/1.1" 200 - "-" "WordPress/6.9.4; https://ideainitself.com"
192.0.103.42 - - [27/Apr/2026:23:47:48 +0000] "HEAD / HTTP/1.1" 200 - "-" "jetmon/1.0 (Jetpack Site Uptime Monitor by WordPress.com)"
91.92.242.223 - - [27/Apr/2026:23:50:50 +0000] "POST /wp-login.php?action=register HTTP/1.1" 500 188 "-" "-"
184.94.212.206 - - [27/Apr/2026:23:52:50 +0000] "POST /wp-cron.php?doing_wp_cron=1777333970.2320609092712402343750 HTTP/1.1" 200 - "-" "WordPress/6.9.4; https://ideainitself.com"
192.0.103.42 - - [27/Apr/2026:23:52:48 +0000] "HEAD / HTTP/1.1" 200 - "-" "jetmon/1.0 (Jetpack Site Uptime Monitor by WordPress.com)"
209.87.169.50 - - [27/Apr/2026:23:53:48 +0000] "POST /wp-login.php HTTP/1.1" 401 3402 "-" "Mozilla/5.0"
188.143.244.145 - - [27/Apr/2026:23:57:22 +0000] "GET / HTTP/1.1" 200 52156 "http://ideainitself.com/" "Mozilla/5.0 X11; Ubuntu; Linux x86_64; rv:126.0 Gecko/20100101 Firefox/126.0"
188.143.244.145 - - [27/Apr/2026:23:57:42 +0000] "GET /page/2/ HTTP/1.1" 200 52158 "http://ideainitself.com/page/2/" "Mozilla/5.0 X11; Ubuntu; Linux x86_64; rv:126.0 Gecko/20100101 Firefox/126.0"
192.0.103.42 - - [27/Apr/2026:23:57:50 +0000] "HEAD / HTTP/1.1" 200 - "-" "jetmon/1.0 (Jetpack Site Uptime Monitor by WordPress.com)"
184.94.212.206 - - [28/Apr/2026:00:02:49 +0000] "POST /wp-cron.php?doing_wp_cron=1777334569.9752960205078125000000 HTTP/1.1" 200 - "-" "WordPress/6.9.4; https://ideainitself.com"
192.0.103.42 - - [28/Apr/2026:00:02:48 +0000] "HEAD / HTTP/1.1" 200 - "-" "jetmon/1.0 (Jetpack Site Uptime Monitor by WordPress.com)"
209.87.169.71 - - [28/Apr/2026:00:03:22 +0000] "POST /wp-login.php HTTP/1.1" 401 3403 "-" "Mozilla/5.0"
91.92.242.223 - - [28/Apr/2026:00:04:34 +0000] "POST /wp-login.php?action=register HTTP/1.1" 500 188 "-" "-"
184.94.212.206 - - [28/Apr/2026:00:07:49 +0000] "POST /wp-cron.php?doing_wp_cron=1777334869.5084900856018066406250 HTTP/1.1" 200 - "-" "WordPress/6.9.4; https://ideainitself.com"
192.0.103.42 - - [28/Apr/2026:00:07:47 +0000] "HEAD / HTTP/1.1" 200 - "-" "jetmon/1.0 (Jetpack Site Uptime Monitor by WordPress.com)"
184.94.212.206 - - [28/Apr/2026:00:12:51 +0000] "POST /wp-cron.php?doing_wp_cron=1777335171.4422559738159179687500 HTTP/1.1" 200 - "-" "WordPress/6.9.4; https://ideainitself.com"
192.0.103.42 - - [28/Apr/2026:00:12:49 +0000] "HEAD / HTTP/1.1" 200 - "-" "jetmon/1.0 (Jetpack Site Uptime Monitor by WordPress.com)"
209.87.169.40 - - [28/Apr/2026:00:12:57 +0000] "POST /wp-login.php HTTP/1.1" 401 3402 "-" "Mozilla/5.0"
184.94.212.206 - - [28/Apr/2026:00:17:49 +0000] "POST /wp-cron.php?doing_wp_cron=1777335469.7888031005859375000000 HTTP/1.1" 200 - "-" "WordPress/6.9.4; https://ideainitself.com"
192.0.103.42 - - [28/Apr/2026:00:17:48 +0000] "HEAD / HTTP/1.1" 200 - "-" "jetmon/1.0 (Jetpack Site Uptime Monitor by WordPress.com)"
184.94.212.206 - - [28/Apr/2026:00:20:14 +0000] "POST /wp-cron.php?doing_wp_cron=1777335614.1911509037017822265625 HTTP/1.1" 200 - "-" "WordPress/6.9.4; https://ideainitself.com"
51.161.117.166 - - [28/Apr/2026:00:20:12 +0000] "GET /blog-verify HTTP/1.1" 404 144330 "-" "Mozilla/5.0 (Windows NT 10.0; Win64; x64) AppleWebKit/537.36 (KHTML, like Gecko) Chrome/146.0.0.0 Safari/537.36"
51.161.117.166 - - [28/Apr/2026:00:20:14 +0000] "GET /blog-verify HTTP/1.1" 404 144384 "-" "Mozilla/5.0 (Windows NT 10.0; Win64; x64) AppleWebKit/537.36 (KHTML, like Gecko) Chrome/146.0.0.0 Safari/537.36"
54.89.90.224 - - [28/Apr/2026:00:20:25 +0000] "GET /wp-content/uploads/2026/04/52-17-Daily-Schedule-Template.pdf HTTP/1.1" 200 49249 "-" "Mozilla/5.0 AppleWebKit/537.36 (KHTML, like Gecko; compatible; Amazonbot/0.1; +https://developer.amazon.com/support/amazonbot) Chrome/119.0.6045.214 Safari/537.36"
209.87.169.69 - - [28/Apr/2026:00:22:26 +0000] "POST /wp-login.php HTTP/1.1" 401 3402 "-" "Mozilla/5.0"
91.92.242.223 - - [28/Apr/2026:00:22:33 +0000] "POST /wp-login.php?action=register HTTP/1.1" 500 188 "-" "-"
192.0.103.42 - - [28/Apr/2026:00:22:47 +0000] "HEAD / HTTP/1.1" 200 - "-" "jetmon/1.0 (Jetpack Site Uptime Monitor by WordPress.com)"
184.94.212.206 - - [28/Apr/2026:00:25:27 +0000] "POST /wp-cron.php?doing_wp_cron=1777335927.2160658836364746093750 HTTP/1.1" 200 - "-" "WordPress/6.9.4; https://ideainitself.com"
44.197.76.210 - - [28/Apr/2026:00:25:25 +0000] "GET /category/featured/feed/ HTTP/1.1" 200 5030 "-" "Mozilla/5.0 AppleWebKit/537.36 (KHTML, like Gecko; compatible; Amazonbot/0.1; +https://developer.amazon.com/support/amazonbot) Chrome/119.0.6045.214 Safari/537.36"
184.94.212.206 - - [28/Apr/2026:00:27:52 +0000] "POST /wp-cron.php?doing_wp_cron=1777336072.3555500507354736328125 HTTP/1.1" 200 - "-" "WordPress/6.9.4; https://ideainitself.com"
192.0.103.42 - - [28/Apr/2026:00:27:50 +0000] "HEAD / HTTP/1.1" 200 - "-" "jetmon/1.0 (Jetpack Site Uptime Monitor by WordPress.com)"
98.91.203.152 - - [28/Apr/2026:00:31:52 +0000] "GET /ads.txt HTTP/1.1" 200 58 "-" "Mozilla/5.0 (Windows NT 10.0; Win64; x64) AppleWebKit/537.36 (KHTML, like Gecko) Chrome/124.0.0.0 Safari/537.36"
184.94.212.206 - - [28/Apr/2026:00:32:01 +0000] "POST /wp-cron.php?doing_wp_cron=1777336321.7175459861755371093750 HTTP/1.1" 200 - "-" "WordPress/6.9.4; https://ideainitself.com"
209.87.169.28 - - [28/Apr/2026:00:31:56 +0000] "POST /wp-login.php HTTP/1.1" 401 3402 "-" "Mozilla/5.0"
192.0.103.42 - - [28/Apr/2026:00:32:47 +0000] "HEAD / HTTP/1.1" 200 - "-" "jetmon/1.0 (Jetpack Site Uptime Monitor by WordPress.com)"
91.92.242.223 - - [28/Apr/2026:00:33:02 +0000] "POST /wp-login.php?action=register HTTP/1.1" 500 188 "-" "-"
91.92.242.223 - - [28/Apr/2026:00:33:57 +0000] "POST /wp-login.php?action=register HTTP/1.1" 500 188 "-" "-"
66.249.66.160 - - [28/Apr/2026:00:34:32 +0000] "GET /robots.txt HTTP/1.1" 200 115 "-" "Mozilla/5.0 (compatible; Googlebot/2.1; +http://www.google.com/bot.html)"
66.249.66.168 - - [28/Apr/2026:00:34:36 +0000] "GET /ads.txt HTTP/1.1" 304 - "-" "Google-adstxt"
216.73.217.60 - - [28/Apr/2026:00:37:26 +0000] "GET /robots.txt HTTP/1.1" 200 115 "-" "Mozilla/5.0 AppleWebKit/537.36 (KHTML, like Gecko; compatible; ClaudeBot/1.0; +claudebot@anthropic.com)"
216.73.217.60 - - [28/Apr/2026:00:37:26 +0000] "GET /sitemap.xml HTTP/1.1" 200 246 "-" "Mozilla/5.0 AppleWebKit/537.36 (KHTML, like Gecko; compatible; ClaudeBot/1.0; +claudebot@anthropic.com)"
184.94.212.206 - - [28/Apr/2026:00:37:49 +0000] "POST /wp-cron.php?doing_wp_cron=1777336669.2587010860443115234375 HTTP/1.1" 200 - "-" "WordPress/6.9.4; https://ideainitself.com"
192.0.103.42 - - [28/Apr/2026:00:37:47 +0000] "HEAD / HTTP/1.1" 200 - "-" "jetmon/1.0 (Jetpack Site Uptime Monitor by WordPress.com)"
184.94.212.206 - - [28/Apr/2026:00:41:23 +0000] "POST /wp-cron.php?doing_wp_cron=1777336883.3021430969238281250000 HTTP/1.1" 200 - "-" "WordPress/6.9.4; https://ideainitself.com"
209.87.169.29 - - [28/Apr/2026:00:41:20 +0000] "POST /wp-login.php HTTP/1.1" 401 3402 "-" "Mozilla/5.0"
192.0.103.42 - - [28/Apr/2026:00:42:50 +0000] "HEAD / HTTP/1.1" 200 - "-" "jetmon/1.0 (Jetpack Site Uptime Monitor by WordPress.com)"
184.94.212.206 - - [28/Apr/2026:00:47:50 +0000] "POST /wp-cron.php?doing_wp_cron=1777337270.0587630271911621093750 HTTP/1.1" 200 - "-" "WordPress/6.9.4; https://ideainitself.com"
192.0.103.42 - - [28/Apr/2026:00:47:48 +0000] "HEAD / HTTP/1.1" 200 - "-" "jetmon/1.0 (Jetpack Site Uptime Monitor by WordPress.com)"
184.94.212.206 - - [28/Apr/2026:00:50:55 +0000] "POST /wp-cron.php?doing_wp_cron=1777337455.5429220199584960937500 HTTP/1.1" 200 - "-" "WordPress/6.9.4; https://ideainitself.com"
209.87.169.28 - - [28/Apr/2026:00:50:53 +0000] "POST /wp-login.php HTTP/1.1" 401 3402 "-" "Mozilla/5.0"
91.92.242.223 - - [28/Apr/2026:00:50:53 +0000] "POST /wp-login.php?action=register HTTP/1.1" 500 188 "-" "-"
85.208.96.212 - - [28/Apr/2026:00:51:45 +0000] "GET /robots.txt HTTP/1.1" 403 143 "-" "Mozilla/5.0 (compatible; SemrushBot/7~bl; +http://www.semrush.com/bot.html)"
184.94.212.206 - - [28/Apr/2026:00:51:48 +0000] "POST /wp-cron.php?doing_wp_cron=1777337508.4306800365447998046875 HTTP/1.1" 200 - "-" "WordPress/6.9.4; https://ideainitself.com"
185.191.171.17 - - [28/Apr/2026:00:51:47 +0000] "GET /blog/ HTTP/1.1" 200 52440 "-" "Mozilla/5.0 (compatible; SemrushBot/7~bl; +http://www.semrush.com/bot.html)"
192.0.100.107 - - [28/Apr/2026:00:52:48 +0000] "GET /wp-content/uploads/2021/10/wordcloud.jpg HTTP/1.1" 200 215170 "-" "Photon/1.0"
192.0.103.42 - - [28/Apr/2026:00:52:47 +0000] "HEAD / HTTP/1.1" 200 - "-" "jetmon/1.0 (Jetpack Site Uptime Monitor by WordPress.com)"
184.94.212.206 - - [28/Apr/2026:00:57:01 +0000] "POST /wp-cron.php?doing_wp_cron=1777337821.0545959472656250000000 HTTP/1.1" 200 - "-" "WordPress/6.9.4; https://ideainitself.com"
47.128.52.136 - - [28/Apr/2026:00:56:59 +0000] "GET /tools/?share=x HTTP/1.1" 302 - "-" "Mozilla/5.0 (Linux; Android 5.0) AppleWebKit/537.36 (KHTML, like Gecko) Mobile Safari/537.36 (compatible; Bytespider; spider-feedback@bytedance.com)"
192.0.103.42 - - [28/Apr/2026:00:57:49 +0000] "HEAD / HTTP/1.1" 200 - "-" "jetmon/1.0 (Jetpack Site Uptime Monitor by WordPress.com)"
184.94.212.206 - - [28/Apr/2026:01:00:27 +0000] "POST /wp-cron.php?doing_wp_cron=1777338027.0282869338989257812500 HTTP/1.1" 200 - "-" "WordPress/6.9.4; https://ideainitself.com"
209.87.169.239 - - [28/Apr/2026:01:00:24 +0000] "POST /wp-login.php HTTP/1.1" 401 3402 "-" "Mozilla/5.0"
192.0.103.42 - - [28/Apr/2026:01:02:48 +0000] "HEAD / HTTP/1.1" 200 - "-" "jetmon/1.0 (Jetpack Site Uptime Monitor by WordPress.com)"
91.92.242.223 - - [28/Apr/2026:01:07:38 +0000] "POST /wp-login.php?action=register HTTP/1.1" 500 188 "-" "-"
184.94.212.206 - - [28/Apr/2026:01:07:49 +0000] "POST /wp-cron.php?doing_wp_cron=1777338469.8939180374145507812500 HTTP/1.1" 200 - "-" "WordPress/6.9.4; https://ideainitself.com"
192.0.103.42 - - [28/Apr/2026:01:07:48 +0000] "HEAD / HTTP/1.1" 200 - "-" "jetmon/1.0 (Jetpack Site Uptime Monitor by WordPress.com)"
184.94.212.206 - - [28/Apr/2026:01:10:09 +0000] "POST /wp-cron.php?doing_wp_cron=1777338609.8685719966888427734375 HTTP/1.1" 200 - "-" "WordPress/6.9.4; https://ideainitself.com"
209.87.169.71 - - [28/Apr/2026:01:10:07 +0000] "POST /wp-login.php HTTP/1.1" 401 3402 "-" "Mozilla/5.0"
192.0.103.42 - - [28/Apr/2026:01:12:51 +0000] "HEAD / HTTP/1.1" 200 - "-" "jetmon/1.0 (Jetpack Site Uptime Monitor by WordPress.com)"
91.92.242.223 - - [28/Apr/2026:01:15:10 +0000] "POST /wp-login.php?action=register HTTP/1.1" 500 188 "-" "-"
184.94.212.206 - - [28/Apr/2026:01:17:48 +0000] "POST /wp-cron.php?doing_wp_cron=1777339068.9426560401916503906250 HTTP/1.1" 200 - "-" "WordPress/6.9.4; https://ideainitself.com"
192.0.103.42 - - [28/Apr/2026:01:17:47 +0000] "HEAD / HTTP/1.1" 200 - "-" "jetmon/1.0 (Jetpack Site Uptime Monitor by WordPress.com)"
222.252.93.40 - - [28/Apr/2026:01:18:33 +0000] "GET /page/2/ HTTP/1.1" 200 52157 "-" "Mozilla/5.0 (Macintosh; Intel Mac OS X 15.2; rv:132.0) Gecko/20100101 Firefox/132.0"
184.94.212.206 - - [28/Apr/2026:01:19:51 +0000] "POST /wp-cron.php?doing_wp_cron=1777339191.2087609767913818359375 HTTP/1.1" 200 - "-" "WordPress/6.9.4; https://ideainitself.com"
209.87.169.43 - - [28/Apr/2026:01:19:48 +0000] "POST /wp-login.php HTTP/1.1" 401 3402 "-" "Mozilla/5.0"
192.0.103.42 - - [28/Apr/2026:01:22:48 +0000] "HEAD / HTTP/1.1" 200 - "-" "jetmon/1.0 (Jetpack Site Uptime Monitor by WordPress.com)"
85.208.96.205 - - [28/Apr/2026:01:23:22 +0000] "GET /how-working-in-short-bursts-benefits-the-easily-distracted/ HTTP/1.1" 200 56860 "-" "Mozilla/5.0 (compatible; SemrushBot/7~bl; +http://www.semrush.com/bot.html)"
184.94.212.206 - - [28/Apr/2026:01:27:50 +0000] "POST /wp-cron.php?doing_wp_cron=1777339670.0250010490417480468750 HTTP/1.1" 200 - "-" "WordPress/6.9.4; https://ideainitself.com"
192.0.103.42 - - [28/Apr/2026:01:27:48 +0000] "HEAD / HTTP/1.1" 200 - "-" "jetmon/1.0 (Jetpack Site Uptime Monitor by WordPress.com)"
184.94.212.206 - - [28/Apr/2026:01:29:32 +0000] "POST /wp-cron.php?doing_wp_cron=1777339772.6194450855255126953125 HTTP/1.1" 200 - "-" "WordPress/6.9.4; https://ideainitself.com"
209.87.169.229 - - [28/Apr/2026:01:29:30 +0000] "POST /wp-login.php HTTP/1.1" 401 3402 "-" "Mozilla/5.0"
91.92.242.223 - - [28/Apr/2026:01:30:38 +0000] "POST /wp-login.php?action=register HTTP/1.1" 500 188 "-" "-"
91.92.242.223 - - [28/Apr/2026:01:32:04 +0000] "POST /wp-login.php?action=register HTTP/1.1" 500 188 "-" "-"
192.0.103.42 - - [28/Apr/2026:01:32:47 +0000] "HEAD / HTTP/1.1" 200 - "-" "jetmon/1.0 (Jetpack Site Uptime Monitor by WordPress.com)"
156.238.63.80 - - [28/Apr/2026:01:34:19 +0000] "GET /wp-content/uploads/2021/10/busy1-150x150.jpg HTTP/1.1" 200 8571 "-" "Mozilla/5.0 (compatible; crawler)"
184.94.212.206 - - [28/Apr/2026:01:37:48 +0000] "POST /wp-cron.php?doing_wp_cron=1777340268.8584361076354980468750 HTTP/1.1" 200 - "-" "WordPress/6.9.4; https://ideainitself.com"
192.0.103.42 - - [28/Apr/2026:01:37:47 +0000] "HEAD / HTTP/1.1" 200 - "-" "jetmon/1.0 (Jetpack Site Uptime Monitor by WordPress.com)"
209.87.169.240 - - [28/Apr/2026:01:39:12 +0000] "POST /wp-login.php HTTP/1.1" 401 3402 "-" "Mozilla/5.0"
184.94.212.206 - - [28/Apr/2026:01:42:51 +0000] "POST /wp-cron.php?doing_wp_cron=1777340571.5679678916931152343750 HTTP/1.1" 200 - "-" "WordPress/6.9.4; https://ideainitself.com"
192.0.103.42 - - [28/Apr/2026:01:42:49 +0000] "HEAD / HTTP/1.1" 200 - "-" "jetmon/1.0 (Jetpack Site Uptime Monitor by WordPress.com)"
184.94.212.206 - - [28/Apr/2026:01:47:49 +0000] "POST /wp-cron.php?doing_wp_cron=1777340869.6346681118011474609375 HTTP/1.1" 200 - "-" "WordPress/6.9.4; https://ideainitself.com"
192.0.103.42 - - [28/Apr/2026:01:47:47 +0000] "HEAD / HTTP/1.1" 200 - "-" "jetmon/1.0 (Jetpack Site Uptime Monitor by WordPress.com)"
43.138.68.113 - - [28/Apr/2026:01:49:02 +0000] "GET / HTTP/1.1" 200 52057 "http://ideainitself.com" "Mozilla/5.0 (iPhone; CPU iPhone OS 13_2_3 like Mac OS X) AppleWebKit/605.1.15 (KHTML, like Gecko) Version/13.0.3 Mobile/15E148 Safari/604.1"
209.87.169.51 - - [28/Apr/2026:01:49:15 +0000] "POST /wp-login.php HTTP/1.1" 401 3402 "-" "Mozilla/5.0"
184.94.212.206 - - [28/Apr/2026:01:50:42 +0000] "POST /wp-cron.php?doing_wp_cron=1777341042.6315529346466064453125 HTTP/1.1" 200 - "-" "WordPress/6.9.4; https://ideainitself.com"
85.208.96.206 - - [28/Apr/2026:01:50:40 +0000] "GET /category/education/career/ HTTP/1.1" 200 47785 "-" "Mozilla/5.0 (compatible; SemrushBot/7~bl; +http://www.semrush.com/bot.html)"
91.92.242.223 - - [28/Apr/2026:01:51:24 +0000] "POST /wp-login.php?action=register HTTP/1.1" 500 188 "-" "-"
184.94.212.206 - - [28/Apr/2026:01:52:51 +0000] "POST /wp-cron.php?doing_wp_cron=1777341171.7024769783020019531250 HTTP/1.1" 200 - "-" "WordPress/6.9.4; https://ideainitself.com"
192.0.103.42 - - [28/Apr/2026:01:52:50 +0000] "HEAD / HTTP/1.1" 200 - "-" "jetmon/1.0 (Jetpack Site Uptime Monitor by WordPress.com)"
192.0.115.196 - - [28/Apr/2026:01:53:35 +0000] "GET / HTTP/1.1" 200 52155 "https://ideainitself.com/" "WordPress.com; https://ideainitself.com"
192.0.115.196 - - [28/Apr/2026:01:53:36 +0000] "POST /?for=jetpack&jetpack=comms&token=70%5EzI9LyGkFWT6I9FMyugLd%24OKYhD%23%29Y%3A1%3A0×tamp=1777341216&nonce=G8pF0x1bRv&body-hash=pdst%2B%2B8gjpsEsdzTGdS19%2BYN3g4%3D&signature=0ULZ2NhX%2BLWgwNWHeBsjjn2Cv44%3D HTTP/1.1" 200 132 "https://ideainitself.com/?for=jetpack&jetpack=comms&token=70%5EzI9LyGkFWT6I9FMyugLd%24OKYhD%23%29Y%3A1%3A0×tamp=1777341216&nonce=G8pF0x1bRv&body-hash=pdst%2B%2B8gjpsEsdzTGdS19%2BYN3g4%3D&signature=0ULZ2NhX%2BLWgwNWHeBsjjn2Cv44%3D" "Jetpack by WordPress.com"
192.0.115.196 - - [28/Apr/2026:01:53:38 +0000] "POST /?for=jetpack&jetpack=comms HTTP/1.1" 200 228 "https://ideainitself.com/?for=jetpack&jetpack=comms" "WordPress.com; https://ideainitself.com"
192.0.115.196 - - [28/Apr/2026:01:53:38 +0000] "GET /?for=jetpack&jetpack=comms HTTP/1.1" 405 60 "https://ideainitself.com/?for=jetpack&jetpack=comms" "WordPress.com; https://ideainitself.com"
192.0.115.196 - - [28/Apr/2026:01:53:39 +0000] "POST /?for=jetpack&jetpack=comms&token=70%5EzI9LyGkFWT6I9FMyugLd%24OKYhD%23%29Y%3A1%3A0×tamp=1777341219&nonce=uKTxQB5n6p&body-hash=6I6bYZrFHNL2DIip%2BhEpZAC1kFw%3D&signature=QIMmbbPjmyC0y1DwBrF7scnejtw%3D HTTP/1.1" 200 729 "https://ideainitself.com/?for=jetpack&jetpack=comms&token=70%5EzI9LyGkFWT6I9FMyugLd%24OKYhD%23%29Y%3A1%3A0×tamp=1777341219&nonce=uKTxQB5n6p&body-hash=6I6bYZrFHNL2DIip%2BhEpZAC1kFw%3D&signature=QIMmbbPjmyC0y1DwBrF7scnejtw%3D" "Jetpack by WordPress.com"
192.0.115.196 - - [28/Apr/2026:01:53:41 +0000] "POST /?for=jetpack&jetpack=comms&token=70%5EzI9LyGkFWT6I9FMyugLd%24OKYhD%23%29Y%3A1%3A0×tamp=1777341221&nonce=ulwtiFGHNc&body-hash=l5MGKDtBMCRLlbhRxcm3udBaUGk%3D&signature=YgcucI9p%2F1dR31hzVMsHBIg7500%3D HTTP/1.1" 200 342 "https://ideainitself.com/?for=jetpack&jetpack=comms&token=70%5EzI9LyGkFWT6I9FMyugLd%24OKYhD%23%29Y%3A1%3A0×tamp=1777341221&nonce=ulwtiFGHNc&body-hash=l5MGKDtBMCRLlbhRxcm3udBaUGk%3D&signature=YgcucI9p%2F1dR31hzVMsHBIg7500%3D" "Jetpack by WordPress.com"
192.0.115.196 - - [28/Apr/2026:01:53:42 +0000] "GET /?rest_route=%2Fjetpack%2Fv4%2Fconnection%2F&_for=jetpack&token=70%5EzI9LyGkFWT6I9FMyugLd%24OKYhD%23%29Y%3A1%3A0×tamp=1777341222&nonce=8FCUmHIdiZ&body-hash&signature=tBdQ1bjf7BKhxirfIRPzkL%2FPgxM%3D HTTP/1.1" 200 153 "https://ideainitself.com/?rest_route=%2Fjetpack%2Fv4%2Fconnection%2F&_for=jetpack&token=70%5EzI9LyGkFWT6I9FMyugLd%24OKYhD%23%29Y%3A1%3A0×tamp=1777341222&nonce=8FCUmHIdiZ&body-hash&signature=tBdQ1bjf7BKhxirfIRPzkL%2FPgxM%3D" "Jetpack by WordPress.com"
192.0.115.196 - - [28/Apr/2026:01:53:43 +0000] "GET /?rest_route=%2Fjetpack%2Fv4%2Fconnection%2Fdata&_for=jetpack&token=n%25SSFSxi%406YJb%408Nc7%215yfkhlrUmOmrk%3A1%3A3×tamp=1777341223&nonce=bcYRGc5dlQ&body-hash&signature=QPRwJx%2FTq8bBsuyezASXKGPl3rw%3D HTTP/1.1" 200 676 "https://ideainitself.com/?rest_route=%2Fjetpack%2Fv4%2Fconnection%2Fdata&_for=jetpack&token=n%25SSFSxi%406YJb%408Nc7%215yfkhlrUmOmrk%3A1%3A3×tamp=1777341223&nonce=bcYRGc5dlQ&body-hash&signature=QPRwJx%2FTq8bBsuyezASXKGPl3rw%3D" "Jetpack by WordPress.com"
192.0.115.196 - - [28/Apr/2026:01:53:45 +0000] "POST /?for=jetpack&jetpack=comms&token=n%25SSFSxi%406YJb%408Nc7%215yfkhlrUmOmrk%3A1%3A3×tamp=1777341225&nonce=YYvaH8bR2Y&body-hash=l5MGKDtBMCRLlbhRxcm3udBaUGk%3D&signature=8cSFUJHpvtsnqZk4PbVKpiKlUxE%3D HTTP/1.1" 200 385 "https://ideainitself.com/?for=jetpack&jetpack=comms&token=n%25SSFSxi%406YJb%408Nc7%215yfkhlrUmOmrk%3A1%3A3×tamp=1777341225&nonce=YYvaH8bR2Y&body-hash=l5MGKDtBMCRLlbhRxcm3udBaUGk%3D&signature=8cSFUJHpvtsnqZk4PbVKpiKlUxE%3D" "Jetpack by WordPress.com"
192.0.115.196 - - [28/Apr/2026:01:53:46 +0000] "POST /?for=jetpack&jetpack=comms&token=70%5EzI9LyGkFWT6I9FMyugLd%24OKYhD%23%29Y%3A1%3A0×tamp=1777341226&nonce=i83ywBRYbZ&body-hash=KDvdxbtulHbu2cNt2Qc6%2FQVzGQ8%3D&signature=EQUVpZ7He3RFB9QFT5nCsQmpNfQ%3D HTTP/1.1" 200 718 "https://ideainitself.com/?for=jetpack&jetpack=comms&token=70%5EzI9LyGkFWT6I9FMyugLd%24OKYhD%23%29Y%3A1%3A0×tamp=1777341226&nonce=i83ywBRYbZ&body-hash=KDvdxbtulHbu2cNt2Qc6%2FQVzGQ8%3D&signature=EQUVpZ7He3RFB9QFT5nCsQmpNfQ%3D" "Jetpack by WordPress.com"
192.0.115.196 - - [28/Apr/2026:01:53:47 +0000] "POST /?for=jetpack&jetpack=comms&token=70%5EzI9LyGkFWT6I9FMyugLd%24OKYhD%23%29Y%3A1%3A0×tamp=1777341227&nonce=EUYqLHURZY&body-hash=DRDIDaBP6sJC4KrlZ%2FOzhPvoQIE%3D&signature=kktd4UxolVkCiscmtwGSzbLFSao%3D HTTP/1.1" 200 2914 "https://ideainitself.com/?for=jetpack&jetpack=comms&token=70%5EzI9LyGkFWT6I9FMyugLd%24OKYhD%23%29Y%3A1%3A0×tamp=1777341227&nonce=EUYqLHURZY&body-hash=DRDIDaBP6sJC4KrlZ%2FOzhPvoQIE%3D&signature=kktd4UxolVkCiscmtwGSzbLFSao%3D" "Jetpack by WordPress.com"
192.0.115.196 - - [28/Apr/2026:01:53:48 +0000] "POST /?for=jetpack&jetpack=comms&token=70%5EzI9LyGkFWT6I9FMyugLd%24OKYhD%23%29Y%3A1%3A0×tamp=1777341228&nonce=zgNcuW5dPk&body-hash=DRDIDaBP6sJC4KrlZ%2FOzhPvoQIE%3D&signature=xO%2BVzQebQ1OPyQVPO%2BjvGuysR54%3D HTTP/1.1" 200 2914 "https://ideainitself.com/?for=jetpack&jetpack=comms&token=70%5EzI9LyGkFWT6I9FMyugLd%24OKYhD%23%29Y%3A1%3A0×tamp=1777341228&nonce=zgNcuW5dPk&body-hash=DRDIDaBP6sJC4KrlZ%2FOzhPvoQIE%3D&signature=xO%2BVzQebQ1OPyQVPO%2BjvGuysR54%3D" "Jetpack by WordPress.com"
192.0.115.196 - - [28/Apr/2026:01:53:50 +0000] "POST /?for=jetpack&jetpack=comms&token=70%5EzI9LyGkFWT6I9FMyugLd%24OKYhD%23%29Y%3A1%3A0×tamp=1777341230&nonce=9Sg8YDKYUJ&body-hash=METbiCw%2BtMQdctk0fdLMNlXOKKM%3D&signature=pZQcjLNZAOmbLwEI2WHLDBBrXpM%3D HTTP/1.1" 200 1142 "https://ideainitself.com/?for=jetpack&jetpack=comms&token=70%5EzI9LyGkFWT6I9FMyugLd%24OKYhD%23%29Y%3A1%3A0×tamp=1777341230&nonce=9Sg8YDKYUJ&body-hash=METbiCw%2BtMQdctk0fdLMNlXOKKM%3D&signature=pZQcjLNZAOmbLwEI2WHLDBBrXpM%3D" "Jetpack by WordPress.com"
192.0.115.196 - - [28/Apr/2026:01:53:51 +0000] "GET /?rest_route=%2Fjetpack%2Fv4%2Fsync%2Fsettings&_for=jetpack&token=70%5EzI9LyGkFWT6I9FMyugLd%24OKYhD%23%29Y%3A1%3A0×tamp=1777341231&nonce=eFjwK0DKCE&body-hash&signature=aDeeO4UQqHtz9YGPwW5TdvuDvIA%3D HTTP/1.1" 200 2604 "https://ideainitself.com/?rest_route=%2Fjetpack%2Fv4%2Fsync%2Fsettings&_for=jetpack&token=70%5EzI9LyGkFWT6I9FMyugLd%24OKYhD%23%29Y%3A1%3A0×tamp=1777341231&nonce=eFjwK0DKCE&body-hash&signature=aDeeO4UQqHtz9YGPwW5TdvuDvIA%3D" "Jetpack by WordPress.com"
