184.94.212.206 - - [27/Apr/2026:15:56:19 +0000] "GET /wp-admin/admin-ajax.php?action=wordfence_doScan&isFork=1&scanMode=standard&cronKey=b78d0de96479ba91a3ae5ad050674af5&signature=a8711ffd3fec09054d50c481523b2ad5f9c29974a2cf642a0c5fd5bc2975b444 HTTP/1.1" 200 - "-" "WordPress/6.9.4; https://ideainitself.com"
184.94.212.206 - - [27/Apr/2026:15:57:26 +0000] "POST /wp-cron.php?doing_wp_cron=1777305446.0005650520324707031250 HTTP/1.1" 200 - "-" "WordPress/6.9.4; https://ideainitself.com"
184.94.212.206 - - [27/Apr/2026:15:56:51 +0000] "GET /wp-admin/admin-ajax.php?action=wordfence_doScan&isFork=1&scanMode=standard&cronKey=03d998382ef71968c341626d7ff02698&signature=9f6454deda8c42d0b1f60072455a5a2fcf47fee34da85d79a1ae114cfc31f41b HTTP/1.1" 200 - "-" "WordPress/6.9.4; https://ideainitself.com"
184.94.212.206 - - [27/Apr/2026:15:57:51 +0000] "POST /wp-cron.php?doing_wp_cron=1777305471.6177821159362792968750 HTTP/1.1" 200 - "-" "WordPress/6.9.4; https://ideainitself.com"
192.0.103.42 - - [27/Apr/2026:15:57:50 +0000] "HEAD / HTTP/1.1" 200 - "-" "jetmon/1.0 (Jetpack Site Uptime Monitor by WordPress.com)"
184.94.212.206 - - [27/Apr/2026:15:57:58 +0000] "POST /wp-cron.php?doing_wp_cron=1777305478.8836770057678222656250 HTTP/1.1" 200 - "-" "WordPress/6.9.4; https://ideainitself.com"
184.94.212.206 - - [27/Apr/2026:15:57:25 +0000] "GET /wp-admin/admin-ajax.php?action=wordfence_doScan&isFork=1&scanMode=standard&cronKey=be01828623bb29f0e144e45179bb75bb&signature=d7b455841ce17fc07f0bd7001895c4350ce0957da04639525824009d24ddc977 HTTP/1.1" 200 - "-" "WordPress/6.9.4; https://ideainitself.com"
184.94.212.206 - - [27/Apr/2026:15:58:31 +0000] "POST /wp-cron.php?doing_wp_cron=1777305511.7558650970458984375000 HTTP/1.1" 200 - "-" "WordPress/6.9.4; https://ideainitself.com"
184.94.212.206 - - [27/Apr/2026:15:57:57 +0000] "GET /wp-admin/admin-ajax.php?action=wordfence_doScan&isFork=1&scanMode=standard&cronKey=7d9e18e5f3c59badfc7742a28f43e150&signature=1b1ae3cf16c4d7fef06c36fbfc836c37c4cc48f357f0b4e00da96e373577f946 HTTP/1.1" 200 - "-" "WordPress/6.9.4; https://ideainitself.com"
184.94.212.206 - - [27/Apr/2026:15:59:03 +0000] "POST /wp-cron.php?doing_wp_cron=1777305543.7067608833312988281250 HTTP/1.1" 200 - "-" "WordPress/6.9.4; https://ideainitself.com"
184.94.212.206 - - [27/Apr/2026:15:58:30 +0000] "GET /wp-admin/admin-ajax.php?action=wordfence_doScan&isFork=1&scanMode=standard&cronKey=f8890a456df7c8aacac8818394d268d5&signature=0a8a4997cc7f27817c94857b7efc3b162521c8900ee43fa5cf80bfcbe1d9389e HTTP/1.1" 200 - "-" "WordPress/6.9.4; https://ideainitself.com"
184.94.212.206 - - [27/Apr/2026:15:59:02 +0000] "GET /wp-admin/admin-ajax.php?action=wordfence_doScan&isFork=1&scanMode=standard&cronKey=1c5771df4453987ea031d3e658657712&signature=2cc3d82a28ac7a733612f50323c9245c6731b2d56ac19d7392eb01246c5d6a6c HTTP/1.1" 200 - "-" "WordPress/6.9.4; https://ideainitself.com"
184.94.212.206 - - [27/Apr/2026:16:00:09 +0000] "POST /wp-cron.php?doing_wp_cron=1777305609.4756679534912109375000 HTTP/1.1" 200 - "-" "WordPress/6.9.4; https://ideainitself.com"
184.94.212.206 - - [27/Apr/2026:15:59:35 +0000] "GET /wp-admin/admin-ajax.php?action=wordfence_doScan&isFork=1&scanMode=standard&cronKey=e567184aadbd804a7a00ffff419e2dd1&signature=ecba0c2435648b0149a4d4840a325c95b4200c881eb85cb0858a924b35da5af9 HTTP/1.1" 200 - "-" "WordPress/6.9.4; https://ideainitself.com"
184.94.212.206 - - [27/Apr/2026:16:00:42 +0000] "POST /wp-cron.php?doing_wp_cron=1777305642.6605451107025146484375 HTTP/1.1" 200 - "-" "WordPress/6.9.4; https://ideainitself.com"
184.94.212.206 - - [27/Apr/2026:16:00:08 +0000] "GET /wp-admin/admin-ajax.php?action=wordfence_doScan&isFork=1&scanMode=standard&cronKey=2a564226b4affdd86d5bd7a9d0ed6024&signature=94abf0091aa2d139ba7ffa9157c31edeaf9d467beffd8c795bb00afb7bf4c014 HTTP/1.1" 200 - "-" "WordPress/6.9.4; https://ideainitself.com"
184.94.212.206 - - [27/Apr/2026:16:01:14 +0000] "POST /wp-cron.php?doing_wp_cron=1777305674.7432060241699218750000 HTTP/1.1" 200 - "-" "WordPress/6.9.4; https://ideainitself.com"
184.94.212.206 - - [27/Apr/2026:16:00:41 +0000] "GET /wp-admin/admin-ajax.php?action=wordfence_doScan&isFork=1&scanMode=standard&cronKey=31618b5bff3989658c721012199010f7&signature=c8ee67fbf84cefcfbc1ea125ed949c0a7040dc07a78d6af6c983d4b20bf9b9ba HTTP/1.1" 200 - "-" "WordPress/6.9.4; https://ideainitself.com"
184.94.212.206 - - [27/Apr/2026:16:01:47 +0000] "POST /wp-cron.php?doing_wp_cron=1777305707.8397181034088134765625 HTTP/1.1" 200 - "-" "WordPress/6.9.4; https://ideainitself.com"
184.94.212.206 - - [27/Apr/2026:16:01:13 +0000] "GET /wp-admin/admin-ajax.php?action=wordfence_doScan&isFork=1&scanMode=standard&cronKey=1e5049c365e2ed7f21b5f72e644606a0&signature=770d922c7380bde18438e8ba8c235f75121467f2a6fe56c06e25f3bcdefdfce4 HTTP/1.1" 200 - "-" "WordPress/6.9.4; https://ideainitself.com"
184.94.212.206 - - [27/Apr/2026:16:02:20 +0000] "POST /wp-cron.php?doing_wp_cron=1777305740.6776170730590820312500 HTTP/1.1" 200 - "-" "WordPress/6.9.4; https://ideainitself.com"
184.94.212.206 - - [27/Apr/2026:16:01:46 +0000] "GET /wp-admin/admin-ajax.php?action=wordfence_doScan&isFork=1&scanMode=standard&cronKey=64707cf9136f7c7c08284b0e22888af5&signature=112088d04541c0b1ba1c402eb7bded4451face7dbcd7948f4953e4104cfe90be HTTP/1.1" 200 - "-" "WordPress/6.9.4; https://ideainitself.com"
161.35.100.47 - - [27/Apr/2026:16:02:36 +0000] "GET /how-working-in-short-bursts-benefits-the-easily-distracted/busy8 HTTP/1.1" 301 - "https://ideainitself.com/" "Mozilla/5.0 (Windows NT 10.0; Win64; x64) AppleWebKit/537.36 (KHTML, like Gecko) Chrome/103.0.0.0 Safari/537.36"
159.223.132.83 - - [27/Apr/2026:16:02:36 +0000] "GET /contact-us/busy8 HTTP/1.1" 301 - "https://ideainitself.com/" "Mozilla/5.0 (Windows NT 10.0; Win64; x64) AppleWebKit/537.36 (KHTML, like Gecko) Chrome/131.0.0.0 Safari/537.36"
161.35.100.47 - - [27/Apr/2026:16:02:38 +0000] "GET /wp-content/uploads/2021/10/busy8.jpg HTTP/1.1" 200 81363 "https://ideainitself.com/" "Mozilla/5.0 (Windows NT 10.0; Win64; x64) AppleWebKit/537.36 (KHTML, like Gecko) Chrome/103.0.0.0 Safari/537.36"
159.223.132.83 - - [27/Apr/2026:16:02:38 +0000] "GET /wp-content/uploads/2021/10/busy8.jpg HTTP/1.1" 200 81363 "https://ideainitself.com/" "Mozilla/5.0 (Windows NT 10.0; Win64; x64) AppleWebKit/537.36 (KHTML, like Gecko) Chrome/131.0.0.0 Safari/537.36"
184.94.212.206 - - [27/Apr/2026:16:02:19 +0000] "GET /wp-admin/admin-ajax.php?action=wordfence_doScan&isFork=1&scanMode=standard&cronKey=b627eb3883daa5796a56824bbabd767d&signature=d71d7f5eaa81cfa5b359bb7c57cfb42c2438b13df99163427e2de6627cc1cf37 HTTP/1.1" 200 - "-" "WordPress/6.9.4; https://ideainitself.com"
192.0.103.42 - - [27/Apr/2026:16:02:52 +0000] "HEAD / HTTP/1.1" 200 - "-" "jetmon/1.0 (Jetpack Site Uptime Monitor by WordPress.com)"
184.94.212.206 - - [27/Apr/2026:16:03:25 +0000] "POST /wp-cron.php?doing_wp_cron=1777305805.3440549373626708984375 HTTP/1.1" 200 - "-" "WordPress/6.9.4; https://ideainitself.com"
184.94.212.206 - - [27/Apr/2026:16:02:51 +0000] "GET /wp-admin/admin-ajax.php?action=wordfence_doScan&isFork=1&scanMode=standard&cronKey=5ba3fa6888aa21c8364d0e9bc13a459e&signature=b84933ac284a82ebfe950ab67c94b0cb82c63ed056a560cc085b136f47fec399 HTTP/1.1" 200 - "-" "WordPress/6.9.4; https://ideainitself.com"
184.94.212.206 - - [27/Apr/2026:16:03:57 +0000] "POST /wp-cron.php?doing_wp_cron=1777305837.4001739025115966796875 HTTP/1.1" 200 - "-" "WordPress/6.9.4; https://ideainitself.com"
184.94.212.206 - - [27/Apr/2026:16:03:24 +0000] "GET /wp-admin/admin-ajax.php?action=wordfence_doScan&isFork=1&scanMode=standard&cronKey=58e05877aadbf211fc96f594bd5f97d3&signature=85c88ebed2e06724d370299cb0850fb15aa6665248d998173db3a9112dc0293e HTTP/1.1" 200 - "-" "WordPress/6.9.4; https://ideainitself.com"
184.94.212.206 - - [27/Apr/2026:16:04:29 +0000] "POST /wp-cron.php?doing_wp_cron=1777305869.3447721004486083984375 HTTP/1.1" 200 - "-" "WordPress/6.9.4; https://ideainitself.com"
184.94.212.206 - - [27/Apr/2026:16:03:56 +0000] "GET /wp-admin/admin-ajax.php?action=wordfence_doScan&isFork=1&scanMode=standard&cronKey=64da16411c3bfb98ab06b9554f3e1e9c&signature=123148de3a1784977065bacd3196742a625a044da065d9e3afe7680ad1fcd618 HTTP/1.1" 200 - "-" "WordPress/6.9.4; https://ideainitself.com"
184.94.212.206 - - [27/Apr/2026:16:05:01 +0000] "POST /wp-cron.php?doing_wp_cron=1777305901.3896579742431640625000 HTTP/1.1" 200 - "-" "WordPress/6.9.4; https://ideainitself.com"
184.94.212.206 - - [27/Apr/2026:16:04:28 +0000] "GET /wp-admin/admin-ajax.php?action=wordfence_doScan&isFork=1&scanMode=standard&cronKey=6f9fc796dfbb989f17aa109e2332f28e&signature=8786940e60a1a3a423f32922c1097de1d59bc0bfab23d18c2036121013cd815e HTTP/1.1" 200 - "-" "WordPress/6.9.4; https://ideainitself.com"
184.94.212.206 - - [27/Apr/2026:16:05:00 +0000] "GET /wp-admin/admin-ajax.php?action=wordfence_doScan&isFork=1&scanMode=standard&cronKey=eef73321c2b0e50f98bc3a4bd0c3ae46&signature=21a0e54bbab2a5564b5facd88e9c6e579f61f3b02106aa3fc7d43992da8db10b HTTP/1.1" 200 - "-" "WordPress/6.9.4; https://ideainitself.com"
184.94.212.206 - - [27/Apr/2026:16:06:09 +0000] "POST /wp-cron.php?doing_wp_cron=1777305969.3847970962524414062500 HTTP/1.1" 200 - "-" "WordPress/6.9.4; https://ideainitself.com"
184.94.212.206 - - [27/Apr/2026:16:05:35 +0000] "GET /wp-admin/admin-ajax.php?action=wordfence_doScan&isFork=1&scanMode=standard&cronKey=21d490475049e2e7b372949cc7ccbffb&signature=87e1f300879efdd2cc7b8562adf606a30192989a47747ed033489e0fd959dbb6 HTTP/1.1" 200 - "-" "WordPress/6.9.4; https://ideainitself.com"
184.94.212.206 - - [27/Apr/2026:16:06:41 +0000] "POST /wp-cron.php?doing_wp_cron=1777306001.3893430233001708984375 HTTP/1.1" 200 - "-" "WordPress/6.9.4; https://ideainitself.com"
184.94.212.206 - - [27/Apr/2026:16:06:08 +0000] "GET /wp-admin/admin-ajax.php?action=wordfence_doScan&isFork=1&scanMode=standard&cronKey=9350e50f7af3c642bca703ae4d06234c&signature=67b11fddb7e2a5fb2030995e02883cf9a6476a4161d8a5e43ca4cb450acb0537 HTTP/1.1" 200 - "-" "WordPress/6.9.4; https://ideainitself.com"
184.94.212.206 - - [27/Apr/2026:16:07:14 +0000] "POST /wp-cron.php?doing_wp_cron=1777306034.0491089820861816406250 HTTP/1.1" 200 - "-" "WordPress/6.9.4; https://ideainitself.com"
184.94.212.206 - - [27/Apr/2026:16:06:40 +0000] "GET /wp-admin/admin-ajax.php?action=wordfence_doScan&isFork=1&scanMode=standard&cronKey=899b7cd4ae947c970d1a2c7786d138eb&signature=ef19f3eb4666762a7350d1b580ebc544c410d7e2200fddce4bc20abbf471598c HTTP/1.1" 200 - "-" "WordPress/6.9.4; https://ideainitself.com"
184.94.212.206 - - [27/Apr/2026:16:07:46 +0000] "POST /wp-cron.php?doing_wp_cron=1777306066.7445049285888671875000 HTTP/1.1" 200 - "-" "WordPress/6.9.4; https://ideainitself.com"
184.94.212.206 - - [27/Apr/2026:16:07:13 +0000] "GET /wp-admin/admin-ajax.php?action=wordfence_doScan&isFork=1&scanMode=standard&cronKey=3bb52b688b6ee761fb89c1f427f36328&signature=bf3ea2ca05206ea72cca0a92cbcbdbcaafbbe43802dd55bf8d3cd38dac95ba0f HTTP/1.1" 200 - "-" "WordPress/6.9.4; https://ideainitself.com"
192.0.103.42 - - [27/Apr/2026:16:07:48 +0000] "HEAD / HTTP/1.1" 200 - "-" "jetmon/1.0 (Jetpack Site Uptime Monitor by WordPress.com)"
47.128.51.8 - - [27/Apr/2026:16:07:50 +0000] "GET /web-services/ HTTP/1.1" 200 47551 "-" "Mozilla/5.0 (Linux; Android 5.0) AppleWebKit/537.36 (KHTML, like Gecko) Mobile Safari/537.36 (compatible; Bytespider; spider-feedback@bytedance.com)"
216.73.217.60 - - [27/Apr/2026:16:07:58 +0000] "GET /robots.txt HTTP/1.1" 200 115 "-" "Mozilla/5.0 AppleWebKit/537.36 (KHTML, like Gecko; compatible; ClaudeBot/1.0; +claudebot@anthropic.com)"
47.128.51.8 - - [27/Apr/2026:16:07:58 +0000] "GET /wp-content/plugins/contact-form-7/includes/css/styles.css?ver=6.1.5 HTTP/1.1" 200 1031 "https://ideainitself.com/web-services/" "Mozilla/5.0 (Linux; Android 5.0) AppleWebKit/537.36 (KHTML, like Gecko) Mobile Safari/537.36 (compatible; Bytespider; spider-feedback@bytedance.com)"
216.73.217.60 - - [27/Apr/2026:16:07:58 +0000] "GET /tag/mental-block-strategies/ HTTP/1.1" 200 47977 "-" "Mozilla/5.0 AppleWebKit/537.36 (KHTML, like Gecko; compatible; ClaudeBot/1.0; +claudebot@anthropic.com)"
216.73.217.60 - - [27/Apr/2026:16:07:59 +0000] "GET /tag/brainstorming-tips/ HTTP/1.1" 200 47966 "-" "Mozilla/5.0 AppleWebKit/537.36 (KHTML, like Gecko; compatible; ClaudeBot/1.0; +claudebot@anthropic.com)"
216.73.217.60 - - [27/Apr/2026:16:08:00 +0000] "GET /tag/self-taught-coding/ HTTP/1.1" 200 47770 "-" "Mozilla/5.0 AppleWebKit/537.36 (KHTML, like Gecko; compatible; ClaudeBot/1.0; +claudebot@anthropic.com)"
184.94.212.206 - - [27/Apr/2026:16:08:19 +0000] "POST /wp-cron.php?doing_wp_cron=1777306099.8903501033782958984375 HTTP/1.1" 200 - "-" "WordPress/6.9.4; https://ideainitself.com"
184.94.212.206 - - [27/Apr/2026:16:07:45 +0000] "GET /wp-admin/admin-ajax.php?action=wordfence_doScan&isFork=1&scanMode=standard&cronKey=92fd86bcfe0b37ea576734f2086e574a&signature=338033f3c0ac69527872c506207cde3cdccc681c02af7cad6aebd8be25623328 HTTP/1.1" 200 - "-" "WordPress/6.9.4; https://ideainitself.com"
216.73.217.60 - - [27/Apr/2026:16:08:29 +0000] "GET /tag/unblock-creativity/ HTTP/1.1" 200 47969 "-" "Mozilla/5.0 AppleWebKit/537.36 (KHTML, like Gecko; compatible; ClaudeBot/1.0; +claudebot@anthropic.com)"
184.94.212.206 - - [27/Apr/2026:16:08:18 +0000] "GET /wp-admin/admin-ajax.php?action=wordfence_doScan&isFork=1&scanMode=standard&cronKey=ca73c96b4d4bc4bd3164f78a5853d1d4&signature=ee1238af110af9427a1b1bb90409d50dd5d60e79ee66802d24f19b6d850aae3c HTTP/1.1" 200 - "-" "WordPress/6.9.4; https://ideainitself.com"
184.94.212.206 - - [27/Apr/2026:16:09:24 +0000] "POST /wp-cron.php?doing_wp_cron=1777306164.2419400215148925781250 HTTP/1.1" 200 - "-" "WordPress/6.9.4; https://ideainitself.com"
184.94.212.206 - - [27/Apr/2026:16:08:51 +0000] "GET /wp-admin/admin-ajax.php?action=wordfence_doScan&isFork=1&scanMode=standard&cronKey=f98e2ae285d48cc52e1cc2855ee023f2&signature=3c0baa4159015763769675bf7b43f8da5284dda01fa57292817bfc282ff06be3 HTTP/1.1" 200 - "-" "WordPress/6.9.4; https://ideainitself.com"
184.94.212.206 - - [27/Apr/2026:16:09:54 +0000] "POST /wp-cron.php?doing_wp_cron=1777306194.3525249958038330078125 HTTP/1.1" 200 - "-" "WordPress/6.9.4; https://ideainitself.com"
216.73.217.60 - - [27/Apr/2026:16:09:53 +0000] "GET /category/education/ HTTP/1.1" 200 47761 "-" "Mozilla/5.0 AppleWebKit/537.36 (KHTML, like Gecko; compatible; ClaudeBot/1.0; +claudebot@anthropic.com)"
184.94.212.206 - - [27/Apr/2026:16:09:57 +0000] "POST /wp-cron.php?doing_wp_cron=1777306197.0270850658416748046875 HTTP/1.1" 200 - "-" "WordPress/6.9.4; https://ideainitself.com"
184.94.212.206 - - [27/Apr/2026:16:09:23 +0000] "GET /wp-admin/admin-ajax.php?action=wordfence_doScan&isFork=1&scanMode=standard&cronKey=8f24e2f1bcf4be05d92fc815056706e1&signature=a045ba7d30493d9f5421bec0c10b7e64f51eaccf9911fb777f7fbd6f349e2e89 HTTP/1.1" 200 - "-" "WordPress/6.9.4; https://ideainitself.com"
184.94.212.206 - - [27/Apr/2026:16:10:29 +0000] "POST /wp-cron.php?doing_wp_cron=1777306229.4502069950103759765625 HTTP/1.1" 200 - "-" "WordPress/6.9.4; https://ideainitself.com"
184.94.212.206 - - [27/Apr/2026:16:09:56 +0000] "GET /wp-admin/admin-ajax.php?action=wordfence_doScan&isFork=1&scanMode=standard&cronKey=c6ab88e77644c41bab98b7b4bf763f21&signature=8f8a65990d1bd1f80cff844210c36e14bb880f7b7d89f5e4aff6196301bea1ed HTTP/1.1" 200 - "-" "WordPress/6.9.4; https://ideainitself.com"
91.92.242.223 - - [27/Apr/2026:16:10:25 +0000] "POST /wp-login.php?action=register HTTP/1.1" 500 188 "-" "-"
184.94.212.206 - - [27/Apr/2026:16:11:01 +0000] "POST /wp-cron.php?doing_wp_cron=1777306261.5169930458068847656250 HTTP/1.1" 200 - "-" "WordPress/6.9.4; https://ideainitself.com"
184.94.212.206 - - [27/Apr/2026:16:10:28 +0000] "GET /wp-admin/admin-ajax.php?action=wordfence_doScan&isFork=1&scanMode=standard&cronKey=df8a7b768f561a083a0fe1815d6a742f&signature=0a3069689e924bed2c148fd182b6ac0cb4f3ec079a5a4993a471cf54610fc8e4 HTTP/1.1" 200 - "-" "WordPress/6.9.4; https://ideainitself.com"
216.73.217.60 - - [27/Apr/2026:16:11:14 +0000] "GET /author/n1ch3p4cks/feed/ HTTP/1.1" 200 13771 "-" "Mozilla/5.0 AppleWebKit/537.36 (KHTML, like Gecko; compatible; ClaudeBot/1.0; +claudebot@anthropic.com)"
216.73.217.60 - - [27/Apr/2026:16:11:15 +0000] "GET /tag/creativity-exercises/ HTTP/1.1" 200 47970 "-" "Mozilla/5.0 AppleWebKit/537.36 (KHTML, like Gecko; compatible; ClaudeBot/1.0; +claudebot@anthropic.com)"
216.73.217.60 - - [27/Apr/2026:16:11:31 +0000] "GET /tag/ideainitself-tools/ HTTP/1.1" 200 47971 "-" "Mozilla/5.0 AppleWebKit/537.36 (KHTML, like Gecko; compatible; ClaudeBot/1.0; +claudebot@anthropic.com)"
184.94.212.206 - - [27/Apr/2026:16:11:00 +0000] "GET /wp-admin/admin-ajax.php?action=wordfence_doScan&isFork=1&scanMode=standard&cronKey=886deea3a1f3fc5650ffc8b6b9bb7372&signature=f10b7839b95af7f5397cee77405f2e91282b1712683951667e8ca9961dd6985e HTTP/1.1" 200 - "-" "WordPress/6.9.4; https://ideainitself.com"
114.119.133.204 - - [27/Apr/2026:16:11:51 +0000] "GET /how-working-20-minutes-at-a-time-can-change-your-life/?share=x HTTP/1.1" 302 - "https://ideainitself.com/how-working-20-minutes-at-a-time-can-change-your-life/" "Mozilla/5.0 (Linux; Android 7.0;) AppleWebKit/537.36 (HTML, like Gecko) Mobile Safari/537.36 (compatible; PetalBot;+https://webmaster.petalsearch.com/site/petalbot)"
184.94.212.206 - - [27/Apr/2026:16:12:05 +0000] "POST /wp-cron.php?doing_wp_cron=1777306325.6126039028167724609375 HTTP/1.1" 200 - "-" "WordPress/6.9.4; https://ideainitself.com"
184.94.212.206 - - [27/Apr/2026:16:11:32 +0000] "GET /wp-admin/admin-ajax.php?action=wordfence_doScan&isFork=1&scanMode=standard&cronKey=fe28fb3bc4a21e24348ce13c048ad7d2&signature=0b236973dfdfe8f0b60bf8f058290c3f2d9be1edd031d9faea477d778ec9b561 HTTP/1.1" 200 - "-" "WordPress/6.9.4; https://ideainitself.com"
216.73.217.60 - - [27/Apr/2026:16:12:23 +0000] "GET /tag/overcome-idea-block/ HTTP/1.1" 200 47979 "-" "Mozilla/5.0 AppleWebKit/537.36 (KHTML, like Gecko; compatible; ClaudeBot/1.0; +claudebot@anthropic.com)"
184.94.212.206 - - [27/Apr/2026:16:12:38 +0000] "POST /wp-cron.php?doing_wp_cron=1777306358.4309349060058593750000 HTTP/1.1" 200 - "-" "WordPress/6.9.4; https://ideainitself.com"
184.94.212.206 - - [27/Apr/2026:16:12:04 +0000] "GET /wp-admin/admin-ajax.php?action=wordfence_doScan&isFork=1&scanMode=standard&cronKey=ff4f75d41d2c840946125c476755b518&signature=63d589f88127a5be7eac580a660a38012704bc0bfbde7d8d35f9f54fa5b57602 HTTP/1.1" 200 - "-" "WordPress/6.9.4; https://ideainitself.com"
184.94.212.206 - - [27/Apr/2026:16:12:51 +0000] "POST /wp-cron.php?doing_wp_cron=1777306371.5434610843658447265625 HTTP/1.1" 200 - "-" "WordPress/6.9.4; https://ideainitself.com"
192.0.103.42 - - [27/Apr/2026:16:12:49 +0000] "HEAD / HTTP/1.1" 200 - "-" "jetmon/1.0 (Jetpack Site Uptime Monitor by WordPress.com)"
184.94.212.206 - - [27/Apr/2026:16:13:10 +0000] "POST /wp-cron.php?doing_wp_cron=1777306390.5077219009399414062500 HTTP/1.1" 200 - "-" "WordPress/6.9.4; https://ideainitself.com"
184.94.212.206 - - [27/Apr/2026:16:12:37 +0000] "GET /wp-admin/admin-ajax.php?action=wordfence_doScan&isFork=1&scanMode=standard&cronKey=a83917fc2ed35f98d9e93773df9d9484&signature=5246fd4677341619412ef17301e622e32f9adf6def24b50877112b5b7d96f7f0 HTTP/1.1" 200 - "-" "WordPress/6.9.4; https://ideainitself.com"
216.73.217.60 - - [27/Apr/2026:16:13:20 +0000] "GET /tag/no-degree-tech-career/ HTTP/1.1" 200 47778 "-" "Mozilla/5.0 AppleWebKit/537.36 (KHTML, like Gecko; compatible; ClaudeBot/1.0; +claudebot@anthropic.com)"
216.73.217.60 - - [27/Apr/2026:16:13:21 +0000] "GET /tag/pomodoro/ HTTP/1.1" 200 50311 "-" "Mozilla/5.0 AppleWebKit/537.36 (KHTML, like Gecko; compatible; ClaudeBot/1.0; +claudebot@anthropic.com)"
184.94.212.206 - - [27/Apr/2026:16:13:09 +0000] "GET /wp-admin/admin-ajax.php?action=wordfence_doScan&isFork=1&scanMode=standard&cronKey=c4eaed463d075309e9304bf2363246f0&signature=dbf5eca74a4a5639b1573dc2cfe45ec0eb5b8b4867f7cdc901918a87eff97731 HTTP/1.1" 200 - "-" "WordPress/6.9.4; https://ideainitself.com"
216.73.217.60 - - [27/Apr/2026:16:13:46 +0000] "GET /tag/military-discipline-productivity/ HTTP/1.1" 200 47766 "-" "Mozilla/5.0 AppleWebKit/537.36 (KHTML, like Gecko; compatible; ClaudeBot/1.0; +claudebot@anthropic.com)"
216.73.217.60 - - [27/Apr/2026:16:13:47 +0000] "GET /tag/slack-engineer/ HTTP/1.1" 200 47771 "-" "Mozilla/5.0 AppleWebKit/537.36 (KHTML, like Gecko; compatible; ClaudeBot/1.0; +claudebot@anthropic.com)"
216.73.217.60 - - [27/Apr/2026:16:13:52 +0000] "GET /author/n1ch3p4cks/page/2/ HTTP/1.1" 200 52332 "-" "Mozilla/5.0 AppleWebKit/537.36 (KHTML, like Gecko; compatible; ClaudeBot/1.0; +claudebot@anthropic.com)"
184.94.212.206 - - [27/Apr/2026:16:14:14 +0000] "POST /wp-cron.php?doing_wp_cron=1777306454.7754840850830078125000 HTTP/1.1" 200 - "-" "WordPress/6.9.4; https://ideainitself.com"
184.94.212.206 - - [27/Apr/2026:16:13:41 +0000] "GET /wp-admin/admin-ajax.php?action=wordfence_doScan&isFork=1&scanMode=standard&cronKey=a8ed7cbefe9a49a16aa97e637f6af62c&signature=53a930a77c85435364dbe228e0e246c3ec6cc22ca64840f32e7789b18d86d024 HTTP/1.1" 200 - "-" "WordPress/6.9.4; https://ideainitself.com"
184.94.212.206 - - [27/Apr/2026:16:14:47 +0000] "POST /wp-cron.php?doing_wp_cron=1777306487.4973609447479248046875 HTTP/1.1" 200 - "-" "WordPress/6.9.4; https://ideainitself.com"
184.94.212.206 - - [27/Apr/2026:16:14:13 +0000] "GET /wp-admin/admin-ajax.php?action=wordfence_doScan&isFork=1&scanMode=standard&cronKey=aaf18c31148413de9b476921eb86411b&signature=41b7306c895757e6743b8efae0f33f58d2b60fea9ec7dd2839e6432995ed45ed HTTP/1.1" 200 - "-" "WordPress/6.9.4; https://ideainitself.com"
184.94.212.206 - - [27/Apr/2026:16:15:19 +0000] "POST /wp-cron.php?doing_wp_cron=1777306519.7356159687042236328125 HTTP/1.1" 200 - "-" "WordPress/6.9.4; https://ideainitself.com"
184.94.212.206 - - [27/Apr/2026:16:14:46 +0000] "GET /wp-admin/admin-ajax.php?action=wordfence_doScan&isFork=1&scanMode=standard&cronKey=f8c89638db271fc603116c93f364c156&signature=30aa547214d5237f4b5d2551da2c54235360bc44c4f8e06c83a1ad235782224a HTTP/1.1" 200 - "-" "WordPress/6.9.4; https://ideainitself.com"
216.73.217.60 - - [27/Apr/2026:16:15:19 +0000] "GET /tag/idea-generation-techniques/ HTTP/1.1" 200 47982 "-" "Mozilla/5.0 AppleWebKit/537.36 (KHTML, like Gecko; compatible; ClaudeBot/1.0; +claudebot@anthropic.com)"
184.94.212.206 - - [27/Apr/2026:16:15:52 +0000] "POST /wp-cron.php?doing_wp_cron=1777306552.4205598831176757812500 HTTP/1.1" 200 - "-" "WordPress/6.9.4; https://ideainitself.com"
184.94.212.206 - - [27/Apr/2026:16:15:18 +0000] "GET /wp-admin/admin-ajax.php?action=wordfence_doScan&isFork=1&scanMode=standard&cronKey=204c84afd00b03db9cbd7a9f16fcb689&signature=5652b52d0883ebdf9df0fe6e3d934133403c2ab224261faec858d294722335bf HTTP/1.1" 200 - "-" "WordPress/6.9.4; https://ideainitself.com"
184.94.212.206 - - [27/Apr/2026:16:16:24 +0000] "POST /wp-cron.php?doing_wp_cron=1777306584.5656659603118896484375 HTTP/1.1" 200 - "-" "WordPress/6.9.4; https://ideainitself.com"
184.94.212.206 - - [27/Apr/2026:16:15:51 +0000] "GET /wp-admin/admin-ajax.php?action=wordfence_doScan&isFork=1&scanMode=standard&cronKey=7da5f391151ae7495498881b0bebc120&signature=237185256582e18b8f63f807976ff947dd0d1cf9329dcee7add02f8169a6aae1 HTTP/1.1" 200 - "-" "WordPress/6.9.4; https://ideainitself.com"
184.94.212.206 - - [27/Apr/2026:16:16:23 +0000] "GET /wp-admin/admin-ajax.php?action=wordfence_doScan&isFork=1&scanMode=standard&cronKey=1e52e418f14c501fae82ad88d59cd4a4&signature=ea21087197d3e9afc8534494808420fe7516ed4aacd56dbc6c2ee8f99794e136 HTTP/1.1" 200 - "-" "WordPress/6.9.4; https://ideainitself.com"
216.73.217.60 - - [27/Apr/2026:16:16:55 +0000] "GET /category/education/career/ HTTP/1.1" 200 47785 "-" "Mozilla/5.0 AppleWebKit/537.36 (KHTML, like Gecko; compatible; ClaudeBot/1.0; +claudebot@anthropic.com)"
216.73.217.60 - - [27/Apr/2026:16:16:56 +0000] "GET /tag/productivity-hacks/ HTTP/1.1" 200 47762 "-" "Mozilla/5.0 AppleWebKit/537.36 (KHTML, like Gecko; compatible; ClaudeBot/1.0; +claudebot@anthropic.com)"
184.94.212.206 - - [27/Apr/2026:16:17:28 +0000] "POST /wp-cron.php?doing_wp_cron=1777306648.4954979419708251953125 HTTP/1.1" 200 - "-" "WordPress/6.9.4; https://ideainitself.com"
184.94.212.206 - - [27/Apr/2026:16:16:55 +0000] "GET /wp-admin/admin-ajax.php?action=wordfence_doScan&isFork=1&scanMode=standard&cronKey=094455c276cb56ca2164bac582650d05&signature=c2b8d40aa20c02523df3e914965f673dfa99d2f1a64c1aa9111aa5d7cdfa656d HTTP/1.1" 200 - "-" "WordPress/6.9.4; https://ideainitself.com"
192.0.103.42 - - [27/Apr/2026:16:17:49 +0000] "HEAD / HTTP/1.1" 200 - "-" "jetmon/1.0 (Jetpack Site Uptime Monitor by WordPress.com)"
184.94.212.206 - - [27/Apr/2026:16:18:00 +0000] "POST /wp-cron.php?doing_wp_cron=1777306680.4330420494079589843750 HTTP/1.1" 200 - "-" "WordPress/6.9.4; https://ideainitself.com"
184.94.212.206 - - [27/Apr/2026:16:17:27 +0000] "GET /wp-admin/admin-ajax.php?action=wordfence_doScan&isFork=1&scanMode=standard&cronKey=cba90ab3d505fe570d4e3bc4e0b79a98&signature=11391f89ab852d13a843e5eead92606db2da3446b0e458a25a212e3a9e0dded6 HTTP/1.1" 200 - "-" "WordPress/6.9.4; https://ideainitself.com"
184.94.212.206 - - [27/Apr/2026:16:18:32 +0000] "POST /wp-cron.php?doing_wp_cron=1777306712.3216109275817871093750 HTTP/1.1" 200 - "-" "WordPress/6.9.4; https://ideainitself.com"
184.94.212.206 - - [27/Apr/2026:16:17:59 +0000] "GET /wp-admin/admin-ajax.php?action=wordfence_doScan&isFork=1&scanMode=standard&cronKey=08d65e2da136b27d2d9d8a38ddfd2bd8&signature=25a1ec9a037ee34c092220a53e95ced25ffeb649801db1fdcb3b9f455aafe154 HTTP/1.1" 200 - "-" "WordPress/6.9.4; https://ideainitself.com"
184.94.212.206 - - [27/Apr/2026:16:19:04 +0000] "POST /wp-cron.php?doing_wp_cron=1777306744.4164299964904785156250 HTTP/1.1" 200 - "-" "WordPress/6.9.4; https://ideainitself.com"
184.94.212.206 - - [27/Apr/2026:16:18:31 +0000] "GET /wp-admin/admin-ajax.php?action=wordfence_doScan&isFork=1&scanMode=standard&cronKey=3ccb7b5c405d7651eacdc55c51fc547f&signature=99067bf12cf77feb73d1794988f3e322d35c913d3266a773a1406ea2d75d83fa HTTP/1.1" 200 - "-" "WordPress/6.9.4; https://ideainitself.com"
184.94.212.206 - - [27/Apr/2026:16:19:03 +0000] "GET /wp-admin/admin-ajax.php?action=wordfence_doScan&isFork=1&scanMode=standard&cronKey=c1f06eb6341ff0f0e729a6ba676d1605&signature=72d51546efd8693502e3e3c5e6625f7680777a58f0d1000413f94fa5d02f783a HTTP/1.1" 200 - "-" "WordPress/6.9.4; https://ideainitself.com"
184.94.212.206 - - [27/Apr/2026:16:20:08 +0000] "POST /wp-cron.php?doing_wp_cron=1777306808.9169740676879882812500 HTTP/1.1" 200 - "-" "WordPress/6.9.4; https://ideainitself.com"
184.94.212.206 - - [27/Apr/2026:16:19:35 +0000] "GET /wp-admin/admin-ajax.php?action=wordfence_doScan&isFork=1&scanMode=standard&cronKey=431476f6db40fefcace9c122f3a7a8ce&signature=ccbd6bfb2355f426fad5cf87e030c25e8e9b2b09a079350081db0d991c80b29b HTTP/1.1" 200 - "-" "WordPress/6.9.4; https://ideainitself.com"
184.94.212.206 - - [27/Apr/2026:16:20:41 +0000] "POST /wp-cron.php?doing_wp_cron=1777306841.6536080837249755859375 HTTP/1.1" 200 - "-" "WordPress/6.9.4; https://ideainitself.com"
184.94.212.206 - - [27/Apr/2026:16:20:07 +0000] "GET /wp-admin/admin-ajax.php?action=wordfence_doScan&isFork=1&scanMode=standard&cronKey=5f8ce22cc2f15902efe1164ef8b1a3ab&signature=58d973c3b2844662c815aefdca7dde967b959a7057603a4264313c9e09e3bedd HTTP/1.1" 200 - "-" "WordPress/6.9.4; https://ideainitself.com"
91.92.242.223 - - [27/Apr/2026:16:20:48 +0000] "POST /wp-login.php?action=register HTTP/1.1" 500 188 "-" "-"
184.94.212.206 - - [27/Apr/2026:16:21:14 +0000] "POST /wp-cron.php?doing_wp_cron=1777306874.6686649322509765625000 HTTP/1.1" 200 - "-" "WordPress/6.9.4; https://ideainitself.com"
184.94.212.206 - - [27/Apr/2026:16:20:40 +0000] "GET /wp-admin/admin-ajax.php?action=wordfence_doScan&isFork=1&scanMode=standard&cronKey=39cd9333c8c53cabee1b25b404daa1e8&signature=84614869155c45a234568c2fbeaa73812557ca46188a271d21159dced9e25aae HTTP/1.1" 200 - "-" "WordPress/6.9.4; https://ideainitself.com"
184.94.212.206 - - [27/Apr/2026:16:21:47 +0000] "POST /wp-cron.php?doing_wp_cron=1777306907.7718219757080078125000 HTTP/1.1" 200 - "-" "WordPress/6.9.4; https://ideainitself.com"
184.94.212.206 - - [27/Apr/2026:16:21:13 +0000] "GET /wp-admin/admin-ajax.php?action=wordfence_doScan&isFork=1&scanMode=standard&cronKey=0b36ff1cbfa9f41624fac9f8bd90e4a3&signature=63d089efef1ad6f29f1c5197f41ac35ce56fed74a71b0a7575bfe3782ffc04d0 HTTP/1.1" 200 - "-" "WordPress/6.9.4; https://ideainitself.com"
184.94.212.206 - - [27/Apr/2026:16:22:20 +0000] "POST /wp-cron.php?doing_wp_cron=1777306940.9618399143218994140625 HTTP/1.1" 200 - "-" "WordPress/6.9.4; https://ideainitself.com"
184.94.212.206 - - [27/Apr/2026:16:21:46 +0000] "GET /wp-admin/admin-ajax.php?action=wordfence_doScan&isFork=1&scanMode=standard&cronKey=c806fd67a3ca5c7b66ea384d10c3e02c&signature=68792e4bff74acb35616f279b2bb7a52632b2ee97bf27f8bbd5461e9cf360e5f HTTP/1.1" 200 - "-" "WordPress/6.9.4; https://ideainitself.com"
192.0.103.42 - - [27/Apr/2026:16:22:49 +0000] "HEAD / HTTP/1.1" 200 - "-" "jetmon/1.0 (Jetpack Site Uptime Monitor by WordPress.com)"
184.94.212.206 - - [27/Apr/2026:16:22:19 +0000] "GET /wp-admin/admin-ajax.php?action=wordfence_doScan&isFork=1&scanMode=standard&cronKey=305f7437b9e173617bfc49a44f9a9f4e&signature=143c864d562c06a36215ac116ea2ff445d657749d1a2950ef2189ed8d6ad75ad HTTP/1.1" 200 - "-" "WordPress/6.9.4; https://ideainitself.com"
184.94.212.206 - - [27/Apr/2026:16:23:25 +0000] "POST /wp-cron.php?doing_wp_cron=1777307005.7688920497894287109375 HTTP/1.1" 200 - "-" "WordPress/6.9.4; https://ideainitself.com"
184.94.212.206 - - [27/Apr/2026:16:22:52 +0000] "GET /wp-admin/admin-ajax.php?action=wordfence_doScan&isFork=1&scanMode=standard&cronKey=3841183d99b0430e9c8f54b60e8ca2dd&signature=85156270adef2451a5aaed8d58a7578e7b72b9cbfb55e3153ae2122e3fc877d0 HTTP/1.1" 200 - "-" "WordPress/6.9.4; https://ideainitself.com"
66.249.66.168 - - [27/Apr/2026:16:23:52 +0000] "GET /ads.txt HTTP/1.1" 200 58 "-" "Mozilla/5.0 (compatible; Googlebot/2.1; +http://www.google.com/bot.html)"
66.249.66.64 - - [27/Apr/2026:16:23:55 +0000] "GET /ads.txt HTTP/1.1" 200 58 "-" "Mozilla/5.0 (compatible; Googlebot/2.1; +http://www.google.com/bot.html)"
184.94.212.206 - - [27/Apr/2026:16:23:58 +0000] "POST /wp-cron.php?doing_wp_cron=1777307038.4671330451965332031250 HTTP/1.1" 200 - "-" "WordPress/6.9.4; https://ideainitself.com"
184.94.212.206 - - [27/Apr/2026:16:23:24 +0000] "GET /wp-admin/admin-ajax.php?action=wordfence_doScan&isFork=1&scanMode=standard&cronKey=67374e7a8920b2a8c0a431e488c6f42a&signature=1a43b9269c62f4e5b7f0f2b577649b1bfdc3889b84600a6baf5abfe8a5f44880 HTTP/1.1" 200 - "-" "WordPress/6.9.4; https://ideainitself.com"
184.94.212.206 - - [27/Apr/2026:16:24:23 +0000] "POST /wp-cron.php?doing_wp_cron=1777307063.1843760013580322265625 HTTP/1.1" 200 - "-" "WordPress/6.9.4; https://ideainitself.com"
134.209.100.212 - - [27/Apr/2026:16:24:21 +0000] "GET /?author=1&feed=rss2 HTTP/1.1" 403 52151 "-" "Mozilla/5.0 (X11; Linux x86_64) AppleWebKit/537.36 (KHTML, like Gecko) Chrome/143.0.0.0 Safari/537.36"
123.30.109.8 - - [27/Apr/2026:16:24:25 +0000] "GET /wp-sitemap-users-1.xml HTTP/1.1" 301 - "-" "Mozilla/5.0 (X11; Linux x86_64) AppleWebKit/537.36 (KHTML, like Gecko) Chrome/143.0.0.0 Safari/537.36"
184.94.212.206 - - [27/Apr/2026:16:24:29 +0000] "POST /wp-cron.php?doing_wp_cron=1777307069.4026899337768554687500 HTTP/1.1" 200 - "-" "WordPress/6.9.4; https://ideainitself.com"
123.30.109.8 - - [27/Apr/2026:16:24:28 +0000] "GET /author-sitemap.xml HTTP/1.1" 404 43152 "-" "Mozilla/5.0 (X11; Linux x86_64) AppleWebKit/537.36 (KHTML, like Gecko) Chrome/143.0.0.0 Safari/537.36"
184.94.212.206 - - [27/Apr/2026:16:24:30 +0000] "POST /wp-cron.php?doing_wp_cron=1777307070.6870729923248291015625 HTTP/1.1" 200 - "-" "WordPress/6.9.4; https://ideainitself.com"
184.94.212.206 - - [27/Apr/2026:16:23:57 +0000] "GET /wp-admin/admin-ajax.php?action=wordfence_doScan&isFork=1&scanMode=standard&cronKey=abfa3924b2115346cfdb3fef30019073&signature=3a24f1081810a83560115874e79c859a231cb86e2671ffdb5ad2ec5ec6b4f2e0 HTTP/1.1" 200 - "-" "WordPress/6.9.4; https://ideainitself.com"
194.163.163.69 - - [27/Apr/2026:16:24:31 +0000] "GET /sitemap.xml HTTP/1.1" 200 246 "-" "Mozilla/5.0 (X11; Linux x86_64) AppleWebKit/537.36 (KHTML, like Gecko) Chrome/143.0.0.0 Safari/537.36"
184.94.212.206 - - [27/Apr/2026:16:24:29 +0000] "GET /wp-admin/admin-ajax.php?action=wordfence_doScan&isFork=1&scanMode=standard&cronKey=337433da5f0848c71317c4123dde66e3&signature=2f40525c936394554e021ec6e346521f25cd9d580bcf85c1cfc2073837beccc6 HTTP/1.1" 200 - "-" "WordPress/6.9.4; https://ideainitself.com"
45.119.213.111 - - [27/Apr/2026:16:25:08 +0000] "GET /wp-json/wp/v2/posts?per_page=20&_embed=author&_fields=_embedded HTTP/1.1" 200 27 "-" "Mozilla/5.0 (X11; Linux x86_64) AppleWebKit/537.36 (KHTML, like Gecko) Chrome/143.0.0.0 Safari/537.36"
45.119.213.111 - - [27/Apr/2026:16:25:12 +0000] "GET /?author=1 HTTP/1.1" 403 52151 "-" "Mozilla/5.0 (X11; Linux x86_64) AppleWebKit/537.36 (KHTML, like Gecko) Chrome/143.0.0.0 Safari/537.36"
93.93.202.44 - - [27/Apr/2026:16:25:14 +0000] "GET /?author=2 HTTP/1.1" 403 52151 "-" "Mozilla/5.0 (X11; Linux x86_64) AppleWebKit/537.36 (KHTML, like Gecko) Chrome/143.0.0.0 Safari/537.36"
93.93.202.44 - - [27/Apr/2026:16:25:14 +0000] "GET /?author=1 HTTP/1.1" 403 52151 "-" "Mozilla/5.0 (X11; Linux x86_64) AppleWebKit/537.36 (KHTML, like Gecko) Chrome/143.0.0.0 Safari/537.36"
93.93.202.44 - - [27/Apr/2026:16:25:14 +0000] "GET /?author=3 HTTP/1.1" 403 52151 "-" "Mozilla/5.0 (X11; Linux x86_64) AppleWebKit/537.36 (KHTML, like Gecko) Chrome/143.0.0.0 Safari/537.36"
92.53.96.141 - - [27/Apr/2026:16:25:18 +0000] "GET /wp-json/wp/v2/media?per_page=50&_fields=author HTTP/1.1" 200 39 "-" "Mozilla/5.0 (X11; Linux x86_64) AppleWebKit/537.36 (KHTML, like Gecko) Chrome/143.0.0.0 Safari/537.36"
92.53.96.141 - - [27/Apr/2026:16:25:20 +0000] "GET /wp-json/wp/v2/users?include=3&_fields=id,slug HTTP/1.1" 401 110 "-" "Mozilla/5.0 (X11; Linux x86_64) AppleWebKit/537.36 (KHTML, like Gecko) Chrome/143.0.0.0 Safari/537.36"
168.119.5.185 - - [27/Apr/2026:16:25:22 +0000] "GET /wp-json/wp/v2/comments?per_page=100&_fields=author_name,author_url HTTP/1.1" 200 22 "-" "Mozilla/5.0 (X11; Linux x86_64) AppleWebKit/537.36 (KHTML, like Gecko) Chrome/143.0.0.0 Safari/537.36"
184.94.212.206 - - [27/Apr/2026:16:25:35 +0000] "POST /wp-cron.php?doing_wp_cron=1777307135.2232680320739746093750 HTTP/1.1" 200 - "-" "WordPress/6.9.4; https://ideainitself.com"
184.94.212.206 - - [27/Apr/2026:16:25:01 +0000] "GET /wp-admin/admin-ajax.php?action=wordfence_doScan&isFork=1&scanMode=standard&cronKey=c695127ea6fbdecd5552e07485f1a782&signature=e5831d2c7f17e8025cd1635ef3740ea6401c892e83f4c7d1f6794b317a3deb5c HTTP/1.1" 200 - "-" "WordPress/6.9.4; https://ideainitself.com"
184.94.212.206 - - [27/Apr/2026:16:26:07 +0000] "POST /wp-cron.php?doing_wp_cron=1777307167.4736349582672119140625 HTTP/1.1" 200 - "-" "WordPress/6.9.4; https://ideainitself.com"
184.94.212.206 - - [27/Apr/2026:16:25:34 +0000] "GET /wp-admin/admin-ajax.php?action=wordfence_doScan&isFork=1&scanMode=standard&cronKey=6a946dff6c804f95ee00945d2a47af1e&signature=29f2003a6d7a48e9a654e5b1f759e4aa77800be4a1fb3a2f0c6b562583be919a HTTP/1.1" 200 - "-" "WordPress/6.9.4; https://ideainitself.com"
184.94.212.206 - - [27/Apr/2026:16:26:35 +0000] "POST /wp-cron.php?doing_wp_cron=1777307195.7894630432128906250000 HTTP/1.1" 200 - "-" "WordPress/6.9.4; https://ideainitself.com"
203.86.122.1 - - [27/Apr/2026:16:26:34 +0000] "GET /wp-json/wp/v2/posts?per_page=50&_fields=author HTTP/1.1" 200 37 "-" "Mozilla/5.0 (X11; Linux x86_64) AppleWebKit/537.36 (KHTML, like Gecko) Chrome/143.0.0.0 Safari/537.36"
184.94.212.206 - - [27/Apr/2026:16:26:39 +0000] "POST /wp-cron.php?doing_wp_cron=1777307199.5750219821929931640625 HTTP/1.1" 200 - "-" "WordPress/6.9.4; https://ideainitself.com"
184.94.212.206 - - [27/Apr/2026:16:26:06 +0000] "GET /wp-admin/admin-ajax.php?action=wordfence_doScan&isFork=1&scanMode=standard&cronKey=9f90b3571bad9b3b5e50c93a91002479&signature=240a1d10db82095b81c0664a9e67b5b86f75464fbf48a426de9b4e76c96eaebe HTTP/1.1" 200 - "-" "WordPress/6.9.4; https://ideainitself.com"
184.94.212.206 - - [27/Apr/2026:16:26:38 +0000] "GET /wp-admin/admin-ajax.php?action=wordfence_doScan&isFork=1&scanMode=standard&cronKey=82700c736d9350a9e1207d7a6599857f&signature=59b71710e58e52d85afd31bb68f9b78587fbac46e666f0d2ecf78c2a828b677b HTTP/1.1" 200 - "-" "WordPress/6.9.4; https://ideainitself.com"
184.94.212.206 - - [27/Apr/2026:16:27:43 +0000] "POST /wp-cron.php?doing_wp_cron=1777307263.9649960994720458984375 HTTP/1.1" 200 - "-" "WordPress/6.9.4; https://ideainitself.com"
184.94.212.206 - - [27/Apr/2026:16:27:10 +0000] "GET /wp-admin/admin-ajax.php?action=wordfence_doScan&isFork=1&scanMode=standard&cronKey=386fc75a49229df77b6f9878c7d73741&signature=b88911f0fe4ebcfc675be3484e0346351e9e6d778014bd6d526dbe71e43b4c2d HTTP/1.1" 200 - "-" "WordPress/6.9.4; https://ideainitself.com"
192.0.103.42 - - [27/Apr/2026:16:27:48 +0000] "HEAD / HTTP/1.1" 200 - "-" "jetmon/1.0 (Jetpack Site Uptime Monitor by WordPress.com)"
184.94.212.206 - - [27/Apr/2026:16:28:16 +0000] "POST /wp-cron.php?doing_wp_cron=1777307296.7694849967956542968750 HTTP/1.1" 200 - "-" "WordPress/6.9.4; https://ideainitself.com"
184.94.212.206 - - [27/Apr/2026:16:27:42 +0000] "GET /wp-admin/admin-ajax.php?action=wordfence_doScan&isFork=1&scanMode=standard&cronKey=cce40fda32633dfacdf096b467e1905b&signature=5291eabb1692fd11b40d48d6444a1f051ae4c9f14da8a79199e6c1107813b130 HTTP/1.1" 200 - "-" "WordPress/6.9.4; https://ideainitself.com"
184.94.212.206 - - [27/Apr/2026:16:28:33 +0000] "POST /wp-cron.php?doing_wp_cron=1777307313.6872360706329345703125 HTTP/1.1" 200 - "-" "WordPress/6.9.4; https://ideainitself.com"
14.179.16.55 - - [27/Apr/2026:16:28:32 +0000] "GET /cookie-policy/ HTTP/1.1" 200 49039 "-" "Mozilla/5.0 (Macintosh; Intel Mac OS X 10_15_7) AppleWebKit/537.36 (KHTML, like Gecko) Chrome/120.0.0.0 Safari/537.36"
184.94.212.206 - - [27/Apr/2026:16:28:49 +0000] "POST /wp-cron.php?doing_wp_cron=1777307329.6007220745086669921875 HTTP/1.1" 200 - "-" "WordPress/6.9.4; https://ideainitself.com"
184.94.212.206 - - [27/Apr/2026:16:28:15 +0000] "GET /wp-admin/admin-ajax.php?action=wordfence_doScan&isFork=1&scanMode=standard&cronKey=28b45e9ed3d53beebd758ff0f7a5399d&signature=92a81876ae4da1c1e95316e956f1a8f35c2b2f78fd0f099c1a96bdeb95e3d315 HTTP/1.1" 200 - "-" "WordPress/6.9.4; https://ideainitself.com"
114.119.148.165 - - [27/Apr/2026:16:29:00 +0000] "GET /how-working-20-minutes-at-a-time-can-change-your-life/?share=reddit HTTP/1.1" 302 - "https://ideainitself.com/how-working-20-minutes-at-a-time-can-change-your-life/" "Mozilla/5.0 (Linux; Android 7.0;) AppleWebKit/537.36 (HTML, like Gecko) Mobile Safari/537.36 (compatible; PetalBot;+https://webmaster.petalsearch.com/site/petalbot)"
184.94.212.206 - - [27/Apr/2026:16:28:48 +0000] "GET /wp-admin/admin-ajax.php?action=wordfence_doScan&isFork=1&scanMode=standard&cronKey=4d2f3d9dc323ed158bc16ed2db8f5b7b&signature=ce65c72b739afba9fd8889065d5214592de1b6ea1f4f84b788ea5973da92db1d HTTP/1.1" 200 - "-" "WordPress/6.9.4; https://ideainitself.com"
216.73.217.60 - - [27/Apr/2026:16:29:26 +0000] "GET /category/productivity/page/3/ HTTP/1.1" 200 49874 "-" "Mozilla/5.0 AppleWebKit/537.36 (KHTML, like Gecko; compatible; ClaudeBot/1.0; +claudebot@anthropic.com)"
91.92.242.223 - - [27/Apr/2026:16:29:59 +0000] "POST /wp-login.php?action=register HTTP/1.1" 500 2431 "-" "-"
216.73.217.60 - - [27/Apr/2026:16:30:32 +0000] "GET /tag/pomodoro/feed/ HTTP/1.1" 500 1004 "-" "Mozilla/5.0 AppleWebKit/537.36 (KHTML, like Gecko; compatible; ClaudeBot/1.0; +claudebot@anthropic.com)"
184.94.212.206 - - [27/Apr/2026:16:30:36 +0000] "POST /wp-cron.php?doing_wp_cron=1777307436.5485780239105224609375 HTTP/1.1" 200 - "-" "WordPress/6.9.4; https://ideainitself.com"
184.94.212.206 - - [27/Apr/2026:16:29:20 +0000] "GET /wp-admin/admin-ajax.php?action=wordfence_doScan&isFork=1&scanMode=standard&cronKey=b34022ce0f60fd412121fe7accd6dc7c&signature=1ac217fba958a5e9106c6274b99f2d9f751f2ea519179b037014fdf7633997a5 HTTP/1.1" 200 - "-" "WordPress/6.9.4; https://ideainitself.com"
216.73.217.60 - - [27/Apr/2026:16:30:57 +0000] "GET /a-simple-primer-to-the-pomodoro-technique/ HTTP/1.1" 200 57461 "-" "Mozilla/5.0 AppleWebKit/537.36 (KHTML, like Gecko; compatible; ClaudeBot/1.0; +claudebot@anthropic.com)"
184.94.212.206 - - [27/Apr/2026:16:32:51 +0000] "POST /wp-cron.php?doing_wp_cron=1777307571.5176870822906494140625 HTTP/1.1" 200 - "-" "WordPress/6.9.4; https://ideainitself.com"
192.0.103.42 - - [27/Apr/2026:16:32:49 +0000] "HEAD / HTTP/1.1" 200 - "-" "jetmon/1.0 (Jetpack Site Uptime Monitor by WordPress.com)"
216.73.217.60 - - [27/Apr/2026:16:33:23 +0000] "GET /tag/stress/ HTTP/1.1" 200 49925 "-" "Mozilla/5.0 AppleWebKit/537.36 (KHTML, like Gecko; compatible; ClaudeBot/1.0; +claudebot@anthropic.com)"
216.73.217.60 - - [27/Apr/2026:16:36:18 +0000] "GET /sitemap.xml HTTP/1.1" 200 246 "-" "Mozilla/5.0 AppleWebKit/537.36 (KHTML, like Gecko; compatible; ClaudeBot/1.0; +claudebot@anthropic.com)"
184.94.212.206 - - [27/Apr/2026:16:36:44 +0000] "POST /wp-cron.php?doing_wp_cron=1777307804.4089810848236083984375 HTTP/1.1" 200 - "-" "WordPress/6.9.4; https://ideainitself.com"
103.8.27.27 - - [27/Apr/2026:16:36:42 +0000] "GET /dashboard/.env HTTP/1.1" 301 - "-" "Mozilla/5.0 (X11; Linux x86_64)"
103.8.27.27 - - [27/Apr/2026:16:36:42 +0000] "GET /login/.env HTTP/1.1" 404 144329 "-" "Mozilla/5.0 (X11; Linux x86_64)"
103.8.27.27 - - [27/Apr/2026:16:36:45 +0000] "GET /dashboard/.env HTTP/1.1" 404 144333 "https://www.ideainitself.com/dashboard/.env" "Mozilla/5.0 (X11; Linux x86_64)"
192.0.103.42 - - [27/Apr/2026:16:37:48 +0000] "HEAD / HTTP/1.1" 200 - "-" "jetmon/1.0 (Jetpack Site Uptime Monitor by WordPress.com)"
184.94.212.206 - - [27/Apr/2026:16:42:52 +0000] "POST /wp-cron.php?doing_wp_cron=1777308172.1101319789886474609375 HTTP/1.1" 200 - "-" "WordPress/6.9.4; https://ideainitself.com"
192.0.103.42 - - [27/Apr/2026:16:42:50 +0000] "HEAD / HTTP/1.1" 200 - "-" "jetmon/1.0 (Jetpack Site Uptime Monitor by WordPress.com)"
91.92.242.223 - - [27/Apr/2026:16:42:54 +0000] "POST /wp-login.php?action=register HTTP/1.1" 500 188 "-" "-"
184.94.212.206 - - [27/Apr/2026:16:45:36 +0000] "POST /wp-cron.php?doing_wp_cron=1777308336.2153019905090332031250 HTTP/1.1" 200 - "-" "WordPress/6.9.4; https://ideainitself.com"
114.119.131.211 - - [27/Apr/2026:16:45:34 +0000] "GET /how-taking-breaks-helps-us-be-more-productive?share=x HTTP/1.1" 302 - "https://ideainitself.com/how-taking-breaks-helps-us-be-more-productive" "Mozilla/5.0 (Linux; Android 7.0;) AppleWebKit/537.36 (HTML, like Gecko) Mobile Safari/537.36 (compatible; PetalBot;+https://webmaster.petalsearch.com/site/petalbot)"
91.92.242.223 - - [27/Apr/2026:16:47:07 +0000] "POST /wp-login.php?action=register HTTP/1.1" 500 188 "-" "-"
184.94.212.206 - - [27/Apr/2026:16:47:51 +0000] "POST /wp-cron.php?doing_wp_cron=1777308471.2759931087493896484375 HTTP/1.1" 200 - "-" "WordPress/6.9.4; https://ideainitself.com"
192.0.103.42 - - [27/Apr/2026:16:47:50 +0000] "HEAD / HTTP/1.1" 200 - "-" "jetmon/1.0 (Jetpack Site Uptime Monitor by WordPress.com)"
184.94.212.206 - - [27/Apr/2026:16:52:49 +0000] "POST /wp-cron.php?doing_wp_cron=1777308769.7433118820190429687500 HTTP/1.1" 200 - "-" "WordPress/6.9.4; https://ideainitself.com"
192.0.103.42 - - [27/Apr/2026:16:52:48 +0000] "HEAD / HTTP/1.1" 200 - "-" "jetmon/1.0 (Jetpack Site Uptime Monitor by WordPress.com)"
66.249.66.160 - - [27/Apr/2026:16:54:12 +0000] "GET /ads.txt HTTP/1.1" 200 58 "-" "Google-adstxt"
184.94.212.206 - - [27/Apr/2026:16:57:51 +0000] "POST /wp-cron.php?doing_wp_cron=1777309071.8705270290374755859375 HTTP/1.1" 200 - "-" "WordPress/6.9.4; https://ideainitself.com"
192.0.103.42 - - [27/Apr/2026:16:57:50 +0000] "HEAD / HTTP/1.1" 200 - "-" "jetmon/1.0 (Jetpack Site Uptime Monitor by WordPress.com)"
74.7.175.189 - - [27/Apr/2026:16:59:06 +0000] "GET /robots.txt HTTP/1.1" 200 115 "-" "Mozilla/5.0 (Macintosh; Intel Mac OS X 10_15_7) AppleWebKit/537.36 (KHTML, like Gecko) Chrome/131.0.0.0 Safari/537.36; compatible; OAI-SearchBot/1.3; robots.txt; +https://openai.com/searchbot"
184.94.212.206 - - [27/Apr/2026:17:01:32 +0000] "POST /wp-cron.php?doing_wp_cron=1777309292.8017919063568115234375 HTTP/1.1" 200 - "-" "WordPress/6.9.4; https://ideainitself.com"
192.175.111.249 - - [27/Apr/2026:17:01:31 +0000] "GET / HTTP/1.1" 200 52156 "-" "Mozilla/5.0 (Windows NT 10.0; Win64; x64) AppleWebKit/537.36 (KHTML, like Gecko) Chrome/146.0.0.0 Safari/537.36"
114.119.146.114 - - [27/Apr/2026:17:02:14 +0000] "GET /how-taking-breaks-helps-us-be-more-productive?share=pocket HTTP/1.1" 301 - "https://ideainitself.com/how-taking-breaks-helps-us-be-more-productive" "Mozilla/5.0 (Linux; Android 7.0;) AppleWebKit/537.36 (HTML, like Gecko) Mobile Safari/537.36 (compatible; PetalBot;+https://webmaster.petalsearch.com/site/petalbot)"
114.119.146.114 - - [27/Apr/2026:17:02:16 +0000] "GET /how-taking-breaks-helps-us-be-more-productive/?share=pocket HTTP/1.1" 200 57208 "https://ideainitself.com/how-taking-breaks-helps-us-be-more-productive" "Mozilla/5.0 (Linux; Android 7.0;) AppleWebKit/537.36 (HTML, like Gecko) Mobile Safari/537.36 (compatible; PetalBot;+https://webmaster.petalsearch.com/site/petalbot)"
192.0.103.42 - - [27/Apr/2026:17:02:50 +0000] "HEAD / HTTP/1.1" 200 - "-" "jetmon/1.0 (Jetpack Site Uptime Monitor by WordPress.com)"
91.92.242.223 - - [27/Apr/2026:17:06:46 +0000] "POST /wp-login.php?action=register HTTP/1.1" 500 188 "-" "-"
184.94.212.206 - - [27/Apr/2026:17:07:49 +0000] "POST /wp-cron.php?doing_wp_cron=1777309669.0279719829559326171875 HTTP/1.1" 200 - "-" "WordPress/6.9.4; https://ideainitself.com"
192.0.103.42 - - [27/Apr/2026:17:07:47 +0000] "HEAD / HTTP/1.1" 200 - "-" "jetmon/1.0 (Jetpack Site Uptime Monitor by WordPress.com)"
184.94.212.206 - - [27/Apr/2026:17:10:55 +0000] "POST /wp-cron.php?doing_wp_cron=1777309855.5115180015563964843750 HTTP/1.1" 200 - "-" "WordPress/6.9.4; https://ideainitself.com"
150.228.104.222 - - [27/Apr/2026:17:10:53 +0000] "GET /a-simple-primer-to-the-pomodoro-technique/ HTTP/1.1" 200 57460 "-" "Mozilla/5.0 (compatible; MSIE 5.0; Windows NT 10.0; Trident/3.0)"
47.128.52.129 - - [27/Apr/2026:17:11:54 +0000] "GET / HTTP/1.1" 200 52058 "-" "Mozilla/5.0 (Linux; Android 5.0) AppleWebKit/537.36 (KHTML, like Gecko) Mobile Safari/537.36 (compatible; Bytespider; spider-feedback@bytedance.com)"
47.128.52.129 - - [27/Apr/2026:17:11:56 +0000] "GET /wp-content/plugins/contact-form-7/includes/css/styles.css?ver=6.1.5 HTTP/1.1" 200 1031 "https://ideainitself.com/" "Mozilla/5.0 (Linux; Android 5.0) AppleWebKit/537.36 (KHTML, like Gecko) Mobile Safari/537.36 (compatible; Bytespider; spider-feedback@bytedance.com)"
47.128.52.129 - - [27/Apr/2026:17:11:57 +0000] "GET /wp-content/themes/generatepress/assets/css/main.min.css?ver=3.6.1 HTTP/1.1" 200 4675 "https://ideainitself.com/" "Mozilla/5.0 (Linux; Android 5.0) AppleWebKit/537.36 (KHTML, like Gecko) Mobile Safari/537.36 (compatible; Bytespider; spider-feedback@bytedance.com)"
47.128.52.129 - - [27/Apr/2026:17:11:57 +0000] "GET /wp-content/plugins/contact-form-7/modules/stripe/style.css?ver=6.1.5 HTTP/1.1" 200 192 "https://ideainitself.com/" "Mozilla/5.0 (Linux; Android 5.0) AppleWebKit/537.36 (KHTML, like Gecko) Mobile Safari/537.36 (compatible; Bytespider; spider-feedback@bytedance.com)"
47.128.110.69 - - [27/Apr/2026:17:12:24 +0000] "GET / HTTP/1.1" 200 52058 "-" "Mozilla/5.0 (Linux; Android 5.0) AppleWebKit/537.36 (KHTML, like Gecko) Mobile Safari/537.36 (compatible; TikTokSpider; ttspider-feedback@tiktok.com)"
192.0.103.42 - - [27/Apr/2026:17:12:50 +0000] "HEAD / HTTP/1.1" 200 - "-" "jetmon/1.0 (Jetpack Site Uptime Monitor by WordPress.com)"
91.92.242.223 - - [27/Apr/2026:17:14:31 +0000] "POST /wp-login.php?action=register HTTP/1.1" 500 188 "-" "-"
184.94.212.206 - - [27/Apr/2026:17:17:52 +0000] "POST /wp-cron.php?doing_wp_cron=1777310272.2787890434265136718750 HTTP/1.1" 200 - "-" "WordPress/6.9.4; https://ideainitself.com"
192.0.103.42 - - [27/Apr/2026:17:17:50 +0000] "HEAD / HTTP/1.1" 200 - "-" "jetmon/1.0 (Jetpack Site Uptime Monitor by WordPress.com)"
114.119.146.215 - - [27/Apr/2026:17:18:57 +0000] "GET /how-taking-breaks-helps-us-be-more-productive?share=mastodon HTTP/1.1" 301 - "https://ideainitself.com/how-taking-breaks-helps-us-be-more-productive" "Mozilla/5.0 (Linux; Android 7.0;) AppleWebKit/537.36 (HTML, like Gecko) Mobile Safari/537.36 (compatible; PetalBot;+https://webmaster.petalsearch.com/site/petalbot)"
114.119.146.215 - - [27/Apr/2026:17:18:59 +0000] "GET /how-taking-breaks-helps-us-be-more-productive/?share=mastodon HTTP/1.1" 200 57199 "https://ideainitself.com/how-taking-breaks-helps-us-be-more-productive" "Mozilla/5.0 (Linux; Android 7.0;) AppleWebKit/537.36 (HTML, like Gecko) Mobile Safari/537.36 (compatible; PetalBot;+https://webmaster.petalsearch.com/site/petalbot)"
184.94.212.206 - - [27/Apr/2026:17:22:17 +0000] "POST /wp-cron.php?doing_wp_cron=1777310537.5312759876251220703125 HTTP/1.1" 200 - "-" "WordPress/6.9.4; https://ideainitself.com"
85.208.96.202 - - [27/Apr/2026:17:22:15 +0000] "GET /robots.txt HTTP/1.1" 403 143 "-" "Mozilla/5.0 (compatible; SemrushBot/7~bl; +http://www.semrush.com/bot.html)"
185.191.171.16 - - [27/Apr/2026:17:22:18 +0000] "GET /services/ HTTP/1.1" 200 47612 "-" "Mozilla/5.0 (compatible; SemrushBot/7~bl; +http://www.semrush.com/bot.html)"
192.0.103.42 - - [27/Apr/2026:17:22:48 +0000] "HEAD / HTTP/1.1" 200 - "-" "jetmon/1.0 (Jetpack Site Uptime Monitor by WordPress.com)"
91.92.242.223 - - [27/Apr/2026:17:25:28 +0000] "POST /wp-login.php?action=register HTTP/1.1" 500 188 "-" "-"
184.94.212.206 - - [27/Apr/2026:17:27:51 +0000] "POST /wp-cron.php?doing_wp_cron=1777310871.6523818969726562500000 HTTP/1.1" 200 - "-" "WordPress/6.9.4; https://ideainitself.com"
