209.87.169.33 - - [28/Apr/2026:04:54:25 +0000] "POST /wp-login.php HTTP/1.1" 401 3402 "-" "Mozilla/5.0"
138.219.120.188 - - [28/Apr/2026:04:57:30 +0000] "GET / HTTP/1.1" 200 171621 "-" "Mozilla/5.0 (Windows NT 10.0; Win64; x64) AppleWebKit/537.36 (KHTML, like Gecko) Chrome/118.0.0.0 Safari/537.36"
192.0.103.42 - - [28/Apr/2026:04:57:47 +0000] "HEAD / HTTP/1.1" 200 - "-" "jetmon/1.0 (Jetpack Site Uptime Monitor by WordPress.com)"
91.92.242.223 - - [28/Apr/2026:04:58:40 +0000] "POST /wp-login.php?action=register HTTP/1.1" 500 188 "-" "-"
184.94.212.206 - - [28/Apr/2026:05:02:47 +0000] "POST /wp-cron.php?doing_wp_cron=1777352567.5495929718017578125000 HTTP/1.1" 200 - "-" "WordPress/6.9.4; https://ideainitself.com"
47.128.51.92 - - [28/Apr/2026:05:02:45 +0000] "GET /tools/best-ai-tools-for-productivity-in-2026-work-smarter-not-harder/ HTTP/1.1" 200 56303 "-" "Mozilla/5.0 (Linux; Android 5.0) AppleWebKit/537.36 (KHTML, like Gecko) Mobile Safari/537.36 (compatible; Bytespider; spider-feedback@bytedance.com)"
192.0.103.42 - - [28/Apr/2026:05:02:48 +0000] "HEAD / HTTP/1.1" 200 - "-" "jetmon/1.0 (Jetpack Site Uptime Monitor by WordPress.com)"
103.69.113.211 - - [28/Apr/2026:05:03:52 +0000] "GET /why-does-the-pomodoro-technique-work-so-well/ HTTP/1.1" 200 57513 "-" "Mozilla/5.0 (Macintosh; Intel Mac OS X 10_15_7) AppleWebKit/537.36 (KHTML, like Gecko) Chrome/131.0.0.0 Safari/537.36"
209.87.169.31 - - [28/Apr/2026:05:04:14 +0000] "POST /wp-login.php HTTP/1.1" 401 3403 "-" "Mozilla/5.0"
34.228.219.188 - - [28/Apr/2026:05:05:52 +0000] "GET /ads.txt HTTP/1.1" 200 58 "-" "Mozilla/5.0 (Windows NT 10.0; Win64; x64) AppleWebKit/537.36 (KHTML, like Gecko) Chrome/124.0.0.0 Safari/537.36"
184.94.212.206 - - [28/Apr/2026:05:07:48 +0000] "POST /wp-cron.php?doing_wp_cron=1777352868.2712650299072265625000 HTTP/1.1" 200 - "-" "WordPress/6.9.4; https://ideainitself.com"
192.0.103.42 - - [28/Apr/2026:05:07:46 +0000] "HEAD / HTTP/1.1" 200 - "-" "jetmon/1.0 (Jetpack Site Uptime Monitor by WordPress.com)"
184.94.212.206 - - [28/Apr/2026:05:09:43 +0000] "POST /wp-cron.php?doing_wp_cron=1777352983.6802909374237060546875 HTTP/1.1" 200 - "-" "WordPress/6.9.4; https://ideainitself.com"
185.24.60.92 - - [28/Apr/2026:05:09:41 +0000] "GET /three-benefits-of-working-in-short-bursts/ HTTP/1.1" 200 57420 "-" "Mozilla/5.0 (X11; Linux i686) AppleWebKit/534.2 (KHTML, like Gecko) Chrome/17.0.842.0 Safari/534.2"
14.168.52.129 - - [28/Apr/2026:05:09:42 +0000] "GET /author/n1ch3p4cks/ HTTP/1.1" 200 53295 "-" "Mozilla/5.0 (Windows; U; Windows NT 4.0) AppleWebKit/535.8.1 (KHTML, like Gecko) Version/4.1 Safari/535.8.1"
57.141.18.55 - - [28/Apr/2026:05:10:22 +0000] "GET /cropped-onaolapo-adeyemi-profile-picture-jpg/ HTTP/1.1" 301 - "-" "meta-externalagent/1.1 (+https://developers.facebook.com/docs/sharing/webmasters/crawler)"
192.0.103.42 - - [28/Apr/2026:05:12:46 +0000] "HEAD / HTTP/1.1" 200 - "-" "jetmon/1.0 (Jetpack Site Uptime Monitor by WordPress.com)"
91.92.242.223 - - [28/Apr/2026:05:13:16 +0000] "POST /wp-login.php?action=register HTTP/1.1" 500 188 "-" "-"
209.87.169.60 - - [28/Apr/2026:05:14:01 +0000] "POST /wp-login.php HTTP/1.1" 401 3402 "-" "Mozilla/5.0"
184.94.212.206 - - [28/Apr/2026:05:17:47 +0000] "POST /wp-cron.php?doing_wp_cron=1777353467.8251030445098876953125 HTTP/1.1" 200 - "-" "WordPress/6.9.4; https://ideainitself.com"
192.0.103.42 - - [28/Apr/2026:05:17:46 +0000] "HEAD / HTTP/1.1" 200 - "-" "jetmon/1.0 (Jetpack Site Uptime Monitor by WordPress.com)"
91.92.242.223 - - [28/Apr/2026:05:22:22 +0000] "POST /wp-login.php?action=register HTTP/1.1" 500 188 "-" "-"
184.94.212.206 - - [28/Apr/2026:05:22:47 +0000] "POST /wp-cron.php?doing_wp_cron=1777353767.0359699726104736328125 HTTP/1.1" 200 - "-" "WordPress/6.9.4; https://ideainitself.com"
192.0.103.42 - - [28/Apr/2026:05:22:45 +0000] "HEAD / HTTP/1.1" 200 - "-" "jetmon/1.0 (Jetpack Site Uptime Monitor by WordPress.com)"
209.87.169.212 - - [28/Apr/2026:05:23:47 +0000] "POST /wp-login.php HTTP/1.1" 401 3402 "-" "Mozilla/5.0"
40.77.167.254 - - [28/Apr/2026:05:24:12 +0000] "GET /sitemap.xml HTTP/1.1" 200 246 "-" "Mozilla/5.0 AppleWebKit/537.36 (KHTML, like Gecko; compatible; bingbot/2.0; +http://www.bing.com/bingbot.htm) Chrome/116.0.1938.76 Safari/537.36"
184.94.212.206 - - [28/Apr/2026:05:27:50 +0000] "POST /wp-cron.php?doing_wp_cron=1777354070.1633410453796386718750 HTTP/1.1" 200 - "-" "WordPress/6.9.4; https://ideainitself.com"
192.0.103.42 - - [28/Apr/2026:05:27:48 +0000] "HEAD / HTTP/1.1" 200 - "-" "jetmon/1.0 (Jetpack Site Uptime Monitor by WordPress.com)"
43.159.128.247 - - [28/Apr/2026:05:28:04 +0000] "GET / HTTP/1.1" 200 52057 "http://ideainitself.com" "Mozilla/5.0 (iPhone; CPU iPhone OS 13_2_3 like Mac OS X) AppleWebKit/605.1.15 (KHTML, like Gecko) Version/13.0.3 Mobile/15E148 Safari/604.1"
184.94.212.206 - - [28/Apr/2026:05:32:49 +0000] "POST /wp-cron.php?doing_wp_cron=1777354369.2716639041900634765625 HTTP/1.1" 200 - "-" "WordPress/6.9.4; https://ideainitself.com"
192.0.103.42 - - [28/Apr/2026:05:32:47 +0000] "HEAD / HTTP/1.1" 200 - "-" "jetmon/1.0 (Jetpack Site Uptime Monitor by WordPress.com)"
185.198.240.182 - - [28/Apr/2026:05:33:27 +0000] "POST /wp-login.php HTTP/1.1" 401 3403 "-" "Mozilla/5.0"
91.92.242.223 - - [28/Apr/2026:05:33:37 +0000] "POST /wp-login.php?action=register HTTP/1.1" 500 188 "-" "-"
184.94.212.206 - - [28/Apr/2026:05:37:47 +0000] "POST /wp-cron.php?doing_wp_cron=1777354667.3881840705871582031250 HTTP/1.1" 200 - "-" "WordPress/6.9.4; https://ideainitself.com"
192.0.103.42 - - [28/Apr/2026:05:37:45 +0000] "HEAD / HTTP/1.1" 200 - "-" "jetmon/1.0 (Jetpack Site Uptime Monitor by WordPress.com)"
4.193.118.98 - - [28/Apr/2026:05:38:37 +0000] "GET /.tmb/cloud.php HTTP/1.1" 404 45062 "-" "Mozilla/5.0 (Windows NT 10.0; Win64; x64) AppleWebKit/537.36 (KHTML, like Gecko) Chrome/120.0.0.0 Safari/537.36"
4.193.118.98 - - [28/Apr/2026:05:38:39 +0000] "GET /.well-known/ HTTP/1.1" 404 45064 "-" "Mozilla/5.0 (Windows NT 10.0; Win64; x64) AppleWebKit/537.36 (KHTML, like Gecko) Chrome/120.0.0.0 Safari/537.36"
4.193.118.98 - - [28/Apr/2026:05:38:40 +0000] "GET /.well-known/acme-challenge/index.php HTTP/1.1" 301 - "-" "Mozilla/5.0 (Windows NT 10.0; Win64; x64) AppleWebKit/537.36 (KHTML, like Gecko) Chrome/120.0.0.0 Safari/537.36"
4.193.118.98 - - [28/Apr/2026:05:38:42 +0000] "GET /.well-known/autoload_classmap.php HTTP/1.1" 404 45075 "-" "Mozilla/5.0 (Windows NT 10.0; Win64; x64) AppleWebKit/537.36 (KHTML, like Gecko) Chrome/120.0.0.0 Safari/537.36"
4.193.118.98 - - [28/Apr/2026:05:38:43 +0000] "GET /.well-known/pki-validation/ HTTP/1.1" 404 45074 "-" "Mozilla/5.0 (Windows NT 10.0; Win64; x64) AppleWebKit/537.36 (KHTML, like Gecko) Chrome/120.0.0.0 Safari/537.36"
4.193.118.98 - - [28/Apr/2026:05:38:45 +0000] "GET /.well-known/pki-validation/about.php HTTP/1.1" 404 45078 "-" "Mozilla/5.0 (Windows NT 10.0; Win64; x64) AppleWebKit/537.36 (KHTML, like Gecko) Chrome/120.0.0.0 Safari/537.36"
4.193.118.98 - - [28/Apr/2026:05:38:46 +0000] "GET //wp-2019.php HTTP/1.1" 301 - "-" "Mozilla/5.0 (Windows NT 10.0; Win64; x64) AppleWebKit/537.36 (KHTML, like Gecko) Chrome/120.0.0.0 Safari/537.36"
4.193.118.98 - - [28/Apr/2026:05:38:47 +0000] "GET //wp-content/themes/about.php HTTP/1.1" 301 - "-" "Mozilla/5.0 (Windows NT 10.0; Win64; x64) AppleWebKit/537.36 (KHTML, like Gecko) Chrome/120.0.0.0 Safari/537.36"
4.193.118.98 - - [28/Apr/2026:05:38:48 +0000] "GET /0.php HTTP/1.1" 404 45056 "-" "Mozilla/5.0 (Windows NT 10.0; Win64; x64) AppleWebKit/537.36 (KHTML, like Gecko) Chrome/120.0.0.0 Safari/537.36"
4.193.118.98 - - [28/Apr/2026:05:38:50 +0000] "GET /1.php HTTP/1.1" 404 45056 "-" "Mozilla/5.0 (Windows NT 10.0; Win64; x64) AppleWebKit/537.36 (KHTML, like Gecko) Chrome/120.0.0.0 Safari/537.36"
4.193.118.98 - - [28/Apr/2026:05:38:51 +0000] "GET /12.php HTTP/1.1" 404 45057 "-" "Mozilla/5.0 (Windows NT 10.0; Win64; x64) AppleWebKit/537.36 (KHTML, like Gecko) Chrome/120.0.0.0 Safari/537.36"
4.193.118.98 - - [28/Apr/2026:05:38:53 +0000] "GET /120f9.php HTTP/1.1" 404 45059 "-" "Mozilla/5.0 (Windows NT 10.0; Win64; x64) AppleWebKit/537.36 (KHTML, like Gecko) Chrome/120.0.0.0 Safari/537.36"
4.193.118.98 - - [28/Apr/2026:05:38:54 +0000] "GET /22.php HTTP/1.1" 404 45057 "-" "Mozilla/5.0 (Windows NT 10.0; Win64; x64) AppleWebKit/537.36 (KHTML, like Gecko) Chrome/120.0.0.0 Safari/537.36"
4.193.118.98 - - [28/Apr/2026:05:38:56 +0000] "GET /403.php HTTP/1.1" 404 45058 "-" "Mozilla/5.0 (Windows NT 10.0; Win64; x64) AppleWebKit/537.36 (KHTML, like Gecko) Chrome/120.0.0.0 Safari/537.36"
4.193.118.98 - - [28/Apr/2026:05:38:58 +0000] "GET /504.php HTTP/1.1" 404 45058 "-" "Mozilla/5.0 (Windows NT 10.0; Win64; x64) AppleWebKit/537.36 (KHTML, like Gecko) Chrome/120.0.0.0 Safari/537.36"
4.193.118.98 - - [28/Apr/2026:05:38:59 +0000] "GET /GOD.php HTTP/1.1" 404 45058 "-" "Mozilla/5.0 (Windows NT 10.0; Win64; x64) AppleWebKit/537.36 (KHTML, like Gecko) Chrome/120.0.0.0 Safari/537.36"
4.193.118.98 - - [28/Apr/2026:05:39:01 +0000] "GET /NewFile.php HTTP/1.1" 404 45062 "-" "Mozilla/5.0 (Windows NT 10.0; Win64; x64) AppleWebKit/537.36 (KHTML, like Gecko) Chrome/120.0.0.0 Safari/537.36"
4.193.118.98 - - [28/Apr/2026:05:39:03 +0000] "GET /aaa.php HTTP/1.1" 404 45057 "-" "Mozilla/5.0 (Windows NT 10.0; Win64; x64) AppleWebKit/537.36 (KHTML, like Gecko) Chrome/120.0.0.0 Safari/537.36"
4.193.118.98 - - [28/Apr/2026:05:39:05 +0000] "GET /ab.php HTTP/1.1" 404 45057 "-" "Mozilla/5.0 (Windows NT 10.0; Win64; x64) AppleWebKit/537.36 (KHTML, like Gecko) Chrome/120.0.0.0 Safari/537.36"
4.193.118.98 - - [28/Apr/2026:05:39:06 +0000] "GET /about/function.php HTTP/1.1" 404 45061 "-" "Mozilla/5.0 (Windows NT 10.0; Win64; x64) AppleWebKit/537.36 (KHTML, like Gecko) Chrome/120.0.0.0 Safari/537.36"
4.193.118.98 - - [28/Apr/2026:05:39:08 +0000] "GET /admin/function.php HTTP/1.1" 404 45060 "-" "Mozilla/5.0 (Windows NT 10.0; Win64; x64) AppleWebKit/537.36 (KHTML, like Gecko) Chrome/120.0.0.0 Safari/537.36"
4.193.118.98 - - [28/Apr/2026:05:39:09 +0000] "GET /admin/index_upload.php HTTP/1.1" 404 45064 "-" "Mozilla/5.0 (Windows NT 10.0; Win64; x64) AppleWebKit/537.36 (KHTML, like Gecko) Chrome/120.0.0.0 Safari/537.36"
4.193.118.98 - - [28/Apr/2026:05:39:11 +0000] "GET /al.php HTTP/1.1" 404 45057 "-" "Mozilla/5.0 (Windows NT 10.0; Win64; x64) AppleWebKit/537.36 (KHTML, like Gecko) Chrome/120.0.0.0 Safari/537.36"
4.193.118.98 - - [28/Apr/2026:05:39:13 +0000] "GET /alfa-rex.php HTTP/1.1" 404 45061 "-" "Mozilla/5.0 (Windows NT 10.0; Win64; x64) AppleWebKit/537.36 (KHTML, like Gecko) Chrome/120.0.0.0 Safari/537.36"
4.193.118.98 - - [28/Apr/2026:05:39:14 +0000] "GET /alfanew.PHP7 HTTP/1.1" 404 45065 "-" "Mozilla/5.0 (Windows NT 10.0; Win64; x64) AppleWebKit/537.36 (KHTML, like Gecko) Chrome/120.0.0.0 Safari/537.36"
4.193.118.98 - - [28/Apr/2026:05:39:16 +0000] "GET /alfanew.php HTTP/1.1" 404 45061 "-" "Mozilla/5.0 (Windows NT 10.0; Win64; x64) AppleWebKit/537.36 (KHTML, like Gecko) Chrome/120.0.0.0 Safari/537.36"
4.193.118.98 - - [28/Apr/2026:05:39:18 +0000] "GET /auth.php HTTP/1.1" 404 45058 "-" "Mozilla/5.0 (Windows NT 10.0; Win64; x64) AppleWebKit/537.36 (KHTML, like Gecko) Chrome/120.0.0.0 Safari/537.36"
4.193.118.98 - - [28/Apr/2026:05:39:19 +0000] "GET /b.php HTTP/1.1" 404 45056 "-" "Mozilla/5.0 (Windows NT 10.0; Win64; x64) AppleWebKit/537.36 (KHTML, like Gecko) Chrome/120.0.0.0 Safari/537.36"
4.193.118.98 - - [28/Apr/2026:05:39:20 +0000] "GET /b0.php HTTP/1.1" 404 45057 "-" "Mozilla/5.0 (Windows NT 10.0; Win64; x64) AppleWebKit/537.36 (KHTML, like Gecko) Chrome/120.0.0.0 Safari/537.36"
4.193.118.98 - - [28/Apr/2026:05:39:22 +0000] "GET /back.php HTTP/1.1" 404 45057 "-" "Mozilla/5.0 (Windows NT 10.0; Win64; x64) AppleWebKit/537.36 (KHTML, like Gecko) Chrome/120.0.0.0 Safari/537.36"
4.193.118.98 - - [28/Apr/2026:05:39:24 +0000] "GET /bala.php HTTP/1.1" 404 45058 "-" "Mozilla/5.0 (Windows NT 10.0; Win64; x64) AppleWebKit/537.36 (KHTML, like Gecko) Chrome/120.0.0.0 Safari/537.36"
4.193.118.98 - - [28/Apr/2026:05:39:25 +0000] "GET /baxa1.php HTTP/1.1" 404 45059 "-" "Mozilla/5.0 (Windows NT 10.0; Win64; x64) AppleWebKit/537.36 (KHTML, like Gecko) Chrome/120.0.0.0 Safari/537.36"
184.94.212.206 - - [28/Apr/2026:05:39:28 +0000] "POST /wp-cron.php?doing_wp_cron=1777354768.4575500488281250000000 HTTP/1.1" 200 - "-" "WordPress/6.9.4; https://ideainitself.com"
4.193.118.98 - - [28/Apr/2026:05:39:27 +0000] "GET /buy.php HTTP/1.1" 404 45058 "-" "Mozilla/5.0 (Windows NT 10.0; Win64; x64) AppleWebKit/537.36 (KHTML, like Gecko) Chrome/120.0.0.0 Safari/537.36"
4.193.118.98 - - [28/Apr/2026:05:39:29 +0000] "GET /byp.php HTTP/1.1" 404 45058 "-" "Mozilla/5.0 (Windows NT 10.0; Win64; x64) AppleWebKit/537.36 (KHTML, like Gecko) Chrome/120.0.0.0 Safari/537.36"
4.193.118.98 - - [28/Apr/2026:05:39:30 +0000] "GET /c.php HTTP/1.1" 404 45056 "-" "Mozilla/5.0 (Windows NT 10.0; Win64; x64) AppleWebKit/537.36 (KHTML, like Gecko) Chrome/120.0.0.0 Safari/537.36"
4.193.118.98 - - [28/Apr/2026:05:39:32 +0000] "GET /c99.php? HTTP/1.1" 404 45059 "-" "Mozilla/5.0 (Windows NT 10.0; Win64; x64) AppleWebKit/537.36 (KHTML, like Gecko) Chrome/120.0.0.0 Safari/537.36"
4.193.118.98 - - [28/Apr/2026:05:39:33 +0000] "GET /chosen.php HTTP/1.1" 404 45060 "-" "Mozilla/5.0 (Windows NT 10.0; Win64; x64) AppleWebKit/537.36 (KHTML, like Gecko) Chrome/120.0.0.0 Safari/537.36"
4.193.118.98 - - [28/Apr/2026:05:39:35 +0000] "GET /class-wp-lock.php HTTP/1.1" 404 45062 "-" "Mozilla/5.0 (Windows NT 10.0; Win64; x64) AppleWebKit/537.36 (KHTML, like Gecko) Chrome/120.0.0.0 Safari/537.36"
4.193.118.98 - - [28/Apr/2026:05:39:36 +0000] "GET /cong.php HTTP/1.1" 404 45058 "-" "Mozilla/5.0 (Windows NT 10.0; Win64; x64) AppleWebKit/537.36 (KHTML, like Gecko) Chrome/120.0.0.0 Safari/537.36"
4.193.118.98 - - [28/Apr/2026:05:39:38 +0000] "GET /content.php HTTP/1.1" 404 45058 "-" "Mozilla/5.0 (Windows NT 10.0; Win64; x64) AppleWebKit/537.36 (KHTML, like Gecko) Chrome/120.0.0.0 Safari/537.36"
4.193.118.98 - - [28/Apr/2026:05:39:39 +0000] "GET /control.php HTTP/1.1" 404 45058 "-" "Mozilla/5.0 (Windows NT 10.0; Win64; x64) AppleWebKit/537.36 (KHTML, like Gecko) Chrome/120.0.0.0 Safari/537.36"
4.193.118.98 - - [28/Apr/2026:05:39:41 +0000] "GET /cookie.php HTTP/1.1" 404 45057 "-" "Mozilla/5.0 (Windows NT 10.0; Win64; x64) AppleWebKit/537.36 (KHTML, like Gecko) Chrome/120.0.0.0 Safari/537.36"
4.193.118.98 - - [28/Apr/2026:05:39:42 +0000] "GET /credits.php HTTP/1.1" 404 45059 "-" "Mozilla/5.0 (Windows NT 10.0; Win64; x64) AppleWebKit/537.36 (KHTML, like Gecko) Chrome/120.0.0.0 Safari/537.36"
4.193.118.98 - - [28/Apr/2026:05:39:44 +0000] "GET /cron.php HTTP/1.1" 404 45058 "-" "Mozilla/5.0 (Windows NT 10.0; Win64; x64) AppleWebKit/537.36 (KHTML, like Gecko) Chrome/120.0.0.0 Safari/537.36"
4.193.118.98 - - [28/Apr/2026:05:39:45 +0000] "GET /css.php HTTP/1.1" 404 45058 "-" "Mozilla/5.0 (Windows NT 10.0; Win64; x64) AppleWebKit/537.36 (KHTML, like Gecko) Chrome/120.0.0.0 Safari/537.36"
4.193.118.98 - - [28/Apr/2026:05:39:47 +0000] "GET /css/autoload_classmap.php HTTP/1.1" 404 45068 "-" "Mozilla/5.0 (Windows NT 10.0; Win64; x64) AppleWebKit/537.36 (KHTML, like Gecko) Chrome/120.0.0.0 Safari/537.36"
4.193.118.98 - - [28/Apr/2026:05:39:48 +0000] "GET /data.php HTTP/1.1" 404 45057 "-" "Mozilla/5.0 (Windows NT 10.0; Win64; x64) AppleWebKit/537.36 (KHTML, like Gecko) Chrome/120.0.0.0 Safari/537.36"
4.193.118.98 - - [28/Apr/2026:05:39:50 +0000] "GET /disagreed.php HTTP/1.1" 404 45062 "-" "Mozilla/5.0 (Windows NT 10.0; Win64; x64) AppleWebKit/537.36 (KHTML, like Gecko) Chrome/120.0.0.0 Safari/537.36"
4.193.118.98 - - [28/Apr/2026:05:39:51 +0000] "GET /doc.php HTTP/1.1" 404 45057 "-" "Mozilla/5.0 (Windows NT 10.0; Win64; x64) AppleWebKit/537.36 (KHTML, like Gecko) Chrome/120.0.0.0 Safari/537.36"
4.193.118.98 - - [28/Apr/2026:05:39:53 +0000] "GET /dropdown.php HTTP/1.1" 404 45058 "-" "Mozilla/5.0 (Windows NT 10.0; Win64; x64) AppleWebKit/537.36 (KHTML, like Gecko) Chrome/120.0.0.0 Safari/537.36"
4.193.118.98 - - [28/Apr/2026:05:39:55 +0000] "GET /ds.php HTTP/1.1" 404 45057 "-" "Mozilla/5.0 (Windows NT 10.0; Win64; x64) AppleWebKit/537.36 (KHTML, like Gecko) Chrome/120.0.0.0 Safari/537.36"
4.193.118.98 - - [28/Apr/2026:05:39:57 +0000] "GET /ee.php HTTP/1.1" 404 45057 "-" "Mozilla/5.0 (Windows NT 10.0; Win64; x64) AppleWebKit/537.36 (KHTML, like Gecko) Chrome/120.0.0.0 Safari/537.36"
4.193.118.98 - - [28/Apr/2026:05:39:58 +0000] "GET /en.php HTTP/1.1" 404 45057 "-" "Mozilla/5.0 (Windows NT 10.0; Win64; x64) AppleWebKit/537.36 (KHTML, like Gecko) Chrome/120.0.0.0 Safari/537.36"
4.193.118.98 - - [28/Apr/2026:05:40:00 +0000] "GET /error.php HTTP/1.1" 404 45057 "-" "Mozilla/5.0 (Windows NT 10.0; Win64; x64) AppleWebKit/537.36 (KHTML, like Gecko) Chrome/120.0.0.0 Safari/537.36"
4.193.118.98 - - [28/Apr/2026:05:40:01 +0000] "GET /f35.php HTTP/1.1" 404 45058 "-" "Mozilla/5.0 (Windows NT 10.0; Win64; x64) AppleWebKit/537.36 (KHTML, like Gecko) Chrome/120.0.0.0 Safari/537.36"
4.193.118.98 - - [28/Apr/2026:05:40:03 +0000] "GET /favicon.php HTTP/1.1" 404 45060 "-" "Mozilla/5.0 (Windows NT 10.0; Win64; x64) AppleWebKit/537.36 (KHTML, like Gecko) Chrome/120.0.0.0 Safari/537.36"
4.193.118.98 - - [28/Apr/2026:05:40:05 +0000] "GET /feeds.php HTTP/1.1" 404 45059 "-" "Mozilla/5.0 (Windows NT 10.0; Win64; x64) AppleWebKit/537.36 (KHTML, like Gecko) Chrome/120.0.0.0 Safari/537.36"
4.193.118.98 - - [28/Apr/2026:05:40:06 +0000] "GET /files.php HTTP/1.1" 404 45058 "-" "Mozilla/5.0 (Windows NT 10.0; Win64; x64) AppleWebKit/537.36 (KHTML, like Gecko) Chrome/120.0.0.0 Safari/537.36"
4.193.118.98 - - [28/Apr/2026:05:40:08 +0000] "GET /files/autoload_classmap.php HTTP/1.1" 404 45069 "-" "Mozilla/5.0 (Windows NT 10.0; Win64; x64) AppleWebKit/537.36 (KHTML, like Gecko) Chrome/120.0.0.0 Safari/537.36"
4.193.118.98 - - [28/Apr/2026:05:40:09 +0000] "GET /flower.php HTTP/1.1" 404 45062 "-" "Mozilla/5.0 (Windows NT 10.0; Win64; x64) AppleWebKit/537.36 (KHTML, like Gecko) Chrome/120.0.0.0 Safari/537.36"
4.193.118.98 - - [28/Apr/2026:05:40:11 +0000] "GET /function.php HTTP/1.1" 404 45058 "-" "Mozilla/5.0 (Windows NT 10.0; Win64; x64) AppleWebKit/537.36 (KHTML, like Gecko) Chrome/120.0.0.0 Safari/537.36"
91.92.242.223 - - [28/Apr/2026:05:40:08 +0000] "POST /wp-login.php?action=register HTTP/1.1" 500 188 "-" "-"
4.193.118.98 - - [28/Apr/2026:05:40:13 +0000] "GET /functions.php HTTP/1.1" 404 45059 "-" "Mozilla/5.0 (Windows NT 10.0; Win64; x64) AppleWebKit/537.36 (KHTML, like Gecko) Chrome/120.0.0.0 Safari/537.36"
4.193.118.98 - - [28/Apr/2026:05:40:14 +0000] "GET /gecko-new.php HTTP/1.1" 404 45063 "-" "Mozilla/5.0 (Windows NT 10.0; Win64; x64) AppleWebKit/537.36 (KHTML, like Gecko) Chrome/120.0.0.0 Safari/537.36"
4.193.118.98 - - [28/Apr/2026:05:40:16 +0000] "GET /ggfi.php HTTP/1.1" 404 45059 "-" "Mozilla/5.0 (Windows NT 10.0; Win64; x64) AppleWebKit/537.36 (KHTML, like Gecko) Chrome/120.0.0.0 Safari/537.36"
4.193.118.98 - - [28/Apr/2026:05:40:18 +0000] "GET /gzak2w.php HTTP/1.1" 404 45061 "-" "Mozilla/5.0 (Windows NT 10.0; Win64; x64) AppleWebKit/537.36 (KHTML, like Gecko) Chrome/120.0.0.0 Safari/537.36"
4.193.118.98 - - [28/Apr/2026:05:40:19 +0000] "GET /hehe.php HTTP/1.1" 404 45058 "-" "Mozilla/5.0 (Windows NT 10.0; Win64; x64) AppleWebKit/537.36 (KHTML, like Gecko) Chrome/120.0.0.0 Safari/537.36"
4.193.118.98 - - [28/Apr/2026:05:40:21 +0000] "GET /hehehehe.php HTTP/1.1" 404 45059 "-" "Mozilla/5.0 (Windows NT 10.0; Win64; x64) AppleWebKit/537.36 (KHTML, like Gecko) Chrome/120.0.0.0 Safari/537.36"
4.193.118.98 - - [28/Apr/2026:05:40:22 +0000] "GET /help.php HTTP/1.1" 404 45058 "-" "Mozilla/5.0 (Windows NT 10.0; Win64; x64) AppleWebKit/537.36 (KHTML, like Gecko) Chrome/120.0.0.0 Safari/537.36"
4.193.118.98 - - [28/Apr/2026:05:40:24 +0000] "GET /images/wp-login.php HTTP/1.1" 404 45059 "-" "Mozilla/5.0 (Windows NT 10.0; Win64; x64) AppleWebKit/537.36 (KHTML, like Gecko) Chrome/120.0.0.0 Safari/537.36"
4.193.118.98 - - [28/Apr/2026:05:40:25 +0000] "GET /index.php HTTP/1.1" 301 - "-" "Mozilla/5.0 (Windows NT 10.0; Win64; x64) AppleWebKit/537.36 (KHTML, like Gecko) Chrome/120.0.0.0 Safari/537.36"
4.193.118.98 - - [28/Apr/2026:05:40:26 +0000] "GET /index/function.php HTTP/1.1" 404 45061 "-" "Mozilla/5.0 (Windows NT 10.0; Win64; x64) AppleWebKit/537.36 (KHTML, like Gecko) Chrome/120.0.0.0 Safari/537.36"
4.193.118.98 - - [28/Apr/2026:05:40:28 +0000] "GET /install.php HTTP/1.1" 404 45057 "-" "Mozilla/5.0 (Windows NT 10.0; Win64; x64) AppleWebKit/537.36 (KHTML, like Gecko) Chrome/120.0.0.0 Safari/537.36"
4.193.118.98 - - [28/Apr/2026:05:40:29 +0000] "GET /jp.php HTTP/1.1" 404 45057 "-" "Mozilla/5.0 (Windows NT 10.0; Win64; x64) AppleWebKit/537.36 (KHTML, like Gecko) Chrome/120.0.0.0 Safari/537.36"
4.193.118.98 - - [28/Apr/2026:05:40:31 +0000] "GET /mah/function.php HTTP/1.1" 404 45061 "-" "Mozilla/5.0 (Windows NT 10.0; Win64; x64) AppleWebKit/537.36 (KHTML, like Gecko) Chrome/120.0.0.0 Safari/537.36"
4.193.118.98 - - [28/Apr/2026:05:40:32 +0000] "GET /meta.php HTTP/1.1" 404 45058 "-" "Mozilla/5.0 (Windows NT 10.0; Win64; x64) AppleWebKit/537.36 (KHTML, like Gecko) Chrome/120.0.0.0 Safari/537.36"
4.193.118.98 - - [28/Apr/2026:05:40:34 +0000] "GET /moon.php HTTP/1.1" 404 45058 "-" "Mozilla/5.0 (Windows NT 10.0; Win64; x64) AppleWebKit/537.36 (KHTML, like Gecko) Chrome/120.0.0.0 Safari/537.36"
4.193.118.98 - - [28/Apr/2026:05:40:35 +0000] "GET /new.php HTTP/1.1" 404 45058 "-" "Mozilla/5.0 (Windows NT 10.0; Win64; x64) AppleWebKit/537.36 (KHTML, like Gecko) Chrome/120.0.0.0 Safari/537.36"
4.193.118.98 - - [28/Apr/2026:05:40:37 +0000] "GET /ova.php HTTP/1.1" 404 45058 "-" "Mozilla/5.0 (Windows NT 10.0; Win64; x64) AppleWebKit/537.36 (KHTML, like Gecko) Chrome/120.0.0.0 Safari/537.36"
4.193.118.98 - - [28/Apr/2026:05:40:38 +0000] "GET /print/bkindex.php HTTP/1.1" 404 45062 "-" "Mozilla/5.0 (Windows NT 10.0; Win64; x64) AppleWebKit/537.36 (KHTML, like Gecko) Chrome/120.0.0.0 Safari/537.36"
4.193.118.98 - - [28/Apr/2026:05:40:40 +0000] "GET /radio.php HTTP/1.1" 404 45059 "-" "Mozilla/5.0 (Windows NT 10.0; Win64; x64) AppleWebKit/537.36 (KHTML, like Gecko) Chrome/120.0.0.0 Safari/537.36"
4.193.118.98 - - [28/Apr/2026:05:40:41 +0000] "GET /randkeyword.php HTTP/1.1" 404 45062 "-" "Mozilla/5.0 (Windows NT 10.0; Win64; x64) AppleWebKit/537.36 (KHTML, like Gecko) Chrome/120.0.0.0 Safari/537.36"
4.193.118.98 - - [28/Apr/2026:05:40:43 +0000] "GET /room.php HTTP/1.1" 404 45058 "-" "Mozilla/5.0 (Windows NT 10.0; Win64; x64) AppleWebKit/537.36 (KHTML, like Gecko) Chrome/120.0.0.0 Safari/537.36"
4.193.118.98 - - [28/Apr/2026:05:40:44 +0000] "GET /sad/about.php HTTP/1.1" 404 45060 "-" "Mozilla/5.0 (Windows NT 10.0; Win64; x64) AppleWebKit/537.36 (KHTML, like Gecko) Chrome/120.0.0.0 Safari/537.36"
4.193.118.98 - - [28/Apr/2026:05:40:46 +0000] "GET /sim.php/wp-includes/certificates/plugins.php HTTP/1.1" 404 45074 "-" "Mozilla/5.0 (Windows NT 10.0; Win64; x64) AppleWebKit/537.36 (KHTML, like Gecko) Chrome/120.0.0.0 Safari/537.36"
4.193.118.98 - - [28/Apr/2026:05:40:48 +0000] "GET /simple.php HTTP/1.1" 404 45058 "-" "Mozilla/5.0 (Windows NT 10.0; Win64; x64) AppleWebKit/537.36 (KHTML, like Gecko) Chrome/120.0.0.0 Safari/537.36"
4.193.118.98 - - [28/Apr/2026:05:40:49 +0000] "GET /templates/beez3/1.php HTTP/1.1" 404 45069 "-" "Mozilla/5.0 (Windows NT 10.0; Win64; x64) AppleWebKit/537.36 (KHTML, like Gecko) Chrome/120.0.0.0 Safari/537.36"
4.193.118.98 - - [28/Apr/2026:05:40:51 +0000] "GET /templates/beez3/index.php HTTP/1.1" 301 - "-" "Mozilla/5.0 (Windows NT 10.0; Win64; x64) AppleWebKit/537.36 (KHTML, like Gecko) Chrome/120.0.0.0 Safari/537.36"
192.0.103.42 - - [28/Apr/2026:05:42:47 +0000] "HEAD / HTTP/1.1" 200 - "-" "jetmon/1.0 (Jetpack Site Uptime Monitor by WordPress.com)"
209.87.169.49 - - [28/Apr/2026:05:43:03 +0000] "POST /wp-login.php HTTP/1.1" 401 3402 "-" "Mozilla/5.0"
165.22.185.43 - - [28/Apr/2026:05:44:00 +0000] "GET /how-working-20-minutes-at-a-time-can-change-your-life/busy17 HTTP/1.1" 301 - "https://ideainitself.com/" "Mozilla/5.0 (Windows NT 10.0; Win64; x64) AppleWebKit/537.36 (KHTML, like Gecko) Chrome/112.0.0.0 Safari/537.36"
165.22.185.43 - - [28/Apr/2026:05:44:03 +0000] "GET /wp-content/uploads/2021/10/busy17.jpg HTTP/1.1" 200 34624 "https://ideainitself.com/" "Mozilla/5.0 (Windows NT 10.0; Win64; x64) AppleWebKit/537.36 (KHTML, like Gecko) Chrome/112.0.0.0 Safari/537.36"
184.94.212.206 - - [28/Apr/2026:05:47:49 +0000] "POST /wp-cron.php?doing_wp_cron=1777355269.3412420749664306640625 HTTP/1.1" 200 - "-" "WordPress/6.9.4; https://ideainitself.com"
192.0.103.42 - - [28/Apr/2026:05:47:47 +0000] "HEAD / HTTP/1.1" 200 - "-" "jetmon/1.0 (Jetpack Site Uptime Monitor by WordPress.com)"
216.73.217.60 - - [28/Apr/2026:05:52:11 +0000] "GET /robots.txt HTTP/1.1" 200 115 "-" "Mozilla/5.0 AppleWebKit/537.36 (KHTML, like Gecko; compatible; ClaudeBot/1.0; +claudebot@anthropic.com)"
216.73.217.60 - - [28/Apr/2026:05:52:11 +0000] "GET /sitemap.xml HTTP/1.1" 200 246 "-" "Mozilla/5.0 AppleWebKit/537.36 (KHTML, like Gecko; compatible; ClaudeBot/1.0; +claudebot@anthropic.com)"
184.94.212.206 - - [28/Apr/2026:05:52:48 +0000] "POST /wp-cron.php?doing_wp_cron=1777355568.3381218910217285156250 HTTP/1.1" 200 - "-" "WordPress/6.9.4; https://ideainitself.com"
192.0.103.42 - - [28/Apr/2026:05:52:46 +0000] "HEAD / HTTP/1.1" 200 - "-" "jetmon/1.0 (Jetpack Site Uptime Monitor by WordPress.com)"
209.87.169.246 - - [28/Apr/2026:05:52:46 +0000] "POST /wp-login.php HTTP/1.1" 401 3403 "-" "Mozilla/5.0"
106.76.200.105 - - [28/Apr/2026:05:52:49 +0000] "GET /category/productivity/ HTTP/1.1" 200 52428 "-" "Opera/8.39.(X11; Linux i686; lt-LT) Presto/2.9.184 Version/12.00"
91.92.242.223 - - [28/Apr/2026:05:57:12 +0000] "POST /wp-login.php?action=register HTTP/1.1" 500 188 "-" "-"
184.94.212.206 - - [28/Apr/2026:05:57:48 +0000] "POST /wp-cron.php?doing_wp_cron=1777355868.6971731185913085937500 HTTP/1.1" 200 - "-" "WordPress/6.9.4; https://ideainitself.com"
192.0.103.42 - - [28/Apr/2026:05:57:47 +0000] "HEAD / HTTP/1.1" 200 - "-" "jetmon/1.0 (Jetpack Site Uptime Monitor by WordPress.com)"
184.94.212.206 - - [28/Apr/2026:06:02:30 +0000] "POST /wp-cron.php?doing_wp_cron=1777356150.3255860805511474609375 HTTP/1.1" 200 - "-" "WordPress/6.9.4; https://ideainitself.com"
209.87.169.35 - - [28/Apr/2026:06:02:27 +0000] "POST /wp-login.php HTTP/1.1" 401 3403 "-" "Mozilla/5.0"
192.0.103.42 - - [28/Apr/2026:06:02:47 +0000] "HEAD / HTTP/1.1" 200 - "-" "jetmon/1.0 (Jetpack Site Uptime Monitor by WordPress.com)"
91.92.242.223 - - [28/Apr/2026:06:06:06 +0000] "POST /wp-login.php?action=register HTTP/1.1" 500 188 "-" "-"
52.167.144.191 - - [28/Apr/2026:06:06:17 +0000] "GET /sitemap.xml HTTP/1.1" 200 246 "-" "Mozilla/5.0 AppleWebKit/537.36 (KHTML, like Gecko; compatible; bingbot/2.0; +http://www.bing.com/bingbot.htm) Chrome/116.0.1938.76 Safari/537.36"
184.94.212.206 - - [28/Apr/2026:06:07:33 +0000] "POST /wp-cron.php?doing_wp_cron=1777356453.4926319122314453125000 HTTP/1.1" 200 - "-" "WordPress/6.9.4; https://ideainitself.com"
66.132.172.182 - - [28/Apr/2026:06:07:31 +0000] "GET / HTTP/1.1" 301 - "-" "Mozilla/5.0 (compatible; CensysInspect/1.1; +https://about.censys.io/)"
192.0.103.42 - - [28/Apr/2026:06:07:45 +0000] "HEAD / HTTP/1.1" 200 - "-" "jetmon/1.0 (Jetpack Site Uptime Monitor by WordPress.com)"
184.94.212.206 - - [28/Apr/2026:06:12:09 +0000] "POST /wp-cron.php?doing_wp_cron=1777356729.5073471069335937500000 HTTP/1.1" 200 - "-" "WordPress/6.9.4; https://ideainitself.com"
209.87.169.30 - - [28/Apr/2026:06:12:07 +0000] "POST /wp-login.php HTTP/1.1" 401 3404 "-" "Mozilla/5.0"
192.0.103.42 - - [28/Apr/2026:06:12:48 +0000] "HEAD / HTTP/1.1" 200 - "-" "jetmon/1.0 (Jetpack Site Uptime Monitor by WordPress.com)"
91.92.242.223 - - [28/Apr/2026:06:12:59 +0000] "POST /wp-login.php?action=register HTTP/1.1" 500 188 "-" "-"
184.94.212.206 - - [28/Apr/2026:06:17:50 +0000] "POST /wp-cron.php?doing_wp_cron=1777357070.0543789863586425781250 HTTP/1.1" 200 - "-" "WordPress/6.9.4; https://ideainitself.com"
192.0.103.42 - - [28/Apr/2026:06:17:48 +0000] "HEAD / HTTP/1.1" 200 - "-" "jetmon/1.0 (Jetpack Site Uptime Monitor by WordPress.com)"
184.94.212.206 - - [28/Apr/2026:06:21:46 +0000] "POST /wp-cron.php?doing_wp_cron=1777357306.6834800243377685546875 HTTP/1.1" 200 - "-" "WordPress/6.9.4; https://ideainitself.com"
209.87.169.56 - - [28/Apr/2026:06:21:44 +0000] "POST /wp-login.php HTTP/1.1" 401 3402 "-" "Mozilla/5.0"
192.0.103.42 - - [28/Apr/2026:06:22:45 +0000] "HEAD / HTTP/1.1" 200 - "-" "jetmon/1.0 (Jetpack Site Uptime Monitor by WordPress.com)"
57.141.18.97 - - [28/Apr/2026:06:23:30 +0000] "GET /sitemap-1.xml HTTP/1.1" 200 3861 "-" "meta-externalagent/1.1 (+https://developers.facebook.com/docs/sharing/webmasters/crawler)"
91.92.242.223 - - [28/Apr/2026:06:27:25 +0000] "POST /wp-login.php?action=register HTTP/1.1" 500 188 "-" "-"
184.94.212.206 - - [28/Apr/2026:06:27:49 +0000] "POST /wp-cron.php?doing_wp_cron=1777357669.3479640483856201171875 HTTP/1.1" 200 - "-" "WordPress/6.9.4; https://ideainitself.com"
192.0.103.42 - - [28/Apr/2026:06:27:48 +0000] "HEAD / HTTP/1.1" 200 - "-" "jetmon/1.0 (Jetpack Site Uptime Monitor by WordPress.com)"
209.87.169.67 - - [28/Apr/2026:06:31:18 +0000] "POST /wp-login.php HTTP/1.1" 401 3402 "-" "Mozilla/5.0"
34.228.219.188 - - [28/Apr/2026:06:31:47 +0000] "GET /ads.txt HTTP/1.1" 200 58 "-" "Mozilla/5.0 (Windows NT 10.0; Win64; x64) AppleWebKit/537.36 (KHTML, like Gecko) Chrome/124.0.0.0 Safari/537.36"
192.0.103.42 - - [28/Apr/2026:06:32:47 +0000] "HEAD / HTTP/1.1" 200 - "-" "jetmon/1.0 (Jetpack Site Uptime Monitor by WordPress.com)"
91.92.242.223 - - [28/Apr/2026:06:37:17 +0000] "POST /wp-login.php?action=register HTTP/1.1" 500 188 "-" "-"
184.94.212.206 - - [28/Apr/2026:06:37:47 +0000] "POST /wp-cron.php?doing_wp_cron=1777358267.0131449699401855468750 HTTP/1.1" 200 - "-" "WordPress/6.9.4; https://ideainitself.com"
192.0.103.42 - - [28/Apr/2026:06:37:45 +0000] "HEAD / HTTP/1.1" 200 - "-" "jetmon/1.0 (Jetpack Site Uptime Monitor by WordPress.com)"
184.94.212.206 - - [28/Apr/2026:06:40:54 +0000] "POST /wp-cron.php?doing_wp_cron=1777358454.8541469573974609375000 HTTP/1.1" 200 - "-" "WordPress/6.9.4; https://ideainitself.com"
209.87.169.251 - - [28/Apr/2026:06:40:52 +0000] "POST /wp-login.php HTTP/1.1" 401 3402 "-" "Mozilla/5.0"
192.0.103.42 - - [28/Apr/2026:06:42:47 +0000] "HEAD / HTTP/1.1" 200 - "-" "jetmon/1.0 (Jetpack Site Uptime Monitor by WordPress.com)"
184.94.212.206 - - [28/Apr/2026:06:47:09 +0000] "POST /wp-cron.php?doing_wp_cron=1777358829.5007541179656982421875 HTTP/1.1" 200 - "-" "WordPress/6.9.4; https://ideainitself.com"
57.141.18.90 - - [28/Apr/2026:06:47:07 +0000] "GET /news-sitemap.xml HTTP/1.1" 200 556 "-" "meta-externalagent/1.1 (+https://developers.facebook.com/docs/sharing/webmasters/crawler)"
192.0.103.42 - - [28/Apr/2026:06:47:47 +0000] "HEAD / HTTP/1.1" 200 - "-" "jetmon/1.0 (Jetpack Site Uptime Monitor by WordPress.com)"
184.94.212.206 - - [28/Apr/2026:06:50:08 +0000] "POST /wp-cron.php?doing_wp_cron=1777359008.5890688896179199218750 HTTP/1.1" 200 - "-" "WordPress/6.9.4; https://ideainitself.com"
137.184.139.55 - - [28/Apr/2026:06:50:06 +0000] "GET /the-3-secrets-of-productivity/busy17/ HTTP/1.1" 301 - "https://ideainitself.com/" "Mozilla/5.0 (Windows NT 10.0; Win64; x64) AppleWebKit/537.36 (KHTML, like Gecko) Chrome/103.0.0.0 Safari/537.36"
137.184.139.55 - - [28/Apr/2026:06:50:10 +0000] "GET /wp-content/uploads/2021/10/busy17.jpg HTTP/1.1" 200 34624 "https://ideainitself.com/" "Mozilla/5.0 (Windows NT 10.0; Win64; x64) AppleWebKit/537.36 (KHTML, like Gecko) Chrome/103.0.0.0 Safari/537.36"
91.92.242.223 - - [28/Apr/2026:06:50:20 +0000] "POST /wp-login.php?action=register HTTP/1.1" 500 188 "-" "-"
209.87.169.32 - - [28/Apr/2026:06:50:22 +0000] "POST /wp-login.php HTTP/1.1" 401 3402 "-" "Mozilla/5.0"
17.246.19.229 - - [28/Apr/2026:06:51:35 +0000] "GET /robots.txt HTTP/1.1" 200 115 "-" "Mozilla/5.0 (Macintosh; Intel Mac OS X 10_15_7) AppleWebKit/605.1.15 (KHTML, like Gecko) Version/17.4 Safari/605.1.15 (Applebot/0.1; +http://www.apple.com/go/applebot)"
17.246.19.229 - - [28/Apr/2026:06:51:36 +0000] "GET /the-3-secrets-of-productivity/ HTTP/1.1" 200 57038 "-" "Mozilla/5.0 (Macintosh; Intel Mac OS X 10_15_7) AppleWebKit/605.1.15 (KHTML, like Gecko) Version/17.4 Safari/605.1.15 (Applebot/0.1; +http://www.apple.com/go/applebot)"
184.94.212.206 - - [28/Apr/2026:06:52:47 +0000] "POST /wp-cron.php?doing_wp_cron=1777359167.4341790676116943359375 HTTP/1.1" 200 - "-" "WordPress/6.9.4; https://ideainitself.com"
192.0.103.42 - - [28/Apr/2026:06:52:45 +0000] "HEAD / HTTP/1.1" 200 - "-" "jetmon/1.0 (Jetpack Site Uptime Monitor by WordPress.com)"
69.180.123.174 - - [28/Apr/2026:06:53:02 +0000] "GET /the-3-secrets-of-productivity/ HTTP/1.1" 200 57038 "-" "Mozilla/5.0 (Windows NT 10.0) AppleWebKit/535.1 (KHTML, like Gecko) Chrome/45.0.868.0 Safari/535.1"
17.246.19.37 - - [28/Apr/2026:06:57:16 +0000] "GET /wp-content/plugins/contact-form-7/modules/stripe/style.css?ver=6.1.5 HTTP/1.1" 200 192 "https://ideainitself.com/the-3-secrets-of-productivity/" "Mozilla/5.0 (Macintosh; Intel Mac OS X 10_15_7) AppleWebKit/605.1.15 (KHTML, like Gecko) Version/17.4 Safari/605.1.15 (Applebot/0.1; +http://www.apple.com/go/applebot)"
17.246.19.136 - - [28/Apr/2026:06:57:18 +0000] "GET /wp-content/themes/generatepress/assets/css/components/widget-areas.min.css?ver=3.6.1 HTTP/1.1" 200 693 "https://ideainitself.com/the-3-secrets-of-productivity/" "Mozilla/5.0 (Macintosh; Intel Mac OS X 10_15_7) AppleWebKit/605.1.15 (KHTML, like Gecko) Version/17.4 Safari/605.1.15 (Applebot/0.1; +http://www.apple.com/go/applebot)"
17.246.23.93 - - [28/Apr/2026:06:57:19 +0000] "GET /wp-content/plugins/contact-form-7/includes/css/styles.css?ver=6.1.5 HTTP/1.1" 200 1031 "https://ideainitself.com/the-3-secrets-of-productivity/" "Mozilla/5.0 (Macintosh; Intel Mac OS X 10_15_7) AppleWebKit/605.1.15 (KHTML, like Gecko) Version/17.4 Safari/605.1.15 (Applebot/0.1; +http://www.apple.com/go/applebot)"
17.246.19.177 - - [28/Apr/2026:06:57:21 +0000] "GET /wp-content/plugins/contact-form-7/includes/swv/js/index.js?ver=6.1.5 HTTP/1.1" 200 3503 "https://ideainitself.com/the-3-secrets-of-productivity/" "Mozilla/5.0 (Macintosh; Intel Mac OS X 10_15_7) AppleWebKit/605.1.15 (KHTML, like Gecko) Version/17.4 Safari/605.1.15 (Applebot/0.1; +http://www.apple.com/go/applebot)"
17.246.23.226 - - [28/Apr/2026:06:57:22 +0000] "GET /wp-content/themes/generatepress/assets/css/main.min.css?ver=3.6.1 HTTP/1.1" 200 4675 "https://ideainitself.com/the-3-secrets-of-productivity/" "Mozilla/5.0 (Macintosh; Intel Mac OS X 10_15_7) AppleWebKit/605.1.15 (KHTML, like Gecko) Version/17.4 Safari/605.1.15 (Applebot/0.1; +http://www.apple.com/go/applebot)"
17.246.19.144 - - [28/Apr/2026:06:57:24 +0000] "GET /wp-content/themes/generatepress/assets/css/components/comments.min.css?ver=3.6.1 HTTP/1.1" 200 576 "https://ideainitself.com/the-3-secrets-of-productivity/" "Mozilla/5.0 (Macintosh; Intel Mac OS X 10_15_7) AppleWebKit/605.1.15 (KHTML, like Gecko) Version/17.4 Safari/605.1.15 (Applebot/0.1; +http://www.apple.com/go/applebot)"
17.246.23.228 - - [28/Apr/2026:06:57:26 +0000] "GET /wp-content/plugins/contact-form-7/includes/js/index.js?ver=6.1.5 HTTP/1.1" 200 4265 "https://ideainitself.com/the-3-secrets-of-productivity/" "Mozilla/5.0 (Macintosh; Intel Mac OS X 10_15_7) AppleWebKit/605.1.15 (KHTML, like Gecko) Version/17.4 Safari/605.1.15 (Applebot/0.1; +http://www.apple.com/go/applebot)"
17.246.15.169 - - [28/Apr/2026:06:57:27 +0000] "GET /wp-content/plugins/contact-form-7/modules/stripe/index.js?ver=6.1.5 HTTP/1.1" 200 1278 "https://ideainitself.com/the-3-secrets-of-productivity/" "Mozilla/5.0 (Macintosh; Intel Mac OS X 10_15_7) AppleWebKit/605.1.15 (KHTML, like Gecko) Version/17.4 Safari/605.1.15 (Applebot/0.1; +http://www.apple.com/go/applebot)"
17.246.19.246 - - [28/Apr/2026:06:57:28 +0000] "GET /wp-content/themes/generatepress/assets/js/menu.min.js?ver=3.6.1 HTTP/1.1" 200 1836 "https://ideainitself.com/the-3-secrets-of-productivity/" "Mozilla/5.0 (Macintosh; Intel Mac OS X 10_15_7) AppleWebKit/605.1.15 (KHTML, like Gecko) Version/17.4 Safari/605.1.15 (Applebot/0.1; +http://www.apple.com/go/applebot)"
17.246.15.146 - - [28/Apr/2026:06:57:29 +0000] "GET /wp-content/plugins/google-site-kit/dist/assets/js/googlesitekit-consent-mode-bc2e26cfa69fcd4a8261.js HTTP/1.1" 200 25395 "https://ideainitself.com/the-3-secrets-of-productivity/" "Mozilla/5.0 (Macintosh; Intel Mac OS X 10_15_7) AppleWebKit/605.1.15 (KHTML, like Gecko) Version/17.4 Safari/605.1.15 (Applebot/0.1; +http://www.apple.com/go/applebot)"
17.246.19.183 - - [28/Apr/2026:06:57:30 +0000] "GET /wp-content/plugins/contact-form-7/modules/recaptcha/index.js?ver=6.1.5 HTTP/1.1" 200 483 "https://ideainitself.com/the-3-secrets-of-productivity/" "Mozilla/5.0 (Macintosh; Intel Mac OS X 10_15_7) AppleWebKit/605.1.15 (KHTML, like Gecko) Version/17.4 Safari/605.1.15 (Applebot/0.1; +http://www.apple.com/go/applebot)"
17.246.19.143 - - [28/Apr/2026:06:57:31 +0000] "GET /wp-content/plugins/wp-consent-api/assets/js/wp-consent-api.min.js?ver=2.0.1 HTTP/1.1" 200 822 "https://ideainitself.com/the-3-secrets-of-productivity/" "Mozilla/5.0 (Macintosh; Intel Mac OS X 10_15_7) AppleWebKit/605.1.15 (KHTML, like Gecko) Version/17.4 Safari/605.1.15 (Applebot/0.1; +http://www.apple.com/go/applebot)"
17.246.19.192 - - [28/Apr/2026:06:57:32 +0000] "GET /wp-content/plugins/jetpack/_inc/blocks/subscriptions/view.js?minify=false&ver=15.7.1 HTTP/1.1" 200 2286 "https://ideainitself.com/the-3-secrets-of-productivity/" "Mozilla/5.0 (Macintosh; Intel Mac OS X 10_15_7) AppleWebKit/605.1.15 (KHTML, like Gecko) Version/17.4 Safari/605.1.15 (Applebot/0.1; +http://www.apple.com/go/applebot)"
17.246.19.7 - - [28/Apr/2026:06:57:35 +0000] "GET /wp-includes/js/wp-emoji-release.min.js?ver=6.9.4 HTTP/1.1" 200 5375 "https://ideainitself.com/the-3-secrets-of-productivity/" "Mozilla/5.0 (Macintosh; Intel Mac OS X 10_15_7) AppleWebKit/605.1.15 (KHTML, like Gecko) Version/17.4 Safari/605.1.15 (Applebot/0.1; +http://www.apple.com/go/applebot)"
184.94.212.206 - - [28/Apr/2026:06:57:35 +0000] "POST /wp-cron.php?doing_wp_cron=1777359455.6538059711456298828125 HTTP/1.1" 200 - "-" "WordPress/6.9.4; https://ideainitself.com"
17.246.19.192 - - [28/Apr/2026:06:57:33 +0000] "GET /the-3-secrets-of-productivity/?relatedposts=1 HTTP/1.1" 200 1057 "https://ideainitself.com/the-3-secrets-of-productivity/" "Mozilla/5.0 (Macintosh; Intel Mac OS X 10_15_7) AppleWebKit/605.1.15 (KHTML, like Gecko) Version/17.4 Safari/605.1.15 (Applebot/0.1; +http://www.apple.com/go/applebot)"
192.0.103.42 - - [28/Apr/2026:06:57:49 +0000] "HEAD / HTTP/1.1" 200 - "-" "jetmon/1.0 (Jetpack Site Uptime Monitor by WordPress.com)"
184.94.212.206 - - [28/Apr/2026:06:59:56 +0000] "POST /wp-cron.php?doing_wp_cron=1777359596.1143229007720947265625 HTTP/1.1" 200 - "-" "WordPress/6.9.4; https://ideainitself.com"
209.87.169.223 - - [28/Apr/2026:06:59:53 +0000] "POST /wp-login.php HTTP/1.1" 401 3403 "-" "Mozilla/5.0"
192.0.103.42 - - [28/Apr/2026:07:02:47 +0000] "HEAD / HTTP/1.1" 200 - "-" "jetmon/1.0 (Jetpack Site Uptime Monitor by WordPress.com)"
91.92.242.223 - - [28/Apr/2026:07:05:18 +0000] "POST /wp-login.php?action=register HTTP/1.1" 500 188 "-" "-"
184.94.212.206 - - [28/Apr/2026:07:07:49 +0000] "POST /wp-cron.php?doing_wp_cron=1777360069.4935429096221923828125 HTTP/1.1" 200 - "-" "WordPress/6.9.4; https://ideainitself.com"
192.0.103.42 - - [28/Apr/2026:07:07:47 +0000] "HEAD / HTTP/1.1" 200 - "-" "jetmon/1.0 (Jetpack Site Uptime Monitor by WordPress.com)"
184.94.212.206 - - [28/Apr/2026:07:09:39 +0000] "POST /wp-cron.php?doing_wp_cron=1777360179.6728670597076416015625 HTTP/1.1" 200 - "-" "WordPress/6.9.4; https://ideainitself.com"
209.87.169.67 - - [28/Apr/2026:07:09:37 +0000] "POST /wp-login.php HTTP/1.1" 401 3402 "-" "Mozilla/5.0"
192.0.103.42 - - [28/Apr/2026:07:12:47 +0000] "HEAD / HTTP/1.1" 200 - "-" "jetmon/1.0 (Jetpack Site Uptime Monitor by WordPress.com)"
91.92.242.223 - - [28/Apr/2026:07:13:34 +0000] "POST /wp-login.php?action=register HTTP/1.1" 500 188 "-" "-"
184.94.212.206 - - [28/Apr/2026:07:17:53 +0000] "POST /wp-cron.php?doing_wp_cron=1777360673.1310749053955078125000 HTTP/1.1" 200 - "-" "WordPress/6.9.4; https://ideainitself.com"
192.0.103.42 - - [28/Apr/2026:07:17:46 +0000] "HEAD / HTTP/1.1" 200 - "-" "jetmon/1.0 (Jetpack Site Uptime Monitor by WordPress.com)"
97.217.179.58 - - [28/Apr/2026:07:18:00 +0000] "GET /the-burst-program/ HTTP/1.1" 301 - "-" "Mozilla/5.0 (Macintosh; Intel Mac OS X 10_15_7) AppleWebKit/537.36 (KHTML, like Gecko) Chrome/124.0.0.0 Safari/537.36"
97.217.179.58 - - [28/Apr/2026:07:18:01 +0000] "GET / HTTP/1.1" 200 52155 "-" "Mozilla/5.0 (Macintosh; Intel Mac OS X 10_15_7) AppleWebKit/537.36 (KHTML, like Gecko) Chrome/124.0.0.0 Safari/537.36"
43.157.148.38 - - [28/Apr/2026:07:18:46 +0000] "GET / HTTP/1.1" 200 52057 "http://www.ideainitself.com" "Mozilla/5.0 (iPhone; CPU iPhone OS 13_2_3 like Mac OS X) AppleWebKit/605.1.15 (KHTML, like Gecko) Version/13.0.3 Mobile/15E148 Safari/604.1"
202.47.188.184 - - [28/Apr/2026:07:18:53 +0000] "POST /wp-comments-post.php HTTP/1.1" 302 - "-" "Mozilla/5.0 (Windows NT 10.0; Win64; x64) AppleWebKit/537.36 (KHTML, like Gecko) Chrome/120.0.0.0 Safari/537.36"
184.94.212.206 - - [28/Apr/2026:07:18:54 +0000] "GET /wp-json/jetpack/v4/sync/spawn-sync?time=1777360734&request_lock_id=cadbe9df-3a29-4c90-90b4-9e626f553d38 HTTP/1.1" 200 37 "-" "WordPress/6.9.4; https://ideainitself.com"
202.47.188.184 - - [28/Apr/2026:07:18:56 +0000] "POST /wp-comments-post.php HTTP/1.1" 429 1090 "-" "Mozilla/5.0 (Windows NT 10.0; Win64; x64) AppleWebKit/537.36 (KHTML, like Gecko) Chrome/120.0.0.0 Safari/537.36"
202.47.188.184 - - [28/Apr/2026:07:18:58 +0000] "POST /wp-comments-post.php HTTP/1.1" 429 1090 "-" "Mozilla/5.0 (Windows NT 10.0; Win64; x64) AppleWebKit/537.36 (KHTML, like Gecko) Chrome/120.0.0.0 Safari/537.36"
202.47.188.184 - - [28/Apr/2026:07:19:01 +0000] "POST /wp-comments-post.php HTTP/1.1" 429 1090 "-" "Mozilla/5.0 (Windows NT 10.0; Win64; x64) AppleWebKit/537.36 (KHTML, like Gecko) Chrome/120.0.0.0 Safari/537.36"
202.47.188.184 - - [28/Apr/2026:07:19:03 +0000] "POST /wp-comments-post.php HTTP/1.1" 429 1090 "-" "Mozilla/5.0 (Windows NT 10.0; Win64; x64) AppleWebKit/537.36 (KHTML, like Gecko) Chrome/120.0.0.0 Safari/537.36"
202.47.188.184 - - [28/Apr/2026:07:19:05 +0000] "POST /wp-comments-post.php HTTP/1.1" 429 1090 "-" "Mozilla/5.0 (Windows NT 10.0; Win64; x64) AppleWebKit/537.36 (KHTML, like Gecko) Chrome/120.0.0.0 Safari/537.36"
202.47.188.184 - - [28/Apr/2026:07:19:07 +0000] "POST /wp-comments-post.php HTTP/1.1" 429 1090 "-" "Mozilla/5.0 (Windows NT 10.0; Win64; x64) AppleWebKit/537.36 (KHTML, like Gecko) Chrome/120.0.0.0 Safari/537.36"
202.47.188.184 - - [28/Apr/2026:07:19:09 +0000] "POST /wp-comments-post.php HTTP/1.1" 302 - "-" "Mozilla/5.0 (Windows NT 10.0; Win64; x64) AppleWebKit/537.36 (KHTML, like Gecko) Chrome/120.0.0.0 Safari/537.36"
184.94.212.206 - - [28/Apr/2026:07:19:10 +0000] "GET /wp-json/jetpack/v4/sync/spawn-sync?time=1777360750&request_lock_id=8669993d-ee56-4006-89f4-12355e201af5 HTTP/1.1" 200 37 "-" "WordPress/6.9.4; https://ideainitself.com"
202.47.188.184 - - [28/Apr/2026:07:19:12 +0000] "POST /wp-comments-post.php HTTP/1.1" 429 1090 "-" "Mozilla/5.0 (Windows NT 10.0; Win64; x64) AppleWebKit/537.36 (KHTML, like Gecko) Chrome/120.0.0.0 Safari/537.36"
202.47.188.184 - - [28/Apr/2026:07:19:17 +0000] "POST /wp-comments-post.php HTTP/1.1" 429 1090 "-" "Mozilla/5.0 (Windows NT 10.0; Win64; x64) AppleWebKit/537.36 (KHTML, like Gecko) Chrome/120.0.0.0 Safari/537.36"
185.198.240.182 - - [28/Apr/2026:07:19:18 +0000] "POST /wp-login.php HTTP/1.1" 401 3402 "-" "Mozilla/5.0"
192.0.103.42 - - [28/Apr/2026:07:22:44 +0000] "HEAD / HTTP/1.1" 200 - "-" "jetmon/1.0 (Jetpack Site Uptime Monitor by WordPress.com)"
91.92.242.223 - - [28/Apr/2026:07:26:08 +0000] "POST /wp-login.php?action=register HTTP/1.1" 500 188 "-" "-"
184.94.212.206 - - [28/Apr/2026:07:27:48 +0000] "POST /wp-cron.php?doing_wp_cron=1777361268.3079960346221923828125 HTTP/1.1" 200 - "-" "WordPress/6.9.4; https://ideainitself.com"
192.0.103.42 - - [28/Apr/2026:07:27:46 +0000] "HEAD / HTTP/1.1" 200 - "-" "jetmon/1.0 (Jetpack Site Uptime Monitor by WordPress.com)"
209.87.169.43 - - [28/Apr/2026:07:29:09 +0000] "POST /wp-login.php HTTP/1.1" 401 3402 "-" "Mozilla/5.0"
81.110.247.223 - - [28/Apr/2026:07:29:21 +0000] "GET /tag/military-discipline-productivity/ HTTP/1.1" 200 47766 "-" "Mozilla/5.0 (Windows NT 10.0; Win64; x64) AppleWebKit/537.36 (KHTML, like Gecko) Chrome/116.0.0.0 Safari/537.36"
184.94.212.206 - - [28/Apr/2026:07:32:48 +0000] "POST /wp-cron.php?doing_wp_cron=1777361568.3917698860168457031250 HTTP/1.1" 200 - "-" "WordPress/6.9.4; https://ideainitself.com"
192.0.103.42 - - [28/Apr/2026:07:32:46 +0000] "HEAD / HTTP/1.1" 200 - "-" "jetmon/1.0 (Jetpack Site Uptime Monitor by WordPress.com)"
184.94.212.206 - - [28/Apr/2026:07:37:46 +0000] "POST /wp-cron.php?doing_wp_cron=1777361866.7013928890228271484375 HTTP/1.1" 200 - "-" "WordPress/6.9.4; https://ideainitself.com"
192.0.103.42 - - [28/Apr/2026:07:37:45 +0000] "HEAD / HTTP/1.1" 200 - "-" "jetmon/1.0 (Jetpack Site Uptime Monitor by WordPress.com)"
209.87.169.39 - - [28/Apr/2026:07:39:02 +0000] "POST /wp-login.php HTTP/1.1" 401 3403 "-" "Mozilla/5.0"
91.92.242.223 - - [28/Apr/2026:07:41:00 +0000] "POST /wp-login.php?action=register HTTP/1.1" 500 188 "-" "-"
184.94.212.206 - - [28/Apr/2026:07:42:52 +0000] "POST /wp-cron.php?doing_wp_cron=1777362172.5045650005340576171875 HTTP/1.1" 200 - "-" "WordPress/6.9.4; https://ideainitself.com"
192.0.103.42 - - [28/Apr/2026:07:42:49 +0000] "HEAD / HTTP/1.1" 200 - "-" "jetmon/1.0 (Jetpack Site Uptime Monitor by WordPress.com)"
3.81.31.21 - - [28/Apr/2026:07:47:28 +0000] "GET /ads.txt HTTP/1.1" 200 58 "-" "Mozilla/5.0 (Windows NT 10.0; Win64; x64) AppleWebKit/537.36 (KHTML, like Gecko) Chrome/124.0.0.0 Safari/537.36"
91.92.242.223 - - [28/Apr/2026:07:48:50 +0000] "POST /wp-login.php?action=register HTTP/1.1" 500 2431 "-" "-"
209.87.169.51 - - [28/Apr/2026:07:48:49 +0000] "POST /wp-login.php HTTP/1.1" 500 2431 "-" "Mozilla/5.0"
184.94.212.206 - - [28/Apr/2026:07:49:56 +0000] "POST /wp-cron.php?doing_wp_cron=1777362596.1614699363708496093750 HTTP/1.1" 200 - "-" "WordPress/6.9.4; https://ideainitself.com"
54.217.201.243 - - [28/Apr/2026:07:49:38 +0000] "HEAD / HTTP/1.1" 200 - "-" "jetmon/1.0 (Jetpack Site Uptime Monitor by WordPress.com)"
122.248.245.244 - - [28/Apr/2026:07:49:42 +0000] "HEAD / HTTP/1.1" 200 - "-" "jetmon/1.0 (Jetpack Site Uptime Monitor by WordPress.com)"
192.0.103.42 - - [28/Apr/2026:07:49:12 +0000] "HEAD / HTTP/1.1" 200 - "-" "jetmon/1.0 (Jetpack Site Uptime Monitor by WordPress.com)"
54.232.116.4 - - [28/Apr/2026:07:49:38 +0000] "HEAD / HTTP/1.1" 200 - "-" "jetmon/1.0 (Jetpack Site Uptime Monitor by WordPress.com)"
184.94.212.206 - - [28/Apr/2026:07:52:46 +0000] "POST /wp-cron.php?doing_wp_cron=1777362766.5388178825378417968750 HTTP/1.1" 200 - "-" "WordPress/6.9.4; https://ideainitself.com"
192.0.103.42 - - [28/Apr/2026:07:52:44 +0000] "HEAD / HTTP/1.1" 200 - "-" "jetmon/1.0 (Jetpack Site Uptime Monitor by WordPress.com)"
184.94.212.206 - - [28/Apr/2026:07:57:47 +0000] "POST /wp-cron.php?doing_wp_cron=1777363067.6570410728454589843750 HTTP/1.1" 200 - "-" "WordPress/6.9.4; https://ideainitself.com"
192.0.103.42 - - [28/Apr/2026:07:57:46 +0000] "HEAD / HTTP/1.1" 200 - "-" "jetmon/1.0 (Jetpack Site Uptime Monitor by WordPress.com)"
185.198.240.182 - - [28/Apr/2026:07:58:26 +0000] "POST /wp-login.php HTTP/1.1" 401 3402 "-" "Mozilla/5.0"
143.198.47.126 - - [28/Apr/2026:08:02:12 +0000] "GET / HTTP/1.1" 401 53 "-" "Mozilla/5.0 (X11; Linux x86_64) AppleWebKit/537.36 (KHTML, like Gecko) Chrome/142.0.0.0 Safari/537.36"
143.198.47.126 - - [28/Apr/2026:08:02:14 +0000] "GET /favicon.ico HTTP/1.1" 401 53 "https://cpcalendars.ideainitself.com/" "Mozilla/5.0 (X11; Linux x86_64) AppleWebKit/537.36 (KHTML, like Gecko) Chrome/142.0.0.0 Safari/537.36"
184.94.212.206 - - [28/Apr/2026:08:02:47 +0000] "POST /wp-cron.php?doing_wp_cron=1777363367.0219459533691406250000 HTTP/1.1" 200 - "-" "WordPress/6.9.4; https://ideainitself.com"
192.0.103.42 - - [28/Apr/2026:08:02:45 +0000] "HEAD / HTTP/1.1" 200 - "-" "jetmon/1.0 (Jetpack Site Uptime Monitor by WordPress.com)"
91.92.242.223 - - [28/Apr/2026:08:03:10 +0000] "POST /wp-login.php?action=register HTTP/1.1" 500 188 "-" "-"
192.0.103.42 - - [28/Apr/2026:08:07:45 +0000] "HEAD / HTTP/1.1" 200 - "-" "jetmon/1.0 (Jetpack Site Uptime Monitor by WordPress.com)"
45.131.195.236 - - [28/Apr/2026:08:08:10 +0000] "POST /wp-login.php HTTP/1.1" 401 3403 "-" "Mozilla/5.0"
184.94.212.206 - - [28/Apr/2026:08:12:47 +0000] "POST /wp-cron.php?doing_wp_cron=1777363967.9370789527893066406250 HTTP/1.1" 200 - "-" "WordPress/6.9.4; https://ideainitself.com"
192.0.103.42 - - [28/Apr/2026:08:12:46 +0000] "HEAD / HTTP/1.1" 200 - "-" "jetmon/1.0 (Jetpack Site Uptime Monitor by WordPress.com)"
91.92.242.223 - - [28/Apr/2026:08:14:58 +0000] "POST /wp-login.php?action=register HTTP/1.1" 500 188 "-" "-"
184.94.212.206 - - [28/Apr/2026:08:17:48 +0000] "POST /wp-cron.php?doing_wp_cron=1777364268.7373731136322021484375 HTTP/1.1" 200 - "-" "WordPress/6.9.4; https://ideainitself.com"
192.0.103.42 - - [28/Apr/2026:08:17:47 +0000] "HEAD / HTTP/1.1" 200 - "-" "jetmon/1.0 (Jetpack Site Uptime Monitor by WordPress.com)"
114.119.159.148 - - [28/Apr/2026:08:18:12 +0000] "GET /why-does-the-pomodoro-technique-work-so-well?share=mastodon HTTP/1.1" 301 - "-" "Mozilla/5.0 (Linux; Android 7.0;) AppleWebKit/537.36 (HTML, like Gecko) Mobile Safari/537.36 (compatible; PetalBot;+https://webmaster.petalsearch.com/site/petalbot)"
