184.94.212.206 - - [27/Apr/2026:15:04:54 +0000] "GET /wp-admin/admin-ajax.php?action=wordfence_doScan&isFork=1&scanMode=standard&cronKey=d7754a770ef5f551ce9927c0488f9a36&signature=37e9b926260f02106a9316d1e2b509c1502e8b83cbefa79f8e46f88566e18f2c HTTP/1.1" 200 - "-" "WordPress/6.9.4; https://ideainitself.com"
184.94.212.206 - - [27/Apr/2026:15:05:59 +0000] "POST /wp-cron.php?doing_wp_cron=1777302359.7109980583190917968750 HTTP/1.1" 200 - "-" "WordPress/6.9.4; https://ideainitself.com"
184.94.212.206 - - [27/Apr/2026:15:05:26 +0000] "GET /wp-admin/admin-ajax.php?action=wordfence_doScan&isFork=1&scanMode=standard&cronKey=1ff9f9e84dd313529b6ab6cb419e04ba&signature=2a35b319530598f15ff902607b5e9dfd1b4ba1e92a111779ab42fc07299f22ea HTTP/1.1" 200 - "-" "WordPress/6.9.4; https://ideainitself.com"
184.94.212.206 - - [27/Apr/2026:15:05:58 +0000] "GET /wp-admin/admin-ajax.php?action=wordfence_doScan&isFork=1&scanMode=standard&cronKey=ca241f2708bdff68707028f695aa40a8&signature=02a09a7c4067e3477de17fc9de878f5c9ed429c912be117628b1dd8674348005 HTTP/1.1" 200 - "-" "WordPress/6.9.4; https://ideainitself.com"
184.94.212.206 - - [27/Apr/2026:15:07:05 +0000] "POST /wp-cron.php?doing_wp_cron=1777302425.3650269508361816406250 HTTP/1.1" 200 - "-" "WordPress/6.9.4; https://ideainitself.com"
184.94.212.206 - - [27/Apr/2026:15:06:31 +0000] "GET /wp-admin/admin-ajax.php?action=wordfence_doScan&isFork=1&scanMode=standard&cronKey=be87e5fc700fd4294822a7cc00d041ef&signature=164534ffcf51ee0b4ded6aa9da42c8aa97f107916142362b04fb8d701ae155c1 HTTP/1.1" 200 - "-" "WordPress/6.9.4; https://ideainitself.com"
184.94.212.206 - - [27/Apr/2026:15:07:37 +0000] "POST /wp-cron.php?doing_wp_cron=1777302457.5000910758972167968750 HTTP/1.1" 200 - "-" "WordPress/6.9.4; https://ideainitself.com"
184.94.212.206 - - [27/Apr/2026:15:07:04 +0000] "GET /wp-admin/admin-ajax.php?action=wordfence_doScan&isFork=1&scanMode=standard&cronKey=6113b0030b92a7155f45ed844aa15c87&signature=a0534778904e871fc83c245d98006240fa751dbca67258638baafb09a17b0771 HTTP/1.1" 200 - "-" "WordPress/6.9.4; https://ideainitself.com"
184.94.212.206 - - [27/Apr/2026:15:07:48 +0000] "POST /wp-cron.php?doing_wp_cron=1777302468.3609929084777832031250 HTTP/1.1" 200 - "-" "WordPress/6.9.4; https://ideainitself.com"
192.0.103.42 - - [27/Apr/2026:15:07:47 +0000] "HEAD / HTTP/1.1" 200 - "-" "jetmon/1.0 (Jetpack Site Uptime Monitor by WordPress.com)"
184.94.212.206 - - [27/Apr/2026:15:08:09 +0000] "POST /wp-cron.php?doing_wp_cron=1777302489.9516921043395996093750 HTTP/1.1" 200 - "-" "WordPress/6.9.4; https://ideainitself.com"
184.94.212.206 - - [27/Apr/2026:15:07:36 +0000] "GET /wp-admin/admin-ajax.php?action=wordfence_doScan&isFork=1&scanMode=standard&cronKey=bb77d453af3ebc75ec8bfa3184669cf3&signature=ab412d99613ae30d6cefa6f6c674f8ad0e1e10769ea030a2d43858a1d3c827c8 HTTP/1.1" 200 - "-" "WordPress/6.9.4; https://ideainitself.com"
184.94.212.206 - - [27/Apr/2026:15:08:08 +0000] "GET /wp-admin/admin-ajax.php?action=wordfence_doScan&isFork=1&scanMode=standard&cronKey=ac502adf15fee4ca8f32dff9a57e6ab8&signature=c5870ee5eb2b0d85b3b7182d0888d4a7f1b2643142e4f4d2231da53d9842dc6b HTTP/1.1" 200 - "-" "WordPress/6.9.4; https://ideainitself.com"
184.94.212.206 - - [27/Apr/2026:15:09:15 +0000] "POST /wp-cron.php?doing_wp_cron=1777302555.9220409393310546875000 HTTP/1.1" 200 - "-" "WordPress/6.9.4; https://ideainitself.com"
184.94.212.206 - - [27/Apr/2026:15:08:41 +0000] "GET /wp-admin/admin-ajax.php?action=wordfence_doScan&isFork=1&scanMode=standard&cronKey=ebddf6dc5f9628749bf7f716b9d63b5f&signature=ed44c6b820b51536c3e16824705d93d659c4664f0c7e76a0f872c049f2484068 HTTP/1.1" 200 - "-" "WordPress/6.9.4; https://ideainitself.com"
184.94.212.206 - - [27/Apr/2026:15:09:48 +0000] "POST /wp-cron.php?doing_wp_cron=1777302588.5726900100708007812500 HTTP/1.1" 200 - "-" "WordPress/6.9.4; https://ideainitself.com"
184.94.212.206 - - [27/Apr/2026:15:09:14 +0000] "GET /wp-admin/admin-ajax.php?action=wordfence_doScan&isFork=1&scanMode=standard&cronKey=c0499cedd304343efa92ac0f4362b1fd&signature=1d7a8882821cabf75662025dff8b3b9214f1fd3664fd1fadf52c63c870d60c5e HTTP/1.1" 200 - "-" "WordPress/6.9.4; https://ideainitself.com"
184.94.212.206 - - [27/Apr/2026:15:10:20 +0000] "POST /wp-cron.php?doing_wp_cron=1777302620.6305499076843261718750 HTTP/1.1" 200 - "-" "WordPress/6.9.4; https://ideainitself.com"
184.94.212.206 - - [27/Apr/2026:15:09:47 +0000] "GET /wp-admin/admin-ajax.php?action=wordfence_doScan&isFork=1&scanMode=standard&cronKey=ceb2229b7d8b2bd7b1166f971e881184&signature=986d9d54cd3ff4b1f56294119cb0249474039bd041f2521749365fb7a64e56f8 HTTP/1.1" 200 - "-" "WordPress/6.9.4; https://ideainitself.com"
184.94.212.206 - - [27/Apr/2026:15:10:52 +0000] "POST /wp-cron.php?doing_wp_cron=1777302652.4354469776153564453125 HTTP/1.1" 200 - "-" "WordPress/6.9.4; https://ideainitself.com"
184.94.212.206 - - [27/Apr/2026:15:10:19 +0000] "GET /wp-admin/admin-ajax.php?action=wordfence_doScan&isFork=1&scanMode=standard&cronKey=3ae778be754c8e31036a43772fac8853&signature=1648e85a5cd568cd67879076e8f4c58a277ac65a656da7f8f4b3d72a248a112b HTTP/1.1" 200 - "-" "WordPress/6.9.4; https://ideainitself.com"
47.128.51.83 - - [27/Apr/2026:15:11:00 +0000] "GET /robots.txt HTTP/1.1" 200 115 "-" "Mozilla/5.0 (Linux; Android 5.0) AppleWebKit/537.36 (KHTML, like Gecko) Mobile Safari/537.36 (compatible; Bytespider; spider-feedback@bytedance.com)"
184.94.212.206 - - [27/Apr/2026:15:11:24 +0000] "POST /wp-cron.php?doing_wp_cron=1777302684.6359050273895263671875 HTTP/1.1" 200 - "-" "WordPress/6.9.4; https://ideainitself.com"
184.94.212.206 - - [27/Apr/2026:15:10:51 +0000] "GET /wp-admin/admin-ajax.php?action=wordfence_doScan&isFork=1&scanMode=standard&cronKey=6deb141c265e9277bd54410a79a2ce27&signature=54ace123734f0f4bf249e06e646d0e1a3f7b2060c7343f900fd726a34e64a790 HTTP/1.1" 200 - "-" "WordPress/6.9.4; https://ideainitself.com"
184.94.212.206 - - [27/Apr/2026:15:11:23 +0000] "GET /wp-admin/admin-ajax.php?action=wordfence_doScan&isFork=1&scanMode=standard&cronKey=15cea302e9d86c02bc756d60c407c263&signature=1ae8c4040b63060e12d75bed2d314248c30ba99fbbc000e2d439d9e5f31d0a5b HTTP/1.1" 200 - "-" "WordPress/6.9.4; https://ideainitself.com"
184.94.212.206 - - [27/Apr/2026:15:12:28 +0000] "POST /wp-cron.php?doing_wp_cron=1777302748.6630649566650390625000 HTTP/1.1" 200 - "-" "WordPress/6.9.4; https://ideainitself.com"
184.94.212.206 - - [27/Apr/2026:15:11:55 +0000] "GET /wp-admin/admin-ajax.php?action=wordfence_doScan&isFork=1&scanMode=standard&cronKey=ae9cccc2365464ecc4d14cc7c8a7c320&signature=53c1781889c5e419cb5cbb6fb03df0cde52858757a7ddfdb5a07117587171169 HTTP/1.1" 200 - "-" "WordPress/6.9.4; https://ideainitself.com"
192.0.103.42 - - [27/Apr/2026:15:12:50 +0000] "HEAD / HTTP/1.1" 200 - "-" "jetmon/1.0 (Jetpack Site Uptime Monitor by WordPress.com)"
184.94.212.206 - - [27/Apr/2026:15:13:00 +0000] "POST /wp-cron.php?doing_wp_cron=1777302780.5218648910522460937500 HTTP/1.1" 200 - "-" "WordPress/6.9.4; https://ideainitself.com"
184.94.212.206 - - [27/Apr/2026:15:12:27 +0000] "GET /wp-admin/admin-ajax.php?action=wordfence_doScan&isFork=1&scanMode=standard&cronKey=876e9b385bf14b6d26a2ec29e5fe8a72&signature=1cdbbced84e088a99e6ad102ce540cde76f48349e00495a4b64e2e26d57876f5 HTTP/1.1" 200 - "-" "WordPress/6.9.4; https://ideainitself.com"
184.94.212.206 - - [27/Apr/2026:15:13:32 +0000] "POST /wp-cron.php?doing_wp_cron=1777302812.3592898845672607421875 HTTP/1.1" 200 - "-" "WordPress/6.9.4; https://ideainitself.com"
184.94.212.206 - - [27/Apr/2026:15:12:59 +0000] "GET /wp-admin/admin-ajax.php?action=wordfence_doScan&isFork=1&scanMode=standard&cronKey=1a25e5ade62d084a2249627f79ddd832&signature=c1f60c28c473433ab802542c760ddebe257a0f920f181311fd70ab1b045cab19 HTTP/1.1" 200 - "-" "WordPress/6.9.4; https://ideainitself.com"
184.94.212.206 - - [27/Apr/2026:15:14:05 +0000] "POST /wp-cron.php?doing_wp_cron=1777302845.0475819110870361328125 HTTP/1.1" 200 - "-" "WordPress/6.9.4; https://ideainitself.com"
184.94.212.206 - - [27/Apr/2026:15:13:31 +0000] "GET /wp-admin/admin-ajax.php?action=wordfence_doScan&isFork=1&scanMode=standard&cronKey=7c7c252175fa224d429e42ea341fc500&signature=749ad3455c6f4242760b6ab144e4817f08574afdd27fbdc6060a17a209fd9983 HTTP/1.1" 200 - "-" "WordPress/6.9.4; https://ideainitself.com"
184.94.212.206 - - [27/Apr/2026:15:14:04 +0000] "GET /wp-admin/admin-ajax.php?action=wordfence_doScan&isFork=1&scanMode=standard&cronKey=50831960193beeb3bfacf78fa71a38f2&signature=fdfed64e16857cc8339857f21a1d5da5b87cc30a069caec7a35b6b780cd198ed HTTP/1.1" 200 - "-" "WordPress/6.9.4; https://ideainitself.com"
184.94.212.206 - - [27/Apr/2026:15:15:10 +0000] "POST /wp-cron.php?doing_wp_cron=1777302910.6641390323638916015625 HTTP/1.1" 200 - "-" "WordPress/6.9.4; https://ideainitself.com"
184.94.212.206 - - [27/Apr/2026:15:14:36 +0000] "GET /wp-admin/admin-ajax.php?action=wordfence_doScan&isFork=1&scanMode=standard&cronKey=8d90edfb5946d2da626719ab440b4d3c&signature=f2be65906a97eedb8e8d0306fb698f839dbbd09cd9f99fa064ec3be0ac9fd3cf HTTP/1.1" 200 - "-" "WordPress/6.9.4; https://ideainitself.com"
184.94.212.206 - - [27/Apr/2026:15:15:43 +0000] "POST /wp-cron.php?doing_wp_cron=1777302943.7120809555053710937500 HTTP/1.1" 200 - "-" "WordPress/6.9.4; https://ideainitself.com"
184.94.212.206 - - [27/Apr/2026:15:15:09 +0000] "GET /wp-admin/admin-ajax.php?action=wordfence_doScan&isFork=1&scanMode=standard&cronKey=86e12b3e515a6a354bdcf43260dce9a6&signature=e889269fad03044fa427188673667a12dcf9be43d5331b56754c4d7ef67d22d3 HTTP/1.1" 200 - "-" "WordPress/6.9.4; https://ideainitself.com"
184.94.212.206 - - [27/Apr/2026:15:16:16 +0000] "POST /wp-cron.php?doing_wp_cron=1777302976.3684411048889160156250 HTTP/1.1" 200 - "-" "WordPress/6.9.4; https://ideainitself.com"
184.94.212.206 - - [27/Apr/2026:15:15:42 +0000] "GET /wp-admin/admin-ajax.php?action=wordfence_doScan&isFork=1&scanMode=standard&cronKey=a83f6d48e3bae27e839724e68fb12560&signature=1cac9ae72f18247835b0139a5d5aaaad26091429b81b5b0c6da62fa5515f8ed5 HTTP/1.1" 200 - "-" "WordPress/6.9.4; https://ideainitself.com"
184.94.212.206 - - [27/Apr/2026:15:16:48 +0000] "POST /wp-cron.php?doing_wp_cron=1777303008.3612310886383056640625 HTTP/1.1" 200 - "-" "WordPress/6.9.4; https://ideainitself.com"
184.94.212.206 - - [27/Apr/2026:15:16:15 +0000] "GET /wp-admin/admin-ajax.php?action=wordfence_doScan&isFork=1&scanMode=standard&cronKey=7b90d6213fb15a73c3a439fab316e256&signature=325b11a956e3eb69e37ffd9656fb3b588e61238becfd2620809e03e4aa3c40f6 HTTP/1.1" 200 - "-" "WordPress/6.9.4; https://ideainitself.com"
184.94.212.206 - - [27/Apr/2026:15:17:20 +0000] "POST /wp-cron.php?doing_wp_cron=1777303040.4676029682159423828125 HTTP/1.1" 200 - "-" "WordPress/6.9.4; https://ideainitself.com"
184.94.212.206 - - [27/Apr/2026:15:16:47 +0000] "GET /wp-admin/admin-ajax.php?action=wordfence_doScan&isFork=1&scanMode=standard&cronKey=b53db46366c3d62705ae6f55c0994392&signature=fabbe1d97b4590a500fce94772af238ea4ed466484fc104b76a1d48cecac46d8 HTTP/1.1" 200 - "-" "WordPress/6.9.4; https://ideainitself.com"
192.0.103.42 - - [27/Apr/2026:15:17:50 +0000] "HEAD / HTTP/1.1" 200 - "-" "jetmon/1.0 (Jetpack Site Uptime Monitor by WordPress.com)"
184.94.212.206 - - [27/Apr/2026:15:17:19 +0000] "GET /wp-admin/admin-ajax.php?action=wordfence_doScan&isFork=1&scanMode=standard&cronKey=af34e9bd5a502afaddba7d1fa32d088c&signature=22548f45de31fcee8305cd5cbe171f5fda8ed6562243d741e06e9bdbae52fc44 HTTP/1.1" 200 - "-" "WordPress/6.9.4; https://ideainitself.com"
184.94.212.206 - - [27/Apr/2026:15:18:26 +0000] "POST /wp-cron.php?doing_wp_cron=1777303106.3822569847106933593750 HTTP/1.1" 200 - "-" "WordPress/6.9.4; https://ideainitself.com"
184.94.212.206 - - [27/Apr/2026:15:17:53 +0000] "GET /wp-admin/admin-ajax.php?action=wordfence_doScan&isFork=1&scanMode=standard&cronKey=e2bb48d4790e9ecde50eb0ad98af815f&signature=57220b040bc7f7c350064ab566a771f303aeb1e53e014e83835823ace89997b3 HTTP/1.1" 200 - "-" "WordPress/6.9.4; https://ideainitself.com"
184.94.212.206 - - [27/Apr/2026:15:18:58 +0000] "POST /wp-cron.php?doing_wp_cron=1777303138.3968329429626464843750 HTTP/1.1" 200 - "-" "WordPress/6.9.4; https://ideainitself.com"
184.94.212.206 - - [27/Apr/2026:15:18:25 +0000] "GET /wp-admin/admin-ajax.php?action=wordfence_doScan&isFork=1&scanMode=standard&cronKey=1b5db5ec08e4768e2c7d20bccbf30440&signature=fefb516cc818e7c5f65377fac581711537009eb8bc854a29ea4169c5e038df7f HTTP/1.1" 200 - "-" "WordPress/6.9.4; https://ideainitself.com"
184.94.212.206 - - [27/Apr/2026:15:19:31 +0000] "POST /wp-cron.php?doing_wp_cron=1777303171.0030009746551513671875 HTTP/1.1" 200 - "-" "WordPress/6.9.4; https://ideainitself.com"
184.94.212.206 - - [27/Apr/2026:15:18:57 +0000] "GET /wp-admin/admin-ajax.php?action=wordfence_doScan&isFork=1&scanMode=standard&cronKey=18c3e155d3cb7856157b0f08f80c1e41&signature=3ecc4ef7c2ac7122d047935ae137e4db4d3fb57f8440c5da00f15930f9b47ddb HTTP/1.1" 200 - "-" "WordPress/6.9.4; https://ideainitself.com"
184.94.212.206 - - [27/Apr/2026:15:20:04 +0000] "POST /wp-cron.php?doing_wp_cron=1777303204.0587589740753173828125 HTTP/1.1" 200 - "-" "WordPress/6.9.4; https://ideainitself.com"
184.94.212.206 - - [27/Apr/2026:15:19:30 +0000] "GET /wp-admin/admin-ajax.php?action=wordfence_doScan&isFork=1&scanMode=standard&cronKey=543dc017d998d9642e35cae24bd65a99&signature=98ca34a24f9ff144f6954defef65ef4a8e3834a95d3b7dda242683f40ef4e963 HTTP/1.1" 200 - "-" "WordPress/6.9.4; https://ideainitself.com"
184.94.212.206 - - [27/Apr/2026:15:20:03 +0000] "GET /wp-admin/admin-ajax.php?action=wordfence_doScan&isFork=1&scanMode=standard&cronKey=ded10e9d0329168950f15a81ab0390a6&signature=5715f245e78a881293bce608fd00859d3edc12e76b09f91ab2ca07b0b44a023e HTTP/1.1" 200 - "-" "WordPress/6.9.4; https://ideainitself.com"
184.94.212.206 - - [27/Apr/2026:15:21:09 +0000] "POST /wp-cron.php?doing_wp_cron=1777303268.9926528930664062500000 HTTP/1.1" 200 - "-" "WordPress/6.9.4; https://ideainitself.com"
184.94.212.206 - - [27/Apr/2026:15:20:35 +0000] "GET /wp-admin/admin-ajax.php?action=wordfence_doScan&isFork=1&scanMode=standard&cronKey=dc28c7dfb5b399b0ef026e34b72b7b97&signature=9bfa9475e3ab26a4ea69dc24b12226024bab6577315efb7a256d797234ada87f HTTP/1.1" 200 - "-" "WordPress/6.9.4; https://ideainitself.com"
91.92.242.223 - - [27/Apr/2026:15:21:28 +0000] "POST /wp-login.php?action=register HTTP/1.1" 500 188 "-" "-"
184.94.212.206 - - [27/Apr/2026:15:21:41 +0000] "POST /wp-cron.php?doing_wp_cron=1777303301.7214949131011962890625 HTTP/1.1" 200 - "-" "WordPress/6.9.4; https://ideainitself.com"
184.94.212.206 - - [27/Apr/2026:15:21:07 +0000] "GET /wp-admin/admin-ajax.php?action=wordfence_doScan&isFork=1&scanMode=standard&cronKey=fa90a5ba6388064f161cf19d33b07200&signature=f802ff05ebadc843ab99fe402a1849eeac40ee3f48ede60b546539b9c648c362 HTTP/1.1" 200 - "-" "WordPress/6.9.4; https://ideainitself.com"
184.94.212.206 - - [27/Apr/2026:15:22:10 +0000] "POST /wp-cron.php?doing_wp_cron=1777303330.0385959148406982421875 HTTP/1.1" 200 - "-" "WordPress/6.9.4; https://ideainitself.com"
114.119.154.124 - - [27/Apr/2026:15:22:08 +0000] "GET /how-working-in-short-bursts-benefits-the-easily-distracted?share=pinterest HTTP/1.1" 302 - "https://ideainitself.com/how-working-in-short-bursts-benefits-the-easily-distracted?share=mastodon" "Mozilla/5.0 (Linux; Android 7.0;) AppleWebKit/537.36 (HTML, like Gecko) Mobile Safari/537.36 (compatible; PetalBot;+https://webmaster.petalsearch.com/site/petalbot)"
184.94.212.206 - - [27/Apr/2026:15:22:14 +0000] "POST /wp-cron.php?doing_wp_cron=1777303334.5817520618438720703125 HTTP/1.1" 200 - "-" "WordPress/6.9.4; https://ideainitself.com"
184.94.212.206 - - [27/Apr/2026:15:21:40 +0000] "GET /wp-admin/admin-ajax.php?action=wordfence_doScan&isFork=1&scanMode=standard&cronKey=f3b874619570d5e015b9636817ae6b15&signature=63de5082b6985e2e8a6bf2b4584698ad8c25edfa11b558e1138c4c8952f86768 HTTP/1.1" 200 - "-" "WordPress/6.9.4; https://ideainitself.com"
184.94.212.206 - - [27/Apr/2026:15:22:13 +0000] "GET /wp-admin/admin-ajax.php?action=wordfence_doScan&isFork=1&scanMode=standard&cronKey=dc9ac6e9401c2148537c1a800efa3657&signature=ca2a845f06fd5e219dbfe9ef15e75e775afa1bddc82eaab4cb2a429e0131a3a4 HTTP/1.1" 200 - "-" "WordPress/6.9.4; https://ideainitself.com"
192.0.103.42 - - [27/Apr/2026:15:22:48 +0000] "HEAD / HTTP/1.1" 200 - "-" "jetmon/1.0 (Jetpack Site Uptime Monitor by WordPress.com)"
184.94.212.206 - - [27/Apr/2026:15:23:18 +0000] "POST /wp-cron.php?doing_wp_cron=1777303398.6959269046783447265625 HTTP/1.1" 200 - "-" "WordPress/6.9.4; https://ideainitself.com"
184.94.212.206 - - [27/Apr/2026:15:22:45 +0000] "GET /wp-admin/admin-ajax.php?action=wordfence_doScan&isFork=1&scanMode=standard&cronKey=b50f8546f6f7555427dc4a3ce394bfb9&signature=0fa0a52839a4355a9ddb222eee90f6c348bac9b8cdba94aeeba6c888a6e11f24 HTTP/1.1" 200 - "-" "WordPress/6.9.4; https://ideainitself.com"
184.94.212.206 - - [27/Apr/2026:15:23:50 +0000] "POST /wp-cron.php?doing_wp_cron=1777303430.7480189800262451171875 HTTP/1.1" 200 - "-" "WordPress/6.9.4; https://ideainitself.com"
184.94.212.206 - - [27/Apr/2026:15:23:17 +0000] "GET /wp-admin/admin-ajax.php?action=wordfence_doScan&isFork=1&scanMode=standard&cronKey=71bda03f2c543a427b247d74bd58862f&signature=ae65ae8fdbf23e23fb00d798f5834f6e35e0d92e90a49201565cc9c960c7a4cc HTTP/1.1" 200 - "-" "WordPress/6.9.4; https://ideainitself.com"
184.94.212.206 - - [27/Apr/2026:15:24:23 +0000] "POST /wp-cron.php?doing_wp_cron=1777303463.5596671104431152343750 HTTP/1.1" 200 - "-" "WordPress/6.9.4; https://ideainitself.com"
184.94.212.206 - - [27/Apr/2026:15:23:49 +0000] "GET /wp-admin/admin-ajax.php?action=wordfence_doScan&isFork=1&scanMode=standard&cronKey=51a6306f3d29b3425c67182bff24bfe9&signature=df582447dcd8e8a2cfed10962d24a689e5538ed42faede05f1f246e795c6e103 HTTP/1.1" 200 - "-" "WordPress/6.9.4; https://ideainitself.com"
184.94.212.206 - - [27/Apr/2026:15:24:55 +0000] "POST /wp-cron.php?doing_wp_cron=1777303495.8062729835510253906250 HTTP/1.1" 200 - "-" "WordPress/6.9.4; https://ideainitself.com"
184.94.212.206 - - [27/Apr/2026:15:24:22 +0000] "GET /wp-admin/admin-ajax.php?action=wordfence_doScan&isFork=1&scanMode=standard&cronKey=5e800b499ebd5ecbedbbf89deb3f7e71&signature=453c333e25e92fad200ca7b4600c18c01be280f7fd7731dd43659e14283108d7 HTTP/1.1" 200 - "-" "WordPress/6.9.4; https://ideainitself.com"
184.94.212.206 - - [27/Apr/2026:15:25:28 +0000] "POST /wp-cron.php?doing_wp_cron=1777303528.5836389064788818359375 HTTP/1.1" 200 - "-" "WordPress/6.9.4; https://ideainitself.com"
184.94.212.206 - - [27/Apr/2026:15:24:54 +0000] "GET /wp-admin/admin-ajax.php?action=wordfence_doScan&isFork=1&scanMode=standard&cronKey=0dbf534362dcb74076e0668d0746e867&signature=7da6983858dc02bd11bc72685d2b2ecfdcbf8ede766ba5add07ac1104624fce6 HTTP/1.1" 200 - "-" "WordPress/6.9.4; https://ideainitself.com"
184.94.212.206 - - [27/Apr/2026:15:26:00 +0000] "POST /wp-cron.php?doing_wp_cron=1777303560.7031710147857666015625 HTTP/1.1" 200 - "-" "WordPress/6.9.4; https://ideainitself.com"
184.94.212.206 - - [27/Apr/2026:15:25:27 +0000] "GET /wp-admin/admin-ajax.php?action=wordfence_doScan&isFork=1&scanMode=standard&cronKey=360f2bf261fd76b4ff19c260a016ae14&signature=62268474bcec826602d5caed3256e6f15848c55a7506d4feca82f710b012cb0e HTTP/1.1" 200 - "-" "WordPress/6.9.4; https://ideainitself.com"
14.188.86.229 - - [27/Apr/2026:15:26:02 +0000] "GET /what-is-the-rule-of-52-and-17/ HTTP/1.1" 200 57053 "-" "Opera/8.86.(Windows NT 6.2; li-BE) Presto/2.9.181 Version/12.00"
184.94.212.206 - - [27/Apr/2026:15:25:59 +0000] "GET /wp-admin/admin-ajax.php?action=wordfence_doScan&isFork=1&scanMode=standard&cronKey=06815cd5d2e936bdd586cacb850a9fd5&signature=2a0f17baf2fb216b330faf0afe0c6649307f1abbaba4c7b9f0521d18929d3895 HTTP/1.1" 200 - "-" "WordPress/6.9.4; https://ideainitself.com"
184.94.212.206 - - [27/Apr/2026:15:27:04 +0000] "POST /wp-cron.php?doing_wp_cron=1777303624.5459311008453369140625 HTTP/1.1" 200 - "-" "WordPress/6.9.4; https://ideainitself.com"
184.94.212.206 - - [27/Apr/2026:15:26:31 +0000] "GET /wp-admin/admin-ajax.php?action=wordfence_doScan&isFork=1&scanMode=standard&cronKey=051475dd782bf24a56296afdb67b95bf&signature=c08a2b43d7afb65c6bb26fbc361ef5acf296e3d29c7fd02738a3eaeb4b153bba HTTP/1.1" 200 - "-" "WordPress/6.9.4; https://ideainitself.com"
184.94.212.206 - - [27/Apr/2026:15:27:36 +0000] "POST /wp-cron.php?doing_wp_cron=1777303656.4229619503021240234375 HTTP/1.1" 200 - "-" "WordPress/6.9.4; https://ideainitself.com"
184.94.212.206 - - [27/Apr/2026:15:27:03 +0000] "GET /wp-admin/admin-ajax.php?action=wordfence_doScan&isFork=1&scanMode=standard&cronKey=020f4226d89a30f5ad74706d2c56afc3&signature=27a4aff2ccb2d88fc65f0742e3a3198876a4de585b2243c0dcc625e2e996adec HTTP/1.1" 200 - "-" "WordPress/6.9.4; https://ideainitself.com"
184.94.212.206 - - [27/Apr/2026:15:27:51 +0000] "POST /wp-cron.php?doing_wp_cron=1777303671.5918080806732177734375 HTTP/1.1" 200 - "-" "WordPress/6.9.4; https://ideainitself.com"
192.0.103.42 - - [27/Apr/2026:15:27:50 +0000] "HEAD / HTTP/1.1" 200 - "-" "jetmon/1.0 (Jetpack Site Uptime Monitor by WordPress.com)"
184.94.212.206 - - [27/Apr/2026:15:28:08 +0000] "POST /wp-cron.php?doing_wp_cron=1777303688.3804080486297607421875 HTTP/1.1" 200 - "-" "WordPress/6.9.4; https://ideainitself.com"
184.94.212.206 - - [27/Apr/2026:15:27:35 +0000] "GET /wp-admin/admin-ajax.php?action=wordfence_doScan&isFork=1&scanMode=standard&cronKey=dffb05abb0d01abaef8f6efacff28f9f&signature=2a480379ebe0ac8ca76f1b20a56eae1c754c4c61ca16c53f87828f266642a309 HTTP/1.1" 200 - "-" "WordPress/6.9.4; https://ideainitself.com"
184.94.212.206 - - [27/Apr/2026:15:28:07 +0000] "GET /wp-admin/admin-ajax.php?action=wordfence_doScan&isFork=1&scanMode=standard&cronKey=0606c904e6b69d2a4400433e8d7fb749&signature=f20a41b011d56be4894e2491b96367c0e9e4fa5cb8d1d25f7fd3def99edb9e95 HTTP/1.1" 200 - "-" "WordPress/6.9.4; https://ideainitself.com"
184.94.212.206 - - [27/Apr/2026:15:29:12 +0000] "POST /wp-cron.php?doing_wp_cron=1777303752.3619999885559082031250 HTTP/1.1" 200 - "-" "WordPress/6.9.4; https://ideainitself.com"
184.94.212.206 - - [27/Apr/2026:15:28:39 +0000] "GET /wp-admin/admin-ajax.php?action=wordfence_doScan&isFork=1&scanMode=standard&cronKey=8ba23b26af5317fa7680a42b1f5da204&signature=0dfc95f168787d8fcf4ca6c4791ab245337351dc99141276fa9e68978c538ef2 HTTP/1.1" 200 - "-" "WordPress/6.9.4; https://ideainitself.com"
184.94.212.206 - - [27/Apr/2026:15:29:44 +0000] "POST /wp-cron.php?doing_wp_cron=1777303784.8942000865936279296875 HTTP/1.1" 200 - "-" "WordPress/6.9.4; https://ideainitself.com"
184.94.212.206 - - [27/Apr/2026:15:29:11 +0000] "GET /wp-admin/admin-ajax.php?action=wordfence_doScan&isFork=1&scanMode=standard&cronKey=f67da4f78937175f6610a9a11aad66ef&signature=3860cba4025d22a25562cfe519d871ac8fe61416423b215a315b72586fa49856 HTTP/1.1" 200 - "-" "WordPress/6.9.4; https://ideainitself.com"
184.94.212.206 - - [27/Apr/2026:15:30:09 +0000] "POST /wp-cron.php?doing_wp_cron=1777303809.3747038841247558593750 HTTP/1.1" 200 - "-" "WordPress/6.9.4; https://ideainitself.com"
57.141.18.8 - - [27/Apr/2026:15:30:07 +0000] "GET /tools/best-ai-tools-for-productivity-in-2026-work-smarter-not-harder/ HTTP/1.1" 200 191887 "-" "meta-externalagent/1.1 (+https://developers.facebook.com/docs/sharing/webmasters/crawler)"
184.94.212.206 - - [27/Apr/2026:15:30:18 +0000] "POST /wp-cron.php?doing_wp_cron=1777303818.0306420326232910156250 HTTP/1.1" 200 - "-" "WordPress/6.9.4; https://ideainitself.com"
184.94.212.206 - - [27/Apr/2026:15:29:43 +0000] "GET /wp-admin/admin-ajax.php?action=wordfence_doScan&isFork=1&scanMode=standard&cronKey=335ed763748521a90c1b47899e7fde5f&signature=4db53a6d138f7108d2845a0d455171b78fb867f7d4ba20b59ded94498881c4aa HTTP/1.1" 200 - "-" "WordPress/6.9.4; https://ideainitself.com"
91.92.242.223 - - [27/Apr/2026:15:30:21 +0000] "POST /wp-login.php?action=register HTTP/1.1" 500 188 "-" "-"
184.94.212.206 - - [27/Apr/2026:15:30:17 +0000] "GET /wp-admin/admin-ajax.php?action=wordfence_doScan&isFork=1&scanMode=standard&cronKey=4e8cb26440ca3045da6b80d205d5c143&signature=273d6193999c9c6ca61aa55d874f628eeb9545a3e602a7da2271d4f0fa75a78d HTTP/1.1" 200 - "-" "WordPress/6.9.4; https://ideainitself.com"
184.94.212.206 - - [27/Apr/2026:15:31:23 +0000] "POST /wp-cron.php?doing_wp_cron=1777303883.6130490303039550781250 HTTP/1.1" 200 - "-" "WordPress/6.9.4; https://ideainitself.com"
184.94.212.206 - - [27/Apr/2026:15:30:49 +0000] "GET /wp-admin/admin-ajax.php?action=wordfence_doScan&isFork=1&scanMode=standard&cronKey=b7dca3eb852511fbb4b0e4192b56f7db&signature=9ee3b7a46be26c79c67aef39d48decde86dab09b9652b20068d1884d7b1f1cbc HTTP/1.1" 200 - "-" "WordPress/6.9.4; https://ideainitself.com"
184.94.212.206 - - [27/Apr/2026:15:31:55 +0000] "POST /wp-cron.php?doing_wp_cron=1777303915.5013151168823242187500 HTTP/1.1" 200 - "-" "WordPress/6.9.4; https://ideainitself.com"
184.94.212.206 - - [27/Apr/2026:15:31:22 +0000] "GET /wp-admin/admin-ajax.php?action=wordfence_doScan&isFork=1&scanMode=standard&cronKey=87685166221a603fa35cfed09677ac5a&signature=96b66df2159675ed0f4ff82cc5a5f61fae570df30ea981122369f2191b4ad32b HTTP/1.1" 200 - "-" "WordPress/6.9.4; https://ideainitself.com"
184.94.212.206 - - [27/Apr/2026:15:32:27 +0000] "POST /wp-cron.php?doing_wp_cron=1777303947.2358629703521728515625 HTTP/1.1" 200 - "-" "WordPress/6.9.4; https://ideainitself.com"
184.94.212.206 - - [27/Apr/2026:15:31:54 +0000] "GET /wp-admin/admin-ajax.php?action=wordfence_doScan&isFork=1&scanMode=standard&cronKey=c7574ad67bd3578be4cfe9a93a5e690c&signature=0fbac4dc2a41071bae07d853782d3c49e9fa73bf4c1c37b41733c63ff1b57eab HTTP/1.1" 200 - "-" "WordPress/6.9.4; https://ideainitself.com"
192.0.103.42 - - [27/Apr/2026:15:32:50 +0000] "HEAD / HTTP/1.1" 200 - "-" "jetmon/1.0 (Jetpack Site Uptime Monitor by WordPress.com)"
184.94.212.206 - - [27/Apr/2026:15:32:59 +0000] "POST /wp-cron.php?doing_wp_cron=1777303979.3378839492797851562500 HTTP/1.1" 200 - "-" "WordPress/6.9.4; https://ideainitself.com"
184.94.212.206 - - [27/Apr/2026:15:32:26 +0000] "GET /wp-admin/admin-ajax.php?action=wordfence_doScan&isFork=1&scanMode=standard&cronKey=6441a512d5c899ef5daa8f884ccd5af1&signature=a9eee0eb473193c5c67bd8ff8f1fc153e020fe85a8279ccfae93ea57c0ea9b5e HTTP/1.1" 200 - "-" "WordPress/6.9.4; https://ideainitself.com"
184.94.212.206 - - [27/Apr/2026:15:32:58 +0000] "GET /wp-admin/admin-ajax.php?action=wordfence_doScan&isFork=1&scanMode=standard&cronKey=fd4094c1d81c18fbb21bf998aef19c73&signature=472bf8aa6934e15407266da049aa521a57f52c3804cb1ea8f73e77774350c2b4 HTTP/1.1" 200 - "-" "WordPress/6.9.4; https://ideainitself.com"
184.94.212.206 - - [27/Apr/2026:15:34:03 +0000] "POST /wp-cron.php?doing_wp_cron=1777304043.5175480842590332031250 HTTP/1.1" 200 - "-" "WordPress/6.9.4; https://ideainitself.com"
184.94.212.206 - - [27/Apr/2026:15:33:30 +0000] "GET /wp-admin/admin-ajax.php?action=wordfence_doScan&isFork=1&scanMode=standard&cronKey=84ea1b6451bbe09c4a83a76fa3b6df22&signature=df9ff1f2bb996471f38916ce849d016621eefd640af7be241d6d943fe537e635 HTTP/1.1" 200 - "-" "WordPress/6.9.4; https://ideainitself.com"
184.94.212.206 - - [27/Apr/2026:15:34:35 +0000] "POST /wp-cron.php?doing_wp_cron=1777304075.8317630290985107421875 HTTP/1.1" 200 - "-" "WordPress/6.9.4; https://ideainitself.com"
184.94.212.206 - - [27/Apr/2026:15:34:02 +0000] "GET /wp-admin/admin-ajax.php?action=wordfence_doScan&isFork=1&scanMode=standard&cronKey=90fbc0f728bfbb411dbb8a8e5a40aa00&signature=e18cf86f9584f5ff848143b832dbc1b317a6868a4aaec3afc600e9e03b74efbc HTTP/1.1" 200 - "-" "WordPress/6.9.4; https://ideainitself.com"
184.94.212.206 - - [27/Apr/2026:15:35:08 +0000] "POST /wp-cron.php?doing_wp_cron=1777304108.7762959003448486328125 HTTP/1.1" 200 - "-" "WordPress/6.9.4; https://ideainitself.com"
184.94.212.206 - - [27/Apr/2026:15:34:34 +0000] "GET /wp-admin/admin-ajax.php?action=wordfence_doScan&isFork=1&scanMode=standard&cronKey=9364717c598461bfc27edcf600718dfa&signature=5d746e0ecb53e607d3e7ea168bfdf93bc0f0818de31ae36529cafe355b57abe9 HTTP/1.1" 200 - "-" "WordPress/6.9.4; https://ideainitself.com"
184.94.212.206 - - [27/Apr/2026:15:35:41 +0000] "POST /wp-cron.php?doing_wp_cron=1777304141.3696980476379394531250 HTTP/1.1" 200 - "-" "WordPress/6.9.4; https://ideainitself.com"
184.94.212.206 - - [27/Apr/2026:15:35:07 +0000] "GET /wp-admin/admin-ajax.php?action=wordfence_doScan&isFork=1&scanMode=standard&cronKey=478e2fa68066577484bef074b267df2a&signature=9503dd7ca0d4b6621d3b46e70ce66868a9625438a31af4cb505cdce2b14ee687 HTTP/1.1" 200 - "-" "WordPress/6.9.4; https://ideainitself.com"
184.94.212.206 - - [27/Apr/2026:15:36:13 +0000] "POST /wp-cron.php?doing_wp_cron=1777304173.2194099426269531250000 HTTP/1.1" 200 - "-" "WordPress/6.9.4; https://ideainitself.com"
184.94.212.206 - - [27/Apr/2026:15:35:40 +0000] "GET /wp-admin/admin-ajax.php?action=wordfence_doScan&isFork=1&scanMode=standard&cronKey=b0b79dec913b55dafbfcc8755e7bb19c&signature=d741c3618d840896b5edbde168cc0d1da94a7745661895814e6fb8e818536cfa HTTP/1.1" 200 - "-" "WordPress/6.9.4; https://ideainitself.com"
184.94.212.206 - - [27/Apr/2026:15:36:12 +0000] "GET /wp-admin/admin-ajax.php?action=wordfence_doScan&isFork=1&scanMode=standard&cronKey=6eeac437b595468dfd2ceeb796c4f7ad&signature=82b0a32282e2e7b7fecab17202e30542ed72b8e6fae3f609e6fb5589d8e8c8a5 HTTP/1.1" 200 - "-" "WordPress/6.9.4; https://ideainitself.com"
184.94.212.206 - - [27/Apr/2026:15:37:18 +0000] "POST /wp-cron.php?doing_wp_cron=1777304238.6854159832000732421875 HTTP/1.1" 200 - "-" "WordPress/6.9.4; https://ideainitself.com"
184.94.212.206 - - [27/Apr/2026:15:36:44 +0000] "GET /wp-admin/admin-ajax.php?action=wordfence_doScan&isFork=1&scanMode=standard&cronKey=b0fc9e7fe5f284c9f07633ca02fa8194&signature=918cd3d71345f44cc3f750ac41549809ec3c9c0c6015a86e7be2b15cf35689d8 HTTP/1.1" 200 - "-" "WordPress/6.9.4; https://ideainitself.com"
184.94.212.206 - - [27/Apr/2026:15:37:49 +0000] "POST /wp-cron.php?doing_wp_cron=1777304269.4054050445556640625000 HTTP/1.1" 200 - "-" "WordPress/6.9.4; https://ideainitself.com"
192.0.103.42 - - [27/Apr/2026:15:37:48 +0000] "HEAD / HTTP/1.1" 200 - "-" "jetmon/1.0 (Jetpack Site Uptime Monitor by WordPress.com)"
184.94.212.206 - - [27/Apr/2026:15:37:50 +0000] "POST /wp-cron.php?doing_wp_cron=1777304270.6644930839538574218750 HTTP/1.1" 200 - "-" "WordPress/6.9.4; https://ideainitself.com"
184.94.212.206 - - [27/Apr/2026:15:37:17 +0000] "GET /wp-admin/admin-ajax.php?action=wordfence_doScan&isFork=1&scanMode=standard&cronKey=ab05a4cc8743ac938fddb7d9dbb83f89&signature=41ea1730f347acf9b81733710c957d377cd82028bae7250fc1aa064336d61b2e HTTP/1.1" 200 - "-" "WordPress/6.9.4; https://ideainitself.com"
184.94.212.206 - - [27/Apr/2026:15:37:49 +0000] "GET /wp-admin/admin-ajax.php?action=wordfence_doScan&isFork=1&scanMode=standard&cronKey=d1adda03464c4f2e3e9e18d2fcb89047&signature=7fe3b443bcbde2770d116ae3a5256bb454d8569cc12e27551f4b283e9a8224b8 HTTP/1.1" 200 - "-" "WordPress/6.9.4; https://ideainitself.com"
184.94.212.206 - - [27/Apr/2026:15:38:42 +0000] "POST /wp-cron.php?doing_wp_cron=1777304322.6090979576110839843750 HTTP/1.1" 200 - "-" "WordPress/6.9.4; https://ideainitself.com"
114.119.154.124 - - [27/Apr/2026:15:38:41 +0000] "GET /how-working-in-short-bursts-benefits-the-easily-distracted/?share=reddit HTTP/1.1" 302 - "https://ideainitself.com/how-working-in-short-bursts-benefits-the-easily-distracted/" "Mozilla/5.0 (Linux; Android 7.0;) AppleWebKit/537.36 (HTML, like Gecko) Mobile Safari/537.36 (compatible; PetalBot;+https://webmaster.petalsearch.com/site/petalbot)"
184.94.212.206 - - [27/Apr/2026:15:38:56 +0000] "POST /wp-cron.php?doing_wp_cron=1777304336.7558650970458984375000 HTTP/1.1" 200 - "-" "WordPress/6.9.4; https://ideainitself.com"
184.94.212.206 - - [27/Apr/2026:15:38:22 +0000] "GET /wp-admin/admin-ajax.php?action=wordfence_doScan&isFork=1&scanMode=standard&cronKey=d8beabcb3e0bedb3b0d0f6dc62e1bf5d&signature=f6d2f01bfd1f43a79450cfbc629581f4c2e0c9de166d1e01d86471fde7331ad9 HTTP/1.1" 200 - "-" "WordPress/6.9.4; https://ideainitself.com"
104.168.28.15 - - [27/Apr/2026:15:39:05 +0000] "GET / HTTP/1.1" 200 52156 "-" "Mozilla/5.0 (Knoppix; Linux i686) AppleWebKit/537.36 (KHTML, like Gecko) Chrome/119.0.0.0 Safari/537.36"
104.168.28.15 - - [27/Apr/2026:15:39:06 +0000] "GET / HTTP/1.1" 301 - "-" "Mozilla/5.0 (Macintosh; Intel Mac OS X 10_15_7) AppleWebKit/605.1.15 (KHTML, like Gecko) Version/17.4.1 Safari/605.2.20"
184.94.212.206 - - [27/Apr/2026:15:38:55 +0000] "GET /wp-admin/admin-ajax.php?action=wordfence_doScan&isFork=1&scanMode=standard&cronKey=e03420dedf4b038e505926cb06930740&signature=1f3979cea31d5a53eefa662c5cefd914bebc4b7e9ba9aa7967f278e4e1cb0b32 HTTP/1.1" 200 - "-" "WordPress/6.9.4; https://ideainitself.com"
184.94.212.206 - - [27/Apr/2026:15:40:01 +0000] "POST /wp-cron.php?doing_wp_cron=1777304401.8528959751129150390625 HTTP/1.1" 200 - "-" "WordPress/6.9.4; https://ideainitself.com"
184.94.212.206 - - [27/Apr/2026:15:39:28 +0000] "GET /wp-admin/admin-ajax.php?action=wordfence_doScan&isFork=1&scanMode=standard&cronKey=9168e47b4d265cf3c6c5fa8ed842e138&signature=91e8cf3666e9c18ec68757c53b4ea27db44b335d760b75959db56510655bb940 HTTP/1.1" 200 - "-" "WordPress/6.9.4; https://ideainitself.com"
184.94.212.206 - - [27/Apr/2026:15:40:34 +0000] "POST /wp-cron.php?doing_wp_cron=1777304434.4664640426635742187500 HTTP/1.1" 200 - "-" "WordPress/6.9.4; https://ideainitself.com"
184.94.212.206 - - [27/Apr/2026:15:40:00 +0000] "GET /wp-admin/admin-ajax.php?action=wordfence_doScan&isFork=1&scanMode=standard&cronKey=4d44bf7e7c4e5a4e8373aa93c49c7b4a&signature=7b0e048ab1f3268f1638bbff63a9cf3a4597a9d982aadc361f6376c163ce1be5 HTTP/1.1" 200 - "-" "WordPress/6.9.4; https://ideainitself.com"
184.94.212.206 - - [27/Apr/2026:15:41:06 +0000] "POST /wp-cron.php?doing_wp_cron=1777304466.3307459354400634765625 HTTP/1.1" 200 - "-" "WordPress/6.9.4; https://ideainitself.com"
184.94.212.206 - - [27/Apr/2026:15:40:33 +0000] "GET /wp-admin/admin-ajax.php?action=wordfence_doScan&isFork=1&scanMode=standard&cronKey=29f3b8d27924a32cf594489d3025cf34&signature=53734f83f83b38bcf68e52823717fed564be71af955d3908fa3b8f1bae82aaab HTTP/1.1" 200 - "-" "WordPress/6.9.4; https://ideainitself.com"
184.94.212.206 - - [27/Apr/2026:15:41:38 +0000] "POST /wp-cron.php?doing_wp_cron=1777304498.9663760662078857421875 HTTP/1.1" 200 - "-" "WordPress/6.9.4; https://ideainitself.com"
184.94.212.206 - - [27/Apr/2026:15:41:05 +0000] "GET /wp-admin/admin-ajax.php?action=wordfence_doScan&isFork=1&scanMode=standard&cronKey=b7f33acf58b27f6f7a87f0880fbc1dfd&signature=ab13c4a2abf5142b0cc61679d545ef29895edf4dabb6f86fb619a224f8b36e38 HTTP/1.1" 200 - "-" "WordPress/6.9.4; https://ideainitself.com"
184.94.212.206 - - [27/Apr/2026:15:42:11 +0000] "POST /wp-cron.php?doing_wp_cron=1777304531.8759388923645019531250 HTTP/1.1" 200 - "-" "WordPress/6.9.4; https://ideainitself.com"
184.94.212.206 - - [27/Apr/2026:15:41:37 +0000] "GET /wp-admin/admin-ajax.php?action=wordfence_doScan&isFork=1&scanMode=standard&cronKey=40d691ef24e038bc013d8c3665db0d83&signature=f82d1d4841b91a617ee2d2d04df6e1bf2d00a24e58ed21a879f25385aab70dba HTTP/1.1" 200 - "-" "WordPress/6.9.4; https://ideainitself.com"
184.94.212.206 - - [27/Apr/2026:15:42:10 +0000] "GET /wp-admin/admin-ajax.php?action=wordfence_doScan&isFork=1&scanMode=standard&cronKey=29f8f1d2969293f377ba25f50bd8d485&signature=3fffabdbc7d4977be7454204c687de56f8054f5fd002529836041e76dc1a93e0 HTTP/1.1" 200 - "-" "WordPress/6.9.4; https://ideainitself.com"
192.0.103.42 - - [27/Apr/2026:15:42:50 +0000] "HEAD / HTTP/1.1" 200 - "-" "jetmon/1.0 (Jetpack Site Uptime Monitor by WordPress.com)"
184.94.212.206 - - [27/Apr/2026:15:43:17 +0000] "POST /wp-cron.php?doing_wp_cron=1777304597.3910360336303710937500 HTTP/1.1" 200 - "-" "WordPress/6.9.4; https://ideainitself.com"
184.94.212.206 - - [27/Apr/2026:15:42:43 +0000] "GET /wp-admin/admin-ajax.php?action=wordfence_doScan&isFork=1&scanMode=standard&cronKey=85cc7d32597f1752052e8a215eaf01ff&signature=af23827fc4acb6b027e71743e78c6cdd6c3ebe8d3bb89cb0a0e92d8049f08921 HTTP/1.1" 200 - "-" "WordPress/6.9.4; https://ideainitself.com"
184.94.212.206 - - [27/Apr/2026:15:43:49 +0000] "POST /wp-cron.php?doing_wp_cron=1777304629.3254010677337646484375 HTTP/1.1" 200 - "-" "WordPress/6.9.4; https://ideainitself.com"
184.94.212.206 - - [27/Apr/2026:15:43:16 +0000] "GET /wp-admin/admin-ajax.php?action=wordfence_doScan&isFork=1&scanMode=standard&cronKey=c16c279cb3d72776f03153f4faa72143&signature=1dfdb5d935d7de975a7effc8a99b56ce2c7997547b86bbca21f8788ebded5f79 HTTP/1.1" 200 - "-" "WordPress/6.9.4; https://ideainitself.com"
184.94.212.206 - - [27/Apr/2026:15:44:21 +0000] "POST /wp-cron.php?doing_wp_cron=1777304661.9267649650573730468750 HTTP/1.1" 200 - "-" "WordPress/6.9.4; https://ideainitself.com"
184.94.212.206 - - [27/Apr/2026:15:43:48 +0000] "GET /wp-admin/admin-ajax.php?action=wordfence_doScan&isFork=1&scanMode=standard&cronKey=bcbb8fbd3f503cae446614e47f5738eb&signature=6a2d3ba3677add620b6c47517c68bd9aa0ec97bbbffaf6dadb173ee5bff70a2a HTTP/1.1" 200 - "-" "WordPress/6.9.4; https://ideainitself.com"
184.94.212.206 - - [27/Apr/2026:15:44:54 +0000] "POST /wp-cron.php?doing_wp_cron=1777304694.2454640865325927734375 HTTP/1.1" 200 - "-" "WordPress/6.9.4; https://ideainitself.com"
184.94.212.206 - - [27/Apr/2026:15:44:20 +0000] "GET /wp-admin/admin-ajax.php?action=wordfence_doScan&isFork=1&scanMode=standard&cronKey=da57540febd5c87945d14dbd2bf61ab1&signature=f0e6071c1be03300fd56c307f3ea323cfb8efa5f678d180401bfa5cb949d87db HTTP/1.1" 200 - "-" "WordPress/6.9.4; https://ideainitself.com"
184.94.212.206 - - [27/Apr/2026:15:45:26 +0000] "POST /wp-cron.php?doing_wp_cron=1777304726.5040938854217529296875 HTTP/1.1" 200 - "-" "WordPress/6.9.4; https://ideainitself.com"
184.94.212.206 - - [27/Apr/2026:15:44:53 +0000] "GET /wp-admin/admin-ajax.php?action=wordfence_doScan&isFork=1&scanMode=standard&cronKey=09d4a3f167f86aa2c1bcd01e92b167be&signature=ff9a7889ea1132b060fa9cac2248d3b920e3eee52fa9bcb659af3fdf37bc3f96 HTTP/1.1" 200 - "-" "WordPress/6.9.4; https://ideainitself.com"
184.94.212.206 - - [27/Apr/2026:15:45:58 +0000] "POST /wp-cron.php?doing_wp_cron=1777304758.3285059928894042968750 HTTP/1.1" 200 - "-" "WordPress/6.9.4; https://ideainitself.com"
184.94.212.206 - - [27/Apr/2026:15:45:25 +0000] "GET /wp-admin/admin-ajax.php?action=wordfence_doScan&isFork=1&scanMode=standard&cronKey=05fa3e2a094eccaf1ee29ade43f5f839&signature=8d0310997805ddd54bbaf3127f83059a1fbf4b67c98004810aa61860542d9d4f HTTP/1.1" 200 - "-" "WordPress/6.9.4; https://ideainitself.com"
184.94.212.206 - - [27/Apr/2026:15:46:30 +0000] "POST /wp-cron.php?doing_wp_cron=1777304790.3845040798187255859375 HTTP/1.1" 200 - "-" "WordPress/6.9.4; https://ideainitself.com"
184.94.212.206 - - [27/Apr/2026:15:45:57 +0000] "GET /wp-admin/admin-ajax.php?action=wordfence_doScan&isFork=1&scanMode=standard&cronKey=55ab7a10e5fd5ef5ed8a0ad7ba29ff69&signature=29ce7ab53035316acbbb66ab877f25fede3a3a0b0d0201b3afa83b03646df7f5 HTTP/1.1" 200 - "-" "WordPress/6.9.4; https://ideainitself.com"
184.94.212.206 - - [27/Apr/2026:15:47:02 +0000] "POST /wp-cron.php?doing_wp_cron=1777304822.3899478912353515625000 HTTP/1.1" 200 - "-" "WordPress/6.9.4; https://ideainitself.com"
184.94.212.206 - - [27/Apr/2026:15:46:29 +0000] "GET /wp-admin/admin-ajax.php?action=wordfence_doScan&isFork=1&scanMode=standard&cronKey=8f6890a54996f382fb088bbf2c0099b2&signature=e0cc11035398c7f533151cd55e51a7f8b55a49a5d5adb43089dca6132f228605 HTTP/1.1" 200 - "-" "WordPress/6.9.4; https://ideainitself.com"
91.92.242.223 - - [27/Apr/2026:15:46:59 +0000] "POST /wp-login.php?action=register HTTP/1.1" 500 188 "-" "-"
184.94.212.206 - - [27/Apr/2026:15:47:01 +0000] "GET /wp-admin/admin-ajax.php?action=wordfence_doScan&isFork=1&scanMode=standard&cronKey=b5e8535b1cff4a7bc94cab21126d2c89&signature=1e5463e2783d08bac7ddc964b37a811bf5f91b78b5168e117e1aeff84d5cb6ab HTTP/1.1" 200 - "-" "WordPress/6.9.4; https://ideainitself.com"
192.0.103.42 - - [27/Apr/2026:15:47:51 +0000] "HEAD / HTTP/1.1" 200 - "-" "jetmon/1.0 (Jetpack Site Uptime Monitor by WordPress.com)"
184.94.212.206 - - [27/Apr/2026:15:48:06 +0000] "POST /wp-cron.php?doing_wp_cron=1777304886.4274079799652099609375 HTTP/1.1" 200 - "-" "WordPress/6.9.4; https://ideainitself.com"
184.94.212.206 - - [27/Apr/2026:15:47:33 +0000] "GET /wp-admin/admin-ajax.php?action=wordfence_doScan&isFork=1&scanMode=standard&cronKey=238506567974f11efc53f82f4293ee9b&signature=b088606965ac427810ca76672dda1a86be179910699fd44a01faaa06a1db08ab HTTP/1.1" 200 - "-" "WordPress/6.9.4; https://ideainitself.com"
184.94.212.206 - - [27/Apr/2026:15:48:38 +0000] "POST /wp-cron.php?doing_wp_cron=1777304918.2719750404357910156250 HTTP/1.1" 200 - "-" "WordPress/6.9.4; https://ideainitself.com"
184.94.212.206 - - [27/Apr/2026:15:48:05 +0000] "GET /wp-admin/admin-ajax.php?action=wordfence_doScan&isFork=1&scanMode=standard&cronKey=e3af62f39651914e5414e0aa3d1b616c&signature=0eb522c9ebaedecc02d287fa453ca184683f1656c5b18973082156e0983893c1 HTTP/1.1" 200 - "-" "WordPress/6.9.4; https://ideainitself.com"
184.94.212.206 - - [27/Apr/2026:15:49:11 +0000] "POST /wp-cron.php?doing_wp_cron=1777304951.0043649673461914062500 HTTP/1.1" 200 - "-" "WordPress/6.9.4; https://ideainitself.com"
184.94.212.206 - - [27/Apr/2026:15:48:37 +0000] "GET /wp-admin/admin-ajax.php?action=wordfence_doScan&isFork=1&scanMode=standard&cronKey=a799df2160e64e838c20c9d7b0ae7cdf&signature=b5722d79816a21e9937ccade4ba8104e38fc18ddf19e4d2f2e298089a16f582b HTTP/1.1" 200 - "-" "WordPress/6.9.4; https://ideainitself.com"
184.94.212.206 - - [27/Apr/2026:15:49:43 +0000] "POST /wp-cron.php?doing_wp_cron=1777304983.5338370800018310546875 HTTP/1.1" 200 - "-" "WordPress/6.9.4; https://ideainitself.com"
184.94.212.206 - - [27/Apr/2026:15:49:10 +0000] "GET /wp-admin/admin-ajax.php?action=wordfence_doScan&isFork=1&scanMode=standard&cronKey=28d22a782ad4a5b4c969950de9357ac8&signature=df7a75b49c38cddc74d8531bc80cfc01a11ad61587d4117eff1a7f6f20c0eef2 HTTP/1.1" 200 - "-" "WordPress/6.9.4; https://ideainitself.com"
184.94.212.206 - - [27/Apr/2026:15:50:15 +0000] "POST /wp-cron.php?doing_wp_cron=1777305015.4754309654235839843750 HTTP/1.1" 200 - "-" "WordPress/6.9.4; https://ideainitself.com"
184.94.212.206 - - [27/Apr/2026:15:49:42 +0000] "GET /wp-admin/admin-ajax.php?action=wordfence_doScan&isFork=1&scanMode=standard&cronKey=a8c77c04a67a98acc6396bd149b9f13b&signature=15cb2220b3b2a5f8771edf48889ba9da29fabb23d62b29e3a534cfb94148a971 HTTP/1.1" 200 - "-" "WordPress/6.9.4; https://ideainitself.com"
52.167.144.54 - - [27/Apr/2026:15:50:42 +0000] "GET /robots.txt HTTP/1.1" 200 115 "-" "Mozilla/5.0 AppleWebKit/537.36 (KHTML, like Gecko; compatible; bingbot/2.0; +http://www.bing.com/bingbot.htm) Chrome/116.0.1938.76 Safari/537.36"
52.167.144.147 - - [27/Apr/2026:15:50:44 +0000] "GET /sitemap.xml HTTP/1.1" 200 246 "-" "Mozilla/5.0 AppleWebKit/537.36 (KHTML, like Gecko; compatible; bingbot/2.0; +http://www.bing.com/bingbot.htm) Chrome/116.0.1938.76 Safari/537.36"
184.94.212.206 - - [27/Apr/2026:15:50:14 +0000] "GET /wp-admin/admin-ajax.php?action=wordfence_doScan&isFork=1&scanMode=standard&cronKey=2e89ff99aec3417a5a5a74553188ce9b&signature=4a9cef44200bf7d7fc66a1cf0eb713cf65849e1864f8ab51b5865bc144eb9c5f HTTP/1.1" 200 - "-" "WordPress/6.9.4; https://ideainitself.com"
184.94.212.206 - - [27/Apr/2026:15:51:19 +0000] "POST /wp-cron.php?doing_wp_cron=1777305079.2385189533233642578125 HTTP/1.1" 200 - "-" "WordPress/6.9.4; https://ideainitself.com"
184.94.212.206 - - [27/Apr/2026:15:50:46 +0000] "GET /wp-admin/admin-ajax.php?action=wordfence_doScan&isFork=1&scanMode=standard&cronKey=40830a2bdfe7d836ea7a6fd9d624fe94&signature=9b2258d13fc5723bafb9fd5a08c2fdf52b8944da8184f392dc3392bd1b14f7dd HTTP/1.1" 200 - "-" "WordPress/6.9.4; https://ideainitself.com"
184.94.212.206 - - [27/Apr/2026:15:51:52 +0000] "POST /wp-cron.php?doing_wp_cron=1777305112.6360750198364257812500 HTTP/1.1" 200 - "-" "WordPress/6.9.4; https://ideainitself.com"
184.94.212.206 - - [27/Apr/2026:15:51:18 +0000] "GET /wp-admin/admin-ajax.php?action=wordfence_doScan&isFork=1&scanMode=standard&cronKey=84772d0553837e9632ceeea417558b48&signature=f597e83c1e8ad3ba2eaa97bdbb4504a1d37bb823cd2a822bdd155e5df5aab289 HTTP/1.1" 200 - "-" "WordPress/6.9.4; https://ideainitself.com"
91.92.242.223 - - [27/Apr/2026:15:51:59 +0000] "POST /wp-login.php?action=register HTTP/1.1" 500 188 "-" "-"
184.94.212.206 - - [27/Apr/2026:15:52:25 +0000] "POST /wp-cron.php?doing_wp_cron=1777305145.3699939250946044921875 HTTP/1.1" 200 - "-" "WordPress/6.9.4; https://ideainitself.com"
184.94.212.206 - - [27/Apr/2026:15:51:51 +0000] "GET /wp-admin/admin-ajax.php?action=wordfence_doScan&isFork=1&scanMode=standard&cronKey=7b0034ce013b3a7134c9a0dab6158606&signature=4614c4eab240a2813b9b3d98e4c353b9c56df7244be1b5b343e6e6e42428ddb0 HTTP/1.1" 200 - "-" "WordPress/6.9.4; https://ideainitself.com"
184.94.212.206 - - [27/Apr/2026:15:52:51 +0000] "POST /wp-cron.php?doing_wp_cron=1777305169.9210209846496582031250 HTTP/1.1" 200 - "-" "WordPress/6.9.4; https://ideainitself.com"
192.0.103.42 - - [27/Apr/2026:15:52:48 +0000] "HEAD / HTTP/1.1" 200 - "-" "jetmon/1.0 (Jetpack Site Uptime Monitor by WordPress.com)"
184.94.212.206 - - [27/Apr/2026:15:52:58 +0000] "POST /wp-cron.php?doing_wp_cron=1777305178.5533080101013183593750 HTTP/1.1" 200 - "-" "WordPress/6.9.4; https://ideainitself.com"
184.94.212.206 - - [27/Apr/2026:15:52:24 +0000] "GET /wp-admin/admin-ajax.php?action=wordfence_doScan&isFork=1&scanMode=standard&cronKey=41b486387128e5e1d10de2ed737aab2f&signature=97776305dcb495e358d297b8882f8941dae74a7bd3982c505a88b335f72b0e13 HTTP/1.1" 200 - "-" "WordPress/6.9.4; https://ideainitself.com"
184.94.212.206 - - [27/Apr/2026:15:52:57 +0000] "GET /wp-admin/admin-ajax.php?action=wordfence_doScan&isFork=1&scanMode=standard&cronKey=033c41fa93dc10eac8018b95223a17d7&signature=efe994b11d9234541ed22e0b20f8c08ce29a482509f71873112ccf93bece2c7c HTTP/1.1" 200 - "-" "WordPress/6.9.4; https://ideainitself.com"
184.94.212.206 - - [27/Apr/2026:15:54:07 +0000] "POST /wp-cron.php?doing_wp_cron=1777305247.2052679061889648437500 HTTP/1.1" 200 - "-" "WordPress/6.9.4; https://ideainitself.com"
184.94.212.206 - - [27/Apr/2026:15:53:32 +0000] "GET /wp-admin/admin-ajax.php?action=wordfence_doScan&isFork=1&scanMode=standard&cronKey=9f166e528a61dbbfc2ac3fa5069a95ec&signature=1d7327d361f3620e36bc1750cf08afe308dd407c9e3bbb95ad9d96c3d0486668 HTTP/1.1" 200 - "-" "WordPress/6.9.4; https://ideainitself.com"
47.128.52.116 - - [27/Apr/2026:15:54:13 +0000] "GET /web-services/ HTTP/1.1" 200 47552 "-" "Mozilla/5.0 (Linux; Android 5.0) AppleWebKit/537.36 (KHTML, like Gecko) Mobile Safari/537.36 (compatible; Bytespider; spider-feedback@bytedance.com)"
47.128.52.116 - - [27/Apr/2026:15:54:16 +0000] "GET /wp-content/themes/generatepress/assets/css/components/widget-areas.min.css?ver=3.6.1 HTTP/1.1" 200 693 "https://ideainitself.com/web-services/" "Mozilla/5.0 (Linux; Android 5.0) AppleWebKit/537.36 (KHTML, like Gecko) Mobile Safari/537.36 (compatible; Bytespider; spider-feedback@bytedance.com)"
47.128.52.116 - - [27/Apr/2026:15:54:16 +0000] "GET /wp-content/themes/generatepress/assets/css/main.min.css?ver=3.6.1 HTTP/1.1" 200 4675 "https://ideainitself.com/web-services/" "Mozilla/5.0 (Linux; Android 5.0) AppleWebKit/537.36 (KHTML, like Gecko) Mobile Safari/537.36 (compatible; Bytespider; spider-feedback@bytedance.com)"
184.94.212.206 - - [27/Apr/2026:15:54:36 +0000] "POST /wp-cron.php?doing_wp_cron=1777305276.8215711116790771484375 HTTP/1.1" 200 - "-" "WordPress/6.9.4; https://ideainitself.com"
14.189.216.210 - - [27/Apr/2026:15:54:35 +0000] "GET /tag/unblock-creativity/ HTTP/1.1" 200 47969 "-" "Mozilla/5.0 (Macintosh; Intel Mac OS X 10_15_7) AppleWebKit/537.36 (KHTML, like Gecko) Chrome/120.0.0.0 Safari/537.36"
184.94.212.206 - - [27/Apr/2026:15:54:40 +0000] "POST /wp-cron.php?doing_wp_cron=1777305280.8059990406036376953125 HTTP/1.1" 200 - "-" "WordPress/6.9.4; https://ideainitself.com"
184.94.212.206 - - [27/Apr/2026:15:54:06 +0000] "GET /wp-admin/admin-ajax.php?action=wordfence_doScan&isFork=1&scanMode=standard&cronKey=001a5ae475f2e684ceaee9b1dc700a9f&signature=10f4d9ebb3e468b43e41ca8d65d82deb39c9b2cf54944e21e6dfadcc406e235c HTTP/1.1" 200 - "-" "WordPress/6.9.4; https://ideainitself.com"
114.119.148.165 - - [27/Apr/2026:15:55:10 +0000] "GET /how-working-in-short-bursts-benefits-the-easily-distracted/?share=facebook HTTP/1.1" 302 - "https://ideainitself.com/how-working-in-short-bursts-benefits-the-easily-distracted/" "Mozilla/5.0 (Linux; Android 7.0;) AppleWebKit/537.36 (HTML, like Gecko) Mobile Safari/537.36 (compatible; PetalBot;+https://webmaster.petalsearch.com/site/petalbot)"
184.94.212.206 - - [27/Apr/2026:15:54:39 +0000] "GET /wp-admin/admin-ajax.php?action=wordfence_doScan&isFork=1&scanMode=standard&cronKey=e679de03e83adf4645f60f23029a8644&signature=2622f7367a96632892333bd80fe125967ebd3f835a365100e96c413625c2b05f HTTP/1.1" 200 - "-" "WordPress/6.9.4; https://ideainitself.com"
184.94.212.206 - - [27/Apr/2026:15:55:46 +0000] "POST /wp-cron.php?doing_wp_cron=1777305346.3982479572296142578125 HTTP/1.1" 200 - "-" "WordPress/6.9.4; https://ideainitself.com"
184.94.212.206 - - [27/Apr/2026:15:55:12 +0000] "GET /wp-admin/admin-ajax.php?action=wordfence_doScan&isFork=1&scanMode=standard&cronKey=54f9d69205d6f671e0dfe1f36c708163&signature=7d04b2cf975c5ed856f3347ec6dc9517a1efa5b2c2c168e05c4b263ac93e4cf1 HTTP/1.1" 200 - "-" "WordPress/6.9.4; https://ideainitself.com"
184.94.212.206 - - [27/Apr/2026:15:56:20 +0000] "POST /wp-cron.php?doing_wp_cron=1777305380.1069691181182861328125 HTTP/1.1" 200 - "-" "WordPress/6.9.4; https://ideainitself.com"
184.94.212.206 - - [27/Apr/2026:15:55:45 +0000] "GET /wp-admin/admin-ajax.php?action=wordfence_doScan&isFork=1&scanMode=standard&cronKey=5425940908381dae376190c6a45b2094&signature=2f6ed81352bf44f55e7ad6618413d1c0054d4735217b31ccb1aa0de0f0ddc996 HTTP/1.1" 200 - "-" "WordPress/6.9.4; https://ideainitself.com"
