File: //home/primrwxj/logs/eyemovementdesensitizationandreprocessing.primemusicproductions.com.bkup
184.94.212.206 - - [27/Apr/2026:12:04:56 +0000] "POST /wp-cron.php?doing_wp_cron=1777291496.4176099300384521484375 HTTP/1.1" 200 - "-" "WordPress/6.9.4; https://eyemovementdesensitizationandreprocessing.com"
34.198.2.0 - - [27/Apr/2026:12:04:54 +0000] "GET /robots.txt HTTP/1.1" 301 - "-" "Mozilla/5.0 (Macintosh; Intel Mac OS X 10_10_1) AppleWebKit/600.2.5 (KHTML, like Gecko) Version/8.0.2 Safari/600.2.5 (Gort)"
52.7.45.143 - - [27/Apr/2026:12:04:56 +0000] "GET /robots.txt HTTP/1.1" 200 151 "-" "Mozilla/5.0 (Macintosh; Intel Mac OS X 10_10_1) AppleWebKit/600.2.5 (KHTML, like Gecko) Version/8.0.2 Safari/600.2.5 (Gort)"
184.94.212.206 - - [27/Apr/2026:12:05:41 +0000] "POST /wp-cron.php?doing_wp_cron=1777291541.3738660812377929687500 HTTP/1.1" 200 - "-" "WordPress/6.9.4; https://eyemovementdesensitizationandreprocessing.com"
2.58.56.197 - - [27/Apr/2026:12:05:40 +0000] "GET /txets.php HTTP/1.1" 301 - "-" "Mozilla/5.0 (Windows NT 10.0; Win64; x64) AppleWebKit/537.36 (KHTML, like Gecko) Chrome/91.0.4472.124 Safari/537.36"
2.58.56.197 - - [27/Apr/2026:12:05:41 +0000] "GET /wp-content/txets.php HTTP/1.1" 301 - "-" "Mozilla/5.0 (Windows NT 10.0; Win64; x64) AppleWebKit/537.36 (KHTML, like Gecko) Chrome/91.0.4472.124 Safari/537.36"
2.58.56.197 - - [27/Apr/2026:12:05:44 +0000] "GET /wp-includes/widgets/txets.php HTTP/1.1" 301 - "-" "Mozilla/5.0 (Windows NT 10.0; Win64; x64) AppleWebKit/537.36 (KHTML, like Gecko) Chrome/91.0.4472.124 Safari/537.36"
2.58.56.197 - - [27/Apr/2026:12:05:45 +0000] "GET /wp-includes/rest-api/txets.php HTTP/1.1" 301 - "-" "Mozilla/5.0 (Windows NT 10.0; Win64; x64) AppleWebKit/537.36 (KHTML, like Gecko) Chrome/91.0.4472.124 Safari/537.36"
2.58.56.197 - - [27/Apr/2026:12:05:47 +0000] "GET /wp-includes/blocks/post-template/txets.php HTTP/1.1" 301 - "-" "Mozilla/5.0 (Windows NT 10.0; Win64; x64) AppleWebKit/537.36 (KHTML, like Gecko) Chrome/91.0.4472.124 Safari/537.36"
2.58.56.197 - - [27/Apr/2026:12:05:51 +0000] "GET /wp-admin/txets.php HTTP/1.1" 301 - "-" "Mozilla/5.0 (Windows NT 10.0; Win64; x64) AppleWebKit/537.36 (KHTML, like Gecko) Chrome/91.0.4472.124 Safari/537.36"
2.58.56.197 - - [27/Apr/2026:12:05:53 +0000] "GET /wp-includes/txets.php HTTP/1.1" 301 - "-" "Mozilla/5.0 (Windows NT 10.0; Win64; x64) AppleWebKit/537.36 (KHTML, like Gecko) Chrome/91.0.4472.124 Safari/537.36"
2.58.56.197 - - [27/Apr/2026:12:05:55 +0000] "GET /schallfuns.php HTTP/1.1" 301 - "-" "Mozilla/5.0 (Windows NT 10.0; Win64; x64) AppleWebKit/537.36 (KHTML, like Gecko) Chrome/91.0.4472.124 Safari/537.36"
2.58.56.197 - - [27/Apr/2026:12:05:56 +0000] "GET /postnews.php HTTP/1.1" 301 - "-" "Mozilla/5.0 (Windows NT 10.0; Win64; x64) AppleWebKit/537.36 (KHTML, like Gecko) Chrome/91.0.4472.124 Safari/537.36"
65.108.44.54 - - [27/Apr/2026:12:07:30 +0000] "HEAD /robots.txt HTTP/1.1" 200 - "-" "MBCrawler/1.0 (https://monitorbacklinks.com/robot)"
65.108.44.54 - - [27/Apr/2026:12:07:32 +0000] "HEAD /robots.txt HTTP/1.1" 200 - "-" "MBCrawler/1.0 (https://monitorbacklinks.com/robot)"
65.108.44.54 - - [27/Apr/2026:12:07:33 +0000] "GET /robots.txt HTTP/1.1" 200 151 "-" "MBCrawler/1.0 (https://monitorbacklinks.com/robot)"
65.108.44.54 - - [27/Apr/2026:12:07:34 +0000] "GET /robots.txt HTTP/1.1" 200 151 "-" "MBCrawler/1.0 (https://monitorbacklinks.com/robot)"
65.108.44.54 - - [27/Apr/2026:12:07:35 +0000] "HEAD /emdr/emdr-and-anxiety/ HTTP/1.1" 301 - "-" "MBCrawler/1.0 (https://monitorbacklinks.com/robot)"
65.108.44.54 - - [27/Apr/2026:12:07:36 +0000] "HEAD /emdr-side-effects/ HTTP/1.1" 301 - "-" "MBCrawler/1.0 (https://monitorbacklinks.com/robot)"
65.108.44.54 - - [27/Apr/2026:12:07:39 +0000] "GET /emdr/emdr-and-anxiety/ HTTP/1.1" 301 - "-" "MBCrawler/1.0 (https://monitorbacklinks.com/robot)"
65.108.44.54 - - [27/Apr/2026:12:07:40 +0000] "GET /emdr-side-effects/ HTTP/1.1" 301 - "-" "MBCrawler/1.0 (https://monitorbacklinks.com/robot)"
216.244.66.244 - - [27/Apr/2026:12:11:18 +0000] "GET /robots.txt HTTP/1.1" 200 304 "-" "Mozilla/5.0 (compatible; DotBot/1.2; +https://opensiteexplorer.org/dotbot; help@moz.com)"
184.94.212.206 - - [27/Apr/2026:12:11:52 +0000] "POST /wp-cron.php?doing_wp_cron=1777291912.9811460971832275390625 HTTP/1.1" 200 - "-" "WordPress/6.9.4; https://eyemovementdesensitizationandreprocessing.com"
192.0.118.81 - - [27/Apr/2026:12:11:51 +0000] "GET /wp-content/uploads/2012/06/Bipolar_Disorder1-300x145.jpg HTTP/1.1" 301 - "-" "Photon/1.0"
184.94.212.206 - - [27/Apr/2026:12:14:19 +0000] "POST /wp-cron.php?doing_wp_cron=1777292059.6693210601806640625000 HTTP/1.1" 200 - "-" "WordPress/6.9.4; https://eyemovementdesensitizationandreprocessing.com"
192.0.112.177 - - [27/Apr/2026:12:14:18 +0000] "GET /wp-content/uploads/2014/03/020731_1618_0164_lsms-300x199.jpg HTTP/1.1" 301 - "-" "Photon/1.0"
192.0.118.81 - - [27/Apr/2026:12:16:22 +0000] "GET /wp-content/uploads/2012/06/Bipolar_Disorder1-300x145.jpg HTTP/1.1" 301 - "-" "Photon/1.0"
107.148.174.44 - - [27/Apr/2026:12:21:24 +0000] "GET /wp-json/wp/v2/posts HTTP/1.1" 200 26231 "-" "Mozilla/5.0 (Windows NT 10.0; Win64; x64) AppleWebKit/537.36 (KHTML, like Gecko) Chrome/120.0.0.0 Safari/537.36"
65.108.44.54 - - [27/Apr/2026:12:21:33 +0000] "HEAD /robots.txt HTTP/1.1" 200 - "-" "MBCrawler/1.0 (https://monitorbacklinks.com/robot)"
65.108.44.54 - - [27/Apr/2026:12:21:35 +0000] "HEAD /robots.txt HTTP/1.1" 200 - "-" "MBCrawler/1.0 (https://monitorbacklinks.com/robot)"
65.108.44.54 - - [27/Apr/2026:12:21:35 +0000] "GET /robots.txt HTTP/1.1" 200 151 "-" "MBCrawler/1.0 (https://monitorbacklinks.com/robot)"
184.94.212.206 - - [27/Apr/2026:12:21:38 +0000] "POST /wp-cron.php?doing_wp_cron=1777292498.3098850250244140625000 HTTP/1.1" 200 - "-" "WordPress/6.9.4; https://eyemovementdesensitizationandreprocessing.com"
65.108.44.54 - - [27/Apr/2026:12:21:36 +0000] "HEAD /emdr/emdr-and-anxiety/ HTTP/1.1" 301 - "-" "MBCrawler/1.0 (https://monitorbacklinks.com/robot)"
65.108.44.54 - - [27/Apr/2026:12:21:37 +0000] "GET /robots.txt HTTP/1.1" 200 151 "-" "MBCrawler/1.0 (https://monitorbacklinks.com/robot)"
65.108.44.54 - - [27/Apr/2026:12:21:39 +0000] "HEAD /emdr-side-effects/ HTTP/1.1" 301 - "-" "MBCrawler/1.0 (https://monitorbacklinks.com/robot)"
65.108.44.54 - - [27/Apr/2026:12:21:40 +0000] "GET /emdr/emdr-and-anxiety/ HTTP/1.1" 301 - "-" "MBCrawler/1.0 (https://monitorbacklinks.com/robot)"
65.108.44.54 - - [27/Apr/2026:12:21:42 +0000] "GET /emdr-side-effects/ HTTP/1.1" 301 - "-" "MBCrawler/1.0 (https://monitorbacklinks.com/robot)"
192.0.89.215 - - [27/Apr/2026:12:22:33 +0000] "GET /feed/ HTTP/1.1" 200 24204 "-" "wp.com feedbot/1.0 (+https://wp.com;subscribers=17;feed-id=81430179)"
49.233.45.47 - - [27/Apr/2026:12:22:36 +0000] "GET / HTTP/1.1" 200 65713 "-" "Mozilla/5.0 (iPhone; CPU iPhone OS 13_2_3 like Mac OS X) AppleWebKit/605.1.15 (KHTML, like Gecko) Version/13.0.3 Mobile/15E148 Safari/604.1"
184.94.212.206 - - [27/Apr/2026:12:27:41 +0000] "POST /wp-cron.php?doing_wp_cron=1777292861.4016430377960205078125 HTTP/1.1" 200 - "-" "WordPress/6.9.4; https://eyemovementdesensitizationandreprocessing.com"
216.244.66.244 - - [27/Apr/2026:12:27:39 +0000] "GET /resources/general-health-topics/?share=facebook HTTP/1.1" 302 - "-" "Mozilla/5.0 (compatible; DotBot/1.2; +https://opensiteexplorer.org/dotbot; help@moz.com)"
17.22.237.92 - - [27/Apr/2026:12:31:31 +0000] "GET /robots.txt HTTP/1.1" 200 151 "-" "Mozilla/5.0 (Macintosh; Intel Mac OS X 10_15_7) AppleWebKit/605.1.15 (KHTML, like Gecko) Version/17.4 Safari/605.1.15 (Applebot/0.1; +http://www.apple.com/go/applebot)"
17.22.237.92 - - [27/Apr/2026:12:31:33 +0000] "GET /wp-content/uploads/2012/11/emdr.jpg HTTP/1.1" 301 - "-" "Mozilla/5.0 (Macintosh; Intel Mac OS X 10_15_7) AppleWebKit/605.1.15 (KHTML, like Gecko) Version/17.4 Safari/605.1.15 (Applebot/0.1; +http://www.apple.com/go/applebot)"
14.165.16.189 - - [27/Apr/2026:12:32:56 +0000] "GET http://eyemovementdesensitizationandreprocessing.com/general-health-topics/va-disability-compensation-codes/ HTTP/1.1" 301 - "-" "Mozilla/5.0 (Windows NT 6.1; Win64; x64) AppleWebKit/537.36 (KHTML, like Gecko) Chrome/89.0.4389.114 Safari/537.36"
184.94.212.206 - - [27/Apr/2026:12:36:40 +0000] "POST /wp-cron.php?doing_wp_cron=1777293400.7532570362091064453125 HTTP/1.1" 200 - "-" "WordPress/6.9.4; https://eyemovementdesensitizationandreprocessing.com"
65.108.44.54 - - [27/Apr/2026:12:36:39 +0000] "HEAD /robots.txt HTTP/1.1" 200 - "-" "MBCrawler/1.0 (https://monitorbacklinks.com/robot)"
65.108.44.54 - - [27/Apr/2026:12:36:40 +0000] "HEAD /robots.txt HTTP/1.1" 200 - "-" "MBCrawler/1.0 (https://monitorbacklinks.com/robot)"
65.108.44.54 - - [27/Apr/2026:12:36:41 +0000] "GET /robots.txt HTTP/1.1" 200 151 "-" "MBCrawler/1.0 (https://monitorbacklinks.com/robot)"
65.108.44.54 - - [27/Apr/2026:12:36:42 +0000] "GET /robots.txt HTTP/1.1" 200 151 "-" "MBCrawler/1.0 (https://monitorbacklinks.com/robot)"
65.108.44.54 - - [27/Apr/2026:12:36:43 +0000] "HEAD /emdr/emdr-and-anxiety/ HTTP/1.1" 301 - "-" "MBCrawler/1.0 (https://monitorbacklinks.com/robot)"
65.108.44.54 - - [27/Apr/2026:12:36:44 +0000] "HEAD /emdr-side-effects/ HTTP/1.1" 301 - "-" "MBCrawler/1.0 (https://monitorbacklinks.com/robot)"
65.108.44.54 - - [27/Apr/2026:12:36:46 +0000] "GET /emdr/emdr-and-anxiety/ HTTP/1.1" 301 - "-" "MBCrawler/1.0 (https://monitorbacklinks.com/robot)"
65.108.44.54 - - [27/Apr/2026:12:36:48 +0000] "GET /emdr-side-effects/ HTTP/1.1" 301 - "-" "MBCrawler/1.0 (https://monitorbacklinks.com/robot)"
66.249.66.14 - - [27/Apr/2026:12:54:15 +0000] "GET /ads.txt HTTP/1.1" 304 - "-" "Google-adstxt"
65.108.44.54 - - [27/Apr/2026:12:57:14 +0000] "HEAD /robots.txt HTTP/1.1" 200 - "-" "MBCrawler/1.0 (https://monitorbacklinks.com/robot)"
65.108.44.54 - - [27/Apr/2026:12:57:16 +0000] "HEAD /robots.txt HTTP/1.1" 200 - "-" "MBCrawler/1.0 (https://monitorbacklinks.com/robot)"
65.108.44.54 - - [27/Apr/2026:12:57:17 +0000] "GET /robots.txt HTTP/1.1" 200 151 "-" "MBCrawler/1.0 (https://monitorbacklinks.com/robot)"
65.108.44.54 - - [27/Apr/2026:12:57:18 +0000] "GET /robots.txt HTTP/1.1" 200 151 "-" "MBCrawler/1.0 (https://monitorbacklinks.com/robot)"
65.108.44.54 - - [27/Apr/2026:12:57:18 +0000] "HEAD /emdr/emdr-and-anxiety/ HTTP/1.1" 301 - "-" "MBCrawler/1.0 (https://monitorbacklinks.com/robot)"
65.108.44.54 - - [27/Apr/2026:12:57:21 +0000] "HEAD /emdr-side-effects/ HTTP/1.1" 301 - "-" "MBCrawler/1.0 (https://monitorbacklinks.com/robot)"
65.108.44.54 - - [27/Apr/2026:12:57:23 +0000] "GET /emdr/emdr-and-anxiety/ HTTP/1.1" 301 - "-" "MBCrawler/1.0 (https://monitorbacklinks.com/robot)"
65.108.44.54 - - [27/Apr/2026:12:57:25 +0000] "GET /emdr-side-effects/ HTTP/1.1" 301 - "-" "MBCrawler/1.0 (https://monitorbacklinks.com/robot)"
216.244.66.244 - - [27/Apr/2026:13:02:21 +0000] "GET /robots.txt HTTP/1.1" 200 304 "-" "Mozilla/5.0 (compatible; DotBot/1.2; +https://opensiteexplorer.org/dotbot; help@moz.com)"
192.0.85.89 - - [27/Apr/2026:13:10:16 +0000] "GET /wp-content/uploads/2025/02/create-a-vibrant-and-uplifting-featured-image-for-a-blog.png HTTP/1.1" 200 857577 "-" "Photon/1.0"
184.94.212.206 - - [27/Apr/2026:13:11:42 +0000] "POST /wp-cron.php?doing_wp_cron=1777295502.8137810230255126953125 HTTP/1.1" 200 - "-" "WordPress/6.9.4; https://eyemovementdesensitizationandreprocessing.com"
65.108.44.54 - - [27/Apr/2026:13:11:41 +0000] "HEAD /robots.txt HTTP/1.1" 200 - "-" "MBCrawler/1.0 (https://monitorbacklinks.com/robot)"
65.108.44.54 - - [27/Apr/2026:13:11:42 +0000] "HEAD /robots.txt HTTP/1.1" 200 - "-" "MBCrawler/1.0 (https://monitorbacklinks.com/robot)"
65.108.44.54 - - [27/Apr/2026:13:11:43 +0000] "GET /robots.txt HTTP/1.1" 200 151 "-" "MBCrawler/1.0 (https://monitorbacklinks.com/robot)"
65.108.44.54 - - [27/Apr/2026:13:11:44 +0000] "GET /robots.txt HTTP/1.1" 200 151 "-" "MBCrawler/1.0 (https://monitorbacklinks.com/robot)"
65.108.44.54 - - [27/Apr/2026:13:11:45 +0000] "HEAD /emdr/emdr-and-anxiety/ HTTP/1.1" 301 - "-" "MBCrawler/1.0 (https://monitorbacklinks.com/robot)"
65.108.44.54 - - [27/Apr/2026:13:11:46 +0000] "HEAD /emdr-side-effects/ HTTP/1.1" 301 - "-" "MBCrawler/1.0 (https://monitorbacklinks.com/robot)"
65.108.44.54 - - [27/Apr/2026:13:11:49 +0000] "GET /emdr/emdr-and-anxiety/ HTTP/1.1" 301 - "-" "MBCrawler/1.0 (https://monitorbacklinks.com/robot)"
65.108.44.54 - - [27/Apr/2026:13:11:50 +0000] "GET /emdr-side-effects/ HTTP/1.1" 301 - "-" "MBCrawler/1.0 (https://monitorbacklinks.com/robot)"
216.244.66.244 - - [27/Apr/2026:13:18:22 +0000] "GET /mental-health-2/mental-health-treatments/emdr/autism-emdr-treatments/ HTTP/1.1" 301 - "-" "Mozilla/5.0 (compatible; DotBot/1.2; +https://opensiteexplorer.org/dotbot; help@moz.com)"
195.234.109.220 - - [27/Apr/2026:13:25:12 +0000] "GET /wp-content/uploads/2017/03/EMDR_Therapy-1024x598.png HTTP/1.1" 301 - "-" "Photon/1.0"
184.94.212.206 - - [27/Apr/2026:13:26:42 +0000] "POST /wp-cron.php?doing_wp_cron=1777296402.1648399829864501953125 HTTP/1.1" 200 - "-" "WordPress/6.9.4; https://eyemovementdesensitizationandreprocessing.com"
141.98.141.10 - - [27/Apr/2026:13:26:40 +0000] "GET http://eyemovementdesensitizationandreprocessing.com/emdr-therapist-training/ HTTP/1.1" 301 - "-" "Mozilla/5.0 (Macintosh; Intel Mac OS X 10_11_6) AppleWebKit/537.36 (KHTML, like Gecko) Brave Chrome/79.0.3945.88 Safari/537.36"
216.244.66.244 - - [27/Apr/2026:13:26:41 +0000] "GET /2025/03/18/personal-development-2/?share=x HTTP/1.1" 302 - "-" "Mozilla/5.0 (compatible; DotBot/1.2; +https://opensiteexplorer.org/dotbot; help@moz.com)"
192.0.114.82 - - [27/Apr/2026:13:28:04 +0000] "GET /wp-content/uploads/2017/06/Trauma-300x144.jpg HTTP/1.1" 301 - "-" "Photon/1.0"
184.94.212.206 - - [27/Apr/2026:13:39:05 +0000] "POST /wp-cron.php?doing_wp_cron=1777297145.3910579681396484375000 HTTP/1.1" 200 - "-" "WordPress/6.9.4; https://eyemovementdesensitizationandreprocessing.com"
65.108.44.54 - - [27/Apr/2026:13:39:02 +0000] "HEAD /robots.txt HTTP/1.1" 200 - "-" "MBCrawler/1.0 (https://monitorbacklinks.com/robot)"
65.108.44.54 - - [27/Apr/2026:13:39:03 +0000] "HEAD /robots.txt HTTP/1.1" 200 - "-" "MBCrawler/1.0 (https://monitorbacklinks.com/robot)"
65.108.44.54 - - [27/Apr/2026:13:39:05 +0000] "GET /robots.txt HTTP/1.1" 200 151 "-" "MBCrawler/1.0 (https://monitorbacklinks.com/robot)"
65.108.44.54 - - [27/Apr/2026:13:39:06 +0000] "GET /robots.txt HTTP/1.1" 200 151 "-" "MBCrawler/1.0 (https://monitorbacklinks.com/robot)"
65.108.44.54 - - [27/Apr/2026:13:39:08 +0000] "HEAD /emdr-side-effects/ HTTP/1.1" 301 - "-" "MBCrawler/1.0 (https://monitorbacklinks.com/robot)"
65.108.44.54 - - [27/Apr/2026:13:39:08 +0000] "HEAD /emdr/emdr-and-anxiety/ HTTP/1.1" 301 - "-" "MBCrawler/1.0 (https://monitorbacklinks.com/robot)"
65.108.44.54 - - [27/Apr/2026:13:39:12 +0000] "GET /emdr-side-effects/ HTTP/1.1" 301 - "-" "MBCrawler/1.0 (https://monitorbacklinks.com/robot)"
65.108.44.54 - - [27/Apr/2026:13:39:12 +0000] "GET /emdr/emdr-and-anxiety/ HTTP/1.1" 301 - "-" "MBCrawler/1.0 (https://monitorbacklinks.com/robot)"
184.94.212.206 - - [27/Apr/2026:13:50:05 +0000] "POST /wp-cron.php?doing_wp_cron=1777297805.7240610122680664062500 HTTP/1.1" 200 - "-" "WordPress/6.9.4; https://eyemovementdesensitizationandreprocessing.com"
27.145.155.148 - - [27/Apr/2026:13:50:03 +0000] "GET /wp-json/wp/v2/posts HTTP/1.1" 200 26231 "-" "Mozilla/5.0 (Windows NT 10.0; Win64; x64) AppleWebKit/537.36 (KHTML, like Gecko) Chrome/120.0.0.0 Safari/537.36"
103.51.223.133 - - [27/Apr/2026:13:50:04 +0000] "GET //wp-json/wp/v2/posts HTTP/1.0" 200 26231 "-" "Mozilla/5.0 (Windows NT 10.0; Win64; x64) AppleWebKit/537.36 (KHTML, like Gecko) Chrome/120.0.0.0 Safari/537.36"
65.108.44.54 - - [27/Apr/2026:13:56:41 +0000] "HEAD /robots.txt HTTP/1.1" 200 - "-" "MBCrawler/1.0 (https://monitorbacklinks.com/robot)"
184.94.212.206 - - [27/Apr/2026:13:56:43 +0000] "POST /wp-cron.php?doing_wp_cron=1777298203.0725669860839843750000 HTTP/1.1" 200 - "-" "WordPress/6.9.4; https://eyemovementdesensitizationandreprocessing.com"
65.108.44.54 - - [27/Apr/2026:13:56:41 +0000] "HEAD /robots.txt HTTP/1.1" 200 - "-" "MBCrawler/1.0 (https://monitorbacklinks.com/robot)"
65.108.44.54 - - [27/Apr/2026:13:56:43 +0000] "GET /robots.txt HTTP/1.1" 200 151 "-" "MBCrawler/1.0 (https://monitorbacklinks.com/robot)"
65.108.44.54 - - [27/Apr/2026:13:56:43 +0000] "GET /robots.txt HTTP/1.1" 200 151 "-" "MBCrawler/1.0 (https://monitorbacklinks.com/robot)"
65.108.44.54 - - [27/Apr/2026:13:56:45 +0000] "HEAD /emdr/emdr-and-anxiety/ HTTP/1.1" 301 - "-" "MBCrawler/1.0 (https://monitorbacklinks.com/robot)"
65.108.44.54 - - [27/Apr/2026:13:56:45 +0000] "HEAD /emdr-side-effects/ HTTP/1.1" 301 - "-" "MBCrawler/1.0 (https://monitorbacklinks.com/robot)"
65.108.44.54 - - [27/Apr/2026:13:56:49 +0000] "GET /emdr/emdr-and-anxiety/ HTTP/1.1" 301 - "-" "MBCrawler/1.0 (https://monitorbacklinks.com/robot)"
65.108.44.54 - - [27/Apr/2026:13:56:50 +0000] "GET /emdr-side-effects/ HTTP/1.1" 301 - "-" "MBCrawler/1.0 (https://monitorbacklinks.com/robot)"
192.0.112.244 - - [27/Apr/2026:14:00:50 +0000] "GET /wp-content/uploads/2025/08/image.png HTTP/1.1" 200 1057746 "-" "Photon/1.0"
43.153.12.58 - - [27/Apr/2026:14:07:16 +0000] "GET / HTTP/1.1" 200 65713 "-" "Mozilla/5.0 (iPhone; CPU iPhone OS 13_2_3 like Mac OS X) AppleWebKit/605.1.15 (KHTML, like Gecko) Version/13.0.3 Mobile/15E148 Safari/604.1"
98.84.177.58 - - [27/Apr/2026:14:08:15 +0000] "GET /success-stories/ HTTP/1.1" 200 69592 "-" "Mozilla/5.0 (Windows NT 10.0; Win64; x64) AppleWebKit/537.36 (KHTML, like Gecko) Chrome/86.0.4240.75 Safari/537.36"
65.108.44.54 - - [27/Apr/2026:14:11:26 +0000] "HEAD /robots.txt HTTP/1.1" 200 - "-" "MBCrawler/1.0 (https://monitorbacklinks.com/robot)"
65.108.44.54 - - [27/Apr/2026:14:11:28 +0000] "GET /robots.txt HTTP/1.1" 200 151 "-" "MBCrawler/1.0 (https://monitorbacklinks.com/robot)"
65.108.44.54 - - [27/Apr/2026:14:11:30 +0000] "HEAD /emdr-side-effects/ HTTP/1.1" 301 - "-" "MBCrawler/1.0 (https://monitorbacklinks.com/robot)"
65.108.44.54 - - [27/Apr/2026:14:11:35 +0000] "GET /emdr-side-effects/ HTTP/1.1" 301 - "-" "MBCrawler/1.0 (https://monitorbacklinks.com/robot)"
184.94.212.206 - - [27/Apr/2026:14:16:05 +0000] "POST /wp-cron.php?doing_wp_cron=1777299364.9900588989257812500000 HTTP/1.1" 200 - "-" "WordPress/6.9.4; https://eyemovementdesensitizationandreprocessing.com"
65.108.44.54 - - [27/Apr/2026:14:16:02 +0000] "HEAD /emdr/emdr-and-anxiety/ HTTP/1.1" 301 - "-" "MBCrawler/1.0 (https://monitorbacklinks.com/robot)"
65.108.44.54 - - [27/Apr/2026:14:16:08 +0000] "GET /emdr/emdr-and-anxiety/ HTTP/1.1" 301 - "-" "MBCrawler/1.0 (https://monitorbacklinks.com/robot)"
66.249.66.42 - - [27/Apr/2026:14:20:19 +0000] "GET /robots.txt HTTP/1.1" 200 151 "-" "Mozilla/5.0 (compatible; Googlebot/2.1; +http://www.google.com/bot.html)"
66.249.66.41 - - [27/Apr/2026:14:20:21 +0000] "GET /ads.txt HTTP/1.1" 200 58 "-" "Mozilla/5.0 (compatible; Googlebot/2.1; +http://www.google.com/bot.html)"
184.94.212.206 - - [27/Apr/2026:14:24:32 +0000] "POST /wp-cron.php?doing_wp_cron=1777299872.7207710742950439453125 HTTP/1.1" 200 - "-" "WordPress/6.9.4; https://eyemovementdesensitizationandreprocessing.com"
66.249.66.167 - - [27/Apr/2026:14:24:31 +0000] "GET /robots.txt HTTP/1.1" 200 151 "-" "Mozilla/5.0 (compatible; Googlebot/2.1; +http://www.google.com/bot.html)"
202.181.177.121 - - [27/Apr/2026:14:25:39 +0000] "GET /wp-content/plugins/suretriggers/readme.txt HTTP/1.1" 301 - "-" "Mozilla/5.0"
65.108.44.54 - - [27/Apr/2026:14:29:01 +0000] "HEAD /robots.txt HTTP/1.1" 200 - "-" "MBCrawler/1.0 (https://monitorbacklinks.com/robot)"
65.108.44.54 - - [27/Apr/2026:14:29:03 +0000] "GET /robots.txt HTTP/1.1" 200 151 "-" "MBCrawler/1.0 (https://monitorbacklinks.com/robot)"
65.108.44.54 - - [27/Apr/2026:14:29:06 +0000] "HEAD /emdr/emdr-and-anxiety/ HTTP/1.1" 301 - "-" "MBCrawler/1.0 (https://monitorbacklinks.com/robot)"
184.94.212.206 - - [27/Apr/2026:14:29:11 +0000] "POST /wp-cron.php?doing_wp_cron=1777300151.1597919464111328125000 HTTP/1.1" 200 - "-" "WordPress/6.9.4; https://eyemovementdesensitizationandreprocessing.com"
65.108.44.54 - - [27/Apr/2026:14:29:10 +0000] "GET /emdr/emdr-and-anxiety/ HTTP/1.1" 301 - "-" "MBCrawler/1.0 (https://monitorbacklinks.com/robot)"
192.0.102.120 - - [27/Apr/2026:14:34:40 +0000] "GET /wp-content/uploads/2013/06/Anxiety_Disorder-300x217.jpg HTTP/1.1" 301 - "-" "Photon/1.0"
184.94.212.206 - - [27/Apr/2026:14:34:41 +0000] "POST /wp-cron.php?doing_wp_cron=1777300481.8756361007690429687500 HTTP/1.1" 200 - "-" "WordPress/6.9.4; https://eyemovementdesensitizationandreprocessing.com"
192.0.102.144 - - [27/Apr/2026:14:34:40 +0000] "GET /wp-content/uploads/2012/06/Anxiety_Disorder1.jpg HTTP/1.1" 301 - "-" "Photon/1.0"
66.249.66.40 - - [27/Apr/2026:14:34:41 +0000] "GET /wp-content/uploads/2013/06/Anxiety_Disorder-300x217.jpg HTTP/1.1" 301 - "-" "Googlebot-Image/1.0"
184.94.212.206 - - [27/Apr/2026:14:36:05 +0000] "POST /wp-cron.php?doing_wp_cron=1777300565.4142210483551025390625 HTTP/1.1" 200 - "-" "WordPress/6.9.4; https://eyemovementdesensitizationandreprocessing.com"
14.226.216.235 - - [27/Apr/2026:14:36:04 +0000] "GET http://eyemovementdesensitizationandreprocessing.com/emdr-equipment/advanced-lapscan%e2%84%a2-4000/ HTTP/1.1" 301 - "-" "Mozilla/5.0 (Macintosh; Intel Mac OS X 10_15_7) AppleWebKit/537.36 (KHTML, like Gecko) Chrome/119.0.0.0 Safari/537.36"
65.108.44.54 - - [27/Apr/2026:14:36:34 +0000] "HEAD /robots.txt HTTP/1.1" 200 - "-" "MBCrawler/1.0 (https://monitorbacklinks.com/robot)"
38.244.54.190 - - [27/Apr/2026:14:36:35 +0000] "GET /wp-json/wp/v2/posts HTTP/1.1" 200 26231 "-" "Mozilla/5.0 (Windows NT 10.0; Win64; x64) AppleWebKit/537.36 (KHTML, like Gecko) Chrome/120.0.0.0 Safari/537.36"
65.108.44.54 - - [27/Apr/2026:14:36:36 +0000] "GET /robots.txt HTTP/1.1" 200 151 "-" "MBCrawler/1.0 (https://monitorbacklinks.com/robot)"
65.108.44.54 - - [27/Apr/2026:14:36:39 +0000] "HEAD /emdr-side-effects/ HTTP/1.1" 301 - "-" "MBCrawler/1.0 (https://monitorbacklinks.com/robot)"
65.108.44.54 - - [27/Apr/2026:14:36:43 +0000] "GET /emdr-side-effects/ HTTP/1.1" 301 - "-" "MBCrawler/1.0 (https://monitorbacklinks.com/robot)"
192.0.89.121 - - [27/Apr/2026:14:37:46 +0000] "GET /feed/ HTTP/1.1" 200 24204 "-" "wp.com feedbot/1.0 (+https://wp.com;subscribers=17;feed-id=81430179)"
17.22.237.93 - - [27/Apr/2026:14:43:20 +0000] "GET /wp-content/uploads/2011/02/spirituality.jpg HTTP/1.1" 301 - "-" "Mozilla/5.0 (Macintosh; Intel Mac OS X 10_15_7) AppleWebKit/605.1.15 (KHTML, like Gecko) Version/17.4 Safari/605.1.15 (Applebot/0.1; +http://www.apple.com/go/applebot)"
65.108.44.54 - - [27/Apr/2026:14:57:26 +0000] "HEAD /robots.txt HTTP/1.1" 200 - "-" "MBCrawler/1.0 (https://monitorbacklinks.com/robot)"
65.108.44.54 - - [27/Apr/2026:14:57:28 +0000] "HEAD /robots.txt HTTP/1.1" 200 - "-" "MBCrawler/1.0 (https://monitorbacklinks.com/robot)"
65.108.44.54 - - [27/Apr/2026:14:57:28 +0000] "GET /robots.txt HTTP/1.1" 200 151 "-" "MBCrawler/1.0 (https://monitorbacklinks.com/robot)"
65.108.44.54 - - [27/Apr/2026:14:57:29 +0000] "GET /robots.txt HTTP/1.1" 200 151 "-" "MBCrawler/1.0 (https://monitorbacklinks.com/robot)"
65.108.44.54 - - [27/Apr/2026:14:57:31 +0000] "HEAD /emdr/emdr-and-anxiety/ HTTP/1.1" 301 - "-" "MBCrawler/1.0 (https://monitorbacklinks.com/robot)"
65.108.44.54 - - [27/Apr/2026:14:57:31 +0000] "HEAD /emdr-side-effects/ HTTP/1.1" 301 - "-" "MBCrawler/1.0 (https://monitorbacklinks.com/robot)"
65.108.44.54 - - [27/Apr/2026:14:57:35 +0000] "GET /emdr/emdr-and-anxiety/ HTTP/1.1" 301 - "-" "MBCrawler/1.0 (https://monitorbacklinks.com/robot)"
65.108.44.54 - - [27/Apr/2026:14:57:35 +0000] "GET /emdr-side-effects/ HTTP/1.1" 301 - "-" "MBCrawler/1.0 (https://monitorbacklinks.com/robot)"
199.47.82.19 - - [27/Apr/2026:15:02:50 +0000] "GET /robots.txt HTTP/1.1" 200 151 "-" "Turnitin (https://bit.ly/2UvnfoQ)"
184.94.212.206 - - [27/Apr/2026:15:08:38 +0000] "POST /wp-cron.php?doing_wp_cron=1777302518.2324690818786621093750 HTTP/1.1" 200 - "-" "WordPress/6.9.4; https://eyemovementdesensitizationandreprocessing.com"
66.132.186.170 - - [27/Apr/2026:15:08:36 +0000] "GET / HTTP/1.1" 200 65705 "-" "Mozilla/5.0 (compatible; CensysInspect/1.1; +https://about.censys.io/)"
66.132.186.170 - - [27/Apr/2026:15:08:39 +0000] "GET /favicon.ico HTTP/1.1" 302 - "-" "Mozilla/5.0 (compatible; CensysInspect/1.1; +https://about.censys.io/)"
66.132.186.170 - - [27/Apr/2026:15:08:42 +0000] "GET /wp-includes/images/w-logo-blue-white-bg.png HTTP/1.1" 200 4119 "http://mail.eyemovementdesensitizationandreprocessing.com/favicon.ico" "Mozilla/5.0 (compatible; CensysInspect/1.1; +https://about.censys.io/)"
184.94.212.206 - - [27/Apr/2026:15:08:52 +0000] "POST /wp-cron.php?doing_wp_cron=1777302532.1529760360717773437500 HTTP/1.1" 200 - "-" "WordPress/6.9.4; https://eyemovementdesensitizationandreprocessing.com"
66.132.186.170 - - [27/Apr/2026:15:08:50 +0000] "GET / HTTP/1.1" 301 - "-" "Mozilla/5.0 (compatible; CensysInspect/1.1; +https://about.censys.io/)"
65.108.44.54 - - [27/Apr/2026:15:11:34 +0000] "HEAD /robots.txt HTTP/1.1" 200 - "-" "MBCrawler/1.0 (https://monitorbacklinks.com/robot)"
65.108.44.54 - - [27/Apr/2026:15:11:36 +0000] "GET /robots.txt HTTP/1.1" 200 151 "-" "MBCrawler/1.0 (https://monitorbacklinks.com/robot)"
184.94.212.206 - - [27/Apr/2026:15:11:38 +0000] "POST /wp-cron.php?doing_wp_cron=1777302698.2018389701843261718750 HTTP/1.1" 200 - "-" "WordPress/6.9.4; https://eyemovementdesensitizationandreprocessing.com"
65.108.44.54 - - [27/Apr/2026:15:11:36 +0000] "HEAD /robots.txt HTTP/1.1" 200 - "-" "MBCrawler/1.0 (https://monitorbacklinks.com/robot)"
65.108.44.54 - - [27/Apr/2026:15:11:38 +0000] "HEAD /emdr/emdr-and-anxiety/ HTTP/1.1" 301 - "-" "MBCrawler/1.0 (https://monitorbacklinks.com/robot)"
65.108.44.54 - - [27/Apr/2026:15:11:38 +0000] "GET /robots.txt HTTP/1.1" 200 151 "-" "MBCrawler/1.0 (https://monitorbacklinks.com/robot)"
65.108.44.54 - - [27/Apr/2026:15:11:40 +0000] "HEAD /emdr-side-effects/ HTTP/1.1" 301 - "-" "MBCrawler/1.0 (https://monitorbacklinks.com/robot)"
65.108.44.54 - - [27/Apr/2026:15:11:42 +0000] "GET /emdr/emdr-and-anxiety/ HTTP/1.1" 301 - "-" "MBCrawler/1.0 (https://monitorbacklinks.com/robot)"
65.108.44.54 - - [27/Apr/2026:15:11:44 +0000] "GET /emdr-side-effects/ HTTP/1.1" 301 - "-" "MBCrawler/1.0 (https://monitorbacklinks.com/robot)"
14.171.149.147 - - [27/Apr/2026:15:30:48 +0000] "GET http://eyemovementdesensitizationandreprocessing.com/2012/06/21/how-to-distinguish-bipolar-disorder-behavior/ HTTP/1.1" 301 - "-" "Mozilla/5.0 (Macintosh; Intel Mac OS X 10_15_7) AppleWebKit/537.36 (KHTML, like Gecko) Chrome/123.0.0.0 Safari/537.36"
184.94.212.206 - - [27/Apr/2026:15:34:18 +0000] "POST /wp-cron.php?doing_wp_cron=1777304058.4473149776458740234375 HTTP/1.1" 200 - "-" "WordPress/6.9.4; https://eyemovementdesensitizationandreprocessing.com"
65.108.44.54 - - [27/Apr/2026:15:34:16 +0000] "HEAD /robots.txt HTTP/1.1" 200 - "-" "MBCrawler/1.0 (https://monitorbacklinks.com/robot)"
65.108.44.54 - - [27/Apr/2026:15:34:18 +0000] "HEAD /robots.txt HTTP/1.1" 200 - "-" "MBCrawler/1.0 (https://monitorbacklinks.com/robot)"
65.108.44.54 - - [27/Apr/2026:15:34:19 +0000] "GET /robots.txt HTTP/1.1" 200 151 "-" "MBCrawler/1.0 (https://monitorbacklinks.com/robot)"
65.108.44.54 - - [27/Apr/2026:15:34:20 +0000] "GET /robots.txt HTTP/1.1" 200 151 "-" "MBCrawler/1.0 (https://monitorbacklinks.com/robot)"
184.94.212.206 - - [27/Apr/2026:15:34:23 +0000] "POST /wp-cron.php?doing_wp_cron=1777304063.0821990966796875000000 HTTP/1.1" 200 - "-" "WordPress/6.9.4; https://eyemovementdesensitizationandreprocessing.com"
65.108.44.54 - - [27/Apr/2026:15:34:21 +0000] "HEAD /emdr/emdr-and-anxiety/ HTTP/1.1" 301 - "-" "MBCrawler/1.0 (https://monitorbacklinks.com/robot)"
65.108.44.54 - - [27/Apr/2026:15:34:22 +0000] "HEAD /emdr-side-effects/ HTTP/1.1" 301 - "-" "MBCrawler/1.0 (https://monitorbacklinks.com/robot)"
65.108.44.54 - - [27/Apr/2026:15:34:25 +0000] "GET /emdr/emdr-and-anxiety/ HTTP/1.1" 301 - "-" "MBCrawler/1.0 (https://monitorbacklinks.com/robot)"
65.108.44.54 - - [27/Apr/2026:15:34:26 +0000] "GET /emdr-side-effects/ HTTP/1.1" 301 - "-" "MBCrawler/1.0 (https://monitorbacklinks.com/robot)"
184.94.212.206 - - [27/Apr/2026:15:36:54 +0000] "POST /wp-cron.php?doing_wp_cron=1777304214.8430800437927246093750 HTTP/1.1" 200 - "-" "WordPress/6.9.4; https://eyemovementdesensitizationandreprocessing.com"
216.244.66.244 - - [27/Apr/2026:15:36:53 +0000] "GET /robots.txt HTTP/1.1" 200 304 "-" "Mozilla/5.0 (compatible; DotBot/1.2; +https://opensiteexplorer.org/dotbot; help@moz.com)"
54.236.1.13 - - [27/Apr/2026:15:46:33 +0000] "GET /emdr-and-anxiety/ HTTP/1.1" 301 - "-" "Mozilla/5.0 (compatible; Pinterestbot/1.0; +http://www.pinterest.com/bot.html)"
216.244.66.244 - - [27/Apr/2026:15:51:54 +0000] "GET /brain-training-techniques/?share=twitter HTTP/1.1" 301 - "-" "Mozilla/5.0 (compatible; DotBot/1.2; +https://opensiteexplorer.org/dotbot; help@moz.com)"
184.94.212.206 - - [27/Apr/2026:16:00:34 +0000] "POST /wp-cron.php?doing_wp_cron=1777305634.5842950344085693359375 HTTP/1.1" 200 - "-" "WordPress/6.9.4; https://eyemovementdesensitizationandreprocessing.com"
85.137.48.167 - - [27/Apr/2026:16:00:32 +0000] "GET /txets.php?ARRAY=5o313737373337363633392p22687474703n5p2s5p2s38352r3133372r34382r3136375p2s646s6r652r747874222p2258222p226638613531633563383166656138353739393038393634373032363437643264225q HTTP/1.1" 301 - "-" "Mozilla/4.0 (compatible; MSIE 6.0; Windows NT 5.1; SV1)"
65.108.44.54 - - [27/Apr/2026:16:07:40 +0000] "HEAD /robots.txt HTTP/1.1" 200 - "-" "MBCrawler/1.0 (https://monitorbacklinks.com/robot)"
65.108.44.54 - - [27/Apr/2026:16:07:41 +0000] "HEAD /robots.txt HTTP/1.1" 200 - "-" "MBCrawler/1.0 (https://monitorbacklinks.com/robot)"
65.108.44.54 - - [27/Apr/2026:16:07:43 +0000] "GET /robots.txt HTTP/1.1" 200 151 "-" "MBCrawler/1.0 (https://monitorbacklinks.com/robot)"
65.108.44.54 - - [27/Apr/2026:16:07:44 +0000] "GET /robots.txt HTTP/1.1" 200 151 "-" "MBCrawler/1.0 (https://monitorbacklinks.com/robot)"
65.108.44.54 - - [27/Apr/2026:16:07:45 +0000] "HEAD /emdr/emdr-and-anxiety/ HTTP/1.1" 301 - "-" "MBCrawler/1.0 (https://monitorbacklinks.com/robot)"
65.108.44.54 - - [27/Apr/2026:16:07:46 +0000] "HEAD /emdr-side-effects/ HTTP/1.1" 301 - "-" "MBCrawler/1.0 (https://monitorbacklinks.com/robot)"
65.108.44.54 - - [27/Apr/2026:16:07:49 +0000] "GET /emdr/emdr-and-anxiety/ HTTP/1.1" 301 - "-" "MBCrawler/1.0 (https://monitorbacklinks.com/robot)"
65.108.44.54 - - [27/Apr/2026:16:07:50 +0000] "GET /emdr-side-effects/ HTTP/1.1" 301 - "-" "MBCrawler/1.0 (https://monitorbacklinks.com/robot)"
145.223.131.140 - - [27/Apr/2026:16:08:13 +0000] "GET /2013/06/10/anxiety-attack-symptom/trackback/ HTTP/1.1" 301 - "-" "Mozilla/5.0 (Macintosh; Intel Mac OS X 10_15_7) AppleWebKit/537.36 (KHTML, like Gecko) Chrome/120.0.0.0 Safari/537.36"
184.94.212.206 - - [27/Apr/2026:16:09:39 +0000] "POST /wp-cron.php?doing_wp_cron=1777306179.4830400943756103515625 HTTP/1.1" 200 - "-" "WordPress/6.9.4; https://eyemovementdesensitizationandreprocessing.com"
20.191.45.212 - - [27/Apr/2026:16:09:37 +0000] "GET / HTTP/1.1" 200 65713 "-" "DuckDuckBot/1.1; (+http://duckduckgo.com/duckduckbot.html)"
20.191.45.212 - - [27/Apr/2026:16:09:40 +0000] "GET /favicon.ico HTTP/1.1" 302 - "-" "DuckDuckBot/1.1; (+http://duckduckgo.com/duckduckbot.html)"
20.191.45.212 - - [27/Apr/2026:16:09:41 +0000] "GET /wp-includes/images/w-logo-blue-white-bg.png HTTP/1.1" 200 4119 "http://eyemovementdesensitizationandreprocessing.com/favicon.ico" "DuckDuckBot/1.1; (+http://duckduckgo.com/duckduckbot.html)"
43.172.194.165 - - [27/Apr/2026:16:20:20 +0000] "GET / HTTP/1.1" 200 65713 "-" "Mozilla/5.0 (Windows NT 10.0; Win64; x64) AppleWebKit/537.36 (KHTML, like Gecko) Chrome/109.0.0.0 Safari/537.36"
43.173.176.158 - - [27/Apr/2026:16:20:23 +0000] "GET /wp-content/cache/autoptimize/js/autoptimize_single_036d13798bc47458fe7325ee211befd7.js?ver=3.3.1 HTTP/1.1" 200 544 "http://eyemovementdesensitizationandreprocessing.com/" "Mozilla/5.0 (Windows NT 10.0; Win64; x64) AppleWebKit/537.36 (KHTML, like Gecko) Chrome/109.0.0.0 Safari/537.36"
66.249.66.35 - - [27/Apr/2026:16:24:02 +0000] "GET /ads.txt HTTP/1.1" 200 58 "-" "Mozilla/5.0 (compatible; Googlebot/2.1; +http://www.google.com/bot.html)"
65.108.44.54 - - [27/Apr/2026:16:25:21 +0000] "HEAD /robots.txt HTTP/1.1" 200 - "-" "MBCrawler/1.0 (https://monitorbacklinks.com/robot)"
65.108.44.54 - - [27/Apr/2026:16:25:23 +0000] "GET /robots.txt HTTP/1.1" 200 151 "-" "MBCrawler/1.0 (https://monitorbacklinks.com/robot)"
65.108.44.54 - - [27/Apr/2026:16:25:25 +0000] "HEAD /emdr/emdr-and-anxiety/ HTTP/1.1" 301 - "-" "MBCrawler/1.0 (https://monitorbacklinks.com/robot)"
65.108.44.54 - - [27/Apr/2026:16:25:29 +0000] "GET /emdr/emdr-and-anxiety/ HTTP/1.1" 301 - "-" "MBCrawler/1.0 (https://monitorbacklinks.com/robot)"
184.94.212.206 - - [27/Apr/2026:16:25:53 +0000] "POST /wp-cron.php?doing_wp_cron=1777307153.6683139801025390625000 HTTP/1.1" 200 - "-" "WordPress/6.9.4; https://eyemovementdesensitizationandreprocessing.com"
216.244.66.244 - - [27/Apr/2026:16:25:52 +0000] "GET /robots.txt HTTP/1.1" 200 304 "-" "Mozilla/5.0 (compatible; DotBot/1.2; +https://opensiteexplorer.org/dotbot; help@moz.com)"
65.108.44.54 - - [27/Apr/2026:16:27:05 +0000] "HEAD /emdr-side-effects/ HTTP/1.1" 301 - "-" "MBCrawler/1.0 (https://monitorbacklinks.com/robot)"
65.108.44.54 - - [27/Apr/2026:16:27:09 +0000] "GET /emdr-side-effects/ HTTP/1.1" 301 - "-" "MBCrawler/1.0 (https://monitorbacklinks.com/robot)"
35.212.76.235 - - [27/Apr/2026:16:34:59 +0000] "GET /ads.txt HTTP/1.1" 200 58 "-" "Mozilla/5.0 (Macintosh; Intel Mac OS X 10_12_6) AppleWebKit/537.36 (KHTML, like Gecko) Chrome/63.0.3239.84 Safari/537.36"
184.94.212.206 - - [27/Apr/2026:16:40:17 +0000] "POST /wp-cron.php?doing_wp_cron=1777308017.0997939109802246093750 HTTP/1.1" 200 - "-" "WordPress/6.9.4; https://eyemovementdesensitizationandreprocessing.com"
192.0.118.81 - - [27/Apr/2026:16:40:15 +0000] "GET /wp-content/uploads/2012/06/Bipolar_Disorder1-300x145.jpg HTTP/1.1" 301 - "-" "Photon/1.0"
184.94.212.206 - - [27/Apr/2026:16:43:06 +0000] "POST /wp-cron.php?doing_wp_cron=1777308186.9322490692138671875000 HTTP/1.1" 200 - "-" "WordPress/6.9.4; https://eyemovementdesensitizationandreprocessing.com"
192.0.112.177 - - [27/Apr/2026:16:43:05 +0000] "GET /wp-content/uploads/2014/03/020731_1618_0164_lsms-300x199.jpg HTTP/1.1" 301 - "-" "Photon/1.0"
184.94.212.206 - - [27/Apr/2026:16:44:12 +0000] "POST /wp-cron.php?doing_wp_cron=1777308252.7813580036163330078125 HTTP/1.1" 200 - "-" "WordPress/6.9.4; https://eyemovementdesensitizationandreprocessing.com"
192.0.102.142 - - [27/Apr/2026:16:44:11 +0000] "GET /wp-content/uploads/2017/06/Trauma-300x144.jpg HTTP/1.1" 301 - "-" "Photon/1.0"
184.94.212.206 - - [27/Apr/2026:16:49:05 +0000] "POST /wp-cron.php?doing_wp_cron=1777308545.8997340202331542968750 HTTP/1.1" 200 - "-" "WordPress/6.9.4; https://eyemovementdesensitizationandreprocessing.com"
65.108.44.54 - - [27/Apr/2026:16:49:04 +0000] "HEAD /robots.txt HTTP/1.1" 200 - "-" "MBCrawler/1.0 (https://monitorbacklinks.com/robot)"
65.108.44.54 - - [27/Apr/2026:16:49:06 +0000] "GET /robots.txt HTTP/1.1" 200 151 "-" "MBCrawler/1.0 (https://monitorbacklinks.com/robot)"
65.108.44.54 - - [27/Apr/2026:16:49:09 +0000] "HEAD /emdr/emdr-and-anxiety/ HTTP/1.1" 301 - "-" "MBCrawler/1.0 (https://monitorbacklinks.com/robot)"
65.108.44.54 - - [27/Apr/2026:16:49:13 +0000] "GET /emdr/emdr-and-anxiety/ HTTP/1.1" 301 - "-" "MBCrawler/1.0 (https://monitorbacklinks.com/robot)"
192.0.116.82 - - [27/Apr/2026:16:49:14 +0000] "GET /wp-content/uploads/2016/06/shyness-300x136.jpg HTTP/1.1" 301 - "-" "Photon/1.0"
66.249.66.41 - - [27/Apr/2026:16:54:15 +0000] "GET /ads.txt HTTP/1.1" 200 58 "-" "Google-adstxt"
184.94.212.206 - - [27/Apr/2026:16:55:58 +0000] "POST /wp-cron.php?doing_wp_cron=1777308958.8925170898437500000000 HTTP/1.1" 200 - "-" "WordPress/6.9.4; https://eyemovementdesensitizationandreprocessing.com"
198.12.106.59 - - [27/Apr/2026:16:55:57 +0000] "GET / HTTP/1.1" 200 65713 "-" "Mozilla/5.0 (Macintosh; Intel Mac OS X 10_15_7) AppleWebKit/605.1.15 (KHTML, like Gecko) Version/17.1.2 Safari/605.1.15"
184.94.212.206 - - [27/Apr/2026:16:58:38 +0000] "POST /wp-cron.php?doing_wp_cron=1777309118.0322079658508300781250 HTTP/1.1" 200 - "-" "WordPress/6.9.4; https://eyemovementdesensitizationandreprocessing.com"
198.12.106.59 - - [27/Apr/2026:16:58:36 +0000] "GET /favicon.ico HTTP/1.1" 302 - "-" "Mozilla/5.0 (Macintosh; Intel Mac OS X 10_15_7) AppleWebKit/605.1.15 (KHTML, like Gecko) Version/17.1.2 Safari/605.1.15"
184.94.212.206 - - [27/Apr/2026:17:07:40 +0000] "POST /wp-cron.php?doing_wp_cron=1777309660.9352600574493408203125 HTTP/1.1" 200 - "-" "WordPress/6.9.4; https://eyemovementdesensitizationandreprocessing.com"
65.108.44.54 - - [27/Apr/2026:17:07:39 +0000] "HEAD /robots.txt HTTP/1.1" 200 - "-" "MBCrawler/1.0 (https://monitorbacklinks.com/robot)"
65.108.44.54 - - [27/Apr/2026:17:07:41 +0000] "GET /robots.txt HTTP/1.1" 200 151 "-" "MBCrawler/1.0 (https://monitorbacklinks.com/robot)"
65.108.44.54 - - [27/Apr/2026:17:07:41 +0000] "HEAD /robots.txt HTTP/1.1" 200 - "-" "MBCrawler/1.0 (https://monitorbacklinks.com/robot)"
65.108.44.54 - - [27/Apr/2026:17:07:43 +0000] "GET /robots.txt HTTP/1.1" 200 151 "-" "MBCrawler/1.0 (https://monitorbacklinks.com/robot)"
65.108.44.54 - - [27/Apr/2026:17:07:43 +0000] "HEAD /emdr/emdr-and-anxiety/ HTTP/1.1" 301 - "-" "MBCrawler/1.0 (https://monitorbacklinks.com/robot)"
65.108.44.54 - - [27/Apr/2026:17:07:44 +0000] "HEAD /emdr-side-effects/ HTTP/1.1" 301 - "-" "MBCrawler/1.0 (https://monitorbacklinks.com/robot)"
65.108.44.54 - - [27/Apr/2026:17:07:47 +0000] "GET /emdr/emdr-and-anxiety/ HTTP/1.1" 301 - "-" "MBCrawler/1.0 (https://monitorbacklinks.com/robot)"
65.108.44.54 - - [27/Apr/2026:17:07:48 +0000] "GET /emdr-side-effects/ HTTP/1.1" 301 - "-" "MBCrawler/1.0 (https://monitorbacklinks.com/robot)"
43.158.91.71 - - [27/Apr/2026:17:37:23 +0000] "GET / HTTP/1.1" 301 - "-" "Mozilla/5.0 (iPhone; CPU iPhone OS 13_2_3 like Mac OS X) AppleWebKit/605.1.15 (KHTML, like Gecko) Version/13.0.3 Mobile/15E148 Safari/604.1"
43.158.91.71 - - [27/Apr/2026:17:37:26 +0000] "GET / HTTP/1.1" 200 65713 "http://www.eyemovementdesensitizationandreprocessing.com" "Mozilla/5.0 (iPhone; CPU iPhone OS 13_2_3 like Mac OS X) AppleWebKit/605.1.15 (KHTML, like Gecko) Version/13.0.3 Mobile/15E148 Safari/604.1"
66.249.83.40 - - [27/Apr/2026:17:38:25 +0000] "GET / HTTP/1.1" 200 65713 "-" "Google-Display-Ads-Bot"
65.108.44.54 - - [27/Apr/2026:17:40:17 +0000] "HEAD /robots.txt HTTP/1.1" 200 - "-" "MBCrawler/1.0 (https://monitorbacklinks.com/robot)"
65.108.44.54 - - [27/Apr/2026:17:40:19 +0000] "GET /robots.txt HTTP/1.1" 200 151 "-" "MBCrawler/1.0 (https://monitorbacklinks.com/robot)"
65.108.44.54 - - [27/Apr/2026:17:40:20 +0000] "HEAD /robots.txt HTTP/1.1" 200 - "-" "MBCrawler/1.0 (https://monitorbacklinks.com/robot)"
65.108.44.54 - - [27/Apr/2026:17:40:20 +0000] "HEAD /emdr/emdr-and-anxiety/ HTTP/1.1" 301 - "-" "MBCrawler/1.0 (https://monitorbacklinks.com/robot)"
65.108.44.54 - - [27/Apr/2026:17:40:21 +0000] "GET /robots.txt HTTP/1.1" 200 151 "-" "MBCrawler/1.0 (https://monitorbacklinks.com/robot)"
65.108.44.54 - - [27/Apr/2026:17:40:23 +0000] "HEAD /emdr-side-effects/ HTTP/1.1" 301 - "-" "MBCrawler/1.0 (https://monitorbacklinks.com/robot)"
65.108.44.54 - - [27/Apr/2026:17:40:24 +0000] "GET /emdr/emdr-and-anxiety/ HTTP/1.1" 301 - "-" "MBCrawler/1.0 (https://monitorbacklinks.com/robot)"
65.108.44.54 - - [27/Apr/2026:17:40:27 +0000] "GET /emdr-side-effects/ HTTP/1.1" 301 - "-" "MBCrawler/1.0 (https://monitorbacklinks.com/robot)"
66.249.66.12 - - [27/Apr/2026:17:44:57 +0000] "GET /wp-content/uploads/2016/02/veteran_home.jpg HTTP/1.1" 301 - "-" "Googlebot-Image/1.0"
185.194.148.154 - - [27/Apr/2026:18:00:28 +0000] "GET /wp-json/wp/v2/posts HTTP/1.1" 200 26231 "-" "Mozilla/5.0 (Windows NT 10.0; Win64; x64) AppleWebKit/537.36 (KHTML, like Gecko) Chrome/120.0.0.0 Safari/537.36"
103.193.145.87 - - [27/Apr/2026:18:00:36 +0000] "GET /wp-json/wp/v2/posts HTTP/1.1" 200 26231 "-" "Mozilla/5.0 (Windows NT 10.0; Win64; x64) AppleWebKit/537.36 (KHTML, like Gecko) Chrome/120.0.0.0 Safari/537.36"
184.94.212.206 - - [27/Apr/2026:18:01:54 +0000] "POST /wp-cron.php?doing_wp_cron=1777312914.6581730842590332031250 HTTP/1.1" 200 - "-" "WordPress/6.9.4; https://eyemovementdesensitizationandreprocessing.com"
192.0.84.108 - - [27/Apr/2026:18:01:53 +0000] "GET /feed/ HTTP/1.1" 200 24204 "-" "wp.com feedbot/1.0 (+https://wp.com;subscribers=17;feed-id=81430179)"
184.94.212.206 - - [27/Apr/2026:18:04:00 +0000] "POST /wp-cron.php?doing_wp_cron=1777313040.5133678913116455078125 HTTP/1.1" 200 - "-" "WordPress/6.9.4; https://eyemovementdesensitizationandreprocessing.com"
103.207.98.38 - - [27/Apr/2026:18:03:58 +0000] "GET http://www.eyemovementdesensitizationandreprocessing.com/ HTTP/1.1" 301 - "-" "Mozilla/5.0 (Macintosh; Intel Mac OS X 10_15_7) AppleWebKit/537.36 (KHTML, like Gecko) Chrome/119.0.0.0 Safari/537.36"
65.108.44.54 - - [27/Apr/2026:18:10:24 +0000] "HEAD /robots.txt HTTP/1.1" 200 - "-" "MBCrawler/1.0 (https://monitorbacklinks.com/robot)"
65.108.44.54 - - [27/Apr/2026:18:10:26 +0000] "GET /robots.txt HTTP/1.1" 200 151 "-" "MBCrawler/1.0 (https://monitorbacklinks.com/robot)"
65.108.44.54 - - [27/Apr/2026:18:10:26 +0000] "HEAD /robots.txt HTTP/1.1" 200 - "-" "MBCrawler/1.0 (https://monitorbacklinks.com/robot)"
65.108.44.54 - - [27/Apr/2026:18:10:28 +0000] "GET /robots.txt HTTP/1.1" 200 151 "-" "MBCrawler/1.0 (https://monitorbacklinks.com/robot)"
65.108.44.54 - - [27/Apr/2026:18:10:28 +0000] "HEAD /emdr/emdr-and-anxiety/ HTTP/1.1" 301 - "-" "MBCrawler/1.0 (https://monitorbacklinks.com/robot)"
65.108.44.54 - - [27/Apr/2026:18:10:30 +0000] "HEAD /emdr-side-effects/ HTTP/1.1" 301 - "-" "MBCrawler/1.0 (https://monitorbacklinks.com/robot)"
65.108.44.54 - - [27/Apr/2026:18:10:32 +0000] "GET /emdr/emdr-and-anxiety/ HTTP/1.1" 301 - "-" "MBCrawler/1.0 (https://monitorbacklinks.com/robot)"
65.108.44.54 - - [27/Apr/2026:18:10:33 +0000] "GET /emdr-side-effects/ HTTP/1.1" 301 - "-" "MBCrawler/1.0 (https://monitorbacklinks.com/robot)"
52.236.68.31 - - [27/Apr/2026:18:22:19 +0000] "GET /wp-content/plugins/hellopress/wp_filemanager.php HTTP/1.1" 301 - "-" "-"
52.236.68.31 - - [27/Apr/2026:18:22:22 +0000] "GET /dd.php HTTP/1.1" 301 - "-" "-"
52.236.68.31 - - [27/Apr/2026:18:22:25 +0000] "GET /dx.php HTTP/1.1" 301 - "-" "-"
52.236.68.31 - - [27/Apr/2026:18:22:28 +0000] "GET /like.php HTTP/1.1" 301 - "-" "-"
184.94.212.206 - - [27/Apr/2026:18:28:47 +0000] "POST /wp-cron.php?doing_wp_cron=1777314527.5795569419860839843750 HTTP/1.1" 200 - "-" "WordPress/6.9.4; https://eyemovementdesensitizationandreprocessing.com"
38.250.159.66 - - [27/Apr/2026:18:28:46 +0000] "GET http://eyemovementdesensitizationandreprocessing.com/2012/06/14/improve-your-health-with-your-emotions/ HTTP/1.1" 301 - "-" "Mozilla/5.0 (Windows NT 10.0; WOW64) AppleWebKit/537.36 (KHTML, like Gecko) Chrome/75.0.3770.100 Safari/537.36"
65.108.44.54 - - [27/Apr/2026:18:29:46 +0000] "HEAD /robots.txt HTTP/1.1" 200 - "-" "MBCrawler/1.0 (https://monitorbacklinks.com/robot)"
65.108.44.54 - - [27/Apr/2026:18:29:48 +0000] "HEAD /robots.txt HTTP/1.1" 200 - "-" "MBCrawler/1.0 (https://monitorbacklinks.com/robot)"
65.108.44.54 - - [27/Apr/2026:18:29:48 +0000] "GET /robots.txt HTTP/1.1" 200 151 "-" "MBCrawler/1.0 (https://monitorbacklinks.com/robot)"
65.108.44.54 - - [27/Apr/2026:18:29:50 +0000] "GET /robots.txt HTTP/1.1" 200 151 "-" "MBCrawler/1.0 (https://monitorbacklinks.com/robot)"
65.108.44.54 - - [27/Apr/2026:18:29:50 +0000] "HEAD /emdr/emdr-and-anxiety/ HTTP/1.1" 301 - "-" "MBCrawler/1.0 (https://monitorbacklinks.com/robot)"
65.108.44.54 - - [27/Apr/2026:18:29:51 +0000] "HEAD /emdr-side-effects/ HTTP/1.1" 301 - "-" "MBCrawler/1.0 (https://monitorbacklinks.com/robot)"
65.108.44.54 - - [27/Apr/2026:18:29:53 +0000] "GET /emdr/emdr-and-anxiety/ HTTP/1.1" 301 - "-" "MBCrawler/1.0 (https://monitorbacklinks.com/robot)"
65.108.44.54 - - [27/Apr/2026:18:29:55 +0000] "GET /emdr-side-effects/ HTTP/1.1" 301 - "-" "MBCrawler/1.0 (https://monitorbacklinks.com/robot)"
192.0.118.81 - - [27/Apr/2026:18:32:23 +0000] "GET /wp-content/uploads/2012/06/Bipolar_Disorder1-300x145.jpg HTTP/1.1" 301 - "-" "Photon/1.0"
184.94.212.206 - - [27/Apr/2026:18:49:15 +0000] "POST /wp-cron.php?doing_wp_cron=1777315755.8837180137634277343750 HTTP/1.1" 200 - "-" "WordPress/6.9.4; https://eyemovementdesensitizationandreprocessing.com"
186.14.185.165 - - [27/Apr/2026:18:49:14 +0000] "GET http://eyemovementdesensitizationandreprocessing.com/2017/11/01/emdr-therapy/ HTTP/1.1" 301 - "-" "Mozilla/5.0 (Macintosh; Intel Mac OS X 10_15_4) AppleWebKit/537.36 (KHTML, like Gecko) Brave Chrome/84.0.4147.89 Safari/537.36"
184.94.212.206 - - [27/Apr/2026:18:50:38 +0000] "POST /wp-cron.php?doing_wp_cron=1777315838.3242940902709960937500 HTTP/1.1" 200 - "-" "WordPress/6.9.4; https://eyemovementdesensitizationandreprocessing.com"
167.253.34.3 - - [27/Apr/2026:18:50:37 +0000] "GET /robots.txt HTTP/1.0" 200 304 "-" "Mozilla/4.0 (compatible; fluid/0.0; +http://www.leak.info/bot.html)"
184.94.212.206 - - [27/Apr/2026:18:56:40 +0000] "POST /wp-cron.php?doing_wp_cron=1777316200.4632079601287841796875 HTTP/1.1" 200 - "-" "WordPress/6.9.4; https://eyemovementdesensitizationandreprocessing.com"
54.236.1.11 - - [27/Apr/2026:18:56:38 +0000] "GET /2017/10/01/making-emdr-therapy-work-recovery-addictions/?1014214827 HTTP/1.1" 301 - "-" "Mozilla/5.0 (compatible; Pinterestbot/1.0; +http://www.pinterest.com/bot.html)"
184.94.212.206 - - [27/Apr/2026:18:58:19 +0000] "POST /wp-cron.php?doing_wp_cron=1777316299.3645019531250000000000 HTTP/1.1" 200 - "-" "WordPress/6.9.4; https://eyemovementdesensitizationandreprocessing.com"
216.73.217.48 - - [27/Apr/2026:18:58:17 +0000] "GET /robots.txt HTTP/1.1" 200 151 "-" "Mozilla/5.0 AppleWebKit/537.36 (KHTML, like Gecko; compatible; ClaudeBot/1.0; +claudebot@anthropic.com)"
216.73.217.48 - - [27/Apr/2026:18:58:19 +0000] "GET /2013/06/23/relaxation-therapy/ HTTP/1.1" 301 - "-" "Mozilla/5.0 AppleWebKit/537.36 (KHTML, like Gecko; compatible; ClaudeBot/1.0; +claudebot@anthropic.com)"
34.34.146.112 - - [27/Apr/2026:19:00:44 +0000] "GET /2021/12/30/va-adaptive-housing HTTP/1.1" 301 - "-" "Mozilla/5.0 (compatible; VelenPublicWebCrawler/1.0; +https://velen.io)"
182.42.105.144 - - [27/Apr/2026:19:02:56 +0000] "GET / HTTP/1.1" 301 - "-" "Mozilla/5.0 (iPhone; CPU iPhone OS 13_2_3 like Mac OS X) AppleWebKit/605.1.15 (KHTML, like Gecko) Version/13.0.3 Mobile/15E148 Safari/604.1"
182.42.105.144 - - [27/Apr/2026:19:02:59 +0000] "GET / HTTP/1.1" 200 65713 "http://www.eyemovementdesensitizationandreprocessing.com" "Mozilla/5.0 (iPhone; CPU iPhone OS 13_2_3 like Mac OS X) AppleWebKit/605.1.15 (KHTML, like Gecko) Version/13.0.3 Mobile/15E148 Safari/604.1"
54.236.1.13 - - [27/Apr/2026:19:15:10 +0000] "GET /2011/10/31/facing-life-issues-depressed/?1273844074 HTTP/1.1" 500 1004 "-" "Mozilla/5.0 (compatible; Pinterestbot/1.0; +http://www.pinterest.com/bot.html)"
184.94.212.206 - - [27/Apr/2026:19:16:52 +0000] "POST /wp-cron.php?doing_wp_cron=1777317412.1930270195007324218750 HTTP/1.1" 200 - "-" "WordPress/6.9.4; https://eyemovementdesensitizationandreprocessing.com"
192.0.112.177 - - [27/Apr/2026:19:16:50 +0000] "GET /wp-content/uploads/2014/03/020731_1618_0164_lsms-300x199.jpg HTTP/1.1" 301 - "-" "Photon/1.0"
184.94.212.206 - - [27/Apr/2026:19:18:06 +0000] "POST /wp-cron.php?doing_wp_cron=1777317486.7821340560913085937500 HTTP/1.1" 200 - "-" "WordPress/6.9.4; https://eyemovementdesensitizationandreprocessing.com"
192.0.118.81 - - [27/Apr/2026:19:18:05 +0000] "GET /wp-content/uploads/2012/06/Bipolar_Disorder1-300x145.jpg HTTP/1.1" 301 - "-" "Photon/1.0"
184.94.212.206 - - [27/Apr/2026:19:21:25 +0000] "POST /wp-cron.php?doing_wp_cron=1777317685.1875638961791992187500 HTTP/1.1" 200 - "-" "WordPress/6.9.4; https://eyemovementdesensitizationandreprocessing.com"
192.0.118.81 - - [27/Apr/2026:19:21:23 +0000] "GET /wp-content/uploads/2012/06/Bipolar_Disorder1-300x145.jpg HTTP/1.1" 301 - "-" "Photon/1.0"
184.94.212.206 - - [27/Apr/2026:19:23:55 +0000] "POST /wp-cron.php?doing_wp_cron=1777317835.8918778896331787109375 HTTP/1.1" 200 - "-" "WordPress/6.9.4; https://eyemovementdesensitizationandreprocessing.com"
192.0.112.177 - - [27/Apr/2026:19:23:54 +0000] "GET /wp-content/uploads/2014/03/020731_1618_0164_lsms-300x199.jpg HTTP/1.1" 301 - "-" "Photon/1.0"
184.94.212.206 - - [27/Apr/2026:19:31:05 +0000] "POST /wp-cron.php?doing_wp_cron=1777318265.7486679553985595703125 HTTP/1.1" 200 - "-" "WordPress/6.9.4; https://eyemovementdesensitizationandreprocessing.com"
34.7.57.141 - - [27/Apr/2026:19:31:03 +0000] "GET / HTTP/1.1" 200 65713 "-" "Mozilla/5.0 (Windows NT 6.1) AppleWebKit/537.36 (KHTML, like Gecko) Chrome/109.0.0.0 Safari/537.36 OPR/95.0.0.0"
54.144.185.255 - - [27/Apr/2026:19:31:23 +0000] "GET /2013/06/24/anxiety-treatment-therapy-that-combats-stress/ HTTP/1.1" 301 - "-" "Mozilla/5.0 AppleWebKit/537.36 (KHTML, like Gecko; compatible; Amazonbot/0.1; +https://developer.amazon.com/support/amazonbot) Chrome/119.0.6045.214 Safari/537.36"
184.94.212.206 - - [27/Apr/2026:19:32:57 +0000] "POST /wp-cron.php?doing_wp_cron=1777318377.3914940357208251953125 HTTP/1.1" 200 - "-" "WordPress/6.9.4; https://eyemovementdesensitizationandreprocessing.com"
20.220.233.65 - - [27/Apr/2026:19:32:56 +0000] "GET /wp-content/plugins/hellopress/wp_filemanager.php HTTP/1.1" 301 - "-" "-"
20.220.233.65 - - [27/Apr/2026:19:32:59 +0000] "GET /settings.php HTTP/1.1" 301 - "-" "-"
20.220.233.65 - - [27/Apr/2026:19:33:03 +0000] "GET /sx.php HTTP/1.1" 301 - "-" "-"
54.204.106.139 - - [27/Apr/2026:19:33:03 +0000] "GET / HTTP/1.1" 200 65713 "-" "Mozilla/5.0 (compatible; proximic; +https://www.comscore.com/Web-Crawler)"
20.220.233.65 - - [27/Apr/2026:19:33:05 +0000] "GET /connector.minimal.php HTTP/1.1" 301 - "-" "-"
