134.209.42.109 - - [28/Apr/2026:02:27:12 +0000] "GET /2016/06/26/get-over-shyness/ HTTP/1.1" 301 - "-" "Mozilla/5.0 (compatible; RSiteAuditor)"
134.209.42.109 - - [28/Apr/2026:02:27:14 +0000] "GET /2017/11/22/getting-quality-sleep-at-night/ HTTP/1.1" 301 - "-" "Mozilla/5.0 (compatible; RSiteAuditor)"
134.209.42.109 - - [28/Apr/2026:02:27:16 +0000] "GET /2011/11/09/anxiety-disorder-and-changed-lives/ HTTP/1.1" 301 - "-" "Mozilla/5.0 (compatible; RSiteAuditor)"
134.209.42.109 - - [28/Apr/2026:02:27:18 +0000] "GET /2011/10/31/facing-life-issues-depressed/ HTTP/1.1" 301 - "-" "Mozilla/5.0 (compatible; RSiteAuditor)"
134.209.42.109 - - [28/Apr/2026:02:27:20 +0000] "GET /2014/03/21/social-anxiety-disorder/ HTTP/1.1" 301 - "-" "Mozilla/5.0 (compatible; RSiteAuditor)"
134.209.42.109 - - [28/Apr/2026:02:27:22 +0000] "GET /2012/06/21/how-to-distinguish-bipolar-disorder-behavior/ HTTP/1.1" 301 - "-" "Mozilla/5.0 (compatible; RSiteAuditor)"
134.209.42.109 - - [28/Apr/2026:02:27:24 +0000] "GET /2013/06/23/relaxation-therapy/ HTTP/1.1" 301 - "-" "Mozilla/5.0 (compatible; RSiteAuditor)"
134.209.42.109 - - [28/Apr/2026:02:27:26 +0000] "GET /2011/12/07/diagnosing-mental-health/ HTTP/1.1" 301 - "-" "Mozilla/5.0 (compatible; RSiteAuditor)"
134.209.42.109 - - [28/Apr/2026:02:27:28 +0000] "GET /2013/06/24/anxiety-treatment-therapy-that-combats-stress/ HTTP/1.1" 301 - "-" "Mozilla/5.0 (compatible; RSiteAuditor)"
134.209.42.109 - - [28/Apr/2026:02:27:32 +0000] "GET /disclaimer/ HTTP/1.1" 200 64123 "-" "Mozilla/5.0 (compatible; RSiteAuditor)"
134.209.42.109 - - [28/Apr/2026:02:27:34 +0000] "GET /2012/06/21/an-anxiety-attack-the-triggers-of-behavioral-aberration/ HTTP/1.1" 301 - "-" "Mozilla/5.0 (compatible; RSiteAuditor)"
134.209.42.109 - - [28/Apr/2026:02:27:36 +0000] "GET /wp-content/uploads/2015/03/Defusing-PTSD-National-Geographic-Channel.flv HTTP/1.1" 301 - "-" "Mozilla/5.0 (compatible; RSiteAuditor)"
134.209.42.109 - - [28/Apr/2026:02:27:42 +0000] "GET /general-health-topics/va-disability-compensation-codes/ HTTP/1.1" 301 - "-" "Mozilla/5.0 (compatible; RSiteAuditor)"
134.209.42.109 - - [28/Apr/2026:02:27:44 +0000] "GET /2017/07/12/define-emdr/ HTTP/1.1" 301 - "-" "Mozilla/5.0 (compatible; RSiteAuditor)"
134.209.42.109 - - [28/Apr/2026:02:27:46 +0000] "GET /2017/11/01/emdr-therapy/ HTTP/1.1" 301 - "-" "Mozilla/5.0 (compatible; RSiteAuditor)"
134.209.42.109 - - [28/Apr/2026:02:27:50 +0000] "GET /2017/07/30/drug-alcohol-recovery-emdr-approach/ HTTP/1.1" 301 - "-" "Mozilla/5.0 (compatible; RSiteAuditor)"
134.209.42.109 - - [28/Apr/2026:02:27:52 +0000] "GET /site-map/ HTTP/1.1" 200 66348 "-" "Mozilla/5.0 (compatible; RSiteAuditor)"
134.209.42.109 - - [28/Apr/2026:02:27:54 +0000] "GET /contact/ HTTP/1.1" 200 66523 "-" "Mozilla/5.0 (compatible; RSiteAuditor)"
134.209.42.109 - - [28/Apr/2026:02:27:56 +0000] "GET /What-is-EMDR?-0 HTTP/1.1" 301 - "-" "Mozilla/5.0 (compatible; RSiteAuditor)"
134.209.42.109 - - [28/Apr/2026:02:27:58 +0000] "GET /2017/08/27/drug-alcohol-rehab/ HTTP/1.1" 301 - "-" "Mozilla/5.0 (compatible; RSiteAuditor)"
134.209.42.109 - - [28/Apr/2026:02:28:00 +0000] "GET /2017/10/17/diagnosing-mental-health/ HTTP/1.1" 301 - "-" "Mozilla/5.0 (compatible; RSiteAuditor)"
134.209.42.109 - - [28/Apr/2026:02:28:02 +0000] "GET /2017/11/07/best-depression-treatment/ HTTP/1.1" 301 - "-" "Mozilla/5.0 (compatible; RSiteAuditor)"
134.209.42.109 - - [28/Apr/2026:02:29:47 +0000] "GET /2017/11/20/major-depressive-disorders/ HTTP/1.1" 301 - "-" "Mozilla/5.0 (compatible; RSiteAuditor)"
134.209.42.109 - - [28/Apr/2026:02:29:49 +0000] "GET /2017/11/16/alternative-workouts-you-should-consider-during-and-after-trauma/ HTTP/1.1" 301 - "-" "Mozilla/5.0 (compatible; RSiteAuditor)"
134.209.42.109 - - [28/Apr/2026:02:29:51 +0000] "GET /2017/11/20/ptsd-assistance/ HTTP/1.1" 301 - "-" "Mozilla/5.0 (compatible; RSiteAuditor)"
134.209.42.109 - - [28/Apr/2026:02:30:14 +0000] "GET /success-stories HTTP/1.1" 301 - "-" "Mozilla/5.0 (compatible; RSiteAuditor)"
134.209.42.109 - - [28/Apr/2026:02:30:18 +0000] "GET /success-stories/ HTTP/1.1" 200 69592 "-" "Mozilla/5.0 (compatible; RSiteAuditor)"
184.94.212.206 - - [28/Apr/2026:02:46:40 +0000] "POST /wp-cron.php?doing_wp_cron=1777344400.5315198898315429687500 HTTP/1.1" 200 - "-" "WordPress/6.9.4; https://eyemovementdesensitizationandreprocessing.com"
65.108.44.54 - - [28/Apr/2026:02:46:39 +0000] "HEAD /robots.txt HTTP/1.1" 200 - "-" "MBCrawler/1.0 (https://monitorbacklinks.com/robot)"
65.108.44.54 - - [28/Apr/2026:02:46:41 +0000] "GET /robots.txt HTTP/1.1" 200 151 "-" "MBCrawler/1.0 (https://monitorbacklinks.com/robot)"
65.108.44.54 - - [28/Apr/2026:02:46:41 +0000] "HEAD /robots.txt HTTP/1.1" 200 - "-" "MBCrawler/1.0 (https://monitorbacklinks.com/robot)"
65.108.44.54 - - [28/Apr/2026:02:46:43 +0000] "HEAD /emdr/emdr-and-anxiety/ HTTP/1.1" 301 - "-" "MBCrawler/1.0 (https://monitorbacklinks.com/robot)"
65.108.44.54 - - [28/Apr/2026:02:46:43 +0000] "GET /robots.txt HTTP/1.1" 200 151 "-" "MBCrawler/1.0 (https://monitorbacklinks.com/robot)"
65.108.44.54 - - [28/Apr/2026:02:46:45 +0000] "HEAD /emdr-side-effects/ HTTP/1.1" 301 - "-" "MBCrawler/1.0 (https://monitorbacklinks.com/robot)"
65.108.44.54 - - [28/Apr/2026:02:46:47 +0000] "GET /emdr/emdr-and-anxiety/ HTTP/1.1" 301 - "-" "MBCrawler/1.0 (https://monitorbacklinks.com/robot)"
65.108.44.54 - - [28/Apr/2026:02:46:49 +0000] "GET /emdr-side-effects/ HTTP/1.1" 301 - "-" "MBCrawler/1.0 (https://monitorbacklinks.com/robot)"
37.59.21.100 - - [28/Apr/2026:02:47:59 +0000] "GET /2013/03/16/additional-and-supplemental-treatments-for-ptsd/feed/ HTTP/1.1" 200 453 "-" "Mozilla/5.0 (X11; Linux i686) AppleWebKit/537.36 (KHTML, like Gecko) Chrome/30.0.1599.66 Safari/537.36"
184.94.212.206 - - [28/Apr/2026:03:08:21 +0000] "POST /wp-cron.php?doing_wp_cron=1777345701.6741719245910644531250 HTTP/1.1" 200 - "-" "WordPress/6.9.4; https://eyemovementdesensitizationandreprocessing.com"
192.0.114.20 - - [28/Apr/2026:03:08:19 +0000] "GET /wp-content/uploads/2016/09/breathing_exercise-225x300.jpg HTTP/1.1" 301 - "-" "Photon/1.0"
54.236.1.13 - - [28/Apr/2026:03:08:21 +0000] "GET /emdr-therapist-training/ HTTP/1.1" 301 - "-" "Mozilla/5.0 (compatible; Pinterestbot/1.0; +http://www.pinterest.com/bot.html)"
184.94.212.206 - - [28/Apr/2026:03:10:46 +0000] "POST /wp-cron.php?doing_wp_cron=1777345846.3190290927886962890625 HTTP/1.1" 200 - "-" "WordPress/6.9.4; https://eyemovementdesensitizationandreprocessing.com"
65.108.44.54 - - [28/Apr/2026:03:10:44 +0000] "HEAD /robots.txt HTTP/1.1" 200 - "-" "MBCrawler/1.0 (https://monitorbacklinks.com/robot)"
65.108.44.54 - - [28/Apr/2026:03:10:46 +0000] "HEAD /robots.txt HTTP/1.1" 200 - "-" "MBCrawler/1.0 (https://monitorbacklinks.com/robot)"
65.108.44.54 - - [28/Apr/2026:03:10:47 +0000] "GET /robots.txt HTTP/1.1" 200 151 "-" "MBCrawler/1.0 (https://monitorbacklinks.com/robot)"
65.108.44.54 - - [28/Apr/2026:03:10:48 +0000] "GET /robots.txt HTTP/1.1" 200 151 "-" "MBCrawler/1.0 (https://monitorbacklinks.com/robot)"
65.108.44.54 - - [28/Apr/2026:03:10:48 +0000] "HEAD /emdr/emdr-and-anxiety/ HTTP/1.1" 301 - "-" "MBCrawler/1.0 (https://monitorbacklinks.com/robot)"
65.108.44.54 - - [28/Apr/2026:03:10:49 +0000] "HEAD /emdr-side-effects/ HTTP/1.1" 301 - "-" "MBCrawler/1.0 (https://monitorbacklinks.com/robot)"
65.108.44.54 - - [28/Apr/2026:03:10:52 +0000] "GET /emdr/emdr-and-anxiety/ HTTP/1.1" 301 - "-" "MBCrawler/1.0 (https://monitorbacklinks.com/robot)"
65.108.44.54 - - [28/Apr/2026:03:10:53 +0000] "GET /emdr-side-effects/ HTTP/1.1" 301 - "-" "MBCrawler/1.0 (https://monitorbacklinks.com/robot)"
2.58.56.147 - - [28/Apr/2026:03:13:26 +0000] "GET /txets.php HTTP/1.1" 301 - "-" "Mozilla/5.0 (Linux; Android 7.0; SM-G892A) AppleWebKit/537.36 (KHTML, like Gecko) Chrome/60.0.3112.107 Mobile Safari/537.36"
2.58.56.147 - - [28/Apr/2026:03:13:29 +0000] "GET /postnews.php HTTP/1.1" 301 - "-" "Mozilla/5.0 (Linux; Android 7.0; SM-G892A) AppleWebKit/537.36 (KHTML, like Gecko) Chrome/60.0.3112.107 Mobile Safari/537.36"
2.58.56.147 - - [28/Apr/2026:03:13:32 +0000] "GET /cgi-bin/postnews.php HTTP/1.1" 301 - "-" "Mozilla/5.0 (Linux; Android 7.0; SM-G892A) AppleWebKit/537.36 (KHTML, like Gecko) Chrome/60.0.3112.107 Mobile Safari/537.36"
216.244.66.244 - - [28/Apr/2026:03:22:23 +0000] "GET /robots.txt HTTP/1.1" 200 304 "-" "Mozilla/5.0 (compatible; DotBot/1.2; +https://opensiteexplorer.org/dotbot; help@moz.com)"
184.94.212.206 - - [28/Apr/2026:03:29:41 +0000] "POST /wp-cron.php?doing_wp_cron=1777346981.5641260147094726562500 HTTP/1.1" 200 - "-" "WordPress/6.9.4; https://eyemovementdesensitizationandreprocessing.com"
65.108.44.54 - - [28/Apr/2026:03:29:40 +0000] "HEAD /robots.txt HTTP/1.1" 200 - "-" "MBCrawler/1.0 (https://monitorbacklinks.com/robot)"
65.108.44.54 - - [28/Apr/2026:03:29:42 +0000] "GET /robots.txt HTTP/1.1" 200 151 "-" "MBCrawler/1.0 (https://monitorbacklinks.com/robot)"
65.108.44.54 - - [28/Apr/2026:03:29:44 +0000] "HEAD /emdr/emdr-and-anxiety/ HTTP/1.1" 301 - "-" "MBCrawler/1.0 (https://monitorbacklinks.com/robot)"
65.108.44.54 - - [28/Apr/2026:03:29:47 +0000] "GET /emdr/emdr-and-anxiety/ HTTP/1.1" 301 - "-" "MBCrawler/1.0 (https://monitorbacklinks.com/robot)"
216.244.66.244 - - [28/Apr/2026:03:30:09 +0000] "GET /therapists/emdr-therapist-training/?share=x HTTP/1.1" 302 - "-" "Mozilla/5.0 (compatible; DotBot/1.2; +https://opensiteexplorer.org/dotbot; help@moz.com)"
44.252.59.175 - - [28/Apr/2026:03:30:32 +0000] "GET / HTTP/1.1" 200 65713 "-" "Mozilla/4.0 (compatible; MSIE 6.0; Windows NT 5.1; FSL 7.0.6.01001)"
38.25.137.209 - - [28/Apr/2026:03:39:31 +0000] "GET http://eyemovementdesensitizationandreprocessing.com/2012/06/21/how-to-distinguish-bipolar-disorder-behavior/ HTTP/1.1" 503 428 "-" "Mozilla/5.0 (Windows NT 10.0; Win64; x64) AppleWebKit/537.36 (KHTML, like Gecko) Chrome/80.0.3987.132 Safari/537.36"
14.184.93.131 - - [28/Apr/2026:03:39:53 +0000] "GET http://eyemovementdesensitizationandreprocessing.com/2012/06/21/how-to-distinguish-bipolar-disorder-behavior/ HTTP/1.1" 500 1046 "-" "Mozilla/5.0 (Windows NT 10.0; WOW64) AppleWebKit/537.36 (KHTML, like Gecko) Chrome/94.0.4606.54 Safari/537.36"
184.94.212.206 - - [28/Apr/2026:03:55:55 +0000] "POST /wp-cron.php?doing_wp_cron=1777348555.4497179985046386718750 HTTP/1.1" 200 - "-" "WordPress/6.9.4; https://eyemovementdesensitizationandreprocessing.com"
45.133.114.215 - - [28/Apr/2026:03:55:54 +0000] "GET /.aws/credentials HTTP/1.1" 301 - "-" "Mozilla/5.0 (Macintosh; Intel Mac OS X 10_13_6) AppleWebKit/537.36 (KHTML, like Gecko) Chrome/68.0.3440.84 Safari/537.36"
184.94.212.206 - - [28/Apr/2026:03:57:47 +0000] "POST /wp-cron.php?doing_wp_cron=1777348667.7677071094512939453125 HTTP/1.1" 200 - "-" "WordPress/6.9.4; https://eyemovementdesensitizationandreprocessing.com"
102.218.85.199 - - [28/Apr/2026:03:57:46 +0000] "GET http://eyemovementdesensitizationandreprocessing.com/2012/06/14/improve-your-health-with-your-emotions/ HTTP/1.1" 301 - "-" "Mozilla/5.0 (Windows NT 10.0; Win64; x64) AppleWebKit/537.36 (KHTML, like Gecko) Chrome/101.0.4951.67 Safari/537.36"
103.131.71.46 - - [28/Apr/2026:04:03:36 +0000] "GET /robots.txt HTTP/1.1" 200 151 "-" "Mozilla/5.0 (compatible; coccocbot-image/1.0; +http://help.coccoc.com/searchengine)"
184.94.212.206 - - [28/Apr/2026:04:04:42 +0000] "POST /wp-cron.php?doing_wp_cron=1777349082.1851580142974853515625 HTTP/1.1" 200 - "-" "WordPress/6.9.4; https://eyemovementdesensitizationandreprocessing.com"
14.191.233.164 - - [28/Apr/2026:04:04:40 +0000] "GET /tag/emdr-resourcing/ HTTP/1.1" 301 - "-" "Mozilla/5.0 (Macintosh; Intel Mac OS X 11.2; rv:129.0) Gecko/20100101 Firefox/129.0"
184.94.212.206 - - [28/Apr/2026:04:11:21 +0000] "POST /wp-cron.php?doing_wp_cron=1777349481.2400300502777099609375 HTTP/1.1" 200 - "-" "WordPress/6.9.4; https://eyemovementdesensitizationandreprocessing.com"
47.128.57.61 - - [28/Apr/2026:04:11:19 +0000] "GET /robots.txt HTTP/1.1" 301 - "-" "Mozilla/5.0 (Linux; Android 5.0) AppleWebKit/537.36 (KHTML, like Gecko) Mobile Safari/537.36 (compatible; Bytespider; spider-feedback@bytedance.com)"
47.128.57.61 - - [28/Apr/2026:04:11:22 +0000] "GET /robots.txt HTTP/1.1" 200 151 "-" "Mozilla/5.0 (Linux; Android 5.0) AppleWebKit/537.36 (KHTML, like Gecko) Mobile Safari/537.36 (compatible; Bytespider; spider-feedback@bytedance.com)"
184.94.212.206 - - [28/Apr/2026:04:13:54 +0000] "POST /wp-cron.php?doing_wp_cron=1777349634.8032579421997070312500 HTTP/1.1" 200 - "-" "WordPress/6.9.4; https://eyemovementdesensitizationandreprocessing.com"
43.172.197.199 - - [28/Apr/2026:04:13:53 +0000] "GET / HTTP/1.1" 200 65713 "-" "Mozilla/5.0 (Windows NT 10.0; Win64; x64) AppleWebKit/537.36 (KHTML, like Gecko) Chrome/105.0.0.0 Safari/537.3"
77.42.3.111 - - [28/Apr/2026:04:33:04 +0000] "GET /emdr/ HTTP/1.1" 301 - "-" "Mozilla/5.0 (Windows NT 10.0; Win64; x64) AppleWebKit/537.36 (KHTML, like Gecko) Chrome/131.0.0.0 Safari/537.36"
184.94.212.206 - - [28/Apr/2026:04:33:42 +0000] "POST /wp-cron.php?doing_wp_cron=1777350822.7635829448699951171875 HTTP/1.1" 200 - "-" "WordPress/6.9.4; https://eyemovementdesensitizationandreprocessing.com"
77.42.3.111 - - [28/Apr/2026:04:33:41 +0000] "GET /depression-and-emdr-does-it-really-work-2/ HTTP/1.1" 301 - "-" "Mozilla/5.0 (Windows NT 10.0; Win64; x64) AppleWebKit/537.36 (KHTML, like Gecko) Chrome/131.0.0.0 Safari/537.36"
184.94.212.206 - - [28/Apr/2026:04:33:52 +0000] "POST /wp-cron.php?doing_wp_cron=1777350832.3035221099853515625000 HTTP/1.1" 200 - "-" "WordPress/6.9.4; https://eyemovementdesensitizationandreprocessing.com"
77.42.3.111 - - [28/Apr/2026:04:33:51 +0000] "GET /emdr-and-anxiety/ HTTP/1.1" 301 - "-" "Mozilla/5.0 (Windows NT 10.0; Win64; x64) AppleWebKit/537.36 (KHTML, like Gecko) Chrome/131.0.0.0 Safari/537.36"
77.42.3.111 - - [28/Apr/2026:04:33:51 +0000] "GET /2017/11/01/emdr-therapy/ HTTP/1.1" 301 - "-" "Mozilla/5.0 (Windows NT 10.0; Win64; x64) AppleWebKit/537.36 (KHTML, like Gecko) Chrome/131.0.0.0 Safari/537.36"
77.42.3.111 - - [28/Apr/2026:04:33:51 +0000] "GET /emdr-side-effects/ HTTP/1.1" 301 - "-" "Mozilla/5.0 (Windows NT 10.0; Win64; x64) AppleWebKit/537.36 (KHTML, like Gecko) Chrome/131.0.0.0 Safari/537.36"
77.42.3.111 - - [28/Apr/2026:04:34:00 +0000] "GET /general-health-topics/va-disability-compensation-codes/ HTTP/1.1" 301 - "-" "Mozilla/5.0 (Windows NT 10.0; Win64; x64) AppleWebKit/537.36 (KHTML, like Gecko) Chrome/131.0.0.0 Safari/537.36"
77.42.3.111 - - [28/Apr/2026:04:34:12 +0000] "GET / HTTP/1.1" 200 65713 "-" "Mozilla/5.0 (Windows NT 10.0; Win64; x64) AppleWebKit/537.36 (KHTML, like Gecko) Chrome/131.0.0.0 Safari/537.36"
66.249.66.42 - - [28/Apr/2026:04:34:33 +0000] "GET /ads.txt HTTP/1.1" 200 58 "-" "Google-adstxt"
77.42.3.111 - - [28/Apr/2026:04:34:36 +0000] "GET /panic-attacks-and-how-to-stop-them/ HTTP/1.1" 301 - "-" "Mozilla/5.0 (Windows NT 10.0; Win64; x64) AppleWebKit/537.36 (KHTML, like Gecko) Chrome/131.0.0.0 Safari/537.36"
77.42.3.111 - - [28/Apr/2026:04:34:48 +0000] "GET /2017/07/30/drug-alcohol-recovery-emdr-approach/ HTTP/1.1" 301 - "-" "Mozilla/5.0 (Windows NT 10.0; Win64; x64) AppleWebKit/537.36 (KHTML, like Gecko) Chrome/131.0.0.0 Safari/537.36"
77.42.3.111 - - [28/Apr/2026:04:34:49 +0000] "GET /site-map/ HTTP/1.1" 200 66349 "-" "Mozilla/5.0 (Windows NT 10.0; Win64; x64) AppleWebKit/537.36 (KHTML, like Gecko) Chrome/131.0.0.0 Safari/537.36"
77.42.3.111 - - [28/Apr/2026:04:35:00 +0000] "GET /contact/ HTTP/1.1" 200 66523 "-" "Mozilla/5.0 (Windows NT 10.0; Win64; x64) AppleWebKit/537.36 (KHTML, like Gecko) Chrome/131.0.0.0 Safari/537.36"
65.108.44.54 - - [28/Apr/2026:04:35:02 +0000] "HEAD /robots.txt HTTP/1.1" 200 - "-" "MBCrawler/1.0 (https://monitorbacklinks.com/robot)"
77.42.3.111 - - [28/Apr/2026:04:35:03 +0000] "GET /disclaimer/ HTTP/1.1" 200 64123 "-" "Mozilla/5.0 (Windows NT 10.0; Win64; x64) AppleWebKit/537.36 (KHTML, like Gecko) Chrome/131.0.0.0 Safari/537.36"
65.108.44.54 - - [28/Apr/2026:04:35:04 +0000] "GET /robots.txt HTTP/1.1" 200 151 "-" "MBCrawler/1.0 (https://monitorbacklinks.com/robot)"
65.108.44.54 - - [28/Apr/2026:04:35:06 +0000] "HEAD /emdr-side-effects/ HTTP/1.1" 301 - "-" "MBCrawler/1.0 (https://monitorbacklinks.com/robot)"
65.108.44.54 - - [28/Apr/2026:04:35:10 +0000] "GET /emdr-side-effects/ HTTP/1.1" 301 - "-" "MBCrawler/1.0 (https://monitorbacklinks.com/robot)"
77.42.3.111 - - [28/Apr/2026:04:35:17 +0000] "GET /2017/07/12/define-emdr/ HTTP/1.1" 301 - "-" "Mozilla/5.0 (Windows NT 10.0; Win64; x64) AppleWebKit/537.36 (KHTML, like Gecko) Chrome/131.0.0.0 Safari/537.36"
65.108.44.54 - - [28/Apr/2026:04:40:24 +0000] "HEAD /robots.txt HTTP/1.1" 200 - "-" "MBCrawler/1.0 (https://monitorbacklinks.com/robot)"
65.108.44.54 - - [28/Apr/2026:04:40:26 +0000] "GET /robots.txt HTTP/1.1" 200 151 "-" "MBCrawler/1.0 (https://monitorbacklinks.com/robot)"
65.108.44.54 - - [28/Apr/2026:04:40:28 +0000] "HEAD /emdr/emdr-and-anxiety/ HTTP/1.1" 301 - "-" "MBCrawler/1.0 (https://monitorbacklinks.com/robot)"
65.108.44.54 - - [28/Apr/2026:04:40:31 +0000] "GET /emdr/emdr-and-anxiety/ HTTP/1.1" 301 - "-" "MBCrawler/1.0 (https://monitorbacklinks.com/robot)"
184.94.212.206 - - [28/Apr/2026:04:53:13 +0000] "POST /wp-cron.php?doing_wp_cron=1777351993.3989889621734619140625 HTTP/1.1" 200 - "-" "WordPress/6.9.4; https://eyemovementdesensitizationandreprocessing.com"
216.244.66.244 - - [28/Apr/2026:04:53:11 +0000] "GET /robots.txt HTTP/1.1" 200 304 "-" "Mozilla/5.0 (compatible; DotBot/1.2; +https://opensiteexplorer.org/dotbot; help@moz.com)"
37.59.21.100 - - [28/Apr/2026:04:55:19 +0000] "GET /2011/02/03/emdr-side-effects/feed/ HTTP/1.1" 200 438 "-" "Mozilla/5.0 (X11; Linux i686) AppleWebKit/537.36 (KHTML, like Gecko) Chrome/30.0.1599.66 Safari/537.36"
129.213.95.35 - - [28/Apr/2026:04:57:16 +0000] "GET /wp-content/uploads/2016/09/examining_Stress-300x300.jpg HTTP/1.1" 301 - "-" "Mozilla/5.0 (X11; Linux x86_64) AppleWebKit/537.36 (KHTML, like Gecko) Chrome/120.0.0.0 Safari/537.36"
65.108.44.54 - - [28/Apr/2026:04:59:33 +0000] "HEAD /robots.txt HTTP/1.1" 200 - "-" "MBCrawler/1.0 (https://monitorbacklinks.com/robot)"
65.108.44.54 - - [28/Apr/2026:04:59:34 +0000] "HEAD /robots.txt HTTP/1.1" 200 - "-" "MBCrawler/1.0 (https://monitorbacklinks.com/robot)"
65.108.44.54 - - [28/Apr/2026:04:59:35 +0000] "GET /robots.txt HTTP/1.1" 200 151 "-" "MBCrawler/1.0 (https://monitorbacklinks.com/robot)"
65.108.44.54 - - [28/Apr/2026:04:59:36 +0000] "GET /robots.txt HTTP/1.1" 200 151 "-" "MBCrawler/1.0 (https://monitorbacklinks.com/robot)"
184.94.212.206 - - [28/Apr/2026:04:59:38 +0000] "POST /wp-cron.php?doing_wp_cron=1777352378.4812169075012207031250 HTTP/1.1" 200 - "-" "WordPress/6.9.4; https://eyemovementdesensitizationandreprocessing.com"
65.108.44.54 - - [28/Apr/2026:04:59:37 +0000] "HEAD /emdr/emdr-and-anxiety/ HTTP/1.1" 301 - "-" "MBCrawler/1.0 (https://monitorbacklinks.com/robot)"
65.108.44.54 - - [28/Apr/2026:04:59:38 +0000] "HEAD /emdr-side-effects/ HTTP/1.1" 301 - "-" "MBCrawler/1.0 (https://monitorbacklinks.com/robot)"
65.108.44.54 - - [28/Apr/2026:04:59:41 +0000] "GET /emdr/emdr-and-anxiety/ HTTP/1.1" 301 - "-" "MBCrawler/1.0 (https://monitorbacklinks.com/robot)"
65.108.44.54 - - [28/Apr/2026:04:59:42 +0000] "GET /emdr-side-effects/ HTTP/1.1" 301 - "-" "MBCrawler/1.0 (https://monitorbacklinks.com/robot)"
216.244.66.244 - - [28/Apr/2026:05:05:33 +0000] "GET /emdr/depression-and-emdr/?share=twitter HTTP/1.1" 301 - "-" "Mozilla/5.0 (compatible; DotBot/1.2; +https://opensiteexplorer.org/dotbot; help@moz.com)"
216.244.66.244 - - [28/Apr/2026:05:06:59 +0000] "GET /resources/brain-training-techniques/?share=twitter HTTP/1.1" 302 - "-" "Mozilla/5.0 (compatible; DotBot/1.2; +https://opensiteexplorer.org/dotbot; help@moz.com)"
184.94.212.206 - - [28/Apr/2026:05:11:49 +0000] "POST /wp-cron.php?doing_wp_cron=1777353109.7752499580383300781250 HTTP/1.1" 200 - "-" "WordPress/6.9.4; https://eyemovementdesensitizationandreprocessing.com"
20.123.33.13 - - [28/Apr/2026:05:11:47 +0000] "GET /wp-content/plugins/hellopress/wp_filemanager.php HTTP/1.1" 301 - "-" "-"
20.123.33.13 - - [28/Apr/2026:05:11:52 +0000] "GET /dd.php HTTP/1.1" 301 - "-" "-"
20.123.33.13 - - [28/Apr/2026:05:11:55 +0000] "GET /dx.php HTTP/1.1" 301 - "-" "-"
20.123.33.13 - - [28/Apr/2026:05:11:58 +0000] "GET /like.php HTTP/1.1" 301 - "-" "-"
216.244.66.244 - - [28/Apr/2026:05:12:29 +0000] "GET /emdr/emdr-equipment/?share=x HTTP/1.1" 301 - "-" "Mozilla/5.0 (compatible; DotBot/1.2; +https://opensiteexplorer.org/dotbot; help@moz.com)"
54.236.1.52 - - [28/Apr/2026:05:14:25 +0000] "GET /2011/02/03/emdr-side-effects/ HTTP/1.1" 301 - "-" "Mozilla/5.0 (compatible; Pinterestbot/1.0; +http://www.pinterest.com/bot.html)"
184.94.212.206 - - [28/Apr/2026:05:28:10 +0000] "POST /wp-cron.php?doing_wp_cron=1777354090.4984159469604492187500 HTTP/1.1" 200 - "-" "WordPress/6.9.4; https://eyemovementdesensitizationandreprocessing.com"
123.18.98.163 - - [28/Apr/2026:05:28:08 +0000] "GET http://eyemovementdesensitizationandreprocessing.com/2013/06/24/anxiety-treatment-therapy-that-combats-stress/ HTTP/1.1" 301 - "-" "Mozilla/5.0 (Windows NT 6.1; Win64; x64) AppleWebKit/537.36 (KHTML, like Gecko) Chrome/68.0.3440.75 Safari/537.36"
184.94.212.206 - - [28/Apr/2026:05:34:59 +0000] "POST /wp-cron.php?doing_wp_cron=1777354499.9836258888244628906250 HTTP/1.1" 200 - "-" "WordPress/6.9.4; https://eyemovementdesensitizationandreprocessing.com"
173.225.242.156 - - [28/Apr/2026:05:34:58 +0000] "GET /site-map/ HTTP/1.1" 200 66349 "-" "Mozilla/5.0 (Windows NT 10.0; Win64; x64) AppleWebKit/537.36 (KHTML, like Gecko) Chrome/100.0.4896.75 Safari/537.36"
184.94.212.206 - - [28/Apr/2026:05:41:31 +0000] "POST /wp-cron.php?doing_wp_cron=1777354891.1425049304962158203125 HTTP/1.1" 200 - "-" "WordPress/6.9.4; https://eyemovementdesensitizationandreprocessing.com"
65.108.44.54 - - [28/Apr/2026:05:41:29 +0000] "HEAD /robots.txt HTTP/1.1" 200 - "-" "MBCrawler/1.0 (https://monitorbacklinks.com/robot)"
65.108.44.54 - - [28/Apr/2026:05:41:32 +0000] "GET /robots.txt HTTP/1.1" 200 151 "-" "MBCrawler/1.0 (https://monitorbacklinks.com/robot)"
65.108.44.54 - - [28/Apr/2026:05:41:33 +0000] "HEAD /robots.txt HTTP/1.1" 200 - "-" "MBCrawler/1.0 (https://monitorbacklinks.com/robot)"
65.108.44.54 - - [28/Apr/2026:05:41:34 +0000] "HEAD /emdr/emdr-and-anxiety/ HTTP/1.1" 301 - "-" "MBCrawler/1.0 (https://monitorbacklinks.com/robot)"
65.108.44.54 - - [28/Apr/2026:05:41:35 +0000] "GET /robots.txt HTTP/1.1" 200 151 "-" "MBCrawler/1.0 (https://monitorbacklinks.com/robot)"
65.108.44.54 - - [28/Apr/2026:05:41:37 +0000] "HEAD /emdr-side-effects/ HTTP/1.1" 301 - "-" "MBCrawler/1.0 (https://monitorbacklinks.com/robot)"
65.108.44.54 - - [28/Apr/2026:05:41:38 +0000] "GET /emdr/emdr-and-anxiety/ HTTP/1.1" 301 - "-" "MBCrawler/1.0 (https://monitorbacklinks.com/robot)"
65.108.44.54 - - [28/Apr/2026:05:41:41 +0000] "GET /emdr-side-effects/ HTTP/1.1" 301 - "-" "MBCrawler/1.0 (https://monitorbacklinks.com/robot)"
184.94.212.206 - - [28/Apr/2026:05:44:36 +0000] "POST /wp-cron.php?doing_wp_cron=1777355076.9732630252838134765625 HTTP/1.1" 200 - "-" "WordPress/6.9.4; https://eyemovementdesensitizationandreprocessing.com"
195.234.109.220 - - [28/Apr/2026:05:44:35 +0000] "GET /wp-content/uploads/2017/03/EMDR_Therapy-1024x598.png HTTP/1.1" 301 - "-" "Photon/1.0"
184.94.212.206 - - [28/Apr/2026:05:59:06 +0000] "POST /wp-cron.php?doing_wp_cron=1777355946.1647710800170898437500 HTTP/1.1" 200 - "-" "WordPress/6.9.4; https://eyemovementdesensitizationandreprocessing.com"
14.191.92.32 - - [28/Apr/2026:05:59:04 +0000] "GET /2017/10/31/va-compensation/ HTTP/1.1" 301 - "-" "Mozilla/5.0 (Windows NT 10.0; Win64; x64) AppleWebKit/537.36 (KHTML, like Gecko) Chrome/145.0.0.0 Safari/537.36"
184.94.212.206 - - [28/Apr/2026:06:05:58 +0000] "POST /wp-cron.php?doing_wp_cron=1777356358.7606229782104492187500 HTTP/1.1" 200 - "-" "WordPress/6.9.4; https://eyemovementdesensitizationandreprocessing.com"
65.108.44.54 - - [28/Apr/2026:06:05:56 +0000] "HEAD /robots.txt HTTP/1.1" 200 - "-" "MBCrawler/1.0 (https://monitorbacklinks.com/robot)"
65.108.44.54 - - [28/Apr/2026:06:05:58 +0000] "HEAD /robots.txt HTTP/1.1" 200 - "-" "MBCrawler/1.0 (https://monitorbacklinks.com/robot)"
65.108.44.54 - - [28/Apr/2026:06:05:59 +0000] "GET /robots.txt HTTP/1.1" 200 151 "-" "MBCrawler/1.0 (https://monitorbacklinks.com/robot)"
65.108.44.54 - - [28/Apr/2026:06:06:00 +0000] "GET /robots.txt HTTP/1.1" 200 151 "-" "MBCrawler/1.0 (https://monitorbacklinks.com/robot)"
65.108.44.54 - - [28/Apr/2026:06:06:01 +0000] "HEAD /emdr/emdr-and-anxiety/ HTTP/1.1" 301 - "-" "MBCrawler/1.0 (https://monitorbacklinks.com/robot)"
65.108.44.54 - - [28/Apr/2026:06:06:02 +0000] "HEAD /emdr-side-effects/ HTTP/1.1" 301 - "-" "MBCrawler/1.0 (https://monitorbacklinks.com/robot)"
65.108.44.54 - - [28/Apr/2026:06:06:05 +0000] "GET /emdr/emdr-and-anxiety/ HTTP/1.1" 301 - "-" "MBCrawler/1.0 (https://monitorbacklinks.com/robot)"
65.108.44.54 - - [28/Apr/2026:06:06:06 +0000] "GET /emdr-side-effects/ HTTP/1.1" 301 - "-" "MBCrawler/1.0 (https://monitorbacklinks.com/robot)"
198.244.242.247 - - [28/Apr/2026:06:07:44 +0000] "GET /robots.txt HTTP/1.1" 200 151 "-" "Mozilla/5.0 (compatible; AhrefsBot/7.0; +http://ahrefs.com/robot/)"
43.130.141.193 - - [28/Apr/2026:06:07:45 +0000] "GET / HTTP/1.1" 200 65713 "-" "Mozilla/5.0 (iPhone; CPU iPhone OS 13_2_3 like Mac OS X) AppleWebKit/605.1.15 (KHTML, like Gecko) Version/13.0.3 Mobile/15E148 Safari/604.1"
176.31.139.5 - - [28/Apr/2026:06:07:46 +0000] "GET /success-stories/ HTTP/1.1" 200 69591 "-" "Mozilla/5.0 (compatible; AhrefsBot/7.0; +http://ahrefs.com/robot/)"
184.94.212.206 - - [28/Apr/2026:06:11:51 +0000] "POST /wp-cron.php?doing_wp_cron=1777356711.1672940254211425781250 HTTP/1.1" 200 - "-" "WordPress/6.9.4; https://eyemovementdesensitizationandreprocessing.com"
195.234.109.132 - - [28/Apr/2026:06:11:49 +0000] "GET /wp-content/uploads/2012/11/ptsd_faces-300x152.jpg HTTP/1.1" 301 - "-" "Photon/1.0"
94.23.188.222 - - [28/Apr/2026:06:11:54 +0000] "GET /wp-content/cache/autoptimize/css/autoptimize_single_0ca20594751fe64f6bf8b818998b9fa0.css?ver=6.2.2 HTTP/1.1" 410 61243 "-" "Mozilla/5.0 (compatible; AhrefsBot/7.0; +http://ahrefs.com/robot/)"
5.39.1.228 - - [28/Apr/2026:06:11:57 +0000] "GET /wp-content/cache/autoptimize/css/autoptimize_single_91578a71da519a1ab892a24cbb48f102.css?ver=6.2.2 HTTP/1.1" 410 61243 "-" "Mozilla/5.0 (compatible; AhrefsBot/7.0; +http://ahrefs.com/robot/)"
51.75.236.137 - - [28/Apr/2026:06:11:59 +0000] "GET /wp-content/cache/autoptimize/css/autoptimize_single_4a822672bcae75a01eefbe6fdf884db4.css?ver=3.3.1 HTTP/1.1" 410 61241 "-" "Mozilla/5.0 (compatible; AhrefsBot/7.0; +http://ahrefs.com/robot/)"
92.222.104.200 - - [28/Apr/2026:06:12:02 +0000] "GET /wp-content/cache/autoptimize/js/autoptimize_single_48b88c1e56ec344daf8381a1794aadac.js?ver=6.2.2 HTTP/1.1" 302 61241 "-" "Mozilla/5.0 (compatible; AhrefsBot/7.0; +http://ahrefs.com/robot/)"
92.222.104.222 - - [28/Apr/2026:06:12:05 +0000] "GET /wp-content/plugins/convertkit/resources/frontend/js/dist/frontend.min.js?ver=3.3.1 HTTP/1.1" 301 - "-" "Mozilla/5.0 (compatible; AhrefsBot/7.0; +http://ahrefs.com/robot/)"
37.59.204.145 - - [28/Apr/2026:06:12:07 +0000] "GET /wp-content/cache/autoptimize/css/autoptimize_single_5ac76ff0435be87dbba399ce02f45de7.css?ver=3.3.1 HTTP/1.1" 410 61214 "-" "Mozilla/5.0 (compatible; AhrefsBot/7.0; +http://ahrefs.com/robot/)"
51.68.247.201 - - [28/Apr/2026:06:12:09 +0000] "GET /wp-content/cache/autoptimize/js/autoptimize_single_036d13798bc47458fe7325ee211befd7.js?ver=3.3.1 HTTP/1.1" 302 61213 "-" "Mozilla/5.0 (compatible; AhrefsBot/7.0; +http://ahrefs.com/robot/)"
121.229.156.91 - - [28/Apr/2026:06:16:56 +0000] "GET / HTTP/1.1" 200 65713 "-" "Sogou web spider/4.0(+http://www.sogou.com/docs/help/webmasters.htm#07)"
85.204.70.112 - - [28/Apr/2026:06:26:24 +0000] "GET / HTTP/1.1" 200 211948 "-" "Mozilla/5.0 (Windows NT 10.0; Win64; x64) AppleWebKit/537.36 (KHTML, like Gecko) Chrome/78.0.3904.108 Safari/537.36"
85.204.70.112 - - [28/Apr/2026:06:26:26 +0000] "GET /?author=1 HTTP/1.1" 403 211955 "-" "Mozilla/5.0 (Windows NT 10.0; Win64; x64) AppleWebKit/537.36 (KHTML, like Gecko) Chrome/78.0.3904.108 Safari/537.36"
85.204.70.112 - - [28/Apr/2026:06:26:28 +0000] "GET /?author=2 HTTP/1.1" 403 211955 "-" "Mozilla/5.0 (Windows NT 10.0; Win64; x64) AppleWebKit/537.36 (KHTML, like Gecko) Chrome/78.0.3904.108 Safari/537.36"
85.204.70.112 - - [28/Apr/2026:06:26:29 +0000] "GET /wp-json/wp/v2/users/ HTTP/1.1" 401 108 "-" "Mozilla/5.0 (Windows NT 10.0; Win64; x64) AppleWebKit/537.36 (KHTML, like Gecko) Chrome/78.0.3904.108 Safari/537.36"
85.204.70.112 - - [28/Apr/2026:06:26:31 +0000] "GET /wp-json/oembed/1.0/embed?url=http://eyemovementdesensitizationandreprocessing.com HTTP/1.1" 404 73 "-" "Mozilla/5.0 (Windows NT 10.0; Win64; x64) AppleWebKit/537.36 (KHTML, like Gecko) Chrome/78.0.3904.108 Safari/537.36"
85.204.70.112 - - [28/Apr/2026:06:26:32 +0000] "POST /xmlrpc.php HTTP/1.1" 301 - "-" "Mozilla/5.0 (Windows NT 10.0; Win64; x64) AppleWebKit/537.36 (KHTML, like Gecko) Chrome/78.0.3904.108 Safari/537.36"
184.94.212.206 - - [28/Apr/2026:06:26:52 +0000] "POST /wp-cron.php?doing_wp_cron=1777357612.8081440925598144531250 HTTP/1.1" 200 - "-" "WordPress/6.9.4; https://eyemovementdesensitizationandreprocessing.com"
216.244.66.244 - - [28/Apr/2026:06:26:51 +0000] "GET /robots.txt HTTP/1.1" 200 304 "-" "Mozilla/5.0 (compatible; DotBot/1.2; +https://opensiteexplorer.org/dotbot; help@moz.com)"
83.142.209.158 - - [28/Apr/2026:06:29:20 +0000] "GET / HTTP/1.1" 500 2431 "-" "-"
83.142.209.158 - - [28/Apr/2026:06:29:05 +0000] "GET / HTTP/1.1" 500 2508 "-" "-"
83.142.209.158 - - [28/Apr/2026:06:29:10 +0000] "GET / HTTP/1.1" 500 2508 "-" "-"
184.94.212.206 - - [28/Apr/2026:06:29:34 +0000] "POST /wp-cron.php?doing_wp_cron=1777357774.3221158981323242187500 HTTP/1.1" 200 - "-" "WordPress/6.9.4; https://eyemovementdesensitizationandreprocessing.com"
83.142.209.158 - - [28/Apr/2026:06:29:00 +0000] "GET / HTTP/1.1" 200 210967 "-" "-"
83.142.209.158 - - [28/Apr/2026:06:29:15 +0000] "GET / HTTP/1.1" 200 211992 "-" "-"
35.212.110.76 - - [28/Apr/2026:06:37:42 +0000] "GET /ads.txt HTTP/1.1" 200 58 "-" "Mozilla/5.0 (Macintosh; Intel Mac OS X 10_12_6) AppleWebKit/537.36 (KHTML, like Gecko) Chrome/63.0.3239.84 Safari/537.36"
184.94.212.206 - - [28/Apr/2026:06:43:20 +0000] "POST /wp-cron.php?doing_wp_cron=1777358600.3795959949493408203125 HTTP/1.1" 200 - "-" "WordPress/6.9.4; https://eyemovementdesensitizationandreprocessing.com"
65.108.44.54 - - [28/Apr/2026:06:43:18 +0000] "HEAD /robots.txt HTTP/1.1" 200 - "-" "MBCrawler/1.0 (https://monitorbacklinks.com/robot)"
65.108.44.54 - - [28/Apr/2026:06:43:20 +0000] "HEAD /robots.txt HTTP/1.1" 200 - "-" "MBCrawler/1.0 (https://monitorbacklinks.com/robot)"
65.108.44.54 - - [28/Apr/2026:06:43:21 +0000] "GET /robots.txt HTTP/1.1" 200 151 "-" "MBCrawler/1.0 (https://monitorbacklinks.com/robot)"
65.108.44.54 - - [28/Apr/2026:06:43:22 +0000] "GET /robots.txt HTTP/1.1" 200 151 "-" "MBCrawler/1.0 (https://monitorbacklinks.com/robot)"
65.108.44.54 - - [28/Apr/2026:06:43:23 +0000] "HEAD /emdr/emdr-and-anxiety/ HTTP/1.1" 301 - "-" "MBCrawler/1.0 (https://monitorbacklinks.com/robot)"
65.108.44.54 - - [28/Apr/2026:06:43:24 +0000] "HEAD /emdr-side-effects/ HTTP/1.1" 301 - "-" "MBCrawler/1.0 (https://monitorbacklinks.com/robot)"
65.108.44.54 - - [28/Apr/2026:06:43:27 +0000] "GET /emdr/emdr-and-anxiety/ HTTP/1.1" 301 - "-" "MBCrawler/1.0 (https://monitorbacklinks.com/robot)"
44.209.164.247 - - [28/Apr/2026:06:43:27 +0000] "GET /robots.txt HTTP/1.1" 301 - "-" "Mozilla/5.0 (Macintosh; Intel Mac OS X 10_10_1) AppleWebKit/600.2.5 (KHTML, like Gecko) Version/8.0.2 Safari/600.2.5 (Gort)"
65.108.44.54 - - [28/Apr/2026:06:43:27 +0000] "GET /emdr-side-effects/ HTTP/1.1" 301 - "-" "MBCrawler/1.0 (https://monitorbacklinks.com/robot)"
54.172.209.207 - - [28/Apr/2026:06:43:28 +0000] "GET /robots.txt HTTP/1.1" 200 151 "-" "Mozilla/5.0 (Macintosh; Intel Mac OS X 10_10_1) AppleWebKit/600.2.5 (KHTML, like Gecko) Version/8.0.2 Safari/600.2.5 (Gort)"
216.244.66.244 - - [28/Apr/2026:06:44:30 +0000] "GET /emdr-treatment/what-is-emdr/?share=facebook HTTP/1.1" 302 - "-" "Mozilla/5.0 (compatible; DotBot/1.2; +https://opensiteexplorer.org/dotbot; help@moz.com)"
3.111.102.32 - - [28/Apr/2026:06:51:27 +0000] "GET /sitemap_index.xml HTTP/1.1" 200 619 "-" "Mozilla/5.0 (Windows NT 10.0; Win64; x64) AppleWebKit/537.36 (KHTML, like Gecko) Chrome/59.0.3071.115 Safari/537.36"
37.236.31.36 - - [28/Apr/2026:06:53:43 +0000] "GET /2017/10/22/getting-quality-sleep-at-night/ HTTP/1.1" 301 - "-" "Mozilla/5.0 (Windows NT 10.0; Win64; x64) AppleWebKit/537.36 (KHTML, like Gecko) Chrome/145.0.0.0 Safari/537.36"
116.76.38.100 - - [28/Apr/2026:06:58:26 +0000] "GET /robots.txt HTTP/1.1" 200 151 "-" "Mozilla/5.0 (Windows NT 10.0; WOW64) AppleWebKit/537.36 (KHTML, like Gecko) Chrome/84.0.3780.71 UBrowser/6.2.3964.2 Safari/537.36"
184.94.212.206 - - [28/Apr/2026:07:04:02 +0000] "POST /wp-cron.php?doing_wp_cron=1777359841.9874620437622070312500 HTTP/1.1" 200 - "-" "WordPress/6.9.4; https://eyemovementdesensitizationandreprocessing.com"
65.108.44.54 - - [28/Apr/2026:07:04:00 +0000] "HEAD /robots.txt HTTP/1.1" 200 - "-" "MBCrawler/1.0 (https://monitorbacklinks.com/robot)"
65.108.44.54 - - [28/Apr/2026:07:04:03 +0000] "GET /robots.txt HTTP/1.1" 200 151 "-" "MBCrawler/1.0 (https://monitorbacklinks.com/robot)"
65.108.44.54 - - [28/Apr/2026:07:04:05 +0000] "HEAD /emdr/emdr-and-anxiety/ HTTP/1.1" 301 - "-" "MBCrawler/1.0 (https://monitorbacklinks.com/robot)"
65.108.44.54 - - [28/Apr/2026:07:04:09 +0000] "GET /emdr/emdr-and-anxiety/ HTTP/1.1" 301 - "-" "MBCrawler/1.0 (https://monitorbacklinks.com/robot)"
184.94.212.206 - - [28/Apr/2026:07:14:33 +0000] "POST /wp-cron.php?doing_wp_cron=1777360473.0682229995727539062500 HTTP/1.1" 200 - "-" "WordPress/6.9.4; https://eyemovementdesensitizationandreprocessing.com"
54.236.1.53 - - [28/Apr/2026:07:14:31 +0000] "GET / HTTP/1.1" 200 65713 "-" "Mozilla/5.0 (compatible; Pinterestbot/1.0; +http://www.pinterest.com/bot.html)"
184.94.212.206 - - [28/Apr/2026:07:20:55 +0000] "POST /wp-cron.php?doing_wp_cron=1777360855.4782369136810302734375 HTTP/1.1" 200 - "-" "WordPress/6.9.4; https://eyemovementdesensitizationandreprocessing.com"
45.66.35.25 - - [28/Apr/2026:07:20:54 +0000] "GET /wp-json/wp/v2/posts HTTP/1.1" 200 26231 "-" "Mozilla/5.0 (Windows NT 10.0; Win64; x64) AppleWebKit/537.36 (KHTML, like Gecko) Chrome/120.0.0.0 Safari/537.36"
65.108.44.54 - - [28/Apr/2026:07:22:09 +0000] "HEAD /robots.txt HTTP/1.1" 200 - "-" "MBCrawler/1.0 (https://monitorbacklinks.com/robot)"
65.108.44.54 - - [28/Apr/2026:07:22:10 +0000] "GET /robots.txt HTTP/1.1" 200 151 "-" "MBCrawler/1.0 (https://monitorbacklinks.com/robot)"
192.0.101.246 - - [28/Apr/2026:07:22:10 +0000] "GET /feed/ HTTP/1.1" 200 24204 "-" "wp.com feedbot/1.0 (+https://wp.com;subscribers=17;feed-id=81430179)"
65.108.44.54 - - [28/Apr/2026:07:22:12 +0000] "HEAD /emdr-side-effects/ HTTP/1.1" 301 - "-" "MBCrawler/1.0 (https://monitorbacklinks.com/robot)"
65.108.44.54 - - [28/Apr/2026:07:22:16 +0000] "GET /emdr-side-effects/ HTTP/1.1" 301 - "-" "MBCrawler/1.0 (https://monitorbacklinks.com/robot)"
195.178.110.34 - - [28/Apr/2026:07:41:23 +0000] "GET /.svn/wc.db HTTP/1.1" 301 - "-" "Mozilla/5.0"
195.178.110.34 - - [28/Apr/2026:07:41:24 +0000] "GET /.svn/entries HTTP/1.1" 301 - "-" "Mozilla/5.0"
195.178.110.34 - - [28/Apr/2026:07:43:20 +0000] "GET / HTTP/1.1" 200 211948 "-" "Mozilla/5.0 (Windows NT 6.1; Win64; x64; rv:47.0) Gecko/20100101 Firefox/47.0"
195.178.110.34 - - [28/Apr/2026:07:43:38 +0000] "GET / HTTP/1.1" 500 2431 "-" "Mozilla/5.0 (Windows NT 6.1; Win64; x64; rv:47.0) Gecko/20100101 Firefox/47.0"
184.94.212.206 - - [28/Apr/2026:07:49:37 +0000] "POST /wp-cron.php?doing_wp_cron=1777362577.6776340007781982421875 HTTP/1.1" 200 - "-" "WordPress/6.9.4; https://eyemovementdesensitizationandreprocessing.com"
184.94.212.206 - - [28/Apr/2026:07:49:43 +0000] "POST /wp-cron.php?doing_wp_cron=1777362583.0347568988800048828125 HTTP/1.1" 200 - "-" "WordPress/6.9.4; https://eyemovementdesensitizationandreprocessing.com"
184.94.212.206 - - [28/Apr/2026:07:49:42 +0000] "POST /wp-cron.php?doing_wp_cron=1777362582.4311659336090087890625 HTTP/1.1" 200 - "-" "WordPress/6.9.4; https://eyemovementdesensitizationandreprocessing.com"
184.94.212.206 - - [28/Apr/2026:08:05:10 +0000] "POST /wp-cron.php?doing_wp_cron=1777363510.8932530879974365234375 HTTP/1.1" 200 - "-" "WordPress/6.9.4; https://eyemovementdesensitizationandreprocessing.com"
27.46.125.101 - - [28/Apr/2026:08:05:08 +0000] "GET /wp-content/uploads/2014/03/020731_1618_0164_lsms-300x199.jpg HTTP/1.1" 301 - "http://eyemovementdesensitizationandreprocessing.com/" "Mozilla/5.0 (Windows NT 10.0; Win64; x64) AppleWebKit/537.36 (KHTML, like Gecko) Chrome/143.0.0.0 Safari/537.36"
192.0.112.210 - - [28/Apr/2026:08:07:24 +0000] "GET /wp-content/uploads/2012/11/Supplements_of_BCAA-300x300.jpg HTTP/1.1" 301 - "-" "Photon/1.0"
192.0.118.81 - - [28/Apr/2026:08:07:24 +0000] "GET /wp-content/uploads/2012/11/supplements-300x203.jpg HTTP/1.1" 301 - "-" "Photon/1.0"
184.94.212.206 - - [28/Apr/2026:08:09:29 +0000] "POST /wp-cron.php?doing_wp_cron=1777363769.4115788936614990234375 HTTP/1.1" 200 - "-" "WordPress/6.9.4; https://eyemovementdesensitizationandreprocessing.com"
65.108.44.54 - - [28/Apr/2026:08:09:27 +0000] "HEAD /robots.txt HTTP/1.1" 200 - "-" "MBCrawler/1.0 (https://monitorbacklinks.com/robot)"
65.108.44.54 - - [28/Apr/2026:08:09:28 +0000] "HEAD /robots.txt HTTP/1.1" 200 - "-" "MBCrawler/1.0 (https://monitorbacklinks.com/robot)"
65.108.44.54 - - [28/Apr/2026:08:09:29 +0000] "GET /robots.txt HTTP/1.1" 200 151 "-" "MBCrawler/1.0 (https://monitorbacklinks.com/robot)"
65.108.44.54 - - [28/Apr/2026:08:09:30 +0000] "GET /robots.txt HTTP/1.1" 200 151 "-" "MBCrawler/1.0 (https://monitorbacklinks.com/robot)"
65.108.44.54 - - [28/Apr/2026:08:09:32 +0000] "HEAD /emdr-side-effects/ HTTP/1.1" 301 - "-" "MBCrawler/1.0 (https://monitorbacklinks.com/robot)"
65.108.44.54 - - [28/Apr/2026:08:09:33 +0000] "HEAD /emdr/emdr-and-anxiety/ HTTP/1.1" 301 - "-" "MBCrawler/1.0 (https://monitorbacklinks.com/robot)"
65.108.44.54 - - [28/Apr/2026:08:09:36 +0000] "GET /emdr-side-effects/ HTTP/1.1" 301 - "-" "MBCrawler/1.0 (https://monitorbacklinks.com/robot)"
184.94.212.206 - - [28/Apr/2026:08:09:38 +0000] "POST /wp-cron.php?doing_wp_cron=1777363778.0568890571594238281250 HTTP/1.1" 200 - "-" "WordPress/6.9.4; https://eyemovementdesensitizationandreprocessing.com"
65.108.44.54 - - [28/Apr/2026:08:09:36 +0000] "GET /emdr/emdr-and-anxiety/ HTTP/1.1" 301 - "-" "MBCrawler/1.0 (https://monitorbacklinks.com/robot)"
184.94.212.206 - - [28/Apr/2026:08:37:51 +0000] "POST /wp-cron.php?doing_wp_cron=1777365471.0294311046600341796875 HTTP/1.1" 200 - "-" "WordPress/6.9.4; https://eyemovementdesensitizationandreprocessing.com"
91.196.32.194 - - [28/Apr/2026:08:37:49 +0000] "GET /wp-content/uploads/2012/11/ear_cutaway-300x241.jpg HTTP/1.1" 301 - "-" "Mozilla/5.0 (Windows NT 10.0; Win64; x64) AppleWebKit/537.36 (KHTML, like Gecko) Chrome/140.0.0.0 Safari/537.36"
34.233.219.155 - - [28/Apr/2026:08:45:17 +0000] "GET /depression-and-emdr-does-it-really-work/ HTTP/1.1" 301 - "-" "Mozilla/5.0 AppleWebKit/537.36 (KHTML, like Gecko; compatible; Amazonbot/0.1; +https://developer.amazon.com/support/amazonbot) Chrome/119.0.6045.214 Safari/537.36"
184.94.212.206 - - [28/Apr/2026:08:56:22 +0000] "POST /wp-cron.php?doing_wp_cron=1777366582.1249759197235107421875 HTTP/1.1" 200 - "-" "WordPress/6.9.4; https://eyemovementdesensitizationandreprocessing.com"
65.108.44.54 - - [28/Apr/2026:08:56:20 +0000] "HEAD /robots.txt HTTP/1.1" 200 - "-" "MBCrawler/1.0 (https://monitorbacklinks.com/robot)"
65.108.44.54 - - [28/Apr/2026:08:56:21 +0000] "HEAD /robots.txt HTTP/1.1" 200 - "-" "MBCrawler/1.0 (https://monitorbacklinks.com/robot)"
65.108.44.54 - - [28/Apr/2026:08:56:23 +0000] "GET /robots.txt HTTP/1.1" 200 151 "-" "MBCrawler/1.0 (https://monitorbacklinks.com/robot)"
65.108.44.54 - - [28/Apr/2026:08:56:23 +0000] "GET /robots.txt HTTP/1.1" 200 151 "-" "MBCrawler/1.0 (https://monitorbacklinks.com/robot)"
65.108.44.54 - - [28/Apr/2026:08:56:24 +0000] "HEAD /site-map/ HTTP/1.1" 200 - "-" "MBCrawler/1.0 (https://monitorbacklinks.com/robot)"
65.108.44.54 - - [28/Apr/2026:08:56:24 +0000] "HEAD /emdr-side-effects/ HTTP/1.1" 301 - "-" "MBCrawler/1.0 (https://monitorbacklinks.com/robot)"
65.108.44.54 - - [28/Apr/2026:08:56:26 +0000] "GET /site-map/ HTTP/1.1" 200 66349 "-" "MBCrawler/1.0 (https://monitorbacklinks.com/robot)"
65.108.44.54 - - [28/Apr/2026:08:56:28 +0000] "GET /emdr-side-effects/ HTTP/1.1" 301 - "-" "MBCrawler/1.0 (https://monitorbacklinks.com/robot)"
184.94.212.206 - - [28/Apr/2026:08:59:46 +0000] "POST /wp-cron.php?doing_wp_cron=1777366786.6057970523834228515625 HTTP/1.1" 200 - "-" "WordPress/6.9.4; https://eyemovementdesensitizationandreprocessing.com"
65.108.44.54 - - [28/Apr/2026:08:59:45 +0000] "HEAD /emdr/emdr-and-anxiety/ HTTP/1.1" 301 - "-" "MBCrawler/1.0 (https://monitorbacklinks.com/robot)"
65.108.44.54 - - [28/Apr/2026:08:59:50 +0000] "GET /emdr/emdr-and-anxiety/ HTTP/1.1" 301 - "-" "MBCrawler/1.0 (https://monitorbacklinks.com/robot)"
184.94.212.206 - - [28/Apr/2026:09:03:15 +0000] "POST /wp-cron.php?doing_wp_cron=1777366995.1148700714111328125000 HTTP/1.1" 200 - "-" "WordPress/6.9.4; https://eyemovementdesensitizationandreprocessing.com"
169.224.68.126 - - [28/Apr/2026:09:03:13 +0000] "GET http://eyemovementdesensitizationandreprocessing.com/2018/11/22/herbal-remedies-that-can-help-increase-your-memory/ HTTP/1.1" 301 - "-" "Mozilla/5.0 (Windows NT 10.0; WOW64) AppleWebKit/537.36 (KHTML, like Gecko) Chrome/107.0.0.0 Safari/537.36"
199.47.82.19 - - [28/Apr/2026:09:03:23 +0000] "GET /robots.txt HTTP/1.1" 200 151 "-" "Turnitin (https://bit.ly/2UvnfoQ)"
199.47.82.19 - - [28/Apr/2026:09:03:24 +0000] "GET /2017/08/27/drug-alcohol-rehab/ HTTP/1.1" 301 - "-" "Turnitin (https://bit.ly/2UvnfoQ)"
199.47.82.19 - - [28/Apr/2026:09:03:24 +0000] "GET /2017/10/17/diagnosing-mental-health/ HTTP/1.1" 301 - "-" "Turnitin (https://bit.ly/2UvnfoQ)"
199.47.82.19 - - [28/Apr/2026:09:03:25 +0000] "GET /2017/11/07/best-depression-treatment/ HTTP/1.1" 301 - "-" "Turnitin (https://bit.ly/2UvnfoQ)"
199.47.82.19 - - [28/Apr/2026:09:03:25 +0000] "GET /2017/11/16/alternative-workouts-you-should-consider-during-and-after-trauma/ HTTP/1.1" 301 - "-" "Turnitin (https://bit.ly/2UvnfoQ)"
199.47.82.19 - - [28/Apr/2026:09:03:26 +0000] "GET /2017/11/20/major-depressive-disorders/ HTTP/1.1" 301 - "-" "Turnitin (https://bit.ly/2UvnfoQ)"
199.47.82.19 - - [28/Apr/2026:09:03:26 +0000] "GET /2017/11/20/ptsd-assistance/ HTTP/1.1" 301 - "-" "Turnitin (https://bit.ly/2UvnfoQ)"
199.47.82.19 - - [28/Apr/2026:09:03:27 +0000] "GET /2017/11/22/getting-quality-sleep-at-night/ HTTP/1.1" 301 - "-" "Turnitin (https://bit.ly/2UvnfoQ)"
145.220.91.19 - - [28/Apr/2026:09:15:17 +0000] "GET / HTTP/1.1" 301 - "-" "Mozilla/5.0 (Macintosh; Intel Mac OS X 10.15; rv:122.0) Gecko/20100101 Firefox/122.0"
78.159.131.56 - - [28/Apr/2026:09:22:54 +0000] "GET /txets.php HTTP/1.1" 301 - "-" "Mozilla/5.0 (Windows NT 10.0; Win64; x64; rv:133.0) Gecko/20100101 Firefox/133.0"
184.94.212.206 - - [28/Apr/2026:09:23:19 +0000] "POST /wp-cron.php?doing_wp_cron=1777368199.7429919242858886718750 HTTP/1.1" 200 - "-" "WordPress/6.9.4; https://eyemovementdesensitizationandreprocessing.com"
78.159.131.56 - - [28/Apr/2026:09:23:02 +0000] "GET /wp-content/txets.php HTTP/1.1" 301 - "-" "Mozilla/5.0 (Windows NT 10.0; Win64; x64; rv:133.0) Gecko/20100101 Firefox/133.0"
78.159.131.56 - - [28/Apr/2026:09:23:10 +0000] "GET /wp-includes/txets.php HTTP/1.1" 301 - "-" "Mozilla/5.0 (Windows NT 10.0; Win64; x64; rv:133.0) Gecko/20100101 Firefox/133.0"
65.108.44.54 - - [28/Apr/2026:09:25:20 +0000] "HEAD /robots.txt HTTP/1.1" 200 - "-" "MBCrawler/1.0 (https://monitorbacklinks.com/robot)"
65.108.44.54 - - [28/Apr/2026:09:25:22 +0000] "HEAD /robots.txt HTTP/1.1" 200 - "-" "MBCrawler/1.0 (https://monitorbacklinks.com/robot)"
65.108.44.54 - - [28/Apr/2026:09:25:22 +0000] "GET /robots.txt HTTP/1.1" 200 151 "-" "MBCrawler/1.0 (https://monitorbacklinks.com/robot)"
65.108.44.54 - - [28/Apr/2026:09:25:24 +0000] "GET /robots.txt HTTP/1.1" 200 151 "-" "MBCrawler/1.0 (https://monitorbacklinks.com/robot)"
65.108.44.54 - - [28/Apr/2026:09:25:24 +0000] "HEAD /emdr/emdr-and-anxiety/ HTTP/1.1" 301 - "-" "MBCrawler/1.0 (https://monitorbacklinks.com/robot)"
65.108.44.54 - - [28/Apr/2026:09:25:26 +0000] "HEAD /emdr-side-effects/ HTTP/1.1" 301 - "-" "MBCrawler/1.0 (https://monitorbacklinks.com/robot)"
65.108.44.54 - - [28/Apr/2026:09:25:28 +0000] "GET /emdr/emdr-and-anxiety/ HTTP/1.1" 301 - "-" "MBCrawler/1.0 (https://monitorbacklinks.com/robot)"
65.108.44.54 - - [28/Apr/2026:09:25:30 +0000] "GET /emdr-side-effects/ HTTP/1.1" 301 - "-" "MBCrawler/1.0 (https://monitorbacklinks.com/robot)"
92.60.40.215 - - [28/Apr/2026:09:27:30 +0000] "GET /.env HTTP/1.1" 301 - "-" "Mozilla/5.0 (Windows NT 6.1; WOW64; Trident/7.0; BOIE9;ENUSMSNIP; rv:11.0) like Gecko"
92.60.40.215 - - [28/Apr/2026:09:27:35 +0000] "GET /phpinfo.php HTTP/1.1" 301 - "-" "Mozilla/5.0 (Windows NT 6.1; WOW64; Trident/7.0; BOIE9;ENUSMSNIP; rv:11.0) like Gecko"
184.94.212.206 - - [28/Apr/2026:09:27:38 +0000] "POST /wp-cron.php?doing_wp_cron=1777368458.6573600769042968750000 HTTP/1.1" 200 - "-" "WordPress/6.9.4; https://eyemovementdesensitizationandreprocessing.com"
92.60.40.215 - - [28/Apr/2026:09:27:37 +0000] "GET /sftp-config.json HTTP/1.1" 301 - "-" "Mozilla/5.0 (Windows NT 6.1; WOW64; Trident/7.0; BOIE9;ENUSMSNIP; rv:11.0) like Gecko"
89.185.82.45 - - [28/Apr/2026:09:28:57 +0000] "GET /wp-content/uploads/2011/02/Stuttering-300x128.jpg HTTP/1.1" 301 - "-" "Mozilla/5.0 (Windows NT 10.0; Win64; x64) AppleWebKit/537.36 (KHTML, like Gecko) Chrome/140.0.0.0 Safari/537.36"
216.244.66.244 - - [28/Apr/2026:09:29:00 +0000] "GET /robots.txt HTTP/1.1" 200 304 "-" "Mozilla/5.0 (compatible; DotBot/1.2; +https://opensiteexplorer.org/dotbot; help@moz.com)"
45.197.133.42 - - [28/Apr/2026:09:37:06 +0000] "GET /wp-content/uploads/2016/10/VA_Compensation_List-236x300.png HTTP/1.1" 301 - "-" "Mozilla/5.0 (Windows NT 10.0; Win64; x64) AppleWebKit/537.36 (KHTML, like Gecko) Chrome/140.0.0.0 Safari/537.36"
216.244.66.244 - - [28/Apr/2026:09:41:32 +0000] "GET /emdr/emdr-treatment/?share=twitter HTTP/1.1" 301 - "-" "Mozilla/5.0 (compatible; DotBot/1.2; +https://opensiteexplorer.org/dotbot; help@moz.com)"
216.244.66.244 - - [28/Apr/2026:09:42:41 +0000] "GET /emdr-side-effects/?cuid=5bd48024f8cbb0f68976a4818f6ff647 HTTP/1.1" 301 - "-" "Mozilla/5.0 (compatible; DotBot/1.2; +https://opensiteexplorer.org/dotbot; help@moz.com)"
43.135.148.92 - - [28/Apr/2026:09:44:20 +0000] "GET / HTTP/1.1" 301 - "-" "Mozilla/5.0 (iPhone; CPU iPhone OS 13_2_3 like Mac OS X) AppleWebKit/605.1.15 (KHTML, like Gecko) Version/13.0.3 Mobile/15E148 Safari/604.1"
184.94.212.206 - - [28/Apr/2026:09:44:23 +0000] "POST /wp-cron.php?doing_wp_cron=1777369463.1171159744262695312500 HTTP/1.1" 200 - "-" "WordPress/6.9.4; https://eyemovementdesensitizationandreprocessing.com"
43.135.148.92 - - [28/Apr/2026:09:44:21 +0000] "GET / HTTP/1.1" 200 65713 "http://www.eyemovementdesensitizationandreprocessing.com" "Mozilla/5.0 (iPhone; CPU iPhone OS 13_2_3 like Mac OS X) AppleWebKit/605.1.15 (KHTML, like Gecko) Version/13.0.3 Mobile/15E148 Safari/604.1"
65.108.44.54 - - [28/Apr/2026:09:48:07 +0000] "HEAD /robots.txt HTTP/1.1" 200 - "-" "MBCrawler/1.0 (https://monitorbacklinks.com/robot)"
65.108.44.54 - - [28/Apr/2026:09:48:09 +0000] "GET /robots.txt HTTP/1.1" 200 151 "-" "MBCrawler/1.0 (https://monitorbacklinks.com/robot)"
65.108.44.54 - - [28/Apr/2026:09:48:11 +0000] "HEAD /emdr/emdr-and-anxiety/ HTTP/1.1" 301 - "-" "MBCrawler/1.0 (https://monitorbacklinks.com/robot)"
65.108.44.54 - - [28/Apr/2026:09:48:15 +0000] "GET /emdr/emdr-and-anxiety/ HTTP/1.1" 301 - "-" "MBCrawler/1.0 (https://monitorbacklinks.com/robot)"
45.156.129.70 - - [28/Apr/2026:09:57:11 +0000] "GET / HTTP/1.1" 200 65713 "-" "Mozilla/5.0 AppleWebKit/537.36 (KHTML, like Gecko) Chrome/123.0.6312.86 Safari/537.36"
45.156.129.70 - - [28/Apr/2026:09:57:14 +0000] "POST /mcp HTTP/1.1" 301 - "-" "python-httpx/0.28.1"
45.156.129.70 - - [28/Apr/2026:09:57:15 +0000] "GET /sse HTTP/1.1" 301 - "-" "python-httpx/0.28.1"
45.156.129.71 - - [28/Apr/2026:09:57:16 +0000] "GET /favicon.ico HTTP/1.1" 302 - "-" "Mozilla/5.0 AppleWebKit/537.36 (KHTML, like Gecko) Chrome/123.0.6312.86 Safari/537.36"
45.156.129.71 - - [28/Apr/2026:09:57:18 +0000] "GET /wp-includes/images/w-logo-blue-white-bg.png HTTP/1.1" 200 4119 "http://eyemovementdesensitizationandreprocessing.com/favicon.ico" "Mozilla/5.0 AppleWebKit/537.36 (KHTML, like Gecko) Chrome/123.0.6312.86 Safari/537.36"
184.94.212.206 - - [28/Apr/2026:10:03:14 +0000] "POST /wp-cron.php?doing_wp_cron=1777370594.9738419055938720703125 HTTP/1.1" 200 - "-" "WordPress/6.9.4; https://eyemovementdesensitizationandreprocessing.com"
34.6.200.184 - - [28/Apr/2026:10:03:13 +0000] "GET /robots.txt HTTP/1.1" 200 151 "-" "Python/3.12 aiohttp/3.11.11"
184.94.212.206 - - [28/Apr/2026:10:14:43 +0000] "POST /wp-cron.php?doing_wp_cron=1777371283.9350960254669189453125 HTTP/1.1" 200 - "-" "WordPress/6.9.4; https://eyemovementdesensitizationandreprocessing.com"
43.173.177.146 - - [28/Apr/2026:10:14:42 +0000] "GET / HTTP/1.1" 200 65713 "-" "Mozilla/5.0 (Windows NT 10.0; Win64; x64) AppleWebKit/537.36 (KHTML, like Gecko) Chrome/131.0.0.0 Safari/537.36"
192.0.117.242 - - [28/Apr/2026:10:16:18 +0000] "GET /wp-content/uploads/2013/02/scabies_infection-300x227.jpg HTTP/1.1" 301 - "-" "Photon/1.0"
184.94.212.206 - - [28/Apr/2026:10:37:44 +0000] "POST /wp-cron.php?doing_wp_cron=1777372664.5498309135437011718750 HTTP/1.1" 200 - "-" "WordPress/6.9.4; https://eyemovementdesensitizationandreprocessing.com"
