20.220.233.65 - - [27/Apr/2026:19:33:08 +0000] "GET /.env.php.dist HTTP/1.1" 301 - "-" "-"
20.220.233.65 - - [27/Apr/2026:19:33:12 +0000] "GET /applications.php HTTP/1.1" 301 - "-" "-"
20.220.233.65 - - [27/Apr/2026:19:33:14 +0000] "GET /wp-config.php.swo HTTP/1.1" 301 - "-" "-"
20.220.233.65 - - [27/Apr/2026:19:33:18 +0000] "GET /ajax_officebuilding.php HTTP/1.1" 301 - "-" "-"
20.220.233.65 - - [27/Apr/2026:19:33:21 +0000] "GET /sys-details.php HTTP/1.1" 301 - "-" "-"
20.220.233.65 - - [27/Apr/2026:19:33:24 +0000] "GET /env.php HTTP/1.1" 301 - "-" "-"
20.220.233.65 - - [27/Apr/2026:19:33:27 +0000] "GET /release_info.php HTTP/1.1" 301 - "-" "-"
20.220.233.65 - - [27/Apr/2026:19:33:30 +0000] "GET /mailer_url.php HTTP/1.1" 301 - "-" "-"
20.220.233.65 - - [27/Apr/2026:19:33:33 +0000] "GET /iR7SzrsOUEP.php HTTP/1.1" 301 - "-" "-"
184.94.212.206 - - [27/Apr/2026:19:33:36 +0000] "POST /wp-cron.php?doing_wp_cron=1777318416.5588910579681396484375 HTTP/1.1" 200 - "-" "WordPress/6.9.4; https://eyemovementdesensitizationandreprocessing.com"
20.220.233.65 - - [27/Apr/2026:19:33:35 +0000] "GET /connector.php HTTP/1.1" 301 - "-" "-"
184.94.212.206 - - [27/Apr/2026:19:33:39 +0000] "POST /wp-cron.php?doing_wp_cron=1777318419.0891070365905761718750 HTTP/1.1" 200 - "-" "WordPress/6.9.4; https://eyemovementdesensitizationandreprocessing.com"
20.220.233.65 - - [27/Apr/2026:19:33:38 +0000] "GET /systeminfo.php HTTP/1.1" 301 - "-" "-"
20.220.233.65 - - [27/Apr/2026:19:33:40 +0000] "GET /wp-config.phpc HTTP/1.1" 301 - "-" "-"
20.220.233.65 - - [27/Apr/2026:19:33:44 +0000] "GET /showphpinfo.php HTTP/1.1" 301 - "-" "-"
20.220.233.65 - - [27/Apr/2026:19:33:46 +0000] "GET /main.php HTTP/1.1" 301 - "-" "-"
20.220.233.65 - - [27/Apr/2026:19:33:49 +0000] "GET /phpsysinfo.php HTTP/1.1" 301 - "-" "-"
20.220.233.65 - - [27/Apr/2026:19:33:52 +0000] "GET /phpinfo__.php HTTP/1.1" 301 - "-" "-"
20.220.233.65 - - [27/Apr/2026:19:33:54 +0000] "GET /sys-info.php HTTP/1.1" 301 - "-" "-"
20.220.233.65 - - [27/Apr/2026:19:33:57 +0000] "GET /profile.php HTTP/1.1" 301 - "-" "-"
20.220.233.65 - - [27/Apr/2026:19:34:00 +0000] "GET /defau1t.php HTTP/1.1" 301 - "-" "-"
20.220.233.65 - - [27/Apr/2026:19:34:02 +0000] "GET /fraie1p4.php HTTP/1.1" 301 - "-" "-"
20.220.233.65 - - [27/Apr/2026:19:34:05 +0000] "GET /routes.php HTTP/1.1" 301 - "-" "-"
20.220.233.65 - - [27/Apr/2026:19:34:08 +0000] "GET /del.php HTTP/1.1" 301 - "-" "-"
20.220.233.65 - - [27/Apr/2026:19:34:10 +0000] "GET /c99shell.php HTTP/1.1" 301 - "-" "-"
20.220.233.65 - - [27/Apr/2026:19:34:13 +0000] "GET /vv.php HTTP/1.1" 301 - "-" "-"
20.220.233.65 - - [27/Apr/2026:19:34:15 +0000] "GET /database.php HTTP/1.1" 301 - "-" "-"
20.220.233.65 - - [27/Apr/2026:19:34:18 +0000] "GET /smtp.php HTTP/1.1" 301 - "-" "-"
184.94.212.206 - - [27/Apr/2026:19:34:22 +0000] "POST /wp-cron.php?doing_wp_cron=1777318462.0312540531158447265625 HTTP/1.1" 200 - "-" "WordPress/6.9.4; https://eyemovementdesensitizationandreprocessing.com"
20.220.233.65 - - [27/Apr/2026:19:34:21 +0000] "GET /oo.php HTTP/1.1" 301 - "-" "-"
20.220.233.65 - - [27/Apr/2026:19:34:23 +0000] "GET /sk.php HTTP/1.1" 301 - "-" "-"
20.220.233.65 - - [27/Apr/2026:19:34:26 +0000] "GET /content.php888 HTTP/1.1" 301 - "-" "-"
20.220.233.65 - - [27/Apr/2026:19:34:28 +0000] "GET /loading.php HTTP/1.1" 301 - "-" "-"
20.220.233.65 - - [27/Apr/2026:19:34:31 +0000] "GET /kct.php HTTP/1.1" 301 - "-" "-"
20.220.233.65 - - [27/Apr/2026:19:34:33 +0000] "GET /ninja.php HTTP/1.1" 301 - "-" "-"
20.220.233.65 - - [27/Apr/2026:19:34:36 +0000] "GET /path.php HTTP/1.1" 301 - "-" "-"
20.220.233.65 - - [27/Apr/2026:19:34:38 +0000] "GET /wp-key.php HTTP/1.1" 301 - "-" "-"
20.220.233.65 - - [27/Apr/2026:19:34:41 +0000] "GET /pm.php HTTP/1.1" 301 - "-" "-"
65.108.44.54 - - [27/Apr/2026:19:34:43 +0000] "HEAD /robots.txt HTTP/1.1" 200 - "-" "MBCrawler/1.0 (https://monitorbacklinks.com/robot)"
20.220.233.65 - - [27/Apr/2026:19:34:43 +0000] "GET /phpcheck.php HTTP/1.1" 301 - "-" "-"
65.108.44.54 - - [27/Apr/2026:19:34:45 +0000] "GET /robots.txt HTTP/1.1" 200 151 "-" "MBCrawler/1.0 (https://monitorbacklinks.com/robot)"
20.220.233.65 - - [27/Apr/2026:19:34:46 +0000] "GET /filesystems.php HTTP/1.1" 301 - "-" "-"
65.108.44.54 - - [27/Apr/2026:19:34:47 +0000] "HEAD /emdr-side-effects/ HTTP/1.1" 301 - "-" "MBCrawler/1.0 (https://monitorbacklinks.com/robot)"
65.108.44.54 - - [27/Apr/2026:19:34:50 +0000] "GET /emdr-side-effects/ HTTP/1.1" 301 - "-" "MBCrawler/1.0 (https://monitorbacklinks.com/robot)"
184.94.212.206 - - [27/Apr/2026:19:38:22 +0000] "POST /wp-cron.php?doing_wp_cron=1777318702.7063090801239013671875 HTTP/1.1" 200 - "-" "WordPress/6.9.4; https://eyemovementdesensitizationandreprocessing.com"
216.244.66.244 - - [27/Apr/2026:19:38:20 +0000] "GET /robots.txt HTTP/1.1" 200 304 "-" "Mozilla/5.0 (compatible; DotBot/1.2; +https://opensiteexplorer.org/dotbot; help@moz.com)"
3.18.186.238 - - [27/Apr/2026:19:45:56 +0000] "GET / HTTP/1.1" 200 65705 "-" "visionheight.com/scan Mozilla/5.0 (Macintosh; Intel Mac OS X 10_15_7) Chrome/126.0.0.0 Safari/537.36"
216.244.66.244 - - [27/Apr/2026:19:51:26 +0000] "GET /eye%20movement%20desensitization%20and%20reprocessing/stress-trigger/ HTTP/1.1" 301 - "-" "Mozilla/5.0 (compatible; DotBot/1.2; +https://opensiteexplorer.org/dotbot; help@moz.com)"
216.244.66.244 - - [27/Apr/2026:19:53:20 +0000] "GET /emdr-treatment/panic-attacks-and-how-to-stop-them/?share=twitter HTTP/1.1" 302 - "-" "Mozilla/5.0 (compatible; DotBot/1.2; +https://opensiteexplorer.org/dotbot; help@moz.com)"
184.94.212.206 - - [27/Apr/2026:19:56:16 +0000] "POST /wp-cron.php?doing_wp_cron=1777319776.1548290252685546875000 HTTP/1.1" 200 - "-" "WordPress/6.9.4; https://eyemovementdesensitizationandreprocessing.com"
65.108.44.54 - - [27/Apr/2026:19:56:14 +0000] "HEAD /robots.txt HTTP/1.1" 200 - "-" "MBCrawler/1.0 (https://monitorbacklinks.com/robot)"
65.108.44.54 - - [27/Apr/2026:19:56:16 +0000] "HEAD /robots.txt HTTP/1.1" 200 - "-" "MBCrawler/1.0 (https://monitorbacklinks.com/robot)"
65.108.44.54 - - [27/Apr/2026:19:56:17 +0000] "GET /robots.txt HTTP/1.1" 200 151 "-" "MBCrawler/1.0 (https://monitorbacklinks.com/robot)"
65.108.44.54 - - [27/Apr/2026:19:56:18 +0000] "GET /robots.txt HTTP/1.1" 200 151 "-" "MBCrawler/1.0 (https://monitorbacklinks.com/robot)"
65.108.44.54 - - [27/Apr/2026:19:56:19 +0000] "HEAD /emdr/emdr-and-anxiety/ HTTP/1.1" 301 - "-" "MBCrawler/1.0 (https://monitorbacklinks.com/robot)"
65.108.44.54 - - [27/Apr/2026:19:56:20 +0000] "HEAD /emdr-side-effects/ HTTP/1.1" 301 - "-" "MBCrawler/1.0 (https://monitorbacklinks.com/robot)"
65.108.44.54 - - [27/Apr/2026:19:56:22 +0000] "GET /emdr/emdr-and-anxiety/ HTTP/1.1" 301 - "-" "MBCrawler/1.0 (https://monitorbacklinks.com/robot)"
65.108.44.54 - - [27/Apr/2026:19:56:24 +0000] "GET /emdr-side-effects/ HTTP/1.1" 301 - "-" "MBCrawler/1.0 (https://monitorbacklinks.com/robot)"
184.94.212.206 - - [27/Apr/2026:19:59:33 +0000] "POST /wp-cron.php?doing_wp_cron=1777319973.0649149417877197265625 HTTP/1.1" 200 - "-" "WordPress/6.9.4; https://eyemovementdesensitizationandreprocessing.com"
185.216.84.37 - - [27/Apr/2026:19:59:31 +0000] "GET /wp-json/wp/v2/posts HTTP/1.1" 200 26231 "-" "Mozilla/5.0 (Windows NT 10.0; Win64; x64) AppleWebKit/537.36 (KHTML, like Gecko) Chrome/120.0.0.0 Safari/537.36"
50.114.33.146 - - [27/Apr/2026:19:59:33 +0000] "GET //wp-json/wp/v2/posts HTTP/1.0" 200 26231 "-" "Mozilla/5.0 (Windows NT 10.0; Win64; x64) AppleWebKit/537.36 (KHTML, like Gecko) Chrome/120.0.0.0 Safari/537.36"
184.94.212.206 - - [27/Apr/2026:20:06:54 +0000] "POST /wp-cron.php?doing_wp_cron=1777320414.2036259174346923828125 HTTP/1.1" 200 - "-" "WordPress/6.9.4; https://eyemovementdesensitizationandreprocessing.com"
216.73.217.48 - - [27/Apr/2026:20:06:52 +0000] "GET /robots.txt HTTP/1.1" 200 151 "-" "Mozilla/5.0 AppleWebKit/537.36 (KHTML, like Gecko; compatible; ClaudeBot/1.0; +claudebot@anthropic.com)"
216.73.217.48 - - [27/Apr/2026:20:06:54 +0000] "GET /2013/06/23/relaxation-therapy/ HTTP/1.1" 301 - "-" "Mozilla/5.0 AppleWebKit/537.36 (KHTML, like Gecko; compatible; ClaudeBot/1.0; +claudebot@anthropic.com)"
184.94.212.206 - - [27/Apr/2026:20:14:15 +0000] "POST /wp-cron.php?doing_wp_cron=1777320855.7374649047851562500000 HTTP/1.1" 200 - "-" "WordPress/6.9.4; https://eyemovementdesensitizationandreprocessing.com"
38.41.48.18 - - [27/Apr/2026:20:14:13 +0000] "GET http://eyemovementdesensitizationandreprocessing.com/depression-and-emdr-does-it-really-work-2/ HTTP/1.1" 301 - "-" "Mozilla/5.0 (Windows NT 6.1) AppleWebKit/537.36 (KHTML, like Gecko) Chrome/77.0.3865.90 Safari/537.36"
98.84.177.58 - - [27/Apr/2026:20:17:40 +0000] "GET /robots.txt HTTP/1.1" 200 151 "-" "Mozilla/5.0 (Windows NT 10.0; Win64; x64) AppleWebKit/537.36 (KHTML, like Gecko) Chrome/86.0.4240.75 Safari/537.36"
98.84.177.58 - - [27/Apr/2026:20:17:42 +0000] "GET /success-stories/ HTTP/1.1" 200 69593 "-" "Mozilla/5.0 (Windows NT 10.0; Win64; x64) AppleWebKit/537.36 (KHTML, like Gecko) Chrome/86.0.4240.75 Safari/537.36"
98.84.177.58 - - [27/Apr/2026:20:18:04 +0000] "GET /depression-and-emdr-does-it-really-work-2/ HTTP/1.1" 301 - "-" "Mozilla/5.0 (Windows NT 10.0; Win64; x64) AppleWebKit/537.36 (KHTML, like Gecko) Chrome/86.0.4240.75 Safari/537.36"
192.0.91.97 - - [27/Apr/2026:20:18:07 +0000] "GET /wp-content/uploads/2011/10/The-EyeScan-Deluxe-300x200.jpg HTTP/1.1" 301 - "-" "Photon/1.0"
184.94.212.206 - - [27/Apr/2026:20:19:06 +0000] "POST /wp-cron.php?doing_wp_cron=1777321146.4557509422302246093750 HTTP/1.1" 200 - "-" "WordPress/6.9.4; https://eyemovementdesensitizationandreprocessing.com"
65.108.44.54 - - [27/Apr/2026:20:19:04 +0000] "HEAD /robots.txt HTTP/1.1" 200 - "-" "MBCrawler/1.0 (https://monitorbacklinks.com/robot)"
65.108.44.54 - - [27/Apr/2026:20:19:06 +0000] "HEAD /robots.txt HTTP/1.1" 200 - "-" "MBCrawler/1.0 (https://monitorbacklinks.com/robot)"
65.108.44.54 - - [27/Apr/2026:20:19:07 +0000] "GET /robots.txt HTTP/1.1" 200 151 "-" "MBCrawler/1.0 (https://monitorbacklinks.com/robot)"
65.108.44.54 - - [27/Apr/2026:20:19:09 +0000] "GET /robots.txt HTTP/1.1" 200 151 "-" "MBCrawler/1.0 (https://monitorbacklinks.com/robot)"
65.108.44.54 - - [27/Apr/2026:20:19:09 +0000] "HEAD /emdr/emdr-and-anxiety/ HTTP/1.1" 301 - "-" "MBCrawler/1.0 (https://monitorbacklinks.com/robot)"
184.94.212.206 - - [27/Apr/2026:20:19:12 +0000] "POST /wp-cron.php?doing_wp_cron=1777321152.3847849369049072265625 HTTP/1.1" 200 - "-" "WordPress/6.9.4; https://eyemovementdesensitizationandreprocessing.com"
65.108.44.54 - - [27/Apr/2026:20:19:11 +0000] "HEAD /emdr-side-effects/ HTTP/1.1" 301 - "-" "MBCrawler/1.0 (https://monitorbacklinks.com/robot)"
65.108.44.54 - - [27/Apr/2026:20:19:13 +0000] "GET /emdr/emdr-and-anxiety/ HTTP/1.1" 301 - "-" "MBCrawler/1.0 (https://monitorbacklinks.com/robot)"
65.108.44.54 - - [27/Apr/2026:20:19:15 +0000] "GET /emdr-side-effects/ HTTP/1.1" 301 - "-" "MBCrawler/1.0 (https://monitorbacklinks.com/robot)"
54.236.1.53 - - [27/Apr/2026:20:21:05 +0000] "GET /EMDR/emdr/rapid-trauma-resolution/?1297450129 HTTP/1.1" 301 - "-" "Mozilla/5.0 (compatible; Pinterestbot/1.0; +http://www.pinterest.com/bot.html)"
113.174.22.145 - - [27/Apr/2026:20:38:20 +0000] "GET http://eyemovementdesensitizationandreprocessing.com/2011/11/21/temperament-trauma-and-anger/anger/ HTTP/1.1" 301 - "-" "Mozilla/5.0 (Windows NT 6.3) AppleWebKit/537.36 (KHTML, like Gecko) Chrome/107.0.0.0 Safari/537.36"
199.47.82.19 - - [27/Apr/2026:20:40:01 +0000] "GET /robots.txt HTTP/1.1" 200 151 "-" "Turnitin (https://bit.ly/2UvnfoQ)"
199.47.82.19 - - [27/Apr/2026:20:40:25 +0000] "GET /general-health-topics/va-disability-compensation-codes/ HTTP/1.1" 301 - "-" "Turnitin (https://bit.ly/2UvnfoQ)"
184.94.212.206 - - [27/Apr/2026:20:44:24 +0000] "POST /wp-cron.php?doing_wp_cron=1777322664.2824950218200683593750 HTTP/1.1" 200 - "-" "WordPress/6.9.4; https://eyemovementdesensitizationandreprocessing.com"
3.139.242.79 - - [27/Apr/2026:20:44:23 +0000] "GET / HTTP/1.1" 200 65713 "-" "visionheight.com/scan Mozilla/5.0 (Macintosh; Intel Mac OS X 10_15_7) Chrome/126.0.0.0 Safari/537.36"
184.94.212.206 - - [27/Apr/2026:20:51:43 +0000] "POST /wp-cron.php?doing_wp_cron=1777323103.8230540752410888671875 HTTP/1.1" 200 - "-" "WordPress/6.9.4; https://eyemovementdesensitizationandreprocessing.com"
45.89.60.157 - - [27/Apr/2026:20:51:42 +0000] "GET /txets.php HTTP/1.1" 301 - "-" "Mozilla/5.0 (Macintosh; Intel Mac OS X 10_15_7) AppleWebKit/537.36 (KHTML, like Gecko) Chrome/131.0.0.0 Safari/537.36"
45.89.60.157 - - [27/Apr/2026:20:51:44 +0000] "GET /txets.php HTTP/1.1" 301 - "-" "Mozilla/5.0 (Windows NT 10.0; Win64; x64; rv:133.0) Gecko/20100101 Firefox/133.0"
45.89.60.157 - - [27/Apr/2026:20:51:47 +0000] "GET /wp-content/txets.php HTTP/1.1" 301 - "-" "Mozilla/5.0 (Macintosh; Intel Mac OS X 10_15_7) AppleWebKit/537.36 (KHTML, like Gecko) Chrome/131.0.0.0 Safari/537.36"
45.89.60.157 - - [27/Apr/2026:20:51:49 +0000] "GET /wp-content/txets.php HTTP/1.1" 301 - "-" "Mozilla/5.0 (Windows NT 10.0; Win64; x64; rv:133.0) Gecko/20100101 Firefox/133.0"
184.94.212.206 - - [27/Apr/2026:21:00:06 +0000] "POST /wp-cron.php?doing_wp_cron=1777323606.0457460880279541015625 HTTP/1.1" 200 - "-" "WordPress/6.9.4; https://eyemovementdesensitizationandreprocessing.com"
65.108.44.54 - - [27/Apr/2026:21:00:03 +0000] "HEAD /robots.txt HTTP/1.1" 200 - "-" "MBCrawler/1.0 (https://monitorbacklinks.com/robot)"
65.108.44.54 - - [27/Apr/2026:21:00:07 +0000] "GET /robots.txt HTTP/1.1" 200 151 "-" "MBCrawler/1.0 (https://monitorbacklinks.com/robot)"
65.108.44.54 - - [27/Apr/2026:21:00:09 +0000] "HEAD /emdr-side-effects/ HTTP/1.1" 301 - "-" "MBCrawler/1.0 (https://monitorbacklinks.com/robot)"
65.108.44.54 - - [27/Apr/2026:21:00:13 +0000] "GET /emdr-side-effects/ HTTP/1.1" 301 - "-" "MBCrawler/1.0 (https://monitorbacklinks.com/robot)"
184.94.212.206 - - [27/Apr/2026:21:11:32 +0000] "POST /wp-cron.php?doing_wp_cron=1777324292.0781710147857666015625 HTTP/1.1" 200 - "-" "WordPress/6.9.4; https://eyemovementdesensitizationandreprocessing.com"
65.108.44.54 - - [27/Apr/2026:21:11:30 +0000] "HEAD /robots.txt HTTP/1.1" 200 - "-" "MBCrawler/1.0 (https://monitorbacklinks.com/robot)"
65.108.44.54 - - [27/Apr/2026:21:11:33 +0000] "GET /robots.txt HTTP/1.1" 200 151 "-" "MBCrawler/1.0 (https://monitorbacklinks.com/robot)"
65.108.44.54 - - [27/Apr/2026:21:11:34 +0000] "HEAD /emdr/emdr-and-anxiety/ HTTP/1.1" 301 - "-" "MBCrawler/1.0 (https://monitorbacklinks.com/robot)"
184.94.212.206 - - [27/Apr/2026:21:11:39 +0000] "POST /wp-cron.php?doing_wp_cron=1777324299.1699008941650390625000 HTTP/1.1" 200 - "-" "WordPress/6.9.4; https://eyemovementdesensitizationandreprocessing.com"
65.108.44.54 - - [27/Apr/2026:21:11:38 +0000] "GET /emdr/emdr-and-anxiety/ HTTP/1.1" 301 - "-" "MBCrawler/1.0 (https://monitorbacklinks.com/robot)"
184.94.212.206 - - [27/Apr/2026:21:13:31 +0000] "POST /wp-cron.php?doing_wp_cron=1777324411.7216360569000244140625 HTTP/1.1" 200 - "-" "WordPress/6.9.4; https://eyemovementdesensitizationandreprocessing.com"
114.119.141.73 - - [27/Apr/2026:21:13:29 +0000] "GET /wp-content/uploads/2016/09/examining_Stress-300x300.jpg%20https://eyemovementdesensitizationandreprocessing.com/2024/11/09/stress/ HTTP/1.1" 301 - "-" "Mozilla/5.0 (Linux; Android 7.0;) AppleWebKit/537.36 (HTML, like Gecko) Mobile Safari/537.36 (compatible; PetalBot;+https://webmaster.petalsearch.com/site/petalbot)"
184.94.212.206 - - [27/Apr/2026:21:14:55 +0000] "POST /wp-cron.php?doing_wp_cron=1777324495.7750480175018310546875 HTTP/1.1" 200 - "-" "WordPress/6.9.4; https://eyemovementdesensitizationandreprocessing.com"
114.119.137.70 - - [27/Apr/2026:21:14:54 +0000] "GET /wp-content/uploads/2013/06/Anxiety_Disorder-300x217.jpg%20https://1emdr.com/blog/anxiety-treatment/ HTTP/1.1" 301 - "-" "Mozilla/5.0 (Linux; Android 7.0;) AppleWebKit/537.36 (HTML, like Gecko) Mobile Safari/537.36 (compatible; PetalBot;+https://webmaster.petalsearch.com/site/petalbot)"
114.119.131.185 - - [27/Apr/2026:21:16:15 +0000] "GET /wp-content/uploads/2012/11/emdr.jpg%20https://eyemovementdesensitizationandreprocessing.com/2024/11/02/separation-anxiety-disorder/ HTTP/1.1" 301 - "-" "Mozilla/5.0 (Linux; Android 7.0;) AppleWebKit/537.36 (HTML, like Gecko) Mobile Safari/537.36 (compatible; PetalBot;+https://webmaster.petalsearch.com/site/petalbot)"
114.119.156.227 - - [27/Apr/2026:21:17:35 +0000] "GET /wp-content/uploads/2012/11/ear_cutaway-300x241.jpg%20https://1emdr.com/blog/how-to-prevent-or-cure-tinnitus/ HTTP/1.1" 301 - "-" "Mozilla/5.0 (Linux; Android 7.0;) AppleWebKit/537.36 (HTML, like Gecko) Mobile Safari/537.36 (compatible; PetalBot;+https://webmaster.petalsearch.com/site/petalbot)"
184.94.212.206 - - [27/Apr/2026:21:18:57 +0000] "POST /wp-cron.php?doing_wp_cron=1777324737.3868250846862792968750 HTTP/1.1" 200 - "-" "WordPress/6.9.4; https://eyemovementdesensitizationandreprocessing.com"
114.119.129.110 - - [27/Apr/2026:21:18:55 +0000] "GET /wp-content/uploads/2012/06/Anxiety_Disorder1.jpg%20https://1emdr.com/blog/anxiety-attack/ HTTP/1.1" 301 - "-" "Mozilla/5.0 (Linux; Android 7.0;) AppleWebKit/537.36 (HTML, like Gecko) Mobile Safari/537.36 (compatible; PetalBot;+https://webmaster.petalsearch.com/site/petalbot)"
184.94.212.206 - - [27/Apr/2026:21:20:12 +0000] "POST /wp-cron.php?doing_wp_cron=1777324812.0045590400695800781250 HTTP/1.1" 200 - "-" "WordPress/6.9.4; https://eyemovementdesensitizationandreprocessing.com"
114.119.156.227 - - [27/Apr/2026:21:20:10 +0000] "GET /wp-content/uploads/2011/12/Mental_health_visualisation-300x300.png%20https://1emdr.com/blog/diagnosing-mental-health/ HTTP/1.1" 301 - "-" "Mozilla/5.0 (Linux; Android 7.0;) AppleWebKit/537.36 (HTML, like Gecko) Mobile Safari/537.36 (compatible; PetalBot;+https://webmaster.petalsearch.com/site/petalbot)"
35.212.81.89 - - [27/Apr/2026:21:26:08 +0000] "GET /ads.txt HTTP/1.1" 200 58 "-" "Mozilla/5.0 (Macintosh; Intel Mac OS X 10_12_6) AppleWebKit/537.36 (KHTML, like Gecko) Chrome/63.0.3239.84 Safari/537.36"
49.48.122.181 - - [27/Apr/2026:21:28:32 +0000] "GET /wp-json/wp/v2/posts HTTP/1.1" 200 26231 "-" "Mozilla/5.0 (Windows NT 10.0; Win64; x64) AppleWebKit/537.36 (KHTML, like Gecko) Chrome/120.0.0.0 Safari/537.36"
209.25.232.229 - - [27/Apr/2026:21:35:33 +0000] "GET /ads.txt HTTP/1.1" 200 58 "-" "Centro Ads.txt Crawler/1.0"
65.108.44.54 - - [27/Apr/2026:21:36:53 +0000] "HEAD /robots.txt HTTP/1.1" 200 - "-" "MBCrawler/1.0 (https://monitorbacklinks.com/robot)"
65.108.44.54 - - [27/Apr/2026:21:36:55 +0000] "GET /robots.txt HTTP/1.1" 200 151 "-" "MBCrawler/1.0 (https://monitorbacklinks.com/robot)"
65.108.44.54 - - [27/Apr/2026:21:36:57 +0000] "HEAD /emdr/emdr-and-anxiety/ HTTP/1.1" 301 - "-" "MBCrawler/1.0 (https://monitorbacklinks.com/robot)"
65.108.44.54 - - [27/Apr/2026:21:37:01 +0000] "GET /emdr/emdr-and-anxiety/ HTTP/1.1" 301 - "-" "MBCrawler/1.0 (https://monitorbacklinks.com/robot)"
35.234.166.161 - - [27/Apr/2026:21:40:01 +0000] "GET /about-emdr HTTP/1.1" 301 - "-" "Mozilla/5.0 (Windows NT 10.0; Win64; x64) AppleWebKit/537.36 (KHTML, like Gecko) Chrome/127.0.6533.120 OBS/32.1.0 Safari/537.36"
34.12.80.167 - - [27/Apr/2026:21:40:03 +0000] "GET /about-emdr/ HTTP/1.1" 200 64794 "-" "Mozilla/5.0 (Windows NT 10.0; Win64; x64) AppleWebKit/537.36 (KHTML, like Gecko) Chrome/127.0.6533.120 OBS/32.1.0 Safari/537.36"
3.139.242.79 - - [27/Apr/2026:21:47:01 +0000] "GET / HTTP/1.1" 200 65713 "-" "visionheight.com/scan Mozilla/5.0 (Macintosh; Intel Mac OS X 10_15_7) Chrome/126.0.0.0 Safari/537.36"
65.108.44.54 - - [27/Apr/2026:21:50:50 +0000] "HEAD /robots.txt HTTP/1.1" 200 - "-" "MBCrawler/1.0 (https://monitorbacklinks.com/robot)"
65.108.44.54 - - [27/Apr/2026:21:50:52 +0000] "GET /robots.txt HTTP/1.1" 200 151 "-" "MBCrawler/1.0 (https://monitorbacklinks.com/robot)"
65.108.44.54 - - [27/Apr/2026:21:50:53 +0000] "HEAD /emdr-side-effects/ HTTP/1.1" 301 - "-" "MBCrawler/1.0 (https://monitorbacklinks.com/robot)"
65.108.44.54 - - [27/Apr/2026:21:50:57 +0000] "GET /emdr-side-effects/ HTTP/1.1" 301 - "-" "MBCrawler/1.0 (https://monitorbacklinks.com/robot)"
184.94.212.206 - - [27/Apr/2026:21:59:40 +0000] "POST /wp-cron.php?doing_wp_cron=1777327180.2404611110687255859375 HTTP/1.1" 200 - "-" "WordPress/6.9.4; https://eyemovementdesensitizationandreprocessing.com"
216.244.66.244 - - [27/Apr/2026:21:59:39 +0000] "GET /robots.txt HTTP/1.1" 200 304 "-" "Mozilla/5.0 (compatible; DotBot/1.2; +https://opensiteexplorer.org/dotbot; help@moz.com)"
43.130.100.35 - - [27/Apr/2026:22:01:33 +0000] "GET / HTTP/1.1" 200 65713 "-" "Mozilla/5.0 (iPhone; CPU iPhone OS 13_2_3 like Mac OS X) AppleWebKit/605.1.15 (KHTML, like Gecko) Version/13.0.3 Mobile/15E148 Safari/604.1"
184.94.212.206 - - [27/Apr/2026:22:06:47 +0000] "POST /wp-cron.php?doing_wp_cron=1777327607.8934340476989746093750 HTTP/1.1" 200 - "-" "WordPress/6.9.4; https://eyemovementdesensitizationandreprocessing.com"
216.244.66.244 - - [27/Apr/2026:22:06:46 +0000] "GET /2024/08/11/va-compensation/ HTTP/1.1" 301 - "-" "Mozilla/5.0 (compatible; DotBot/1.2; +https://opensiteexplorer.org/dotbot; help@moz.com)"
34.186.233.17 - - [27/Apr/2026:22:08:26 +0000] "HEAD /old/ HTTP/1.1" 301 - "-" "Mozilla/5.0 (X11; Fedora; Linux x86_64; rv:125.0) Gecko/20100101 Firefox/125.0"
34.186.233.17 - - [27/Apr/2026:22:08:29 +0000] "HEAD /new/ HTTP/1.1" 301 - "-" "Mozilla/5.0 (Linux; Android 12; Redmi Note 11) AppleWebKit/537.36 (KHTML, like Gecko) Chrome/123.0.6312.112 Mobile Safari/537.36"
34.186.233.17 - - [27/Apr/2026:22:08:31 +0000] "HEAD /backup/ HTTP/1.1" 301 - "-" "Mozilla/5.0 (Linux; Android 14; OnePlus 12) AppleWebKit/537.36 (KHTML, like Gecko) Chrome/125.0.6422.102 Mobile Safari/537.36"
34.186.233.17 - - [27/Apr/2026:22:08:33 +0000] "HEAD /wordpress/ HTTP/1.1" 301 - "-" "Mozilla/5.0 (Linux; Android 14; SM-A146P) AppleWebKit/537.36 (KHTML, like Gecko) SamsungBrowser/25.0 Chrome/123.0.6312.120 Mobile Safari/537.36"
184.94.212.206 - - [27/Apr/2026:22:08:36 +0000] "POST /wp-cron.php?doing_wp_cron=1777327716.7012040615081787109375 HTTP/1.1" 200 - "-" "WordPress/6.9.4; https://eyemovementdesensitizationandreprocessing.com"
34.186.233.17 - - [27/Apr/2026:22:08:35 +0000] "HEAD / HTTP/1.1" 200 - "-" "Mozilla/5.0 (Windows NT 11.0; Win64; x64) AppleWebKit/537.36 (KHTML, like Gecko) Chrome/128.0.6540.18 Safari/537.36"
34.186.233.17 - - [27/Apr/2026:22:08:36 +0000] "HEAD /blog/ HTTP/1.1" 301 - "-" "Mozilla/5.0 (Macintosh; Intel Mac OS X 14_5) AppleWebKit/605.1.15 (KHTML, like Gecko) Version/17.5 Safari/605.1.15"
34.186.233.17 - - [27/Apr/2026:22:08:39 +0000] "HEAD /wp/ HTTP/1.1" 301 - "-" "Mozilla/5.0 (Windows NT 10.0; Win64; x64; rv:127.0) Gecko/20100101 Firefox/127.0"
43.173.174.46 - - [27/Apr/2026:22:21:41 +0000] "GET / HTTP/1.1" 200 65713 "-" "Mozilla/5.0 (Windows NT 10.0; Win64; x64) AppleWebKit/537.36 (KHTML, like Gecko) Chrome/105.0.0.0 Safari/537.3"
43.173.175.6 - - [27/Apr/2026:22:21:56 +0000] "GET / HTTP/1.1" 200 65713 "-" "Mozilla/5.0 (Windows NT 10.0; Win64; x64) AppleWebKit/537.36 (KHTML, like Gecko) Chrome/117.0.0.0 Safari/537.36"
184.94.212.206 - - [27/Apr/2026:22:23:37 +0000] "POST /wp-cron.php?doing_wp_cron=1777328617.5598208904266357421875 HTTP/1.1" 200 - "-" "WordPress/6.9.4; https://eyemovementdesensitizationandreprocessing.com"
3.151.194.164 - - [27/Apr/2026:22:23:36 +0000] "GET / HTTP/1.1" 200 65713 "-" "visionheight.com/scan Mozilla/5.0 (Macintosh; Intel Mac OS X 10_15_7) Chrome/126.0.0.0 Safari/537.36"
65.108.44.54 - - [27/Apr/2026:22:23:37 +0000] "HEAD /robots.txt HTTP/1.1" 200 - "-" "MBCrawler/1.0 (https://monitorbacklinks.com/robot)"
65.108.44.54 - - [27/Apr/2026:22:23:39 +0000] "GET /robots.txt HTTP/1.1" 200 151 "-" "MBCrawler/1.0 (https://monitorbacklinks.com/robot)"
65.108.44.54 - - [27/Apr/2026:22:23:40 +0000] "HEAD /robots.txt HTTP/1.1" 200 - "-" "MBCrawler/1.0 (https://monitorbacklinks.com/robot)"
65.108.44.54 - - [27/Apr/2026:22:23:42 +0000] "HEAD /emdr/emdr-and-anxiety/ HTTP/1.1" 301 - "-" "MBCrawler/1.0 (https://monitorbacklinks.com/robot)"
65.108.44.54 - - [27/Apr/2026:22:23:42 +0000] "GET /robots.txt HTTP/1.1" 200 151 "-" "MBCrawler/1.0 (https://monitorbacklinks.com/robot)"
65.108.44.54 - - [27/Apr/2026:22:23:44 +0000] "HEAD /emdr-side-effects/ HTTP/1.1" 301 - "-" "MBCrawler/1.0 (https://monitorbacklinks.com/robot)"
65.108.44.54 - - [27/Apr/2026:22:23:48 +0000] "GET /emdr-side-effects/ HTTP/1.1" 301 - "-" "MBCrawler/1.0 (https://monitorbacklinks.com/robot)"
65.108.44.54 - - [27/Apr/2026:22:23:51 +0000] "GET /emdr/emdr-and-anxiety/ HTTP/1.1" 301 - "-" "MBCrawler/1.0 (https://monitorbacklinks.com/robot)"
184.94.212.206 - - [27/Apr/2026:22:26:38 +0000] "POST /wp-cron.php?doing_wp_cron=1777328798.1443719863891601562500 HTTP/1.1" 200 - "-" "WordPress/6.9.4; https://eyemovementdesensitizationandreprocessing.com"
89.217.180.44 - - [27/Apr/2026:22:26:36 +0000] "GET /emdr-and-anxiety/ HTTP/1.1" 301 - "-" "Timpibot/1.0 (+http://timpi.io/crawler)"
89.217.180.44 - - [27/Apr/2026:22:26:40 +0000] "GET /general-health-topics/va-disability-compensation-codes/ HTTP/1.1" 301 - "-" "Timpibot/1.0 (+http://timpi.io/crawler)"
89.217.180.44 - - [27/Apr/2026:22:26:42 +0000] "GET /contact/ HTTP/1.1" 200 198539 "-" "Timpibot/1.0 (+http://timpi.io/crawler)"
89.217.180.44 - - [27/Apr/2026:22:26:44 +0000] "GET /wp-content/cache/autoptimize/css/autoptimize_single_4a822672bcae75a01eefbe6fdf884db4.css?ver=3.3.1 HTTP/1.1" 200 11400 "-" "Timpibot/1.0 (+http://timpi.io/crawler)"
89.217.180.44 - - [27/Apr/2026:22:26:43 +0000] "GET /depression-and-emdr-does-it-really-work/ HTTP/1.1" 301 - "-" "Timpibot/1.0 (+http://timpi.io/crawler)"
89.217.180.44 - - [27/Apr/2026:22:26:44 +0000] "GET /depression-and-emdr-does-it-really-work-2/ HTTP/1.1" 301 - "-" "Timpibot/1.0 (+http://timpi.io/crawler)"
89.217.180.44 - - [27/Apr/2026:22:26:44 +0000] "GET /disclaimer/ HTTP/1.1" 200 189145 "-" "Timpibot/1.0 (+http://timpi.io/crawler)"
89.217.180.44 - - [27/Apr/2026:22:26:46 +0000] "GET /wp-content/cache/autoptimize/css/autoptimize_single_4a822672bcae75a01eefbe6fdf884db4.css?ver=3.3.1 HTTP/1.1" 200 11400 "-" "Timpibot/1.0 (+http://timpi.io/crawler)"
89.217.180.44 - - [27/Apr/2026:22:26:47 +0000] "GET /emdr-side-effects/ HTTP/1.1" 301 - "-" "Timpibot/1.0 (+http://timpi.io/crawler)"
89.217.180.44 - - [27/Apr/2026:22:27:02 +0000] "GET / HTTP/1.1" 200 211948 "-" "Timpibot/1.0 (+http://timpi.io/crawler)"
89.217.180.44 - - [27/Apr/2026:22:27:04 +0000] "GET /wp-content/cache/autoptimize/css/autoptimize_single_4a822672bcae75a01eefbe6fdf884db4.css?ver=3.3.1 HTTP/1.1" 200 11400 "-" "Timpibot/1.0 (+http://timpi.io/crawler)"
89.217.180.44 - - [27/Apr/2026:22:27:05 +0000] "GET /panic-attacks-and-how-to-stop-them/ HTTP/1.1" 301 - "-" "Timpibot/1.0 (+http://timpi.io/crawler)"
89.217.180.44 - - [27/Apr/2026:22:27:08 +0000] "GET /emdr/ HTTP/1.1" 301 - "-" "Timpibot/1.0 (+http://timpi.io/crawler)"
89.217.180.44 - - [27/Apr/2026:22:27:11 +0000] "GET /site-map/ HTTP/1.1" 200 198047 "-" "Timpibot/1.0 (+http://timpi.io/crawler)"
89.217.180.44 - - [27/Apr/2026:22:27:12 +0000] "GET /emdr-side-effects/emdr/ HTTP/1.1" 301 - "-" "Timpibot/1.0 (+http://timpi.io/crawler)"
89.217.180.44 - - [27/Apr/2026:22:27:13 +0000] "GET /wp-content/cache/autoptimize/css/autoptimize_single_4a822672bcae75a01eefbe6fdf884db4.css?ver=3.3.1 HTTP/1.1" 200 11400 "-" "Timpibot/1.0 (+http://timpi.io/crawler)"
89.217.180.44 - - [27/Apr/2026:22:27:16 +0000] "GET /emdr-therapist-training/ HTTP/1.1" 301 - "-" "Timpibot/1.0 (+http://timpi.io/crawler)"
184.94.212.206 - - [27/Apr/2026:22:44:51 +0000] "POST /wp-cron.php?doing_wp_cron=1777329891.2003018856048583984375 HTTP/1.1" 200 - "-" "WordPress/6.9.4; https://eyemovementdesensitizationandreprocessing.com"
65.108.44.54 - - [27/Apr/2026:22:44:49 +0000] "HEAD /robots.txt HTTP/1.1" 200 - "-" "MBCrawler/1.0 (https://monitorbacklinks.com/robot)"
65.108.44.54 - - [27/Apr/2026:22:44:52 +0000] "GET /robots.txt HTTP/1.1" 200 151 "-" "MBCrawler/1.0 (https://monitorbacklinks.com/robot)"
65.108.44.54 - - [27/Apr/2026:22:44:53 +0000] "HEAD /emdr-side-effects/ HTTP/1.1" 301 - "-" "MBCrawler/1.0 (https://monitorbacklinks.com/robot)"
65.108.44.54 - - [27/Apr/2026:22:44:57 +0000] "GET /emdr-side-effects/ HTTP/1.1" 301 - "-" "MBCrawler/1.0 (https://monitorbacklinks.com/robot)"
184.94.212.206 - - [27/Apr/2026:22:46:51 +0000] "POST /wp-cron.php?doing_wp_cron=1777330011.3408050537109375000000 HTTP/1.1" 200 - "-" "WordPress/6.9.4; https://eyemovementdesensitizationandreprocessing.com"
69.171.230.38 - - [27/Apr/2026:22:46:49 +0000] "GET /robots.txt HTTP/1.1" 200 304 "-" "facebookexternalhit/1.1 (+http://www.facebook.com/externalhit_uatext.php)"
57.141.18.52 - - [27/Apr/2026:22:46:55 +0000] "GET /wp-content/uploads/2012/11/emdr.jpg HTTP/1.1" 301 - "-" "meta-externalagent/1.1 (+https://developers.facebook.com/docs/sharing/webmasters/crawler)"
65.108.44.54 - - [27/Apr/2026:23:04:59 +0000] "HEAD /robots.txt HTTP/1.1" 200 - "-" "MBCrawler/1.0 (https://monitorbacklinks.com/robot)"
65.108.44.54 - - [27/Apr/2026:23:05:00 +0000] "HEAD /robots.txt HTTP/1.1" 200 - "-" "MBCrawler/1.0 (https://monitorbacklinks.com/robot)"
65.108.44.54 - - [27/Apr/2026:23:05:01 +0000] "GET /robots.txt HTTP/1.1" 200 151 "-" "MBCrawler/1.0 (https://monitorbacklinks.com/robot)"
42.83.147.53 - - [27/Apr/2026:23:05:03 +0000] "GET / HTTP/1.1" 200 65713 "-" "Mozilla/5.0 (Windows NT 6.1; Win64; x64) AppleWebKit/537.36 (KHTML, like Gecko)Chrome/74.0.3729.169 Safari/537.36"
65.108.44.54 - - [27/Apr/2026:23:05:03 +0000] "GET /robots.txt HTTP/1.1" 200 151 "-" "MBCrawler/1.0 (https://monitorbacklinks.com/robot)"
65.108.44.54 - - [27/Apr/2026:23:05:04 +0000] "HEAD /emdr/emdr-and-anxiety/ HTTP/1.1" 301 - "-" "MBCrawler/1.0 (https://monitorbacklinks.com/robot)"
65.108.44.54 - - [27/Apr/2026:23:05:06 +0000] "HEAD /emdr-side-effects/ HTTP/1.1" 301 - "-" "MBCrawler/1.0 (https://monitorbacklinks.com/robot)"
65.108.44.54 - - [27/Apr/2026:23:05:08 +0000] "GET /emdr/emdr-and-anxiety/ HTTP/1.1" 301 - "-" "MBCrawler/1.0 (https://monitorbacklinks.com/robot)"
65.108.44.54 - - [27/Apr/2026:23:05:10 +0000] "GET /emdr-side-effects/ HTTP/1.1" 301 - "-" "MBCrawler/1.0 (https://monitorbacklinks.com/robot)"
184.94.212.206 - - [27/Apr/2026:23:06:00 +0000] "POST /wp-cron.php?doing_wp_cron=1777331160.9445309638977050781250 HTTP/1.1" 200 - "-" "WordPress/6.9.4; https://eyemovementdesensitizationandreprocessing.com"
216.73.217.48 - - [27/Apr/2026:23:05:59 +0000] "GET /robots.txt HTTP/1.1" 200 151 "-" "Mozilla/5.0 AppleWebKit/537.36 (KHTML, like Gecko; compatible; ClaudeBot/1.0; +claudebot@anthropic.com)"
216.73.217.48 - - [27/Apr/2026:23:06:01 +0000] "GET /emdr-equipment/the-eyescan-deluxe/ HTTP/1.1" 301 - "-" "Mozilla/5.0 AppleWebKit/537.36 (KHTML, like Gecko; compatible; ClaudeBot/1.0; +claudebot@anthropic.com)"
216.73.217.48 - - [27/Apr/2026:23:07:16 +0000] "GET /emdr-equipment/advanced-lapscan%e2%84%a2-4000/ HTTP/1.1" 301 - "-" "Mozilla/5.0 AppleWebKit/537.36 (KHTML, like Gecko; compatible; ClaudeBot/1.0; +claudebot@anthropic.com)"
192.0.118.209 - - [27/Apr/2026:23:10:31 +0000] "GET /wp-content/uploads/2011/02/spirituality.jpg HTTP/1.1" 301 - "-" "Photon/1.0"
216.73.217.48 - - [27/Apr/2026:23:15:29 +0000] "GET /emdr-therapist-training/ HTTP/1.1" 301 - "-" "Mozilla/5.0 AppleWebKit/537.36 (KHTML, like Gecko; compatible; ClaudeBot/1.0; +claudebot@anthropic.com)"
184.94.212.206 - - [27/Apr/2026:23:15:39 +0000] "POST /wp-cron.php?doing_wp_cron=1777331739.3221580982208251953125 HTTP/1.1" 200 - "-" "WordPress/6.9.4; https://eyemovementdesensitizationandreprocessing.com"
195.234.109.176 - - [27/Apr/2026:23:15:38 +0000] "GET /wp-content/uploads/2012/06/Bipolar_Disorder1-300x145.jpg HTTP/1.1" 301 - "-" "Photon/1.0"
184.94.212.206 - - [27/Apr/2026:23:32:45 +0000] "POST /wp-cron.php?doing_wp_cron=1777332765.1338109970092773437500 HTTP/1.1" 200 - "-" "WordPress/6.9.4; https://eyemovementdesensitizationandreprocessing.com"
192.0.114.116 - - [27/Apr/2026:23:32:43 +0000] "GET /wp-content/uploads/2013/07/natural_herbal_medicine.jpg HTTP/1.1" 301 - "-" "Photon/1.0"
192.0.88.53 - - [27/Apr/2026:23:32:43 +0000] "GET /wp-content/uploads/2013/07/natural_herbal_medicine.jpg HTTP/1.1" 301 - "-" "Photon/1.0"
192.0.102.92 - - [27/Apr/2026:23:32:44 +0000] "GET /wp-content/uploads/2013/07/natural_herbal_medicine.jpg HTTP/1.1" 301 - "-" "Photon/1.0"
192.0.114.116 - - [27/Apr/2026:23:32:48 +0000] "GET /wp-content/uploads/2013/07/natural_herbal_medicine.jpg HTTP/1.1" 301 - "-" "Photon/1.0"
192.0.114.116 - - [27/Apr/2026:23:32:54 +0000] "GET /wp-content/uploads/2013/07/natural_herbal_medicine.jpg HTTP/1.1" 301 - "-" "Photon/1.0"
184.94.212.206 - - [27/Apr/2026:23:53:01 +0000] "POST /wp-cron.php?doing_wp_cron=1777333981.8251340389251708984375 HTTP/1.1" 200 - "-" "WordPress/6.9.4; https://eyemovementdesensitizationandreprocessing.com"
192.0.114.20 - - [27/Apr/2026:23:53:00 +0000] "GET /wp-content/uploads/2016/09/breathing_exercise-225x300.jpg HTTP/1.1" 301 - "-" "Photon/1.0"
192.0.116.113 - - [27/Apr/2026:23:53:04 +0000] "GET /wp-content/uploads/2014/03/emdr_ptsd_education.gif HTTP/1.1" 301 - "-" "Photon/1.0"
184.94.212.206 - - [27/Apr/2026:23:53:43 +0000] "POST /wp-cron.php?doing_wp_cron=1777334023.1211080551147460937500 HTTP/1.1" 200 - "-" "WordPress/6.9.4; https://eyemovementdesensitizationandreprocessing.com"
192.0.102.96 - - [27/Apr/2026:23:53:41 +0000] "GET /wp-content/uploads/2016/09/breathing_exercise-225x300.jpg HTTP/1.1" 301 - "-" "Photon/1.0"
66.249.66.40 - - [27/Apr/2026:23:53:44 +0000] "GET /wp-content/uploads/2016/09/breathing_exercise-225x300.jpg HTTP/1.1" 301 - "-" "Googlebot-Image/1.0"
184.94.212.206 - - [27/Apr/2026:23:59:17 +0000] "POST /wp-cron.php?doing_wp_cron=1777334357.2132620811462402343750 HTTP/1.1" 200 - "-" "WordPress/6.9.4; https://eyemovementdesensitizationandreprocessing.com"
192.0.116.212 - - [27/Apr/2026:23:59:16 +0000] "GET /wp-content/uploads/2013/02/quality_sleep-300x199.jpg HTTP/1.1" 301 - "-" "Photon/1.0"
54.236.1.11 - - [28/Apr/2026:00:07:00 +0000] "GET /2017/10/24/anxiety-attack-symptom/trackback/?1304726953 HTTP/1.1" 301 - "-" "Mozilla/5.0 (compatible; Pinterestbot/1.0; +http://www.pinterest.com/bot.html)"
65.108.44.54 - - [28/Apr/2026:00:07:01 +0000] "HEAD /robots.txt HTTP/1.1" 200 - "-" "MBCrawler/1.0 (https://monitorbacklinks.com/robot)"
65.108.44.54 - - [28/Apr/2026:00:07:03 +0000] "HEAD /robots.txt HTTP/1.1" 200 - "-" "MBCrawler/1.0 (https://monitorbacklinks.com/robot)"
65.108.44.54 - - [28/Apr/2026:00:07:03 +0000] "GET /robots.txt HTTP/1.1" 200 151 "-" "MBCrawler/1.0 (https://monitorbacklinks.com/robot)"
65.108.44.54 - - [28/Apr/2026:00:07:05 +0000] "GET /robots.txt HTTP/1.1" 200 151 "-" "MBCrawler/1.0 (https://monitorbacklinks.com/robot)"
65.108.44.54 - - [28/Apr/2026:00:07:06 +0000] "HEAD /emdr/emdr-and-anxiety/ HTTP/1.1" 301 - "-" "MBCrawler/1.0 (https://monitorbacklinks.com/robot)"
65.108.44.54 - - [28/Apr/2026:00:07:07 +0000] "HEAD /emdr-side-effects/ HTTP/1.1" 301 - "-" "MBCrawler/1.0 (https://monitorbacklinks.com/robot)"
65.108.44.54 - - [28/Apr/2026:00:07:09 +0000] "GET /emdr/emdr-and-anxiety/ HTTP/1.1" 301 - "-" "MBCrawler/1.0 (https://monitorbacklinks.com/robot)"
65.108.44.54 - - [28/Apr/2026:00:07:11 +0000] "GET /emdr-side-effects/ HTTP/1.1" 301 - "-" "MBCrawler/1.0 (https://monitorbacklinks.com/robot)"
184.94.212.206 - - [28/Apr/2026:00:10:19 +0000] "POST /wp-cron.php?doing_wp_cron=1777335019.0911929607391357421875 HTTP/1.1" 200 - "-" "WordPress/6.9.4; https://eyemovementdesensitizationandreprocessing.com"
54.236.1.51 - - [28/Apr/2026:00:10:17 +0000] "GET /EMDR/emdr/rapid-trauma-resolution/page/2/?1190603051 HTTP/1.1" 301 - "-" "Mozilla/5.0 (compatible; Pinterestbot/1.0; +http://www.pinterest.com/bot.html)"
66.249.66.40 - - [28/Apr/2026:00:34:33 +0000] "GET /ads.txt HTTP/1.1" 304 - "-" "Google-adstxt"
184.94.212.206 - - [28/Apr/2026:00:41:30 +0000] "POST /wp-cron.php?doing_wp_cron=1777336890.6002979278564453125000 HTTP/1.1" 200 - "-" "WordPress/6.9.4; https://eyemovementdesensitizationandreprocessing.com"
199.47.82.19 - - [28/Apr/2026:00:41:28 +0000] "GET /robots.txt HTTP/1.1" 200 151 "-" "Turnitin (https://bit.ly/2UvnfoQ)"
199.47.82.19 - - [28/Apr/2026:00:41:40 +0000] "GET /robots.txt HTTP/1.1" 301 - "-" "Turnitin (https://bit.ly/2UvnfoQ)"
199.47.82.19 - - [28/Apr/2026:00:41:41 +0000] "GET /robots.txt HTTP/1.1" 200 151 "-" "Turnitin (https://bit.ly/2UvnfoQ)"
199.47.82.19 - - [28/Apr/2026:00:41:47 +0000] "GET /wp-content/uploads/2015/03/Defusing-PTSD-National-Geographic-Channel.flv HTTP/1.1" 301 - "-" "Turnitin (https://bit.ly/2UvnfoQ)"
199.47.82.19 - - [28/Apr/2026:00:41:48 +0000] "GET / HTTP/1.1" 301 - "-" "Turnitin (https://bit.ly/2UvnfoQ)"
184.94.212.206 - - [28/Apr/2026:00:42:48 +0000] "POST /wp-cron.php?doing_wp_cron=1777336968.0356290340423583984375 HTTP/1.1" 200 - "-" "WordPress/6.9.4; https://eyemovementdesensitizationandreprocessing.com"
190.150.88.251 - - [28/Apr/2026:00:42:46 +0000] "GET http://eyemovementdesensitizationandreprocessing.com/emdr-and-anxiety/ HTTP/1.1" 301 - "-" "Mozilla/5.0 (Windows NT 6.1) AppleWebKit/537.36 (KHTML, like Gecko) Chrome/63.0.3235.0 Safari/537.36"
65.108.44.54 - - [28/Apr/2026:00:45:27 +0000] "HEAD /robots.txt HTTP/1.1" 200 - "-" "MBCrawler/1.0 (https://monitorbacklinks.com/robot)"
65.108.44.54 - - [28/Apr/2026:00:45:30 +0000] "GET /robots.txt HTTP/1.1" 200 151 "-" "MBCrawler/1.0 (https://monitorbacklinks.com/robot)"
65.108.44.54 - - [28/Apr/2026:00:45:30 +0000] "HEAD /robots.txt HTTP/1.1" 200 - "-" "MBCrawler/1.0 (https://monitorbacklinks.com/robot)"
65.108.44.54 - - [28/Apr/2026:00:45:31 +0000] "HEAD /emdr/emdr-and-anxiety/ HTTP/1.1" 301 - "-" "MBCrawler/1.0 (https://monitorbacklinks.com/robot)"
65.108.44.54 - - [28/Apr/2026:00:45:32 +0000] "GET /robots.txt HTTP/1.1" 200 151 "-" "MBCrawler/1.0 (https://monitorbacklinks.com/robot)"
65.108.44.54 - - [28/Apr/2026:00:45:33 +0000] "HEAD /emdr-side-effects/ HTTP/1.1" 301 - "-" "MBCrawler/1.0 (https://monitorbacklinks.com/robot)"
65.108.44.54 - - [28/Apr/2026:00:45:35 +0000] "GET /emdr/emdr-and-anxiety/ HTTP/1.1" 301 - "-" "MBCrawler/1.0 (https://monitorbacklinks.com/robot)"
184.94.212.206 - - [28/Apr/2026:00:45:38 +0000] "POST /wp-cron.php?doing_wp_cron=1777337138.3759779930114746093750 HTTP/1.1" 200 - "-" "WordPress/6.9.4; https://eyemovementdesensitizationandreprocessing.com"
65.108.44.54 - - [28/Apr/2026:00:45:37 +0000] "GET /emdr-side-effects/ HTTP/1.1" 301 - "-" "MBCrawler/1.0 (https://monitorbacklinks.com/robot)"
34.185.150.102 - - [28/Apr/2026:00:58:03 +0000] "HEAD /wordpress/ HTTP/1.1" 301 - "-" "Mozilla/5.0 (Windows NT 10.0; Win64; x64; rv:127.0) Gecko/20100101 Firefox/127.0"
34.185.150.102 - - [28/Apr/2026:00:58:05 +0000] "HEAD /wordpress/ HTTP/1.1" 301 - "http://www.eyemovementdesensitizationandreprocessing.com/wordpress/" "Mozilla/5.0 (Windows NT 10.0; Win64; x64; rv:127.0) Gecko/20100101 Firefox/127.0"
34.185.150.102 - - [28/Apr/2026:00:58:08 +0000] "HEAD /backup/ HTTP/1.1" 301 - "-" "Mozilla/5.0 (Windows NT 10.0; Win64; x64) AppleWebKit/537.36 (KHTML, like Gecko) Chrome/125.0.6422.112 Safari/537.36 Brave/1.63.120"
34.185.150.102 - - [28/Apr/2026:00:58:09 +0000] "HEAD /backup/ HTTP/1.1" 301 - "http://www.eyemovementdesensitizationandreprocessing.com/backup/" "Mozilla/5.0 (Windows NT 10.0; Win64; x64) AppleWebKit/537.36 (KHTML, like Gecko) Chrome/125.0.6422.112 Safari/537.36 Brave/1.63.120"
34.185.150.102 - - [28/Apr/2026:00:58:11 +0000] "HEAD /new/ HTTP/1.1" 301 - "-" "Mozilla/5.0 (Macintosh; Intel Mac OS X 14_5) AppleWebKit/605.1.15 (KHTML, like Gecko) Version/17.5 Safari/605.1.15"
34.185.150.102 - - [28/Apr/2026:00:58:13 +0000] "HEAD /new/ HTTP/1.1" 301 - "http://www.eyemovementdesensitizationandreprocessing.com/new/" "Mozilla/5.0 (Macintosh; Intel Mac OS X 14_5) AppleWebKit/605.1.15 (KHTML, like Gecko) Version/17.5 Safari/605.1.15"
34.185.150.102 - - [28/Apr/2026:00:58:15 +0000] "HEAD /blog/ HTTP/1.1" 301 - "-" "Mozilla/5.0 (Macintosh; Intel Mac OS X 15_0) AppleWebKit/537.36 (KHTML, like Gecko) Chrome/125.0.6422.141 Safari/537.36"
34.185.150.102 - - [28/Apr/2026:00:58:17 +0000] "HEAD / HTTP/1.1" 301 - "-" "Mozilla/5.0 (Linux; Android 14; Samsung SM-A546B) AppleWebKit/537.36 (KHTML, like Gecko) Chrome/126.0.6478.14 Mobile Safari/537.36"
184.94.212.206 - - [28/Apr/2026:01:04:58 +0000] "POST /wp-cron.php?doing_wp_cron=1777338298.5547881126403808593750 HTTP/1.1" 200 - "-" "WordPress/6.9.4; https://eyemovementdesensitizationandreprocessing.com"
216.244.66.244 - - [28/Apr/2026:01:04:57 +0000] "GET /robots.txt HTTP/1.1" 200 304 "-" "Mozilla/5.0 (compatible; DotBot/1.2; +https://opensiteexplorer.org/dotbot; help@moz.com)"
32.193.55.192 - - [28/Apr/2026:01:05:21 +0000] "GET /robots.txt HTTP/1.1" 200 151 "-" "Mozilla/5.0 (Macintosh; Intel Mac OS X 10_10_1) AppleWebKit/600.2.5 (KHTML, like Gecko) Version/8.0.2 Safari/600.2.5 (Gort)"
184.94.212.206 - - [28/Apr/2026:01:06:55 +0000] "POST /wp-cron.php?doing_wp_cron=1777338415.3248009681701660156250 HTTP/1.1" 200 - "-" "WordPress/6.9.4; https://eyemovementdesensitizationandreprocessing.com"
123.24.33.186 - - [28/Apr/2026:01:06:53 +0000] "GET /tag/emdr-board-game/ HTTP/1.1" 301 - "-" "Mozilla/5.0 (Macintosh; U; PPC Mac OS X; en-gb) AppleWebKit/85.8.5 (KHTML, like Gecko) Safari/85.8.1"
216.244.66.244 - - [28/Apr/2026:01:16:33 +0000] "GET /emdr/emdr-equipment/?share=twitter HTTP/1.1" 301 - "-" "Mozilla/5.0 (compatible; DotBot/1.2; +https://opensiteexplorer.org/dotbot; help@moz.com)"
184.94.212.206 - - [28/Apr/2026:01:25:43 +0000] "POST /wp-cron.php?doing_wp_cron=1777339543.4494810104370117187500 HTTP/1.1" 200 - "-" "WordPress/6.9.4; https://eyemovementdesensitizationandreprocessing.com"
192.0.114.113 - - [28/Apr/2026:01:25:42 +0000] "GET /wp-content/uploads/2011/01/emdr_therpy_header2-300x200.jpg HTTP/1.1" 301 - "-" "Photon/1.0"
184.94.212.206 - - [28/Apr/2026:01:30:25 +0000] "POST /wp-cron.php?doing_wp_cron=1777339825.8918390274047851562500 HTTP/1.1" 200 - "-" "WordPress/6.9.4; https://eyemovementdesensitizationandreprocessing.com"
65.108.44.54 - - [28/Apr/2026:01:30:23 +0000] "HEAD /robots.txt HTTP/1.1" 200 - "-" "MBCrawler/1.0 (https://monitorbacklinks.com/robot)"
65.108.44.54 - - [28/Apr/2026:01:30:25 +0000] "HEAD /robots.txt HTTP/1.1" 200 - "-" "MBCrawler/1.0 (https://monitorbacklinks.com/robot)"
65.108.44.54 - - [28/Apr/2026:01:30:26 +0000] "GET /robots.txt HTTP/1.1" 200 151 "-" "MBCrawler/1.0 (https://monitorbacklinks.com/robot)"
65.108.44.54 - - [28/Apr/2026:01:30:26 +0000] "GET /robots.txt HTTP/1.1" 200 151 "-" "MBCrawler/1.0 (https://monitorbacklinks.com/robot)"
65.108.44.54 - - [28/Apr/2026:01:30:28 +0000] "HEAD /emdr-side-effects/ HTTP/1.1" 301 - "-" "MBCrawler/1.0 (https://monitorbacklinks.com/robot)"
65.108.44.54 - - [28/Apr/2026:01:30:29 +0000] "HEAD /emdr/emdr-and-anxiety/ HTTP/1.1" 301 - "-" "MBCrawler/1.0 (https://monitorbacklinks.com/robot)"
65.108.44.54 - - [28/Apr/2026:01:30:32 +0000] "GET /emdr-side-effects/ HTTP/1.1" 301 - "-" "MBCrawler/1.0 (https://monitorbacklinks.com/robot)"
65.108.44.54 - - [28/Apr/2026:01:30:32 +0000] "GET /emdr/emdr-and-anxiety/ HTTP/1.1" 301 - "-" "MBCrawler/1.0 (https://monitorbacklinks.com/robot)"
192.0.102.92 - - [28/Apr/2026:01:38:05 +0000] "GET /wp-content/uploads/2013/07/natural_herbal_medicine.jpg HTTP/1.1" 301 - "-" "Photon/1.0"
192.0.114.116 - - [28/Apr/2026:01:38:11 +0000] "GET /wp-content/uploads/2013/07/natural_herbal_medicine.jpg HTTP/1.1" 301 - "-" "Photon/1.0"
184.94.212.206 - - [28/Apr/2026:01:52:39 +0000] "POST /wp-cron.php?doing_wp_cron=1777341159.7255098819732666015625 HTTP/1.1" 200 - "-" "WordPress/6.9.4; https://eyemovementdesensitizationandreprocessing.com"
47.128.58.121 - - [28/Apr/2026:01:52:38 +0000] "GET /robots.txt HTTP/1.1" 200 151 "-" "Mozilla/5.0 (Linux; Android 5.0) AppleWebKit/537.36 (KHTML, like Gecko) Mobile Safari/537.36 (compatible; Bytespider; spider-feedback@bytedance.com)"
44.234.146.213 - - [28/Apr/2026:01:55:09 +0000] "GET / HTTP/1.1" 200 65713 "-" "Mozilla/4.0 (compatible; MSIE 6.0; Windows NT 5.1; FSL 7.0.6.01001)"
184.94.212.206 - - [28/Apr/2026:01:58:45 +0000] "POST /wp-cron.php?doing_wp_cron=1777341525.1078848838806152343750 HTTP/1.1" 200 - "-" "WordPress/6.9.4; https://eyemovementdesensitizationandreprocessing.com"
170.106.197.109 - - [28/Apr/2026:01:58:43 +0000] "GET / HTTP/1.1" 301 - "-" "Mozilla/5.0 (iPhone; CPU iPhone OS 13_2_3 like Mac OS X) AppleWebKit/605.1.15 (KHTML, like Gecko) Version/13.0.3 Mobile/15E148 Safari/604.1"
170.106.197.109 - - [28/Apr/2026:01:58:45 +0000] "GET / HTTP/1.1" 200 65713 "http://www.eyemovementdesensitizationandreprocessing.com" "Mozilla/5.0 (iPhone; CPU iPhone OS 13_2_3 like Mac OS X) AppleWebKit/605.1.15 (KHTML, like Gecko) Version/13.0.3 Mobile/15E148 Safari/604.1"
35.212.109.235 - - [28/Apr/2026:02:02:59 +0000] "GET /ads.txt HTTP/1.1" 200 58 "-" "Mozilla/5.0 (Macintosh; Intel Mac OS X 10_12_6) AppleWebKit/537.36 (KHTML, like Gecko) Chrome/63.0.3239.84 Safari/537.36"
184.94.212.206 - - [28/Apr/2026:02:03:00 +0000] "POST /wp-cron.php?doing_wp_cron=1777341780.7102420330047607421875 HTTP/1.1" 200 - "-" "WordPress/6.9.4; https://eyemovementdesensitizationandreprocessing.com"
112.86.225.60 - - [28/Apr/2026:02:02:59 +0000] "GET / HTTP/1.1" 301 - "-" "Sogou web spider/4.0(+http://www.sogou.com/docs/help/webmasters.htm#07)"
112.86.225.60 - - [28/Apr/2026:02:03:01 +0000] "GET / HTTP/1.1" 200 65713 "-" "Sogou web spider/4.0(+http://www.sogou.com/docs/help/webmasters.htm#07)"
184.94.212.206 - - [28/Apr/2026:02:11:27 +0000] "POST /wp-cron.php?doing_wp_cron=1777342287.8075540065765380859375 HTTP/1.1" 200 - "-" "WordPress/6.9.4; https://eyemovementdesensitizationandreprocessing.com"
77.39.76.73 - - [28/Apr/2026:02:11:26 +0000] "GET /wp-admin/ HTTP/1.0" 302 - "http://eyemovementdesensitizationandreprocessing.com/wp-admin/" "Mozilla/5.0 (Windows NT 10.0; Win64; x64) AppleWebKit/537.36 (KHTML, like Gecko) Chrome/131.0.0.0 Safari/537.36 Avast/131.0.0.0"
212.47.78.130 - - [28/Apr/2026:02:18:46 +0000] "GET / HTTP/1.1" 200 65713 "-" "Go-http-client/1.1"
212.47.78.130 - - [28/Apr/2026:02:18:47 +0000] "GET /wp-includes/css/buttons.css HTTP/1.1" 200 2495 "-" "Go-http-client/1.1"
184.94.212.206 - - [28/Apr/2026:02:21:28 +0000] "POST /wp-cron.php?doing_wp_cron=1777342888.8802630901336669921875 HTTP/1.1" 200 - "-" "WordPress/6.9.4; https://eyemovementdesensitizationandreprocessing.com"
134.209.42.109 - - [28/Apr/2026:02:21:27 +0000] "GET / HTTP/1.1" 200 65713 "-" "Mozilla/5.0 (compatible; RSiteAuditor)"
134.209.42.109 - - [28/Apr/2026:02:26:27 +0000] "GET / HTTP/1.1" 200 65713 "-" "Mozilla/5.0 (compatible; RSiteAuditor)"
134.209.42.109 - - [28/Apr/2026:02:26:30 +0000] "GET /emdr-and-anxiety/ HTTP/1.1" 301 - "-" "Mozilla/5.0 (compatible; RSiteAuditor)"
134.209.42.109 - - [28/Apr/2026:02:26:32 +0000] "GET /emdr-side-effects/emdr/ HTTP/1.1" 301 - "-" "Mozilla/5.0 (compatible; RSiteAuditor)"
134.209.42.109 - - [28/Apr/2026:02:26:34 +0000] "GET /emdr-therapist-training/ HTTP/1.1" 301 - "-" "Mozilla/5.0 (compatible; RSiteAuditor)"
134.209.42.109 - - [28/Apr/2026:02:26:36 +0000] "GET /2013/03/03/strategies-to-assist-you-in-coping-with-adrenal-fatigue/ HTTP/1.1" 301 - "-" "Mozilla/5.0 (compatible; RSiteAuditor)"
184.94.212.206 - - [28/Apr/2026:02:26:39 +0000] "POST /wp-cron.php?doing_wp_cron=1777343199.1989440917968750000000 HTTP/1.1" 200 - "-" "WordPress/6.9.4; https://eyemovementdesensitizationandreprocessing.com"
134.209.42.109 - - [28/Apr/2026:02:26:38 +0000] "GET /general-health-topics/ HTTP/1.1" 301 - "-" "Mozilla/5.0 (compatible; RSiteAuditor)"
134.209.42.109 - - [28/Apr/2026:02:26:40 +0000] "GET /emdr/ HTTP/1.1" 301 - "-" "Mozilla/5.0 (compatible; RSiteAuditor)"
134.209.42.109 - - [28/Apr/2026:02:26:42 +0000] "GET /2011/11/29/alternative-workouts-you-should-consider-during-and-after-trauma/ HTTP/1.1" 301 - "-" "Mozilla/5.0 (compatible; RSiteAuditor)"
134.209.42.109 - - [28/Apr/2026:02:26:44 +0000] "GET /emdr-side-effects/ HTTP/1.1" 301 - "-" "Mozilla/5.0 (compatible; RSiteAuditor)"
134.209.42.109 - - [28/Apr/2026:02:26:46 +0000] "GET /2013/06/10/anxiety-attack-symptom/ HTTP/1.1" 301 - "-" "Mozilla/5.0 (compatible; RSiteAuditor)"
134.209.42.109 - - [28/Apr/2026:02:26:48 +0000] "GET /2012/12/19/major-depressive-disorders/ HTTP/1.1" 301 - "-" "Mozilla/5.0 (compatible; RSiteAuditor)"
134.209.42.109 - - [28/Apr/2026:02:26:50 +0000] "GET /depression-and-emdr-does-it-really-work/ HTTP/1.1" 301 - "-" "Mozilla/5.0 (compatible; RSiteAuditor)"
134.209.42.109 - - [28/Apr/2026:02:26:52 +0000] "GET /2012/11/30/ptsd-assistance/ HTTP/1.1" 301 - "-" "Mozilla/5.0 (compatible; RSiteAuditor)"
134.209.42.109 - - [28/Apr/2026:02:26:54 +0000] "GET /2011/11/09/anxiety-disorder-and-changed-lives/depression/ HTTP/1.1" 301 - "-" "Mozilla/5.0 (compatible; RSiteAuditor)"
134.209.42.109 - - [28/Apr/2026:02:26:56 +0000] "GET /2013/02/26/using-brain-supplements/ HTTP/1.1" 301 - "-" "Mozilla/5.0 (compatible; RSiteAuditor)"
134.209.42.109 - - [28/Apr/2026:02:26:58 +0000] "GET /2011/11/12/the-many-faces-and-causes-depression-taking-a-closer-look/ HTTP/1.1" 301 - "-" "Mozilla/5.0 (compatible; RSiteAuditor)"
134.209.42.109 - - [28/Apr/2026:02:27:00 +0000] "GET /2011/11/21/temperament-trauma-and-anger/ HTTP/1.1" 301 - "-" "Mozilla/5.0 (compatible; RSiteAuditor)"
134.209.42.109 - - [28/Apr/2026:02:27:02 +0000] "GET /emdr-equipment/ HTTP/1.1" 301 - "-" "Mozilla/5.0 (compatible; RSiteAuditor)"
134.209.42.109 - - [28/Apr/2026:02:27:04 +0000] "GET /2012/06/14/improve-your-health-with-your-emotions/ HTTP/1.1" 301 - "-" "Mozilla/5.0 (compatible; RSiteAuditor)"
134.209.42.109 - - [28/Apr/2026:02:27:06 +0000] "GET /panic-attacks-and-how-to-stop-them/ HTTP/1.1" 301 - "-" "Mozilla/5.0 (compatible; RSiteAuditor)"
134.209.42.109 - - [28/Apr/2026:02:27:08 +0000] "GET /wp-content/uploads/2012/11/ptsd_treatments.mp4 HTTP/1.1" 301 - "-" "Mozilla/5.0 (compatible; RSiteAuditor)"
134.209.42.109 - - [28/Apr/2026:02:27:10 +0000] "GET /depression-and-emdr-does-it-really-work-2/ HTTP/1.1" 301 - "-" "Mozilla/5.0 (compatible; RSiteAuditor)"
