114.119.154.26 - - [28/Apr/2026:02:38:20 +0000] "GET /tag/financial-markets/?amp HTTP/1.1" 200 59903 "https://cryptocurrencyaccess.com/tag/financial-markets/?amp" "Mozilla/5.0 (Linux; Android 7.0;) AppleWebKit/537.36 (HTML, like Gecko) Mobile Safari/537.36 (compatible; PetalBot;+https://webmaster.petalsearch.com/site/petalbot)"
142.44.233.224 - - [28/Apr/2026:02:38:50 +0000] "GET /optimize-your-profit-in-foreign-exchange-with-these-great-tips/ HTTP/1.1" 200 64594 "-" "Mozilla/5.0 (compatible; AhrefsBot/7.0; +http://ahrefs.com/robot/)"
184.94.212.206 - - [28/Apr/2026:02:42:24 +0000] "POST /wp-cron.php?doing_wp_cron=1777344144.5139260292053222656250 HTTP/1.1" 200 - "-" "WordPress/6.9.4; https://cryptocurrencyaccess.com"
15.235.98.12 - - [28/Apr/2026:02:42:22 +0000] "GET /your-future-is-in-good-hands-with-this-personal-finance-advice/ HTTP/1.1" 200 63840 "-" "Mozilla/5.0 (compatible; AhrefsBot/7.0; +http://ahrefs.com/robot/)"
184.94.212.206 - - [28/Apr/2026:02:51:07 +0000] "POST /wp-cron.php?doing_wp_cron=1777344667.1237220764160156250000 HTTP/1.1" 200 - "-" "WordPress/6.9.4; https://cryptocurrencyaccess.com"
18.117.146.216 - - [28/Apr/2026:02:51:05 +0000] "GET /robots.txt HTTP/1.1" 200 134 "-" "Mozilla/5.0 (Macintosh; Intel Mac OS X 10_15_7) AppleWebKit/537.36 (KHTML, like Gecko) Chrome/131.0.0.0 Safari/537.36; ClaudeBot/1.0; +claudebot@anthropic.com)"
18.117.146.216 - - [28/Apr/2026:02:51:07 +0000] "GET /adsense-disclaimer/ HTTP/1.1" 200 60631 "-" "Mozilla/5.0 (Macintosh; Intel Mac OS X 10_15_7) AppleWebKit/537.36 (KHTML, like Gecko) Chrome/131.0.0.0 Safari/537.36; ClaudeBot/1.0; +claudebot@anthropic.com)"
18.117.146.216 - - [28/Apr/2026:02:51:08 +0000] "GET /wp-content/themes/astra/assets/css/minified/main.min.css?ver=4.13.1 HTTP/1.1" 200 8683 "https://cryptocurrencyaccess.com/adsense-disclaimer/" "Mozilla/5.0 (Macintosh; Intel Mac OS X 10_15_7) AppleWebKit/537.36 (KHTML, like Gecko) Chrome/131.0.0.0 Safari/537.36; ClaudeBot/1.0; +claudebot@anthropic.com)"
18.117.146.216 - - [28/Apr/2026:02:51:08 +0000] "GET /wp-includes/css/dist/block-library/style.min.css?ver=6.9.4 HTTP/1.1" 200 15916 "https://cryptocurrencyaccess.com/adsense-disclaimer/" "Mozilla/5.0 (Macintosh; Intel Mac OS X 10_15_7) AppleWebKit/537.36 (KHTML, like Gecko) Chrome/131.0.0.0 Safari/537.36; ClaudeBot/1.0; +claudebot@anthropic.com)"
18.117.146.216 - - [28/Apr/2026:02:51:08 +0000] "GET /wp-content/plugins/complianz-gdpr/assets/css/cookieblocker.min.css?ver=1741710170 HTTP/1.1" 200 723 "https://cryptocurrencyaccess.com/adsense-disclaimer/" "Mozilla/5.0 (Macintosh; Intel Mac OS X 10_15_7) AppleWebKit/537.36 (KHTML, like Gecko) Chrome/131.0.0.0 Safari/537.36; ClaudeBot/1.0; +claudebot@anthropic.com)"
18.117.146.216 - - [28/Apr/2026:02:51:08 +0000] "GET /wp-content/themes/astra/assets/js/minified/frontend.min.js?ver=4.13.1 HTTP/1.1" 200 5942 "https://cryptocurrencyaccess.com/adsense-disclaimer/" "Mozilla/5.0 (Macintosh; Intel Mac OS X 10_15_7) AppleWebKit/537.36 (KHTML, like Gecko) Chrome/131.0.0.0 Safari/537.36; ClaudeBot/1.0; +claudebot@anthropic.com)"
18.117.146.216 - - [28/Apr/2026:02:51:08 +0000] "GET /wp-content/plugins/google-site-kit/dist/assets/js/googlesitekit-consent-mode-bc2e26cfa69fcd4a8261.js HTTP/1.1" 200 25395 "https://cryptocurrencyaccess.com/adsense-disclaimer/" "Mozilla/5.0 (Macintosh; Intel Mac OS X 10_15_7) AppleWebKit/537.36 (KHTML, like Gecko) Chrome/131.0.0.0 Safari/537.36; ClaudeBot/1.0; +claudebot@anthropic.com)"
18.117.146.216 - - [28/Apr/2026:02:51:08 +0000] "GET /wp-content/plugins/wp-consent-api/assets/js/wp-consent-api.min.js?ver=2.0.1 HTTP/1.1" 200 822 "https://cryptocurrencyaccess.com/adsense-disclaimer/" "Mozilla/5.0 (Macintosh; Intel Mac OS X 10_15_7) AppleWebKit/537.36 (KHTML, like Gecko) Chrome/131.0.0.0 Safari/537.36; ClaudeBot/1.0; +claudebot@anthropic.com)"
18.117.146.216 - - [28/Apr/2026:02:51:09 +0000] "GET /wp-content/uploads/2025/08/cropped-cryptocurrencyaccess_LOGO-2-323x65.png HTTP/1.1" 200 27305 "https://cryptocurrencyaccess.com/adsense-disclaimer/" "Mozilla/5.0 (Macintosh; Intel Mac OS X 10_15_7) AppleWebKit/537.36 (KHTML, like Gecko) Chrome/131.0.0.0 Safari/537.36; ClaudeBot/1.0; +claudebot@anthropic.com)"
18.117.146.216 - - [28/Apr/2026:02:51:09 +0000] "GET /wp-content/plugins/ad-inserter/js/ads.js?ver=2.8.13 HTTP/1.1" 200 118 "https://cryptocurrencyaccess.com/adsense-disclaimer/" "Mozilla/5.0 (Macintosh; Intel Mac OS X 10_15_7) AppleWebKit/537.36 (KHTML, like Gecko) Chrome/131.0.0.0 Safari/537.36; ClaudeBot/1.0; +claudebot@anthropic.com)"
18.117.146.216 - - [28/Apr/2026:02:51:09 +0000] "GET /wp-content/plugins/ad-inserter/images/ads.png HTTP/1.1" 200 95 "https://cryptocurrencyaccess.com/adsense-disclaimer/" "Mozilla/5.0 (Macintosh; Intel Mac OS X 10_15_7) AppleWebKit/537.36 (KHTML, like Gecko) Chrome/131.0.0.0 Safari/537.36; ClaudeBot/1.0; +claudebot@anthropic.com)"
18.117.146.216 - - [28/Apr/2026:02:51:09 +0000] "GET /wp-content/plugins/ad-inserter/js/sponsors.js?ver=2.8.13 HTTP/1.1" 200 21 "https://cryptocurrencyaccess.com/adsense-disclaimer/" "Mozilla/5.0 (Macintosh; Intel Mac OS X 10_15_7) AppleWebKit/537.36 (KHTML, like Gecko) Chrome/131.0.0.0 Safari/537.36; ClaudeBot/1.0; +claudebot@anthropic.com)"
18.117.146.216 - - [28/Apr/2026:02:51:09 +0000] "GET /wp-content/plugins/ad-inserter/js/banner.js?ver=2.8.13 HTTP/1.1" 200 24 "https://cryptocurrencyaccess.com/adsense-disclaimer/" "Mozilla/5.0 (Macintosh; Intel Mac OS X 10_15_7) AppleWebKit/537.36 (KHTML, like Gecko) Chrome/131.0.0.0 Safari/537.36; ClaudeBot/1.0; +claudebot@anthropic.com)"
18.117.146.216 - - [28/Apr/2026:02:51:09 +0000] "GET /wp-content/plugins/ad-inserter/js/300x250.js?ver=2.8.13 HTTP/1.1" 200 25 "https://cryptocurrencyaccess.com/adsense-disclaimer/" "Mozilla/5.0 (Macintosh; Intel Mac OS X 10_15_7) AppleWebKit/537.36 (KHTML, like Gecko) Chrome/131.0.0.0 Safari/537.36; ClaudeBot/1.0; +claudebot@anthropic.com)"
18.117.146.216 - - [28/Apr/2026:02:51:10 +0000] "GET /wp-includes/js/wp-emoji-release.min.js?ver=6.9.4 HTTP/1.1" 200 5375 "https://cryptocurrencyaccess.com/adsense-disclaimer/" "Mozilla/5.0 (Macintosh; Intel Mac OS X 10_15_7) AppleWebKit/537.36 (KHTML, like Gecko) Chrome/131.0.0.0 Safari/537.36; ClaudeBot/1.0; +claudebot@anthropic.com)"
114.119.144.178 - - [28/Apr/2026:02:51:19 +0000] "GET /tag/stop-loss-markers/?noamp=mobile HTTP/1.1" 200 60148 "https://cryptocurrencyaccess.com/tag/stop-loss-markers?noamp=mobile" "Mozilla/5.0 (Linux; Android 7.0;) AppleWebKit/537.36 (HTML, like Gecko) Mobile Safari/537.36 (compatible; PetalBot;+https://webmaster.petalsearch.com/site/petalbot)"
14.234.171.74 - - [28/Apr/2026:02:55:07 +0000] "GET /bitcoin/?amp HTTP/1.1" 200 65450 "-" "Mozilla/5.0 (Macintosh; Intel Mac OS X 14.2; rv:132.0) Gecko/20100101 Firefox/132.0"
184.94.212.206 - - [28/Apr/2026:03:04:22 +0000] "POST /wp-cron.php?doing_wp_cron=1777345462.2722439765930175781250 HTTP/1.1" 200 - "-" "WordPress/6.9.4; https://cryptocurrencyaccess.com"
17.246.15.117 - - [28/Apr/2026:03:04:20 +0000] "GET /buy-bitcoin-online-in-2025-is-now-the-right-time-to-invest/ HTTP/1.1" 200 72073 "-" "Mozilla/5.0 (Macintosh; Intel Mac OS X 10_15_7) AppleWebKit/605.1.15 (KHTML, like Gecko) Version/17.4 Safari/605.1.15 (Applebot/0.1; +http://www.apple.com/go/applebot)"
184.94.212.206 - - [28/Apr/2026:03:06:51 +0000] "POST /wp-cron.php?doing_wp_cron=1777345611.3979909420013427734375 HTTP/1.1" 200 - "-" "WordPress/6.9.4; https://cryptocurrencyaccess.com"
114.119.144.178 - - [28/Apr/2026:03:06:49 +0000] "GET /category/how-it-works/?noamp=mobile HTTP/1.1" 200 61100 "https://cryptocurrencyaccess.com/category/how-it-works/?noamp=mobile" "Mozilla/5.0 (Linux; Android 7.0;) AppleWebKit/537.36 (HTML, like Gecko) Mobile Safari/537.36 (compatible; PetalBot;+https://webmaster.petalsearch.com/site/petalbot)"
114.119.155.122 - - [28/Apr/2026:03:08:20 +0000] "GET /category/cryptocurrency-types/page/4/?amp HTTP/1.1" 200 62562 "https://cryptocurrencyaccess.com/category/cryptocurrency-types/page/3/?amp" "Mozilla/5.0 (Linux; Android 7.0;) AppleWebKit/537.36 (HTML, like Gecko) Mobile Safari/537.36 (compatible; PetalBot;+https://webmaster.petalsearch.com/site/petalbot)"
114.119.154.26 - - [28/Apr/2026:03:09:43 +0000] "GET /tag/financial-markets?amp HTTP/1.1" 301 - "-" "Mozilla/5.0 (Linux; Android 7.0;) AppleWebKit/537.36 (HTML, like Gecko) Mobile Safari/537.36 (compatible; PetalBot;+https://webmaster.petalsearch.com/site/petalbot)"
114.119.154.26 - - [28/Apr/2026:03:09:48 +0000] "GET /tag/financial-markets/?amp HTTP/1.1" 200 60210 "https://cryptocurrencyaccess.com/tag/financial-markets?amp" "Mozilla/5.0 (Linux; Android 7.0;) AppleWebKit/537.36 (HTML, like Gecko) Mobile Safari/537.36 (compatible; PetalBot;+https://webmaster.petalsearch.com/site/petalbot)"
172.98.32.13 - - [28/Apr/2026:03:10:51 +0000] "GET /wp-login.php HTTP/1.1" 200 2420 "-" "Mozilla/5.0"
172.98.32.13 - - [28/Apr/2026:03:10:53 +0000] "GET /?author=1 HTTP/1.1" 404 18428 "-" "Mozilla/5.0"
172.98.32.13 - - [28/Apr/2026:03:10:55 +0000] "GET /?rest_route=/wp/v2/users HTTP/1.1" 401 110 "-" "Mozilla/5.0"
172.98.32.13 - - [28/Apr/2026:03:10:56 +0000] "GET /feed HTTP/1.1" 301 - "-" "Mozilla/5.0"
172.98.32.13 - - [28/Apr/2026:03:10:57 +0000] "GET /feed/ HTTP/1.1" 200 28836 "-" "Mozilla/5.0"
17.246.19.198 - - [28/Apr/2026:03:11:09 +0000] "GET /wp-content/themes/astra/assets/css/minified/main.min.css?ver=4.13.1 HTTP/1.1" 200 8683 "https://cryptocurrencyaccess.com/buy-bitcoin-online-in-2025-is-now-the-right-time-to-invest/" "Mozilla/5.0 (Macintosh; Intel Mac OS X 10_15_7) AppleWebKit/605.1.15 (KHTML, like Gecko) Version/17.4 Safari/605.1.15 (Applebot/0.1; +http://www.apple.com/go/applebot)"
17.246.19.217 - - [28/Apr/2026:03:11:10 +0000] "GET /wp-content/plugins/wp-consent-api/assets/js/wp-consent-api.min.js?ver=2.0.1 HTTP/1.1" 200 822 "https://cryptocurrencyaccess.com/buy-bitcoin-online-in-2025-is-now-the-right-time-to-invest/" "Mozilla/5.0 (Macintosh; Intel Mac OS X 10_15_7) AppleWebKit/605.1.15 (KHTML, like Gecko) Version/17.4 Safari/605.1.15 (Applebot/0.1; +http://www.apple.com/go/applebot)"
17.246.23.242 - - [28/Apr/2026:03:11:12 +0000] "GET /wp-includes/css/dist/block-library/style.min.css?ver=6.9.4 HTTP/1.1" 200 15916 "https://cryptocurrencyaccess.com/buy-bitcoin-online-in-2025-is-now-the-right-time-to-invest/" "Mozilla/5.0 (Macintosh; Intel Mac OS X 10_15_7) AppleWebKit/605.1.15 (KHTML, like Gecko) Version/17.4 Safari/605.1.15 (Applebot/0.1; +http://www.apple.com/go/applebot)"
184.94.212.206 - - [28/Apr/2026:03:11:13 +0000] "POST /wp-cron.php?doing_wp_cron=1777345873.7695651054382324218750 HTTP/1.1" 200 - "-" "WordPress/6.9.4; https://cryptocurrencyaccess.com"
114.119.141.15 - - [28/Apr/2026:03:11:12 +0000] "GET /category/cryptocurrency-types/ HTTP/1.1" 200 63793 "https://cryptocurrencyaccess.com/tag/foreign-exchange-market/page/2?amp" "Mozilla/5.0 (Linux; Android 7.0;) AppleWebKit/537.36 (HTML, like Gecko) Mobile Safari/537.36 (compatible; PetalBot;+https://webmaster.petalsearch.com/site/petalbot)"
17.246.23.81 - - [28/Apr/2026:03:11:13 +0000] "GET /wp-content/plugins/complianz-gdpr/assets/css/cookieblocker.min.css?ver=1741710170 HTTP/1.1" 200 723 "https://cryptocurrencyaccess.com/buy-bitcoin-online-in-2025-is-now-the-right-time-to-invest/" "Mozilla/5.0 (Macintosh; Intel Mac OS X 10_15_7) AppleWebKit/605.1.15 (KHTML, like Gecko) Version/17.4 Safari/605.1.15 (Applebot/0.1; +http://www.apple.com/go/applebot)"
17.246.19.250 - - [28/Apr/2026:03:11:15 +0000] "GET /wp-content/themes/astra/assets/js/minified/frontend.min.js?ver=4.13.1 HTTP/1.1" 200 5942 "https://cryptocurrencyaccess.com/buy-bitcoin-online-in-2025-is-now-the-right-time-to-invest/" "Mozilla/5.0 (Macintosh; Intel Mac OS X 10_15_7) AppleWebKit/605.1.15 (KHTML, like Gecko) Version/17.4 Safari/605.1.15 (Applebot/0.1; +http://www.apple.com/go/applebot)"
17.246.23.97 - - [28/Apr/2026:03:11:17 +0000] "GET /wp-content/plugins/google-site-kit/dist/assets/js/googlesitekit-consent-mode-bc2e26cfa69fcd4a8261.js HTTP/1.1" 200 25395 "https://cryptocurrencyaccess.com/buy-bitcoin-online-in-2025-is-now-the-right-time-to-invest/" "Mozilla/5.0 (Macintosh; Intel Mac OS X 10_15_7) AppleWebKit/605.1.15 (KHTML, like Gecko) Version/17.4 Safari/605.1.15 (Applebot/0.1; +http://www.apple.com/go/applebot)"
17.246.23.108 - - [28/Apr/2026:03:11:18 +0000] "GET /wp-content/plugins/akismet/_inc/akismet-frontend.js?ver=1774230728 HTTP/1.1" 200 3511 "https://cryptocurrencyaccess.com/buy-bitcoin-online-in-2025-is-now-the-right-time-to-invest/" "Mozilla/5.0 (Macintosh; Intel Mac OS X 10_15_7) AppleWebKit/605.1.15 (KHTML, like Gecko) Version/17.4 Safari/605.1.15 (Applebot/0.1; +http://www.apple.com/go/applebot)"
17.246.23.214 - - [28/Apr/2026:03:11:19 +0000] "GET /wp-content/plugins/ad-inserter/js/ads.js?ver=2.8.13 HTTP/1.1" 200 118 "https://cryptocurrencyaccess.com/buy-bitcoin-online-in-2025-is-now-the-right-time-to-invest/" "Mozilla/5.0 (Macintosh; Intel Mac OS X 10_15_7) AppleWebKit/605.1.15 (KHTML, like Gecko) Version/17.4 Safari/605.1.15 (Applebot/0.1; +http://www.apple.com/go/applebot)"
17.246.23.141 - - [28/Apr/2026:03:11:20 +0000] "GET /wp-content/plugins/ad-inserter/js/sponsors.js?ver=2.8.13 HTTP/1.1" 200 21 "https://cryptocurrencyaccess.com/buy-bitcoin-online-in-2025-is-now-the-right-time-to-invest/" "Mozilla/5.0 (Macintosh; Intel Mac OS X 10_15_7) AppleWebKit/605.1.15 (KHTML, like Gecko) Version/17.4 Safari/605.1.15 (Applebot/0.1; +http://www.apple.com/go/applebot)"
17.246.23.215 - - [28/Apr/2026:03:11:21 +0000] "GET /wp-content/plugins/ad-inserter/js/banner.js?ver=2.8.13 HTTP/1.1" 200 24 "https://cryptocurrencyaccess.com/buy-bitcoin-online-in-2025-is-now-the-right-time-to-invest/" "Mozilla/5.0 (Macintosh; Intel Mac OS X 10_15_7) AppleWebKit/605.1.15 (KHTML, like Gecko) Version/17.4 Safari/605.1.15 (Applebot/0.1; +http://www.apple.com/go/applebot)"
17.246.15.229 - - [28/Apr/2026:03:11:22 +0000] "GET /wp-content/plugins/ad-inserter/js/300x250.js?ver=2.8.13 HTTP/1.1" 200 25 "https://cryptocurrencyaccess.com/buy-bitcoin-online-in-2025-is-now-the-right-time-to-invest/" "Mozilla/5.0 (Macintosh; Intel Mac OS X 10_15_7) AppleWebKit/605.1.15 (KHTML, like Gecko) Version/17.4 Safari/605.1.15 (Applebot/0.1; +http://www.apple.com/go/applebot)"
17.246.15.155 - - [28/Apr/2026:03:11:23 +0000] "GET /wp-includes/js/wp-emoji-release.min.js?ver=6.9.4 HTTP/1.1" 200 5375 "https://cryptocurrencyaccess.com/buy-bitcoin-online-in-2025-is-now-the-right-time-to-invest/" "Mozilla/5.0 (Macintosh; Intel Mac OS X 10_15_7) AppleWebKit/605.1.15 (KHTML, like Gecko) Version/17.4 Safari/605.1.15 (Applebot/0.1; +http://www.apple.com/go/applebot)"
17.246.19.147 - - [28/Apr/2026:03:11:24 +0000] "GET /wp-includes/js/comment-reply.min.js?ver=6.9.4 HTTP/1.1" 200 1375 "https://cryptocurrencyaccess.com/buy-bitcoin-online-in-2025-is-now-the-right-time-to-invest/" "Mozilla/5.0 (Macintosh; Intel Mac OS X 10_15_7) AppleWebKit/605.1.15 (KHTML, like Gecko) Version/17.4 Safari/605.1.15 (Applebot/0.1; +http://www.apple.com/go/applebot)"
184.94.212.206 - - [28/Apr/2026:03:20:03 +0000] "POST /wp-cron.php?doing_wp_cron=1777346403.3530049324035644531250 HTTP/1.1" 200 - "-" "WordPress/6.9.4; https://cryptocurrencyaccess.com"
114.119.154.26 - - [28/Apr/2026:03:20:01 +0000] "GET /enjoy-success-in-the-foreign-exchange-with-useful-tips HTTP/1.1" 301 - "https://cryptocurrencyaccess.com/enjoy-success-in-the-foreign-exchange-with-useful-tips" "Mozilla/5.0 (Linux; Android 7.0;) AppleWebKit/537.36 (HTML, like Gecko) Mobile Safari/537.36 (compatible; PetalBot;+https://webmaster.petalsearch.com/site/petalbot)"
114.119.154.26 - - [28/Apr/2026:03:20:03 +0000] "GET /enjoy-success-in-the-foreign-exchange-with-useful-tips/ HTTP/1.1" 200 64437 "https://cryptocurrencyaccess.com/enjoy-success-in-the-foreign-exchange-with-useful-tips" "Mozilla/5.0 (Linux; Android 7.0;) AppleWebKit/537.36 (HTML, like Gecko) Mobile Safari/537.36 (compatible; PetalBot;+https://webmaster.petalsearch.com/site/petalbot)"
184.94.212.206 - - [28/Apr/2026:03:47:23 +0000] "POST /wp-cron.php?doing_wp_cron=1777348042.6040289402008056640625 HTTP/1.1" 200 - "-" "WordPress/6.9.4; https://cryptocurrencyaccess.com"
3.139.242.79 - - [28/Apr/2026:03:47:20 +0000] "GET / HTTP/1.1" 200 64092 "-" "visionheight.com/scan Mozilla/5.0 (Macintosh; Intel Mac OS X 10_15_7) Chrome/126.0.0.0 Safari/537.36"
20.215.50.140 - - [28/Apr/2026:03:47:47 +0000] "GET /inputs.php HTTP/1.1" 404 49714 "-" "Mozilla/5.0 (Windows NT 10.0; Win64; x64) AppleWebKit/537.36 (KHTML, like Gecko) Chrome/120.0.0.0 Safari/537.36"
20.215.50.140 - - [28/Apr/2026:03:47:48 +0000] "GET /ioxi-o.php HTTP/1.1" 404 50158 "-" "Mozilla/5.0 (Windows NT 10.0; Win64; x64) AppleWebKit/537.36 (KHTML, like Gecko) Chrome/120.0.0.0 Safari/537.36"
20.215.50.140 - - [28/Apr/2026:03:47:50 +0000] "GET /function/function.php HTTP/1.1" 404 50170 "-" "Mozilla/5.0 (Windows NT 10.0; Win64; x64) AppleWebKit/537.36 (KHTML, like Gecko) Chrome/120.0.0.0 Safari/537.36"
184.94.212.206 - - [28/Apr/2026:03:47:52 +0000] "POST /wp-cron.php?doing_wp_cron=1777348072.1731150150299072265625 HTTP/1.1" 200 - "-" "WordPress/6.9.4; https://cryptocurrencyaccess.com"
20.215.50.140 - - [28/Apr/2026:03:47:51 +0000] "GET /rip.php HTTP/1.1" 404 50189 "-" "Mozilla/5.0 (Windows NT 10.0; Win64; x64) AppleWebKit/537.36 (KHTML, like Gecko) Chrome/120.0.0.0 Safari/537.36"
20.215.50.140 - - [28/Apr/2026:03:47:52 +0000] "GET /admin.php HTTP/1.1" 404 50379 "-" "Mozilla/5.0 (Windows NT 10.0; Win64; x64) AppleWebKit/537.36 (KHTML, like Gecko) Chrome/120.0.0.0 Safari/537.36"
20.215.50.140 - - [28/Apr/2026:03:47:54 +0000] "GET /wp-content/uploads/index.php HTTP/1.1" 301 - "-" "Mozilla/5.0 (Windows NT 10.0; Win64; x64) AppleWebKit/537.36 (KHTML, like Gecko) Chrome/120.0.0.0 Safari/537.36"
20.215.50.140 - - [28/Apr/2026:03:47:54 +0000] "GET /cache.php HTTP/1.1" 404 50224 "-" "Mozilla/5.0 (Windows NT 10.0; Win64; x64) AppleWebKit/537.36 (KHTML, like Gecko) Chrome/120.0.0.0 Safari/537.36"
20.215.50.140 - - [28/Apr/2026:03:47:56 +0000] "GET /themes.php HTTP/1.1" 404 50003 "-" "Mozilla/5.0 (Windows NT 10.0; Win64; x64) AppleWebKit/537.36 (KHTML, like Gecko) Chrome/120.0.0.0 Safari/537.36"
20.215.50.140 - - [28/Apr/2026:03:47:57 +0000] "GET /an.php HTTP/1.1" 404 50207 "-" "Mozilla/5.0 (Windows NT 10.0; Win64; x64) AppleWebKit/537.36 (KHTML, like Gecko) Chrome/120.0.0.0 Safari/537.36"
20.215.50.140 - - [28/Apr/2026:03:47:59 +0000] "GET /index/function.php HTTP/1.1" 404 50078 "-" "Mozilla/5.0 (Windows NT 10.0; Win64; x64) AppleWebKit/537.36 (KHTML, like Gecko) Chrome/120.0.0.0 Safari/537.36"
20.215.50.140 - - [28/Apr/2026:03:48:00 +0000] "GET /randkeyword.PhP7 HTTP/1.1" 404 50182 "-" "Mozilla/5.0 (Windows NT 10.0; Win64; x64) AppleWebKit/537.36 (KHTML, like Gecko) Chrome/120.0.0.0 Safari/537.36"
20.215.50.140 - - [28/Apr/2026:03:48:01 +0000] "GET /ws.php HTTP/1.1" 404 50467 "-" "Mozilla/5.0 (Windows NT 10.0; Win64; x64) AppleWebKit/537.36 (KHTML, like Gecko) Chrome/120.0.0.0 Safari/537.36"
20.215.50.140 - - [28/Apr/2026:03:48:02 +0000] "GET /404.php HTTP/1.1" 404 50121 "-" "Mozilla/5.0 (Windows NT 10.0; Win64; x64) AppleWebKit/537.36 (KHTML, like Gecko) Chrome/120.0.0.0 Safari/537.36"
20.215.50.140 - - [28/Apr/2026:03:48:04 +0000] "GET /wp-admin/user.php HTTP/1.1" 404 50445 "-" "Mozilla/5.0 (Windows NT 10.0; Win64; x64) AppleWebKit/537.36 (KHTML, like Gecko) Chrome/120.0.0.0 Safari/537.36"
20.215.50.140 - - [28/Apr/2026:03:48:05 +0000] "GET /wp-conf.php HTTP/1.1" 404 50112 "-" "Mozilla/5.0 (Windows NT 10.0; Win64; x64) AppleWebKit/537.36 (KHTML, like Gecko) Chrome/120.0.0.0 Safari/537.36"
184.94.212.206 - - [28/Apr/2026:03:48:07 +0000] "POST /wp-cron.php?doing_wp_cron=1777348087.6394989490509033203125 HTTP/1.1" 200 - "-" "WordPress/6.9.4; https://cryptocurrencyaccess.com"
20.215.50.140 - - [28/Apr/2026:03:48:06 +0000] "GET /wp-content/themes/hideo/network.php HTTP/1.1" 404 50810 "-" "Mozilla/5.0 (Windows NT 10.0; Win64; x64) AppleWebKit/537.36 (KHTML, like Gecko) Chrome/120.0.0.0 Safari/537.36"
20.215.50.140 - - [28/Apr/2026:03:48:08 +0000] "GET /wp-login.php HTTP/1.1" 200 2420 "-" "Mozilla/5.0 (Windows NT 10.0; Win64; x64) AppleWebKit/537.36 (KHTML, like Gecko) Chrome/120.0.0.0 Safari/537.36"
20.215.50.140 - - [28/Apr/2026:03:48:09 +0000] "GET /abc.php HTTP/1.1" 404 50105 "-" "Mozilla/5.0 (Windows NT 10.0; Win64; x64) AppleWebKit/537.36 (KHTML, like Gecko) Chrome/120.0.0.0 Safari/537.36"
20.215.50.140 - - [28/Apr/2026:03:48:10 +0000] "GET /abcd.php HTTP/1.1" 404 50230 "-" "Mozilla/5.0 (Windows NT 10.0; Win64; x64) AppleWebKit/537.36 (KHTML, like Gecko) Chrome/120.0.0.0 Safari/537.36"
20.215.50.140 - - [28/Apr/2026:03:48:12 +0000] "GET /as.php HTTP/1.1" 404 50455 "-" "Mozilla/5.0 (Windows NT 10.0; Win64; x64) AppleWebKit/537.36 (KHTML, like Gecko) Chrome/120.0.0.0 Safari/537.36"
20.215.50.140 - - [28/Apr/2026:03:48:13 +0000] "GET /wp-trackback.php HTTP/1.1" 404 130 "-" "Mozilla/5.0 (Windows NT 10.0; Win64; x64) AppleWebKit/537.36 (KHTML, like Gecko) Chrome/120.0.0.0 Safari/537.36"
20.215.50.140 - - [28/Apr/2026:03:48:14 +0000] "GET /about.php HTTP/1.1" 404 50053 "-" "Mozilla/5.0 (Windows NT 10.0; Win64; x64) AppleWebKit/537.36 (KHTML, like Gecko) Chrome/120.0.0.0 Safari/537.36"
20.215.50.140 - - [28/Apr/2026:03:48:15 +0000] "GET /file.php HTTP/1.1" 404 50093 "-" "Mozilla/5.0 (Windows NT 10.0; Win64; x64) AppleWebKit/537.36 (KHTML, like Gecko) Chrome/120.0.0.0 Safari/537.36"
20.215.50.140 - - [28/Apr/2026:03:48:16 +0000] "GET /adminfuns.php HTTP/1.1" 404 50314 "-" "Mozilla/5.0 (Windows NT 10.0; Win64; x64) AppleWebKit/537.36 (KHTML, like Gecko) Chrome/120.0.0.0 Safari/537.36"
20.215.50.140 - - [28/Apr/2026:03:48:18 +0000] "GET /wp-good.php HTTP/1.1" 404 49880 "-" "Mozilla/5.0 (Windows NT 10.0; Win64; x64) AppleWebKit/537.36 (KHTML, like Gecko) Chrome/120.0.0.0 Safari/537.36"
20.215.50.140 - - [28/Apr/2026:03:48:19 +0000] "GET /xmlrpc.php HTTP/1.1" 404 50336 "-" "Mozilla/5.0 (Windows NT 10.0; Win64; x64) AppleWebKit/537.36 (KHTML, like Gecko) Chrome/120.0.0.0 Safari/537.36"
20.215.50.140 - - [28/Apr/2026:03:48:20 +0000] "GET /goods.php HTTP/1.1" 404 50081 "-" "Mozilla/5.0 (Windows NT 10.0; Win64; x64) AppleWebKit/537.36 (KHTML, like Gecko) Chrome/120.0.0.0 Safari/537.36"
20.215.50.140 - - [28/Apr/2026:03:48:21 +0000] "GET /class-t.api.php HTTP/1.1" 404 50388 "-" "Mozilla/5.0 (Windows NT 10.0; Win64; x64) AppleWebKit/537.36 (KHTML, like Gecko) Chrome/120.0.0.0 Safari/537.36"
20.215.50.140 - - [28/Apr/2026:03:48:23 +0000] "GET /sf.php HTTP/1.1" 404 49950 "-" "Mozilla/5.0 (Windows NT 10.0; Win64; x64) AppleWebKit/537.36 (KHTML, like Gecko) Chrome/120.0.0.0 Safari/537.36"
20.215.50.140 - - [28/Apr/2026:03:48:24 +0000] "GET /kbfr.php HTTP/1.1" 404 50112 "-" "Mozilla/5.0 (Windows NT 10.0; Win64; x64) AppleWebKit/537.36 (KHTML, like Gecko) Chrome/120.0.0.0 Safari/537.36"
20.215.50.140 - - [28/Apr/2026:03:48:25 +0000] "GET /autoload_classmap.php HTTP/1.1" 404 49892 "-" "Mozilla/5.0 (Windows NT 10.0; Win64; x64) AppleWebKit/537.36 (KHTML, like Gecko) Chrome/120.0.0.0 Safari/537.36"
20.215.50.140 - - [28/Apr/2026:03:48:26 +0000] "GET /chosen.php?p= HTTP/1.1" 301 - "-" "Mozilla/5.0 (Windows NT 10.0; Win64; x64) AppleWebKit/537.36 (KHTML, like Gecko) Chrome/120.0.0.0 Safari/537.36"
20.215.50.140 - - [28/Apr/2026:03:48:27 +0000] "GET /classwithtostring.php HTTP/1.1" 404 50187 "-" "Mozilla/5.0 (Windows NT 10.0; Win64; x64) AppleWebKit/537.36 (KHTML, like Gecko) Chrome/120.0.0.0 Safari/537.36"
20.215.50.140 - - [28/Apr/2026:03:48:29 +0000] "GET /defaults.php HTTP/1.1" 404 50138 "-" "Mozilla/5.0 (Windows NT 10.0; Win64; x64) AppleWebKit/537.36 (KHTML, like Gecko) Chrome/120.0.0.0 Safari/537.36"
20.215.50.140 - - [28/Apr/2026:03:48:30 +0000] "GET /.well-known/ HTTP/1.1" 404 50336 "-" "Mozilla/5.0 (Windows NT 10.0; Win64; x64) AppleWebKit/537.36 (KHTML, like Gecko) Chrome/120.0.0.0 Safari/537.36"
20.215.50.140 - - [28/Apr/2026:03:48:31 +0000] "GET /info.php HTTP/1.1" 404 50037 "-" "Mozilla/5.0 (Windows NT 10.0; Win64; x64) AppleWebKit/537.36 (KHTML, like Gecko) Chrome/120.0.0.0 Safari/537.36"
20.215.50.140 - - [28/Apr/2026:03:48:33 +0000] "GET /cgi-bin/ HTTP/1.1" 404 50242 "-" "Mozilla/5.0 (Windows NT 10.0; Win64; x64) AppleWebKit/537.36 (KHTML, like Gecko) Chrome/120.0.0.0 Safari/537.36"
20.215.50.140 - - [28/Apr/2026:03:48:34 +0000] "GET /wp-includes/Requests/src/Response/about.php HTTP/1.1" 404 50806 "-" "Mozilla/5.0 (Windows NT 10.0; Win64; x64) AppleWebKit/537.36 (KHTML, like Gecko) Chrome/120.0.0.0 Safari/537.36"
20.215.50.140 - - [28/Apr/2026:03:48:35 +0000] "GET /wp-includes/html-api/ HTTP/1.1" 404 50182 "-" "Mozilla/5.0 (Windows NT 10.0; Win64; x64) AppleWebKit/537.36 (KHTML, like Gecko) Chrome/120.0.0.0 Safari/537.36"
20.215.50.140 - - [28/Apr/2026:03:48:36 +0000] "GET /wp-content/admin.php HTTP/1.1" 404 50226 "-" "Mozilla/5.0 (Windows NT 10.0; Win64; x64) AppleWebKit/537.36 (KHTML, like Gecko) Chrome/120.0.0.0 Safari/537.36"
20.215.50.140 - - [28/Apr/2026:03:48:37 +0000] "GET /wp-admin/css/colors/ectoplasm/ HTTP/1.1" 404 50782 "-" "Mozilla/5.0 (Windows NT 10.0; Win64; x64) AppleWebKit/537.36 (KHTML, like Gecko) Chrome/120.0.0.0 Safari/537.36"
20.215.50.140 - - [28/Apr/2026:03:48:39 +0000] "GET /wp-content/uploads/ HTTP/1.1" 404 50216 "-" "Mozilla/5.0 (Windows NT 10.0; Win64; x64) AppleWebKit/537.36 (KHTML, like Gecko) Chrome/120.0.0.0 Safari/537.36"
20.215.50.140 - - [28/Apr/2026:03:48:40 +0000] "GET /wp-content/themes/admin.php HTTP/1.1" 404 50702 "-" "Mozilla/5.0 (Windows NT 10.0; Win64; x64) AppleWebKit/537.36 (KHTML, like Gecko) Chrome/120.0.0.0 Safari/537.36"
20.215.50.140 - - [28/Apr/2026:03:48:42 +0000] "GET /wp-content/themes/index.php HTTP/1.1" 200 - "-" "Mozilla/5.0 (Windows NT 10.0; Win64; x64) AppleWebKit/537.36 (KHTML, like Gecko) Chrome/120.0.0.0 Safari/537.36"
20.215.50.140 - - [28/Apr/2026:03:48:42 +0000] "GET /wp-content/plugins/index.php HTTP/1.1" 200 - "-" "Mozilla/5.0 (Windows NT 10.0; Win64; x64) AppleWebKit/537.36 (KHTML, like Gecko) Chrome/120.0.0.0 Safari/537.36"
20.215.50.140 - - [28/Apr/2026:03:48:42 +0000] "GET /wp-includes/PHPMailer/ HTTP/1.1" 404 50132 "-" "Mozilla/5.0 (Windows NT 10.0; Win64; x64) AppleWebKit/537.36 (KHTML, like Gecko) Chrome/120.0.0.0 Safari/537.36"
20.215.50.140 - - [28/Apr/2026:03:48:43 +0000] "GET /wp-includes/images/ HTTP/1.1" 404 50148 "-" "Mozilla/5.0 (Windows NT 10.0; Win64; x64) AppleWebKit/537.36 (KHTML, like Gecko) Chrome/120.0.0.0 Safari/537.36"
20.215.50.140 - - [28/Apr/2026:03:48:45 +0000] "GET /wp-content/plugins/WordPressCore/ HTTP/1.1" 404 50732 "-" "Mozilla/5.0 (Windows NT 10.0; Win64; x64) AppleWebKit/537.36 (KHTML, like Gecko) Chrome/120.0.0.0 Safari/537.36"
184.94.212.206 - - [28/Apr/2026:04:05:30 +0000] "POST /wp-cron.php?doing_wp_cron=1777349130.5276329517364501953125 HTTP/1.1" 200 - "-" "WordPress/6.9.4; https://cryptocurrencyaccess.com"
54.172.37.239 - - [28/Apr/2026:04:05:28 +0000] "GET / HTTP/1.1" 200 64130 "-" "Mozilla/5.0 (Windows NT 10.0; Win64; x64) AppleWebKit/537.36 (KHTML, like Gecko) Chrome/78.0.3866.0 Safari/537.36"
54.172.37.239 - - [28/Apr/2026:04:05:39 +0000] "GET //cryptocurrencyaccess.com/wp-content/plugins/ad-inserter/js/sponsors.js HTTP/1.1" 301 - "-" "Mozilla/5.0 (Linux; Android 9; SM-G960F) AppleWebKit/537.36 (KHTML, like Gecko) Chrome/76.0.3809.111 Mobile Safari/537.36"
54.172.37.239 - - [28/Apr/2026:04:05:39 +0000] "GET //cryptocurrencyaccess.com/wp-includes/js/wp-emoji-loader.min.js HTTP/1.1" 301 - "-" "Mozilla/5.0 (Linux; Android 9; ONEPLUS A5010) AppleWebKit/537.36 (KHTML, like Gecko) Chrome/75.0.3770.143 Mobile Safari/537.36"
54.172.37.239 - - [28/Apr/2026:04:05:39 +0000] "GET //cryptocurrencyaccess.com/wp-includes/js/wp-emoji-release.min.js HTTP/1.1" 301 - "-" "Nokia6630/1.0 (2.39.15) SymbianOS/8.0 Series60/2.6 Profile/MIDP-2.0 Configuration/CLDC-1.1"
54.172.37.239 - - [28/Apr/2026:04:05:39 +0000] "GET //utt.impactcdn.com/P-A2546503-8a9c-43be-b56a-0391f60aeab11.js HTTP/1.1" 301 - "-" "Mozilla/5.0 (OS/2; Warp 4.5; rv:24.0) Gecko/20100101 Firefox/24.0"
54.172.37.239 - - [28/Apr/2026:04:05:39 +0000] "GET //cryptocurrencyaccess.com/wp-content/plugins/ad-inserter/js/ads.js HTTP/1.1" 301 - "-" "SonyEricssonK750i/R1CA Browser/SEMC-Browser/4.2 Profile/MIDP-2.0 Configuration/CLDC-1.1"
54.172.37.239 - - [28/Apr/2026:04:05:39 +0000] "GET //contextual.media.net/dmedianet.js HTTP/1.1" 301 - "-" "Mozilla/5.0 (Macintosh; Intel Mac OS X 10_11_6) AppleWebKit/605.1.15 (KHTML, like Gecko) Version/11.1.2 Safari/605.1.15"
54.172.37.239 - - [28/Apr/2026:04:05:39 +0000] "GET //cryptocurrencyaccess.com/wp-content/plugins/ad-inserter/js/banner.js HTTP/1.1" 301 - "-" "Mozilla/5.0 (Windows NT 6.2; WOW64) AppleWebKit/537.36 (KHTML, like Gecko) Chrome/59.0.3068.0 Safari/537.36"
54.172.37.239 - - [28/Apr/2026:04:05:39 +0000] "GET //secure.quantserve.com/quant.js HTTP/1.1" 301 - "-" "Mozilla/5.0 (Windows NT 10.0; Win64; x64) AppleWebKit/537.36 (KHTML, like Gecko) Chrome/78.0.3887.0 Safari/537.36"
54.172.37.239 - - [28/Apr/2026:04:05:39 +0000] "GET //pagead2.googlesyndication.com/pagead/js/adsbygoogle.js HTTP/1.1" 301 - "-" "Mozilla/5.0 (Linux; Android 5.0.2; SAMSUNG SM-T530NU Build/LRX22G) AppleWebKit/537.36 (KHTML, like Gecko) SamsungBrowser/3.2 Chrome/38.0.2125.102 Safari/537.36"
54.172.37.239 - - [28/Apr/2026:04:05:39 +0000] "GET //cryptocurrencyaccess.com/xmlrpc.php HTTP/1.1" 301 - "-" "Mozilla/5.0 (Macintosh; Intel Mac OS X 10_14_2) AppleWebKit/537.36 (KHTML, like Gecko) Chrome/74.0.3729.157 Safari/537.36"
54.172.37.239 - - [28/Apr/2026:04:05:39 +0000] "GET //cryptocurrencyaccess.com/wp-content/plugins/google-site-kit/dist/assets/js/googlesitekit-consent-mode-bc2e26cfa69fcd4a8261.js HTTP/1.1" 301 - "-" "Mozilla/5.0 (Linux; Android 5.1.1; A37f Build/LMY47V) AppleWebKit/537.36 (KHTML, like Gecko) Chrome/66.0.3359.126 Mobile Safari/537.36"
54.172.37.239 - - [28/Apr/2026:04:05:39 +0000] "GET //www.google-analytics.com/analytics.js HTTP/1.1" 301 - "-" "Mozilla/2.02E (Win95; U)"
54.172.37.239 - - [28/Apr/2026:04:05:39 +0000] "GET //cryptocurrencyaccess.com/wp-content/themes/astra/assets/js/minified/frontend.min.js HTTP/1.1" 301 - "-" "Mozilla/5.0 (Linux; Android 9; Pixel 3 XL) AppleWebKit/537.36 (KHTML, like Gecko) Chrome/76.0.3809.111 Mobile Safari/537.36"
54.172.37.239 - - [28/Apr/2026:04:05:41 +0000] "GET //cryptocurrencyaccess.com/wp-content/plugins/ad-inserter/js/300x250.js HTTP/1.1" 301 - "-" "Mozilla/5.0 (Linux; Android 4.4.2; LGMS323 Build/KOT49I.MS32310b) AppleWebKit/537.36 (KHTML, like Gecko) Chrome/30.0.1599.103 Mobile Safari/537.36"
54.172.37.239 - - [28/Apr/2026:04:05:39 +0000] "GET //cryptocurrencyaccess.com/wp-content/plugins/wp-consent-api/assets/js/wp-consent-api.min.js HTTP/1.1" 301 - "-" "SearchExpress"
184.94.212.206 - - [28/Apr/2026:04:06:11 +0000] "POST /wp-cron.php?doing_wp_cron=1777349171.9660530090332031250000 HTTP/1.1" 200 - "-" "WordPress/6.9.4; https://cryptocurrencyaccess.com"
142.44.228.203 - - [28/Apr/2026:04:06:10 +0000] "GET /ethereum/ HTTP/1.1" 200 67814 "-" "Mozilla/5.0 (compatible; AhrefsBot/7.0; +http://ahrefs.com/robot/)"
85.208.96.197 - - [28/Apr/2026:04:07:38 +0000] "GET /robots.txt HTTP/1.1" 200 134 "-" "Mozilla/5.0 (compatible; SemrushBot/7~bl; +http://www.semrush.com/bot.html)"
185.191.171.3 - - [28/Apr/2026:04:07:40 +0000] "GET /tag/bitcoin/ HTTP/1.1" 200 61735 "-" "Mozilla/5.0 (compatible; SemrushBot/7~bl; +http://www.semrush.com/bot.html)"
114.119.154.26 - - [28/Apr/2026:04:08:38 +0000] "GET /forex-information-you-cannot-trade-without-knowing?noamp=mobile HTTP/1.1" 301 - "https://cryptocurrencyaccess.com/forex-information-you-cannot-trade-without-knowing?noamp=mobile" "Mozilla/5.0 (Linux; Android 7.0;) AppleWebKit/537.36 (HTML, like Gecko) Mobile Safari/537.36 (compatible; PetalBot;+https://webmaster.petalsearch.com/site/petalbot)"
114.119.154.26 - - [28/Apr/2026:04:08:40 +0000] "GET /forex-information-you-cannot-trade-without-knowing/?noamp=mobile HTTP/1.1" 200 64940 "https://cryptocurrencyaccess.com/forex-information-you-cannot-trade-without-knowing?noamp=mobile" "Mozilla/5.0 (Linux; Android 7.0;) AppleWebKit/537.36 (HTML, like Gecko) Mobile Safari/537.36 (compatible; PetalBot;+https://webmaster.petalsearch.com/site/petalbot)"
114.119.154.26 - - [28/Apr/2026:04:10:11 +0000] "GET /best-advice-to-sharpen-your-foreign-exchange-trading-now/?noamp=mobile HTTP/1.1" 200 64126 "https://cryptocurrencyaccess.com/best-advice-to-sharpen-your-foreign-exchange-trading-now/?noamp=mobile" "Mozilla/5.0 (Linux; Android 7.0;) AppleWebKit/537.36 (HTML, like Gecko) Mobile Safari/537.36 (compatible; PetalBot;+https://webmaster.petalsearch.com/site/petalbot)"
184.94.212.206 - - [28/Apr/2026:04:11:22 +0000] "POST /wp-cron.php?doing_wp_cron=1777349482.2094659805297851562500 HTTP/1.1" 200 - "-" "WordPress/6.9.4; https://cryptocurrencyaccess.com"
54.39.210.22 - - [28/Apr/2026:04:11:20 +0000] "GET /wp-content/themes/astra/assets/css/minified/main.min.css?ver=4.13.1 HTTP/1.1" 404 50630 "-" "Mozilla/5.0 (compatible; AhrefsBot/7.0; +http://ahrefs.com/robot/)"
54.39.6.79 - - [28/Apr/2026:04:11:23 +0000] "GET /wp-content/themes/astra/assets/js/minified/frontend.min.js?ver=4.13.1 HTTP/1.1" 404 50753 "-" "Mozilla/5.0 (compatible; AhrefsBot/7.0; +http://ahrefs.com/robot/)"
184.94.212.206 - - [28/Apr/2026:04:13:18 +0000] "POST /wp-cron.php?doing_wp_cron=1777349598.8791279792785644531250 HTTP/1.1" 200 - "-" "WordPress/6.9.4; https://cryptocurrencyaccess.com"
142.44.233.254 - - [28/Apr/2026:04:13:17 +0000] "GET /avoid-the-pitfalls-of-the-foreign-exchange-market-by-following-these-tips/ HTTP/1.1" 200 64886 "-" "Mozilla/5.0 (compatible; AhrefsBot/7.0; +http://ahrefs.com/robot/)"
184.94.212.206 - - [28/Apr/2026:04:17:47 +0000] "POST /wp-cron.php?doing_wp_cron=1777349867.1241381168365478515625 HTTP/1.1" 200 - "-" "WordPress/6.9.4; https://cryptocurrencyaccess.com"
51.161.65.114 - - [28/Apr/2026:04:17:45 +0000] "GET /wp-content/uploads/2020/03/avoid_the_pitfalls_of_the_foreign_exchange_market_by_following_these_tips.jpg HTTP/1.1" 404 50588 "-" "Mozilla/5.0 (compatible; AhrefsBot/7.0; +http://ahrefs.com/robot/)"
184.94.212.206 - - [28/Apr/2026:04:20:26 +0000] "POST /wp-cron.php?doing_wp_cron=1777350026.5508160591125488281250 HTTP/1.1" 200 - "-" "WordPress/6.9.4; https://cryptocurrencyaccess.com"
167.114.139.95 - - [28/Apr/2026:04:20:25 +0000] "GET /the-magic-of-foreign-exchange-how-to-trade-effectively/ HTTP/1.1" 200 64884 "-" "Mozilla/5.0 (compatible; AhrefsBot/7.0; +http://ahrefs.com/robot/)"
184.94.212.206 - - [28/Apr/2026:04:25:49 +0000] "POST /wp-cron.php?doing_wp_cron=1777350349.3412311077117919921875 HTTP/1.1" 200 - "-" "WordPress/6.9.4; https://cryptocurrencyaccess.com"
212.120.227.242 - - [28/Apr/2026:04:25:47 +0000] "GET /tips-for-making-money-in-the-forex-markets/ HTTP/1.1" 200 65263 "-" "Mozilla/5.0 (Windows NT 10.0; Win64; x64) AppleWebKit/537.36 (KHTML, like Gecko) Chrome/104.0.0.0 Safari/537.36"
184.94.212.206 - - [28/Apr/2026:04:28:05 +0000] "POST /wp-cron.php?doing_wp_cron=1777350485.6635279655456542968750 HTTP/1.1" 200 - "-" "WordPress/6.9.4; https://cryptocurrencyaccess.com"
14.171.199.85 - - [28/Apr/2026:04:28:04 +0000] "GET /wp-json/oembed/1.0/embed?format=xml&url=https%3A%2F%2Fcryptocurrencyaccess.com%2Fcryptocurrency-ranking-the-most-popular-cryptocurrencies%2F HTTP/1.1" 200 1402 "-" "Mozilla/5.0 (Windows NT 10.0; Win64; x64) AppleWebKit/537.36 (KHTML, like Gecko) Chrome/86.0.4240.75 Safari/537.36"
66.249.66.41 - - [28/Apr/2026:04:34:39 +0000] "GET /ads.txt HTTP/1.1" 304 - "-" "Google-adstxt"
184.94.212.206 - - [28/Apr/2026:04:37:37 +0000] "POST /wp-cron.php?doing_wp_cron=1777351057.3970680236816406250000 HTTP/1.1" 200 - "-" "WordPress/6.9.4; https://cryptocurrencyaccess.com"
148.113.130.104 - - [28/Apr/2026:04:37:36 +0000] "GET /information-that-will-make-you-money-on-the-foreign-exchange-market/ HTTP/1.1" 200 64936 "-" "Mozilla/5.0 (compatible; AhrefsBot/7.0; +http://ahrefs.com/robot/)"
184.94.212.206 - - [28/Apr/2026:04:47:21 +0000] "POST /wp-cron.php?doing_wp_cron=1777351641.9341130256652832031250 HTTP/1.1" 200 - "-" "WordPress/6.9.4; https://cryptocurrencyaccess.com"
114.119.154.26 - - [28/Apr/2026:04:47:20 +0000] "GET /foreign-exchange-market-success-stories-and-pitfalls-to-avoid/?noamp=mobile HTTP/1.1" 200 64849 "https://cryptocurrencyaccess.com/foreign-exchange-market-success-stories-and-pitfalls-to-avoid/?noamp=mobile" "Mozilla/5.0 (Linux; Android 7.0;) AppleWebKit/537.36 (HTML, like Gecko) Mobile Safari/537.36 (compatible; PetalBot;+https://webmaster.petalsearch.com/site/petalbot)"
184.94.212.206 - - [28/Apr/2026:04:48:44 +0000] "POST /wp-cron.php?doing_wp_cron=1777351724.3160789012908935546875 HTTP/1.1" 200 - "-" "WordPress/6.9.4; https://cryptocurrencyaccess.com"
14.190.249.27 - - [28/Apr/2026:04:48:42 +0000] "GET /wp-json/oembed/1.0/embed?url=https%3A%2F%2Fcryptocurrencyaccess.com%2Fcryptocurrency-ranking-the-most-popular-cryptocurrencies%2F HTTP/1.1" 200 1358 "-" "Mozilla/5.0 (Windows NT 6.1; WOW64) AppleWebKit/537.36 (KHTML, like Gecko) Chrome/86.0.4240.198 Safari/537.36"
184.94.212.206 - - [28/Apr/2026:05:00:32 +0000] "POST /wp-cron.php?doing_wp_cron=1777352432.6375050544738769531250 HTTP/1.1" 200 - "-" "WordPress/6.9.4; https://cryptocurrencyaccess.com"
114.119.141.15 - - [28/Apr/2026:05:00:30 +0000] "GET /hard-time-with-foreign-exchange-trading-use-this-article/ HTTP/1.1" 200 64799 "https://cryptocurrencyaccess.com/tag/foreign-exchange-trading/page/3?amp" "Mozilla/5.0 (Linux; Android 7.0;) AppleWebKit/537.36 (HTML, like Gecko) Mobile Safari/537.36 (compatible; PetalBot;+https://webmaster.petalsearch.com/site/petalbot)"
20.100.183.137 - - [28/Apr/2026:05:10:13 +0000] "GET /.tmb/cloud.php HTTP/1.1" 404 50373 "-" "Mozilla/5.0 (Windows NT 10.0; Win64; x64) AppleWebKit/537.36 (KHTML, like Gecko) Chrome/120.0.0.0 Safari/537.36"
20.100.183.137 - - [28/Apr/2026:05:10:15 +0000] "GET /.well-known/ HTTP/1.1" 404 50076 "-" "Mozilla/5.0 (Windows NT 10.0; Win64; x64) AppleWebKit/537.36 (KHTML, like Gecko) Chrome/120.0.0.0 Safari/537.36"
20.100.183.137 - - [28/Apr/2026:05:10:17 +0000] "GET /.well-known/acme-challenge/index.php HTTP/1.1" 301 - "-" "Mozilla/5.0 (Windows NT 10.0; Win64; x64) AppleWebKit/537.36 (KHTML, like Gecko) Chrome/120.0.0.0 Safari/537.36"
20.100.183.137 - - [28/Apr/2026:05:10:18 +0000] "GET /.well-known/autoload_classmap.php HTTP/1.1" 404 50179 "-" "Mozilla/5.0 (Windows NT 10.0; Win64; x64) AppleWebKit/537.36 (KHTML, like Gecko) Chrome/120.0.0.0 Safari/537.36"
20.100.183.137 - - [28/Apr/2026:05:10:19 +0000] "GET /.well-known/pki-validation/ HTTP/1.1" 404 50212 "-" "Mozilla/5.0 (Windows NT 10.0; Win64; x64) AppleWebKit/537.36 (KHTML, like Gecko) Chrome/120.0.0.0 Safari/537.36"
20.100.183.137 - - [28/Apr/2026:05:10:20 +0000] "GET /.well-known/pki-validation/about.php HTTP/1.1" 404 50560 "-" "Mozilla/5.0 (Windows NT 10.0; Win64; x64) AppleWebKit/537.36 (KHTML, like Gecko) Chrome/120.0.0.0 Safari/537.36"
20.100.183.137 - - [28/Apr/2026:05:10:22 +0000] "GET //wp-2019.php HTTP/1.1" 301 - "-" "Mozilla/5.0 (Windows NT 10.0; Win64; x64) AppleWebKit/537.36 (KHTML, like Gecko) Chrome/120.0.0.0 Safari/537.36"
20.100.183.137 - - [28/Apr/2026:05:10:23 +0000] "GET //wp-content/themes/about.php HTTP/1.1" 301 - "-" "Mozilla/5.0 (Windows NT 10.0; Win64; x64) AppleWebKit/537.36 (KHTML, like Gecko) Chrome/120.0.0.0 Safari/537.36"
20.100.183.137 - - [28/Apr/2026:05:10:24 +0000] "GET /0.php HTTP/1.1" 404 50265 "-" "Mozilla/5.0 (Windows NT 10.0; Win64; x64) AppleWebKit/537.36 (KHTML, like Gecko) Chrome/120.0.0.0 Safari/537.36"
20.100.183.137 - - [28/Apr/2026:05:10:26 +0000] "GET /1.php HTTP/1.1" 404 50419 "-" "Mozilla/5.0 (Windows NT 10.0; Win64; x64) AppleWebKit/537.36 (KHTML, like Gecko) Chrome/120.0.0.0 Safari/537.36"
20.100.183.137 - - [28/Apr/2026:05:10:27 +0000] "GET /12.php HTTP/1.1" 404 50141 "-" "Mozilla/5.0 (Windows NT 10.0; Win64; x64) AppleWebKit/537.36 (KHTML, like Gecko) Chrome/120.0.0.0 Safari/537.36"
20.100.183.137 - - [28/Apr/2026:05:10:28 +0000] "GET /120f9.php HTTP/1.1" 404 50430 "-" "Mozilla/5.0 (Windows NT 10.0; Win64; x64) AppleWebKit/537.36 (KHTML, like Gecko) Chrome/120.0.0.0 Safari/537.36"
20.100.183.137 - - [28/Apr/2026:05:10:30 +0000] "GET /22.php HTTP/1.1" 404 50384 "-" "Mozilla/5.0 (Windows NT 10.0; Win64; x64) AppleWebKit/537.36 (KHTML, like Gecko) Chrome/120.0.0.0 Safari/537.36"
20.100.183.137 - - [28/Apr/2026:05:10:31 +0000] "GET /403.php HTTP/1.1" 404 49804 "-" "Mozilla/5.0 (Windows NT 10.0; Win64; x64) AppleWebKit/537.36 (KHTML, like Gecko) Chrome/120.0.0.0 Safari/537.36"
20.100.183.137 - - [28/Apr/2026:05:10:32 +0000] "GET /504.php HTTP/1.1" 404 50183 "-" "Mozilla/5.0 (Windows NT 10.0; Win64; x64) AppleWebKit/537.36 (KHTML, like Gecko) Chrome/120.0.0.0 Safari/537.36"
20.100.183.137 - - [28/Apr/2026:05:10:34 +0000] "GET /GOD.php HTTP/1.1" 404 50074 "-" "Mozilla/5.0 (Windows NT 10.0; Win64; x64) AppleWebKit/537.36 (KHTML, like Gecko) Chrome/120.0.0.0 Safari/537.36"
20.100.183.137 - - [28/Apr/2026:05:10:35 +0000] "GET /NewFile.php HTTP/1.1" 404 50381 "-" "Mozilla/5.0 (Windows NT 10.0; Win64; x64) AppleWebKit/537.36 (KHTML, like Gecko) Chrome/120.0.0.0 Safari/537.36"
20.100.183.137 - - [28/Apr/2026:05:10:36 +0000] "GET /aaa.php HTTP/1.1" 404 50279 "-" "Mozilla/5.0 (Windows NT 10.0; Win64; x64) AppleWebKit/537.36 (KHTML, like Gecko) Chrome/120.0.0.0 Safari/537.36"
20.100.183.137 - - [28/Apr/2026:05:10:38 +0000] "GET /ab.php HTTP/1.1" 404 50035 "-" "Mozilla/5.0 (Windows NT 10.0; Win64; x64) AppleWebKit/537.36 (KHTML, like Gecko) Chrome/120.0.0.0 Safari/537.36"
20.100.183.137 - - [28/Apr/2026:05:10:39 +0000] "GET /about/function.php HTTP/1.1" 404 50074 "-" "Mozilla/5.0 (Windows NT 10.0; Win64; x64) AppleWebKit/537.36 (KHTML, like Gecko) Chrome/120.0.0.0 Safari/537.36"
20.100.183.137 - - [28/Apr/2026:05:10:40 +0000] "GET /admin/function.php HTTP/1.1" 404 49888 "-" "Mozilla/5.0 (Windows NT 10.0; Win64; x64) AppleWebKit/537.36 (KHTML, like Gecko) Chrome/120.0.0.0 Safari/537.36"
103.23.204.67 - - [28/Apr/2026:05:10:40 +0000] "GET /forex-information-you-cannot-trade-without-knowing/ HTTP/1.1" 200 65378 "-" "Mozilla/5.0 (Macintosh; Intel Mac OS X 10_13_6) AppleWebKit/537.36 (KHTML, like Gecko) Brave Chrome/85.0.4183.83 Safari/537.36"
20.100.183.137 - - [28/Apr/2026:05:10:42 +0000] "GET /admin/index_upload.php HTTP/1.1" 404 50074 "-" "Mozilla/5.0 (Windows NT 10.0; Win64; x64) AppleWebKit/537.36 (KHTML, like Gecko) Chrome/120.0.0.0 Safari/537.36"
20.100.183.137 - - [28/Apr/2026:05:10:43 +0000] "GET /al.php HTTP/1.1" 404 49956 "-" "Mozilla/5.0 (Windows NT 10.0; Win64; x64) AppleWebKit/537.36 (KHTML, like Gecko) Chrome/120.0.0.0 Safari/537.36"
20.100.183.137 - - [28/Apr/2026:05:10:44 +0000] "GET /alfa-rex.php HTTP/1.1" 404 50269 "-" "Mozilla/5.0 (Windows NT 10.0; Win64; x64) AppleWebKit/537.36 (KHTML, like Gecko) Chrome/120.0.0.0 Safari/537.36"
20.100.183.137 - - [28/Apr/2026:05:10:46 +0000] "GET /alfanew.PHP7 HTTP/1.1" 404 50074 "-" "Mozilla/5.0 (Windows NT 10.0; Win64; x64) AppleWebKit/537.36 (KHTML, like Gecko) Chrome/120.0.0.0 Safari/537.36"
20.100.183.137 - - [28/Apr/2026:05:10:47 +0000] "GET /alfanew.php HTTP/1.1" 404 50161 "-" "Mozilla/5.0 (Windows NT 10.0; Win64; x64) AppleWebKit/537.36 (KHTML, like Gecko) Chrome/120.0.0.0 Safari/537.36"
20.100.183.137 - - [28/Apr/2026:05:10:50 +0000] "GET /auth.php HTTP/1.1" 404 50330 "-" "Mozilla/5.0 (Windows NT 10.0; Win64; x64) AppleWebKit/537.36 (KHTML, like Gecko) Chrome/120.0.0.0 Safari/537.36"
20.100.183.137 - - [28/Apr/2026:05:10:51 +0000] "GET /b.php HTTP/1.1" 404 50263 "-" "Mozilla/5.0 (Windows NT 10.0; Win64; x64) AppleWebKit/537.36 (KHTML, like Gecko) Chrome/120.0.0.0 Safari/537.36"
20.100.183.137 - - [28/Apr/2026:05:10:52 +0000] "GET /b0.php HTTP/1.1" 404 50122 "-" "Mozilla/5.0 (Windows NT 10.0; Win64; x64) AppleWebKit/537.36 (KHTML, like Gecko) Chrome/120.0.0.0 Safari/537.36"
20.100.183.137 - - [28/Apr/2026:05:10:53 +0000] "GET /back.php HTTP/1.1" 404 50238 "-" "Mozilla/5.0 (Windows NT 10.0; Win64; x64) AppleWebKit/537.36 (KHTML, like Gecko) Chrome/120.0.0.0 Safari/537.36"
20.100.183.137 - - [28/Apr/2026:05:10:55 +0000] "GET /bala.php HTTP/1.1" 404 50140 "-" "Mozilla/5.0 (Windows NT 10.0; Win64; x64) AppleWebKit/537.36 (KHTML, like Gecko) Chrome/120.0.0.0 Safari/537.36"
20.100.183.137 - - [28/Apr/2026:05:10:56 +0000] "GET /baxa1.php HTTP/1.1" 404 50004 "-" "Mozilla/5.0 (Windows NT 10.0; Win64; x64) AppleWebKit/537.36 (KHTML, like Gecko) Chrome/120.0.0.0 Safari/537.36"
20.100.183.137 - - [28/Apr/2026:05:10:57 +0000] "GET /buy.php HTTP/1.1" 404 49827 "-" "Mozilla/5.0 (Windows NT 10.0; Win64; x64) AppleWebKit/537.36 (KHTML, like Gecko) Chrome/120.0.0.0 Safari/537.36"
20.100.183.137 - - [28/Apr/2026:05:10:59 +0000] "GET /byp.php HTTP/1.1" 404 49981 "-" "Mozilla/5.0 (Windows NT 10.0; Win64; x64) AppleWebKit/537.36 (KHTML, like Gecko) Chrome/120.0.0.0 Safari/537.36"
20.100.183.137 - - [28/Apr/2026:05:11:00 +0000] "GET /c.php HTTP/1.1" 404 50044 "-" "Mozilla/5.0 (Windows NT 10.0; Win64; x64) AppleWebKit/537.36 (KHTML, like Gecko) Chrome/120.0.0.0 Safari/537.36"
20.100.183.137 - - [28/Apr/2026:05:11:01 +0000] "GET /c99.php? HTTP/1.1" 404 50160 "-" "Mozilla/5.0 (Windows NT 10.0; Win64; x64) AppleWebKit/537.36 (KHTML, like Gecko) Chrome/120.0.0.0 Safari/537.36"
20.100.183.137 - - [28/Apr/2026:05:11:03 +0000] "GET /chosen.php HTTP/1.1" 404 50277 "-" "Mozilla/5.0 (Windows NT 10.0; Win64; x64) AppleWebKit/537.36 (KHTML, like Gecko) Chrome/120.0.0.0 Safari/537.36"
184.94.212.206 - - [28/Apr/2026:05:11:05 +0000] "POST /wp-cron.php?doing_wp_cron=1777353065.2043840885162353515625 HTTP/1.1" 200 - "-" "WordPress/6.9.4; https://cryptocurrencyaccess.com"
20.100.183.137 - - [28/Apr/2026:05:11:04 +0000] "GET /class-wp-lock.php HTTP/1.1" 404 50065 "-" "Mozilla/5.0 (Windows NT 10.0; Win64; x64) AppleWebKit/537.36 (KHTML, like Gecko) Chrome/120.0.0.0 Safari/537.36"
20.100.183.137 - - [28/Apr/2026:05:11:05 +0000] "GET /cong.php HTTP/1.1" 404 49932 "-" "Mozilla/5.0 (Windows NT 10.0; Win64; x64) AppleWebKit/537.36 (KHTML, like Gecko) Chrome/120.0.0.0 Safari/537.36"
20.100.183.137 - - [28/Apr/2026:05:11:07 +0000] "GET /content.php HTTP/1.1" 404 50278 "-" "Mozilla/5.0 (Windows NT 10.0; Win64; x64) AppleWebKit/537.36 (KHTML, like Gecko) Chrome/120.0.0.0 Safari/537.36"
20.100.183.137 - - [28/Apr/2026:05:11:08 +0000] "GET /control.php HTTP/1.1" 404 50078 "-" "Mozilla/5.0 (Windows NT 10.0; Win64; x64) AppleWebKit/537.36 (KHTML, like Gecko) Chrome/120.0.0.0 Safari/537.36"
20.100.183.137 - - [28/Apr/2026:05:11:09 +0000] "GET /cookie.php HTTP/1.1" 404 49993 "-" "Mozilla/5.0 (Windows NT 10.0; Win64; x64) AppleWebKit/537.36 (KHTML, like Gecko) Chrome/120.0.0.0 Safari/537.36"
20.100.183.137 - - [28/Apr/2026:05:11:11 +0000] "GET /credits.php HTTP/1.1" 404 50194 "-" "Mozilla/5.0 (Windows NT 10.0; Win64; x64) AppleWebKit/537.36 (KHTML, like Gecko) Chrome/120.0.0.0 Safari/537.36"
20.100.183.137 - - [28/Apr/2026:05:11:12 +0000] "GET /cron.php HTTP/1.1" 404 49970 "-" "Mozilla/5.0 (Windows NT 10.0; Win64; x64) AppleWebKit/537.36 (KHTML, like Gecko) Chrome/120.0.0.0 Safari/537.36"
20.100.183.137 - - [28/Apr/2026:05:11:13 +0000] "GET /css.php HTTP/1.1" 404 50219 "-" "Mozilla/5.0 (Windows NT 10.0; Win64; x64) AppleWebKit/537.36 (KHTML, like Gecko) Chrome/120.0.0.0 Safari/537.36"
20.100.183.137 - - [28/Apr/2026:05:11:15 +0000] "GET /css/autoload_classmap.php HTTP/1.1" 404 50177 "-" "Mozilla/5.0 (Windows NT 10.0; Win64; x64) AppleWebKit/537.36 (KHTML, like Gecko) Chrome/120.0.0.0 Safari/537.36"
20.100.183.137 - - [28/Apr/2026:05:11:16 +0000] "GET /data.php HTTP/1.1" 404 50098 "-" "Mozilla/5.0 (Windows NT 10.0; Win64; x64) AppleWebKit/537.36 (KHTML, like Gecko) Chrome/120.0.0.0 Safari/537.36"
20.100.183.137 - - [28/Apr/2026:05:11:17 +0000] "GET /disagreed.php HTTP/1.1" 404 50077 "-" "Mozilla/5.0 (Windows NT 10.0; Win64; x64) AppleWebKit/537.36 (KHTML, like Gecko) Chrome/120.0.0.0 Safari/537.36"
20.100.183.137 - - [28/Apr/2026:05:11:19 +0000] "GET /doc.php HTTP/1.1" 404 50063 "-" "Mozilla/5.0 (Windows NT 10.0; Win64; x64) AppleWebKit/537.36 (KHTML, like Gecko) Chrome/120.0.0.0 Safari/537.36"
20.100.183.137 - - [28/Apr/2026:05:11:21 +0000] "GET /dropdown.php HTTP/1.1" 404 50307 "-" "Mozilla/5.0 (Windows NT 10.0; Win64; x64) AppleWebKit/537.36 (KHTML, like Gecko) Chrome/120.0.0.0 Safari/537.36"
20.100.183.137 - - [28/Apr/2026:05:11:22 +0000] "GET /ds.php HTTP/1.1" 404 49970 "-" "Mozilla/5.0 (Windows NT 10.0; Win64; x64) AppleWebKit/537.36 (KHTML, like Gecko) Chrome/120.0.0.0 Safari/537.36"
20.100.183.137 - - [28/Apr/2026:05:11:23 +0000] "GET /ee.php HTTP/1.1" 404 49955 "-" "Mozilla/5.0 (Windows NT 10.0; Win64; x64) AppleWebKit/537.36 (KHTML, like Gecko) Chrome/120.0.0.0 Safari/537.36"
20.100.183.137 - - [28/Apr/2026:05:11:24 +0000] "GET /en.php HTTP/1.1" 404 50150 "-" "Mozilla/5.0 (Windows NT 10.0; Win64; x64) AppleWebKit/537.36 (KHTML, like Gecko) Chrome/120.0.0.0 Safari/537.36"
20.100.183.137 - - [28/Apr/2026:05:11:26 +0000] "GET /error.php HTTP/1.1" 404 50315 "-" "Mozilla/5.0 (Windows NT 10.0; Win64; x64) AppleWebKit/537.36 (KHTML, like Gecko) Chrome/120.0.0.0 Safari/537.36"
20.100.183.137 - - [28/Apr/2026:05:11:27 +0000] "GET /f35.php HTTP/1.1" 404 50193 "-" "Mozilla/5.0 (Windows NT 10.0; Win64; x64) AppleWebKit/537.36 (KHTML, like Gecko) Chrome/120.0.0.0 Safari/537.36"
20.100.183.137 - - [28/Apr/2026:05:11:28 +0000] "GET /favicon.php HTTP/1.1" 404 49859 "-" "Mozilla/5.0 (Windows NT 10.0; Win64; x64) AppleWebKit/537.36 (KHTML, like Gecko) Chrome/120.0.0.0 Safari/537.36"
20.100.183.137 - - [28/Apr/2026:05:11:30 +0000] "GET /feeds.php HTTP/1.1" 404 50031 "-" "Mozilla/5.0 (Windows NT 10.0; Win64; x64) AppleWebKit/537.36 (KHTML, like Gecko) Chrome/120.0.0.0 Safari/537.36"
20.100.183.137 - - [28/Apr/2026:05:11:31 +0000] "GET /files.php HTTP/1.1" 404 50225 "-" "Mozilla/5.0 (Windows NT 10.0; Win64; x64) AppleWebKit/537.36 (KHTML, like Gecko) Chrome/120.0.0.0 Safari/537.36"
