File: //home/primrwxj/logs/cryptocurrencyaccess.primemusicproductions.com-ssl_log.bkup
184.94.212.206 - - [27/Apr/2026:12:08:35 +0000] "POST /wp-cron.php?doing_wp_cron=1777291714.9831449985504150390625 HTTP/1.1" 200 - "-" "WordPress/6.9.4; https://cryptocurrencyaccess.com"
142.44.225.108 - - [27/Apr/2026:12:08:33 +0000] "GET /what-is-cryptocurrency/ HTTP/1.1" 200 67589 "-" "Mozilla/5.0 (compatible; AhrefsBot/7.0; +http://ahrefs.com/robot/)"
184.94.212.206 - - [27/Apr/2026:12:11:15 +0000] "POST /wp-cron.php?doing_wp_cron=1777291875.6530740261077880859375 HTTP/1.1" 200 - "-" "WordPress/6.9.4; https://cryptocurrencyaccess.com"
45.148.10.120 - - [27/Apr/2026:12:11:14 +0000] "GET /.git/config HTTP/1.1" 404 49911 "-" "Mozilla/5.0 (Macintosh; Intel Mac OS X 10_13_3) AppleWebKit/537.36 (KHTML, like Gecko) Chrome/76.0.3809.100 Safari/537.36"
184.94.212.206 - - [27/Apr/2026:12:14:03 +0000] "POST /wp-cron.php?doing_wp_cron=1777292043.4521150588989257812500 HTTP/1.1" 200 - "-" "WordPress/6.9.4; https://cryptocurrencyaccess.com"
54.39.203.35 - - [27/Apr/2026:12:14:01 +0000] "GET /tips-for-making-money-in-the-forex-markets/ HTTP/1.1" 200 65077 "-" "Mozilla/5.0 (compatible; AhrefsBot/7.0; +http://ahrefs.com/robot/)"
184.94.212.206 - - [27/Apr/2026:12:17:30 +0000] "POST /wp-cron.php?doing_wp_cron=1777292250.2111210823059082031250 HTTP/1.1" 200 - "-" "WordPress/6.9.4; https://cryptocurrencyaccess.com"
181.215.65.92 - - [27/Apr/2026:12:17:28 +0000] "POST /wp-login.php HTTP/1.1" 503 18957 "-" "Mozilla/5.0"
184.94.212.206 - - [27/Apr/2026:12:23:09 +0000] "POST /wp-cron.php?doing_wp_cron=1777292589.4481461048126220703125 HTTP/1.1" 200 - "-" "WordPress/6.9.4; https://cryptocurrencyaccess.com"
68.155.146.132 - - [27/Apr/2026:12:23:07 +0000] "GET / HTTP/1.1" 200 64068 "-" "Mozilla/5.0 (Knoppix; Linux i686) AppleWebKit/537.36 (KHTML, like Gecko) Chrome/129.0.0.0 Safari/537.36"
184.94.212.206 - - [27/Apr/2026:12:34:10 +0000] "POST /wp-cron.php?doing_wp_cron=1777293250.3480479717254638671875 HTTP/1.1" 200 - "-" "WordPress/6.9.4; https://cryptocurrencyaccess.com"
85.208.96.201 - - [27/Apr/2026:12:34:08 +0000] "GET /robots.txt HTTP/1.1" 200 134 "-" "Mozilla/5.0 (compatible; SemrushBot/7~bl; +http://www.semrush.com/bot.html)"
185.191.171.12 - - [27/Apr/2026:12:34:11 +0000] "GET /a-brief-history-of-cryptocurrency/ HTTP/1.1" 200 62966 "-" "Mozilla/5.0 (compatible; SemrushBot/7~bl; +http://www.semrush.com/bot.html)"
14.169.70.66 - - [27/Apr/2026:12:34:46 +0000] "GET /tag/foreign-exchange-market/page/3/ HTTP/1.1" 200 60712 "-" "Mozilla/5.0 (Macintosh; Intel Mac OS X 13_6_3) AppleWebKit/537.36 (KHTML, like Gecko) Chrome/131.0.6778.139 Safari/537.36"
184.94.212.206 - - [27/Apr/2026:12:36:40 +0000] "POST /wp-cron.php?doing_wp_cron=1777293400.6461648941040039062500 HTTP/1.1" 200 - "-" "WordPress/6.9.4; https://cryptocurrencyaccess.com"
142.44.220.52 - - [27/Apr/2026:12:36:38 +0000] "GET /more-on-forex-trading-than-you-thought-possible/ HTTP/1.1" 200 64508 "-" "Mozilla/5.0 (compatible; AhrefsBot/7.0; +http://ahrefs.com/robot/)"
54.39.136.3 - - [27/Apr/2026:12:40:14 +0000] "GET /take-some-time-to-learn-about-forex/ HTTP/1.1" 200 64589 "-" "Mozilla/5.0 (compatible; AhrefsBot/7.0; +http://ahrefs.com/robot/)"
184.94.212.206 - - [27/Apr/2026:12:43:12 +0000] "POST /wp-cron.php?doing_wp_cron=1777293792.8462619781494140625000 HTTP/1.1" 200 - "-" "WordPress/6.9.4; https://cryptocurrencyaccess.com"
216.73.217.64 - - [27/Apr/2026:12:43:11 +0000] "GET /robots.txt HTTP/1.1" 200 134 "-" "Mozilla/5.0 AppleWebKit/537.36 (KHTML, like Gecko; compatible; ClaudeBot/1.0; +claudebot@anthropic.com)"
216.73.217.64 - - [27/Apr/2026:12:43:12 +0000] "GET /what-is-cryptocurrency/ HTTP/1.1" 200 67556 "-" "Mozilla/5.0 AppleWebKit/537.36 (KHTML, like Gecko; compatible; ClaudeBot/1.0; +claudebot@anthropic.com)"
15.235.27.148 - - [27/Apr/2026:12:43:58 +0000] "GET /copyright-dcma-notice/ HTTP/1.1" 200 62633 "-" "Mozilla/5.0 (compatible; AhrefsBot/7.0; +http://ahrefs.com/robot/)"
216.73.217.64 - - [27/Apr/2026:12:44:08 +0000] "GET /category/buy-and-sell-crypto/ HTTP/1.1" 200 62610 "-" "Mozilla/5.0 AppleWebKit/537.36 (KHTML, like Gecko; compatible; ClaudeBot/1.0; +claudebot@anthropic.com)"
216.73.217.64 - - [27/Apr/2026:12:44:29 +0000] "GET /buy-bitcoin-online-in-2025-is-now-the-right-time-to-invest/ HTTP/1.1" 200 72109 "-" "Mozilla/5.0 AppleWebKit/537.36 (KHTML, like Gecko; compatible; ClaudeBot/1.0; +claudebot@anthropic.com)"
216.73.217.64 - - [27/Apr/2026:12:45:56 +0000] "GET /start-your-own-cryptocurrency/ HTTP/1.1" 200 68877 "-" "Mozilla/5.0 AppleWebKit/537.36 (KHTML, like Gecko; compatible; ClaudeBot/1.0; +claudebot@anthropic.com)"
184.94.212.206 - - [27/Apr/2026:12:48:19 +0000] "POST /wp-cron.php?doing_wp_cron=1777294099.4170410633087158203125 HTTP/1.1" 200 - "-" "WordPress/6.9.4; https://cryptocurrencyaccess.com"
184.94.212.206 - - [27/Apr/2026:12:48:20 +0000] "POST /wp-cron.php?doing_wp_cron=1777294100.2221269607543945312500 HTTP/1.1" 200 - "-" "WordPress/6.9.4; https://cryptocurrencyaccess.com"
216.73.217.64 - - [27/Apr/2026:12:48:17 +0000] "GET /ethereum/ HTTP/1.1" 200 67929 "-" "Mozilla/5.0 AppleWebKit/537.36 (KHTML, like Gecko; compatible; ClaudeBot/1.0; +claudebot@anthropic.com)"
216.73.217.64 - - [27/Apr/2026:12:48:53 +0000] "GET /copyright-dcma-notice/ HTTP/1.1" 200 62646 "-" "Mozilla/5.0 AppleWebKit/537.36 (KHTML, like Gecko; compatible; ClaudeBot/1.0; +claudebot@anthropic.com)"
104.234.32.25 - - [27/Apr/2026:12:49:24 +0000] "POST /wp-login.php HTTP/1.1" 503 18957 "-" "Mozilla/5.0"
184.94.212.206 - - [27/Apr/2026:12:50:03 +0000] "POST /wp-cron.php?doing_wp_cron=1777294203.6812939643859863281250 HTTP/1.1" 200 - "-" "WordPress/6.9.4; https://cryptocurrencyaccess.com"
216.73.217.64 - - [27/Apr/2026:12:50:01 +0000] "GET /sp-500-market-index/ HTTP/1.1" 200 65553 "-" "Mozilla/5.0 AppleWebKit/537.36 (KHTML, like Gecko; compatible; ClaudeBot/1.0; +claudebot@anthropic.com)"
34.143.174.220 - - [27/Apr/2026:12:50:08 +0000] "GET /wp-content/uploads/2020/02/e-currency.jpg HTTP/1.1" 200 39774 "-" "Mozilla/5.0 (Macintosh; Intel Mac OS X 10_13_1) AppleWebKit/537.36 (KHTML, like Gecko) Chrome/81.0.4404.95 Safari/537.36"
216.73.217.64 - - [27/Apr/2026:12:50:32 +0000] "GET /page/8/ HTTP/1.1" 200 62278 "-" "Mozilla/5.0 AppleWebKit/537.36 (KHTML, like Gecko; compatible; ClaudeBot/1.0; +claudebot@anthropic.com)"
216.73.217.64 - - [27/Apr/2026:12:50:48 +0000] "GET /category/guides/ HTTP/1.1" 200 60430 "-" "Mozilla/5.0 AppleWebKit/537.36 (KHTML, like Gecko; compatible; ClaudeBot/1.0; +claudebot@anthropic.com)"
184.94.212.206 - - [27/Apr/2026:12:51:37 +0000] "POST /wp-cron.php?doing_wp_cron=1777294297.8452270030975341796875 HTTP/1.1" 200 - "-" "WordPress/6.9.4; https://cryptocurrencyaccess.com"
216.73.217.64 - - [27/Apr/2026:12:51:36 +0000] "GET /safest-way-to-buy-cryptocurrency-2025/ HTTP/1.1" 200 68023 "-" "Mozilla/5.0 AppleWebKit/537.36 (KHTML, like Gecko; compatible; ClaudeBot/1.0; +claudebot@anthropic.com)"
66.249.66.165 - - [27/Apr/2026:12:54:17 +0000] "GET /ads.txt HTTP/1.1" 200 58 "-" "Google-adstxt"
82.142.136.111 - - [27/Apr/2026:13:08:14 +0000] "GET /tips-for-making-money-in-the-forex-markets/ HTTP/1.1" 200 65081 "-" "Python/3.10 aiohttp/3.13.5"
85.203.23.153 - - [27/Apr/2026:13:28:05 +0000] "GET / HTTP/1.1" 200 245039 "-" "Go-http-client/1.1"
104.234.32.29 - - [27/Apr/2026:13:28:34 +0000] "POST /wp-login.php HTTP/1.1" 503 18957 "-" "Mozilla/5.0"
184.94.212.206 - - [27/Apr/2026:13:43:17 +0000] "POST /wp-cron.php?doing_wp_cron=1777297397.7634780406951904296875 HTTP/1.1" 200 - "-" "WordPress/6.9.4; https://cryptocurrencyaccess.com"
104.210.140.135 - - [27/Apr/2026:13:43:16 +0000] "GET /robots.txt HTTP/1.1" 200 134 "-" "Mozilla/5.0 (Macintosh; Intel Mac OS X 10_15_7) AppleWebKit/537.36 (KHTML, like Gecko) Chrome/131.0.0.0 Safari/537.36; compatible; OAI-SearchBot/1.0; +https://openai.com/searchbot"
184.94.212.206 - - [27/Apr/2026:13:56:37 +0000] "POST /wp-cron.php?doing_wp_cron=1777298197.2464818954467773437500 HTTP/1.1" 200 - "-" "WordPress/6.9.4; https://cryptocurrencyaccess.com"
14.164.146.143 - - [27/Apr/2026:13:56:35 +0000] "GET /wp-json/oembed/1.0/embed?url=https%3A%2F%2Fcryptocurrencyaccess.com%2Fbuy-bitcoin-online-in-2025-is-now-the-right-time-to-invest%2F HTTP/1.1" 200 1399 "-" "Mozilla/5.0 (Macintosh; Intel Mac OS X 10_13_4) AppleWebKit/537.36 (KHTML, like Gecko) Chrome/80.0.3987.132 Safari/537.36"
173.252.95.114 - - [27/Apr/2026:13:56:55 +0000] "GET /robots.txt HTTP/1.1" 200 181 "-" "facebookexternalhit/1.1 (+http://www.facebook.com/externalhit_uatext.php)"
173.252.95.59 - - [27/Apr/2026:13:56:55 +0000] "GET /robots.txt HTTP/1.1" 200 181 "-" "facebookexternalhit/1.1 (+http://www.facebook.com/externalhit_uatext.php)"
184.94.212.206 - - [27/Apr/2026:14:08:28 +0000] "POST /wp-cron.php?doing_wp_cron=1777298908.9346280097961425781250 HTTP/1.1" 200 - "-" "WordPress/6.9.4; https://cryptocurrencyaccess.com"
142.44.225.162 - - [27/Apr/2026:14:08:27 +0000] "GET /robots.txt HTTP/1.1" 200 134 "-" "Mozilla/5.0 (compatible; AhrefsBot/7.0; +http://ahrefs.com/robot/)"
148.113.130.201 - - [27/Apr/2026:14:08:30 +0000] "GET /need-help-learning-forex-check-out-these-tips/ HTTP/1.1" 200 64194 "-" "Mozilla/5.0 (compatible; AhrefsBot/7.0; +http://ahrefs.com/robot/)"
216.73.217.64 - - [27/Apr/2026:14:09:21 +0000] "GET /robots.txt HTTP/1.1" 200 134 "-" "Mozilla/5.0 AppleWebKit/537.36 (KHTML, like Gecko; compatible; ClaudeBot/1.0; +claudebot@anthropic.com)"
216.73.217.64 - - [27/Apr/2026:14:09:23 +0000] "GET /?p=4284 HTTP/1.1" 301 - "-" "Mozilla/5.0 AppleWebKit/537.36 (KHTML, like Gecko; compatible; ClaudeBot/1.0; +claudebot@anthropic.com)"
216.73.217.64 - - [27/Apr/2026:14:09:24 +0000] "GET /ethereum/ HTTP/1.1" 200 67793 "https://cryptocurrencyaccess.com/?p=4284" "Mozilla/5.0 AppleWebKit/537.36 (KHTML, like Gecko; compatible; ClaudeBot/1.0; +claudebot@anthropic.com)"
181.215.65.85 - - [27/Apr/2026:14:09:27 +0000] "POST /wp-login.php HTTP/1.1" 503 18957 "-" "Mozilla/5.0"
216.73.217.64 - - [27/Apr/2026:14:09:53 +0000] "GET /about/ HTTP/1.1" 200 60621 "-" "Mozilla/5.0 AppleWebKit/537.36 (KHTML, like Gecko; compatible; ClaudeBot/1.0; +claudebot@anthropic.com)"
184.94.212.206 - - [27/Apr/2026:14:10:36 +0000] "POST /wp-cron.php?doing_wp_cron=1777299036.5879590511322021484375 HTTP/1.1" 200 - "-" "WordPress/6.9.4; https://cryptocurrencyaccess.com"
44.223.116.149 - - [27/Apr/2026:14:10:34 +0000] "GET /foreign-exchange-market-success-stories-and-pitfalls-to-avoid/ HTTP/1.1" 200 64770 "-" "Mozilla/5.0 AppleWebKit/537.36 (KHTML, like Gecko; compatible; Amazonbot/0.1; +https://developer.amazon.com/support/amazonbot) Chrome/119.0.6045.214 Safari/537.36"
216.73.217.64 - - [27/Apr/2026:14:10:54 +0000] "GET /safest-way-to-buy-cryptocurrency-2025/feed/ HTTP/1.1" 200 469 "-" "Mozilla/5.0 AppleWebKit/537.36 (KHTML, like Gecko; compatible; ClaudeBot/1.0; +claudebot@anthropic.com)"
184.94.212.206 - - [27/Apr/2026:14:12:24 +0000] "POST /wp-cron.php?doing_wp_cron=1777299144.9599230289459228515625 HTTP/1.1" 200 - "-" "WordPress/6.9.4; https://cryptocurrencyaccess.com"
216.73.217.64 - - [27/Apr/2026:14:12:23 +0000] "GET /start-your-own-cryptocurrency/feed/ HTTP/1.1" 200 451 "-" "Mozilla/5.0 AppleWebKit/537.36 (KHTML, like Gecko; compatible; ClaudeBot/1.0; +claudebot@anthropic.com)"
216.73.217.64 - - [27/Apr/2026:14:13:16 +0000] "GET /the-various-types-of-cryptocurrency/ HTTP/1.1" 200 65707 "-" "Mozilla/5.0 AppleWebKit/537.36 (KHTML, like Gecko; compatible; ClaudeBot/1.0; +claudebot@anthropic.com)"
216.73.217.64 - - [27/Apr/2026:14:13:18 +0000] "GET /ethereum/feed/ HTTP/1.1" 200 469 "-" "Mozilla/5.0 AppleWebKit/537.36 (KHTML, like Gecko; compatible; ClaudeBot/1.0; +claudebot@anthropic.com)"
216.73.217.64 - - [27/Apr/2026:14:13:19 +0000] "GET /ethereum/ HTTP/1.1" 200 67992 "-" "Mozilla/5.0 AppleWebKit/537.36 (KHTML, like Gecko; compatible; ClaudeBot/1.0; +claudebot@anthropic.com)"
216.73.217.64 - - [27/Apr/2026:14:13:47 +0000] "GET /buy-bitcoin-online-in-2025-is-now-the-right-time-to-invest/feed/ HTTP/1.1" 200 507 "-" "Mozilla/5.0 AppleWebKit/537.36 (KHTML, like Gecko; compatible; ClaudeBot/1.0; +claudebot@anthropic.com)"
216.73.217.64 - - [27/Apr/2026:14:13:48 +0000] "GET /avoid-the-pitfalls-of-the-foreign-exchange-market-by-following-these-tips/ HTTP/1.1" 200 65130 "-" "Mozilla/5.0 AppleWebKit/537.36 (KHTML, like Gecko; compatible; ClaudeBot/1.0; +claudebot@anthropic.com)"
216.73.217.64 - - [27/Apr/2026:14:14:23 +0000] "GET /what-is-cryptocurrency/feed/ HTTP/1.1" 200 447 "-" "Mozilla/5.0 AppleWebKit/537.36 (KHTML, like Gecko; compatible; ClaudeBot/1.0; +claudebot@anthropic.com)"
216.73.217.64 - - [27/Apr/2026:14:14:34 +0000] "GET /sp-500-market-index/feed/ HTTP/1.1" 200 443 "-" "Mozilla/5.0 AppleWebKit/537.36 (KHTML, like Gecko; compatible; ClaudeBot/1.0; +claudebot@anthropic.com)"
216.73.217.64 - - [27/Apr/2026:14:15:10 +0000] "GET /?p=4358 HTTP/1.1" 301 - "-" "Mozilla/5.0 AppleWebKit/537.36 (KHTML, like Gecko; compatible; ClaudeBot/1.0; +claudebot@anthropic.com)"
216.73.217.64 - - [27/Apr/2026:14:15:11 +0000] "GET /safest-way-to-buy-cryptocurrency-2025/ HTTP/1.1" 200 68174 "https://cryptocurrencyaccess.com/?p=4358" "Mozilla/5.0 AppleWebKit/537.36 (KHTML, like Gecko; compatible; ClaudeBot/1.0; +claudebot@anthropic.com)"
216.73.217.64 - - [27/Apr/2026:14:16:07 +0000] "GET /copyright-dcma-notice/ HTTP/1.1" 200 62585 "-" "Mozilla/5.0 AppleWebKit/537.36 (KHTML, like Gecko; compatible; ClaudeBot/1.0; +claudebot@anthropic.com)"
216.73.217.64 - - [27/Apr/2026:14:16:39 +0000] "GET /a-brief-history-of-cryptocurrency/ HTTP/1.1" 200 63121 "-" "Mozilla/5.0 AppleWebKit/537.36 (KHTML, like Gecko; compatible; ClaudeBot/1.0; +claudebot@anthropic.com)"
216.73.217.64 - - [27/Apr/2026:14:16:40 +0000] "GET /category/buy-and-sell-crypto/feed/ HTTP/1.1" 200 16815 "-" "Mozilla/5.0 AppleWebKit/537.36 (KHTML, like Gecko; compatible; ClaudeBot/1.0; +claudebot@anthropic.com)"
216.73.217.64 - - [27/Apr/2026:14:17:36 +0000] "GET /?p=286 HTTP/1.1" 301 - "-" "Mozilla/5.0 AppleWebKit/537.36 (KHTML, like Gecko; compatible; ClaudeBot/1.0; +claudebot@anthropic.com)"
216.73.217.64 - - [27/Apr/2026:14:17:38 +0000] "GET /sp-500-market-index/ HTTP/1.1" 200 65726 "https://cryptocurrencyaccess.com/?p=286" "Mozilla/5.0 AppleWebKit/537.36 (KHTML, like Gecko; compatible; ClaudeBot/1.0; +claudebot@anthropic.com)"
184.94.212.206 - - [27/Apr/2026:14:17:54 +0000] "POST /wp-cron.php?doing_wp_cron=1777299474.2429668903350830078125 HTTP/1.1" 200 - "-" "WordPress/6.9.4; https://cryptocurrencyaccess.com"
216.73.217.64 - - [27/Apr/2026:14:17:53 +0000] "GET /category/guides/feed/ HTTP/1.1" 200 3843 "-" "Mozilla/5.0 AppleWebKit/537.36 (KHTML, like Gecko; compatible; ClaudeBot/1.0; +claudebot@anthropic.com)"
123.23.57.236 - - [27/Apr/2026:14:21:45 +0000] "GET /wp-json/wp/v2/posts/4294 HTTP/1.1" 200 6443 "-" "Mozilla/5.0 (Windows NT 6.1) AppleWebKit/537.36 (KHTML, like Gecko) Chrome/90.0.4430.93 Safari/537.36"
167.114.139.156 - - [27/Apr/2026:14:39:46 +0000] "GET /advice-for-trading-in-the-foreign-exchange-market/ HTTP/1.1" 200 64222 "-" "Mozilla/5.0 (compatible; AhrefsBot/7.0; +http://ahrefs.com/robot/)"
184.94.212.206 - - [27/Apr/2026:14:43:02 +0000] "POST /wp-cron.php?doing_wp_cron=1777300982.4506289958953857421875 HTTP/1.1" 200 - "-" "WordPress/6.9.4; https://cryptocurrencyaccess.com"
104.234.32.28 - - [27/Apr/2026:14:43:00 +0000] "POST /wp-login.php HTTP/1.1" 503 18957 "-" "Mozilla/5.0"
184.94.212.206 - - [27/Apr/2026:14:48:07 +0000] "POST /wp-cron.php?doing_wp_cron=1777301287.9732339382171630859375 HTTP/1.1" 200 - "-" "WordPress/6.9.4; https://cryptocurrencyaccess.com"
200.106.186.53 - - [27/Apr/2026:14:48:06 +0000] "GET /tag/cryptocurrency-history/ HTTP/1.1" 200 60106 "-" "Mozilla/5.0 (Macintosh; Intel Mac OS X 14_6_0) AppleWebKit/537.36 (KHTML, like Gecko) Chrome/132.0.6834.160 Safari/537.36"
184.94.212.206 - - [27/Apr/2026:14:48:08 +0000] "POST /wp-admin/admin-ajax.php?action=wordfence_testAjax HTTP/1.1" 200 32 "-" "WordPress/6.9.4; https://cryptocurrencyaccess.com"
184.94.212.206 - - [27/Apr/2026:14:48:09 +0000] "GET /wp-admin/admin-ajax.php?action=wordfence_doScan&isFork=0&scanMode=quick&cronKey=cf11b5d0c37ffab9c944ef99ee187da3&signature=b90549e749fa2363b6d5b9063dfed34f7a37e4340e4cfa3e4534108350df3086 HTTP/1.1" 200 - "-" "WordPress/6.9.4; https://cryptocurrencyaccess.com"
184.94.212.206 - - [27/Apr/2026:14:51:12 +0000] "POST /wp-cron.php?doing_wp_cron=1777301472.7669889926910400390625 HTTP/1.1" 200 - "-" "WordPress/6.9.4; https://cryptocurrencyaccess.com"
114.119.147.233 - - [27/Apr/2026:14:51:11 +0000] "GET /robots.txt HTTP/1.1" 200 134 "-" "Mozilla/5.0 (compatible;PetalBot;+https://webmaster.petalsearch.com/site/petalbot)"
184.94.212.206 - - [27/Apr/2026:14:56:58 +0000] "POST /wp-cron.php?doing_wp_cron=1777301818.5741798877716064453125 HTTP/1.1" 200 - "-" "WordPress/6.9.4; https://cryptocurrencyaccess.com"
184.94.212.206 - - [27/Apr/2026:14:56:58 +0000] "POST /wp-cron.php?doing_wp_cron=1777301818.7721080780029296875000 HTTP/1.1" 200 - "-" "WordPress/6.9.4; https://cryptocurrencyaccess.com"
4.217.194.63 - - [27/Apr/2026:14:56:57 +0000] "GET /themes/zMousse/otuz1.php HTTP/1.1" 404 50689 "-" "Mozilla/5.0 (Windows NT 10.0; Win64; x64) AppleWebKit/537.36 (KHTML, like Gecko) Chrome/120.0.0.0 Safari/537.36"
4.217.194.63 - - [27/Apr/2026:14:56:59 +0000] "GET /upload2/10-27-24_8:26_1.php HTTP/1.1" 404 50051 "-" "Mozilla/5.0 (Windows NT 10.0; Win64; x64) AppleWebKit/537.36 (KHTML, like Gecko) Chrome/120.0.0.0 Safari/537.36"
4.217.194.63 - - [27/Apr/2026:14:57:00 +0000] "GET /user.php HTTP/1.1" 404 50177 "-" "Mozilla/5.0 (Windows NT 10.0; Win64; x64) AppleWebKit/537.36 (KHTML, like Gecko) Chrome/120.0.0.0 Safari/537.36"
4.217.194.63 - - [27/Apr/2026:14:57:02 +0000] "GET /version.php HTTP/1.1" 404 49935 "-" "Mozilla/5.0 (Windows NT 10.0; Win64; x64) AppleWebKit/537.36 (KHTML, like Gecko) Chrome/120.0.0.0 Safari/537.36"
4.217.194.63 - - [27/Apr/2026:14:57:03 +0000] "GET /wander.php HTTP/1.1" 404 50261 "-" "Mozilla/5.0 (Windows NT 10.0; Win64; x64) AppleWebKit/537.36 (KHTML, like Gecko) Chrome/120.0.0.0 Safari/537.36"
4.217.194.63 - - [27/Apr/2026:14:57:05 +0000] "GET /webadmin.php HTTP/1.1" 404 49836 "-" "Mozilla/5.0 (Windows NT 10.0; Win64; x64) AppleWebKit/537.36 (KHTML, like Gecko) Chrome/120.0.0.0 Safari/537.36"
4.217.194.63 - - [27/Apr/2026:14:57:06 +0000] "GET /wp-2019.php HTTP/1.1" 404 50039 "-" "Mozilla/5.0 (Windows NT 10.0; Win64; x64) AppleWebKit/537.36 (KHTML, like Gecko) Chrome/120.0.0.0 Safari/537.36"
4.217.194.63 - - [27/Apr/2026:14:57:07 +0000] "GET /wp-add.php HTTP/1.1" 404 50076 "-" "Mozilla/5.0 (Windows NT 10.0; Win64; x64) AppleWebKit/537.36 (KHTML, like Gecko) Chrome/120.0.0.0 Safari/537.36"
4.217.194.63 - - [27/Apr/2026:14:57:09 +0000] "GET /wp-admin/autoload_classmap.php HTTP/1.1" 404 50196 "-" "Mozilla/5.0 (Windows NT 10.0; Win64; x64) AppleWebKit/537.36 (KHTML, like Gecko) Chrome/120.0.0.0 Safari/537.36"
4.217.194.63 - - [27/Apr/2026:14:57:10 +0000] "GET /wp-admin/classwithtostring.php HTTP/1.1" 404 49958 "-" "Mozilla/5.0 (Windows NT 10.0; Win64; x64) AppleWebKit/537.36 (KHTML, like Gecko) Chrome/120.0.0.0 Safari/537.36"
4.217.194.63 - - [27/Apr/2026:14:57:11 +0000] "GET /wp-admin/css/colors/index.php HTTP/1.1" 301 - "-" "Mozilla/5.0 (Windows NT 10.0; Win64; x64) AppleWebKit/537.36 (KHTML, like Gecko) Chrome/120.0.0.0 Safari/537.36"
4.217.194.63 - - [27/Apr/2026:14:57:12 +0000] "GET /wp-admin/css/index.php HTTP/1.1" 301 - "-" "Mozilla/5.0 (Windows NT 10.0; Win64; x64) AppleWebKit/537.36 (KHTML, like Gecko) Chrome/120.0.0.0 Safari/537.36"
4.217.194.63 - - [27/Apr/2026:14:57:13 +0000] "GET /wp-admin/css/wp-login.php HTTP/1.1" 404 50630 "-" "Mozilla/5.0 (Windows NT 10.0; Win64; x64) AppleWebKit/537.36 (KHTML, like Gecko) Chrome/120.0.0.0 Safari/537.36"
4.217.194.63 - - [27/Apr/2026:14:57:14 +0000] "GET /wp-admin/file.php HTTP/1.1" 404 49738 "-" "Mozilla/5.0 (Windows NT 10.0; Win64; x64) AppleWebKit/537.36 (KHTML, like Gecko) Chrome/120.0.0.0 Safari/537.36"
4.217.194.63 - - [27/Apr/2026:14:57:16 +0000] "GET /wp-admin/images/Mhbgf.php HTTP/1.1" 404 50489 "-" "Mozilla/5.0 (Windows NT 10.0; Win64; x64) AppleWebKit/537.36 (KHTML, like Gecko) Chrome/120.0.0.0 Safari/537.36"
4.217.194.63 - - [27/Apr/2026:14:57:17 +0000] "GET /wp-admin/images/about.php HTTP/1.1" 404 50615 "-" "Mozilla/5.0 (Windows NT 10.0; Win64; x64) AppleWebKit/537.36 (KHTML, like Gecko) Chrome/120.0.0.0 Safari/537.36"
4.217.194.63 - - [27/Apr/2026:14:57:18 +0000] "GET /wp-admin/images/autoload_classmap.php HTTP/1.1" 404 50278 "-" "Mozilla/5.0 (Windows NT 10.0; Win64; x64) AppleWebKit/537.36 (KHTML, like Gecko) Chrome/120.0.0.0 Safari/537.36"
4.217.194.63 - - [27/Apr/2026:14:57:19 +0000] "GET /wp-admin/images/index.php HTTP/1.1" 301 - "-" "Mozilla/5.0 (Windows NT 10.0; Win64; x64) AppleWebKit/537.36 (KHTML, like Gecko) Chrome/120.0.0.0 Safari/537.36"
4.217.194.63 - - [27/Apr/2026:14:57:20 +0000] "GET /wp-admin/images/install.php HTTP/1.1" 404 50532 "-" "Mozilla/5.0 (Windows NT 10.0; Win64; x64) AppleWebKit/537.36 (KHTML, like Gecko) Chrome/120.0.0.0 Safari/537.36"
4.217.194.63 - - [27/Apr/2026:14:57:22 +0000] "GET /wp-admin/includes/flower.php HTTP/1.1" 404 50741 "-" "Mozilla/5.0 (Windows NT 10.0; Win64; x64) AppleWebKit/537.36 (KHTML, like Gecko) Chrome/120.0.0.0 Safari/537.36"
4.217.194.63 - - [27/Apr/2026:14:57:23 +0000] "GET /wp-admin/js/about.php HTTP/1.1" 404 50609 "-" "Mozilla/5.0 (Windows NT 10.0; Win64; x64) AppleWebKit/537.36 (KHTML, like Gecko) Chrome/120.0.0.0 Safari/537.36"
4.217.194.63 - - [27/Apr/2026:14:57:24 +0000] "GET /wp-admin/js/autoload_classmap.php HTTP/1.1" 404 50710 "-" "Mozilla/5.0 (Windows NT 10.0; Win64; x64) AppleWebKit/537.36 (KHTML, like Gecko) Chrome/120.0.0.0 Safari/537.36"
4.217.194.63 - - [27/Apr/2026:14:57:25 +0000] "GET /wp-admin/js/flower.php HTTP/1.1" 404 50626 "-" "Mozilla/5.0 (Windows NT 10.0; Win64; x64) AppleWebKit/537.36 (KHTML, like Gecko) Chrome/120.0.0.0 Safari/537.36"
4.217.194.63 - - [27/Apr/2026:14:57:27 +0000] "GET /wp-admin/js/index.php HTTP/1.1" 301 - "-" "Mozilla/5.0 (Windows NT 10.0; Win64; x64) AppleWebKit/537.36 (KHTML, like Gecko) Chrome/120.0.0.0 Safari/537.36"
4.217.194.63 - - [27/Apr/2026:14:57:28 +0000] "GET /wp-admin/js/widgets/xleet.php HTTP/1.1" 404 50588 "-" "Mozilla/5.0 (Windows NT 10.0; Win64; x64) AppleWebKit/537.36 (KHTML, like Gecko) Chrome/120.0.0.0 Safari/537.36"
4.217.194.63 - - [27/Apr/2026:14:57:29 +0000] "GET /wp-admin/maint/flower.php HTTP/1.1" 404 50701 "-" "Mozilla/5.0 (Windows NT 10.0; Win64; x64) AppleWebKit/537.36 (KHTML, like Gecko) Chrome/120.0.0.0 Safari/537.36"
4.217.194.63 - - [27/Apr/2026:14:57:30 +0000] "GET /wp-admin/maint/wp-login.php HTTP/1.1" 404 50690 "-" "Mozilla/5.0 (Windows NT 10.0; Win64; x64) AppleWebKit/537.36 (KHTML, like Gecko) Chrome/120.0.0.0 Safari/537.36"
4.217.194.63 - - [27/Apr/2026:14:57:32 +0000] "GET /wp-admin/network/about.php HTTP/1.1" 302 - "-" "Mozilla/5.0 (Windows NT 10.0; Win64; x64) AppleWebKit/537.36 (KHTML, like Gecko) Chrome/120.0.0.0 Safari/537.36"
4.217.194.63 - - [27/Apr/2026:14:57:33 +0000] "GET /wp-admin/network/xleet.php HTTP/1.1" 404 50838 "-" "Mozilla/5.0 (Windows NT 10.0; Win64; x64) AppleWebKit/537.36 (KHTML, like Gecko) Chrome/120.0.0.0 Safari/537.36"
4.217.194.63 - - [27/Apr/2026:14:57:34 +0000] "GET /wp-admin/user/autoload_classmap.php HTTP/1.1" 404 50718 "-" "Mozilla/5.0 (Windows NT 10.0; Win64; x64) AppleWebKit/537.36 (KHTML, like Gecko) Chrome/120.0.0.0 Safari/537.36"
4.217.194.63 - - [27/Apr/2026:14:57:35 +0000] "GET /wp-config-sample.php HTTP/1.1" 404 50282 "-" "Mozilla/5.0 (Windows NT 10.0; Win64; x64) AppleWebKit/537.36 (KHTML, like Gecko) Chrome/120.0.0.0 Safari/537.36"
4.217.194.63 - - [27/Apr/2026:14:57:37 +0000] "GET /wp-configs.php HTTP/1.1" 404 50076 "-" "Mozilla/5.0 (Windows NT 10.0; Win64; x64) AppleWebKit/537.36 (KHTML, like Gecko) Chrome/120.0.0.0 Safari/537.36"
4.217.194.63 - - [27/Apr/2026:14:57:38 +0000] "GET /wp-conflg.php HTTP/1.1" 404 49926 "-" "Mozilla/5.0 (Windows NT 10.0; Win64; x64) AppleWebKit/537.36 (KHTML, like Gecko) Chrome/120.0.0.0 Safari/537.36"
4.217.194.63 - - [27/Apr/2026:14:57:39 +0000] "GET /wp-content/1.php HTTP/1.1" 404 49852 "-" "Mozilla/5.0 (Windows NT 10.0; Win64; x64) AppleWebKit/537.36 (KHTML, like Gecko) Chrome/120.0.0.0 Safari/537.36"
4.217.194.63 - - [27/Apr/2026:14:57:40 +0000] "GET /wp-content/about.php HTTP/1.1" 404 50030 "-" "Mozilla/5.0 (Windows NT 10.0; Win64; x64) AppleWebKit/537.36 (KHTML, like Gecko) Chrome/120.0.0.0 Safari/537.36"
4.217.194.63 - - [27/Apr/2026:14:57:42 +0000] "GET /wp-content/autoload_classmap.php HTTP/1.1" 404 50102 "-" "Mozilla/5.0 (Windows NT 10.0; Win64; x64) AppleWebKit/537.36 (KHTML, like Gecko) Chrome/120.0.0.0 Safari/537.36"
4.217.194.63 - - [27/Apr/2026:14:57:43 +0000] "GET /wp-content/berlin.php HTTP/1.1" 404 49949 "-" "Mozilla/5.0 (Windows NT 10.0; Win64; x64) AppleWebKit/537.36 (KHTML, like Gecko) Chrome/120.0.0.0 Safari/537.36"
4.217.194.63 - - [27/Apr/2026:14:57:44 +0000] "GET /wp-content/classwithtostring.php HTTP/1.1" 404 50052 "-" "Mozilla/5.0 (Windows NT 10.0; Win64; x64) AppleWebKit/537.36 (KHTML, like Gecko) Chrome/120.0.0.0 Safari/537.36"
4.217.194.63 - - [27/Apr/2026:14:57:45 +0000] "GET /wp-content/install.php HTTP/1.1" 404 50347 "-" "Mozilla/5.0 (Windows NT 10.0; Win64; x64) AppleWebKit/537.36 (KHTML, like Gecko) Chrome/120.0.0.0 Safari/537.36"
4.217.194.63 - - [27/Apr/2026:14:57:47 +0000] "GET /wp-content/json.php HTTP/1.1" 404 50198 "-" "Mozilla/5.0 (Windows NT 10.0; Win64; x64) AppleWebKit/537.36 (KHTML, like Gecko) Chrome/120.0.0.0 Safari/537.36"
4.217.194.63 - - [27/Apr/2026:14:57:48 +0000] "GET /wp-content/languages/index.php HTTP/1.1" 301 - "-" "Mozilla/5.0 (Windows NT 10.0; Win64; x64) AppleWebKit/537.36 (KHTML, like Gecko) Chrome/120.0.0.0 Safari/537.36"
4.217.194.63 - - [27/Apr/2026:14:57:49 +0000] "GET /wp-content/mah.php HTTP/1.1" 404 50209 "-" "Mozilla/5.0 (Windows NT 10.0; Win64; x64) AppleWebKit/537.36 (KHTML, like Gecko) Chrome/120.0.0.0 Safari/537.36"
4.217.194.63 - - [27/Apr/2026:14:57:50 +0000] "GET /wp-content/plugins/Core-Econ/1.php HTTP/1.1" 404 50563 "-" "Mozilla/5.0 (Windows NT 10.0; Win64; x64) AppleWebKit/537.36 (KHTML, like Gecko) Chrome/120.0.0.0 Safari/537.36"
4.217.194.63 - - [27/Apr/2026:14:57:51 +0000] "GET /wp-content/plugins/Duplicatepost/src/ui/sidwso.php HTTP/1.1" 404 50774 "-" "Mozilla/5.0 (Windows NT 10.0; Win64; x64) AppleWebKit/537.36 (KHTML, like Gecko) Chrome/120.0.0.0 Safari/537.36"
4.217.194.63 - - [27/Apr/2026:14:57:53 +0000] "GET /wp-content/plugins/TOPXOH/wDR.php HTTP/1.1" 404 50371 "-" "Mozilla/5.0 (Windows NT 10.0; Win64; x64) AppleWebKit/537.36 (KHTML, like Gecko) Chrome/120.0.0.0 Safari/537.36"
4.217.194.63 - - [27/Apr/2026:14:57:54 +0000] "GET /wp-content/plugins/WordPressCore/include.php HTTP/1.1" 404 50659 "-" "Mozilla/5.0 (Windows NT 10.0; Win64; x64) AppleWebKit/537.36 (KHTML, like Gecko) Chrome/120.0.0.0 Safari/537.36"
4.217.194.63 - - [27/Apr/2026:14:57:55 +0000] "GET /wp-content/plugins/about.php HTTP/1.1" 404 50444 "-" "Mozilla/5.0 (Windows NT 10.0; Win64; x64) AppleWebKit/537.36 (KHTML, like Gecko) Chrome/120.0.0.0 Safari/537.36"
4.217.194.63 - - [27/Apr/2026:14:57:56 +0000] "GET /wp-content/plugins/autoload_classmap.php HTTP/1.1" 404 50656 "-" "Mozilla/5.0 (Windows NT 10.0; Win64; x64) AppleWebKit/537.36 (KHTML, like Gecko) Chrome/120.0.0.0 Safari/537.36"
4.217.194.63 - - [27/Apr/2026:14:57:58 +0000] "GET /wp-content/plugins/core-plugin/include.php HTTP/1.1" 404 50532 "-" "Mozilla/5.0 (Windows NT 10.0; Win64; x64) AppleWebKit/537.36 (KHTML, like Gecko) Chrome/120.0.0.0 Safari/537.36"
4.217.194.63 - - [27/Apr/2026:14:57:59 +0000] "GET /wp-content/plugins/dummyyummy/wp-signup.php HTTP/1.1" 404 50432 "-" "Mozilla/5.0 (Windows NT 10.0; Win64; x64) AppleWebKit/537.36 (KHTML, like Gecko) Chrome/120.0.0.0 Safari/537.36"
4.217.194.63 - - [27/Apr/2026:14:58:00 +0000] "GET /wp-content/plugins/erinyani/baxa1.php HTTP/1.1" 404 50686 "-" "Mozilla/5.0 (Windows NT 10.0; Win64; x64) AppleWebKit/537.36 (KHTML, like Gecko) Chrome/120.0.0.0 Safari/537.36"
4.217.194.63 - - [27/Apr/2026:14:58:02 +0000] "GET /wp-content/plugins/linkpreview/index.php HTTP/1.1" 301 - "-" "Mozilla/5.0 (Windows NT 10.0; Win64; x64) AppleWebKit/537.36 (KHTML, like Gecko) Chrome/120.0.0.0 Safari/537.36"
4.217.194.63 - - [27/Apr/2026:14:58:03 +0000] "GET /wp-content/plugins/pwnd/1.php HTTP/1.1" 404 50444 "-" "Mozilla/5.0 (Windows NT 10.0; Win64; x64) AppleWebKit/537.36 (KHTML, like Gecko) Chrome/120.0.0.0 Safari/537.36"
4.217.194.63 - - [27/Apr/2026:14:58:04 +0000] "GET /wp-content/plugins/sid/sidwso.php HTTP/1.1" 404 50619 "-" "Mozilla/5.0 (Windows NT 10.0; Win64; x64) AppleWebKit/537.36 (KHTML, like Gecko) Chrome/120.0.0.0 Safari/537.36"
4.217.194.63 - - [27/Apr/2026:14:58:06 +0000] "GET /wp-content/plugins/sphinx/randkeyword.php HTTP/1.1" 404 50456 "-" "Mozilla/5.0 (Windows NT 10.0; Win64; x64) AppleWebKit/537.36 (KHTML, like Gecko) Chrome/120.0.0.0 Safari/537.36"
4.217.194.63 - - [27/Apr/2026:14:58:07 +0000] "GET /wp-content/plugins/ubh/1.php HTTP/1.1" 404 50525 "-" "Mozilla/5.0 (Windows NT 10.0; Win64; x64) AppleWebKit/537.36 (KHTML, like Gecko) Chrome/120.0.0.0 Safari/537.36"
4.217.194.63 - - [27/Apr/2026:14:58:08 +0000] "GET /wp-content/themes/autoload_classmap.php HTTP/1.1" 404 50621 "-" "Mozilla/5.0 (Windows NT 10.0; Win64; x64) AppleWebKit/537.36 (KHTML, like Gecko) Chrome/120.0.0.0 Safari/537.36"
4.217.194.63 - - [27/Apr/2026:14:58:11 +0000] "GET /wp-content/themes/digital-download/new.php HTTP/1.1" 404 50757 "-" "Mozilla/5.0 (Windows NT 10.0; Win64; x64) AppleWebKit/537.36 (KHTML, like Gecko) Chrome/120.0.0.0 Safari/537.36"
4.217.194.63 - - [27/Apr/2026:14:58:13 +0000] "GET /wp-content/themes/pridmag/1.php HTTP/1.1" 404 50568 "-" "Mozilla/5.0 (Windows NT 10.0; Win64; x64) AppleWebKit/537.36 (KHTML, like Gecko) Chrome/120.0.0.0 Safari/537.36"
4.217.194.63 - - [27/Apr/2026:14:58:14 +0000] "GET /wp-content/themes/seotheme/mar.php HTTP/1.1" 404 50514 "-" "Mozilla/5.0 (Windows NT 10.0; Win64; x64) AppleWebKit/537.36 (KHTML, like Gecko) Chrome/120.0.0.0 Safari/537.36"
4.217.194.63 - - [27/Apr/2026:14:58:15 +0000] "GET /wp-content/upgrade/about.php HTTP/1.1" 404 50666 "-" "Mozilla/5.0 (Windows NT 10.0; Win64; x64) AppleWebKit/537.36 (KHTML, like Gecko) Chrome/120.0.0.0 Safari/537.36"
4.217.194.63 - - [27/Apr/2026:14:58:17 +0000] "GET /wp-content/upgrade/autoload_classmap.php HTTP/1.1" 404 50351 "-" "Mozilla/5.0 (Windows NT 10.0; Win64; x64) AppleWebKit/537.36 (KHTML, like Gecko) Chrome/120.0.0.0 Safari/537.36"
4.217.194.63 - - [27/Apr/2026:14:58:18 +0000] "GET /wp-content/uploads/chosen.php HTTP/1.1" 404 50644 "-" "Mozilla/5.0 (Windows NT 10.0; Win64; x64) AppleWebKit/537.36 (KHTML, like Gecko) Chrome/120.0.0.0 Safari/537.36"
4.217.194.63 - - [27/Apr/2026:14:58:20 +0000] "GET /wp-content/x/index.php HTTP/1.1" 301 - "-" "Mozilla/5.0 (Windows NT 10.0; Win64; x64) AppleWebKit/537.36 (KHTML, like Gecko) Chrome/120.0.0.0 Safari/537.36"
4.217.194.63 - - [27/Apr/2026:14:58:21 +0000] "GET /wp-includes/ID3/autoload_classmap.php HTTP/1.1" 404 50863 "-" "Mozilla/5.0 (Windows NT 10.0; Win64; x64) AppleWebKit/537.36 (KHTML, like Gecko) Chrome/120.0.0.0 Safari/537.36"
4.217.194.63 - - [27/Apr/2026:14:58:22 +0000] "GET /wp-includes/ID3/berlin.php HTTP/1.1" 404 50381 "-" "Mozilla/5.0 (Windows NT 10.0; Win64; x64) AppleWebKit/537.36 (KHTML, like Gecko) Chrome/120.0.0.0 Safari/537.36"
4.217.194.63 - - [27/Apr/2026:14:58:23 +0000] "GET /wp-includes/ID3/index.php HTTP/1.1" 301 - "-" "Mozilla/5.0 (Windows NT 10.0; Win64; x64) AppleWebKit/537.36 (KHTML, like Gecko) Chrome/120.0.0.0 Safari/537.36"
4.217.194.63 - - [27/Apr/2026:14:58:24 +0000] "GET /wp-includes/IXR/autoload_classmap.php HTTP/1.1" 404 50677 "-" "Mozilla/5.0 (Windows NT 10.0; Win64; x64) AppleWebKit/537.36 (KHTML, like Gecko) Chrome/120.0.0.0 Safari/537.36"
4.217.194.63 - - [27/Apr/2026:14:58:25 +0000] "GET /wp-includes/PHPMailer/autoload_classmap.php HTTP/1.1" 404 50613 "-" "Mozilla/5.0 (Windows NT 10.0; Win64; x64) AppleWebKit/537.36 (KHTML, like Gecko) Chrome/120.0.0.0 Safari/537.36"
4.217.194.63 - - [27/Apr/2026:14:58:26 +0000] "GET /wp-includes/SimplePie/autoload_classmap.php HTTP/1.1" 404 50588 "-" "Mozilla/5.0 (Windows NT 10.0; Win64; x64) AppleWebKit/537.36 (KHTML, like Gecko) Chrome/120.0.0.0 Safari/537.36"
4.217.194.63 - - [27/Apr/2026:14:58:28 +0000] "GET /wp-includes/Text/autoload_classmap.php HTTP/1.1" 404 50773 "-" "Mozilla/5.0 (Windows NT 10.0; Win64; x64) AppleWebKit/537.36 (KHTML, like Gecko) Chrome/120.0.0.0 Safari/537.36"
4.217.194.63 - - [27/Apr/2026:14:58:29 +0000] "GET /wp-includes/Text/autoload_classmap.php HTTP/1.1" 404 50591 "-" "Mozilla/5.0 (Windows NT 10.0; Win64; x64) AppleWebKit/537.36 (KHTML, like Gecko) Chrome/120.0.0.0 Safari/537.36"
4.217.194.63 - - [27/Apr/2026:14:58:30 +0000] "GET /wp-includes/assets/autoload_classmap.php HTTP/1.1" 404 50319 "-" "Mozilla/5.0 (Windows NT 10.0; Win64; x64) AppleWebKit/537.36 (KHTML, like Gecko) Chrome/120.0.0.0 Safari/537.36"
4.217.194.63 - - [27/Apr/2026:14:58:32 +0000] "GET /wp-includes/assets/index.php HTTP/1.1" 301 - "-" "Mozilla/5.0 (Windows NT 10.0; Win64; x64) AppleWebKit/537.36 (KHTML, like Gecko) Chrome/120.0.0.0 Safari/537.36"
4.217.194.63 - - [27/Apr/2026:14:58:32 +0000] "GET /wp-includes/block-supports/autoload_classmap.php HTTP/1.1" 404 50206 "-" "Mozilla/5.0 (Windows NT 10.0; Win64; x64) AppleWebKit/537.36 (KHTML, like Gecko) Chrome/120.0.0.0 Safari/537.36"
4.217.194.63 - - [27/Apr/2026:14:58:34 +0000] "GET /wp-includes/block-supports/index.php HTTP/1.1" 301 - "-" "Mozilla/5.0 (Windows NT 10.0; Win64; x64) AppleWebKit/537.36 (KHTML, like Gecko) Chrome/120.0.0.0 Safari/537.36"
4.217.194.63 - - [27/Apr/2026:14:58:35 +0000] "GET /wp-includes/blocks/autoload_classmap.php HTTP/1.1" 404 50644 "-" "Mozilla/5.0 (Windows NT 10.0; Win64; x64) AppleWebKit/537.36 (KHTML, like Gecko) Chrome/120.0.0.0 Safari/537.36"
4.217.194.63 - - [27/Apr/2026:14:58:36 +0000] "GET /wp-includes/certificates/wp-login.php HTTP/1.1" 404 50385 "-" "Mozilla/5.0 (Windows NT 10.0; Win64; x64) AppleWebKit/537.36 (KHTML, like Gecko) Chrome/120.0.0.0 Safari/537.36"
4.217.194.63 - - [27/Apr/2026:14:58:37 +0000] "GET /wp-includes/css/thems.php HTTP/1.1" 404 50475 "-" "Mozilla/5.0 (Windows NT 10.0; Win64; x64) AppleWebKit/537.36 (KHTML, like Gecko) Chrome/120.0.0.0 Safari/537.36"
4.217.194.63 - - [27/Apr/2026:14:58:38 +0000] "GET /wp-includes/defaults.php HTTP/1.1" 404 50164 "-" "Mozilla/5.0 (Windows NT 10.0; Win64; x64) AppleWebKit/537.36 (KHTML, like Gecko) Chrome/120.0.0.0 Safari/537.36"
4.217.194.63 - - [27/Apr/2026:14:58:40 +0000] "GET /wp-includes/fonts/index.php HTTP/1.1" 301 - "-" "Mozilla/5.0 (Windows NT 10.0; Win64; x64) AppleWebKit/537.36 (KHTML, like Gecko) Chrome/120.0.0.0 Safari/537.36"
4.217.194.63 - - [27/Apr/2026:14:58:41 +0000] "GET /wp-includes/images/autoload_classmap.php HTTP/1.1" 404 50663 "-" "Mozilla/5.0 (Windows NT 10.0; Win64; x64) AppleWebKit/537.36 (KHTML, like Gecko) Chrome/120.0.0.0 Safari/537.36"
4.217.194.63 - - [27/Apr/2026:14:58:42 +0000] "GET /wp-includes/js/jcrop/Jcrop.php HTTP/1.1" 404 50600 "-" "Mozilla/5.0 (Windows NT 10.0; Win64; x64) AppleWebKit/537.36 (KHTML, like Gecko) Chrome/120.0.0.0 Safari/537.36"
4.217.194.63 - - [27/Apr/2026:14:58:44 +0000] "GET /wp-includes/rest-api/autoload_classmap.php HTTP/1.1" 404 50465 "-" "Mozilla/5.0 (Windows NT 10.0; Win64; x64) AppleWebKit/537.36 (KHTML, like Gecko) Chrome/120.0.0.0 Safari/537.36"
4.217.194.63 - - [27/Apr/2026:14:58:45 +0000] "GET /wp-includes/style-engine/autoload_classmap.php HTTP/1.1" 404 50278 "-" "Mozilla/5.0 (Windows NT 10.0; Win64; x64) AppleWebKit/537.36 (KHTML, like Gecko) Chrome/120.0.0.0 Safari/537.36"
4.217.194.63 - - [27/Apr/2026:14:58:46 +0000] "GET /wp-includes/widgets/include.php HTTP/1.1" 404 50797 "-" "Mozilla/5.0 (Windows NT 10.0; Win64; x64) AppleWebKit/537.36 (KHTML, like Gecko) Chrome/120.0.0.0 Safari/537.36"
4.217.194.63 - - [27/Apr/2026:14:58:47 +0000] "GET /wp-mail.php HTTP/1.1" 403 1044 "-" "Mozilla/5.0 (Windows NT 10.0; Win64; x64) AppleWebKit/537.36 (KHTML, like Gecko) Chrome/120.0.0.0 Safari/537.36"
4.217.194.63 - - [27/Apr/2026:14:58:49 +0000] "GET /wp.php HTTP/1.1" 404 50083 "-" "Mozilla/5.0 (Windows NT 10.0; Win64; x64) AppleWebKit/537.36 (KHTML, like Gecko) Chrome/120.0.0.0 Safari/537.36"
4.217.194.63 - - [27/Apr/2026:14:58:50 +0000] "GET /wp/xleet.php HTTP/1.1" 404 50063 "-" "Mozilla/5.0 (Windows NT 10.0; Win64; x64) AppleWebKit/537.36 (KHTML, like Gecko) Chrome/120.0.0.0 Safari/537.36"
4.217.194.63 - - [27/Apr/2026:14:58:51 +0000] "GET /wsa.php HTTP/1.1" 404 49736 "-" "Mozilla/5.0 (Windows NT 10.0; Win64; x64) AppleWebKit/537.36 (KHTML, like Gecko) Chrome/120.0.0.0 Safari/537.36"
4.217.194.63 - - [27/Apr/2026:14:58:53 +0000] "GET /x/index.php HTTP/1.1" 301 - "-" "Mozilla/5.0 (Windows NT 10.0; Win64; x64) AppleWebKit/537.36 (KHTML, like Gecko) Chrome/120.0.0.0 Safari/537.36"
4.217.194.63 - - [27/Apr/2026:14:58:53 +0000] "GET /xl2023.php.php HTTP/1.1" 404 49792 "-" "Mozilla/5.0 (Windows NT 10.0; Win64; x64) AppleWebKit/537.36 (KHTML, like Gecko) Chrome/120.0.0.0 Safari/537.36"
4.217.194.63 - - [27/Apr/2026:14:58:55 +0000] "GET /xleet.php HTTP/1.1" 404 49919 "-" "Mozilla/5.0 (Windows NT 10.0; Win64; x64) AppleWebKit/537.36 (KHTML, like Gecko) Chrome/120.0.0.0 Safari/537.36"
4.217.194.63 - - [27/Apr/2026:14:58:56 +0000] "GET /xxx.php HTTP/1.1" 404 49901 "-" "Mozilla/5.0 (Windows NT 10.0; Win64; x64) AppleWebKit/537.36 (KHTML, like Gecko) Chrome/120.0.0.0 Safari/537.36"
4.217.194.63 - - [27/Apr/2026:14:58:57 +0000] "GET /y.php HTTP/1.1" 404 50148 "-" "Mozilla/5.0 (Windows NT 10.0; Win64; x64) AppleWebKit/537.36 (KHTML, like Gecko) Chrome/120.0.0.0 Safari/537.36"
184.94.212.206 - - [27/Apr/2026:15:03:05 +0000] "POST /wp-cron.php?doing_wp_cron=1777302185.8285529613494873046875 HTTP/1.1" 200 - "-" "WordPress/6.9.4; https://cryptocurrencyaccess.com"
82.194.53.48 - - [27/Apr/2026:15:03:04 +0000] "GET /wp-json/wp/v2/pages/66 HTTP/1.1" 200 3942 "-" "Mozilla/5.0 (Windows NT 6.1; WOW64) AppleWebKit/537.36 (KHTML, like Gecko) Chrome/67.0.3396.62 Safari/537.36"
184.94.212.206 - - [27/Apr/2026:15:06:17 +0000] "POST /wp-cron.php?doing_wp_cron=1777302377.0695350170135498046875 HTTP/1.1" 200 - "-" "WordPress/6.9.4; https://cryptocurrencyaccess.com"
114.119.151.63 - - [27/Apr/2026:15:06:10 +0000] "GET /robots.txt HTTP/1.1" 200 134 "-" "Mozilla/5.0 (compatible;PetalBot;+https://webmaster.petalsearch.com/site/petalbot)"
146.174.176.108 - - [27/Apr/2026:15:06:52 +0000] "GET /tag/personal-finance/ HTTP/1.1" 200 60284 "-" "Mozilla/5.0 (Windows NT 10.0; Win64; x64; rv:125.0) Gecko/20100101 Firefox/125.0"
184.94.212.206 - - [27/Apr/2026:15:16:23 +0000] "POST /wp-cron.php?doing_wp_cron=1777302983.7086200714111328125000 HTTP/1.1" 200 - "-" "WordPress/6.9.4; https://cryptocurrencyaccess.com"
20.255.80.192 - - [27/Apr/2026:15:16:22 +0000] "GET /themes/zMousse/otuz1.php HTTP/1.1" 404 50433 "-" "Mozilla/5.0 (Windows NT 10.0; Win64; x64) AppleWebKit/537.36 (KHTML, like Gecko) Chrome/120.0.0.0 Safari/537.36"
20.255.80.192 - - [27/Apr/2026:15:16:24 +0000] "GET /upload2/10-27-24_8:26_1.php HTTP/1.1" 404 50061 "-" "Mozilla/5.0 (Windows NT 10.0; Win64; x64) AppleWebKit/537.36 (KHTML, like Gecko) Chrome/120.0.0.0 Safari/537.36"
20.255.80.192 - - [27/Apr/2026:15:16:25 +0000] "GET /user.php HTTP/1.1" 404 49857 "-" "Mozilla/5.0 (Windows NT 10.0; Win64; x64) AppleWebKit/537.36 (KHTML, like Gecko) Chrome/120.0.0.0 Safari/537.36"
20.255.80.192 - - [27/Apr/2026:15:16:27 +0000] "GET /version.php HTTP/1.1" 404 50402 "-" "Mozilla/5.0 (Windows NT 10.0; Win64; x64) AppleWebKit/537.36 (KHTML, like Gecko) Chrome/120.0.0.0 Safari/537.36"
20.255.80.192 - - [27/Apr/2026:15:16:28 +0000] "GET /wander.php HTTP/1.1" 404 49971 "-" "Mozilla/5.0 (Windows NT 10.0; Win64; x64) AppleWebKit/537.36 (KHTML, like Gecko) Chrome/120.0.0.0 Safari/537.36"
20.255.80.192 - - [27/Apr/2026:15:16:29 +0000] "GET /webadmin.php HTTP/1.1" 404 50145 "-" "Mozilla/5.0 (Windows NT 10.0; Win64; x64) AppleWebKit/537.36 (KHTML, like Gecko) Chrome/120.0.0.0 Safari/537.36"
20.255.80.192 - - [27/Apr/2026:15:16:31 +0000] "GET /wp-2019.php HTTP/1.1" 404 50098 "-" "Mozilla/5.0 (Windows NT 10.0; Win64; x64) AppleWebKit/537.36 (KHTML, like Gecko) Chrome/120.0.0.0 Safari/537.36"
20.255.80.192 - - [27/Apr/2026:15:16:32 +0000] "GET /wp-add.php HTTP/1.1" 404 50249 "-" "Mozilla/5.0 (Windows NT 10.0; Win64; x64) AppleWebKit/537.36 (KHTML, like Gecko) Chrome/120.0.0.0 Safari/537.36"
20.255.80.192 - - [27/Apr/2026:15:16:33 +0000] "GET /wp-admin/autoload_classmap.php HTTP/1.1" 404 49705 "-" "Mozilla/5.0 (Windows NT 10.0; Win64; x64) AppleWebKit/537.36 (KHTML, like Gecko) Chrome/120.0.0.0 Safari/537.36"
20.255.80.192 - - [27/Apr/2026:15:16:35 +0000] "GET /wp-admin/classwithtostring.php HTTP/1.1" 404 49948 "-" "Mozilla/5.0 (Windows NT 10.0; Win64; x64) AppleWebKit/537.36 (KHTML, like Gecko) Chrome/120.0.0.0 Safari/537.36"
20.255.80.192 - - [27/Apr/2026:15:16:36 +0000] "GET /wp-admin/css/colors/index.php HTTP/1.1" 301 - "-" "Mozilla/5.0 (Windows NT 10.0; Win64; x64) AppleWebKit/537.36 (KHTML, like Gecko) Chrome/120.0.0.0 Safari/537.36"
20.255.80.192 - - [27/Apr/2026:15:16:37 +0000] "GET /wp-admin/css/index.php HTTP/1.1" 301 - "-" "Mozilla/5.0 (Windows NT 10.0; Win64; x64) AppleWebKit/537.36 (KHTML, like Gecko) Chrome/120.0.0.0 Safari/537.36"
20.255.80.192 - - [27/Apr/2026:15:16:38 +0000] "GET /wp-admin/css/wp-login.php HTTP/1.1" 404 50449 "-" "Mozilla/5.0 (Windows NT 10.0; Win64; x64) AppleWebKit/537.36 (KHTML, like Gecko) Chrome/120.0.0.0 Safari/537.36"
20.255.80.192 - - [27/Apr/2026:15:16:39 +0000] "GET /wp-admin/file.php HTTP/1.1" 404 50109 "-" "Mozilla/5.0 (Windows NT 10.0; Win64; x64) AppleWebKit/537.36 (KHTML, like Gecko) Chrome/120.0.0.0 Safari/537.36"
20.255.80.192 - - [27/Apr/2026:15:16:41 +0000] "GET /wp-admin/images/Mhbgf.php HTTP/1.1" 404 50836 "-" "Mozilla/5.0 (Windows NT 10.0; Win64; x64) AppleWebKit/537.36 (KHTML, like Gecko) Chrome/120.0.0.0 Safari/537.36"
20.255.80.192 - - [27/Apr/2026:15:16:42 +0000] "GET /wp-admin/images/about.php HTTP/1.1" 404 51003 "-" "Mozilla/5.0 (Windows NT 10.0; Win64; x64) AppleWebKit/537.36 (KHTML, like Gecko) Chrome/120.0.0.0 Safari/537.36"
104.234.32.46 - - [27/Apr/2026:15:16:43 +0000] "POST /wp-login.php HTTP/1.1" 503 18957 "-" "Mozilla/5.0"
20.255.80.192 - - [27/Apr/2026:15:16:44 +0000] "GET /wp-admin/images/autoload_classmap.php HTTP/1.1" 404 50637 "-" "Mozilla/5.0 (Windows NT 10.0; Win64; x64) AppleWebKit/537.36 (KHTML, like Gecko) Chrome/120.0.0.0 Safari/537.36"
20.255.80.192 - - [27/Apr/2026:15:16:45 +0000] "GET /wp-admin/images/index.php HTTP/1.1" 301 - "-" "Mozilla/5.0 (Windows NT 10.0; Win64; x64) AppleWebKit/537.36 (KHTML, like Gecko) Chrome/120.0.0.0 Safari/537.36"
20.255.80.192 - - [27/Apr/2026:15:16:46 +0000] "GET /wp-admin/images/install.php HTTP/1.1" 404 50700 "-" "Mozilla/5.0 (Windows NT 10.0; Win64; x64) AppleWebKit/537.36 (KHTML, like Gecko) Chrome/120.0.0.0 Safari/537.36"
20.255.80.192 - - [27/Apr/2026:15:16:48 +0000] "GET /wp-admin/includes/flower.php HTTP/1.1" 404 50616 "-" "Mozilla/5.0 (Windows NT 10.0; Win64; x64) AppleWebKit/537.36 (KHTML, like Gecko) Chrome/120.0.0.0 Safari/537.36"
20.255.80.192 - - [27/Apr/2026:15:16:49 +0000] "GET /wp-admin/js/about.php HTTP/1.1" 404 50370 "-" "Mozilla/5.0 (Windows NT 10.0; Win64; x64) AppleWebKit/537.36 (KHTML, like Gecko) Chrome/120.0.0.0 Safari/537.36"
20.255.80.192 - - [27/Apr/2026:15:16:51 +0000] "GET /wp-admin/js/autoload_classmap.php HTTP/1.1" 404 50755 "-" "Mozilla/5.0 (Windows NT 10.0; Win64; x64) AppleWebKit/537.36 (KHTML, like Gecko) Chrome/120.0.0.0 Safari/537.36"
20.255.80.192 - - [27/Apr/2026:15:16:52 +0000] "GET /wp-admin/js/flower.php HTTP/1.1" 404 50440 "-" "Mozilla/5.0 (Windows NT 10.0; Win64; x64) AppleWebKit/537.36 (KHTML, like Gecko) Chrome/120.0.0.0 Safari/537.36"
20.255.80.192 - - [27/Apr/2026:15:16:54 +0000] "GET /wp-admin/js/index.php HTTP/1.1" 301 - "-" "Mozilla/5.0 (Windows NT 10.0; Win64; x64) AppleWebKit/537.36 (KHTML, like Gecko) Chrome/120.0.0.0 Safari/537.36"
20.255.80.192 - - [27/Apr/2026:15:16:55 +0000] "GET /wp-admin/js/widgets/xleet.php HTTP/1.1" 404 50441 "-" "Mozilla/5.0 (Windows NT 10.0; Win64; x64) AppleWebKit/537.36 (KHTML, like Gecko) Chrome/120.0.0.0 Safari/537.36"
20.255.80.192 - - [27/Apr/2026:15:16:56 +0000] "GET /wp-admin/maint/flower.php HTTP/1.1" 404 50546 "-" "Mozilla/5.0 (Windows NT 10.0; Win64; x64) AppleWebKit/537.36 (KHTML, like Gecko) Chrome/120.0.0.0 Safari/537.36"
20.255.80.192 - - [27/Apr/2026:15:16:58 +0000] "GET /wp-admin/maint/wp-login.php HTTP/1.1" 404 50468 "-" "Mozilla/5.0 (Windows NT 10.0; Win64; x64) AppleWebKit/537.36 (KHTML, like Gecko) Chrome/120.0.0.0 Safari/537.36"
20.255.80.192 - - [27/Apr/2026:15:16:59 +0000] "GET /wp-admin/network/about.php HTTP/1.1" 302 - "-" "Mozilla/5.0 (Windows NT 10.0; Win64; x64) AppleWebKit/537.36 (KHTML, like Gecko) Chrome/120.0.0.0 Safari/537.36"
54.81.43.75 - - [27/Apr/2026:15:17:00 +0000] "GET /robots.txt HTTP/1.1" 200 134 "-" "Mozilla/5.0 (X11; Linux x86_64; rv:148.0) Gecko/20100101 Firefox/148.0"
20.255.80.192 - - [27/Apr/2026:15:17:00 +0000] "GET /wp-admin/network/xleet.php HTTP/1.1" 404 50612 "-" "Mozilla/5.0 (Windows NT 10.0; Win64; x64) AppleWebKit/537.36 (KHTML, like Gecko) Chrome/120.0.0.0 Safari/537.36"
20.255.80.192 - - [27/Apr/2026:15:17:01 +0000] "GET /wp-admin/user/autoload_classmap.php HTTP/1.1" 404 50821 "-" "Mozilla/5.0 (Windows NT 10.0; Win64; x64) AppleWebKit/537.36 (KHTML, like Gecko) Chrome/120.0.0.0 Safari/537.36"
20.255.80.192 - - [27/Apr/2026:15:17:03 +0000] "GET /wp-config-sample.php HTTP/1.1" 404 49955 "-" "Mozilla/5.0 (Windows NT 10.0; Win64; x64) AppleWebKit/537.36 (KHTML, like Gecko) Chrome/120.0.0.0 Safari/537.36"
54.81.43.75 - - [27/Apr/2026:15:17:03 +0000] "GET /feed HTTP/1.1" 301 - "-" "Rome Client (http://tinyurl.com/64t5n) Ver: UNKNOWN"
20.255.80.192 - - [27/Apr/2026:15:17:04 +0000] "GET /wp-configs.php HTTP/1.1" 404 50252 "-" "Mozilla/5.0 (Windows NT 10.0; Win64; x64) AppleWebKit/537.36 (KHTML, like Gecko) Chrome/120.0.0.0 Safari/537.36"
20.255.80.192 - - [27/Apr/2026:15:17:05 +0000] "GET /wp-conflg.php HTTP/1.1" 404 49884 "-" "Mozilla/5.0 (Windows NT 10.0; Win64; x64) AppleWebKit/537.36 (KHTML, like Gecko) Chrome/120.0.0.0 Safari/537.36"
20.255.80.192 - - [27/Apr/2026:15:17:06 +0000] "GET /wp-content/1.php HTTP/1.1" 404 50148 "-" "Mozilla/5.0 (Windows NT 10.0; Win64; x64) AppleWebKit/537.36 (KHTML, like Gecko) Chrome/120.0.0.0 Safari/537.36"
20.255.80.192 - - [27/Apr/2026:15:17:08 +0000] "GET /wp-content/about.php HTTP/1.1" 404 49971 "-" "Mozilla/5.0 (Windows NT 10.0; Win64; x64) AppleWebKit/537.36 (KHTML, like Gecko) Chrome/120.0.0.0 Safari/537.36"
54.81.43.75 - - [27/Apr/2026:15:17:08 +0000] "GET /feed/ HTTP/1.1" 200 28836 "-" "Rome Client (http://tinyurl.com/64t5n) Ver: UNKNOWN"
20.255.80.192 - - [27/Apr/2026:15:17:09 +0000] "GET /wp-content/autoload_classmap.php HTTP/1.1" 404 49884 "-" "Mozilla/5.0 (Windows NT 10.0; Win64; x64) AppleWebKit/537.36 (KHTML, like Gecko) Chrome/120.0.0.0 Safari/537.36"
20.255.80.192 - - [27/Apr/2026:15:17:10 +0000] "GET /wp-content/berlin.php HTTP/1.1" 404 50092 "-" "Mozilla/5.0 (Windows NT 10.0; Win64; x64) AppleWebKit/537.36 (KHTML, like Gecko) Chrome/120.0.0.0 Safari/537.36"
20.255.80.192 - - [27/Apr/2026:15:17:12 +0000] "GET /wp-content/classwithtostring.php HTTP/1.1" 404 49826 "-" "Mozilla/5.0 (Windows NT 10.0; Win64; x64) AppleWebKit/537.36 (KHTML, like Gecko) Chrome/120.0.0.0 Safari/537.36"
184.94.212.206 - - [27/Apr/2026:15:17:14 +0000] "POST /wp-cron.php?doing_wp_cron=1777303034.1499409675598144531250 HTTP/1.1" 200 - "-" "WordPress/6.9.4; https://cryptocurrencyaccess.com"
20.255.80.192 - - [27/Apr/2026:15:17:13 +0000] "GET /wp-content/install.php HTTP/1.1" 404 49886 "-" "Mozilla/5.0 (Windows NT 10.0; Win64; x64) AppleWebKit/537.36 (KHTML, like Gecko) Chrome/120.0.0.0 Safari/537.36"
20.255.80.192 - - [27/Apr/2026:15:17:14 +0000] "GET /wp-content/json.php HTTP/1.1" 404 49922 "-" "Mozilla/5.0 (Windows NT 10.0; Win64; x64) AppleWebKit/537.36 (KHTML, like Gecko) Chrome/120.0.0.0 Safari/537.36"
20.255.80.192 - - [27/Apr/2026:15:17:15 +0000] "GET /wp-content/languages/index.php HTTP/1.1" 301 - "-" "Mozilla/5.0 (Windows NT 10.0; Win64; x64) AppleWebKit/537.36 (KHTML, like Gecko) Chrome/120.0.0.0 Safari/537.36"
20.255.80.192 - - [27/Apr/2026:15:17:16 +0000] "GET /wp-content/mah.php HTTP/1.1" 404 50098 "-" "Mozilla/5.0 (Windows NT 10.0; Win64; x64) AppleWebKit/537.36 (KHTML, like Gecko) Chrome/120.0.0.0 Safari/537.36"
20.255.80.192 - - [27/Apr/2026:15:17:18 +0000] "GET /wp-content/plugins/Core-Econ/1.php HTTP/1.1" 404 50642 "-" "Mozilla/5.0 (Windows NT 10.0; Win64; x64) AppleWebKit/537.36 (KHTML, like Gecko) Chrome/120.0.0.0 Safari/537.36"
20.255.80.192 - - [27/Apr/2026:15:17:19 +0000] "GET /wp-content/plugins/Duplicatepost/src/ui/sidwso.php HTTP/1.1" 404 50467 "-" "Mozilla/5.0 (Windows NT 10.0; Win64; x64) AppleWebKit/537.36 (KHTML, like Gecko) Chrome/120.0.0.0 Safari/537.36"
20.255.80.192 - - [27/Apr/2026:15:17:21 +0000] "GET /wp-content/plugins/TOPXOH/wDR.php HTTP/1.1" 404 50861 "-" "Mozilla/5.0 (Windows NT 10.0; Win64; x64) AppleWebKit/537.36 (KHTML, like Gecko) Chrome/120.0.0.0 Safari/537.36"
20.255.80.192 - - [27/Apr/2026:15:17:23 +0000] "GET /wp-content/plugins/WordPressCore/include.php HTTP/1.1" 404 50530 "-" "Mozilla/5.0 (Windows NT 10.0; Win64; x64) AppleWebKit/537.36 (KHTML, like Gecko) Chrome/120.0.0.0 Safari/537.36"
20.255.80.192 - - [27/Apr/2026:15:17:24 +0000] "GET /wp-content/plugins/about.php HTTP/1.1" 404 50497 "-" "Mozilla/5.0 (Windows NT 10.0; Win64; x64) AppleWebKit/537.36 (KHTML, like Gecko) Chrome/120.0.0.0 Safari/537.36"
20.255.80.192 - - [27/Apr/2026:15:17:25 +0000] "GET /wp-content/plugins/autoload_classmap.php HTTP/1.1" 404 50428 "-" "Mozilla/5.0 (Windows NT 10.0; Win64; x64) AppleWebKit/537.36 (KHTML, like Gecko) Chrome/120.0.0.0 Safari/537.36"
