MOON
Server: Apache
System: Linux server1.primemusicproductions.com 4.18.0-477.27.2.el8_8.x86_64 #1 SMP Fri Sep 29 08:21:01 EDT 2023 x86_64
User: primrwxj (1001)
PHP: 8.3.3
Disabled: NONE
Upload Files
File: //home/primrwxj/logs/articlebinder.primemusicproductions.com.bkup
184.94.212.206 - - [27/Apr/2026:12:08:10 +0000] "POST /wp-cron.php?doing_wp_cron=1777291690.1076118946075439453125 HTTP/1.1" 200 - "-" "WordPress/6.9.4; https://articlebinder.com"
194.26.192.99 - - [27/Apr/2026:12:08:08 +0000] "GET /txets.php HTTP/1.1" 404 6593 "-" "Mozilla/5.0 (Windows NT 10.0; Win64; x64) AppleWebKit/537.36 (KHTML, like Gecko) Chrome/91.0.4472.124 Safari/537.36"
194.26.192.99 - - [27/Apr/2026:12:08:10 +0000] "GET /wp-content/txets.php HTTP/1.1" 404 6595 "-" "Mozilla/5.0 (Windows NT 10.0; Win64; x64) AppleWebKit/537.36 (KHTML, like Gecko) Chrome/91.0.4472.124 Safari/537.36"
194.26.192.99 - - [27/Apr/2026:12:08:11 +0000] "GET /wp-includes/widgets/txets.php HTTP/1.1" 404 6600 "-" "Mozilla/5.0 (Windows NT 10.0; Win64; x64) AppleWebKit/537.36 (KHTML, like Gecko) Chrome/91.0.4472.124 Safari/537.36"
194.26.192.99 - - [27/Apr/2026:12:08:12 +0000] "GET /wp-includes/rest-api/txets.php HTTP/1.1" 404 6603 "-" "Mozilla/5.0 (Windows NT 10.0; Win64; x64) AppleWebKit/537.36 (KHTML, like Gecko) Chrome/91.0.4472.124 Safari/537.36"
194.26.192.99 - - [27/Apr/2026:12:08:13 +0000] "GET /wp-includes/blocks/post-template/txets.php HTTP/1.1" 404 6604 "-" "Mozilla/5.0 (Windows NT 10.0; Win64; x64) AppleWebKit/537.36 (KHTML, like Gecko) Chrome/91.0.4472.124 Safari/537.36"
194.26.192.99 - - [27/Apr/2026:12:08:14 +0000] "GET /wp-admin/txets.php HTTP/1.1" 404 6596 "-" "Mozilla/5.0 (Windows NT 10.0; Win64; x64) AppleWebKit/537.36 (KHTML, like Gecko) Chrome/91.0.4472.124 Safari/537.36"
194.26.192.99 - - [27/Apr/2026:12:08:15 +0000] "GET /wp-includes/txets.php HTTP/1.1" 404 6596 "-" "Mozilla/5.0 (Windows NT 10.0; Win64; x64) AppleWebKit/537.36 (KHTML, like Gecko) Chrome/91.0.4472.124 Safari/537.36"
194.26.192.99 - - [27/Apr/2026:12:08:16 +0000] "GET /schallfuns.php HTTP/1.1" 404 6596 "-" "Mozilla/5.0 (Windows NT 10.0; Win64; x64) AppleWebKit/537.36 (KHTML, like Gecko) Chrome/91.0.4472.124 Safari/537.36"
194.26.192.99 - - [27/Apr/2026:12:08:17 +0000] "GET /postnews.php HTTP/1.1" 404 6594 "-" "Mozilla/5.0 (Windows NT 10.0; Win64; x64) AppleWebKit/537.36 (KHTML, like Gecko) Chrome/91.0.4472.124 Safari/537.36"
184.94.212.206 - - [27/Apr/2026:12:15:05 +0000] "POST /wp-cron.php?doing_wp_cron=1777292105.1906979084014892578125 HTTP/1.1" 200 - "-" "WordPress/6.9.4; https://articlebinder.com"
85.121.5.142 - - [27/Apr/2026:12:15:03 +0000] "POST /api/file/formimage HTTP/1.1" 404 6553 "-" "Mozilla/5.0 (Windows NT 6.3; WOW64) AppleWebKit/537.36 (KHTML, like Gecko) Chrome/41.0.2226.0 Safari/537.36"
85.121.5.142 - - [27/Apr/2026:12:15:30 +0000] "POST /include/file.php HTTP/1.1" 404 6548 "-" "Mozilla/5.0 (X11; Linux x86_64) AppleWebKit/537.36 (KHTML, like Gecko) Chrome/122.0.0.0 Safari/537.36"
184.94.212.206 - - [27/Apr/2026:12:21:01 +0000] "POST /wp-cron.php?doing_wp_cron=1777292461.3392219543457031250000 HTTP/1.1" 200 - "-" "WordPress/6.9.4; https://articlebinder.com"
156.225.31.50 - - [27/Apr/2026:12:20:59 +0000] "GET /wp-json/wp/v2/posts HTTP/1.1" 200 19829 "-" "Mozilla/5.0 (Windows NT 10.0; Win64; x64) AppleWebKit/537.36 (KHTML, like Gecko) Chrome/120.0.0.0 Safari/537.36"
184.94.212.206 - - [27/Apr/2026:12:35:14 +0000] "POST /wp-cron.php?doing_wp_cron=1777293314.4681820869445800781250 HTTP/1.1" 200 - "-" "WordPress/6.9.4; https://articlebinder.com"
5.181.131.106 - - [27/Apr/2026:12:35:12 +0000] "GET /blog/emdr-side-effects/ HTTP/1.1" 200 20944 "-" "Mozilla/5.0 (compatible; Googlebot/2.1; +http://www.google.com/bot.html)"
157.66.170.71 - - [27/Apr/2026:12:37:47 +0000] "GET /wp-json/wp/v2/posts HTTP/1.1" 200 19829 "-" "Mozilla/5.0 (Windows NT 10.0; Win64; x64) AppleWebKit/537.36 (KHTML, like Gecko) Chrome/120.0.0.0 Safari/537.36"
184.94.212.206 - - [27/Apr/2026:12:45:27 +0000] "POST /wp-cron.php?doing_wp_cron=1777293927.0783219337463378906250 HTTP/1.1" 200 - "-" "WordPress/6.9.4; https://articlebinder.com"
186.39.70.246 - - [27/Apr/2026:12:45:25 +0000] "GET /wp-json/wp/v2/posts HTTP/1.1" 200 19829 "-" "Mozilla/5.0 (Windows NT 10.0; Win64; x64) AppleWebKit/537.36 (KHTML, like Gecko) Chrome/120.0.0.0 Safari/537.36"
184.94.212.206 - - [27/Apr/2026:13:04:22 +0000] "POST /wp-cron.php?doing_wp_cron=1777295062.8475289344787597656250 HTTP/1.1" 200 - "-" "WordPress/6.9.4; https://articlebinder.com"
149.202.84.95 - - [27/Apr/2026:13:04:21 +0000] "GET / HTTP/1.1" 200 9504 "-" "Mozilla/5.0 (Macintosh; Intel Mac OS X 10_15_7) AppleWebKit/537.36 (KHTML, like Gecko) Chrome/146.0.0.0 Safari/537.36"
149.202.84.95 - - [27/Apr/2026:13:04:25 +0000] "GET /wp-login.php?action=register HTTP/1.1" 200 4372 "http://ARTICLEBINDER.COM" "Mozilla/5.0 (Windows NT 6.3; Win64; x64) AppleWebKit/537.36 (KHTML, like Gecko) Chrome/103.0.0.0 Safari/537.36"
149.202.84.95 - - [27/Apr/2026:13:04:26 +0000] "GET /wp-login.php?action=register HTTP/1.1" 200 4372 "http://articlebinder.com/wp-login.php?action=register" "Mozilla/5.0 (Windows NT 6.3; Win64; x64) AppleWebKit/537.36 (KHTML, like Gecko) Chrome/103.0.0.0 Safari/537.36"
149.202.84.95 - - [27/Apr/2026:13:04:37 +0000] "POST /wp-login.php?jetpack-protect-recovery=true HTTP/1.1" 200 4330 "http://articlebinder.com/wp-login.php?action=register" "Mozilla/5.0 (Windows NT 6.3; Win64; x64) AppleWebKit/537.36 (KHTML, like Gecko) Chrome/103.0.0.0 Safari/537.36"
89.124.72.205 - - [27/Apr/2026:13:17:48 +0000] "GET / HTTP/1.0" 200 38872 "http://articlebinder.com/" "Mozilla/5.0 (Windows NT 10.0; WOW64) AppleWebKit/537.36 (KHTML, like Gecko) Chrome/103.0.0.0 Safari/537.36"
184.94.212.206 - - [27/Apr/2026:13:30:00 +0000] "POST /wp-cron.php?doing_wp_cron=1777296600.4647769927978515625000 HTTP/1.1" 200 - "-" "WordPress/6.9.4; https://articlebinder.com"
66.249.73.203 - - [27/Apr/2026:13:29:59 +0000] "GET /robots.txt HTTP/1.1" 301 - "-" "Mozilla/5.0 (compatible; Googlebot/2.1; +http://www.google.com/bot.html)"
66.249.66.68 - - [27/Apr/2026:13:30:01 +0000] "GET /robots.txt HTTP/1.1" 200 142 "-" "Mozilla/5.0 (compatible; Googlebot/2.1; +http://www.google.com/bot.html)"
95.171.5.77 - - [27/Apr/2026:13:31:05 +0000] "GET / HTTP/1.1" 200 9505 "-" "Mozilla/5.0 (Macintosh; Intel Mac OS X 10_15_7) AppleWebKit/605.1.15 (KHTML, like Gecko) Version/18.6 Safari/605.1.15"
95.171.5.77 - - [27/Apr/2026:13:31:10 +0000] "GET /wp-login.php?action=register HTTP/1.1" 200 4373 "http://ARTICLEBINDER.COM" "Mozilla/5.0 (Windows NT 6.3; Win64; x64) AppleWebKit/537.36 (KHTML, like Gecko) Chrome/103.0.0.0 Safari/537.36"
95.171.5.77 - - [27/Apr/2026:13:31:11 +0000] "GET /wp-login.php?action=register HTTP/1.1" 200 4373 "http://articlebinder.com/wp-login.php?action=register" "Mozilla/5.0 (Windows NT 6.3; Win64; x64) AppleWebKit/537.36 (KHTML, like Gecko) Chrome/103.0.0.0 Safari/537.36"
95.171.5.77 - - [27/Apr/2026:13:31:19 +0000] "POST /wp-login.php?jetpack-protect-recovery=true HTTP/1.1" 200 4330 "http://articlebinder.com/wp-login.php?action=register" "Mozilla/5.0 (Windows NT 6.3; Win64; x64) AppleWebKit/537.36 (KHTML, like Gecko) Chrome/103.0.0.0 Safari/537.36"
184.94.212.206 - - [27/Apr/2026:13:35:17 +0000] "POST /wp-cron.php?doing_wp_cron=1777296917.3669800758361816406250 HTTP/1.1" 200 - "-" "WordPress/6.9.4; https://articlebinder.com"
149.202.84.95 - - [27/Apr/2026:13:35:15 +0000] "GET /blog/emdr-side-effects/ HTTP/1.1" 200 20944 "http://articlebinder.com/" "Mozilla/5.0 (X11; CrOS x86_64 14541.0.0) AppleWebKit/537.36 (KHTML, like Gecko) Chrome/144.0.0.0 Safari/537.36"
43.157.95.131 - - [27/Apr/2026:14:26:39 +0000] "GET / HTTP/1.1" 200 9505 "-" "Mozilla/5.0 (iPhone; CPU iPhone OS 13_2_3 like Mac OS X) AppleWebKit/605.1.15 (KHTML, like Gecko) Version/13.0.3 Mobile/15E148 Safari/604.1"
176.62.84.192 - - [27/Apr/2026:14:26:48 +0000] "GET /blog/emdr-side-effects/ HTTP/1.0" 200 86335 "http://articlebinder.com/blog/emdr-side-effects/" "Mozilla/5.0 (Windows NT 10.0; Win64; x64) AppleWebKit/537.36 (KHTML, like Gecko) Chrome/103.0.5060.53 Safari/537.36"
176.62.84.192 - - [27/Apr/2026:14:26:50 +0000] "POST /blog/emdr-side-effects/ HTTP/1.0" 200 86262 "http://articlebinder.com/blog/emdr-side-effects/" "Mozilla/5.0 (Windows NT 10.0; Win64; x64) AppleWebKit/537.36 (KHTML, like Gecko) Chrome/103.0.5060.53 Safari/537.36"
184.94.212.206 - - [27/Apr/2026:14:33:06 +0000] "POST /wp-cron.php?doing_wp_cron=1777300386.8066289424896240234375 HTTP/1.1" 200 - "-" "WordPress/6.9.4; https://articlebinder.com"
51.68.111.212 - - [27/Apr/2026:14:33:05 +0000] "GET /robots.txt HTTP/1.1" 200 142 "-" "Mozilla/5.0 (compatible; MJ12bot/v2.0.5; http://mj12bot.com/)"
51.68.111.212 - - [27/Apr/2026:14:33:07 +0000] "GET / HTTP/1.1" 403 9505 "-" "Mozilla/5.0 (compatible; MJ12bot/v2.0.5; http://mj12bot.com/)"
184.94.212.206 - - [27/Apr/2026:14:48:11 +0000] "POST /wp-cron.php?doing_wp_cron=1777301291.7007710933685302734375 HTTP/1.1" 200 - "-" "WordPress/6.9.4; https://articlebinder.com"
145.223.131.133 - - [27/Apr/2026:14:48:10 +0000] "GET /feeds/s_cats.php?id=743&amp%3Bsc= HTTP/1.1" 301 - "-" "Mozilla/5.0 (iPhone; CPU iPhone OS 17_0 like Mac OS X) AppleWebKit/605.1.15 (KHTML, like Gecko) Version/17.0 Mobile/15E148 Safari/184.1"
145.223.131.133 - - [27/Apr/2026:14:48:12 +0000] "GET /feeds/s_cats.php?id=743&amp%3Bsc= HTTP/1.1" 404 6613 "-" "Mozilla/5.0 (iPhone; CPU iPhone OS 17_0 like Mac OS X) AppleWebKit/605.1.15 (KHTML, like Gecko) Version/17.0 Mobile/15E148 Safari/184.1"
184.94.212.206 - - [27/Apr/2026:15:02:03 +0000] "POST /wp-cron.php?doing_wp_cron=1777302123.6911580562591552734375 HTTP/1.1" 200 - "-" "WordPress/6.9.4; https://articlebinder.com"
37.143.62.235 - - [27/Apr/2026:15:02:01 +0000] "GET /blog/emdr-side-effects/ HTTP/1.1" 200 20943 "-" "Mozilla/5.0 (compatible; Googlebot/2.1; +http://www.google.com/bot.html)"
184.94.212.206 - - [27/Apr/2026:15:19:20 +0000] "POST /wp-cron.php?doing_wp_cron=1777303160.9000329971313476562500 HTTP/1.1" 200 - "-" "WordPress/6.9.4; https://articlebinder.com"
145.220.91.19 - - [27/Apr/2026:15:19:19 +0000] "GET / HTTP/1.1" 200 9507 "-" "Mozilla/5.0 (Macintosh; Intel Mac OS X 10.15; rv:122.0) Gecko/20100101 Firefox/122.0"
181.214.80.149 - - [27/Apr/2026:16:08:07 +0000] "GET /blog/emdr-side-effects/ HTTP/1.0" 200 86335 "http://articlebinder.com/blog/emdr-side-effects/" "Mozilla/5.0 (Windows NT 10.0; Win64; x64) AppleWebKit/537.36 (KHTML, like Gecko) Chrome/131.0.0.0 Safari/537.36"
181.214.80.149 - - [27/Apr/2026:16:08:10 +0000] "POST /blog/emdr-side-effects/ HTTP/1.0" 200 86262 "http://articlebinder.com/blog/emdr-side-effects/" "Mozilla/5.0 (Windows NT 10.0; Win64; x64) AppleWebKit/537.36 (KHTML, like Gecko) Chrome/131.0.0.0 Safari/537.36"
184.94.212.206 - - [27/Apr/2026:16:16:33 +0000] "POST /wp-cron.php?doing_wp_cron=1777306593.6471009254455566406250 HTTP/1.1" 200 - "-" "WordPress/6.9.4; https://articlebinder.com"
60.188.57.0 - - [27/Apr/2026:16:16:32 +0000] "GET / HTTP/1.1" 301 - "-" "Mozilla/5.0 (iPhone; CPU iPhone OS 13_2_3 like Mac OS X) AppleWebKit/605.1.15 (KHTML, like Gecko) Version/13.0.3 Mobile/15E148 Safari/604.1"
60.188.57.0 - - [27/Apr/2026:16:16:40 +0000] "GET / HTTP/1.1" 200 9505 "http://www.articlebinder.com" "Mozilla/5.0 (iPhone; CPU iPhone OS 13_2_3 like Mac OS X) AppleWebKit/605.1.15 (KHTML, like Gecko) Version/13.0.3 Mobile/15E148 Safari/604.1"
184.94.212.206 - - [27/Apr/2026:16:43:38 +0000] "POST /wp-cron.php?doing_wp_cron=1777308218.2378449440002441406250 HTTP/1.1" 200 - "-" "WordPress/6.9.4; https://articlebinder.com"
198.12.106.59 - - [27/Apr/2026:16:43:37 +0000] "GET / HTTP/1.1" 200 9508 "-" "Mozilla/5.0 (Knoppix; Linux i686) AppleWebKit/537.36 (KHTML, like Gecko) Chrome/121.0.0.0 Safari/537.36"
192.36.109.131 - - [27/Apr/2026:17:01:57 +0000] "GET / HTTP/1.1" 200 9505 "-" "Mozilla/5.0 (iPhone; CPU iPhone OS 17_3_1 like Mac OS X) AppleWebKit/605.1.15 (KHTML, like Gecko) Version/17.3.1 Mobile/15E148 Safari/604"
51.68.236.68 - - [27/Apr/2026:17:16:29 +0000] "GET /robots.txt HTTP/1.1" 200 142 "-" "Mozilla/5.0 (compatible; MJ12bot/v2.0.5; http://mj12bot.com/)"
51.68.236.68 - - [27/Apr/2026:17:16:29 +0000] "GET / HTTP/1.1" 403 9505 "-" "Mozilla/5.0 (compatible; MJ12bot/v2.0.5; http://mj12bot.com/)"
184.94.212.206 - - [27/Apr/2026:17:45:43 +0000] "POST /wp-cron.php?doing_wp_cron=1777311943.8721320629119873046875 HTTP/1.1" 200 - "-" "WordPress/6.9.4; https://articlebinder.com"
178.20.45.128 - - [27/Apr/2026:17:45:42 +0000] "GET /blog/emdr-side-effects/ HTTP/1.0" 200 86335 "http://articlebinder.com/blog/emdr-side-effects/" "Mozilla/5.0 (Windows NT 10.0; Win64; x64) AppleWebKit/537.36 (KHTML, like Gecko) Chrome/131.0.0.0 Safari/537.36"
178.20.45.128 - - [27/Apr/2026:17:45:44 +0000] "POST /blog/emdr-side-effects/ HTTP/1.0" 200 86262 "http://articlebinder.com/blog/emdr-side-effects/" "Mozilla/5.0 (Windows NT 10.0; Win64; x64) AppleWebKit/537.36 (KHTML, like Gecko) Chrome/131.0.0.0 Safari/537.36"
13.74.146.113 - - [27/Apr/2026:17:46:32 +0000] "GET /wp-content/plugins/hellopress/wp_filemanager.php HTTP/1.1" 404 23945 "-" "-"
13.74.146.113 - - [27/Apr/2026:17:46:33 +0000] "GET /dd.php HTTP/1.1" 404 23903 "-" "-"
13.74.146.113 - - [27/Apr/2026:17:46:34 +0000] "GET /dx.php HTTP/1.1" 404 23903 "-" "-"
13.74.146.113 - - [27/Apr/2026:17:46:35 +0000] "GET /like.php HTTP/1.1" 404 23905 "-" "-"
184.94.212.206 - - [27/Apr/2026:18:06:45 +0000] "POST /wp-cron.php?doing_wp_cron=1777313205.7586829662322998046875 HTTP/1.1" 200 - "-" "WordPress/6.9.4; https://articlebinder.com"
62.197.45.179 - - [27/Apr/2026:18:06:44 +0000] "GET /blog/emdr-side-effects/ HTTP/1.0" 200 86335 "http://articlebinder.com/blog/emdr-side-effects/" "Mozilla/5.0 (Windows NT 6.3; Win64; x64) AppleWebKit/537.36 (KHTML, like Gecko) Chrome/103.0.5060.53 Safari/537.36"
62.197.45.179 - - [27/Apr/2026:18:06:46 +0000] "POST /blog/emdr-side-effects/ HTTP/1.0" 200 86262 "http://articlebinder.com/blog/emdr-side-effects/" "Mozilla/5.0 (Windows NT 6.3; Win64; x64) AppleWebKit/537.36 (KHTML, like Gecko) Chrome/103.0.5060.53 Safari/537.36"
184.94.212.206 - - [27/Apr/2026:18:12:24 +0000] "POST /wp-cron.php?doing_wp_cron=1777313544.4918398857116699218750 HTTP/1.1" 200 - "-" "WordPress/6.9.4; https://articlebinder.com"
91.84.124.167 - - [27/Apr/2026:18:12:23 +0000] "GET /blog/emdr-side-effects/ HTTP/1.0" 200 86335 "http://articlebinder.com/blog/emdr-side-effects/" "Mozilla/5.0 (Windows NT 10.0; Win64; x64) AppleWebKit/537.36 (KHTML, like Gecko) Chrome/131.0.0.0 Safari/537.36"
91.84.124.167 - - [27/Apr/2026:18:12:25 +0000] "POST /blog/emdr-side-effects/ HTTP/1.0" 200 86262 "http://articlebinder.com/blog/emdr-side-effects/" "Mozilla/5.0 (Windows NT 10.0; Win64; x64) AppleWebKit/537.36 (KHTML, like Gecko) Chrome/131.0.0.0 Safari/537.36"
184.94.212.206 - - [27/Apr/2026:18:19:01 +0000] "POST /wp-cron.php?doing_wp_cron=1777313941.0356609821319580078125 HTTP/1.1" 200 - "-" "WordPress/6.9.4; https://articlebinder.com"
212.34.139.218 - - [27/Apr/2026:18:18:59 +0000] "GET /blog/emdr-side-effects/ HTTP/1.0" 200 86335 "http://articlebinder.com/blog/emdr-side-effects/" "Mozilla/5.0 (Windows NT 10.0; Win64; x64) AppleWebKit/537.36 (KHTML, like Gecko) Chrome/131.0.0.0 Safari/537.36 Avast/131.0.0.0"
212.34.139.218 - - [27/Apr/2026:18:19:01 +0000] "POST /blog/emdr-side-effects/ HTTP/1.0" 200 86262 "http://articlebinder.com/blog/emdr-side-effects/" "Mozilla/5.0 (Windows NT 10.0; Win64; x64) AppleWebKit/537.36 (KHTML, like Gecko) Chrome/131.0.0.0 Safari/537.36 Avast/131.0.0.0"
184.94.212.206 - - [27/Apr/2026:18:25:41 +0000] "POST /wp-cron.php?doing_wp_cron=1777314341.9000151157379150390625 HTTP/1.1" 200 - "-" "WordPress/6.9.4; https://articlebinder.com"
91.212.150.122 - - [27/Apr/2026:18:25:40 +0000] "GET /blog/emdr-side-effects/ HTTP/1.0" 200 86335 "-" "Mozilla/5.0 (Windows NT 6.3; Win64; x64) AppleWebKit/537.36 (KHTML, like Gecko) Chrome/75.0.3770.100 Safari/537.36"
184.94.212.206 - - [27/Apr/2026:18:33:17 +0000] "POST /wp-cron.php?doing_wp_cron=1777314797.7350509166717529296875 HTTP/1.1" 200 - "-" "WordPress/6.9.4; https://articlebinder.com"
23.94.82.142 - - [27/Apr/2026:18:33:16 +0000] "GET /blog/emdr-side-effects/ HTTP/1.1" 200 20943 "http://articlebinder.com/" "Mozilla/5.0 (Windows NT 10.0; Win64; x64) AppleWebKit/537.36 (KHTML, like Gecko) Chrome/143.0.0.0 Safari/537.36"
184.94.212.206 - - [27/Apr/2026:18:46:47 +0000] "POST /wp-cron.php?doing_wp_cron=1777315607.9917130470275878906250 HTTP/1.1" 200 - "-" "WordPress/6.9.4; https://articlebinder.com"
43.157.188.74 - - [27/Apr/2026:18:46:46 +0000] "GET / HTTP/1.1" 301 - "-" "Mozilla/5.0 (iPhone; CPU iPhone OS 13_2_3 like Mac OS X) AppleWebKit/605.1.15 (KHTML, like Gecko) Version/13.0.3 Mobile/15E148 Safari/604.1"
43.157.188.74 - - [27/Apr/2026:18:46:48 +0000] "GET / HTTP/1.1" 200 9506 "http://www.articlebinder.com" "Mozilla/5.0 (iPhone; CPU iPhone OS 13_2_3 like Mac OS X) AppleWebKit/605.1.15 (KHTML, like Gecko) Version/13.0.3 Mobile/15E148 Safari/604.1"
65.109.81.157 - - [27/Apr/2026:18:49:13 +0000] "GET /blog/emdr-side-effects/ HTTP/1.0" 200 86335 "http://articlebinder.com/blog/emdr-side-effects/" "Mozilla/5.0 (Windows NT 6.1; Win64; x64) AppleWebKit/537.36 (KHTML, like Gecko) Chrome/103.0.5060.114 Safari/537.36"
65.109.81.157 - - [27/Apr/2026:18:49:14 +0000] "POST /blog/emdr-side-effects/ HTTP/1.0" 200 86262 "http://articlebinder.com/blog/emdr-side-effects/" "Mozilla/5.0 (Windows NT 6.1; Win64; x64) AppleWebKit/537.36 (KHTML, like Gecko) Chrome/103.0.5060.114 Safari/537.36"
184.94.212.206 - - [27/Apr/2026:19:10:06 +0000] "POST /wp-cron.php?doing_wp_cron=1777317006.4078640937805175781250 HTTP/1.1" 200 - "-" "WordPress/6.9.4; https://articlebinder.com"
20.220.233.65 - - [27/Apr/2026:19:10:05 +0000] "GET /wp-content/plugins/hellopress/wp_filemanager.php HTTP/1.1" 404 23945 "-" "-"
20.220.233.65 - - [27/Apr/2026:19:10:06 +0000] "GET /settings.php HTTP/1.1" 404 23909 "-" "-"
20.220.233.65 - - [27/Apr/2026:19:10:07 +0000] "GET /sx.php HTTP/1.1" 404 23903 "-" "-"
20.220.233.65 - - [27/Apr/2026:19:10:08 +0000] "GET /connector.minimal.php HTTP/1.1" 404 23918 "-" "-"
20.220.233.65 - - [27/Apr/2026:19:10:09 +0000] "GET /.env.php.dist HTTP/1.1" 404 23910 "-" "-"
20.220.233.65 - - [27/Apr/2026:19:10:10 +0000] "GET /applications.php HTTP/1.1" 404 23913 "-" "-"
20.220.233.65 - - [27/Apr/2026:19:10:11 +0000] "GET /wp-config.php.swo HTTP/1.1" 404 23914 "-" "-"
20.220.233.65 - - [27/Apr/2026:19:10:12 +0000] "GET /ajax_officebuilding.php HTTP/1.1" 404 23920 "-" "-"
20.220.233.65 - - [27/Apr/2026:19:10:12 +0000] "GET /sys-details.php HTTP/1.1" 404 23912 "-" "-"
20.220.233.65 - - [27/Apr/2026:19:10:13 +0000] "GET /env.php HTTP/1.1" 404 23904 "-" "-"
20.220.233.65 - - [27/Apr/2026:19:10:14 +0000] "GET /release_info.php HTTP/1.1" 404 23913 "-" "-"
20.220.233.65 - - [27/Apr/2026:19:10:15 +0000] "GET /mailer_url.php HTTP/1.1" 404 23911 "-" "-"
20.220.233.65 - - [27/Apr/2026:19:10:16 +0000] "GET /iR7SzrsOUEP.php HTTP/1.1" 404 23912 "-" "-"
20.220.233.65 - - [27/Apr/2026:19:10:17 +0000] "GET /connector.php HTTP/1.1" 404 23910 "-" "-"
20.220.233.65 - - [27/Apr/2026:19:10:18 +0000] "GET /systeminfo.php HTTP/1.1" 404 23911 "-" "-"
20.220.233.65 - - [27/Apr/2026:19:10:19 +0000] "GET /wp-config.phpc HTTP/1.1" 404 23911 "-" "-"
20.220.233.65 - - [27/Apr/2026:19:10:20 +0000] "GET /showphpinfo.php HTTP/1.1" 404 23912 "-" "-"
20.220.233.65 - - [27/Apr/2026:19:10:20 +0000] "GET /main.php HTTP/1.1" 404 23905 "-" "-"
20.220.233.65 - - [27/Apr/2026:19:10:21 +0000] "GET /phpsysinfo.php HTTP/1.1" 404 23911 "-" "-"
20.220.233.65 - - [27/Apr/2026:19:10:23 +0000] "GET /phpinfo__.php HTTP/1.1" 404 23910 "-" "-"
184.94.212.206 - - [27/Apr/2026:19:10:24 +0000] "POST /wp-cron.php?doing_wp_cron=1777317024.7470469474792480468750 HTTP/1.1" 200 - "-" "WordPress/6.9.4; https://articlebinder.com"
20.220.233.65 - - [27/Apr/2026:19:10:24 +0000] "GET /sys-info.php HTTP/1.1" 404 23909 "-" "-"
20.220.233.65 - - [27/Apr/2026:19:10:24 +0000] "GET /profile.php HTTP/1.1" 404 23908 "-" "-"
20.220.233.65 - - [27/Apr/2026:19:10:25 +0000] "GET /defau1t.php HTTP/1.1" 404 23908 "-" "-"
20.220.233.65 - - [27/Apr/2026:19:10:26 +0000] "GET /fraie1p4.php HTTP/1.1" 404 23909 "-" "-"
20.220.233.65 - - [27/Apr/2026:19:10:27 +0000] "GET /routes.php HTTP/1.1" 404 23907 "-" "-"
20.220.233.65 - - [27/Apr/2026:19:10:28 +0000] "GET /del.php HTTP/1.1" 404 23904 "-" "-"
20.220.233.65 - - [27/Apr/2026:19:10:29 +0000] "GET /c99shell.php HTTP/1.1" 404 23909 "-" "-"
20.220.233.65 - - [27/Apr/2026:19:10:30 +0000] "GET /vv.php HTTP/1.1" 404 23903 "-" "-"
20.220.233.65 - - [27/Apr/2026:19:10:31 +0000] "GET /database.php HTTP/1.1" 404 23909 "-" "-"
20.220.233.65 - - [27/Apr/2026:19:10:32 +0000] "GET /smtp.php HTTP/1.1" 404 23905 "-" "-"
20.220.233.65 - - [27/Apr/2026:19:10:32 +0000] "GET /oo.php HTTP/1.1" 404 23903 "-" "-"
20.220.233.65 - - [27/Apr/2026:19:10:33 +0000] "GET /sk.php HTTP/1.1" 404 23903 "-" "-"
20.220.233.65 - - [27/Apr/2026:19:10:34 +0000] "GET /content.php888 HTTP/1.1" 404 23911 "-" "-"
20.220.233.65 - - [27/Apr/2026:19:10:35 +0000] "GET /loading.php HTTP/1.1" 404 23908 "-" "-"
20.220.233.65 - - [27/Apr/2026:19:10:36 +0000] "GET /kct.php HTTP/1.1" 404 23904 "-" "-"
20.220.233.65 - - [27/Apr/2026:19:10:37 +0000] "GET /ninja.php HTTP/1.1" 404 23906 "-" "-"
20.220.233.65 - - [27/Apr/2026:19:10:38 +0000] "GET /path.php HTTP/1.1" 404 23905 "-" "-"
20.220.233.65 - - [27/Apr/2026:19:10:39 +0000] "GET /wp-key.php HTTP/1.1" 404 23907 "-" "-"
20.220.233.65 - - [27/Apr/2026:19:10:40 +0000] "GET /pm.php HTTP/1.1" 404 23903 "-" "-"
20.220.233.65 - - [27/Apr/2026:19:10:41 +0000] "GET /phpcheck.php HTTP/1.1" 404 23909 "-" "-"
20.220.233.65 - - [27/Apr/2026:19:10:42 +0000] "GET /filesystems.php HTTP/1.1" 404 23912 "-" "-"
184.94.212.206 - - [27/Apr/2026:20:01:27 +0000] "POST /wp-cron.php?doing_wp_cron=1777320087.8650441169738769531250 HTTP/1.1" 200 - "-" "WordPress/6.9.4; https://articlebinder.com"
145.223.132.108 - - [27/Apr/2026:20:01:26 +0000] "GET /feeds/s_cats.php?id=398&amp%3Bsc= HTTP/1.1" 301 - "-" "Mozilla/5.0 (Macintosh; Intel Mac OS X 10_15_7) AppleWebKit/537.36 (KHTML, like Gecko) Chrome/123.0.0.0 Safari/537.36"
145.223.132.108 - - [27/Apr/2026:20:01:28 +0000] "GET /feeds/s_cats.php?id=398&amp%3Bsc= HTTP/1.1" 404 6614 "-" "Mozilla/5.0 (Macintosh; Intel Mac OS X 10_15_7) AppleWebKit/537.36 (KHTML, like Gecko) Chrome/123.0.0.0 Safari/537.36"
184.94.212.206 - - [27/Apr/2026:20:04:46 +0000] "POST /wp-cron.php?doing_wp_cron=1777320285.9976339340209960937500 HTTP/1.1" 200 - "-" "WordPress/6.9.4; https://articlebinder.com"
171.4.28.49 - - [27/Apr/2026:20:04:43 +0000] "GET /wp-json/wp/v2/posts HTTP/1.1" 200 19829 "-" "Mozilla/5.0 (Windows NT 10.0; Win64; x64) AppleWebKit/537.36 (KHTML, like Gecko) Chrome/120.0.0.0 Safari/537.36"
184.94.212.206 - - [27/Apr/2026:20:14:42 +0000] "POST /wp-cron.php?doing_wp_cron=1777320882.2886691093444824218750 HTTP/1.1" 200 - "-" "WordPress/6.9.4; https://articlebinder.com"
45.133.170.130 - - [27/Apr/2026:20:14:41 +0000] "GET /blog/emdr-side-effects/ HTTP/1.1" 200 20944 "-" "Mozilla/5.0 (compatible; Googlebot/2.1; +http://www.google.com/bot.html)"
152.156.188.77 - - [27/Apr/2026:21:17:10 +0000] "GET http://articlebinder.com/blog/business-intelligence/ HTTP/1.1" 301 - "-" "Mozilla/5.0 (Windows NT 6.1) AppleWebKit/537.36 (KHTML, like Gecko) Chrome/97.0.4692.99 Safari/537.36"
185.177.72.62 - - [27/Apr/2026:22:07:47 +0000] "GET /.git/config HTTP/1.1" 404 6597 "-" "Mozilla/5.0 (Windows NT 10.0; Win64; x64) AppleWebKit/537.36 (KHTML, like Gecko) Chrome/68.0.3436.0 Safari/537.36"
184.94.212.206 - - [27/Apr/2026:22:11:48 +0000] "POST /wp-cron.php?doing_wp_cron=1777327908.6581320762634277343750 HTTP/1.1" 200 - "-" "WordPress/6.9.4; https://articlebinder.com"
212.34.139.180 - - [27/Apr/2026:22:11:47 +0000] "GET /blog/emdr-side-effects/ HTTP/1.0" 200 86335 "http://articlebinder.com/blog/emdr-side-effects/" "Mozilla/5.0 (Windows NT 10.0; Win64; x64) AppleWebKit/537.36 (KHTML, like Gecko) Chrome/130.0.0.0 Safari/537.36"
212.34.139.180 - - [27/Apr/2026:22:11:49 +0000] "POST /blog/emdr-side-effects/ HTTP/1.0" 200 86262 "http://articlebinder.com/blog/emdr-side-effects/" "Mozilla/5.0 (Windows NT 10.0; Win64; x64) AppleWebKit/537.36 (KHTML, like Gecko) Chrome/130.0.0.0 Safari/537.36"
207.148.65.68 - - [27/Apr/2026:22:12:54 +0000] "GET /blog/emdr-side-effects/ HTTP/1.1" 200 20944 "http://articlebinder.com/" "Mozilla/5.0 (X11; Linux i686) AppleWebKit/537.36 (KHTML, like Gecko) Chrome/114.0.0.0 Safari/537.36 Vivaldi/5.3.2679.68"
130.12.180.144 - - [27/Apr/2026:22:17:59 +0000] "GET /.env HTTP/1.1" 404 6594 "-" "Mozilla/5.0 (Windows NT 10.0; Win64; x64) AppleWebKit/537.36"
5.181.131.162 - - [27/Apr/2026:22:37:41 +0000] "GET /blog/emdr-side-effects/ HTTP/1.1" 200 20944 "-" "Mozilla/5.0 (compatible; Googlebot/2.1; +http://www.google.com/bot.html)"
93.183.91.58 - - [27/Apr/2026:22:38:30 +0000] "GET /blog/emdr-side-effects/ HTTP/1.0" 200 86335 "http://articlebinder.com/blog/emdr-side-effects/" "Mozilla/5.0 (Windows NT 10.0; Win64; x64) AppleWebKit/537.36 (KHTML, like Gecko) Chrome/130.0.0.0 Safari/537.36 CCleaner/130.0.0.0"
93.183.91.58 - - [27/Apr/2026:22:38:32 +0000] "POST /blog/emdr-side-effects/ HTTP/1.0" 200 86262 "http://articlebinder.com/blog/emdr-side-effects/" "Mozilla/5.0 (Windows NT 10.0; Win64; x64) AppleWebKit/537.36 (KHTML, like Gecko) Chrome/130.0.0.0 Safari/537.36 CCleaner/130.0.0.0"
184.94.212.206 - - [27/Apr/2026:22:53:47 +0000] "POST /wp-cron.php?doing_wp_cron=1777330427.7403800487518310546875 HTTP/1.1" 200 - "-" "WordPress/6.9.4; https://articlebinder.com"
212.34.129.76 - - [27/Apr/2026:22:53:46 +0000] "GET /blog/emdr-side-effects/ HTTP/1.0" 200 86335 "http://articlebinder.com/blog/emdr-side-effects/" "Mozilla/5.0 (Windows NT 10.0; Win64; x64) AppleWebKit/537.36 (KHTML, like Gecko) Chrome/130.0.0.0 Safari/537.36 CCleaner/130.0.0.0"
212.34.129.76 - - [27/Apr/2026:22:53:48 +0000] "POST /blog/emdr-side-effects/ HTTP/1.0" 200 86262 "http://articlebinder.com/blog/emdr-side-effects/" "Mozilla/5.0 (Windows NT 10.0; Win64; x64) AppleWebKit/537.36 (KHTML, like Gecko) Chrome/130.0.0.0 Safari/537.36 CCleaner/130.0.0.0"
184.94.212.206 - - [27/Apr/2026:23:02:00 +0000] "POST /wp-cron.php?doing_wp_cron=1777330920.3159649372100830078125 HTTP/1.1" 200 - "-" "WordPress/6.9.4; https://articlebinder.com"
49.51.195.195 - - [27/Apr/2026:23:01:59 +0000] "GET / HTTP/1.1" 200 9506 "-" "Mozilla/5.0 (iPhone; CPU iPhone OS 13_2_3 like Mac OS X) AppleWebKit/605.1.15 (KHTML, like Gecko) Version/13.0.3 Mobile/15E148 Safari/604.1"
184.94.212.206 - - [27/Apr/2026:23:13:26 +0000] "POST /wp-cron.php?doing_wp_cron=1777331606.9167311191558837890625 HTTP/1.1" 200 - "-" "WordPress/6.9.4; https://articlebinder.com"
89.110.66.63 - - [27/Apr/2026:23:13:25 +0000] "GET /blog/emdr-side-effects/ HTTP/1.0" 200 86335 "http://articlebinder.com/blog/emdr-side-effects/" "Mozilla/5.0 (Windows NT 10.0; Win64; x64) AppleWebKit/537.36 (KHTML, like Gecko) Chrome/131.0.0.0 Safari/537.36 Avast/131.0.0.0"
89.110.66.63 - - [27/Apr/2026:23:13:27 +0000] "POST /blog/emdr-side-effects/ HTTP/1.0" 200 86262 "http://articlebinder.com/blog/emdr-side-effects/" "Mozilla/5.0 (Windows NT 10.0; Win64; x64) AppleWebKit/537.36 (KHTML, like Gecko) Chrome/131.0.0.0 Safari/537.36 Avast/131.0.0.0"
89.110.116.195 - - [27/Apr/2026:23:42:30 +0000] "GET /blog/emdr-side-effects/ HTTP/1.0" 200 86335 "http://articlebinder.com/blog/emdr-side-effects/" "Mozilla/5.0 (Windows NT 10.0; Win64; x64) AppleWebKit/537.36 (KHTML, like Gecko) Chrome/131.0.0.0 Safari/537.36 Avast/131.0.0.0"
89.110.116.195 - - [27/Apr/2026:23:42:32 +0000] "POST /blog/emdr-side-effects/ HTTP/1.0" 200 86262 "http://articlebinder.com/blog/emdr-side-effects/" "Mozilla/5.0 (Windows NT 10.0; Win64; x64) AppleWebKit/537.36 (KHTML, like Gecko) Chrome/131.0.0.0 Safari/537.36 Avast/131.0.0.0"
89.110.68.32 - - [28/Apr/2026:00:28:16 +0000] "GET /blog/emdr-side-effects/ HTTP/1.0" 200 86335 "http://articlebinder.com/blog/emdr-side-effects/" "Mozilla/5.0 (Windows NT 10.0; Win64; x64) AppleWebKit/537.36 (KHTML, like Gecko) Chrome/130.0.0.0 Safari/537.36 CCleaner/130.0.0.0"
89.110.68.32 - - [28/Apr/2026:00:28:17 +0000] "POST /blog/emdr-side-effects/ HTTP/1.0" 200 86262 "http://articlebinder.com/blog/emdr-side-effects/" "Mozilla/5.0 (Windows NT 10.0; Win64; x64) AppleWebKit/537.36 (KHTML, like Gecko) Chrome/130.0.0.0 Safari/537.36 CCleaner/130.0.0.0"
93.183.90.232 - - [28/Apr/2026:00:29:35 +0000] "GET /blog/emdr-side-effects/ HTTP/1.0" 200 86335 "http://articlebinder.com/blog/emdr-side-effects/" "Mozilla/5.0 (Windows NT 10.0; Win64; x64) AppleWebKit/537.36 (KHTML, like Gecko) Chrome/130.0.0.0 Safari/537.36"
93.183.90.232 - - [28/Apr/2026:00:29:37 +0000] "POST /blog/emdr-side-effects/ HTTP/1.0" 200 86262 "http://articlebinder.com/blog/emdr-side-effects/" "Mozilla/5.0 (Windows NT 10.0; Win64; x64) AppleWebKit/537.36 (KHTML, like Gecko) Chrome/130.0.0.0 Safari/537.36"
46.8.18.171 - - [28/Apr/2026:01:01:28 +0000] "GET /blog/emdr-side-effects/ HTTP/1.0" 200 86335 "http://articlebinder.com/blog/emdr-side-effects/" "Mozilla/5.0 (Windows NT 10.0; Win64; x64) AppleWebKit/537.36 (KHTML, like Gecko) Chrome/129.0.0.0 Safari/537.36"
46.8.18.171 - - [28/Apr/2026:01:01:31 +0000] "POST /blog/emdr-side-effects/ HTTP/1.0" 200 86262 "http://articlebinder.com/blog/emdr-side-effects/" "Mozilla/5.0 (Windows NT 10.0; Win64; x64) AppleWebKit/537.36 (KHTML, like Gecko) Chrome/129.0.0.0 Safari/537.36"
184.94.212.206 - - [28/Apr/2026:01:05:16 +0000] "POST /wp-cron.php?doing_wp_cron=1777338316.1014819145202636718750 HTTP/1.1" 200 - "-" "WordPress/6.9.4; https://articlebinder.com"
5.181.131.162 - - [28/Apr/2026:01:05:14 +0000] "GET /blog/emdr-side-effects/ HTTP/1.1" 200 20944 "-" "Mozilla/5.0 (compatible; Googlebot/2.1; +http://www.google.com/bot.html)"
45.148.10.159 - - [28/Apr/2026:01:07:13 +0000] "GET /.svn/wc.db HTTP/1.1" 404 23962 "-" "Mozilla/5.0"
45.148.10.159 - - [28/Apr/2026:01:07:15 +0000] "GET /.svn/entries HTTP/1.1" 404 23964 "-" "Mozilla/5.0"
45.148.10.159 - - [28/Apr/2026:01:07:41 +0000] "GET / HTTP/1.1" 200 38927 "-" "-"
45.148.10.159 - - [28/Apr/2026:01:07:49 +0000] "GET / HTTP/1.1" 200 38927 "-" "-"
45.148.10.159 - - [28/Apr/2026:01:07:57 +0000] "GET / HTTP/1.1" 200 38927 "-" "Mozilla/5.0 (Windows NT 10.0; Win64; x64) AppleWebKit/537.36"
45.148.10.159 - - [28/Apr/2026:01:08:08 +0000] "GET /_next/data/buildId/page.json?cmd=CihmdW5jdGlvbigpewoJdHJ5IHsKCQl2YXIgY21kID0gImVjaG8gVlVMTl9URVNUIjsKCQl2YXIgcmVzdWx0ID0gcmVxdWlyZSgnY2hpbGRfcHJvY2VzcycpLmV4ZWNTeW5jKGNtZCwge2VuY29kaW5nOiAndXRmOCd9KTsKCQlyZXR1cm4gYnRvYShyZXN1bHQpOwoJfSBjYXRjaChlKSB7CgkJcmV0dXJuIGJ0b2EoZS50b1N0cmluZygpKTsKCX0KfSkoKQo= HTTP/1.1" 404 24253 "-" "Mozilla/5.0 (Windows NT 10.0; Win64; x64) AppleWebKit/537.36"
45.148.10.159 - - [28/Apr/2026:01:08:09 +0000] "GET /_next/data/buildId/index.json?cmd=CihmdW5jdGlvbigpewoJdHJ5IHsKCQl2YXIgY21kID0gImVjaG8gVlVMTl9URVNUIjsKCQl2YXIgcmVzdWx0ID0gcmVxdWlyZSgnY2hpbGRfcHJvY2VzcycpLmV4ZWNTeW5jKGNtZCwge2VuY29kaW5nOiAndXRmOCd9KTsKCQlyZXR1cm4gYnRvYShyZXN1bHQpOwoJfSBjYXRjaChlKSB7CgkJcmV0dXJuIGJ0b2EoZS50b1N0cmluZygpKTsKCX0KfSkoKQo= HTTP/1.1" 404 24254 "-" "Mozilla/5.0 (Windows NT 10.0; Win64; x64) AppleWebKit/537.36"
45.148.10.159 - - [28/Apr/2026:01:08:10 +0000] "GET /api/endpoint?cmd=CihmdW5jdGlvbigpewoJdHJ5IHsKCQl2YXIgY21kID0gImVjaG8gVlVMTl9URVNUIjsKCQl2YXIgcmVzdWx0ID0gcmVxdWlyZSgnY2hpbGRfcHJvY2VzcycpLmV4ZWNTeW5jKGNtZCwge2VuY29kaW5nOiAndXRmOCd9KTsKCQlyZXR1cm4gYnRvYShyZXN1bHQpOwoJfSBjYXRjaChlKSB7CgkJcmV0dXJuIGJ0b2EoZS50b1N0cmluZygpKTsKCX0KfSkoKQo= HTTP/1.1" 404 24237 "-" "Mozilla/5.0 (Windows NT 10.0; Win64; x64) AppleWebKit/537.36"
45.148.10.159 - - [28/Apr/2026:01:08:11 +0000] "GET /_next/static/chunks/pages/?cmd=CihmdW5jdGlvbigpewoJdHJ5IHsKCQl2YXIgY21kID0gImVjaG8gVlVMTl9URVNUIjsKCQl2YXIgcmVzdWx0ID0gcmVxdWlyZSgnY2hpbGRfcHJvY2VzcycpLmV4ZWNTeW5jKGNtZCwge2VuY29kaW5nOiAndXRmOCd9KTsKCQlyZXR1cm4gYnRvYShyZXN1bHQpOwoJfSBjYXRjaChlKSB7CgkJcmV0dXJuIGJ0b2EoZS50b1N0cmluZygpKTsKCX0KfSkoKQo= HTTP/1.1" 404 24251 "-" "Mozilla/5.0 (Windows NT 10.0; Win64; x64) AppleWebKit/537.36"
45.148.10.159 - - [28/Apr/2026:01:08:23 +0000] "GET /api/%5B%5B...slug%5D%5D?cmd=CihmdW5jdGlvbigpewoJdHJ5IHsKCQl2YXIgY21kID0gImVjaG8gVlVMTl9URVNUIjsKCQl2YXIgcmVzdWx0ID0gcmVxdWlyZSgnY2hpbGRfcHJvY2VzcycpLmV4ZWNTeW5jKGNtZCwge2VuY29kaW5nOiAndXRmOCd9KTsKCQlyZXR1cm4gYnRvYShyZXN1bHQpOwoJfSBjYXRjaChlKSB7CgkJcmV0dXJuIGJ0b2EoZS50b1N0cmluZygpKTsKCX0KfSkoKQo= HTTP/1.1" 404 24236 "-" "Mozilla/5.0 (Windows NT 10.0; Win64; x64) AppleWebKit/537.36"
45.148.10.159 - - [28/Apr/2026:01:08:27 +0000] "GET /?param=test?cmd=CihmdW5jdGlvbigpewoJdHJ5IHsKCQl2YXIgY21kID0gImVjaG8gVlVMTl9URVNUIjsKCQl2YXIgcmVzdWx0ID0gcmVxdWlyZSgnY2hpbGRfcHJvY2VzcycpLmV4ZWNTeW5jKGNtZCwge2VuY29kaW5nOiAndXRmOCd9KTsKCQlyZXR1cm4gYnRvYShyZXN1bHQpOwoJfSBjYXRjaChlKSB7CgkJcmV0dXJuIGJ0b2EoZS50b1N0cmluZygpKTsKCX0KfSkoKQo= HTTP/1.1" 200 38927 "-" "Mozilla/5.0 (Windows NT 10.0; Win64; x64) AppleWebKit/537.36"
45.148.10.159 - - [28/Apr/2026:01:08:28 +0000] "GET /_next/data/buildId/home.json?cmd=CihmdW5jdGlvbigpewoJdHJ5IHsKCQl2YXIgY21kID0gImVjaG8gVlVMTl9URVNUIjsKCQl2YXIgcmVzdWx0ID0gcmVxdWlyZSgnY2hpbGRfcHJvY2VzcycpLmV4ZWNTeW5jKGNtZCwge2VuY29kaW5nOiAndXRmOCd9KTsKCQlyZXR1cm4gYnRvYShyZXN1bHQpOwoJfSBjYXRjaChlKSB7CgkJcmV0dXJuIGJ0b2EoZS50b1N0cmluZygpKTsKCX0KfSkoKQo= HTTP/1.1" 404 24253 "-" "Mozilla/5.0 (Windows NT 10.0; Win64; x64) AppleWebKit/537.36"
45.148.10.159 - - [28/Apr/2026:01:08:29 +0000] "GET /api/test?cmd=CihmdW5jdGlvbigpewoJdHJ5IHsKCQl2YXIgY21kID0gImVjaG8gVlVMTl9URVNUIjsKCQl2YXIgcmVzdWx0ID0gcmVxdWlyZSgnY2hpbGRfcHJvY2VzcycpLmV4ZWNTeW5jKGNtZCwge2VuY29kaW5nOiAndXRmOCd9KTsKCQlyZXR1cm4gYnRvYShyZXN1bHQpOwoJfSBjYXRjaChlKSB7CgkJcmV0dXJuIGJ0b2EoZS50b1N0cmluZygpKTsKCX0KfSkoKQo= HTTP/1.1" 404 24233 "-" "Mozilla/5.0 (Windows NT 10.0; Win64; x64) AppleWebKit/537.36"
45.148.10.159 - - [28/Apr/2026:01:08:33 +0000] "GET /_next/data/buildId/page.json?param=CihmdW5jdGlvbigpewoJdHJ5IHsKCQl2YXIgY21kID0gImVjaG8gXFwnVlVMTl9URVNUXFwnIjsKCQl2YXIgcmVzdWx0ID0gcmVxdWlyZSgnY2hpbGRfcHJvY2VzcycpLmV4ZWNTeW5jKGNtZCwge2VuY29kaW5nOiAndXRmOCd9KTsKCQlyZXR1cm4gYnRvYShyZXN1bHQpOwoJfSBjYXRjaChlKSB7CgkJcmV0dXJuIGJ0b2EoZS50b1N0cmluZygpKTsKCX0KfSkoKQo= HTTP/1.1" 404 24263 "-" "Mozilla/5.0 (Windows NT 10.0; Win64; x64) AppleWebKit/537.36"
45.148.10.159 - - [28/Apr/2026:01:08:44 +0000] "GET / HTTP/1.1" 200 38927 "-" "Mozilla/5.0 (Windows NT 6.1; Win64; x64; rv:47.0) Gecko/20100101 Firefox/47.0"
45.148.10.159 - - [28/Apr/2026:01:08:49 +0000] "GET /wp-content/themes/the-bootstrap-blog/inc/bootstrap/js/popper.min.js HTTP/1.1" 200 18998 "-" "Mozilla/5.0 (Windows NT 6.1; Win64; x64; rv:47.0) Gecko/20100101 Firefox/47.0"
45.148.10.159 - - [28/Apr/2026:01:08:56 +0000] "GET /wp-content/themes/the-bootstrap-blog/inc/bootstrap/js/bootstrap.min.js HTTP/1.1" 200 63426 "-" "Mozilla/5.0 (Windows NT 6.1; Win64; x64; rv:47.0) Gecko/20100101 Firefox/47.0"
45.148.10.159 - - [28/Apr/2026:01:08:56 +0000] "GET / HTTP/1.1" 200 38927 "-" "Mozilla/5.0 (Windows NT 6.1; Win64; x64; rv:47.0) Gecko/20100101 Firefox/47.0"
184.94.212.206 - - [28/Apr/2026:01:09:16 +0000] "POST /wp-cron.php?doing_wp_cron=1777338556.3236689567565917968750 HTTP/1.1" 200 - "-" "WordPress/6.9.4; https://articlebinder.com"
45.148.10.159 - - [28/Apr/2026:01:09:15 +0000] "GET /wp-content/themes/the-bootstrap-blog/inc/bootstrap/js/popper.js HTTP/1.1" 404 23960 "-" "Mozilla/5.0 (Windows NT 6.1; Win64; x64; rv:47.0) Gecko/20100101 Firefox/47.0"
45.148.10.159 - - [28/Apr/2026:01:09:26 +0000] "GET /.env HTTP/1.1" 404 23956 "-" "Mozilla/5.0 (Windows NT 6.1; Win64; x64; rv:47.0) Gecko/20100101 Firefox/47.0"
45.148.10.159 - - [28/Apr/2026:01:09:30 +0000] "GET /.env HTTP/1.1" 404 23956 "-" "Mozilla/5.0 (Windows NT 6.1; Win64; x64; rv:47.0) Gecko/20100101 Firefox/47.0"
45.148.10.159 - - [28/Apr/2026:01:09:30 +0000] "GET /.env HTTP/1.1" 404 23956 "-" "Mozilla/5.0 (Windows NT 6.1; Win64; x64; rv:47.0) Gecko/20100101 Firefox/47.0"
184.94.212.206 - - [28/Apr/2026:01:09:42 +0000] "POST /wp-cron.php?doing_wp_cron=1777338582.4341759681701660156250 HTTP/1.1" 200 - "-" "WordPress/6.9.4; https://articlebinder.com"
45.148.10.159 - - [28/Apr/2026:01:09:41 +0000] "GET /phpinfo HTTP/1.1" 404 23959 "-" "Mozilla/5.0 (Windows NT 6.1; Win64; x64; rv:47.0) Gecko/20100101 Firefox/47.0"
45.148.10.159 - - [28/Apr/2026:01:09:42 +0000] "GET /phpinfo HTTP/1.1" 404 23959 "-" "Mozilla/5.0 (Windows NT 6.1; Win64; x64; rv:47.0) Gecko/20100101 Firefox/47.0"
45.148.10.159 - - [28/Apr/2026:01:09:47 +0000] "GET /phpinfo.php HTTP/1.1" 404 23963 "-" "Mozilla/5.0 (Windows NT 6.1; Win64; x64; rv:47.0) Gecko/20100101 Firefox/47.0"
45.148.10.159 - - [28/Apr/2026:01:09:48 +0000] "GET /portal/.env HTTP/1.1" 404 23963 "-" "Mozilla/5.0 (Windows NT 6.1; Win64; x64; rv:47.0) Gecko/20100101 Firefox/47.0"
45.148.10.159 - - [28/Apr/2026:01:09:54 +0000] "GET /env/.env HTTP/1.1" 404 23960 "-" "Mozilla/5.0 (Windows NT 6.1; Win64; x64; rv:47.0) Gecko/20100101 Firefox/47.0"
45.148.10.159 - - [28/Apr/2026:01:10:00 +0000] "GET /api/.env HTTP/1.1" 404 23960 "-" "Mozilla/5.0 (Windows NT 6.1; Win64; x64; rv:47.0) Gecko/20100101 Firefox/47.0"
45.148.10.159 - - [28/Apr/2026:01:10:07 +0000] "GET /api/.env HTTP/1.1" 404 23960 "-" "Mozilla/5.0 (Windows NT 6.1; Win64; x64; rv:47.0) Gecko/20100101 Firefox/47.0"
45.148.10.159 - - [28/Apr/2026:01:10:09 +0000] "GET /api/.env HTTP/1.1" 404 23960 "-" "Mozilla/5.0 (Windows NT 6.1; Win64; x64; rv:47.0) Gecko/20100101 Firefox/47.0"
45.148.10.159 - - [28/Apr/2026:01:10:11 +0000] "GET /app/.env HTTP/1.1" 404 23960 "-" "Mozilla/5.0 (Windows NT 6.1; Win64; x64; rv:47.0) Gecko/20100101 Firefox/47.0"
45.148.10.159 - - [28/Apr/2026:01:10:12 +0000] "GET /dev/.env HTTP/1.1" 404 23960 "-" "Mozilla/5.0 (Windows NT 6.1; Win64; x64; rv:47.0) Gecko/20100101 Firefox/47.0"
45.148.10.159 - - [28/Apr/2026:01:10:18 +0000] "GET /new/.env HTTP/1.1" 404 23960 "-" "Mozilla/5.0 (Windows NT 6.1; Win64; x64; rv:47.0) Gecko/20100101 Firefox/47.0"
45.148.10.159 - - [28/Apr/2026:01:10:20 +0000] "GET /new/.env HTTP/1.1" 404 23960 "-" "Mozilla/5.0 (Windows NT 6.1; Win64; x64; rv:47.0) Gecko/20100101 Firefox/47.0"
184.94.212.206 - - [28/Apr/2026:01:10:25 +0000] "POST /wp-cron.php?doing_wp_cron=1777338625.4867999553680419921875 HTTP/1.1" 200 - "-" "WordPress/6.9.4; https://articlebinder.com"
45.148.10.159 - - [28/Apr/2026:01:10:24 +0000] "GET /new/.env.local HTTP/1.1" 404 23966 "-" "Mozilla/5.0 (Windows NT 6.1; Win64; x64; rv:47.0) Gecko/20100101 Firefox/47.0"
45.148.10.159 - - [28/Apr/2026:01:10:29 +0000] "GET /new/.env.production HTTP/1.1" 404 23971 "-" "Mozilla/5.0 (Windows NT 6.1; Win64; x64; rv:47.0) Gecko/20100101 Firefox/47.0"
45.148.10.159 - - [28/Apr/2026:01:10:30 +0000] "GET /new/.env.staging HTTP/1.1" 404 23968 "-" "Mozilla/5.0 (Windows NT 6.1; Win64; x64; rv:47.0) Gecko/20100101 Firefox/47.0"
45.148.10.159 - - [28/Apr/2026:01:10:31 +0000] "GET /_phpinfo.php HTTP/1.1" 404 23964 "-" "Mozilla/5.0 (Windows NT 6.1; Win64; x64; rv:47.0) Gecko/20100101 Firefox/47.0"
45.148.10.159 - - [28/Apr/2026:01:10:37 +0000] "GET /_profiler/phpinfo HTTP/1.1" 404 23969 "-" "Mozilla/5.0 (Windows NT 6.1; Win64; x64; rv:47.0) Gecko/20100101 Firefox/47.0"
45.148.10.159 - - [28/Apr/2026:01:10:38 +0000] "GET /_profiler/phpinfo/info.php HTTP/1.1" 404 23978 "-" "Mozilla/5.0 (Windows NT 6.1; Win64; x64; rv:47.0) Gecko/20100101 Firefox/47.0"
45.148.10.159 - - [28/Apr/2026:01:10:38 +0000] "GET /_profiler/phpinfo/phpinfo.php HTTP/1.1" 404 23981 "-" "Mozilla/5.0 (Windows NT 6.1; Win64; x64; rv:47.0) Gecko/20100101 Firefox/47.0"
45.148.10.159 - - [28/Apr/2026:01:10:40 +0000] "GET /wp-config HTTP/1.1" 404 23961 "-" "Mozilla/5.0 (Windows NT 6.1; Win64; x64; rv:47.0) Gecko/20100101 Firefox/47.0"
45.148.10.159 - - [28/Apr/2026:01:10:41 +0000] "GET /aws-secret.yaml HTTP/1.1" 404 23967 "-" "Mozilla/5.0 (Windows NT 6.1; Win64; x64; rv:47.0) Gecko/20100101 Firefox/47.0"
45.148.10.159 - - [28/Apr/2026:01:10:42 +0000] "GET /awstats/.env HTTP/1.1" 404 23964 "-" "Mozilla/5.0 (Windows NT 6.1; Win64; x64; rv:47.0) Gecko/20100101 Firefox/47.0"
45.148.10.159 - - [28/Apr/2026:01:10:47 +0000] "GET /conf/.env HTTP/1.1" 404 23961 "-" "Mozilla/5.0 (Windows NT 6.1; Win64; x64; rv:47.0) Gecko/20100101 Firefox/47.0"
45.148.10.159 - - [28/Apr/2026:01:10:52 +0000] "GET /cron/.env HTTP/1.1" 404 23961 "-" "Mozilla/5.0 (Windows NT 6.1; Win64; x64; rv:47.0) Gecko/20100101 Firefox/47.0"
45.148.10.159 - - [28/Apr/2026:01:10:56 +0000] "GET /www/.env HTTP/1.1" 404 23960 "-" "Mozilla/5.0 (Windows NT 6.1; Win64; x64; rv:47.0) Gecko/20100101 Firefox/47.0"
45.148.10.159 - - [28/Apr/2026:01:11:00 +0000] "GET /docker/.env HTTP/1.1" 404 23963 "-" "Mozilla/5.0 (Windows NT 6.1; Win64; x64; rv:47.0) Gecko/20100101 Firefox/47.0"
45.148.10.159 - - [28/Apr/2026:01:11:00 +0000] "GET /docker/app/.env HTTP/1.1" 404 23967 "-" "Mozilla/5.0 (Windows NT 6.1; Win64; x64; rv:47.0) Gecko/20100101 Firefox/47.0"
45.148.10.159 - - [28/Apr/2026:01:11:01 +0000] "GET /env.backup HTTP/1.1" 404 23962 "-" "Mozilla/5.0 (Windows NT 6.1; Win64; x64; rv:47.0) Gecko/20100101 Firefox/47.0"
45.148.10.159 - - [28/Apr/2026:01:11:05 +0000] "GET /xampp/phpinfo.php HTTP/1.1" 404 23969 "-" "Mozilla/5.0 (Windows NT 6.1; Win64; x64; rv:47.0) Gecko/20100101 Firefox/47.0"
45.148.10.159 - - [28/Apr/2026:01:11:11 +0000] "GET /xampp/phpinfo.php HTTP/1.1" 404 23969 "-" "Mozilla/5.0 (Windows NT 6.1; Win64; x64; rv:47.0) Gecko/20100101 Firefox/47.0"
45.148.10.159 - - [28/Apr/2026:01:11:12 +0000] "GET /lara/info.php HTTP/1.1" 404 23965 "-" "Mozilla/5.0 (Windows NT 6.1; Win64; x64; rv:47.0) Gecko/20100101 Firefox/47.0"
45.148.10.159 - - [28/Apr/2026:01:11:17 +0000] "GET /lara/phpinfo.php HTTP/1.1" 404 23968 "-" "Mozilla/5.0 (Windows NT 6.1; Win64; x64; rv:47.0) Gecko/20100101 Firefox/47.0"
45.148.10.159 - - [28/Apr/2026:01:11:22 +0000] "GET /lara/phpinfo.php HTTP/1.1" 404 23968 "-" "Mozilla/5.0 (Windows NT 6.1; Win64; x64; rv:47.0) Gecko/20100101 Firefox/47.0"
45.148.10.159 - - [28/Apr/2026:01:11:26 +0000] "GET /lara/phpinfo.php HTTP/1.1" 404 23968 "-" "Mozilla/5.0 (Windows NT 6.1; Win64; x64; rv:47.0) Gecko/20100101 Firefox/47.0"
45.148.10.159 - - [28/Apr/2026:01:11:26 +0000] "GET /lara/phpinfo.php HTTP/1.1" 404 23968 "-" "Mozilla/5.0 (Windows NT 6.1; Win64; x64; rv:47.0) Gecko/20100101 Firefox/47.0"
45.148.10.159 - - [28/Apr/2026:01:11:30 +0000] "GET /laravel/info.php HTTP/1.1" 404 23968 "-" "Mozilla/5.0 (Windows NT 6.1; Win64; x64; rv:47.0) Gecko/20100101 Firefox/47.0"
45.148.10.159 - - [28/Apr/2026:01:11:37 +0000] "GET /.vscode/.env HTTP/1.1" 404 23964 "-" "Mozilla/5.0 (Windows NT 6.1; Win64; x64; rv:47.0) Gecko/20100101 Firefox/47.0"
45.148.10.159 - - [28/Apr/2026:01:11:38 +0000] "GET /js/.env HTTP/1.1" 404 23959 "-" "Mozilla/5.0 (Windows NT 6.1; Win64; x64; rv:47.0) Gecko/20100101 Firefox/47.0"
45.148.10.159 - - [28/Apr/2026:01:11:41 +0000] "GET /laravel/.env HTTP/1.1" 404 23964 "-" "Mozilla/5.0 (Windows NT 6.1; Win64; x64; rv:47.0) Gecko/20100101 Firefox/47.0"
45.148.10.159 - - [28/Apr/2026:01:11:42 +0000] "GET /laravel/core/.env HTTP/1.1" 404 23969 "-" "Mozilla/5.0 (Windows NT 6.1; Win64; x64; rv:47.0) Gecko/20100101 Firefox/47.0"
45.148.10.159 - - [28/Apr/2026:01:11:47 +0000] "GET /mail/.env HTTP/1.1" 404 23961 "-" "Mozilla/5.0 (Windows NT 6.1; Win64; x64; rv:47.0) Gecko/20100101 Firefox/47.0"
45.148.10.159 - - [28/Apr/2026:01:11:48 +0000] "GET /mailer/.env HTTP/1.1" 404 23963 "-" "Mozilla/5.0 (Windows NT 6.1; Win64; x64; rv:47.0) Gecko/20100101 Firefox/47.0"
45.148.10.159 - - [28/Apr/2026:01:11:49 +0000] "GET /nginx/.env HTTP/1.1" 404 23962 "-" "Mozilla/5.0 (Windows NT 6.1; Win64; x64; rv:47.0) Gecko/20100101 Firefox/47.0"
45.148.10.159 - - [28/Apr/2026:01:11:56 +0000] "GET /public/.env HTTP/1.1" 404 23963 "-" "Mozilla/5.0 (Windows NT 6.1; Win64; x64; rv:47.0) Gecko/20100101 Firefox/47.0"
45.148.10.159 - - [28/Apr/2026:01:11:57 +0000] "GET /site/.env HTTP/1.1" 404 23961 "-" "Mozilla/5.0 (Windows NT 6.1; Win64; x64; rv:47.0) Gecko/20100101 Firefox/47.0"
45.148.10.159 - - [28/Apr/2026:01:11:58 +0000] "GET /xampp/.env HTTP/1.1" 404 23962 "-" "Mozilla/5.0 (Windows NT 6.1; Win64; x64; rv:47.0) Gecko/20100101 Firefox/47.0"
45.148.10.159 - - [28/Apr/2026:01:12:00 +0000] "GET /main/.env HTTP/1.1" 404 23961 "-" "Mozilla/5.0 (Windows NT 6.1; Win64; x64; rv:47.0) Gecko/20100101 Firefox/47.0"
45.148.10.159 - - [28/Apr/2026:01:12:01 +0000] "GET /node_modules/.env HTTP/1.1" 404 23969 "-" "Mozilla/5.0 (Windows NT 6.1; Win64; x64; rv:47.0) Gecko/20100101 Firefox/47.0"
45.148.10.159 - - [28/Apr/2026:01:12:02 +0000] "GET /kyc/.env HTTP/1.1" 404 23960 "-" "Mozilla/5.0 (Windows NT 6.1; Win64; x64; rv:47.0) Gecko/20100101 Firefox/47.0"
45.148.10.159 - - [28/Apr/2026:01:12:03 +0000] "GET /admin/.env HTTP/1.1" 404 23962 "-" "Mozilla/5.0 (Windows NT 6.1; Win64; x64; rv:47.0) Gecko/20100101 Firefox/47.0"
45.148.10.159 - - [28/Apr/2026:01:12:04 +0000] "GET /prod/.env HTTP/1.1" 404 23961 "-" "Mozilla/5.0 (Windows NT 6.1; Win64; x64; rv:47.0) Gecko/20100101 Firefox/47.0"
45.148.10.159 - - [28/Apr/2026:01:12:04 +0000] "GET /.env.bak HTTP/1.1" 404 23960 "-" "Mozilla/5.0 (Windows NT 6.1; Win64; x64; rv:47.0) Gecko/20100101 Firefox/47.0"
45.148.10.159 - - [28/Apr/2026:01:12:07 +0000] "GET /api/shared/config/config.env HTTP/1.1" 404 23980 "-" "Mozilla/5.0 (Windows NT 6.1; Win64; x64; rv:47.0) Gecko/20100101 Firefox/47.0"
45.148.10.159 - - [28/Apr/2026:01:12:08 +0000] "GET /api/shared/config.env HTTP/1.1" 404 23973 "-" "Mozilla/5.0 (Windows NT 6.1; Win64; x64; rv:47.0) Gecko/20100101 Firefox/47.0"
184.94.212.206 - - [28/Apr/2026:01:14:31 +0000] "POST /wp-cron.php?doing_wp_cron=1777338871.7150900363922119140625 HTTP/1.1" 200 - "-" "WordPress/6.9.4; https://articlebinder.com"
192.0.91.228 - - [28/Apr/2026:01:14:30 +0000] "HEAD / HTTP/1.1" 200 - "-" "jetmon/1.0 (Jetpack Site Uptime Monitor by WordPress.com)"
184.94.212.206 - - [28/Apr/2026:01:19:29 +0000] "POST /wp-cron.php?doing_wp_cron=1777339169.5086939334869384765625 HTTP/1.1" 200 - "-" "WordPress/6.9.4; https://articlebinder.com"
192.0.91.228 - - [28/Apr/2026:01:19:28 +0000] "HEAD / HTTP/1.1" 200 - "-" "jetmon/1.0 (Jetpack Site Uptime Monitor by WordPress.com)"
184.94.212.206 - - [28/Apr/2026:01:35:43 +0000] "POST /wp-cron.php?doing_wp_cron=1777340143.0744049549102783203125 HTTP/1.1" 200 - "-" "WordPress/6.9.4; https://articlebinder.com"
31.173.80.215 - - [28/Apr/2026:01:35:41 +0000] "GET /blog/emdr-side-effects/ HTTP/1.0" 200 86335 "http://articlebinder.com/blog/emdr-side-effects/" "Mozilla/5.0 (Windows NT 10.0; Win64; x64) AppleWebKit/537.36 (KHTML, like Gecko) Chrome/130.0.0.0 Safari/537.36"
149.202.84.95 - - [28/Apr/2026:01:36:04 +0000] "GET / HTTP/1.1" 200 9506 "-" "Mozilla/5.0 (Windows NT 10.0; Win64; x64) AppleWebKit/537.36 (KHTML, like Gecko) Chrome/145.0.0.0 Safari/537.36 Edg/145.0.0.0"
149.202.84.95 - - [28/Apr/2026:01:36:07 +0000] "GET /wp-login.php?action=register HTTP/1.1" 200 4372 "http://ARTICLEBINDER.COM" "Mozilla/5.0 (Windows NT 6.3; Win64; x64) AppleWebKit/537.36 (KHTML, like Gecko) Chrome/103.0.0.0 Safari/537.36"
149.202.84.95 - - [28/Apr/2026:01:36:08 +0000] "GET /wp-login.php?action=register HTTP/1.1" 200 4372 "http://articlebinder.com/wp-login.php?action=register" "Mozilla/5.0 (Windows NT 6.3; Win64; x64) AppleWebKit/537.36 (KHTML, like Gecko) Chrome/103.0.0.0 Safari/537.36"
149.202.84.95 - - [28/Apr/2026:01:36:16 +0000] "POST /wp-login.php?jetpack-protect-recovery=true HTTP/1.1" 200 4331 "http://articlebinder.com/wp-login.php?action=register" "Mozilla/5.0 (Windows NT 6.3; Win64; x64) AppleWebKit/537.36 (KHTML, like Gecko) Chrome/103.0.0.0 Safari/537.36"
184.94.212.206 - - [28/Apr/2026:01:59:04 +0000] "POST /wp-cron.php?doing_wp_cron=1777341544.9479539394378662109375 HTTP/1.1" 200 - "-" "WordPress/6.9.4; https://articlebinder.com"
145.223.130.84 - - [28/Apr/2026:01:59:03 +0000] "GET /feeds/s_cats.php?id=626&amp%3Bsc= HTTP/1.1" 301 - "-" "Mozilla/5.0 (Macintosh; Intel Mac OS X 13_5) AppleWebKit/605.1.15 (KHTML, like Gecko) Version/17.0 Safari/170.1"
145.223.130.84 - - [28/Apr/2026:01:59:05 +0000] "GET /feeds/s_cats.php?id=626&amp%3Bsc= HTTP/1.1" 404 6614 "-" "Mozilla/5.0 (Macintosh; Intel Mac OS X 13_5) AppleWebKit/605.1.15 (KHTML, like Gecko) Version/17.0 Safari/170.1"
184.94.212.206 - - [28/Apr/2026:02:04:59 +0000] "POST /wp-cron.php?doing_wp_cron=1777341899.2587819099426269531250 HTTP/1.1" 200 - "-" "WordPress/6.9.4; https://articlebinder.com"
91.172.54.203 - - [28/Apr/2026:02:04:58 +0000] "GET //wp-json/wp/v2/posts HTTP/1.0" 200 19829 "-" "Mozilla/5.0 (Windows NT 10.0; Win64; x64) AppleWebKit/537.36 (KHTML, like Gecko) Chrome/120.0.0.0 Safari/537.36"
149.202.84.95 - - [28/Apr/2026:02:38:36 +0000] "GET / HTTP/1.1" 200 9505 "-" "Mozilla/5.0 (X11; Linux x86_64) AppleWebKit/537.36 (KHTML, like Gecko) Chrome/125.0.0.0 Safari/537.36"
149.202.84.95 - - [28/Apr/2026:02:38:40 +0000] "GET /wp-login.php?action=register HTTP/1.1" 200 4372 "http://ARTICLEBINDER.COM" "Mozilla/5.0 (Windows NT 6.3; Win64; x64) AppleWebKit/537.36 (KHTML, like Gecko) Chrome/103.0.0.0 Safari/537.36"
149.202.84.95 - - [28/Apr/2026:02:38:41 +0000] "GET /wp-login.php?action=register HTTP/1.1" 200 4372 "http://articlebinder.com/wp-login.php?action=register" "Mozilla/5.0 (Windows NT 6.3; Win64; x64) AppleWebKit/537.36 (KHTML, like Gecko) Chrome/103.0.0.0 Safari/537.36"
149.202.84.95 - - [28/Apr/2026:02:38:51 +0000] "POST /wp-login.php?jetpack-protect-recovery=true HTTP/1.1" 200 4331 "http://articlebinder.com/wp-login.php?action=register" "Mozilla/5.0 (Windows NT 6.3; Win64; x64) AppleWebKit/537.36 (KHTML, like Gecko) Chrome/103.0.0.0 Safari/537.36"
184.94.212.206 - - [28/Apr/2026:02:49:52 +0000] "POST /wp-cron.php?doing_wp_cron=1777344592.9196679592132568359375 HTTP/1.1" 200 - "-" "WordPress/6.9.4; https://articlebinder.com"
131.222.210.170 - - [28/Apr/2026:02:49:51 +0000] "GET /wp-json/wp/v2/posts HTTP/1.1" 200 19829 "-" "Mozilla/5.0 (Windows NT 10.0; Win64; x64) AppleWebKit/537.36 (KHTML, like Gecko) Chrome/120.0.0.0 Safari/537.36"
