20.92.73.174 - - [27/Apr/2026:16:05:30 +0000] "GET /wp-content/uploads/ HTTP/1.1" 404 6590 "-" "Mozilla/5.0 (Windows NT 10.0; Win64; x64) AppleWebKit/537.36 (KHTML, like Gecko) Chrome/120.0.0.0 Safari/537.36"
20.92.73.174 - - [27/Apr/2026:16:05:31 +0000] "GET /wp-content/themes/admin.php HTTP/1.1" 404 6593 "-" "Mozilla/5.0 (Windows NT 10.0; Win64; x64) AppleWebKit/537.36 (KHTML, like Gecko) Chrome/120.0.0.0 Safari/537.36"
20.92.73.174 - - [27/Apr/2026:16:05:31 +0000] "GET /wp-content/themes/index.php HTTP/1.1" 301 - "-" "Mozilla/5.0 (Windows NT 10.0; Win64; x64) AppleWebKit/537.36 (KHTML, like Gecko) Chrome/120.0.0.0 Safari/537.36"
20.92.73.174 - - [27/Apr/2026:16:05:32 +0000] "GET /wp-content/plugins/index.php HTTP/1.1" 301 - "-" "Mozilla/5.0 (Windows NT 10.0; Win64; x64) AppleWebKit/537.36 (KHTML, like Gecko) Chrome/120.0.0.0 Safari/537.36"
20.92.73.174 - - [27/Apr/2026:16:05:33 +0000] "GET /wp-includes/PHPMailer/ HTTP/1.1" 404 6600 "-" "Mozilla/5.0 (Windows NT 10.0; Win64; x64) AppleWebKit/537.36 (KHTML, like Gecko) Chrome/120.0.0.0 Safari/537.36"
20.92.73.174 - - [27/Apr/2026:16:05:34 +0000] "GET /wp-includes/images/ HTTP/1.1" 404 6593 "-" "Mozilla/5.0 (Windows NT 10.0; Win64; x64) AppleWebKit/537.36 (KHTML, like Gecko) Chrome/120.0.0.0 Safari/537.36"
20.92.73.174 - - [27/Apr/2026:16:05:35 +0000] "GET /wp-content/plugins/WordPressCore/ HTTP/1.1" 404 6602 "-" "Mozilla/5.0 (Windows NT 10.0; Win64; x64) AppleWebKit/537.36 (KHTML, like Gecko) Chrome/120.0.0.0 Safari/537.36"
4.217.194.63 - - [27/Apr/2026:16:06:39 +0000] "GET /inputs.php HTTP/1.1" 404 6595 "-" "Mozilla/5.0 (Windows NT 10.0; Win64; x64) AppleWebKit/537.36 (KHTML, like Gecko) Chrome/120.0.0.0 Safari/537.36"
4.217.194.63 - - [27/Apr/2026:16:06:40 +0000] "GET /ioxi-o.php HTTP/1.1" 404 6596 "-" "Mozilla/5.0 (Windows NT 10.0; Win64; x64) AppleWebKit/537.36 (KHTML, like Gecko) Chrome/120.0.0.0 Safari/537.36"
4.217.194.63 - - [27/Apr/2026:16:06:41 +0000] "GET /function/function.php HTTP/1.1" 404 6596 "-" "Mozilla/5.0 (Windows NT 10.0; Win64; x64) AppleWebKit/537.36 (KHTML, like Gecko) Chrome/120.0.0.0 Safari/537.36"
4.217.194.63 - - [27/Apr/2026:16:06:42 +0000] "GET /rip.php HTTP/1.1" 404 6593 "-" "Mozilla/5.0 (Windows NT 10.0; Win64; x64) AppleWebKit/537.36 (KHTML, like Gecko) Chrome/120.0.0.0 Safari/537.36"
4.217.194.63 - - [27/Apr/2026:16:06:43 +0000] "GET /admin.php HTTP/1.1" 404 6594 "-" "Mozilla/5.0 (Windows NT 10.0; Win64; x64) AppleWebKit/537.36 (KHTML, like Gecko) Chrome/120.0.0.0 Safari/537.36"
4.217.194.63 - - [27/Apr/2026:16:06:44 +0000] "GET /wp-content/uploads/index.php HTTP/1.1" 301 - "-" "Mozilla/5.0 (Windows NT 10.0; Win64; x64) AppleWebKit/537.36 (KHTML, like Gecko) Chrome/120.0.0.0 Safari/537.36"
4.217.194.63 - - [27/Apr/2026:16:06:45 +0000] "GET /cache.php HTTP/1.1" 404 6595 "-" "Mozilla/5.0 (Windows NT 10.0; Win64; x64) AppleWebKit/537.36 (KHTML, like Gecko) Chrome/120.0.0.0 Safari/537.36"
4.217.194.63 - - [27/Apr/2026:16:06:45 +0000] "GET /themes.php HTTP/1.1" 404 6594 "-" "Mozilla/5.0 (Windows NT 10.0; Win64; x64) AppleWebKit/537.36 (KHTML, like Gecko) Chrome/120.0.0.0 Safari/537.36"
4.217.194.63 - - [27/Apr/2026:16:06:46 +0000] "GET /an.php HTTP/1.1" 404 6593 "-" "Mozilla/5.0 (Windows NT 10.0; Win64; x64) AppleWebKit/537.36 (KHTML, like Gecko) Chrome/120.0.0.0 Safari/537.36"
4.217.194.63 - - [27/Apr/2026:16:06:47 +0000] "GET /index/function.php HTTP/1.1" 404 6597 "-" "Mozilla/5.0 (Windows NT 10.0; Win64; x64) AppleWebKit/537.36 (KHTML, like Gecko) Chrome/120.0.0.0 Safari/537.36"
4.217.194.63 - - [27/Apr/2026:16:06:48 +0000] "GET /randkeyword.PhP7 HTTP/1.1" 404 6604 "-" "Mozilla/5.0 (Windows NT 10.0; Win64; x64) AppleWebKit/537.36 (KHTML, like Gecko) Chrome/120.0.0.0 Safari/537.36"
4.217.194.63 - - [27/Apr/2026:16:06:49 +0000] "GET /ws.php HTTP/1.1" 404 6593 "-" "Mozilla/5.0 (Windows NT 10.0; Win64; x64) AppleWebKit/537.36 (KHTML, like Gecko) Chrome/120.0.0.0 Safari/537.36"
4.217.194.63 - - [27/Apr/2026:16:06:50 +0000] "GET /404.php HTTP/1.1" 404 6594 "-" "Mozilla/5.0 (Windows NT 10.0; Win64; x64) AppleWebKit/537.36 (KHTML, like Gecko) Chrome/120.0.0.0 Safari/537.36"
4.217.194.63 - - [27/Apr/2026:16:06:51 +0000] "GET /wp-admin/user.php HTTP/1.1" 404 6597 "-" "Mozilla/5.0 (Windows NT 10.0; Win64; x64) AppleWebKit/537.36 (KHTML, like Gecko) Chrome/120.0.0.0 Safari/537.36"
4.217.194.63 - - [27/Apr/2026:16:06:52 +0000] "GET /wp-conf.php HTTP/1.1" 404 6595 "-" "Mozilla/5.0 (Windows NT 10.0; Win64; x64) AppleWebKit/537.36 (KHTML, like Gecko) Chrome/120.0.0.0 Safari/537.36"
4.217.194.63 - - [27/Apr/2026:16:06:53 +0000] "GET /wp-content/themes/hideo/network.php HTTP/1.1" 404 6604 "-" "Mozilla/5.0 (Windows NT 10.0; Win64; x64) AppleWebKit/537.36 (KHTML, like Gecko) Chrome/120.0.0.0 Safari/537.36"
4.217.194.63 - - [27/Apr/2026:16:06:54 +0000] "GET /wp-login.php HTTP/1.1" 200 2400 "-" "Mozilla/5.0 (Windows NT 10.0; Win64; x64) AppleWebKit/537.36 (KHTML, like Gecko) Chrome/120.0.0.0 Safari/537.36"
4.217.194.63 - - [27/Apr/2026:16:06:55 +0000] "GET /abc.php HTTP/1.1" 404 6594 "-" "Mozilla/5.0 (Windows NT 10.0; Win64; x64) AppleWebKit/537.36 (KHTML, like Gecko) Chrome/120.0.0.0 Safari/537.36"
4.217.194.63 - - [27/Apr/2026:16:06:56 +0000] "GET /abcd.php HTTP/1.1" 404 6595 "-" "Mozilla/5.0 (Windows NT 10.0; Win64; x64) AppleWebKit/537.36 (KHTML, like Gecko) Chrome/120.0.0.0 Safari/537.36"
4.217.194.63 - - [27/Apr/2026:16:06:57 +0000] "GET /as.php HTTP/1.1" 404 6592 "-" "Mozilla/5.0 (Windows NT 10.0; Win64; x64) AppleWebKit/537.36 (KHTML, like Gecko) Chrome/120.0.0.0 Safari/537.36"
4.217.194.63 - - [27/Apr/2026:16:06:58 +0000] "GET /wp-trackback.php HTTP/1.1" 200 130 "-" "Mozilla/5.0 (Windows NT 10.0; Win64; x64) AppleWebKit/537.36 (KHTML, like Gecko) Chrome/120.0.0.0 Safari/537.36"
4.217.194.63 - - [27/Apr/2026:16:06:59 +0000] "GET /about.php HTTP/1.1" 404 6596 "-" "Mozilla/5.0 (Windows NT 10.0; Win64; x64) AppleWebKit/537.36 (KHTML, like Gecko) Chrome/120.0.0.0 Safari/537.36"
4.217.194.63 - - [27/Apr/2026:16:07:00 +0000] "GET /file.php HTTP/1.1" 404 6595 "-" "Mozilla/5.0 (Windows NT 10.0; Win64; x64) AppleWebKit/537.36 (KHTML, like Gecko) Chrome/120.0.0.0 Safari/537.36"
4.217.194.63 - - [27/Apr/2026:16:07:01 +0000] "GET /adminfuns.php HTTP/1.1" 404 6596 "-" "Mozilla/5.0 (Windows NT 10.0; Win64; x64) AppleWebKit/537.36 (KHTML, like Gecko) Chrome/120.0.0.0 Safari/537.36"
4.217.194.63 - - [27/Apr/2026:16:07:02 +0000] "GET /wp-good.php HTTP/1.1" 404 6597 "-" "Mozilla/5.0 (Windows NT 10.0; Win64; x64) AppleWebKit/537.36 (KHTML, like Gecko) Chrome/120.0.0.0 Safari/537.36"
4.217.194.63 - - [27/Apr/2026:16:07:03 +0000] "GET /xmlrpc.php HTTP/1.1" 404 6594 "-" "Mozilla/5.0 (Windows NT 10.0; Win64; x64) AppleWebKit/537.36 (KHTML, like Gecko) Chrome/120.0.0.0 Safari/537.36"
4.217.194.63 - - [27/Apr/2026:16:07:04 +0000] "GET /goods.php HTTP/1.1" 404 6595 "-" "Mozilla/5.0 (Windows NT 10.0; Win64; x64) AppleWebKit/537.36 (KHTML, like Gecko) Chrome/120.0.0.0 Safari/537.36"
4.217.194.63 - - [27/Apr/2026:16:07:05 +0000] "GET /class-t.api.php HTTP/1.1" 404 6598 "-" "Mozilla/5.0 (Windows NT 10.0; Win64; x64) AppleWebKit/537.36 (KHTML, like Gecko) Chrome/120.0.0.0 Safari/537.36"
4.217.194.63 - - [27/Apr/2026:16:07:06 +0000] "GET /sf.php HTTP/1.1" 404 6592 "-" "Mozilla/5.0 (Windows NT 10.0; Win64; x64) AppleWebKit/537.36 (KHTML, like Gecko) Chrome/120.0.0.0 Safari/537.36"
4.217.194.63 - - [27/Apr/2026:16:07:07 +0000] "GET /kbfr.php HTTP/1.1" 404 6595 "-" "Mozilla/5.0 (Windows NT 10.0; Win64; x64) AppleWebKit/537.36 (KHTML, like Gecko) Chrome/120.0.0.0 Safari/537.36"
4.217.194.63 - - [27/Apr/2026:16:07:08 +0000] "GET /autoload_classmap.php HTTP/1.1" 404 6602 "-" "Mozilla/5.0 (Windows NT 10.0; Win64; x64) AppleWebKit/537.36 (KHTML, like Gecko) Chrome/120.0.0.0 Safari/537.36"
4.217.194.63 - - [27/Apr/2026:16:07:09 +0000] "GET /chosen.php?p= HTTP/1.1" 301 - "-" "Mozilla/5.0 (Windows NT 10.0; Win64; x64) AppleWebKit/537.36 (KHTML, like Gecko) Chrome/120.0.0.0 Safari/537.36"
4.217.194.63 - - [27/Apr/2026:16:07:10 +0000] "GET /classwithtostring.php HTTP/1.1" 404 6600 "-" "Mozilla/5.0 (Windows NT 10.0; Win64; x64) AppleWebKit/537.36 (KHTML, like Gecko) Chrome/120.0.0.0 Safari/537.36"
4.217.194.63 - - [27/Apr/2026:16:07:11 +0000] "GET /defaults.php HTTP/1.1" 404 6598 "-" "Mozilla/5.0 (Windows NT 10.0; Win64; x64) AppleWebKit/537.36 (KHTML, like Gecko) Chrome/120.0.0.0 Safari/537.36"
4.217.194.63 - - [27/Apr/2026:16:07:12 +0000] "GET /.well-known/ HTTP/1.1" 404 6600 "-" "Mozilla/5.0 (Windows NT 10.0; Win64; x64) AppleWebKit/537.36 (KHTML, like Gecko) Chrome/120.0.0.0 Safari/537.36"
4.217.194.63 - - [27/Apr/2026:16:07:13 +0000] "GET /info.php HTTP/1.1" 404 6595 "-" "Mozilla/5.0 (Windows NT 10.0; Win64; x64) AppleWebKit/537.36 (KHTML, like Gecko) Chrome/120.0.0.0 Safari/537.36"
4.217.194.63 - - [27/Apr/2026:16:07:14 +0000] "GET /cgi-bin/ HTTP/1.1" 404 6596 "-" "Mozilla/5.0 (Windows NT 10.0; Win64; x64) AppleWebKit/537.36 (KHTML, like Gecko) Chrome/120.0.0.0 Safari/537.36"
4.217.194.63 - - [27/Apr/2026:16:07:15 +0000] "GET /wp-includes/Requests/src/Response/about.php HTTP/1.1" 404 6611 "-" "Mozilla/5.0 (Windows NT 10.0; Win64; x64) AppleWebKit/537.36 (KHTML, like Gecko) Chrome/120.0.0.0 Safari/537.36"
4.217.194.63 - - [27/Apr/2026:16:07:16 +0000] "GET /wp-includes/html-api/ HTTP/1.1" 404 6599 "-" "Mozilla/5.0 (Windows NT 10.0; Win64; x64) AppleWebKit/537.36 (KHTML, like Gecko) Chrome/120.0.0.0 Safari/537.36"
4.217.194.63 - - [27/Apr/2026:16:07:16 +0000] "GET /wp-content/admin.php HTTP/1.1" 404 6596 "-" "Mozilla/5.0 (Windows NT 10.0; Win64; x64) AppleWebKit/537.36 (KHTML, like Gecko) Chrome/120.0.0.0 Safari/537.36"
4.217.194.63 - - [27/Apr/2026:16:07:17 +0000] "GET /wp-admin/css/colors/ectoplasm/ HTTP/1.1" 404 6605 "-" "Mozilla/5.0 (Windows NT 10.0; Win64; x64) AppleWebKit/537.36 (KHTML, like Gecko) Chrome/120.0.0.0 Safari/537.36"
4.217.194.63 - - [27/Apr/2026:16:07:18 +0000] "GET /wp-content/uploads/ HTTP/1.1" 404 6592 "-" "Mozilla/5.0 (Windows NT 10.0; Win64; x64) AppleWebKit/537.36 (KHTML, like Gecko) Chrome/120.0.0.0 Safari/537.36"
4.217.194.63 - - [27/Apr/2026:16:07:19 +0000] "GET /wp-content/themes/admin.php HTTP/1.1" 404 6596 "-" "Mozilla/5.0 (Windows NT 10.0; Win64; x64) AppleWebKit/537.36 (KHTML, like Gecko) Chrome/120.0.0.0 Safari/537.36"
4.217.194.63 - - [27/Apr/2026:16:07:20 +0000] "GET /wp-content/themes/index.php HTTP/1.1" 301 - "-" "Mozilla/5.0 (Windows NT 10.0; Win64; x64) AppleWebKit/537.36 (KHTML, like Gecko) Chrome/120.0.0.0 Safari/537.36"
4.217.194.63 - - [27/Apr/2026:16:07:21 +0000] "GET /wp-content/plugins/index.php HTTP/1.1" 301 - "-" "Mozilla/5.0 (Windows NT 10.0; Win64; x64) AppleWebKit/537.36 (KHTML, like Gecko) Chrome/120.0.0.0 Safari/537.36"
4.217.194.63 - - [27/Apr/2026:16:07:22 +0000] "GET /wp-includes/PHPMailer/ HTTP/1.1" 404 6602 "-" "Mozilla/5.0 (Windows NT 10.0; Win64; x64) AppleWebKit/537.36 (KHTML, like Gecko) Chrome/120.0.0.0 Safari/537.36"
4.217.194.63 - - [27/Apr/2026:16:07:24 +0000] "GET /wp-includes/images/ HTTP/1.1" 404 6595 "-" "Mozilla/5.0 (Windows NT 10.0; Win64; x64) AppleWebKit/537.36 (KHTML, like Gecko) Chrome/120.0.0.0 Safari/537.36"
4.217.194.63 - - [27/Apr/2026:16:07:25 +0000] "GET /wp-content/plugins/WordPressCore/ HTTP/1.1" 404 6604 "-" "Mozilla/5.0 (Windows NT 10.0; Win64; x64) AppleWebKit/537.36 (KHTML, like Gecko) Chrome/120.0.0.0 Safari/537.36"
14.174.195.140 - - [27/Apr/2026:16:08:08 +0000] "GET /image-sitemap-1.xml HTTP/1.1" 200 748 "-" "Mozilla/5.0 (Windows NT 10.0; Win64; x64) AppleWebKit/537.36 (KHTML, like Gecko) Chrome/131.0.6778.204 Safari/537.36"
184.94.212.206 - - [27/Apr/2026:16:09:28 +0000] "POST /wp-cron.php?doing_wp_cron=1777306168.2068779468536376953125 HTTP/1.1" 200 - "-" "WordPress/6.9.4; https://articlebinder.com"
192.0.91.228 - - [27/Apr/2026:16:09:26 +0000] "HEAD / HTTP/1.1" 200 - "-" "jetmon/1.0 (Jetpack Site Uptime Monitor by WordPress.com)"
184.94.212.206 - - [27/Apr/2026:16:14:29 +0000] "POST /wp-cron.php?doing_wp_cron=1777306469.2586801052093505859375 HTTP/1.1" 200 - "-" "WordPress/6.9.4; https://articlebinder.com"
192.0.91.228 - - [27/Apr/2026:16:14:28 +0000] "HEAD / HTTP/1.1" 200 - "-" "jetmon/1.0 (Jetpack Site Uptime Monitor by WordPress.com)"
184.94.212.206 - - [27/Apr/2026:16:19:28 +0000] "POST /wp-cron.php?doing_wp_cron=1777306768.5097770690917968750000 HTTP/1.1" 200 - "-" "WordPress/6.9.4; https://articlebinder.com"
192.0.91.228 - - [27/Apr/2026:16:19:27 +0000] "HEAD / HTTP/1.1" 200 - "-" "jetmon/1.0 (Jetpack Site Uptime Monitor by WordPress.com)"
184.94.212.206 - - [27/Apr/2026:16:21:32 +0000] "POST /wp-cron.php?doing_wp_cron=1777306892.2272949218750000000000 HTTP/1.1" 200 - "-" "WordPress/6.9.4; https://articlebinder.com"
204.76.203.27 - - [27/Apr/2026:16:21:30 +0000] "GET / HTTP/1.1" 200 38934 "-" "Mozilla/5.0 (Windows NT 10.0; Win64; x64) AppleWebKit/537.36 (KHTML, like Gecko) Chrome/147.0.0.0 Safari/537.36"
204.76.203.25 - - [27/Apr/2026:16:21:37 +0000] "GET / HTTP/1.1" 200 38879 "-" "Mozilla/5.0 (Windows NT 10.0; Win64; x64) AppleWebKit/537.36 (KHTML, like Gecko) Chrome/147.0.0.0 Safari/537.36"
184.94.212.206 - - [27/Apr/2026:16:24:30 +0000] "POST /wp-cron.php?doing_wp_cron=1777307070.1957199573516845703125 HTTP/1.1" 200 - "-" "WordPress/6.9.4; https://articlebinder.com"
192.0.91.228 - - [27/Apr/2026:16:24:28 +0000] "HEAD / HTTP/1.1" 200 - "-" "jetmon/1.0 (Jetpack Site Uptime Monitor by WordPress.com)"
184.94.212.206 - - [27/Apr/2026:16:29:28 +0000] "POST /wp-cron.php?doing_wp_cron=1777307368.8877470493316650390625 HTTP/1.1" 200 - "-" "WordPress/6.9.4; https://articlebinder.com"
192.0.91.228 - - [27/Apr/2026:16:29:27 +0000] "HEAD / HTTP/1.1" 200 - "-" "jetmon/1.0 (Jetpack Site Uptime Monitor by WordPress.com)"
184.94.212.206 - - [27/Apr/2026:16:30:55 +0000] "POST /wp-cron.php?doing_wp_cron=1777307455.6050500869750976562500 HTTP/1.1" 200 - "-" "WordPress/6.9.4; https://articlebinder.com"
66.249.66.194 - - [27/Apr/2026:16:30:53 +0000] "GET /blog/business-intelligence/?share=twitter HTTP/1.1" 302 - "-" "Mozilla/5.0 (Linux; Android 6.0.1; Nexus 5X Build/MMB29P) AppleWebKit/537.36 (KHTML, like Gecko) Chrome/146.0.7680.177 Mobile Safari/537.36 (compatible; Googlebot/2.1; +http://www.google.com/bot.html)"
216.73.216.150 - - [27/Apr/2026:16:31:26 +0000] "GET /robots.txt HTTP/1.1" 200 142 "-" "Mozilla/5.0 AppleWebKit/537.36 (KHTML, like Gecko; compatible; ClaudeBot/1.0; +claudebot@anthropic.com)"
216.73.216.150 - - [27/Apr/2026:16:31:27 +0000] "GET /sitemap.xml HTTP/1.1" 200 304 "-" "Mozilla/5.0 AppleWebKit/537.36 (KHTML, like Gecko; compatible; ClaudeBot/1.0; +claudebot@anthropic.com)"
116.203.148.109 - - [27/Apr/2026:16:32:52 +0000] "GET /wp-login.php HTTP/1.1" 200 4361 "-" "Mozilla/5.0 (X11; CrOS x86_64 10452.85.0) AppleWebKit/537.36 (KHTML, like Gecko) Chrome/66.0.3359.158 Safari/537.36"
116.203.148.109 - - [27/Apr/2026:16:32:53 +0000] "POST /wp-login.php HTTP/1.1" 200 4361 "https://articlebinder.com/wp-login.php" "Mozilla/5.0 (X11; CrOS x86_64 10452.85.0) AppleWebKit/537.36 (KHTML, like Gecko) Chrome/66.0.3359.158 Safari/537.36"
184.94.212.206 - - [27/Apr/2026:16:34:26 +0000] "POST /wp-cron.php?doing_wp_cron=1777307666.7513680458068847656250 HTTP/1.1" 200 - "-" "WordPress/6.9.4; https://articlebinder.com"
192.0.91.228 - - [27/Apr/2026:16:34:25 +0000] "HEAD / HTTP/1.1" 200 - "-" "jetmon/1.0 (Jetpack Site Uptime Monitor by WordPress.com)"
184.94.212.206 - - [27/Apr/2026:16:34:56 +0000] "POST /wp-cron.php?doing_wp_cron=1777307696.1025691032409667968750 HTTP/1.1" 200 - "-" "WordPress/6.9.4; https://articlebinder.com"
216.73.216.150 - - [27/Apr/2026:16:34:55 +0000] "GET /sitemap_index.xml HTTP/1.1" 200 364 "-" "Mozilla/5.0 AppleWebKit/537.36 (KHTML, like Gecko; compatible; ClaudeBot/1.0; +claudebot@anthropic.com)"
184.94.212.206 - - [27/Apr/2026:16:39:30 +0000] "POST /wp-cron.php?doing_wp_cron=1777307970.6092491149902343750000 HTTP/1.1" 200 - "-" "WordPress/6.9.4; https://articlebinder.com"
192.0.91.228 - - [27/Apr/2026:16:39:29 +0000] "HEAD / HTTP/1.1" 200 - "-" "jetmon/1.0 (Jetpack Site Uptime Monitor by WordPress.com)"
74.7.175.179 - - [27/Apr/2026:16:39:31 +0000] "GET /robots.txt HTTP/1.1" 200 142 "-" "Mozilla/5.0 (Macintosh; Intel Mac OS X 10_15_7) AppleWebKit/537.36 (KHTML, like Gecko) Chrome/131.0.0.0 Safari/537.36; compatible; OAI-SearchBot/1.3; robots.txt; +https://openai.com/searchbot"
184.94.212.206 - - [27/Apr/2026:16:41:25 +0000] "POST /wp-cron.php?doing_wp_cron=1777308085.9421010017395019531250 HTTP/1.1" 200 - "-" "WordPress/6.9.4; https://articlebinder.com"
14.172.13.103 - - [27/Apr/2026:16:41:24 +0000] "GET /sitemap-1.xml HTTP/1.1" 200 527 "-" "Mozilla/5.0 (Macintosh; Intel Mac OS X 13.3; rv:126.0) Gecko/20100101 Firefox/126.0"
157.180.24.196 - - [27/Apr/2026:16:42:52 +0000] "GET /robots.txt HTTP/1.1" 200 142 "-" "Mozilla/5.0 AppleWebKit/537.36 (KHTML, like Gecko; compatible; Bravebot/1.0; +https://search.brave.com/help/brave-search-crawler) Chrome/W.X.Y.Z Safari/537.36"
178.156.161.157 - - [27/Apr/2026:16:42:52 +0000] "GET /blog/business-intelligence/ HTTP/1.1" 200 16945 "-" "Mozilla/5.0 (Windows NT 10.0; Win64; x64) AppleWebKit/537.36 (KHTML, like Gecko) Chrome/84.0.4147.105 Safari/537.36"
5.161.106.90 - - [27/Apr/2026:16:42:52 +0000] "GET / HTTP/1.1" 200 9506 "-" "Mozilla/5.0 (Windows NT 10.0; Win64; x64) AppleWebKit/537.36 (KHTML, like Gecko) Chrome/84.0.4147.105 Safari/537.36"
5.161.47.61 - - [27/Apr/2026:16:42:52 +0000] "GET /home/ HTTP/1.1" 200 8655 "-" "Mozilla/5.0 (Windows NT 10.0; Win64; x64) AppleWebKit/537.36 (KHTML, like Gecko) Chrome/84.0.4147.105 Safari/537.36"
5.161.108.178 - - [27/Apr/2026:16:42:52 +0000] "GET /blog/self-reflection/ HTTP/1.1" 200 12420 "-" "Mozilla/5.0 (Windows NT 10.0; Win64; x64) AppleWebKit/537.36 (KHTML, like Gecko) Chrome/84.0.4147.105 Safari/537.36"
184.94.212.206 - - [27/Apr/2026:16:44:27 +0000] "POST /wp-cron.php?doing_wp_cron=1777308267.4335210323333740234375 HTTP/1.1" 200 - "-" "WordPress/6.9.4; https://articlebinder.com"
192.0.91.228 - - [27/Apr/2026:16:44:26 +0000] "HEAD / HTTP/1.1" 200 - "-" "jetmon/1.0 (Jetpack Site Uptime Monitor by WordPress.com)"
184.94.212.206 - - [27/Apr/2026:16:47:01 +0000] "POST /wp-cron.php?doing_wp_cron=1777308421.9460220336914062500000 HTTP/1.1" 200 - "-" "WordPress/6.9.4; https://articlebinder.com"
4.217.194.63 - - [27/Apr/2026:16:47:00 +0000] "GET /inputs.php HTTP/1.1" 404 6595 "-" "Mozilla/5.0 (Windows NT 10.0; Win64; x64) AppleWebKit/537.36 (KHTML, like Gecko) Chrome/120.0.0.0 Safari/537.36"
4.217.194.63 - - [27/Apr/2026:16:47:02 +0000] "GET /ioxi-o.php HTTP/1.1" 404 6596 "-" "Mozilla/5.0 (Windows NT 10.0; Win64; x64) AppleWebKit/537.36 (KHTML, like Gecko) Chrome/120.0.0.0 Safari/537.36"
4.217.194.63 - - [27/Apr/2026:16:47:03 +0000] "GET /function/function.php HTTP/1.1" 404 6596 "-" "Mozilla/5.0 (Windows NT 10.0; Win64; x64) AppleWebKit/537.36 (KHTML, like Gecko) Chrome/120.0.0.0 Safari/537.36"
4.217.194.63 - - [27/Apr/2026:16:47:03 +0000] "GET /rip.php HTTP/1.1" 404 6593 "-" "Mozilla/5.0 (Windows NT 10.0; Win64; x64) AppleWebKit/537.36 (KHTML, like Gecko) Chrome/120.0.0.0 Safari/537.36"
4.217.194.63 - - [27/Apr/2026:16:47:04 +0000] "GET /admin.php HTTP/1.1" 404 6594 "-" "Mozilla/5.0 (Windows NT 10.0; Win64; x64) AppleWebKit/537.36 (KHTML, like Gecko) Chrome/120.0.0.0 Safari/537.36"
4.217.194.63 - - [27/Apr/2026:16:47:05 +0000] "GET /wp-content/uploads/index.php HTTP/1.1" 301 - "-" "Mozilla/5.0 (Windows NT 10.0; Win64; x64) AppleWebKit/537.36 (KHTML, like Gecko) Chrome/120.0.0.0 Safari/537.36"
4.217.194.63 - - [27/Apr/2026:16:47:06 +0000] "GET /cache.php HTTP/1.1" 404 6595 "-" "Mozilla/5.0 (Windows NT 10.0; Win64; x64) AppleWebKit/537.36 (KHTML, like Gecko) Chrome/120.0.0.0 Safari/537.36"
4.217.194.63 - - [27/Apr/2026:16:47:07 +0000] "GET /themes.php HTTP/1.1" 404 6594 "-" "Mozilla/5.0 (Windows NT 10.0; Win64; x64) AppleWebKit/537.36 (KHTML, like Gecko) Chrome/120.0.0.0 Safari/537.36"
4.217.194.63 - - [27/Apr/2026:16:47:08 +0000] "GET /an.php HTTP/1.1" 404 6593 "-" "Mozilla/5.0 (Windows NT 10.0; Win64; x64) AppleWebKit/537.36 (KHTML, like Gecko) Chrome/120.0.0.0 Safari/537.36"
4.217.194.63 - - [27/Apr/2026:16:47:09 +0000] "GET /index/function.php HTTP/1.1" 404 6597 "-" "Mozilla/5.0 (Windows NT 10.0; Win64; x64) AppleWebKit/537.36 (KHTML, like Gecko) Chrome/120.0.0.0 Safari/537.36"
4.217.194.63 - - [27/Apr/2026:16:47:09 +0000] "GET /randkeyword.PhP7 HTTP/1.1" 404 6604 "-" "Mozilla/5.0 (Windows NT 10.0; Win64; x64) AppleWebKit/537.36 (KHTML, like Gecko) Chrome/120.0.0.0 Safari/537.36"
4.217.194.63 - - [27/Apr/2026:16:47:10 +0000] "GET /ws.php HTTP/1.1" 404 6593 "-" "Mozilla/5.0 (Windows NT 10.0; Win64; x64) AppleWebKit/537.36 (KHTML, like Gecko) Chrome/120.0.0.0 Safari/537.36"
4.217.194.63 - - [27/Apr/2026:16:47:11 +0000] "GET /404.php HTTP/1.1" 404 6594 "-" "Mozilla/5.0 (Windows NT 10.0; Win64; x64) AppleWebKit/537.36 (KHTML, like Gecko) Chrome/120.0.0.0 Safari/537.36"
4.217.194.63 - - [27/Apr/2026:16:47:12 +0000] "GET /wp-admin/user.php HTTP/1.1" 404 6597 "-" "Mozilla/5.0 (Windows NT 10.0; Win64; x64) AppleWebKit/537.36 (KHTML, like Gecko) Chrome/120.0.0.0 Safari/537.36"
4.217.194.63 - - [27/Apr/2026:16:47:13 +0000] "GET /wp-conf.php HTTP/1.1" 404 6595 "-" "Mozilla/5.0 (Windows NT 10.0; Win64; x64) AppleWebKit/537.36 (KHTML, like Gecko) Chrome/120.0.0.0 Safari/537.36"
4.217.194.63 - - [27/Apr/2026:16:47:14 +0000] "GET /wp-content/themes/hideo/network.php HTTP/1.1" 404 6604 "-" "Mozilla/5.0 (Windows NT 10.0; Win64; x64) AppleWebKit/537.36 (KHTML, like Gecko) Chrome/120.0.0.0 Safari/537.36"
4.217.194.63 - - [27/Apr/2026:16:47:15 +0000] "GET /wp-login.php HTTP/1.1" 200 2400 "-" "Mozilla/5.0 (Windows NT 10.0; Win64; x64) AppleWebKit/537.36 (KHTML, like Gecko) Chrome/120.0.0.0 Safari/537.36"
4.217.194.63 - - [27/Apr/2026:16:47:16 +0000] "GET /abc.php HTTP/1.1" 404 6594 "-" "Mozilla/5.0 (Windows NT 10.0; Win64; x64) AppleWebKit/537.36 (KHTML, like Gecko) Chrome/120.0.0.0 Safari/537.36"
4.217.194.63 - - [27/Apr/2026:16:47:16 +0000] "GET /abcd.php HTTP/1.1" 404 6595 "-" "Mozilla/5.0 (Windows NT 10.0; Win64; x64) AppleWebKit/537.36 (KHTML, like Gecko) Chrome/120.0.0.0 Safari/537.36"
4.217.194.63 - - [27/Apr/2026:16:47:17 +0000] "GET /as.php HTTP/1.1" 404 6592 "-" "Mozilla/5.0 (Windows NT 10.0; Win64; x64) AppleWebKit/537.36 (KHTML, like Gecko) Chrome/120.0.0.0 Safari/537.36"
4.217.194.63 - - [27/Apr/2026:16:47:18 +0000] "GET /wp-trackback.php HTTP/1.1" 200 130 "-" "Mozilla/5.0 (Windows NT 10.0; Win64; x64) AppleWebKit/537.36 (KHTML, like Gecko) Chrome/120.0.0.0 Safari/537.36"
4.217.194.63 - - [27/Apr/2026:16:47:19 +0000] "GET /about.php HTTP/1.1" 404 6596 "-" "Mozilla/5.0 (Windows NT 10.0; Win64; x64) AppleWebKit/537.36 (KHTML, like Gecko) Chrome/120.0.0.0 Safari/537.36"
4.217.194.63 - - [27/Apr/2026:16:47:20 +0000] "GET /file.php HTTP/1.1" 404 6594 "-" "Mozilla/5.0 (Windows NT 10.0; Win64; x64) AppleWebKit/537.36 (KHTML, like Gecko) Chrome/120.0.0.0 Safari/537.36"
4.217.194.63 - - [27/Apr/2026:16:47:20 +0000] "GET /adminfuns.php HTTP/1.1" 404 6596 "-" "Mozilla/5.0 (Windows NT 10.0; Win64; x64) AppleWebKit/537.36 (KHTML, like Gecko) Chrome/120.0.0.0 Safari/537.36"
4.217.194.63 - - [27/Apr/2026:16:47:21 +0000] "GET /wp-good.php HTTP/1.1" 404 6597 "-" "Mozilla/5.0 (Windows NT 10.0; Win64; x64) AppleWebKit/537.36 (KHTML, like Gecko) Chrome/120.0.0.0 Safari/537.36"
4.217.194.63 - - [27/Apr/2026:16:47:22 +0000] "GET /xmlrpc.php HTTP/1.1" 404 6594 "-" "Mozilla/5.0 (Windows NT 10.0; Win64; x64) AppleWebKit/537.36 (KHTML, like Gecko) Chrome/120.0.0.0 Safari/537.36"
4.217.194.63 - - [27/Apr/2026:16:47:23 +0000] "GET /goods.php HTTP/1.1" 404 6596 "-" "Mozilla/5.0 (Windows NT 10.0; Win64; x64) AppleWebKit/537.36 (KHTML, like Gecko) Chrome/120.0.0.0 Safari/537.36"
4.217.194.63 - - [27/Apr/2026:16:47:24 +0000] "GET /class-t.api.php HTTP/1.1" 404 6598 "-" "Mozilla/5.0 (Windows NT 10.0; Win64; x64) AppleWebKit/537.36 (KHTML, like Gecko) Chrome/120.0.0.0 Safari/537.36"
4.217.194.63 - - [27/Apr/2026:16:47:24 +0000] "GET /sf.php HTTP/1.1" 404 6593 "-" "Mozilla/5.0 (Windows NT 10.0; Win64; x64) AppleWebKit/537.36 (KHTML, like Gecko) Chrome/120.0.0.0 Safari/537.36"
4.217.194.63 - - [27/Apr/2026:16:47:25 +0000] "GET /kbfr.php HTTP/1.1" 404 6595 "-" "Mozilla/5.0 (Windows NT 10.0; Win64; x64) AppleWebKit/537.36 (KHTML, like Gecko) Chrome/120.0.0.0 Safari/537.36"
4.217.194.63 - - [27/Apr/2026:16:47:26 +0000] "GET /autoload_classmap.php HTTP/1.1" 404 6602 "-" "Mozilla/5.0 (Windows NT 10.0; Win64; x64) AppleWebKit/537.36 (KHTML, like Gecko) Chrome/120.0.0.0 Safari/537.36"
4.217.194.63 - - [27/Apr/2026:16:47:27 +0000] "GET /chosen.php?p= HTTP/1.1" 301 - "-" "Mozilla/5.0 (Windows NT 10.0; Win64; x64) AppleWebKit/537.36 (KHTML, like Gecko) Chrome/120.0.0.0 Safari/537.36"
4.217.194.63 - - [27/Apr/2026:16:47:27 +0000] "GET /classwithtostring.php HTTP/1.1" 404 6600 "-" "Mozilla/5.0 (Windows NT 10.0; Win64; x64) AppleWebKit/537.36 (KHTML, like Gecko) Chrome/120.0.0.0 Safari/537.36"
4.217.194.63 - - [27/Apr/2026:16:47:28 +0000] "GET /defaults.php HTTP/1.1" 404 6598 "-" "Mozilla/5.0 (Windows NT 10.0; Win64; x64) AppleWebKit/537.36 (KHTML, like Gecko) Chrome/120.0.0.0 Safari/537.36"
4.217.194.63 - - [27/Apr/2026:16:47:29 +0000] "GET /.well-known/ HTTP/1.1" 404 6600 "-" "Mozilla/5.0 (Windows NT 10.0; Win64; x64) AppleWebKit/537.36 (KHTML, like Gecko) Chrome/120.0.0.0 Safari/537.36"
4.217.194.63 - - [27/Apr/2026:16:47:30 +0000] "GET /info.php HTTP/1.1" 404 6595 "-" "Mozilla/5.0 (Windows NT 10.0; Win64; x64) AppleWebKit/537.36 (KHTML, like Gecko) Chrome/120.0.0.0 Safari/537.36"
4.217.194.63 - - [27/Apr/2026:16:47:30 +0000] "GET /cgi-bin/ HTTP/1.1" 404 6596 "-" "Mozilla/5.0 (Windows NT 10.0; Win64; x64) AppleWebKit/537.36 (KHTML, like Gecko) Chrome/120.0.0.0 Safari/537.36"
4.217.194.63 - - [27/Apr/2026:16:47:31 +0000] "GET /wp-includes/Requests/src/Response/about.php HTTP/1.1" 404 6611 "-" "Mozilla/5.0 (Windows NT 10.0; Win64; x64) AppleWebKit/537.36 (KHTML, like Gecko) Chrome/120.0.0.0 Safari/537.36"
4.217.194.63 - - [27/Apr/2026:16:47:32 +0000] "GET /wp-includes/html-api/ HTTP/1.1" 404 6600 "-" "Mozilla/5.0 (Windows NT 10.0; Win64; x64) AppleWebKit/537.36 (KHTML, like Gecko) Chrome/120.0.0.0 Safari/537.36"
4.217.194.63 - - [27/Apr/2026:16:47:33 +0000] "GET /wp-content/admin.php HTTP/1.1" 404 6596 "-" "Mozilla/5.0 (Windows NT 10.0; Win64; x64) AppleWebKit/537.36 (KHTML, like Gecko) Chrome/120.0.0.0 Safari/537.36"
4.217.194.63 - - [27/Apr/2026:16:47:34 +0000] "GET /wp-admin/css/colors/ectoplasm/ HTTP/1.1" 404 6606 "-" "Mozilla/5.0 (Windows NT 10.0; Win64; x64) AppleWebKit/537.36 (KHTML, like Gecko) Chrome/120.0.0.0 Safari/537.36"
4.217.194.63 - - [27/Apr/2026:16:47:34 +0000] "GET /wp-content/uploads/ HTTP/1.1" 404 6593 "-" "Mozilla/5.0 (Windows NT 10.0; Win64; x64) AppleWebKit/537.36 (KHTML, like Gecko) Chrome/120.0.0.0 Safari/537.36"
4.217.194.63 - - [27/Apr/2026:16:47:35 +0000] "GET /wp-content/themes/admin.php HTTP/1.1" 404 6596 "-" "Mozilla/5.0 (Windows NT 10.0; Win64; x64) AppleWebKit/537.36 (KHTML, like Gecko) Chrome/120.0.0.0 Safari/537.36"
4.217.194.63 - - [27/Apr/2026:16:47:36 +0000] "GET /wp-content/themes/index.php HTTP/1.1" 301 - "-" "Mozilla/5.0 (Windows NT 10.0; Win64; x64) AppleWebKit/537.36 (KHTML, like Gecko) Chrome/120.0.0.0 Safari/537.36"
4.217.194.63 - - [27/Apr/2026:16:47:37 +0000] "GET /wp-content/plugins/index.php HTTP/1.1" 301 - "-" "Mozilla/5.0 (Windows NT 10.0; Win64; x64) AppleWebKit/537.36 (KHTML, like Gecko) Chrome/120.0.0.0 Safari/537.36"
4.217.194.63 - - [27/Apr/2026:16:47:38 +0000] "GET /wp-includes/PHPMailer/ HTTP/1.1" 404 6603 "-" "Mozilla/5.0 (Windows NT 10.0; Win64; x64) AppleWebKit/537.36 (KHTML, like Gecko) Chrome/120.0.0.0 Safari/537.36"
4.217.194.63 - - [27/Apr/2026:16:47:38 +0000] "GET /wp-includes/images/ HTTP/1.1" 404 6596 "-" "Mozilla/5.0 (Windows NT 10.0; Win64; x64) AppleWebKit/537.36 (KHTML, like Gecko) Chrome/120.0.0.0 Safari/537.36"
4.217.194.63 - - [27/Apr/2026:16:47:39 +0000] "GET /wp-content/plugins/WordPressCore/ HTTP/1.1" 404 6604 "-" "Mozilla/5.0 (Windows NT 10.0; Win64; x64) AppleWebKit/537.36 (KHTML, like Gecko) Chrome/120.0.0.0 Safari/537.36"
184.94.212.206 - - [27/Apr/2026:16:49:17 +0000] "POST /wp-cron.php?doing_wp_cron=1777308557.5475020408630371093750 HTTP/1.1" 200 - "-" "WordPress/6.9.4; https://articlebinder.com"
20.92.73.174 - - [27/Apr/2026:16:49:16 +0000] "GET /inputs.php HTTP/1.1" 404 6593 "-" "Mozilla/5.0 (Windows NT 10.0; Win64; x64) AppleWebKit/537.36 (KHTML, like Gecko) Chrome/120.0.0.0 Safari/537.36"
20.92.73.174 - - [27/Apr/2026:16:49:17 +0000] "GET /ioxi-o.php HTTP/1.1" 404 6594 "-" "Mozilla/5.0 (Windows NT 10.0; Win64; x64) AppleWebKit/537.36 (KHTML, like Gecko) Chrome/120.0.0.0 Safari/537.36"
20.92.73.174 - - [27/Apr/2026:16:49:18 +0000] "GET /function/function.php HTTP/1.1" 404 6593 "-" "Mozilla/5.0 (Windows NT 10.0; Win64; x64) AppleWebKit/537.36 (KHTML, like Gecko) Chrome/120.0.0.0 Safari/537.36"
20.92.73.174 - - [27/Apr/2026:16:49:19 +0000] "GET /rip.php HTTP/1.1" 404 6591 "-" "Mozilla/5.0 (Windows NT 10.0; Win64; x64) AppleWebKit/537.36 (KHTML, like Gecko) Chrome/120.0.0.0 Safari/537.36"
20.92.73.174 - - [27/Apr/2026:16:49:20 +0000] "GET /admin.php HTTP/1.1" 404 6591 "-" "Mozilla/5.0 (Windows NT 10.0; Win64; x64) AppleWebKit/537.36 (KHTML, like Gecko) Chrome/120.0.0.0 Safari/537.36"
20.92.73.174 - - [27/Apr/2026:16:49:21 +0000] "GET /wp-content/uploads/index.php HTTP/1.1" 301 - "-" "Mozilla/5.0 (Windows NT 10.0; Win64; x64) AppleWebKit/537.36 (KHTML, like Gecko) Chrome/120.0.0.0 Safari/537.36"
20.92.73.174 - - [27/Apr/2026:16:49:22 +0000] "GET /cache.php HTTP/1.1" 404 6592 "-" "Mozilla/5.0 (Windows NT 10.0; Win64; x64) AppleWebKit/537.36 (KHTML, like Gecko) Chrome/120.0.0.0 Safari/537.36"
20.92.73.174 - - [27/Apr/2026:16:49:22 +0000] "GET /themes.php HTTP/1.1" 404 6592 "-" "Mozilla/5.0 (Windows NT 10.0; Win64; x64) AppleWebKit/537.36 (KHTML, like Gecko) Chrome/120.0.0.0 Safari/537.36"
20.92.73.174 - - [27/Apr/2026:16:49:23 +0000] "GET /an.php HTTP/1.1" 404 6591 "-" "Mozilla/5.0 (Windows NT 10.0; Win64; x64) AppleWebKit/537.36 (KHTML, like Gecko) Chrome/120.0.0.0 Safari/537.36"
20.92.73.174 - - [27/Apr/2026:16:49:24 +0000] "GET /index/function.php HTTP/1.1" 404 6595 "-" "Mozilla/5.0 (Windows NT 10.0; Win64; x64) AppleWebKit/537.36 (KHTML, like Gecko) Chrome/120.0.0.0 Safari/537.36"
20.92.73.174 - - [27/Apr/2026:16:49:25 +0000] "GET /randkeyword.PhP7 HTTP/1.1" 404 6601 "-" "Mozilla/5.0 (Windows NT 10.0; Win64; x64) AppleWebKit/537.36 (KHTML, like Gecko) Chrome/120.0.0.0 Safari/537.36"
20.92.73.174 - - [27/Apr/2026:16:49:26 +0000] "GET /ws.php HTTP/1.1" 404 6591 "-" "Mozilla/5.0 (Windows NT 10.0; Win64; x64) AppleWebKit/537.36 (KHTML, like Gecko) Chrome/120.0.0.0 Safari/537.36"
20.92.73.174 - - [27/Apr/2026:16:49:26 +0000] "GET /404.php HTTP/1.1" 404 6591 "-" "Mozilla/5.0 (Windows NT 10.0; Win64; x64) AppleWebKit/537.36 (KHTML, like Gecko) Chrome/120.0.0.0 Safari/537.36"
192.0.91.228 - - [27/Apr/2026:16:49:27 +0000] "HEAD / HTTP/1.1" 200 - "-" "jetmon/1.0 (Jetpack Site Uptime Monitor by WordPress.com)"
20.92.73.174 - - [27/Apr/2026:16:49:27 +0000] "GET /wp-admin/user.php HTTP/1.1" 404 6594 "-" "Mozilla/5.0 (Windows NT 10.0; Win64; x64) AppleWebKit/537.36 (KHTML, like Gecko) Chrome/120.0.0.0 Safari/537.36"
20.92.73.174 - - [27/Apr/2026:16:49:28 +0000] "GET /wp-conf.php HTTP/1.1" 404 6592 "-" "Mozilla/5.0 (Windows NT 10.0; Win64; x64) AppleWebKit/537.36 (KHTML, like Gecko) Chrome/120.0.0.0 Safari/537.36"
20.92.73.174 - - [27/Apr/2026:16:49:29 +0000] "GET /wp-content/themes/hideo/network.php HTTP/1.1" 404 6602 "-" "Mozilla/5.0 (Windows NT 10.0; Win64; x64) AppleWebKit/537.36 (KHTML, like Gecko) Chrome/120.0.0.0 Safari/537.36"
20.92.73.174 - - [27/Apr/2026:16:49:30 +0000] "GET /wp-login.php HTTP/1.1" 200 2609 "-" "Mozilla/5.0 (Windows NT 10.0; Win64; x64) AppleWebKit/537.36 (KHTML, like Gecko) Chrome/120.0.0.0 Safari/537.36"
20.92.73.174 - - [27/Apr/2026:16:49:31 +0000] "GET /abc.php HTTP/1.1" 404 6592 "-" "Mozilla/5.0 (Windows NT 10.0; Win64; x64) AppleWebKit/537.36 (KHTML, like Gecko) Chrome/120.0.0.0 Safari/537.36"
20.92.73.174 - - [27/Apr/2026:16:49:31 +0000] "GET /abcd.php HTTP/1.1" 404 6592 "-" "Mozilla/5.0 (Windows NT 10.0; Win64; x64) AppleWebKit/537.36 (KHTML, like Gecko) Chrome/120.0.0.0 Safari/537.36"
20.92.73.174 - - [27/Apr/2026:16:49:32 +0000] "GET /as.php HTTP/1.1" 404 6590 "-" "Mozilla/5.0 (Windows NT 10.0; Win64; x64) AppleWebKit/537.36 (KHTML, like Gecko) Chrome/120.0.0.0 Safari/537.36"
20.92.73.174 - - [27/Apr/2026:16:49:33 +0000] "GET /wp-trackback.php HTTP/1.1" 200 130 "-" "Mozilla/5.0 (Windows NT 10.0; Win64; x64) AppleWebKit/537.36 (KHTML, like Gecko) Chrome/120.0.0.0 Safari/537.36"
20.92.73.174 - - [27/Apr/2026:16:49:34 +0000] "GET /about.php HTTP/1.1" 404 6593 "-" "Mozilla/5.0 (Windows NT 10.0; Win64; x64) AppleWebKit/537.36 (KHTML, like Gecko) Chrome/120.0.0.0 Safari/537.36"
20.92.73.174 - - [27/Apr/2026:16:49:35 +0000] "GET /file.php HTTP/1.1" 404 6592 "-" "Mozilla/5.0 (Windows NT 10.0; Win64; x64) AppleWebKit/537.36 (KHTML, like Gecko) Chrome/120.0.0.0 Safari/537.36"
20.92.73.174 - - [27/Apr/2026:16:49:35 +0000] "GET /adminfuns.php HTTP/1.1" 404 6594 "-" "Mozilla/5.0 (Windows NT 10.0; Win64; x64) AppleWebKit/537.36 (KHTML, like Gecko) Chrome/120.0.0.0 Safari/537.36"
20.92.73.174 - - [27/Apr/2026:16:49:36 +0000] "GET /wp-good.php HTTP/1.1" 404 6594 "-" "Mozilla/5.0 (Windows NT 10.0; Win64; x64) AppleWebKit/537.36 (KHTML, like Gecko) Chrome/120.0.0.0 Safari/537.36"
184.94.212.206 - - [27/Apr/2026:16:49:38 +0000] "POST /wp-cron.php?doing_wp_cron=1777308578.0365819931030273437500 HTTP/1.1" 200 - "-" "WordPress/6.9.4; https://articlebinder.com"
20.92.73.174 - - [27/Apr/2026:16:49:37 +0000] "GET /xmlrpc.php HTTP/1.1" 404 6591 "-" "Mozilla/5.0 (Windows NT 10.0; Win64; x64) AppleWebKit/537.36 (KHTML, like Gecko) Chrome/120.0.0.0 Safari/537.36"
20.92.73.174 - - [27/Apr/2026:16:49:38 +0000] "GET /goods.php HTTP/1.1" 404 6593 "-" "Mozilla/5.0 (Windows NT 10.0; Win64; x64) AppleWebKit/537.36 (KHTML, like Gecko) Chrome/120.0.0.0 Safari/537.36"
20.92.73.174 - - [27/Apr/2026:16:49:39 +0000] "GET /class-t.api.php HTTP/1.1" 404 6596 "-" "Mozilla/5.0 (Windows NT 10.0; Win64; x64) AppleWebKit/537.36 (KHTML, like Gecko) Chrome/120.0.0.0 Safari/537.36"
20.92.73.174 - - [27/Apr/2026:16:49:39 +0000] "GET /sf.php HTTP/1.1" 404 6591 "-" "Mozilla/5.0 (Windows NT 10.0; Win64; x64) AppleWebKit/537.36 (KHTML, like Gecko) Chrome/120.0.0.0 Safari/537.36"
20.92.73.174 - - [27/Apr/2026:16:49:40 +0000] "GET /kbfr.php HTTP/1.1" 404 6593 "-" "Mozilla/5.0 (Windows NT 10.0; Win64; x64) AppleWebKit/537.36 (KHTML, like Gecko) Chrome/120.0.0.0 Safari/537.36"
20.92.73.174 - - [27/Apr/2026:16:49:41 +0000] "GET /autoload_classmap.php HTTP/1.1" 404 6599 "-" "Mozilla/5.0 (Windows NT 10.0; Win64; x64) AppleWebKit/537.36 (KHTML, like Gecko) Chrome/120.0.0.0 Safari/537.36"
20.92.73.174 - - [27/Apr/2026:16:49:42 +0000] "GET /chosen.php?p= HTTP/1.1" 301 - "-" "Mozilla/5.0 (Windows NT 10.0; Win64; x64) AppleWebKit/537.36 (KHTML, like Gecko) Chrome/120.0.0.0 Safari/537.36"
20.92.73.174 - - [27/Apr/2026:16:49:42 +0000] "GET /classwithtostring.php HTTP/1.1" 404 6597 "-" "Mozilla/5.0 (Windows NT 10.0; Win64; x64) AppleWebKit/537.36 (KHTML, like Gecko) Chrome/120.0.0.0 Safari/537.36"
20.92.73.174 - - [27/Apr/2026:16:49:43 +0000] "GET /defaults.php HTTP/1.1" 404 6595 "-" "Mozilla/5.0 (Windows NT 10.0; Win64; x64) AppleWebKit/537.36 (KHTML, like Gecko) Chrome/120.0.0.0 Safari/537.36"
20.92.73.174 - - [27/Apr/2026:16:49:44 +0000] "GET /.well-known/ HTTP/1.1" 404 6598 "-" "Mozilla/5.0 (Windows NT 10.0; Win64; x64) AppleWebKit/537.36 (KHTML, like Gecko) Chrome/120.0.0.0 Safari/537.36"
20.92.73.174 - - [27/Apr/2026:16:49:45 +0000] "GET /info.php HTTP/1.1" 404 6592 "-" "Mozilla/5.0 (Windows NT 10.0; Win64; x64) AppleWebKit/537.36 (KHTML, like Gecko) Chrome/120.0.0.0 Safari/537.36"
20.92.73.174 - - [27/Apr/2026:16:49:46 +0000] "GET /cgi-bin/ HTTP/1.1" 404 6594 "-" "Mozilla/5.0 (Windows NT 10.0; Win64; x64) AppleWebKit/537.36 (KHTML, like Gecko) Chrome/120.0.0.0 Safari/537.36"
20.92.73.174 - - [27/Apr/2026:16:49:46 +0000] "GET /wp-includes/Requests/src/Response/about.php HTTP/1.1" 404 6609 "-" "Mozilla/5.0 (Windows NT 10.0; Win64; x64) AppleWebKit/537.36 (KHTML, like Gecko) Chrome/120.0.0.0 Safari/537.36"
20.92.73.174 - - [27/Apr/2026:16:49:47 +0000] "GET /wp-includes/html-api/ HTTP/1.1" 404 6597 "-" "Mozilla/5.0 (Windows NT 10.0; Win64; x64) AppleWebKit/537.36 (KHTML, like Gecko) Chrome/120.0.0.0 Safari/537.36"
20.92.73.174 - - [27/Apr/2026:16:49:48 +0000] "GET /wp-content/admin.php HTTP/1.1" 404 6593 "-" "Mozilla/5.0 (Windows NT 10.0; Win64; x64) AppleWebKit/537.36 (KHTML, like Gecko) Chrome/120.0.0.0 Safari/537.36"
20.92.73.174 - - [27/Apr/2026:16:49:49 +0000] "GET /wp-admin/css/colors/ectoplasm/ HTTP/1.1" 404 6603 "-" "Mozilla/5.0 (Windows NT 10.0; Win64; x64) AppleWebKit/537.36 (KHTML, like Gecko) Chrome/120.0.0.0 Safari/537.36"
20.92.73.174 - - [27/Apr/2026:16:49:50 +0000] "GET /wp-content/uploads/ HTTP/1.1" 404 6590 "-" "Mozilla/5.0 (Windows NT 10.0; Win64; x64) AppleWebKit/537.36 (KHTML, like Gecko) Chrome/120.0.0.0 Safari/537.36"
20.92.73.174 - - [27/Apr/2026:16:49:50 +0000] "GET /wp-content/themes/admin.php HTTP/1.1" 404 6593 "-" "Mozilla/5.0 (Windows NT 10.0; Win64; x64) AppleWebKit/537.36 (KHTML, like Gecko) Chrome/120.0.0.0 Safari/537.36"
20.92.73.174 - - [27/Apr/2026:16:49:51 +0000] "GET /wp-content/themes/index.php HTTP/1.1" 301 - "-" "Mozilla/5.0 (Windows NT 10.0; Win64; x64) AppleWebKit/537.36 (KHTML, like Gecko) Chrome/120.0.0.0 Safari/537.36"
20.92.73.174 - - [27/Apr/2026:16:49:52 +0000] "GET /wp-content/plugins/index.php HTTP/1.1" 301 - "-" "Mozilla/5.0 (Windows NT 10.0; Win64; x64) AppleWebKit/537.36 (KHTML, like Gecko) Chrome/120.0.0.0 Safari/537.36"
20.92.73.174 - - [27/Apr/2026:16:49:53 +0000] "GET /wp-includes/PHPMailer/ HTTP/1.1" 404 6600 "-" "Mozilla/5.0 (Windows NT 10.0; Win64; x64) AppleWebKit/537.36 (KHTML, like Gecko) Chrome/120.0.0.0 Safari/537.36"
20.92.73.174 - - [27/Apr/2026:16:49:53 +0000] "GET /wp-includes/images/ HTTP/1.1" 404 6593 "-" "Mozilla/5.0 (Windows NT 10.0; Win64; x64) AppleWebKit/537.36 (KHTML, like Gecko) Chrome/120.0.0.0 Safari/537.36"
20.92.73.174 - - [27/Apr/2026:16:49:54 +0000] "GET /wp-content/plugins/WordPressCore/ HTTP/1.1" 404 6601 "-" "Mozilla/5.0 (Windows NT 10.0; Win64; x64) AppleWebKit/537.36 (KHTML, like Gecko) Chrome/120.0.0.0 Safari/537.36"
184.94.212.206 - - [27/Apr/2026:16:51:25 +0000] "POST /wp-cron.php?doing_wp_cron=1777308685.6981210708618164062500 HTTP/1.1" 200 - "-" "WordPress/6.9.4; https://articlebinder.com"
216.73.216.150 - - [27/Apr/2026:16:51:24 +0000] "GET /news-sitemap.xml HTTP/1.1" 200 312 "-" "Mozilla/5.0 AppleWebKit/537.36 (KHTML, like Gecko; compatible; ClaudeBot/1.0; +claudebot@anthropic.com)"
184.94.212.206 - - [27/Apr/2026:16:54:30 +0000] "POST /wp-cron.php?doing_wp_cron=1777308870.0747199058532714843750 HTTP/1.1" 200 - "-" "WordPress/6.9.4; https://articlebinder.com"
192.0.91.228 - - [27/Apr/2026:16:54:28 +0000] "HEAD / HTTP/1.1" 200 - "-" "jetmon/1.0 (Jetpack Site Uptime Monitor by WordPress.com)"
184.94.212.206 - - [27/Apr/2026:16:57:53 +0000] "POST /wp-cron.php?doing_wp_cron=1777309073.9497950077056884765625 HTTP/1.1" 200 - "-" "WordPress/6.9.4; https://articlebinder.com"
34.215.129.4 - - [27/Apr/2026:16:57:52 +0000] "GET / HTTP/1.1" 200 38879 "-" "Mozilla/5.0 (Macintosh; Intel Mac OS X 10_15_7) AppleWebKit/537.36 (KHTML, like Gecko) Chrome/134.0.0.0 Safari/537.36"
184.94.212.206 - - [27/Apr/2026:16:59:27 +0000] "POST /wp-cron.php?doing_wp_cron=1777309167.4518411159515380859375 HTTP/1.1" 200 - "-" "WordPress/6.9.4; https://articlebinder.com"
192.0.91.228 - - [27/Apr/2026:16:59:26 +0000] "HEAD / HTTP/1.1" 200 - "-" "jetmon/1.0 (Jetpack Site Uptime Monitor by WordPress.com)"
184.94.212.206 - - [27/Apr/2026:17:00:03 +0000] "POST /wp-cron.php?doing_wp_cron=1777309203.3256840705871582031250 HTTP/1.1" 200 - "-" "WordPress/6.9.4; https://articlebinder.com"
114.119.130.14 - - [27/Apr/2026:17:00:02 +0000] "GET /privacy-policy/?share=tumblr HTTP/1.1" 302 - "https://articlebinder.com/privacy-policy/" "Mozilla/5.0 (Linux; Android 7.0;) AppleWebKit/537.36 (HTML, like Gecko) Mobile Safari/537.36 (compatible; PetalBot;+https://webmaster.petalsearch.com/site/petalbot)"
146.174.187.181 - - [27/Apr/2026:17:00:23 +0000] "GET /post-sitemap.xml HTTP/1.1" 200 584 "-" "Mozilla/5.0 (Windows NT 10.0; Win64; x64) AppleWebKit/537.36 (KHTML, like Gecko) Chrome/129.0.6668.100 Safari/537.36"
192.185.4.92 - - [27/Apr/2026:17:00:30 +0000] "GET /wp-login.php HTTP/1.1" 200 2609 "-" "Mozilla/5.0 (Macintosh; Intel Mac OS X 10_10_5) AppleWebKit/537.36 (KHTML, like Gecko) Chrome/66.0.3359.139 Safari/537.36"
192.185.4.92 - - [27/Apr/2026:17:00:32 +0000] "POST /wp-login.php HTTP/1.1" 401 1411 "https://articlebinder.com/wp-login.php" "Mozilla/5.0 (Macintosh; Intel Mac OS X 10_10_5) AppleWebKit/537.36 (KHTML, like Gecko) Chrome/66.0.3359.139 Safari/537.36"
192.36.109.118 - - [27/Apr/2026:17:01:59 +0000] "GET /blog/business-intelligence/ HTTP/1.1" 200 16946 "-" "Mozilla/5.0 (iPhone; CPU iPhone OS 17_3_1 like Mac OS X) AppleWebKit/605.1.15 (KHTML, like Gecko) Version/17.3.1 Mobile/15E148 Safari/604"
192.36.109.129 - - [27/Apr/2026:17:02:00 +0000] "GET /blog/business-intelligence/?share=jetpack-whatsapp HTTP/1.1" 302 - "-" "Mozilla/5.0 (iPhone; CPU iPhone OS 17_3_1 like Mac OS X) AppleWebKit/605.1.15 (KHTML, like Gecko) Version/17.3.1 Mobile/15E148 Safari/604"
192.36.109.129 - - [27/Apr/2026:17:02:02 +0000] "GET /blog/tag/the-benefits-of-business-intelligence/ HTTP/1.1" 200 7552 "-" "Mozilla/5.0 (iPhone; CPU iPhone OS 17_3_1 like Mac OS X) AppleWebKit/605.1.15 (KHTML, like Gecko) Version/17.3.1 Mobile/15E148 Safari/604"
20.212.0.99 - - [27/Apr/2026:17:02:14 +0000] "GET /ioxi-o.php HTTP/1.1" 404 6594 "-" "Mozilla/5.0 (Windows NT 10.0; Win64; x64) AppleWebKit/537.36 (KHTML, like Gecko) Chrome/120.0.0.0 Safari/537.36"
20.212.0.99 - - [27/Apr/2026:17:02:14 +0000] "GET /rip.php HTTP/1.1" 404 6591 "-" "Mozilla/5.0 (Windows NT 10.0; Win64; x64) AppleWebKit/537.36 (KHTML, like Gecko) Chrome/120.0.0.0 Safari/537.36"
20.212.0.99 - - [27/Apr/2026:17:02:15 +0000] "GET /admin.php HTTP/1.1" 404 6591 "-" "Mozilla/5.0 (Windows NT 10.0; Win64; x64) AppleWebKit/537.36 (KHTML, like Gecko) Chrome/120.0.0.0 Safari/537.36"
20.212.0.99 - - [27/Apr/2026:17:02:16 +0000] "GET /wp-content/uploads/index.php HTTP/1.1" 301 - "-" "Mozilla/5.0 (Windows NT 10.0; Win64; x64) AppleWebKit/537.36 (KHTML, like Gecko) Chrome/120.0.0.0 Safari/537.36"
20.212.0.99 - - [27/Apr/2026:17:02:17 +0000] "GET /cache.php HTTP/1.1" 404 6592 "-" "Mozilla/5.0 (Windows NT 10.0; Win64; x64) AppleWebKit/537.36 (KHTML, like Gecko) Chrome/120.0.0.0 Safari/537.36"
20.212.0.99 - - [27/Apr/2026:17:02:17 +0000] "GET /themes.php HTTP/1.1" 404 6592 "-" "Mozilla/5.0 (Windows NT 10.0; Win64; x64) AppleWebKit/537.36 (KHTML, like Gecko) Chrome/120.0.0.0 Safari/537.36"
20.212.0.99 - - [27/Apr/2026:17:02:18 +0000] "GET /an.php HTTP/1.1" 404 6590 "-" "Mozilla/5.0 (Windows NT 10.0; Win64; x64) AppleWebKit/537.36 (KHTML, like Gecko) Chrome/120.0.0.0 Safari/537.36"
20.212.0.99 - - [27/Apr/2026:17:02:19 +0000] "GET /randkeyword.PhP7 HTTP/1.1" 404 6602 "-" "Mozilla/5.0 (Windows NT 10.0; Win64; x64) AppleWebKit/537.36 (KHTML, like Gecko) Chrome/120.0.0.0 Safari/537.36"
20.212.0.99 - - [27/Apr/2026:17:02:20 +0000] "GET /ws.php HTTP/1.1" 404 6590 "-" "Mozilla/5.0 (Windows NT 10.0; Win64; x64) AppleWebKit/537.36 (KHTML, like Gecko) Chrome/120.0.0.0 Safari/537.36"
20.212.0.99 - - [27/Apr/2026:17:02:21 +0000] "GET /404.php HTTP/1.1" 404 6591 "-" "Mozilla/5.0 (Windows NT 10.0; Win64; x64) AppleWebKit/537.36 (KHTML, like Gecko) Chrome/120.0.0.0 Safari/537.36"
20.212.0.99 - - [27/Apr/2026:17:02:22 +0000] "GET /wp-admin/user.php HTTP/1.1" 404 6594 "-" "Mozilla/5.0 (Windows NT 10.0; Win64; x64) AppleWebKit/537.36 (KHTML, like Gecko) Chrome/120.0.0.0 Safari/537.36"
20.212.0.99 - - [27/Apr/2026:17:02:22 +0000] "GET /wp-conf.php HTTP/1.1" 404 6592 "-" "Mozilla/5.0 (Windows NT 10.0; Win64; x64) AppleWebKit/537.36 (KHTML, like Gecko) Chrome/120.0.0.0 Safari/537.36"
20.212.0.99 - - [27/Apr/2026:17:02:23 +0000] "GET /wp-content/themes/hideo/network.php HTTP/1.1" 404 6601 "-" "Mozilla/5.0 (Windows NT 10.0; Win64; x64) AppleWebKit/537.36 (KHTML, like Gecko) Chrome/120.0.0.0 Safari/537.36"
20.212.0.99 - - [27/Apr/2026:17:02:24 +0000] "GET /wp-login.php HTTP/1.1" 200 2399 "-" "Mozilla/5.0 (Windows NT 10.0; Win64; x64) AppleWebKit/537.36 (KHTML, like Gecko) Chrome/120.0.0.0 Safari/537.36"
20.212.0.99 - - [27/Apr/2026:17:02:25 +0000] "GET /abc.php HTTP/1.1" 404 6591 "-" "Mozilla/5.0 (Windows NT 10.0; Win64; x64) AppleWebKit/537.36 (KHTML, like Gecko) Chrome/120.0.0.0 Safari/537.36"
20.212.0.99 - - [27/Apr/2026:17:02:26 +0000] "GET /abcd.php HTTP/1.1" 404 6592 "-" "Mozilla/5.0 (Windows NT 10.0; Win64; x64) AppleWebKit/537.36 (KHTML, like Gecko) Chrome/120.0.0.0 Safari/537.36"
20.212.0.99 - - [27/Apr/2026:17:02:27 +0000] "GET /as.php HTTP/1.1" 404 6590 "-" "Mozilla/5.0 (Windows NT 10.0; Win64; x64) AppleWebKit/537.36 (KHTML, like Gecko) Chrome/120.0.0.0 Safari/537.36"
20.212.0.99 - - [27/Apr/2026:17:02:28 +0000] "GET /wp-trackback.php HTTP/1.1" 200 130 "-" "Mozilla/5.0 (Windows NT 10.0; Win64; x64) AppleWebKit/537.36 (KHTML, like Gecko) Chrome/120.0.0.0 Safari/537.36"
20.212.0.99 - - [27/Apr/2026:17:02:28 +0000] "GET /about.php HTTP/1.1" 404 6593 "-" "Mozilla/5.0 (Windows NT 10.0; Win64; x64) AppleWebKit/537.36 (KHTML, like Gecko) Chrome/120.0.0.0 Safari/537.36"
20.212.0.99 - - [27/Apr/2026:17:02:29 +0000] "GET /file.php HTTP/1.1" 404 6592 "-" "Mozilla/5.0 (Windows NT 10.0; Win64; x64) AppleWebKit/537.36 (KHTML, like Gecko) Chrome/120.0.0.0 Safari/537.36"
20.212.0.99 - - [27/Apr/2026:17:02:30 +0000] "GET /adminfuns.php HTTP/1.1" 404 6594 "-" "Mozilla/5.0 (Windows NT 10.0; Win64; x64) AppleWebKit/537.36 (KHTML, like Gecko) Chrome/120.0.0.0 Safari/537.36"
20.212.0.99 - - [27/Apr/2026:17:02:31 +0000] "GET /wp-good.php HTTP/1.1" 404 6594 "-" "Mozilla/5.0 (Windows NT 10.0; Win64; x64) AppleWebKit/537.36 (KHTML, like Gecko) Chrome/120.0.0.0 Safari/537.36"
20.212.0.99 - - [27/Apr/2026:17:02:32 +0000] "GET /xmlrpc.php HTTP/1.1" 404 6591 "-" "Mozilla/5.0 (Windows NT 10.0; Win64; x64) AppleWebKit/537.36 (KHTML, like Gecko) Chrome/120.0.0.0 Safari/537.36"
20.212.0.99 - - [27/Apr/2026:17:02:33 +0000] "GET /goods.php HTTP/1.1" 404 6593 "-" "Mozilla/5.0 (Windows NT 10.0; Win64; x64) AppleWebKit/537.36 (KHTML, like Gecko) Chrome/120.0.0.0 Safari/537.36"
20.212.0.99 - - [27/Apr/2026:17:02:34 +0000] "GET /class-t.api.php HTTP/1.1" 404 6596 "-" "Mozilla/5.0 (Windows NT 10.0; Win64; x64) AppleWebKit/537.36 (KHTML, like Gecko) Chrome/120.0.0.0 Safari/537.36"
20.212.0.99 - - [27/Apr/2026:17:02:34 +0000] "GET /sf.php HTTP/1.1" 404 6591 "-" "Mozilla/5.0 (Windows NT 10.0; Win64; x64) AppleWebKit/537.36 (KHTML, like Gecko) Chrome/120.0.0.0 Safari/537.36"
20.212.0.99 - - [27/Apr/2026:17:02:35 +0000] "GET /kbfr.php HTTP/1.1" 404 6593 "-" "Mozilla/5.0 (Windows NT 10.0; Win64; x64) AppleWebKit/537.36 (KHTML, like Gecko) Chrome/120.0.0.0 Safari/537.36"
20.212.0.99 - - [27/Apr/2026:17:02:36 +0000] "GET /autoload_classmap.php HTTP/1.1" 404 6599 "-" "Mozilla/5.0 (Windows NT 10.0; Win64; x64) AppleWebKit/537.36 (KHTML, like Gecko) Chrome/120.0.0.0 Safari/537.36"
20.212.0.99 - - [27/Apr/2026:17:02:37 +0000] "GET /chosen.php?p= HTTP/1.1" 301 - "-" "Mozilla/5.0 (Windows NT 10.0; Win64; x64) AppleWebKit/537.36 (KHTML, like Gecko) Chrome/120.0.0.0 Safari/537.36"
20.212.0.99 - - [27/Apr/2026:17:02:38 +0000] "GET /classwithtostring.php HTTP/1.1" 404 6597 "-" "Mozilla/5.0 (Windows NT 10.0; Win64; x64) AppleWebKit/537.36 (KHTML, like Gecko) Chrome/120.0.0.0 Safari/537.36"
20.212.0.99 - - [27/Apr/2026:17:02:38 +0000] "GET /defaults.php HTTP/1.1" 404 6595 "-" "Mozilla/5.0 (Windows NT 10.0; Win64; x64) AppleWebKit/537.36 (KHTML, like Gecko) Chrome/120.0.0.0 Safari/537.36"
20.212.0.99 - - [27/Apr/2026:17:02:39 +0000] "GET /.well-known/ HTTP/1.1" 404 6597 "-" "Mozilla/5.0 (Windows NT 10.0; Win64; x64) AppleWebKit/537.36 (KHTML, like Gecko) Chrome/120.0.0.0 Safari/537.36"
20.212.0.99 - - [27/Apr/2026:17:02:40 +0000] "GET /info.php HTTP/1.1" 404 6592 "-" "Mozilla/5.0 (Windows NT 10.0; Win64; x64) AppleWebKit/537.36 (KHTML, like Gecko) Chrome/120.0.0.0 Safari/537.36"
20.212.0.99 - - [27/Apr/2026:17:02:41 +0000] "GET /cgi-bin/ HTTP/1.1" 404 6593 "-" "Mozilla/5.0 (Windows NT 10.0; Win64; x64) AppleWebKit/537.36 (KHTML, like Gecko) Chrome/120.0.0.0 Safari/537.36"
20.212.0.99 - - [27/Apr/2026:17:02:42 +0000] "GET /wp-includes/Requests/src/Response/about.php HTTP/1.1" 404 6609 "-" "Mozilla/5.0 (Windows NT 10.0; Win64; x64) AppleWebKit/537.36 (KHTML, like Gecko) Chrome/120.0.0.0 Safari/537.36"
20.212.0.99 - - [27/Apr/2026:17:02:42 +0000] "GET /wp-includes/html-api/ HTTP/1.1" 404 6597 "-" "Mozilla/5.0 (Windows NT 10.0; Win64; x64) AppleWebKit/537.36 (KHTML, like Gecko) Chrome/120.0.0.0 Safari/537.36"
20.212.0.99 - - [27/Apr/2026:17:02:43 +0000] "GET /wp-content/admin.php HTTP/1.1" 404 6594 "-" "Mozilla/5.0 (Windows NT 10.0; Win64; x64) AppleWebKit/537.36 (KHTML, like Gecko) Chrome/120.0.0.0 Safari/537.36"
20.212.0.99 - - [27/Apr/2026:17:02:44 +0000] "GET /wp-admin/css/colors/ectoplasm/ HTTP/1.1" 404 6603 "-" "Mozilla/5.0 (Windows NT 10.0; Win64; x64) AppleWebKit/537.36 (KHTML, like Gecko) Chrome/120.0.0.0 Safari/537.36"
20.212.0.99 - - [27/Apr/2026:17:02:45 +0000] "GET /wp-content/uploads/ HTTP/1.1" 404 6590 "-" "Mozilla/5.0 (Windows NT 10.0; Win64; x64) AppleWebKit/537.36 (KHTML, like Gecko) Chrome/120.0.0.0 Safari/537.36"
20.212.0.99 - - [27/Apr/2026:17:02:46 +0000] "GET /wp-content/themes/admin.php HTTP/1.1" 404 6593 "-" "Mozilla/5.0 (Windows NT 10.0; Win64; x64) AppleWebKit/537.36 (KHTML, like Gecko) Chrome/120.0.0.0 Safari/537.36"
