184.94.212.206 - - [28/Apr/2026:07:19:59 +0000] "POST /wp-cron.php?doing_wp_cron=1777360799.0056989192962646484375 HTTP/1.1" 200 - "-" "WordPress/6.9.4; https://articlebinder.com"
173.239.240.110 - - [28/Apr/2026:07:19:57 +0000] "POST /wp-login.php HTTP/1.1" 401 3405 "-" "Mozilla/5.0"
173.239.240.110 - - [28/Apr/2026:07:19:57 +0000] "POST /wp-login.php HTTP/1.1" 401 3404 "-" "Mozilla/5.0"
57.141.18.55 - - [28/Apr/2026:07:20:43 +0000] "GET /sitemap_index.xml HTTP/1.1" 200 920 "-" "meta-externalagent/1.1 (+https://developers.facebook.com/docs/sharing/webmasters/crawler)"
184.94.212.206 - - [28/Apr/2026:07:24:28 +0000] "POST /wp-cron.php?doing_wp_cron=1777361068.3907740116119384765625 HTTP/1.1" 200 - "-" "WordPress/6.9.4; https://articlebinder.com"
192.0.91.228 - - [28/Apr/2026:07:24:27 +0000] "HEAD / HTTP/1.1" 200 - "-" "jetmon/1.0 (Jetpack Site Uptime Monitor by WordPress.com)"
93.123.109.165 - - [28/Apr/2026:07:27:32 +0000] "GET /.env.prod HTTP/1.1" 404 23913 "-" "Mozilla/5.0 (Windows NT 10.0; Win64; x64) AppleWebKit/537.36 (KHTML, like Gecko) Chrome/120.0.0.0 Safari/537.36"
93.123.109.165 - - [28/Apr/2026:07:27:32 +0000] "GET /.env HTTP/1.1" 404 23908 "-" "Mozilla/5.0 (Windows NT 10.0; Win64; x64; rv:121.0) Gecko/20100101 Firefox/121.0"
93.123.109.165 - - [28/Apr/2026:07:27:32 +0000] "GET /info.php HTTP/1.1" 404 23912 "-" "Mozilla/5.0 (compatible; SecurityScanner/1.0)"
93.123.109.165 - - [28/Apr/2026:07:27:32 +0000] "GET /php.php HTTP/1.1" 404 23911 "-" "Mozilla/5.0 (Windows NT 10.0; Win64; x64; rv:121.0) Gecko/20100101 Firefox/121.0"
93.123.109.165 - - [28/Apr/2026:07:27:32 +0000] "GET /.aws/config HTTP/1.1" 404 23915 "-" "Mozilla/5.0 (Macintosh; Intel Mac OS X 10_15_7) AppleWebKit/537.36 (KHTML, like Gecko) Chrome/120.0.0.0 Safari/537.36"
93.123.109.165 - - [28/Apr/2026:07:27:32 +0000] "GET /.aws/credentials HTTP/1.1" 404 23920 "-" "Mozilla/5.0 (X11; Linux x86_64) AppleWebKit/537.36 (KHTML, like Gecko) Chrome/120.0.0.0 Safari/537.36"
93.123.109.165 - - [28/Apr/2026:07:27:32 +0000] "GET /i.php HTTP/1.1" 404 23909 "-" "Mozilla/5.0 (X11; Linux x86_64) AppleWebKit/537.36 (KHTML, like Gecko) Chrome/120.0.0.0 Safari/537.36"
93.123.109.165 - - [28/Apr/2026:07:27:32 +0000] "GET / HTTP/1.1" 200 38879 "-" "Mozilla/5.0 (X11; Linux x86_64) AppleWebKit/537.36 (KHTML, like Gecko) Chrome/120.0.0.0 Safari/537.36"
93.123.109.165 - - [28/Apr/2026:07:27:32 +0000] "GET /.env.production HTTP/1.1" 404 23919 "-" "Mozilla/5.0 (Windows NT 10.0; Win64; x64) AppleWebKit/537.36 (KHTML, like Gecko) Chrome/120.0.0.0 Safari/537.36"
93.123.109.165 - - [28/Apr/2026:07:27:34 +0000] "GET /.%65%6Ev.%6C%6F%63%61%6C HTTP/1.1" 404 23907 "-" "Mozilla/5.0 (Macintosh; Intel Mac OS X 10_15_7) AppleWebKit/537.36 (KHTML, like Gecko) Chrome/120.0.0.0 Safari/537.36"
93.123.109.165 - - [28/Apr/2026:07:27:32 +0000] "GET /.docker/config.json HTTP/1.1" 404 23923 "-" "Mozilla/5.0 (compatible; SecurityScanner/1.0)"
93.123.109.165 - - [28/Apr/2026:07:27:32 +0000] "GET /test.php HTTP/1.1" 404 23912 "-" "Mozilla/5.0 (X11; Linux x86_64) AppleWebKit/537.36 (KHTML, like Gecko) Chrome/120.0.0.0 Safari/537.36"
93.123.109.165 - - [28/Apr/2026:07:27:32 +0000] "GET /phpinfo.php HTTP/1.1" 404 23915 "-" "Mozilla/5.0 (Windows NT 10.0; Win64; x64) AppleWebKit/537.36 (KHTML, like Gecko) Chrome/120.0.0.0 Safari/537.36"
93.123.109.165 - - [28/Apr/2026:07:27:32 +0000] "GET /.%61%77%73/%63%6F%6E%66%69%67 HTTP/1.1" 404 23906 "-" "Mozilla/5.0 (Windows NT 10.0; Win64; x64; rv:121.0) Gecko/20100101 Firefox/121.0"
93.123.109.165 - - [28/Apr/2026:07:27:32 +0000] "GET /.env.local HTTP/1.1" 404 23914 "-" "Mozilla/5.0 (compatible; SecurityScanner/1.0)"
93.123.109.165 - - [28/Apr/2026:07:27:32 +0000] "GET / HTTP/1.1" 200 38879 "-" "Mozilla/5.0 (compatible; SecurityScanner/1.0)"
93.123.109.165 - - [28/Apr/2026:07:27:34 +0000] "GET /.git/HEAD HTTP/1.1" 404 23913 "-" "Mozilla/5.0 (Macintosh; Intel Mac OS X 10_15_7) AppleWebKit/537.36 (KHTML, like Gecko) Chrome/120.0.0.0 Safari/537.36"
93.123.109.165 - - [28/Apr/2026:07:27:34 +0000] "GET /.git/config HTTP/1.1" 404 23915 "-" "Mozilla/5.0 (Windows NT 10.0; Win64; x64) AppleWebKit/537.36 (KHTML, like Gecko) Chrome/120.0.0.0 Safari/537.36"
93.123.109.165 - - [28/Apr/2026:07:27:34 +0000] "GET /.%65%6Ev.%70%72%6F%64%75%63%74%69%6F%6E HTTP/1.1" 404 23907 "-" "Mozilla/5.0 (Macintosh; Intel Mac OS X 10_15_7) AppleWebKit/537.36 (KHTML, like Gecko) Chrome/120.0.0.0 Safari/537.36"
93.123.109.165 - - [28/Apr/2026:07:27:34 +0000] "GET /?-s HTTP/1.1" 200 38879 "-" "Mozilla/5.0 (Windows NT 10.0; Win64; x64; rv:121.0) Gecko/20100101 Firefox/121.0"
93.123.109.165 - - [28/Apr/2026:07:27:34 +0000] "GET /?=phpinfo() HTTP/1.1" 200 38879 "-" "Mozilla/5.0 (Windows NT 10.0; Win64; x64; rv:121.0) Gecko/20100101 Firefox/121.0"
93.123.109.165 - - [28/Apr/2026:07:27:34 +0000] "GET /.%65%6Ev HTTP/1.1" 404 23906 "-" "Mozilla/5.0 (Windows NT 10.0; Win64; x64) AppleWebKit/537.36 (KHTML, like Gecko) Chrome/120.0.0.0 Safari/537.36"
93.123.109.165 - - [28/Apr/2026:07:27:34 +0000] "GET /.%67%69%74/%63%6F%6E%66%69%67 HTTP/1.1" 404 23906 "-" "Mozilla/5.0 (Windows NT 10.0; Win64; x64) AppleWebKit/537.36 (KHTML, like Gecko) Chrome/120.0.0.0 Safari/537.36"
93.123.109.165 - - [28/Apr/2026:07:27:34 +0000] "GET /.%2567%2569%2574/%2563%256F%256E%2566%2569%2567 HTTP/1.1" 404 23924 "-" "Mozilla/5.0 (Windows NT 10.0; Win64; x64) AppleWebKit/537.36 (KHTML, like Gecko) Chrome/120.0.0.0 Safari/537.36"
93.123.109.165 - - [28/Apr/2026:07:27:34 +0000] "GET /.%68%74%70%61%73%73%77%64 HTTP/1.1" 404 23905 "-" "Mozilla/5.0 (X11; Linux x86_64) AppleWebKit/537.36 (KHTML, like Gecko) Chrome/120.0.0.0 Safari/537.36"
93.123.109.165 - - [28/Apr/2026:07:27:34 +0000] "GET /%70%68%70.%70%68%70 HTTP/1.1" 404 23905 "-" "Mozilla/5.0 (X11; Linux x86_64) AppleWebKit/537.36 (KHTML, like Gecko) Chrome/120.0.0.0 Safari/537.36"
93.123.109.165 - - [28/Apr/2026:07:27:34 +0000] "GET /.%65%6Ev.%70%72%6F%64 HTTP/1.1" 404 23907 "-" "Mozilla/5.0 (Macintosh; Intel Mac OS X 10_15_7) AppleWebKit/537.36 (KHTML, like Gecko) Chrome/120.0.0.0 Safari/537.36"
57.141.18.53 - - [28/Apr/2026:07:28:09 +0000] "GET /page-sitemap.xml HTTP/1.1" 200 1924 "-" "meta-externalagent/1.1 (+https://developers.facebook.com/docs/sharing/webmasters/crawler)"
184.94.212.206 - - [28/Apr/2026:07:29:12 +0000] "POST /wp-cron.php?doing_wp_cron=1777361352.3632130622863769531250 HTTP/1.1" 200 - "-" "WordPress/6.9.4; https://articlebinder.com"
93.123.109.165 - - [28/Apr/2026:07:29:11 +0000] "GET /.aws/config HTTP/1.1" 404 23970 "-" "Mozilla/5.0 (X11; Linux x86_64) AppleWebKit/537.36 (KHTML, like Gecko) Chrome/120.0.0.0 Safari/537.36"
93.123.109.165 - - [28/Apr/2026:07:29:11 +0000] "GET /php-info.php HTTP/1.1" 404 23971 "-" "Mozilla/5.0 (Macintosh; Intel Mac OS X 10_15_7) AppleWebKit/537.36 (KHTML, like Gecko) Chrome/120.0.0.0 Safari/537.36"
93.123.109.165 - - [28/Apr/2026:07:29:11 +0000] "GET /.env HTTP/1.1" 404 23963 "-" "Mozilla/5.0 (X11; Linux x86_64) AppleWebKit/537.36 (KHTML, like Gecko) Chrome/120.0.0.0 Safari/537.36"
93.123.109.165 - - [28/Apr/2026:07:29:11 +0000] "GET /%69%6E%66%6F.%70%68%70 HTTP/1.1" 404 23960 "-" "Mozilla/5.0 (Windows NT 10.0; Win64; x64) AppleWebKit/537.36 (KHTML, like Gecko) Chrome/120.0.0.0 Safari/537.36"
184.94.212.206 - - [28/Apr/2026:07:29:14 +0000] "POST /wp-cron.php?doing_wp_cron=1777361354.3546741008758544921875 HTTP/1.1" 200 - "-" "WordPress/6.9.4; https://articlebinder.com"
93.123.109.165 - - [28/Apr/2026:07:29:11 +0000] "GET /%70%68%70%69%6E%66%6F.%70%68%70 HTTP/1.1" 404 23960 "-" "Mozilla/5.0 (Windows NT 10.0; Win64; x64) AppleWebKit/537.36 (KHTML, like Gecko) Chrome/120.0.0.0 Safari/537.36"
93.123.109.165 - - [28/Apr/2026:07:29:11 +0000] "GET /.kube/config HTTP/1.1" 404 23971 "-" "Mozilla/5.0 (compatible; SecurityScanner/1.0)"
93.123.109.165 - - [28/Apr/2026:07:29:11 +0000] "GET /.env.dev HTTP/1.1" 404 23967 "-" "Mozilla/5.0 (X11; Linux x86_64) AppleWebKit/537.36 (KHTML, like Gecko) Chrome/120.0.0.0 Safari/537.36"
93.123.109.165 - - [28/Apr/2026:07:29:11 +0000] "GET /.dockerenv HTTP/1.1" 404 23969 "-" "Mozilla/5.0 (Windows NT 10.0; Win64; x64; rv:121.0) Gecko/20100101 Firefox/121.0"
93.123.109.165 - - [28/Apr/2026:07:29:11 +0000] "GET /.env.stage HTTP/1.1" 404 23969 "-" "Mozilla/5.0 (Macintosh; Intel Mac OS X 10_15_7) AppleWebKit/537.36 (KHTML, like Gecko) Chrome/120.0.0.0 Safari/537.36"
93.123.109.165 - - [28/Apr/2026:07:29:11 +0000] "GET /.env.staging HTTP/1.1" 404 23971 "-" "Mozilla/5.0 (Windows NT 10.0; Win64; x64; rv:121.0) Gecko/20100101 Firefox/121.0"
93.123.109.165 - - [28/Apr/2026:07:29:11 +0000] "GET /php_info.php HTTP/1.1" 404 23971 "-" "Mozilla/5.0 (Macintosh; Intel Mac OS X 10_15_7) AppleWebKit/537.36 (KHTML, like Gecko) Chrome/120.0.0.0 Safari/537.36"
93.123.109.165 - - [28/Apr/2026:07:29:11 +0000] "GET /.npmrc HTTP/1.1" 404 23965 "-" "Mozilla/5.0 (compatible; SecurityScanner/1.0)"
93.123.109.165 - - [28/Apr/2026:07:29:11 +0000] "GET /.netrc HTTP/1.1" 404 23965 "-" "Mozilla/5.0 (Windows NT 10.0; Win64; x64; rv:121.0) Gecko/20100101 Firefox/121.0"
93.123.109.165 - - [28/Apr/2026:07:29:11 +0000] "GET /%74%65%73%74.%70%68%70 HTTP/1.1" 404 23960 "-" "Mozilla/5.0 (Macintosh; Intel Mac OS X 10_15_7) AppleWebKit/537.36 (KHTML, like Gecko) Chrome/120.0.0.0 Safari/537.36"
93.123.109.165 - - [28/Apr/2026:07:29:11 +0000] "GET /.env.development HTTP/1.1" 404 23975 "-" "Mozilla/5.0 (Macintosh; Intel Mac OS X 10_15_7) AppleWebKit/537.36 (KHTML, like Gecko) Chrome/120.0.0.0 Safari/537.36"
45.117.169.86 - - [28/Apr/2026:07:29:26 +0000] "GET /wp-login.php HTTP/1.1" 200 4362 "-" "Mozilla/5.0 (Windows NT 10.0; WOW64; Trident/7.0; Touch; TBTE; rv:11.0) like Gecko"
192.0.91.228 - - [28/Apr/2026:07:29:27 +0000] "HEAD / HTTP/1.1" 200 - "-" "jetmon/1.0 (Jetpack Site Uptime Monitor by WordPress.com)"
45.117.169.86 - - [28/Apr/2026:07:29:27 +0000] "POST /wp-login.php HTTP/1.1" 200 4362 "https://articlebinder.com/wp-login.php" "Mozilla/5.0 (Windows NT 10.0; WOW64; Trident/7.0; Touch; TBTE; rv:11.0) like Gecko"
109.228.50.118 - - [28/Apr/2026:07:31:03 +0000] "GET /wp-login.php HTTP/1.1" 200 4362 "-" "Mozilla/5.0 (Windows NT 6.3; WOW64; Trident/7.0; AS; rv:11.0) like Gecko"
109.228.50.118 - - [28/Apr/2026:07:31:04 +0000] "POST /wp-login.php HTTP/1.1" 200 4362 "https://articlebinder.com/wp-login.php" "Mozilla/5.0 (Windows NT 6.3; WOW64; Trident/7.0; AS; rv:11.0) like Gecko"
184.94.212.206 - - [28/Apr/2026:07:32:04 +0000] "POST /wp-cron.php?doing_wp_cron=1777361524.6624839305877685546875 HTTP/1.1" 200 - "-" "WordPress/6.9.4; https://articlebinder.com"
57.141.18.100 - - [28/Apr/2026:07:32:03 +0000] "GET /header-1254x395/ HTTP/1.1" 301 - "-" "meta-externalagent/1.1 (+https://developers.facebook.com/docs/sharing/webmasters/crawler)"
46.8.110.8 - - [28/Apr/2026:07:33:29 +0000] "GET /wp-login.php?action=register HTTP/1.1" 302 - "http://articlebinder.com/wp-login.php?action=register" "Mozilla/5.0 (Windows NT 6.3; Win64; x64) AppleWebKit/537.36 (KHTML, like Gecko) Chrome/103.0.0.0 Safari/537.36"
173.239.240.113 - - [28/Apr/2026:07:33:29 +0000] "POST /wp-login.php HTTP/1.1" 401 3403 "-" "Mozilla/5.0"
173.239.240.117 - - [28/Apr/2026:07:33:29 +0000] "POST /wp-login.php HTTP/1.1" 401 3403 "-" "Mozilla/5.0"
46.8.110.8 - - [28/Apr/2026:07:33:30 +0000] "GET /wp-login.php?registration=disabled HTTP/1.1" 200 2487 "https://articlebinder.com/wp-login.php?action=register" "Mozilla/5.0 (Windows NT 6.3; Win64; x64) AppleWebKit/537.36 (KHTML, like Gecko) Chrome/103.0.0.0 Safari/537.36"
184.94.212.206 - - [28/Apr/2026:07:34:30 +0000] "POST /wp-cron.php?doing_wp_cron=1777361670.3423089981079101562500 HTTP/1.1" 200 - "-" "WordPress/6.9.4; https://articlebinder.com"
192.0.91.228 - - [28/Apr/2026:07:34:29 +0000] "HEAD / HTTP/1.1" 200 - "-" "jetmon/1.0 (Jetpack Site Uptime Monitor by WordPress.com)"
184.94.212.206 - - [28/Apr/2026:07:39:26 +0000] "POST /wp-cron.php?doing_wp_cron=1777361966.8408010005950927734375 HTTP/1.1" 200 - "-" "WordPress/6.9.4; https://articlebinder.com"
192.0.91.228 - - [28/Apr/2026:07:39:25 +0000] "HEAD / HTTP/1.1" 200 - "-" "jetmon/1.0 (Jetpack Site Uptime Monitor by WordPress.com)"
69.49.112.62 - - [28/Apr/2026:07:41:14 +0000] "GET /wp-login.php HTTP/1.1" 200 4363 "-" "Mozilla/4.0 (compatible; MSIE 7.0; Windows NT 6.2; WOW64; Trident/7.0; .NET4.0E; .NET4.0C; .NET CLR 3.5.30729; .NET CLR 2.0.50727; .NET CLR 3.0.30729; InfoPath.3)"
69.49.112.62 - - [28/Apr/2026:07:41:15 +0000] "POST /wp-login.php HTTP/1.1" 200 4363 "https://articlebinder.com/wp-login.php" "Mozilla/4.0 (compatible; MSIE 7.0; Windows NT 6.2; WOW64; Trident/7.0; .NET4.0E; .NET4.0C; .NET CLR 3.5.30729; .NET CLR 2.0.50727; .NET CLR 3.0.30729; InfoPath.3)"
144.16.144.93 - - [28/Apr/2026:07:47:03 +0000] "GET /wp-login.php HTTP/1.1" 500 1004 "-" "Mozilla/4.0 (compatible; MSIE 7.0; Windows NT 6.1; WOW64; Trident/7.0; SLCC2; .NET CLR 2.0.50727; .NET CLR 3.5.30729; .NET CLR 3.0.30729; Media Center PC 6.0; .NET4.0C; .NET4.0E; GWX:RESERVED)"
184.94.212.206 - - [28/Apr/2026:07:49:52 +0000] "POST /wp-cron.php?doing_wp_cron=1777362592.4929740428924560546875 HTTP/1.1" 200 - "-" "WordPress/6.9.4; https://articlebinder.com"
192.0.91.228 - - [28/Apr/2026:07:49:37 +0000] "HEAD / HTTP/1.1" 200 - "-" "jetmon/1.0 (Jetpack Site Uptime Monitor by WordPress.com)"
184.94.212.206 - - [28/Apr/2026:07:54:29 +0000] "POST /wp-cron.php?doing_wp_cron=1777362869.7294199466705322265625 HTTP/1.1" 200 - "-" "WordPress/6.9.4; https://articlebinder.com"
192.0.91.228 - - [28/Apr/2026:07:54:29 +0000] "HEAD / HTTP/1.1" 200 - "-" "jetmon/1.0 (Jetpack Site Uptime Monitor by WordPress.com)"
184.94.212.206 - - [28/Apr/2026:07:55:12 +0000] "POST /wp-cron.php?doing_wp_cron=1777362912.8886110782623291015625 HTTP/1.1" 200 - "-" "WordPress/6.9.4; https://articlebinder.com"
136.243.228.179 - - [28/Apr/2026:07:55:11 +0000] "GET /blog/business-intelligence/ HTTP/1.1" 200 16946 "-" "Mozilla/5.0 (compatible; DataForSeoBot/1.0; +https://dataforseo.com/dataforseo-bot)"
136.243.228.179 - - [28/Apr/2026:07:55:43 +0000] "GET /blog/category/business/ HTTP/1.1" 200 7665 "-" "Mozilla/5.0 (compatible; DataForSeoBot/1.0; +https://dataforseo.com/dataforseo-bot)"
136.243.228.179 - - [28/Apr/2026:07:55:47 +0000] "GET /blog/ HTTP/1.1" 200 8626 "-" "Mozilla/5.0 (compatible; DataForSeoBot/1.0; +https://dataforseo.com/dataforseo-bot)"
136.243.228.179 - - [28/Apr/2026:07:55:51 +0000] "GET /blog/tag/the-benefits-of-business-intelligence/ HTTP/1.1" 200 7552 "-" "Mozilla/5.0 (compatible; DataForSeoBot/1.0; +https://dataforseo.com/dataforseo-bot)"
136.243.228.179 - - [28/Apr/2026:07:55:55 +0000] "GET /home/ HTTP/1.1" 200 8657 "-" "Mozilla/5.0 (compatible; DataForSeoBot/1.0; +https://dataforseo.com/dataforseo-bot)"
136.243.228.179 - - [28/Apr/2026:07:56:00 +0000] "GET /blog/emdr-side-effects/ HTTP/1.1" 200 20938 "-" "Mozilla/5.0 (compatible; DataForSeoBot/1.0; +https://dataforseo.com/dataforseo-bot)"
136.243.228.179 - - [28/Apr/2026:07:56:03 +0000] "GET /blog/self-reflection/ HTTP/1.1" 200 12422 "-" "Mozilla/5.0 (compatible; DataForSeoBot/1.0; +https://dataforseo.com/dataforseo-bot)"
136.243.228.179 - - [28/Apr/2026:07:56:07 +0000] "GET / HTTP/1.1" 200 9506 "-" "Mozilla/5.0 (compatible; DataForSeoBot/1.0; +https://dataforseo.com/dataforseo-bot)"
136.243.228.179 - - [28/Apr/2026:07:56:42 +0000] "GET /blog/category/mental-health/ HTTP/1.1" 200 8057 "-" "Mozilla/5.0 (compatible; DataForSeoBot/1.0; +https://dataforseo.com/dataforseo-bot)"
136.243.228.179 - - [28/Apr/2026:07:56:46 +0000] "GET /blog/tag/emdr-side-effects/ HTTP/1.1" 200 7558 "-" "Mozilla/5.0 (compatible; DataForSeoBot/1.0; +https://dataforseo.com/dataforseo-bot)"
136.243.228.179 - - [28/Apr/2026:07:56:51 +0000] "GET /blog/self-publishing/ HTTP/1.1" 200 10362 "-" "Mozilla/5.0 (compatible; DataForSeoBot/1.0; +https://dataforseo.com/dataforseo-bot)"
136.243.228.179 - - [28/Apr/2026:07:56:55 +0000] "GET /blog/category/general/ HTTP/1.1" 200 8109 "-" "Mozilla/5.0 (compatible; DataForSeoBot/1.0; +https://dataforseo.com/dataforseo-bot)"
136.243.228.179 - - [28/Apr/2026:07:57:44 +0000] "GET /blog/category/publishing/ HTTP/1.1" 200 7711 "-" "Mozilla/5.0 (compatible; DataForSeoBot/1.0; +https://dataforseo.com/dataforseo-bot)"
184.94.212.206 - - [28/Apr/2026:07:59:17 +0000] "POST /wp-cron.php?doing_wp_cron=1777363157.0904510021209716796875 HTTP/1.1" 200 - "-" "WordPress/6.9.4; https://articlebinder.com"
3.93.253.174 - - [28/Apr/2026:07:59:15 +0000] "GET /contact/ HTTP/1.1" 200 9054 "-" "Mozilla/5.0 AppleWebKit/537.36 (KHTML, like Gecko; compatible; Amazonbot/0.1; +https://developer.amazon.com/support/amazonbot) Chrome/119.0.6045.214 Safari/537.36"
192.0.91.228 - - [28/Apr/2026:07:59:28 +0000] "HEAD / HTTP/1.1" 200 - "-" "jetmon/1.0 (Jetpack Site Uptime Monitor by WordPress.com)"
3.110.254.12 - - [28/Apr/2026:07:59:32 +0000] "GET /wp-login.php HTTP/1.1" 200 4361 "-" "Mozilla/5.0 (Windows NT 6.1; Trident/7.0; BOIE9;ENUS; rv:11.0) like Gecko"
3.110.254.12 - - [28/Apr/2026:07:59:34 +0000] "POST /wp-login.php HTTP/1.1" 200 4361 "https://articlebinder.com/wp-login.php" "Mozilla/5.0 (Windows NT 6.1; Trident/7.0; BOIE9;ENUS; rv:11.0) like Gecko"
184.94.212.206 - - [28/Apr/2026:08:00:04 +0000] "POST /wp-cron.php?doing_wp_cron=1777363204.5885341167449951171875 HTTP/1.1" 200 - "-" "WordPress/6.9.4; https://articlebinder.com"
136.144.35.72 - - [28/Apr/2026:08:00:02 +0000] "POST /wp-login.php HTTP/1.1" 401 3403 "-" "Mozilla/5.0"
136.144.35.66 - - [28/Apr/2026:08:00:02 +0000] "POST /wp-login.php HTTP/1.1" 401 3403 "-" "Mozilla/5.0"
104.168.93.75 - - [28/Apr/2026:08:01:53 +0000] "GET /wp-admin/ HTTP/1.1" 302 - "-" "-"
104.168.93.75 - - [28/Apr/2026:08:01:54 +0000] "GET /wp-login.php?redirect_to=https%3A%2F%2Farticlebinder.com%2Fwp-admin%2F&reauth=1 HTTP/1.1" 200 8215 "-" "-"
184.94.212.206 - - [28/Apr/2026:08:04:27 +0000] "POST /wp-cron.php?doing_wp_cron=1777363467.1435840129852294921875 HTTP/1.1" 200 - "-" "WordPress/6.9.4; https://articlebinder.com"
192.0.91.228 - - [28/Apr/2026:08:04:25 +0000] "HEAD / HTTP/1.1" 200 - "-" "jetmon/1.0 (Jetpack Site Uptime Monitor by WordPress.com)"
149.202.84.95 - - [28/Apr/2026:08:08:56 +0000] "GET /wp-login.php?redirect_to=https%3A%2F%2Farticlebinder.com%2Fblog%2Femdr-side-effects%2F HTTP/1.1" 200 4403 "http://articlebinder.com/blog/emdr-side-effects/" "Mozilla/5.0 (Windows NT 6.3; Win64; x64) AppleWebKit/537.36 (KHTML, like Gecko) Chrome/103.0.0.0 Safari/537.36"
149.202.84.95 - - [28/Apr/2026:08:08:57 +0000] "GET /wp-login.php?redirect_to=https%3A%2F%2Farticlebinder.com%2Fblog%2Femdr-side-effects%2F HTTP/1.1" 200 4403 "https://articlebinder.com/wp-login.php?redirect_to=https%3A%2F%2Farticlebinder.com%2Fblog%2Femdr-side-effects%2F" "Mozilla/5.0 (Windows NT 6.3; Win64; x64) AppleWebKit/537.36 (KHTML, like Gecko) Chrome/103.0.0.0 Safari/537.36"
149.202.84.95 - - [28/Apr/2026:08:09:08 +0000] "POST /wp-login.php?jetpack-protect-recovery=true HTTP/1.1" 200 4331 "https://articlebinder.com/wp-login.php?redirect_to=https%3A%2F%2Farticlebinder.com%2Fblog%2Femdr-side-effects%2F" "Mozilla/5.0 (Windows NT 6.3; Win64; x64) AppleWebKit/537.36 (KHTML, like Gecko) Chrome/103.0.0.0 Safari/537.36"
192.0.91.228 - - [28/Apr/2026:08:09:28 +0000] "HEAD / HTTP/1.1" 200 - "-" "jetmon/1.0 (Jetpack Site Uptime Monitor by WordPress.com)"
136.144.35.73 - - [28/Apr/2026:08:13:07 +0000] "POST /wp-login.php HTTP/1.1" 401 3403 "-" "Mozilla/5.0"
136.144.35.72 - - [28/Apr/2026:08:13:07 +0000] "POST /wp-login.php HTTP/1.1" 401 3403 "-" "Mozilla/5.0"
41.196.200.193 - - [28/Apr/2026:08:14:39 +0000] "GET /wp-login.php HTTP/1.1" 200 4361 "-" "Mozilla/5.0 (Windows NT 6.2; Win64; x64) AppleWebKit/537.36 (KHTML, like Gecko) Chrome/66.0.3359.181 Safari/537.36"
41.196.200.193 - - [28/Apr/2026:08:14:40 +0000] "POST /wp-login.php HTTP/1.1" 200 4361 "https://articlebinder.com/wp-login.php" "Mozilla/5.0 (Windows NT 6.2; Win64; x64) AppleWebKit/537.36 (KHTML, like Gecko) Chrome/66.0.3359.181 Safari/537.36"
184.94.212.206 - - [28/Apr/2026:08:19:28 +0000] "POST /wp-cron.php?doing_wp_cron=1777364368.0265901088714599609375 HTTP/1.1" 200 - "-" "WordPress/6.9.4; https://articlebinder.com"
192.0.91.228 - - [28/Apr/2026:08:19:26 +0000] "HEAD / HTTP/1.1" 200 - "-" "jetmon/1.0 (Jetpack Site Uptime Monitor by WordPress.com)"
184.94.212.206 - - [28/Apr/2026:08:24:30 +0000] "POST /wp-cron.php?doing_wp_cron=1777364670.9500041007995605468750 HTTP/1.1" 200 - "-" "WordPress/6.9.4; https://articlebinder.com"
192.0.91.228 - - [28/Apr/2026:08:24:30 +0000] "HEAD / HTTP/1.1" 200 - "-" "jetmon/1.0 (Jetpack Site Uptime Monitor by WordPress.com)"
184.94.212.206 - - [28/Apr/2026:08:26:18 +0000] "POST /wp-cron.php?doing_wp_cron=1777364778.2242929935455322265625 HTTP/1.1" 200 - "-" "WordPress/6.9.4; https://articlebinder.com"
136.144.35.73 - - [28/Apr/2026:08:26:16 +0000] "POST /wp-login.php HTTP/1.1" 401 3403 "-" "Mozilla/5.0"
136.144.35.68 - - [28/Apr/2026:08:26:16 +0000] "POST /wp-login.php HTTP/1.1" 401 3403 "-" "Mozilla/5.0"
172.237.147.67 - - [28/Apr/2026:08:26:19 +0000] "HEAD / HTTP/1.1" 200 - "-" "Mozilla/5.0 (compatible; SSL-Checker/1.0)"
184.94.212.206 - - [28/Apr/2026:08:29:31 +0000] "POST /wp-cron.php?doing_wp_cron=1777364971.6767129898071289062500 HTTP/1.1" 200 - "-" "WordPress/6.9.4; https://articlebinder.com"
192.0.91.228 - - [28/Apr/2026:08:29:30 +0000] "HEAD / HTTP/1.1" 200 - "-" "jetmon/1.0 (Jetpack Site Uptime Monitor by WordPress.com)"
184.94.212.206 - - [28/Apr/2026:08:34:27 +0000] "POST /wp-cron.php?doing_wp_cron=1777365267.1373009681701660156250 HTTP/1.1" 200 - "-" "WordPress/6.9.4; https://articlebinder.com"
192.0.91.228 - - [28/Apr/2026:08:34:25 +0000] "HEAD / HTTP/1.1" 200 - "-" "jetmon/1.0 (Jetpack Site Uptime Monitor by WordPress.com)"
184.94.212.206 - - [28/Apr/2026:08:39:31 +0000] "POST /wp-cron.php?doing_wp_cron=1777365571.5615289211273193359375 HTTP/1.1" 200 - "-" "WordPress/6.9.4; https://articlebinder.com"
192.0.91.228 - - [28/Apr/2026:08:39:30 +0000] "HEAD / HTTP/1.1" 200 - "-" "jetmon/1.0 (Jetpack Site Uptime Monitor by WordPress.com)"
136.144.35.63 - - [28/Apr/2026:08:39:35 +0000] "POST /wp-login.php HTTP/1.1" 401 3403 "-" "Mozilla/5.0"
173.239.240.111 - - [28/Apr/2026:08:39:35 +0000] "POST /wp-login.php HTTP/1.1" 401 3403 "-" "Mozilla/5.0"
184.94.212.206 - - [28/Apr/2026:08:44:31 +0000] "POST /wp-cron.php?doing_wp_cron=1777365871.0565071105957031250000 HTTP/1.1" 200 - "-" "WordPress/6.9.4; https://articlebinder.com"
192.0.91.228 - - [28/Apr/2026:08:44:29 +0000] "HEAD / HTTP/1.1" 200 - "-" "jetmon/1.0 (Jetpack Site Uptime Monitor by WordPress.com)"
184.94.212.206 - - [28/Apr/2026:08:49:29 +0000] "POST /wp-cron.php?doing_wp_cron=1777366169.0017049312591552734375 HTTP/1.1" 200 - "-" "WordPress/6.9.4; https://articlebinder.com"
192.0.91.228 - - [28/Apr/2026:08:49:27 +0000] "HEAD / HTTP/1.1" 200 - "-" "jetmon/1.0 (Jetpack Site Uptime Monitor by WordPress.com)"
184.94.212.206 - - [28/Apr/2026:08:50:30 +0000] "POST /wp-cron.php?doing_wp_cron=1777366230.8109700679779052734375 HTTP/1.1" 200 - "-" "WordPress/6.9.4; https://articlebinder.com"
66.249.66.194 - - [28/Apr/2026:08:50:29 +0000] "GET /robots.txt HTTP/1.1" 200 142 "-" "Mozilla/5.0 (compatible; Googlebot/2.1; +http://www.google.com/bot.html)"
66.249.66.195 - - [28/Apr/2026:08:50:31 +0000] "GET /post_tag-sitemap.xml HTTP/1.1" 200 417 "-" "Mozilla/5.0 (compatible; Googlebot/2.1; +http://www.google.com/bot.html)"
184.94.212.206 - - [28/Apr/2026:08:52:52 +0000] "POST /wp-cron.php?doing_wp_cron=1777366372.7354199886322021484375 HTTP/1.1" 200 - "-" "WordPress/6.9.4; https://articlebinder.com"
173.239.240.114 - - [28/Apr/2026:08:52:51 +0000] "POST /wp-login.php HTTP/1.1" 401 3403 "-" "Mozilla/5.0"
173.239.240.106 - - [28/Apr/2026:08:52:51 +0000] "POST /wp-login.php HTTP/1.1" 401 3403 "-" "Mozilla/5.0"
184.94.212.206 - - [28/Apr/2026:08:54:30 +0000] "POST /wp-cron.php?doing_wp_cron=1777366470.9457349777221679687500 HTTP/1.1" 200 - "-" "WordPress/6.9.4; https://articlebinder.com"
192.0.91.228 - - [28/Apr/2026:08:54:29 +0000] "HEAD / HTTP/1.1" 200 - "-" "jetmon/1.0 (Jetpack Site Uptime Monitor by WordPress.com)"
184.94.212.206 - - [28/Apr/2026:08:59:30 +0000] "POST /wp-cron.php?doing_wp_cron=1777366770.3223559856414794921875 HTTP/1.1" 200 - "-" "WordPress/6.9.4; https://articlebinder.com"
192.0.91.228 - - [28/Apr/2026:08:59:29 +0000] "HEAD / HTTP/1.1" 200 - "-" "jetmon/1.0 (Jetpack Site Uptime Monitor by WordPress.com)"
184.94.212.206 - - [28/Apr/2026:09:04:30 +0000] "POST /wp-cron.php?doing_wp_cron=1777367070.8403830528259277343750 HTTP/1.1" 200 - "-" "WordPress/6.9.4; https://articlebinder.com"
192.0.91.228 - - [28/Apr/2026:09:04:29 +0000] "HEAD / HTTP/1.1" 200 - "-" "jetmon/1.0 (Jetpack Site Uptime Monitor by WordPress.com)"
136.144.35.65 - - [28/Apr/2026:09:06:14 +0000] "POST /wp-login.php HTTP/1.1" 401 3404 "-" "Mozilla/5.0"
184.94.212.206 - - [28/Apr/2026:09:06:15 +0000] "POST /wp-cron.php?doing_wp_cron=1777367175.9455239772796630859375 HTTP/1.1" 200 - "-" "WordPress/6.9.4; https://articlebinder.com"
136.144.35.62 - - [28/Apr/2026:09:06:14 +0000] "POST /wp-login.php HTTP/1.1" 401 3403 "-" "Mozilla/5.0"
184.94.212.206 - - [28/Apr/2026:09:09:33 +0000] "POST /wp-cron.php?doing_wp_cron=1777367373.0624179840087890625000 HTTP/1.1" 200 - "-" "WordPress/6.9.4; https://articlebinder.com"
192.0.91.228 - - [28/Apr/2026:09:09:31 +0000] "HEAD / HTTP/1.1" 200 - "-" "jetmon/1.0 (Jetpack Site Uptime Monitor by WordPress.com)"
66.116.235.214 - - [28/Apr/2026:09:09:36 +0000] "GET /wp-login.php HTTP/1.1" 200 2609 "-" "Mozilla/5.0 (Macintosh; Intel Mac OS X 10_13) AppleWebKit/603.1.13 (KHTML, like Gecko) Version/10.1 Safari/603.1.13"
184.94.212.206 - - [28/Apr/2026:09:09:38 +0000] "POST /wp-cron.php?doing_wp_cron=1777367378.6811120510101318359375 HTTP/1.1" 200 - "-" "WordPress/6.9.4; https://articlebinder.com"
66.116.235.214 - - [28/Apr/2026:09:09:38 +0000] "POST /wp-login.php HTTP/1.1" 401 1416 "https://articlebinder.com/wp-login.php" "Mozilla/5.0 (Macintosh; Intel Mac OS X 10_13) AppleWebKit/603.1.13 (KHTML, like Gecko) Version/10.1 Safari/603.1.13"
184.94.212.206 - - [28/Apr/2026:09:14:29 +0000] "POST /wp-cron.php?doing_wp_cron=1777367669.6246490478515625000000 HTTP/1.1" 200 - "-" "WordPress/6.9.4; https://articlebinder.com"
192.0.91.228 - - [28/Apr/2026:09:14:28 +0000] "HEAD / HTTP/1.1" 200 - "-" "jetmon/1.0 (Jetpack Site Uptime Monitor by WordPress.com)"
184.94.212.206 - - [28/Apr/2026:09:19:33 +0000] "POST /wp-cron.php?doing_wp_cron=1777367973.4882519245147705078125 HTTP/1.1" 200 - "-" "WordPress/6.9.4; https://articlebinder.com"
192.0.91.228 - - [28/Apr/2026:09:19:32 +0000] "HEAD / HTTP/1.1" 200 - "-" "jetmon/1.0 (Jetpack Site Uptime Monitor by WordPress.com)"
136.144.35.74 - - [28/Apr/2026:09:19:36 +0000] "POST /wp-login.php HTTP/1.1" 401 3403 "-" "Mozilla/5.0"
184.94.212.206 - - [28/Apr/2026:09:19:38 +0000] "POST /wp-cron.php?doing_wp_cron=1777367978.2429220676422119140625 HTTP/1.1" 200 - "-" "WordPress/6.9.4; https://articlebinder.com"
173.239.240.108 - - [28/Apr/2026:09:19:37 +0000] "POST /wp-login.php HTTP/1.1" 401 3403 "-" "Mozilla/5.0"
78.159.131.56 - - [28/Apr/2026:09:22:51 +0000] "GET / HTTP/1.1" 200 38879 "-" "Mozilla/5.0 (Windows NT 10.0; Win64; x64) AppleWebKit/537.36 (KHTML, like Gecko) Chrome/131.0.0.0 Safari/537.36"
184.94.212.206 - - [28/Apr/2026:09:24:28 +0000] "POST /wp-cron.php?doing_wp_cron=1777368268.6137468814849853515625 HTTP/1.1" 200 - "-" "WordPress/6.9.4; https://articlebinder.com"
192.0.91.228 - - [28/Apr/2026:09:24:27 +0000] "HEAD / HTTP/1.1" 200 - "-" "jetmon/1.0 (Jetpack Site Uptime Monitor by WordPress.com)"
184.94.212.206 - - [28/Apr/2026:09:28:47 +0000] "POST /wp-cron.php?doing_wp_cron=1777368527.6308848857879638671875 HTTP/1.1" 200 - "-" "WordPress/6.9.4; https://articlebinder.com"
216.73.216.8 - - [28/Apr/2026:09:28:46 +0000] "GET /robots.txt HTTP/1.1" 200 142 "-" "Mozilla/5.0 AppleWebKit/537.36 (KHTML, like Gecko; compatible; ClaudeBot/1.0; +claudebot@anthropic.com)"
216.73.216.8 - - [28/Apr/2026:09:28:47 +0000] "GET /news-sitemap.xml HTTP/1.1" 200 312 "-" "Mozilla/5.0 AppleWebKit/537.36 (KHTML, like Gecko; compatible; ClaudeBot/1.0; +claudebot@anthropic.com)"
184.94.212.206 - - [28/Apr/2026:09:29:31 +0000] "POST /wp-cron.php?doing_wp_cron=1777368571.1857039928436279296875 HTTP/1.1" 200 - "-" "WordPress/6.9.4; https://articlebinder.com"
192.0.91.228 - - [28/Apr/2026:09:29:30 +0000] "HEAD / HTTP/1.1" 200 - "-" "jetmon/1.0 (Jetpack Site Uptime Monitor by WordPress.com)"
184.94.212.206 - - [28/Apr/2026:09:32:57 +0000] "POST /wp-cron.php?doing_wp_cron=1777368777.3151359558105468750000 HTTP/1.1" 200 - "-" "WordPress/6.9.4; https://articlebinder.com"
136.144.35.64 - - [28/Apr/2026:09:32:55 +0000] "POST /wp-login.php HTTP/1.1" 401 3403 "-" "Mozilla/5.0"
136.144.35.69 - - [28/Apr/2026:09:32:55 +0000] "POST /wp-login.php HTTP/1.1" 401 3403 "-" "Mozilla/5.0"
184.94.212.206 - - [28/Apr/2026:09:34:31 +0000] "POST /wp-cron.php?doing_wp_cron=1777368871.2966320514678955078125 HTTP/1.1" 200 - "-" "WordPress/6.9.4; https://articlebinder.com"
192.0.91.228 - - [28/Apr/2026:09:34:30 +0000] "HEAD / HTTP/1.1" 200 - "-" "jetmon/1.0 (Jetpack Site Uptime Monitor by WordPress.com)"
184.94.212.206 - - [28/Apr/2026:09:35:45 +0000] "POST /wp-cron.php?doing_wp_cron=1777368945.0407090187072753906250 HTTP/1.1" 200 - "-" "WordPress/6.9.4; https://articlebinder.com"
216.73.216.8 - - [28/Apr/2026:09:35:43 +0000] "GET /sitemap_index.xml HTTP/1.1" 200 364 "-" "Mozilla/5.0 AppleWebKit/537.36 (KHTML, like Gecko; compatible; ClaudeBot/1.0; +claudebot@anthropic.com)"
184.94.212.206 - - [28/Apr/2026:09:39:29 +0000] "POST /wp-cron.php?doing_wp_cron=1777369169.6264550685882568359375 HTTP/1.1" 200 - "-" "WordPress/6.9.4; https://articlebinder.com"
192.0.91.228 - - [28/Apr/2026:09:39:28 +0000] "HEAD / HTTP/1.1" 200 - "-" "jetmon/1.0 (Jetpack Site Uptime Monitor by WordPress.com)"
184.94.212.206 - - [28/Apr/2026:09:43:00 +0000] "POST /wp-cron.php?doing_wp_cron=1777369380.0173699855804443359375 HTTP/1.1" 200 - "-" "WordPress/6.9.4; https://articlebinder.com"
65.254.225.214 - - [28/Apr/2026:09:42:58 +0000] "GET /wp-login.php HTTP/1.1" 200 2604 "-" "Mozilla/5.0 (Macintosh; Intel Mac OS X 10_13_4) AppleWebKit/605.1.15 (KHTML, like Gecko) Version/11.1 Safari/605.1.15"
65.254.225.214 - - [28/Apr/2026:09:43:00 +0000] "POST /wp-login.php HTTP/1.1" 401 1415 "https://articlebinder.com/wp-login.php" "Mozilla/5.0 (Macintosh; Intel Mac OS X 10_13_4) AppleWebKit/605.1.15 (KHTML, like Gecko) Version/11.1 Safari/605.1.15"
184.94.212.206 - - [28/Apr/2026:09:44:30 +0000] "POST /wp-cron.php?doing_wp_cron=1777369470.9543209075927734375000 HTTP/1.1" 200 - "-" "WordPress/6.9.4; https://articlebinder.com"
192.0.91.228 - - [28/Apr/2026:09:44:29 +0000] "HEAD / HTTP/1.1" 200 - "-" "jetmon/1.0 (Jetpack Site Uptime Monitor by WordPress.com)"
184.94.212.206 - - [28/Apr/2026:09:46:16 +0000] "POST /wp-cron.php?doing_wp_cron=1777369576.4508700370788574218750 HTTP/1.1" 200 - "-" "WordPress/6.9.4; https://articlebinder.com"
173.239.240.112 - - [28/Apr/2026:09:46:15 +0000] "POST /wp-login.php HTTP/1.1" 401 3404 "-" "Mozilla/5.0"
184.94.212.206 - - [28/Apr/2026:09:46:17 +0000] "POST /wp-cron.php?doing_wp_cron=1777369577.8746829032897949218750 HTTP/1.1" 200 - "-" "WordPress/6.9.4; https://articlebinder.com"
136.144.35.67 - - [28/Apr/2026:09:46:15 +0000] "POST /wp-login.php HTTP/1.1" 401 3403 "-" "Mozilla/5.0"
184.94.212.206 - - [28/Apr/2026:09:49:31 +0000] "POST /wp-cron.php?doing_wp_cron=1777369771.8632500171661376953125 HTTP/1.1" 200 - "-" "WordPress/6.9.4; https://articlebinder.com"
192.0.91.228 - - [28/Apr/2026:09:49:30 +0000] "HEAD / HTTP/1.1" 200 - "-" "jetmon/1.0 (Jetpack Site Uptime Monitor by WordPress.com)"
184.94.212.206 - - [28/Apr/2026:09:54:28 +0000] "POST /wp-cron.php?doing_wp_cron=1777370068.2250781059265136718750 HTTP/1.1" 200 - "-" "WordPress/6.9.4; https://articlebinder.com"
192.0.91.228 - - [28/Apr/2026:09:54:27 +0000] "HEAD / HTTP/1.1" 200 - "-" "jetmon/1.0 (Jetpack Site Uptime Monitor by WordPress.com)"
184.94.212.206 - - [28/Apr/2026:09:55:06 +0000] "POST /wp-cron.php?doing_wp_cron=1777370106.4920210838317871093750 HTTP/1.1" 200 - "-" "WordPress/6.9.4; https://articlebinder.com"
216.73.216.8 - - [28/Apr/2026:09:55:05 +0000] "GET /sitemap.xml HTTP/1.1" 200 304 "-" "Mozilla/5.0 AppleWebKit/537.36 (KHTML, like Gecko; compatible; ClaudeBot/1.0; +claudebot@anthropic.com)"
184.94.212.206 - - [28/Apr/2026:09:59:32 +0000] "POST /wp-cron.php?doing_wp_cron=1777370372.6872899532318115234375 HTTP/1.1" 200 - "-" "WordPress/6.9.4; https://articlebinder.com"
192.0.91.228 - - [28/Apr/2026:09:59:31 +0000] "HEAD / HTTP/1.1" 200 - "-" "jetmon/1.0 (Jetpack Site Uptime Monitor by WordPress.com)"
136.144.35.69 - - [28/Apr/2026:09:59:35 +0000] "POST /wp-login.php HTTP/1.1" 401 3404 "-" "Mozilla/5.0"
136.144.35.68 - - [28/Apr/2026:09:59:35 +0000] "POST /wp-login.php HTTP/1.1" 401 3403 "-" "Mozilla/5.0"
64.89.160.114 - - [28/Apr/2026:10:01:45 +0000] "GET /wp-login.php?al=true HTTP/1.1" 200 4366 "-" "Mozilla/5.0"
159.89.94.245 - - [28/Apr/2026:10:02:26 +0000] "GET /wp-login.php HTTP/1.1" 200 4362 "-" "Mozilla/5.0 (Windows NT 6.3; Win64; x64) AppleWebKit/537.36 (KHTML, like Gecko) Chrome/67.0.3396.87 Safari/537.36"
159.89.94.245 - - [28/Apr/2026:10:02:27 +0000] "POST /wp-login.php HTTP/1.1" 200 4362 "https://articlebinder.com/wp-login.php" "Mozilla/5.0 (Windows NT 6.3; Win64; x64) AppleWebKit/537.36 (KHTML, like Gecko) Chrome/67.0.3396.87 Safari/537.36"
152.53.111.131 - - [28/Apr/2026:10:03:31 +0000] "GET /wp-login.php HTTP/1.1" 200 4362 "-" "Mozilla/5.0 (Windows NT 6.3; WOW64; Trident/7.0; MATMJS; rv:11.0) like Gecko"
152.53.111.131 - - [28/Apr/2026:10:03:32 +0000] "POST /wp-login.php HTTP/1.1" 200 4362 "https://articlebinder.com/wp-login.php" "Mozilla/5.0 (Windows NT 6.3; WOW64; Trident/7.0; MATMJS; rv:11.0) like Gecko"
184.94.212.206 - - [28/Apr/2026:10:04:29 +0000] "POST /wp-cron.php?doing_wp_cron=1777370669.3239860534667968750000 HTTP/1.1" 200 - "-" "WordPress/6.9.4; https://articlebinder.com"
192.0.91.228 - - [28/Apr/2026:10:04:28 +0000] "HEAD / HTTP/1.1" 200 - "-" "jetmon/1.0 (Jetpack Site Uptime Monitor by WordPress.com)"
184.94.212.206 - - [28/Apr/2026:10:09:32 +0000] "POST /wp-cron.php?doing_wp_cron=1777370972.8063220977783203125000 HTTP/1.1" 200 - "-" "WordPress/6.9.4; https://articlebinder.com"
192.0.91.228 - - [28/Apr/2026:10:09:31 +0000] "HEAD / HTTP/1.1" 200 - "-" "jetmon/1.0 (Jetpack Site Uptime Monitor by WordPress.com)"
184.94.212.206 - - [28/Apr/2026:10:10:19 +0000] "POST /wp-cron.php?doing_wp_cron=1777371019.8816289901733398437500 HTTP/1.1" 200 - "-" "WordPress/6.9.4; https://articlebinder.com"
57.141.18.123 - - [28/Apr/2026:10:10:18 +0000] "GET /image-sitemap-1.xml HTTP/1.1" 200 3970 "-" "meta-externalagent/1.1 (+https://developers.facebook.com/docs/sharing/webmasters/crawler)"
64.89.160.114 - - [28/Apr/2026:10:11:05 +0000] "GET /wp-login.php?al=true HTTP/1.1" 200 4366 "-" "Mozilla/5.0"
184.94.212.206 - - [28/Apr/2026:10:12:51 +0000] "POST /wp-cron.php?doing_wp_cron=1777371171.1019430160522460937500 HTTP/1.1" 200 - "-" "WordPress/6.9.4; https://articlebinder.com"
184.94.212.206 - - [28/Apr/2026:10:12:51 +0000] "POST /wp-cron.php?doing_wp_cron=1777371171.1018939018249511718750 HTTP/1.1" 200 - "-" "WordPress/6.9.4; https://articlebinder.com"
136.144.35.64 - - [28/Apr/2026:10:12:49 +0000] "POST /wp-login.php HTTP/1.1" 401 3403 "-" "Mozilla/5.0"
136.144.35.67 - - [28/Apr/2026:10:12:49 +0000] "POST /wp-login.php HTTP/1.1" 401 3404 "-" "Mozilla/5.0"
184.94.212.206 - - [28/Apr/2026:10:13:14 +0000] "POST /wp-cron.php?doing_wp_cron=1777371194.9000830650329589843750 HTTP/1.1" 200 - "-" "WordPress/6.9.4; https://articlebinder.com"
14.243.88.129 - - [28/Apr/2026:10:13:14 +0000] "GET /blog/emdr-side-effects/ HTTP/1.1" 200 20938 "-" "Mozilla/5.0 (Macintosh; Intel Mac OS X 14.7; rv:131.0) Gecko/20100101 Firefox/131.0"
184.94.212.206 - - [28/Apr/2026:10:13:54 +0000] "POST /wp-cron.php?doing_wp_cron=1777371234.0010828971862792968750 HTTP/1.1" 200 - "-" "WordPress/6.9.4; https://articlebinder.com"
57.141.18.13 - - [28/Apr/2026:10:13:53 +0000] "GET /post_tag-sitemap.xml HTTP/1.1" 200 897 "-" "meta-externalagent/1.1 (+https://developers.facebook.com/docs/sharing/webmasters/crawler)"
184.94.212.206 - - [28/Apr/2026:10:14:27 +0000] "POST /wp-cron.php?doing_wp_cron=1777371267.9648609161376953125000 HTTP/1.1" 200 - "-" "WordPress/6.9.4; https://articlebinder.com"
192.0.91.228 - - [28/Apr/2026:10:14:27 +0000] "HEAD / HTTP/1.1" 200 - "-" "jetmon/1.0 (Jetpack Site Uptime Monitor by WordPress.com)"
184.94.212.206 - - [28/Apr/2026:10:19:34 +0000] "POST /wp-cron.php?doing_wp_cron=1777371574.5063490867614746093750 HTTP/1.1" 200 - "-" "WordPress/6.9.4; https://articlebinder.com"
192.0.91.228 - - [28/Apr/2026:10:19:33 +0000] "HEAD / HTTP/1.1" 200 - "-" "jetmon/1.0 (Jetpack Site Uptime Monitor by WordPress.com)"
184.94.212.206 - - [28/Apr/2026:10:24:29 +0000] "POST /wp-cron.php?doing_wp_cron=1777371869.5605208873748779296875 HTTP/1.1" 200 - "-" "WordPress/6.9.4; https://articlebinder.com"
192.0.91.228 - - [28/Apr/2026:10:24:28 +0000] "HEAD / HTTP/1.1" 200 - "-" "jetmon/1.0 (Jetpack Site Uptime Monitor by WordPress.com)"
184.94.212.206 - - [28/Apr/2026:10:26:06 +0000] "POST /wp-cron.php?doing_wp_cron=1777371966.6498930454254150390625 HTTP/1.1" 200 - "-" "WordPress/6.9.4; https://articlebinder.com"
173.239.240.104 - - [28/Apr/2026:10:26:05 +0000] "POST /wp-login.php HTTP/1.1" 401 3403 "-" "Mozilla/5.0"
136.144.35.68 - - [28/Apr/2026:10:26:05 +0000] "POST /wp-login.php HTTP/1.1" 401 3403 "-" "Mozilla/5.0"
184.94.212.206 - - [28/Apr/2026:10:28:14 +0000] "POST /wp-cron.php?doing_wp_cron=1777372094.8452229499816894531250 HTTP/1.1" 200 - "-" "WordPress/6.9.4; https://articlebinder.com"
146.174.182.241 - - [28/Apr/2026:10:28:13 +0000] "GET /blog/tag/emdr-side-effects/ HTTP/1.1" 200 7558 "-" "Mozilla/5.0 (Macintosh; Intel Mac OS X 14_5_0) AppleWebKit/537.36 (KHTML, like Gecko) Chrome/133.0.6943.98 Safari/537.36"
184.94.212.206 - - [28/Apr/2026:10:29:35 +0000] "POST /wp-cron.php?doing_wp_cron=1777372175.0407660007476806640625 HTTP/1.1" 200 - "-" "WordPress/6.9.4; https://articlebinder.com"
192.0.91.228 - - [28/Apr/2026:10:29:33 +0000] "HEAD / HTTP/1.1" 200 - "-" "jetmon/1.0 (Jetpack Site Uptime Monitor by WordPress.com)"
184.94.212.206 - - [28/Apr/2026:10:34:37 +0000] "POST /wp-cron.php?doing_wp_cron=1777372477.0695540904998779296875 HTTP/1.1" 200 - "-" "WordPress/6.9.4; https://articlebinder.com"
192.0.91.228 - - [28/Apr/2026:10:34:35 +0000] "HEAD / HTTP/1.1" 200 - "-" "jetmon/1.0 (Jetpack Site Uptime Monitor by WordPress.com)"
162.254.36.150 - - [28/Apr/2026:10:35:51 +0000] "GET /wp-login.php HTTP/1.1" 200 4365 "-" "Mozilla/5.0 (Windows NT 10.0; WOW64; Trident/7.0; Touch; MAARJS; rv:11.0) like Gecko"
162.254.36.150 - - [28/Apr/2026:10:35:53 +0000] "POST /wp-login.php HTTP/1.1" 200 4365 "https://articlebinder.com/wp-login.php" "Mozilla/5.0 (Windows NT 10.0; WOW64; Trident/7.0; Touch; MAARJS; rv:11.0) like Gecko"
184.94.212.206 - - [28/Apr/2026:10:39:16 +0000] "POST /wp-cron.php?doing_wp_cron=1777372756.7246549129486083984375 HTTP/1.1" 200 - "-" "WordPress/6.9.4; https://articlebinder.com"
173.239.240.116 - - [28/Apr/2026:10:39:15 +0000] "POST /wp-login.php HTTP/1.1" 401 3403 "-" "Mozilla/5.0"
173.239.240.105 - - [28/Apr/2026:10:39:15 +0000] "POST /wp-login.php HTTP/1.1" 401 3403 "-" "Mozilla/5.0"
192.0.91.228 - - [28/Apr/2026:10:39:30 +0000] "HEAD / HTTP/1.1" 200 - "-" "jetmon/1.0 (Jetpack Site Uptime Monitor by WordPress.com)"
184.94.212.206 - - [28/Apr/2026:10:40:36 +0000] "POST /wp-cron.php?doing_wp_cron=1777372836.5446779727935791015625 HTTP/1.1" 200 - "-" "WordPress/6.9.4; https://articlebinder.com"
57.141.18.22 - - [28/Apr/2026:10:40:35 +0000] "GET /header/ HTTP/1.1" 301 - "-" "meta-externalagent/1.1 (+https://developers.facebook.com/docs/sharing/webmasters/crawler)"
184.94.212.206 - - [28/Apr/2026:10:43:17 +0000] "POST /wp-cron.php?doing_wp_cron=1777372997.1298758983612060546875 HTTP/1.1" 200 - "-" "WordPress/6.9.4; https://articlebinder.com"
185.56.193.78 - - [28/Apr/2026:10:43:15 +0000] "GET /blog/author/articlebinder/ HTTP/1.1" 200 7951 "-" "Mozilla/5.0 (Windows NT 10.0; Win64; x64) AppleWebKit/537.36 (KHTML, like Gecko) Chrome/131.0.6778.265 Safari/537.36"
184.94.212.206 - - [28/Apr/2026:10:44:31 +0000] "POST /wp-cron.php?doing_wp_cron=1777373071.6241528987884521484375 HTTP/1.1" 200 - "-" "WordPress/6.9.4; https://articlebinder.com"
192.0.91.228 - - [28/Apr/2026:10:44:30 +0000] "HEAD / HTTP/1.1" 200 - "-" "jetmon/1.0 (Jetpack Site Uptime Monitor by WordPress.com)"
184.94.212.206 - - [28/Apr/2026:10:49:28 +0000] "POST /wp-cron.php?doing_wp_cron=1777373368.9793560504913330078125 HTTP/1.1" 200 - "-" "WordPress/6.9.4; https://articlebinder.com"
192.0.91.228 - - [28/Apr/2026:10:49:27 +0000] "HEAD / HTTP/1.1" 200 - "-" "jetmon/1.0 (Jetpack Site Uptime Monitor by WordPress.com)"
184.94.212.206 - - [28/Apr/2026:10:52:40 +0000] "POST /wp-cron.php?doing_wp_cron=1777373560.0629379749298095703125 HTTP/1.1" 200 - "-" "WordPress/6.9.4; https://articlebinder.com"
173.239.240.114 - - [28/Apr/2026:10:52:38 +0000] "POST /wp-login.php HTTP/1.1" 401 3403 "-" "Mozilla/5.0"
136.144.35.65 - - [28/Apr/2026:10:52:38 +0000] "POST /wp-login.php HTTP/1.1" 401 3404 "-" "Mozilla/5.0"
176.126.87.170 - - [28/Apr/2026:10:53:38 +0000] "GET /wp-login.php HTTP/1.1" 200 4365 "-" "Mozilla/5.0 (Windows NT 10.0; WOW64) AppleWebKit/537.36 (KHTML, like Gecko) Chrome/65.0.3325.181 Safari/537.36 OPR/52.0.2871.40"
176.126.87.170 - - [28/Apr/2026:10:53:39 +0000] "POST /wp-login.php HTTP/1.1" 200 4365 "https://articlebinder.com/wp-login.php" "Mozilla/5.0 (Windows NT 10.0; WOW64) AppleWebKit/537.36 (KHTML, like Gecko) Chrome/65.0.3325.181 Safari/537.36 OPR/52.0.2871.40"
184.94.212.206 - - [28/Apr/2026:10:54:31 +0000] "POST /wp-cron.php?doing_wp_cron=1777373671.7181670665740966796875 HTTP/1.1" 200 - "-" "WordPress/6.9.4; https://articlebinder.com"
192.0.91.228 - - [28/Apr/2026:10:54:30 +0000] "HEAD / HTTP/1.1" 200 - "-" "jetmon/1.0 (Jetpack Site Uptime Monitor by WordPress.com)"
184.94.212.206 - - [28/Apr/2026:10:58:15 +0000] "POST /wp-cron.php?doing_wp_cron=1777373895.7130830287933349609375 HTTP/1.1" 200 - "-" "WordPress/6.9.4; https://articlebinder.com"
202.76.171.68 - - [28/Apr/2026:10:58:14 +0000] "GET /blog/business-intelligence/ HTTP/1.1" 200 16946 "-" "Mozilla/5.0 (Windows NT 10.0; Win64; x64) AppleWebKit/537.36 (KHTML, like Gecko) Chrome/128.0.6613.84 Safari/537.36"
184.94.212.206 - - [28/Apr/2026:10:59:32 +0000] "POST /wp-cron.php?doing_wp_cron=1777373972.7895541191101074218750 HTTP/1.1" 200 - "-" "WordPress/6.9.4; https://articlebinder.com"
192.0.91.228 - - [28/Apr/2026:10:59:31 +0000] "HEAD / HTTP/1.1" 200 - "-" "jetmon/1.0 (Jetpack Site Uptime Monitor by WordPress.com)"
64.89.160.114 - - [28/Apr/2026:10:59:59 +0000] "GET /wp-login.php?al=true HTTP/1.1" 200 4366 "-" "Mozilla/5.0"
184.94.212.206 - - [28/Apr/2026:11:04:28 +0000] "POST /wp-cron.php?doing_wp_cron=1777374268.9529359340667724609375 HTTP/1.1" 200 - "-" "WordPress/6.9.4; https://articlebinder.com"
192.0.91.228 - - [28/Apr/2026:11:04:27 +0000] "HEAD / HTTP/1.1" 200 - "-" "jetmon/1.0 (Jetpack Site Uptime Monitor by WordPress.com)"
184.94.212.206 - - [28/Apr/2026:11:05:48 +0000] "POST /wp-cron.php?doing_wp_cron=1777374348.7949728965759277343750 HTTP/1.1" 200 - "-" "WordPress/6.9.4; https://articlebinder.com"
172.212.188.103 - - [28/Apr/2026:11:05:47 +0000] "GET /admin.php HTTP/1.1" 404 6591 "-" "Mozilla/5.0 (Windows NT 10.0; Win64; x64) AppleWebKit/537.36 (KHTML, like Gecko) Chrome/120.0.0.0 Safari/537.36"
172.212.188.103 - - [28/Apr/2026:11:05:48 +0000] "GET /inputs.php HTTP/1.1" 404 6593 "-" "Mozilla/5.0 (Windows NT 10.0; Win64; x64) AppleWebKit/537.36 (KHTML, like Gecko) Chrome/120.0.0.0 Safari/537.36"
172.212.188.103 - - [28/Apr/2026:11:05:49 +0000] "GET /file.php HTTP/1.1" 404 6592 "-" "Mozilla/5.0 (Windows NT 10.0; Win64; x64) AppleWebKit/537.36 (KHTML, like Gecko) Chrome/120.0.0.0 Safari/537.36"
172.212.188.103 - - [28/Apr/2026:11:05:50 +0000] "GET /goods.php HTTP/1.1" 404 6593 "-" "Mozilla/5.0 (Windows NT 10.0; Win64; x64) AppleWebKit/537.36 (KHTML, like Gecko) Chrome/120.0.0.0 Safari/537.36"
172.212.188.103 - - [28/Apr/2026:11:05:51 +0000] "GET /ms-edit.php HTTP/1.1" 404 6595 "-" "Mozilla/5.0 (Windows NT 10.0; Win64; x64) AppleWebKit/537.36 (KHTML, like Gecko) Chrome/120.0.0.0 Safari/537.36"
172.212.188.103 - - [28/Apr/2026:11:05:51 +0000] "GET /simple.php HTTP/1.1" 404 6595 "-" "Mozilla/5.0 (Windows NT 10.0; Win64; x64) AppleWebKit/537.36 (KHTML, like Gecko) Chrome/120.0.0.0 Safari/537.36"
172.212.188.103 - - [28/Apr/2026:11:05:52 +0000] "GET /bgymj.php HTTP/1.1" 404 6594 "-" "Mozilla/5.0 (Windows NT 10.0; Win64; x64) AppleWebKit/537.36 (KHTML, like Gecko) Chrome/120.0.0.0 Safari/537.36"
172.212.188.103 - - [28/Apr/2026:11:05:53 +0000] "GET /wp-content/plugins/twenty/login.php HTTP/1.1" 404 6601 "-" "Mozilla/5.0 (Windows NT 10.0; Win64; x64) AppleWebKit/537.36 (KHTML, like Gecko) Chrome/120.0.0.0 Safari/537.36"
172.212.188.103 - - [28/Apr/2026:11:05:53 +0000] "GET /404.php HTTP/1.1" 404 6592 "-" "Mozilla/5.0 (Windows NT 10.0; Win64; x64) AppleWebKit/537.36 (KHTML, like Gecko) Chrome/120.0.0.0 Safari/537.36"
172.212.188.103 - - [28/Apr/2026:11:05:54 +0000] "GET /file3.php HTTP/1.1" 404 6593 "-" "Mozilla/5.0 (Windows NT 10.0; Win64; x64) AppleWebKit/537.36 (KHTML, like Gecko) Chrome/120.0.0.0 Safari/537.36"
172.212.188.103 - - [28/Apr/2026:11:05:55 +0000] "GET /wp-mail.php HTTP/1.1" 403 1044 "-" "Mozilla/5.0 (Windows NT 10.0; Win64; x64) AppleWebKit/537.36 (KHTML, like Gecko) Chrome/120.0.0.0 Safari/537.36"
172.212.188.103 - - [28/Apr/2026:11:05:56 +0000] "GET /about.php HTTP/1.1" 404 6593 "-" "Mozilla/5.0 (Windows NT 10.0; Win64; x64) AppleWebKit/537.36 (KHTML, like Gecko) Chrome/120.0.0.0 Safari/537.36"
172.212.188.103 - - [28/Apr/2026:11:05:56 +0000] "GET /wp.php HTTP/1.1" 404 6591 "-" "Mozilla/5.0 (Windows NT 10.0; Win64; x64) AppleWebKit/537.36 (KHTML, like Gecko) Chrome/120.0.0.0 Safari/537.36"
172.212.188.103 - - [28/Apr/2026:11:05:57 +0000] "GET /.dj/index.php HTTP/1.1" 301 - "-" "Mozilla/5.0 (Windows NT 10.0; Win64; x64) AppleWebKit/537.36 (KHTML, like Gecko) Chrome/120.0.0.0 Safari/537.36"
172.212.188.103 - - [28/Apr/2026:11:05:57 +0000] "GET /adminfuns.php HTTP/1.1" 404 6594 "-" "Mozilla/5.0 (Windows NT 10.0; Win64; x64) AppleWebKit/537.36 (KHTML, like Gecko) Chrome/120.0.0.0 Safari/537.36"
172.212.188.103 - - [28/Apr/2026:11:05:58 +0000] "GET /php8.php HTTP/1.1" 404 6592 "-" "Mozilla/5.0 (Windows NT 10.0; Win64; x64) AppleWebKit/537.36 (KHTML, like Gecko) Chrome/120.0.0.0 Safari/537.36"
172.212.188.103 - - [28/Apr/2026:11:05:59 +0000] "GET /classwithtostring.php HTTP/1.1" 404 6597 "-" "Mozilla/5.0 (Windows NT 10.0; Win64; x64) AppleWebKit/537.36 (KHTML, like Gecko) Chrome/120.0.0.0 Safari/537.36"
172.212.188.103 - - [28/Apr/2026:11:05:59 +0000] "GET /info.php HTTP/1.1" 404 6593 "-" "Mozilla/5.0 (Windows NT 10.0; Win64; x64) AppleWebKit/537.36 (KHTML, like Gecko) Chrome/120.0.0.0 Safari/537.36"
172.212.188.103 - - [28/Apr/2026:11:06:00 +0000] "GET /ioxi-o.php HTTP/1.1" 404 6594 "-" "Mozilla/5.0 (Windows NT 10.0; Win64; x64) AppleWebKit/537.36 (KHTML, like Gecko) Chrome/120.0.0.0 Safari/537.36"
172.212.188.103 - - [28/Apr/2026:11:06:01 +0000] "GET /011i.php HTTP/1.1" 404 6592 "-" "Mozilla/5.0 (Windows NT 10.0; Win64; x64) AppleWebKit/537.36 (KHTML, like Gecko) Chrome/120.0.0.0 Safari/537.36"
172.212.188.103 - - [28/Apr/2026:11:06:02 +0000] "GET /edit.php HTTP/1.1" 404 6592 "-" "Mozilla/5.0 (Windows NT 10.0; Win64; x64) AppleWebKit/537.36 (KHTML, like Gecko) Chrome/120.0.0.0 Safari/537.36"
172.212.188.103 - - [28/Apr/2026:11:06:02 +0000] "GET /sid3.php HTTP/1.1" 404 6592 "-" "Mozilla/5.0 (Windows NT 10.0; Win64; x64) AppleWebKit/537.36 (KHTML, like Gecko) Chrome/120.0.0.0 Safari/537.36"
172.212.188.103 - - [28/Apr/2026:11:06:03 +0000] "GET /load.php HTTP/1.1" 404 6591 "-" "Mozilla/5.0 (Windows NT 10.0; Win64; x64) AppleWebKit/537.36 (KHTML, like Gecko) Chrome/120.0.0.0 Safari/537.36"
172.212.188.103 - - [28/Apr/2026:11:06:04 +0000] "GET /166.php HTTP/1.1" 404 6592 "-" "Mozilla/5.0 (Windows NT 10.0; Win64; x64) AppleWebKit/537.36 (KHTML, like Gecko) Chrome/120.0.0.0 Safari/537.36"
172.212.188.103 - - [28/Apr/2026:11:06:05 +0000] "GET /wp-mail.php HTTP/1.1" 403 1044 "-" "Mozilla/5.0 (Windows NT 10.0; Win64; x64) AppleWebKit/537.36 (KHTML, like Gecko) Chrome/120.0.0.0 Safari/537.36"
172.212.188.103 - - [28/Apr/2026:11:06:05 +0000] "GET /leaf.php HTTP/1.1" 404 6591 "-" "Mozilla/5.0 (Windows NT 10.0; Win64; x64) AppleWebKit/537.36 (KHTML, like Gecko) Chrome/120.0.0.0 Safari/537.36"
172.212.188.103 - - [28/Apr/2026:11:06:06 +0000] "GET /grsiuk.php HTTP/1.1" 404 6594 "-" "Mozilla/5.0 (Windows NT 10.0; Win64; x64) AppleWebKit/537.36 (KHTML, like Gecko) Chrome/120.0.0.0 Safari/537.36"
172.212.188.103 - - [28/Apr/2026:11:06:07 +0000] "GET /8.php HTTP/1.1" 404 6590 "-" "Mozilla/5.0 (Windows NT 10.0; Win64; x64) AppleWebKit/537.36 (KHTML, like Gecko) Chrome/120.0.0.0 Safari/537.36"
172.212.188.103 - - [28/Apr/2026:11:06:08 +0000] "GET /fs.php HTTP/1.1" 404 6591 "-" "Mozilla/5.0 (Windows NT 10.0; Win64; x64) AppleWebKit/537.36 (KHTML, like Gecko) Chrome/120.0.0.0 Safari/537.36"
136.144.35.63 - - [28/Apr/2026:11:06:08 +0000] "POST /wp-login.php HTTP/1.1" 401 3403 "-" "Mozilla/5.0"
173.239.240.105 - - [28/Apr/2026:11:06:08 +0000] "POST /wp-login.php HTTP/1.1" 401 3403 "-" "Mozilla/5.0"
172.212.188.103 - - [28/Apr/2026:11:06:09 +0000] "GET /ws38.php HTTP/1.1" 404 6592 "-" "Mozilla/5.0 (Windows NT 10.0; Win64; x64) AppleWebKit/537.36 (KHTML, like Gecko) Chrome/120.0.0.0 Safari/537.36"
172.212.188.103 - - [28/Apr/2026:11:06:10 +0000] "GET /a7.php HTTP/1.1" 404 6591 "-" "Mozilla/5.0 (Windows NT 10.0; Win64; x64) AppleWebKit/537.36 (KHTML, like Gecko) Chrome/120.0.0.0 Safari/537.36"
