81.29.142.100 - - [28/Apr/2026:04:12:29 +0000] "GET /.well-known/security.txt HTTP/1.1" 404 23983 "-" "Mozilla/5.0 (Windows NT 10.0; WOW64) AppleWebKit/537.36 (KHTML, like Gecko) Chrome/88.0.4324.111 YaBrowser/21.2.1.108 Yowser/2.5 Safari/537.36"
81.29.142.100 - - [28/Apr/2026:04:12:34 +0000] "GET /security.txt HTTP/1.1" 404 23971 "-" "Mozilla/5.0 (Windows NT 10.0; WOW64) AppleWebKit/537.36 (KHTML, like Gecko) Chrome/88.0.4324.111 YaBrowser/21.2.1.108 Yowser/2.5 Safari/537.36"
81.29.142.100 - - [28/Apr/2026:04:12:36 +0000] "GET / HTTP/1.1" 200 38879 "-" "Mozilla/5.0 (Windows NT 10.0; WOW64) AppleWebKit/537.36 (KHTML, like Gecko) Chrome/90.0.4430.72 YaBrowser/21.5.1.355 Yowser/2.5 Safari/537.36"
81.29.142.100 - - [28/Apr/2026:04:12:39 +0000] "GET /.well-known/security.txt HTTP/1.1" 404 23928 "-" "Mozilla/5.0 (Windows NT 10.0; WOW64) AppleWebKit/537.36 (KHTML, like Gecko) Chrome/90.0.4430.72 YaBrowser/21.5.1.355 Yowser/2.5 Safari/537.36"
81.29.142.100 - - [28/Apr/2026:04:12:43 +0000] "GET /security.txt HTTP/1.1" 404 23916 "-" "Mozilla/5.0 (Windows NT 10.0; WOW64) AppleWebKit/537.36 (KHTML, like Gecko) Chrome/90.0.4430.72 YaBrowser/21.5.1.355 Yowser/2.5 Safari/537.36"
184.94.212.206 - - [28/Apr/2026:04:14:01 +0000] "POST /wp-cron.php?doing_wp_cron=1777349641.7573990821838378906250 HTTP/1.1" 200 - "-" "WordPress/6.9.4; https://articlebinder.com"
123.18.123.207 - - [28/Apr/2026:04:14:00 +0000] "GET /about/?share=facebook HTTP/1.1" 302 - "-" "Mozilla/5.0 (Windows NT 10.0; Win64; x64) AppleWebKit/537.36 (KHTML, like Gecko) Chrome/107.0.0.0 Safari/537.36"
184.94.212.206 - - [28/Apr/2026:04:14:26 +0000] "POST /wp-cron.php?doing_wp_cron=1777349666.7305910587310791015625 HTTP/1.1" 200 - "-" "WordPress/6.9.4; https://articlebinder.com"
192.0.91.228 - - [28/Apr/2026:04:14:26 +0000] "HEAD / HTTP/1.1" 200 - "-" "jetmon/1.0 (Jetpack Site Uptime Monitor by WordPress.com)"
184.94.212.206 - - [28/Apr/2026:04:15:31 +0000] "POST /wp-cron.php?doing_wp_cron=1777349731.0767130851745605468750 HTTP/1.1" 200 - "-" "WordPress/6.9.4; https://articlebinder.com"
81.29.142.6 - - [28/Apr/2026:04:15:29 +0000] "GET / HTTP/1.1" 200 38934 "-" "Mozilla/5.0 (Windows NT 10.0; Win64; x64) AppleWebKit/537.36 (KHTML, like Gecko) Chrome/88.0.4324.182 YaBrowser/21.2.4.165 Yowser/2.5 Safari/537.36"
173.239.240.104 - - [28/Apr/2026:04:15:32 +0000] "POST /wp-login.php HTTP/1.1" 401 3403 "-" "Mozilla/5.0"
136.144.35.67 - - [28/Apr/2026:04:15:32 +0000] "POST /wp-login.php HTTP/1.1" 401 3403 "-" "Mozilla/5.0"
81.29.142.6 - - [28/Apr/2026:04:15:33 +0000] "GET /.well-known/security.txt HTTP/1.1" 404 23983 "-" "Mozilla/5.0 (Windows NT 10.0; Win64; x64) AppleWebKit/537.36 (KHTML, like Gecko) Chrome/88.0.4324.182 YaBrowser/21.2.4.165 Yowser/2.5 Safari/537.36"
81.29.142.6 - - [28/Apr/2026:04:15:36 +0000] "GET /security.txt HTTP/1.1" 404 23971 "-" "Mozilla/5.0 (Windows NT 10.0; Win64; x64) AppleWebKit/537.36 (KHTML, like Gecko) Chrome/88.0.4324.182 YaBrowser/21.2.4.165 Yowser/2.5 Safari/537.36"
71.28.226.224 - - [28/Apr/2026:04:19:08 +0000] "GET /resources/ HTTP/1.1" 200 11871 "-" "Mozilla/5.0 (Macintosh; Intel Mac OS X 10_15_7) AppleWebKit/537.36 (KHTML, like Gecko) Chrome/120.0.0.0 Safari/537.36"
184.94.212.206 - - [28/Apr/2026:04:19:30 +0000] "POST /wp-cron.php?doing_wp_cron=1777349970.4968750476837158203125 HTTP/1.1" 200 - "-" "WordPress/6.9.4; https://articlebinder.com"
192.0.91.228 - - [28/Apr/2026:04:19:29 +0000] "HEAD / HTTP/1.1" 200 - "-" "jetmon/1.0 (Jetpack Site Uptime Monitor by WordPress.com)"
184.94.212.206 - - [28/Apr/2026:04:24:31 +0000] "POST /wp-cron.php?doing_wp_cron=1777350271.3885600566864013671875 HTTP/1.1" 200 - "-" "WordPress/6.9.4; https://articlebinder.com"
192.0.91.228 - - [28/Apr/2026:04:24:30 +0000] "HEAD / HTTP/1.1" 200 - "-" "jetmon/1.0 (Jetpack Site Uptime Monitor by WordPress.com)"
184.94.212.206 - - [28/Apr/2026:04:28:46 +0000] "POST /wp-cron.php?doing_wp_cron=1777350526.5205159187316894531250 HTTP/1.1" 200 - "-" "WordPress/6.9.4; https://articlebinder.com"
136.144.35.74 - - [28/Apr/2026:04:28:44 +0000] "POST /wp-login.php HTTP/1.1" 401 3403 "-" "Mozilla/5.0"
173.239.240.111 - - [28/Apr/2026:04:28:45 +0000] "POST /wp-login.php HTTP/1.1" 401 3403 "-" "Mozilla/5.0"
184.94.212.206 - - [28/Apr/2026:04:29:27 +0000] "POST /wp-cron.php?doing_wp_cron=1777350567.2159690856933593750000 HTTP/1.1" 200 - "-" "WordPress/6.9.4; https://articlebinder.com"
192.0.91.228 - - [28/Apr/2026:04:29:26 +0000] "HEAD / HTTP/1.1" 200 - "-" "jetmon/1.0 (Jetpack Site Uptime Monitor by WordPress.com)"
184.94.212.206 - - [28/Apr/2026:04:34:29 +0000] "POST /wp-cron.php?doing_wp_cron=1777350869.3683340549468994140625 HTTP/1.1" 200 - "-" "WordPress/6.9.4; https://articlebinder.com"
192.0.91.228 - - [28/Apr/2026:04:34:28 +0000] "HEAD / HTTP/1.1" 200 - "-" "jetmon/1.0 (Jetpack Site Uptime Monitor by WordPress.com)"
184.94.212.206 - - [28/Apr/2026:04:37:56 +0000] "POST /wp-cron.php?doing_wp_cron=1777351076.8870639801025390625000 HTTP/1.1" 200 - "-" "WordPress/6.9.4; https://articlebinder.com"
216.73.216.8 - - [28/Apr/2026:04:37:55 +0000] "GET /robots.txt HTTP/1.1" 200 142 "-" "Mozilla/5.0 AppleWebKit/537.36 (KHTML, like Gecko; compatible; ClaudeBot/1.0; +claudebot@anthropic.com)"
216.73.216.8 - - [28/Apr/2026:04:37:56 +0000] "GET /sitemap.xml HTTP/1.1" 200 304 "-" "Mozilla/5.0 AppleWebKit/537.36 (KHTML, like Gecko; compatible; ClaudeBot/1.0; +claudebot@anthropic.com)"
184.94.212.206 - - [28/Apr/2026:04:39:21 +0000] "POST /wp-cron.php?doing_wp_cron=1777351161.4461259841918945312500 HTTP/1.1" 200 - "-" "WordPress/6.9.4; https://articlebinder.com"
216.73.216.8 - - [28/Apr/2026:04:39:20 +0000] "GET /news-sitemap.xml HTTP/1.1" 200 312 "-" "Mozilla/5.0 AppleWebKit/537.36 (KHTML, like Gecko; compatible; ClaudeBot/1.0; +claudebot@anthropic.com)"
192.0.91.228 - - [28/Apr/2026:04:39:36 +0000] "HEAD / HTTP/1.1" 200 - "-" "jetmon/1.0 (Jetpack Site Uptime Monitor by WordPress.com)"
184.94.212.206 - - [28/Apr/2026:04:41:50 +0000] "POST /wp-cron.php?doing_wp_cron=1777351310.7359559535980224609375 HTTP/1.1" 200 - "-" "WordPress/6.9.4; https://articlebinder.com"
173.239.240.112 - - [28/Apr/2026:04:41:49 +0000] "POST /wp-login.php HTTP/1.1" 401 3403 "-" "Mozilla/5.0"
173.239.240.116 - - [28/Apr/2026:04:41:49 +0000] "POST /wp-login.php HTTP/1.1" 401 3403 "-" "Mozilla/5.0"
184.94.212.206 - - [28/Apr/2026:04:44:36 +0000] "POST /wp-cron.php?doing_wp_cron=1777351476.0760018825531005859375 HTTP/1.1" 200 - "-" "WordPress/6.9.4; https://articlebinder.com"
192.0.91.228 - - [28/Apr/2026:04:44:34 +0000] "HEAD / HTTP/1.1" 200 - "-" "jetmon/1.0 (Jetpack Site Uptime Monitor by WordPress.com)"
184.94.212.206 - - [28/Apr/2026:04:45:54 +0000] "POST /wp-cron.php?doing_wp_cron=1777351554.4217550754547119140625 HTTP/1.1" 200 - "-" "WordPress/6.9.4; https://articlebinder.com"
20.100.183.137 - - [28/Apr/2026:04:49:05 +0000] "GET /.tmb/cloud.php HTTP/1.1" 404 6599 "-" "Mozilla/5.0 (Windows NT 10.0; Win64; x64) AppleWebKit/537.36 (KHTML, like Gecko) Chrome/120.0.0.0 Safari/537.36"
20.100.183.137 - - [28/Apr/2026:04:49:06 +0000] "GET /.well-known/ HTTP/1.1" 404 6600 "-" "Mozilla/5.0 (Windows NT 10.0; Win64; x64) AppleWebKit/537.36 (KHTML, like Gecko) Chrome/120.0.0.0 Safari/537.36"
20.100.183.137 - - [28/Apr/2026:04:49:07 +0000] "GET /.well-known/acme-challenge/index.php HTTP/1.1" 301 - "-" "Mozilla/5.0 (Windows NT 10.0; Win64; x64) AppleWebKit/537.36 (KHTML, like Gecko) Chrome/120.0.0.0 Safari/537.36"
20.100.183.137 - - [28/Apr/2026:04:49:08 +0000] "GET /.well-known/autoload_classmap.php HTTP/1.1" 404 6611 "-" "Mozilla/5.0 (Windows NT 10.0; Win64; x64) AppleWebKit/537.36 (KHTML, like Gecko) Chrome/120.0.0.0 Safari/537.36"
20.100.183.137 - - [28/Apr/2026:04:49:09 +0000] "GET /.well-known/pki-validation/ HTTP/1.1" 404 6609 "-" "Mozilla/5.0 (Windows NT 10.0; Win64; x64) AppleWebKit/537.36 (KHTML, like Gecko) Chrome/120.0.0.0 Safari/537.36"
20.100.183.137 - - [28/Apr/2026:04:49:10 +0000] "GET /.well-known/pki-validation/about.php HTTP/1.1" 404 6615 "-" "Mozilla/5.0 (Windows NT 10.0; Win64; x64) AppleWebKit/537.36 (KHTML, like Gecko) Chrome/120.0.0.0 Safari/537.36"
20.100.183.137 - - [28/Apr/2026:04:49:10 +0000] "GET //wp-2019.php HTTP/1.1" 301 - "-" "Mozilla/5.0 (Windows NT 10.0; Win64; x64) AppleWebKit/537.36 (KHTML, like Gecko) Chrome/120.0.0.0 Safari/537.36"
20.100.183.137 - - [28/Apr/2026:04:49:11 +0000] "GET //wp-content/themes/about.php HTTP/1.1" 301 - "-" "Mozilla/5.0 (Windows NT 10.0; Win64; x64) AppleWebKit/537.36 (KHTML, like Gecko) Chrome/120.0.0.0 Safari/537.36"
20.100.183.137 - - [28/Apr/2026:04:49:13 +0000] "GET /0.php HTTP/1.1" 404 6592 "-" "Mozilla/5.0 (Windows NT 10.0; Win64; x64) AppleWebKit/537.36 (KHTML, like Gecko) Chrome/120.0.0.0 Safari/537.36"
20.100.183.137 - - [28/Apr/2026:04:49:13 +0000] "GET /1.php HTTP/1.1" 404 6592 "-" "Mozilla/5.0 (Windows NT 10.0; Win64; x64) AppleWebKit/537.36 (KHTML, like Gecko) Chrome/120.0.0.0 Safari/537.36"
20.100.183.137 - - [28/Apr/2026:04:49:14 +0000] "GET /12.php HTTP/1.1" 404 6593 "-" "Mozilla/5.0 (Windows NT 10.0; Win64; x64) AppleWebKit/537.36 (KHTML, like Gecko) Chrome/120.0.0.0 Safari/537.36"
184.94.212.206 - - [28/Apr/2026:04:49:16 +0000] "POST /wp-cron.php?doing_wp_cron=1777351756.0033969879150390625000 HTTP/1.1" 200 - "-" "WordPress/6.9.4; https://articlebinder.com"
20.100.183.137 - - [28/Apr/2026:04:49:15 +0000] "GET /120f9.php HTTP/1.1" 404 6596 "-" "Mozilla/5.0 (Windows NT 10.0; Win64; x64) AppleWebKit/537.36 (KHTML, like Gecko) Chrome/120.0.0.0 Safari/537.36"
20.100.183.137 - - [28/Apr/2026:04:49:16 +0000] "GET /22.php HTTP/1.1" 404 6593 "-" "Mozilla/5.0 (Windows NT 10.0; Win64; x64) AppleWebKit/537.36 (KHTML, like Gecko) Chrome/120.0.0.0 Safari/537.36"
20.100.183.137 - - [28/Apr/2026:04:49:16 +0000] "GET /403.php HTTP/1.1" 404 6594 "-" "Mozilla/5.0 (Windows NT 10.0; Win64; x64) AppleWebKit/537.36 (KHTML, like Gecko) Chrome/120.0.0.0 Safari/537.36"
20.100.183.137 - - [28/Apr/2026:04:49:17 +0000] "GET /504.php HTTP/1.1" 404 6594 "-" "Mozilla/5.0 (Windows NT 10.0; Win64; x64) AppleWebKit/537.36 (KHTML, like Gecko) Chrome/120.0.0.0 Safari/537.36"
20.100.183.137 - - [28/Apr/2026:04:49:18 +0000] "GET /GOD.php HTTP/1.1" 404 6596 "-" "Mozilla/5.0 (Windows NT 10.0; Win64; x64) AppleWebKit/537.36 (KHTML, like Gecko) Chrome/120.0.0.0 Safari/537.36"
20.100.183.137 - - [28/Apr/2026:04:49:19 +0000] "GET /NewFile.php HTTP/1.1" 404 6598 "-" "Mozilla/5.0 (Windows NT 10.0; Win64; x64) AppleWebKit/537.36 (KHTML, like Gecko) Chrome/120.0.0.0 Safari/537.36"
20.100.183.137 - - [28/Apr/2026:04:49:20 +0000] "GET /aaa.php HTTP/1.1" 404 6594 "-" "Mozilla/5.0 (Windows NT 10.0; Win64; x64) AppleWebKit/537.36 (KHTML, like Gecko) Chrome/120.0.0.0 Safari/537.36"
20.100.183.137 - - [28/Apr/2026:04:49:20 +0000] "GET /ab.php HTTP/1.1" 404 6593 "-" "Mozilla/5.0 (Windows NT 10.0; Win64; x64) AppleWebKit/537.36 (KHTML, like Gecko) Chrome/120.0.0.0 Safari/537.36"
20.100.183.137 - - [28/Apr/2026:04:49:21 +0000] "GET /about/function.php HTTP/1.1" 404 6598 "-" "Mozilla/5.0 (Windows NT 10.0; Win64; x64) AppleWebKit/537.36 (KHTML, like Gecko) Chrome/120.0.0.0 Safari/537.36"
20.100.183.137 - - [28/Apr/2026:04:49:22 +0000] "GET /admin/function.php HTTP/1.1" 404 6596 "-" "Mozilla/5.0 (Windows NT 10.0; Win64; x64) AppleWebKit/537.36 (KHTML, like Gecko) Chrome/120.0.0.0 Safari/537.36"
20.100.183.137 - - [28/Apr/2026:04:49:23 +0000] "GET /admin/index_upload.php HTTP/1.1" 404 6600 "-" "Mozilla/5.0 (Windows NT 10.0; Win64; x64) AppleWebKit/537.36 (KHTML, like Gecko) Chrome/120.0.0.0 Safari/537.36"
20.100.183.137 - - [28/Apr/2026:04:49:23 +0000] "GET /al.php HTTP/1.1" 404 6593 "-" "Mozilla/5.0 (Windows NT 10.0; Win64; x64) AppleWebKit/537.36 (KHTML, like Gecko) Chrome/120.0.0.0 Safari/537.36"
20.100.183.137 - - [28/Apr/2026:04:49:24 +0000] "GET /alfa-rex.php HTTP/1.1" 404 6598 "-" "Mozilla/5.0 (Windows NT 10.0; Win64; x64) AppleWebKit/537.36 (KHTML, like Gecko) Chrome/120.0.0.0 Safari/537.36"
20.100.183.137 - - [28/Apr/2026:04:49:25 +0000] "GET /alfanew.PHP7 HTTP/1.1" 404 6601 "-" "Mozilla/5.0 (Windows NT 10.0; Win64; x64) AppleWebKit/537.36 (KHTML, like Gecko) Chrome/120.0.0.0 Safari/537.36"
20.100.183.137 - - [28/Apr/2026:04:49:26 +0000] "GET /alfanew.php HTTP/1.1" 404 6597 "-" "Mozilla/5.0 (Windows NT 10.0; Win64; x64) AppleWebKit/537.36 (KHTML, like Gecko) Chrome/120.0.0.0 Safari/537.36"
192.0.91.228 - - [28/Apr/2026:04:49:27 +0000] "HEAD / HTTP/1.1" 200 - "-" "jetmon/1.0 (Jetpack Site Uptime Monitor by WordPress.com)"
20.100.183.137 - - [28/Apr/2026:04:49:27 +0000] "GET /auth.php HTTP/1.1" 404 6595 "-" "Mozilla/5.0 (Windows NT 10.0; Win64; x64) AppleWebKit/537.36 (KHTML, like Gecko) Chrome/120.0.0.0 Safari/537.36"
20.100.183.137 - - [28/Apr/2026:04:49:27 +0000] "GET /b.php HTTP/1.1" 404 6592 "-" "Mozilla/5.0 (Windows NT 10.0; Win64; x64) AppleWebKit/537.36 (KHTML, like Gecko) Chrome/120.0.0.0 Safari/537.36"
20.100.183.137 - - [28/Apr/2026:04:49:28 +0000] "GET /b0.php HTTP/1.1" 404 6593 "-" "Mozilla/5.0 (Windows NT 10.0; Win64; x64) AppleWebKit/537.36 (KHTML, like Gecko) Chrome/120.0.0.0 Safari/537.36"
20.100.183.137 - - [28/Apr/2026:04:49:29 +0000] "GET /back.php HTTP/1.1" 404 6594 "-" "Mozilla/5.0 (Windows NT 10.0; Win64; x64) AppleWebKit/537.36 (KHTML, like Gecko) Chrome/120.0.0.0 Safari/537.36"
20.100.183.137 - - [28/Apr/2026:04:49:29 +0000] "GET /bala.php HTTP/1.1" 404 6595 "-" "Mozilla/5.0 (Windows NT 10.0; Win64; x64) AppleWebKit/537.36 (KHTML, like Gecko) Chrome/120.0.0.0 Safari/537.36"
20.100.183.137 - - [28/Apr/2026:04:49:30 +0000] "GET /baxa1.php HTTP/1.1" 404 6596 "-" "Mozilla/5.0 (Windows NT 10.0; Win64; x64) AppleWebKit/537.36 (KHTML, like Gecko) Chrome/120.0.0.0 Safari/537.36"
20.100.183.137 - - [28/Apr/2026:04:49:31 +0000] "GET /buy.php HTTP/1.1" 404 6594 "-" "Mozilla/5.0 (Windows NT 10.0; Win64; x64) AppleWebKit/537.36 (KHTML, like Gecko) Chrome/120.0.0.0 Safari/537.36"
20.100.183.137 - - [28/Apr/2026:04:49:32 +0000] "GET /byp.php HTTP/1.1" 404 6594 "-" "Mozilla/5.0 (Windows NT 10.0; Win64; x64) AppleWebKit/537.36 (KHTML, like Gecko) Chrome/120.0.0.0 Safari/537.36"
20.100.183.137 - - [28/Apr/2026:04:49:33 +0000] "GET /c.php HTTP/1.1" 404 6592 "-" "Mozilla/5.0 (Windows NT 10.0; Win64; x64) AppleWebKit/537.36 (KHTML, like Gecko) Chrome/120.0.0.0 Safari/537.36"
20.100.183.137 - - [28/Apr/2026:04:49:33 +0000] "GET /c99.php? HTTP/1.1" 404 6596 "-" "Mozilla/5.0 (Windows NT 10.0; Win64; x64) AppleWebKit/537.36 (KHTML, like Gecko) Chrome/120.0.0.0 Safari/537.36"
20.100.183.137 - - [28/Apr/2026:04:49:34 +0000] "GET /chosen.php HTTP/1.1" 404 6596 "-" "Mozilla/5.0 (Windows NT 10.0; Win64; x64) AppleWebKit/537.36 (KHTML, like Gecko) Chrome/120.0.0.0 Safari/537.36"
20.100.183.137 - - [28/Apr/2026:04:49:35 +0000] "GET /class-wp-lock.php HTTP/1.1" 404 6598 "-" "Mozilla/5.0 (Windows NT 10.0; Win64; x64) AppleWebKit/537.36 (KHTML, like Gecko) Chrome/120.0.0.0 Safari/537.36"
20.100.183.137 - - [28/Apr/2026:04:49:35 +0000] "GET /cong.php HTTP/1.1" 404 6595 "-" "Mozilla/5.0 (Windows NT 10.0; Win64; x64) AppleWebKit/537.36 (KHTML, like Gecko) Chrome/120.0.0.0 Safari/537.36"
20.100.183.137 - - [28/Apr/2026:04:49:36 +0000] "GET /content.php HTTP/1.1" 404 6594 "-" "Mozilla/5.0 (Windows NT 10.0; Win64; x64) AppleWebKit/537.36 (KHTML, like Gecko) Chrome/120.0.0.0 Safari/537.36"
184.94.212.206 - - [28/Apr/2026:04:49:38 +0000] "POST /wp-cron.php?doing_wp_cron=1777351778.0988669395446777343750 HTTP/1.1" 200 - "-" "WordPress/6.9.4; https://articlebinder.com"
20.100.183.137 - - [28/Apr/2026:04:49:37 +0000] "GET /control.php HTTP/1.1" 404 6596 "-" "Mozilla/5.0 (Windows NT 10.0; Win64; x64) AppleWebKit/537.36 (KHTML, like Gecko) Chrome/120.0.0.0 Safari/537.36"
20.100.183.137 - - [28/Apr/2026:04:49:38 +0000] "GET /cookie.php HTTP/1.1" 404 6597 "-" "Mozilla/5.0 (Windows NT 10.0; Win64; x64) AppleWebKit/537.36 (KHTML, like Gecko) Chrome/120.0.0.0 Safari/537.36"
20.100.183.137 - - [28/Apr/2026:04:49:39 +0000] "GET /credits.php HTTP/1.1" 404 6597 "-" "Mozilla/5.0 (Windows NT 10.0; Win64; x64) AppleWebKit/537.36 (KHTML, like Gecko) Chrome/120.0.0.0 Safari/537.36"
20.100.183.137 - - [28/Apr/2026:04:49:40 +0000] "GET /cron.php HTTP/1.1" 404 6595 "-" "Mozilla/5.0 (Windows NT 10.0; Win64; x64) AppleWebKit/537.36 (KHTML, like Gecko) Chrome/120.0.0.0 Safari/537.36"
20.100.183.137 - - [28/Apr/2026:04:49:41 +0000] "GET /css.php HTTP/1.1" 404 6594 "-" "Mozilla/5.0 (Windows NT 10.0; Win64; x64) AppleWebKit/537.36 (KHTML, like Gecko) Chrome/120.0.0.0 Safari/537.36"
20.100.183.137 - - [28/Apr/2026:04:49:42 +0000] "GET /css/autoload_classmap.php HTTP/1.1" 404 6604 "-" "Mozilla/5.0 (Windows NT 10.0; Win64; x64) AppleWebKit/537.36 (KHTML, like Gecko) Chrome/120.0.0.0 Safari/537.36"
20.100.183.137 - - [28/Apr/2026:04:49:43 +0000] "GET /data.php HTTP/1.1" 404 6594 "-" "Mozilla/5.0 (Windows NT 10.0; Win64; x64) AppleWebKit/537.36 (KHTML, like Gecko) Chrome/120.0.0.0 Safari/537.36"
20.100.183.137 - - [28/Apr/2026:04:49:44 +0000] "GET /disagreed.php HTTP/1.1" 404 6598 "-" "Mozilla/5.0 (Windows NT 10.0; Win64; x64) AppleWebKit/537.36 (KHTML, like Gecko) Chrome/120.0.0.0 Safari/537.36"
20.100.183.137 - - [28/Apr/2026:04:49:45 +0000] "GET /doc.php HTTP/1.1" 404 6594 "-" "Mozilla/5.0 (Windows NT 10.0; Win64; x64) AppleWebKit/537.36 (KHTML, like Gecko) Chrome/120.0.0.0 Safari/537.36"
20.100.183.137 - - [28/Apr/2026:04:49:46 +0000] "GET /dropdown.php HTTP/1.1" 404 6597 "-" "Mozilla/5.0 (Windows NT 10.0; Win64; x64) AppleWebKit/537.36 (KHTML, like Gecko) Chrome/120.0.0.0 Safari/537.36"
20.100.183.137 - - [28/Apr/2026:04:49:46 +0000] "GET /ds.php HTTP/1.1" 404 6593 "-" "Mozilla/5.0 (Windows NT 10.0; Win64; x64) AppleWebKit/537.36 (KHTML, like Gecko) Chrome/120.0.0.0 Safari/537.36"
20.100.183.137 - - [28/Apr/2026:04:49:47 +0000] "GET /ee.php HTTP/1.1" 404 6593 "-" "Mozilla/5.0 (Windows NT 10.0; Win64; x64) AppleWebKit/537.36 (KHTML, like Gecko) Chrome/120.0.0.0 Safari/537.36"
20.100.183.137 - - [28/Apr/2026:04:49:48 +0000] "GET /en.php HTTP/1.1" 404 6593 "-" "Mozilla/5.0 (Windows NT 10.0; Win64; x64) AppleWebKit/537.36 (KHTML, like Gecko) Chrome/120.0.0.0 Safari/537.36"
20.100.183.137 - - [28/Apr/2026:04:49:49 +0000] "GET /error.php HTTP/1.1" 404 6593 "-" "Mozilla/5.0 (Windows NT 10.0; Win64; x64) AppleWebKit/537.36 (KHTML, like Gecko) Chrome/120.0.0.0 Safari/537.36"
20.100.183.137 - - [28/Apr/2026:04:49:49 +0000] "GET /f35.php HTTP/1.1" 404 6594 "-" "Mozilla/5.0 (Windows NT 10.0; Win64; x64) AppleWebKit/537.36 (KHTML, like Gecko) Chrome/120.0.0.0 Safari/537.36"
20.100.183.137 - - [28/Apr/2026:04:49:50 +0000] "GET /favicon.php HTTP/1.1" 404 6597 "-" "Mozilla/5.0 (Windows NT 10.0; Win64; x64) AppleWebKit/537.36 (KHTML, like Gecko) Chrome/120.0.0.0 Safari/537.36"
20.100.183.137 - - [28/Apr/2026:04:49:51 +0000] "GET /feeds.php HTTP/1.1" 404 6595 "-" "Mozilla/5.0 (Windows NT 10.0; Win64; x64) AppleWebKit/537.36 (KHTML, like Gecko) Chrome/120.0.0.0 Safari/537.36"
20.100.183.137 - - [28/Apr/2026:04:49:52 +0000] "GET /files.php HTTP/1.1" 404 6595 "-" "Mozilla/5.0 (Windows NT 10.0; Win64; x64) AppleWebKit/537.36 (KHTML, like Gecko) Chrome/120.0.0.0 Safari/537.36"
20.100.183.137 - - [28/Apr/2026:04:49:52 +0000] "GET /files/autoload_classmap.php HTTP/1.1" 404 6606 "-" "Mozilla/5.0 (Windows NT 10.0; Win64; x64) AppleWebKit/537.36 (KHTML, like Gecko) Chrome/120.0.0.0 Safari/537.36"
20.100.183.137 - - [28/Apr/2026:04:49:53 +0000] "GET /flower.php HTTP/1.1" 404 6596 "-" "Mozilla/5.0 (Windows NT 10.0; Win64; x64) AppleWebKit/537.36 (KHTML, like Gecko) Chrome/120.0.0.0 Safari/537.36"
20.100.183.137 - - [28/Apr/2026:04:49:54 +0000] "GET /function.php HTTP/1.1" 404 6594 "-" "Mozilla/5.0 (Windows NT 10.0; Win64; x64) AppleWebKit/537.36 (KHTML, like Gecko) Chrome/120.0.0.0 Safari/537.36"
20.100.183.137 - - [28/Apr/2026:04:49:55 +0000] "GET /functions.php HTTP/1.1" 404 6595 "-" "Mozilla/5.0 (Windows NT 10.0; Win64; x64) AppleWebKit/537.36 (KHTML, like Gecko) Chrome/120.0.0.0 Safari/537.36"
20.100.183.137 - - [28/Apr/2026:04:49:56 +0000] "GET /gecko-new.php HTTP/1.1" 404 6599 "-" "Mozilla/5.0 (Windows NT 10.0; Win64; x64) AppleWebKit/537.36 (KHTML, like Gecko) Chrome/120.0.0.0 Safari/537.36"
20.100.183.137 - - [28/Apr/2026:04:49:56 +0000] "GET /ggfi.php HTTP/1.1" 404 6595 "-" "Mozilla/5.0 (Windows NT 10.0; Win64; x64) AppleWebKit/537.36 (KHTML, like Gecko) Chrome/120.0.0.0 Safari/537.36"
20.100.183.137 - - [28/Apr/2026:04:49:57 +0000] "GET /gzak2w.php HTTP/1.1" 404 6598 "-" "Mozilla/5.0 (Windows NT 10.0; Win64; x64) AppleWebKit/537.36 (KHTML, like Gecko) Chrome/120.0.0.0 Safari/537.36"
20.100.183.137 - - [28/Apr/2026:04:49:58 +0000] "GET /hehe.php HTTP/1.1" 404 6595 "-" "Mozilla/5.0 (Windows NT 10.0; Win64; x64) AppleWebKit/537.36 (KHTML, like Gecko) Chrome/120.0.0.0 Safari/537.36"
20.100.183.137 - - [28/Apr/2026:04:49:59 +0000] "GET /hehehehe.php HTTP/1.1" 404 6595 "-" "Mozilla/5.0 (Windows NT 10.0; Win64; x64) AppleWebKit/537.36 (KHTML, like Gecko) Chrome/120.0.0.0 Safari/537.36"
20.100.183.137 - - [28/Apr/2026:04:49:59 +0000] "GET /help.php HTTP/1.1" 404 6595 "-" "Mozilla/5.0 (Windows NT 10.0; Win64; x64) AppleWebKit/537.36 (KHTML, like Gecko) Chrome/120.0.0.0 Safari/537.36"
20.100.183.137 - - [28/Apr/2026:04:50:00 +0000] "GET /images/wp-login.php HTTP/1.1" 404 6598 "-" "Mozilla/5.0 (Windows NT 10.0; Win64; x64) AppleWebKit/537.36 (KHTML, like Gecko) Chrome/120.0.0.0 Safari/537.36"
20.100.183.137 - - [28/Apr/2026:04:50:01 +0000] "GET /index.php HTTP/1.1" 301 - "-" "Mozilla/5.0 (Windows NT 10.0; Win64; x64) AppleWebKit/537.36 (KHTML, like Gecko) Chrome/120.0.0.0 Safari/537.36"
20.100.183.137 - - [28/Apr/2026:04:50:02 +0000] "GET /index/function.php HTTP/1.1" 404 6597 "-" "Mozilla/5.0 (Windows NT 10.0; Win64; x64) AppleWebKit/537.36 (KHTML, like Gecko) Chrome/120.0.0.0 Safari/537.36"
20.100.183.137 - - [28/Apr/2026:04:50:04 +0000] "GET /install.php HTTP/1.1" 404 6595 "-" "Mozilla/5.0 (Windows NT 10.0; Win64; x64) AppleWebKit/537.36 (KHTML, like Gecko) Chrome/120.0.0.0 Safari/537.36"
20.100.183.137 - - [28/Apr/2026:04:50:04 +0000] "GET /jp.php HTTP/1.1" 404 6593 "-" "Mozilla/5.0 (Windows NT 10.0; Win64; x64) AppleWebKit/537.36 (KHTML, like Gecko) Chrome/120.0.0.0 Safari/537.36"
20.100.183.137 - - [28/Apr/2026:04:50:05 +0000] "GET /mah/function.php HTTP/1.1" 404 6597 "-" "Mozilla/5.0 (Windows NT 10.0; Win64; x64) AppleWebKit/537.36 (KHTML, like Gecko) Chrome/120.0.0.0 Safari/537.36"
20.100.183.137 - - [28/Apr/2026:04:50:06 +0000] "GET /meta.php HTTP/1.1" 404 6594 "-" "Mozilla/5.0 (Windows NT 10.0; Win64; x64) AppleWebKit/537.36 (KHTML, like Gecko) Chrome/120.0.0.0 Safari/537.36"
20.100.183.137 - - [28/Apr/2026:04:50:07 +0000] "GET /moon.php HTTP/1.1" 404 6595 "-" "Mozilla/5.0 (Windows NT 10.0; Win64; x64) AppleWebKit/537.36 (KHTML, like Gecko) Chrome/120.0.0.0 Safari/537.36"
20.100.183.137 - - [28/Apr/2026:04:50:08 +0000] "GET /new.php HTTP/1.1" 404 6594 "-" "Mozilla/5.0 (Windows NT 10.0; Win64; x64) AppleWebKit/537.36 (KHTML, like Gecko) Chrome/120.0.0.0 Safari/537.36"
20.100.183.137 - - [28/Apr/2026:04:50:09 +0000] "GET /ova.php HTTP/1.1" 404 6594 "-" "Mozilla/5.0 (Windows NT 10.0; Win64; x64) AppleWebKit/537.36 (KHTML, like Gecko) Chrome/120.0.0.0 Safari/537.36"
20.100.183.137 - - [28/Apr/2026:04:50:09 +0000] "GET /print/bkindex.php HTTP/1.1" 404 6599 "-" "Mozilla/5.0 (Windows NT 10.0; Win64; x64) AppleWebKit/537.36 (KHTML, like Gecko) Chrome/120.0.0.0 Safari/537.36"
20.100.183.137 - - [28/Apr/2026:04:50:10 +0000] "GET /radio.php HTTP/1.1" 404 6595 "-" "Mozilla/5.0 (Windows NT 10.0; Win64; x64) AppleWebKit/537.36 (KHTML, like Gecko) Chrome/120.0.0.0 Safari/537.36"
20.100.183.137 - - [28/Apr/2026:04:50:11 +0000] "GET /randkeyword.php HTTP/1.1" 404 6599 "-" "Mozilla/5.0 (Windows NT 10.0; Win64; x64) AppleWebKit/537.36 (KHTML, like Gecko) Chrome/120.0.0.0 Safari/537.36"
20.100.183.137 - - [28/Apr/2026:04:50:12 +0000] "GET /room.php HTTP/1.1" 404 6594 "-" "Mozilla/5.0 (Windows NT 10.0; Win64; x64) AppleWebKit/537.36 (KHTML, like Gecko) Chrome/120.0.0.0 Safari/537.36"
20.100.183.137 - - [28/Apr/2026:04:50:12 +0000] "GET /sad/about.php HTTP/1.1" 404 6598 "-" "Mozilla/5.0 (Windows NT 10.0; Win64; x64) AppleWebKit/537.36 (KHTML, like Gecko) Chrome/120.0.0.0 Safari/537.36"
20.100.183.137 - - [28/Apr/2026:04:50:13 +0000] "GET /sim.php/wp-includes/certificates/plugins.php HTTP/1.1" 404 6608 "-" "Mozilla/5.0 (Windows NT 10.0; Win64; x64) AppleWebKit/537.36 (KHTML, like Gecko) Chrome/120.0.0.0 Safari/537.36"
20.100.183.137 - - [28/Apr/2026:04:50:14 +0000] "GET /simple.php HTTP/1.1" 404 6597 "-" "Mozilla/5.0 (Windows NT 10.0; Win64; x64) AppleWebKit/537.36 (KHTML, like Gecko) Chrome/120.0.0.0 Safari/537.36"
20.100.183.137 - - [28/Apr/2026:04:50:15 +0000] "GET /templates/beez3/1.php HTTP/1.1" 404 6601 "-" "Mozilla/5.0 (Windows NT 10.0; Win64; x64) AppleWebKit/537.36 (KHTML, like Gecko) Chrome/120.0.0.0 Safari/537.36"
20.100.183.137 - - [28/Apr/2026:04:50:15 +0000] "GET /templates/beez3/index.php HTTP/1.1" 301 - "-" "Mozilla/5.0 (Windows NT 10.0; Win64; x64) AppleWebKit/537.36 (KHTML, like Gecko) Chrome/120.0.0.0 Safari/537.36"
184.94.212.206 - - [28/Apr/2026:04:54:29 +0000] "POST /wp-cron.php?doing_wp_cron=1777352069.1375451087951660156250 HTTP/1.1" 200 - "-" "WordPress/6.9.4; https://articlebinder.com"
192.0.91.228 - - [28/Apr/2026:04:54:27 +0000] "HEAD / HTTP/1.1" 200 - "-" "jetmon/1.0 (Jetpack Site Uptime Monitor by WordPress.com)"
184.94.212.206 - - [28/Apr/2026:04:54:49 +0000] "POST /wp-cron.php?doing_wp_cron=1777352089.0864050388336181640625 HTTP/1.1" 200 - "-" "WordPress/6.9.4; https://articlebinder.com"
173.239.240.110 - - [28/Apr/2026:04:54:47 +0000] "POST /wp-login.php HTTP/1.1" 401 3403 "-" "Mozilla/5.0"
173.239.240.110 - - [28/Apr/2026:04:54:47 +0000] "POST /wp-login.php HTTP/1.1" 401 3403 "-" "Mozilla/5.0"
184.94.212.206 - - [28/Apr/2026:04:58:50 +0000] "POST /wp-cron.php?doing_wp_cron=1777352330.6034140586853027343750 HTTP/1.1" 200 - "-" "WordPress/6.9.4; https://articlebinder.com"
216.73.216.8 - - [28/Apr/2026:04:58:49 +0000] "GET /sitemap_index.xml HTTP/1.1" 200 364 "-" "Mozilla/5.0 AppleWebKit/537.36 (KHTML, like Gecko; compatible; ClaudeBot/1.0; +claudebot@anthropic.com)"
184.94.212.206 - - [28/Apr/2026:04:59:30 +0000] "POST /wp-cron.php?doing_wp_cron=1777352370.4995219707489013671875 HTTP/1.1" 200 - "-" "WordPress/6.9.4; https://articlebinder.com"
192.0.91.228 - - [28/Apr/2026:04:59:29 +0000] "HEAD / HTTP/1.1" 200 - "-" "jetmon/1.0 (Jetpack Site Uptime Monitor by WordPress.com)"
103.255.134.61 - - [28/Apr/2026:05:03:34 +0000] "GET /wp-login.php HTTP/1.1" 200 4364 "-" "Mozilla/5.0 (MSIE 9.0; Windows NT 10.0; WOW64; Trident/7.0; rv:11.0) like Gecko"
103.255.134.61 - - [28/Apr/2026:05:03:35 +0000] "POST /wp-login.php HTTP/1.1" 200 4364 "https://articlebinder.com/wp-login.php" "Mozilla/5.0 (MSIE 9.0; Windows NT 10.0; WOW64; Trident/7.0; rv:11.0) like Gecko"
184.94.212.206 - - [28/Apr/2026:05:04:28 +0000] "POST /wp-cron.php?doing_wp_cron=1777352668.0938990116119384765625 HTTP/1.1" 200 - "-" "WordPress/6.9.4; https://articlebinder.com"
192.0.91.228 - - [28/Apr/2026:05:04:26 +0000] "HEAD / HTTP/1.1" 200 - "-" "jetmon/1.0 (Jetpack Site Uptime Monitor by WordPress.com)"
136.144.35.65 - - [28/Apr/2026:05:07:43 +0000] "POST /wp-login.php HTTP/1.1" 401 3404 "-" "Mozilla/5.0"
184.94.212.206 - - [28/Apr/2026:05:07:44 +0000] "POST /wp-cron.php?doing_wp_cron=1777352864.6188349723815917968750 HTTP/1.1" 200 - "-" "WordPress/6.9.4; https://articlebinder.com"
173.239.240.116 - - [28/Apr/2026:05:07:43 +0000] "POST /wp-login.php HTTP/1.1" 401 3403 "-" "Mozilla/5.0"
73.135.220.154 - - [28/Apr/2026:05:08:16 +0000] "GET /blog/category/mental-health/ HTTP/1.1" 200 8057 "-" "Mozilla/5.0 (Windows NT 10.0; Win64; x64) AppleWebKit/537.36 (KHTML, like Gecko) Chrome/110.0.0.0 Safari/537.36"
184.94.212.206 - - [28/Apr/2026:05:09:31 +0000] "POST /wp-cron.php?doing_wp_cron=1777352971.7262430191040039062500 HTTP/1.1" 200 - "-" "WordPress/6.9.4; https://articlebinder.com"
192.0.91.228 - - [28/Apr/2026:05:09:30 +0000] "HEAD / HTTP/1.1" 200 - "-" "jetmon/1.0 (Jetpack Site Uptime Monitor by WordPress.com)"
103.232.122.132 - - [28/Apr/2026:05:09:39 +0000] "GET /wp-login.php HTTP/1.1" 200 4363 "-" "Mozilla/4.0 (compatible; MSIE 7.0; Windows NT 6.2; Trident/7.0; .NET4.0E; .NET4.0C)"
103.232.122.132 - - [28/Apr/2026:05:09:43 +0000] "POST /wp-login.php HTTP/1.1" 200 4363 "https://articlebinder.com/wp-login.php" "Mozilla/4.0 (compatible; MSIE 7.0; Windows NT 6.2; Trident/7.0; .NET4.0E; .NET4.0C)"
65.254.225.226 - - [28/Apr/2026:05:13:06 +0000] "GET /wp-login.php HTTP/1.1" 200 4363 "-" "Mozilla/5.0 (Windows NT 6.0; Win64; x64) AppleWebKit/537.36 (KHTML, like Gecko) Chrome/66.0.3359.117 Safari/537.36"
65.254.225.226 - - [28/Apr/2026:05:13:08 +0000] "POST /wp-login.php HTTP/1.1" 200 4363 "https://articlebinder.com/wp-login.php" "Mozilla/5.0 (Windows NT 6.0; Win64; x64) AppleWebKit/537.36 (KHTML, like Gecko) Chrome/66.0.3359.117 Safari/537.36"
184.94.212.206 - - [28/Apr/2026:05:13:31 +0000] "POST /wp-cron.php?doing_wp_cron=1777353211.7002210617065429687500 HTTP/1.1" 200 - "-" "WordPress/6.9.4; https://articlebinder.com"
57.141.18.113 - - [28/Apr/2026:05:13:31 +0000] "GET /robots.txt HTTP/1.1" 200 274 "-" "facebookexternalhit/1.1 (+http://www.facebook.com/externalhit_uatext.php)"
184.94.212.206 - - [28/Apr/2026:05:14:26 +0000] "POST /wp-cron.php?doing_wp_cron=1777353266.1972310543060302734375 HTTP/1.1" 200 - "-" "WordPress/6.9.4; https://articlebinder.com"
192.0.91.228 - - [28/Apr/2026:05:14:24 +0000] "HEAD / HTTP/1.1" 200 - "-" "jetmon/1.0 (Jetpack Site Uptime Monitor by WordPress.com)"
184.94.212.206 - - [28/Apr/2026:05:19:28 +0000] "POST /wp-cron.php?doing_wp_cron=1777353568.4431629180908203125000 HTTP/1.1" 200 - "-" "WordPress/6.9.4; https://articlebinder.com"
192.0.91.228 - - [28/Apr/2026:05:19:27 +0000] "HEAD / HTTP/1.1" 200 - "-" "jetmon/1.0 (Jetpack Site Uptime Monitor by WordPress.com)"
184.94.212.206 - - [28/Apr/2026:05:20:50 +0000] "POST /wp-cron.php?doing_wp_cron=1777353650.8300418853759765625000 HTTP/1.1" 200 - "-" "WordPress/6.9.4; https://articlebinder.com"
173.239.240.109 - - [28/Apr/2026:05:20:49 +0000] "POST /wp-login.php HTTP/1.1" 401 3404 "-" "Mozilla/5.0"
136.144.35.63 - - [28/Apr/2026:05:20:49 +0000] "POST /wp-login.php HTTP/1.1" 401 3404 "-" "Mozilla/5.0"
213.55.96.154 - - [28/Apr/2026:05:23:51 +0000] "GET /wp-login.php HTTP/1.1" 200 4361 "-" "Mozilla/4.0 (compatible; MSIE 7.0; Windows NT 6.3; WOW64; Trident/7.0; Touch; .NET4.0E; .NET4.0C; Tablet PC 2.0; .NET CLR 3.5.30729; .NET CLR 2.0.50727; .NET CLR 3.0.30729)"
213.55.96.154 - - [28/Apr/2026:05:23:53 +0000] "POST /wp-login.php HTTP/1.1" 200 4361 "https://articlebinder.com/wp-login.php" "Mozilla/4.0 (compatible; MSIE 7.0; Windows NT 6.3; WOW64; Trident/7.0; Touch; .NET4.0E; .NET4.0C; Tablet PC 2.0; .NET CLR 3.5.30729; .NET CLR 2.0.50727; .NET CLR 3.0.30729)"
184.94.212.206 - - [28/Apr/2026:05:24:28 +0000] "POST /wp-cron.php?doing_wp_cron=1777353868.7092020511627197265625 HTTP/1.1" 200 - "-" "WordPress/6.9.4; https://articlebinder.com"
192.0.91.228 - - [28/Apr/2026:05:24:28 +0000] "HEAD / HTTP/1.1" 200 - "-" "jetmon/1.0 (Jetpack Site Uptime Monitor by WordPress.com)"
184.94.212.206 - - [28/Apr/2026:05:29:30 +0000] "POST /wp-cron.php?doing_wp_cron=1777354170.8457388877868652343750 HTTP/1.1" 200 - "-" "WordPress/6.9.4; https://articlebinder.com"
192.0.91.228 - - [28/Apr/2026:05:29:29 +0000] "HEAD / HTTP/1.1" 200 - "-" "jetmon/1.0 (Jetpack Site Uptime Monitor by WordPress.com)"
184.94.212.206 - - [28/Apr/2026:05:34:13 +0000] "POST /wp-cron.php?doing_wp_cron=1777354453.5670258998870849609375 HTTP/1.1" 200 - "-" "WordPress/6.9.4; https://articlebinder.com"
173.239.240.106 - - [28/Apr/2026:05:34:12 +0000] "POST /wp-login.php HTTP/1.1" 401 3404 "-" "Mozilla/5.0"
136.144.35.65 - - [28/Apr/2026:05:34:12 +0000] "POST /wp-login.php HTTP/1.1" 401 3403 "-" "Mozilla/5.0"
184.94.212.206 - - [28/Apr/2026:05:34:32 +0000] "POST /wp-cron.php?doing_wp_cron=1777354472.0923109054565429687500 HTTP/1.1" 200 - "-" "WordPress/6.9.4; https://articlebinder.com"
192.0.91.228 - - [28/Apr/2026:05:34:31 +0000] "HEAD / HTTP/1.1" 200 - "-" "jetmon/1.0 (Jetpack Site Uptime Monitor by WordPress.com)"
184.94.212.206 - - [28/Apr/2026:05:38:20 +0000] "POST /wp-cron.php?doing_wp_cron=1777354700.5773699283599853515625 HTTP/1.1" 200 - "-" "WordPress/6.9.4; https://articlebinder.com"
151.240.254.51 - - [28/Apr/2026:05:38:19 +0000] "GET /resources/ HTTP/1.1" 200 11871 "-" "Mozilla/5.0 (Macintosh; Intel Mac OS X 10_15_7) AppleWebKit/537.36 (KHTML, like Gecko) Chrome/120.0.0.0 Safari/537.36"
184.94.212.206 - - [28/Apr/2026:05:39:31 +0000] "POST /wp-cron.php?doing_wp_cron=1777354771.0793430805206298828125 HTTP/1.1" 200 - "-" "WordPress/6.9.4; https://articlebinder.com"
192.0.91.228 - - [28/Apr/2026:05:39:29 +0000] "HEAD / HTTP/1.1" 200 - "-" "jetmon/1.0 (Jetpack Site Uptime Monitor by WordPress.com)"
184.94.212.206 - - [28/Apr/2026:05:44:31 +0000] "POST /wp-cron.php?doing_wp_cron=1777355071.3459730148315429687500 HTTP/1.1" 200 - "-" "WordPress/6.9.4; https://articlebinder.com"
192.0.91.228 - - [28/Apr/2026:05:44:30 +0000] "HEAD / HTTP/1.1" 200 - "-" "jetmon/1.0 (Jetpack Site Uptime Monitor by WordPress.com)"
184.94.212.206 - - [28/Apr/2026:05:47:27 +0000] "POST /wp-cron.php?doing_wp_cron=1777355247.0711729526519775390625 HTTP/1.1" 200 - "-" "WordPress/6.9.4; https://articlebinder.com"
173.239.240.106 - - [28/Apr/2026:05:47:25 +0000] "POST /wp-login.php HTTP/1.1" 401 3403 "-" "Mozilla/5.0"
173.239.240.113 - - [28/Apr/2026:05:47:25 +0000] "POST /wp-login.php HTTP/1.1" 401 3403 "-" "Mozilla/5.0"
184.94.212.206 - - [28/Apr/2026:05:49:31 +0000] "POST /wp-cron.php?doing_wp_cron=1777355370.9889008998870849609375 HTTP/1.1" 200 - "-" "WordPress/6.9.4; https://articlebinder.com"
192.0.91.228 - - [28/Apr/2026:05:49:29 +0000] "HEAD / HTTP/1.1" 200 - "-" "jetmon/1.0 (Jetpack Site Uptime Monitor by WordPress.com)"
184.94.212.206 - - [28/Apr/2026:05:54:28 +0000] "POST /wp-cron.php?doing_wp_cron=1777355668.4619889259338378906250 HTTP/1.1" 200 - "-" "WordPress/6.9.4; https://articlebinder.com"
192.0.91.228 - - [28/Apr/2026:05:54:26 +0000] "HEAD / HTTP/1.1" 200 - "-" "jetmon/1.0 (Jetpack Site Uptime Monitor by WordPress.com)"
184.94.212.206 - - [28/Apr/2026:05:57:10 +0000] "POST /wp-cron.php?doing_wp_cron=1777355830.2803208827972412109375 HTTP/1.1" 200 - "-" "WordPress/6.9.4; https://articlebinder.com"
40.77.167.150 - - [28/Apr/2026:05:57:09 +0000] "GET /sitemap.xml HTTP/1.1" 200 304 "-" "Mozilla/5.0 AppleWebKit/537.36 (KHTML, like Gecko; compatible; bingbot/2.0; +http://www.bing.com/bingbot.htm) Chrome/116.0.1938.76 Safari/537.36"
184.94.212.206 - - [28/Apr/2026:05:59:31 +0000] "POST /wp-cron.php?doing_wp_cron=1777355971.6286389827728271484375 HTTP/1.1" 200 - "-" "WordPress/6.9.4; https://articlebinder.com"
192.0.91.228 - - [28/Apr/2026:05:59:30 +0000] "HEAD / HTTP/1.1" 200 - "-" "jetmon/1.0 (Jetpack Site Uptime Monitor by WordPress.com)"
103.232.122.132 - - [28/Apr/2026:06:00:24 +0000] "GET /wp-login.php HTTP/1.1" 200 4363 "-" "Mozilla/5.0 (Windows NT 6.3; WOW64; Trident/7.0; MASEJS; rv:11.0) like Gecko"
103.232.122.132 - - [28/Apr/2026:06:00:25 +0000] "POST /wp-login.php HTTP/1.1" 200 4363 "https://articlebinder.com/wp-login.php" "Mozilla/5.0 (Windows NT 6.3; WOW64; Trident/7.0; MASEJS; rv:11.0) like Gecko"
184.94.212.206 - - [28/Apr/2026:06:00:32 +0000] "POST /wp-cron.php?doing_wp_cron=1777356032.9097840785980224609375 HTTP/1.1" 200 - "-" "WordPress/6.9.4; https://articlebinder.com"
136.144.35.66 - - [28/Apr/2026:06:00:31 +0000] "POST /wp-login.php HTTP/1.1" 401 3403 "-" "Mozilla/5.0"
136.144.35.70 - - [28/Apr/2026:06:00:31 +0000] "POST /wp-login.php HTTP/1.1" 401 3403 "-" "Mozilla/5.0"
184.94.212.206 - - [28/Apr/2026:06:04:27 +0000] "POST /wp-cron.php?doing_wp_cron=1777356267.7675600051879882812500 HTTP/1.1" 200 - "-" "WordPress/6.9.4; https://articlebinder.com"
192.0.91.228 - - [28/Apr/2026:06:04:26 +0000] "HEAD / HTTP/1.1" 200 - "-" "jetmon/1.0 (Jetpack Site Uptime Monitor by WordPress.com)"
184.94.212.206 - - [28/Apr/2026:06:09:31 +0000] "POST /wp-cron.php?doing_wp_cron=1777356571.9392740726470947265625 HTTP/1.1" 200 - "-" "WordPress/6.9.4; https://articlebinder.com"
192.0.91.228 - - [28/Apr/2026:06:09:30 +0000] "HEAD / HTTP/1.1" 200 - "-" "jetmon/1.0 (Jetpack Site Uptime Monitor by WordPress.com)"
154.0.171.161 - - [28/Apr/2026:06:09:58 +0000] "GET /wp-login.php HTTP/1.1" 200 4363 "-" "Mozilla/5.0 (Macintosh; Intel Mac OS X 10_10_5) AppleWebKit/537.36 (KHTML, like Gecko) Chrome/65.0.3325.181 Safari/537.36"
154.0.171.161 - - [28/Apr/2026:06:09:59 +0000] "POST /wp-login.php HTTP/1.1" 200 4363 "https://articlebinder.com/wp-login.php" "Mozilla/5.0 (Macintosh; Intel Mac OS X 10_10_5) AppleWebKit/537.36 (KHTML, like Gecko) Chrome/65.0.3325.181 Safari/537.36"
184.94.212.206 - - [28/Apr/2026:06:11:56 +0000] "POST /wp-cron.php?doing_wp_cron=1777356716.2207629680633544921875 HTTP/1.1" 200 - "-" "WordPress/6.9.4; https://articlebinder.com"
57.141.18.68 - - [28/Apr/2026:06:11:54 +0000] "GET /robots.txt HTTP/1.1" 301 - "-" "facebookexternalhit/1.1 (+http://www.facebook.com/externalhit_uatext.php)"
57.141.18.30 - - [28/Apr/2026:06:11:56 +0000] "GET /robots.txt HTTP/1.1" 200 274 "-" "facebookexternalhit/1.1 (+http://www.facebook.com/externalhit_uatext.php)"
184.94.212.206 - - [28/Apr/2026:06:13:38 +0000] "POST /wp-cron.php?doing_wp_cron=1777356818.1550390720367431640625 HTTP/1.1" 200 - "-" "WordPress/6.9.4; https://articlebinder.com"
173.239.240.115 - - [28/Apr/2026:06:13:36 +0000] "POST /wp-login.php HTTP/1.1" 401 3403 "-" "Mozilla/5.0"
173.239.240.112 - - [28/Apr/2026:06:13:37 +0000] "POST /wp-login.php HTTP/1.1" 401 3404 "-" "Mozilla/5.0"
184.94.212.206 - - [28/Apr/2026:06:14:30 +0000] "POST /wp-cron.php?doing_wp_cron=1777356870.8505721092224121093750 HTTP/1.1" 200 - "-" "WordPress/6.9.4; https://articlebinder.com"
192.0.91.228 - - [28/Apr/2026:06:14:29 +0000] "HEAD / HTTP/1.1" 200 - "-" "jetmon/1.0 (Jetpack Site Uptime Monitor by WordPress.com)"
184.94.212.206 - - [28/Apr/2026:06:19:26 +0000] "POST /wp-cron.php?doing_wp_cron=1777357166.5326800346374511718750 HTTP/1.1" 200 - "-" "WordPress/6.9.4; https://articlebinder.com"
192.0.91.228 - - [28/Apr/2026:06:19:25 +0000] "HEAD / HTTP/1.1" 200 - "-" "jetmon/1.0 (Jetpack Site Uptime Monitor by WordPress.com)"
184.94.212.206 - - [28/Apr/2026:06:24:31 +0000] "POST /wp-cron.php?doing_wp_cron=1777357471.1679151058197021484375 HTTP/1.1" 200 - "-" "WordPress/6.9.4; https://articlebinder.com"
192.0.91.228 - - [28/Apr/2026:06:24:29 +0000] "HEAD / HTTP/1.1" 200 - "-" "jetmon/1.0 (Jetpack Site Uptime Monitor by WordPress.com)"
184.94.212.206 - - [28/Apr/2026:06:26:55 +0000] "POST /wp-cron.php?doing_wp_cron=1777357615.8482699394226074218750 HTTP/1.1" 200 - "-" "WordPress/6.9.4; https://articlebinder.com"
173.239.240.109 - - [28/Apr/2026:06:26:54 +0000] "POST /wp-login.php HTTP/1.1" 401 3403 "-" "Mozilla/5.0"
136.144.35.66 - - [28/Apr/2026:06:26:54 +0000] "POST /wp-login.php HTTP/1.1" 401 3403 "-" "Mozilla/5.0"
148.222.192.15 - - [28/Apr/2026:06:27:26 +0000] "GET /.claude/settings.local.json HTTP/1.1" 404 6603 "-" "Mozilla/5.0 (SelfAudit; claudebusca)"
192.0.91.228 - - [28/Apr/2026:06:29:30 +0000] "HEAD / HTTP/1.1" 500 - "-" "jetmon/1.0 (Jetpack Site Uptime Monitor by WordPress.com)"
184.94.212.206 - - [28/Apr/2026:06:30:34 +0000] "POST /wp-cron.php?doing_wp_cron=1777357834.7575249671936035156250 HTTP/1.1" 200 - "-" "WordPress/6.9.4; https://articlebinder.com"
192.0.91.228 - - [28/Apr/2026:06:30:33 +0000] "HEAD / HTTP/1.1" 200 - "-" "jetmon/1.0 (Jetpack Site Uptime Monitor by WordPress.com)"
184.94.212.206 - - [28/Apr/2026:06:34:30 +0000] "POST /wp-cron.php?doing_wp_cron=1777358070.6606369018554687500000 HTTP/1.1" 200 - "-" "WordPress/6.9.4; https://articlebinder.com"
192.0.91.228 - - [28/Apr/2026:06:34:29 +0000] "HEAD / HTTP/1.1" 200 - "-" "jetmon/1.0 (Jetpack Site Uptime Monitor by WordPress.com)"
184.94.212.206 - - [28/Apr/2026:06:37:42 +0000] "POST /wp-cron.php?doing_wp_cron=1777358262.2936079502105712890625 HTTP/1.1" 200 - "-" "WordPress/6.9.4; https://articlebinder.com"
216.73.216.8 - - [28/Apr/2026:06:37:41 +0000] "GET /robots.txt HTTP/1.1" 200 142 "-" "Mozilla/5.0 AppleWebKit/537.36 (KHTML, like Gecko; compatible; ClaudeBot/1.0; +claudebot@anthropic.com)"
216.73.216.8 - - [28/Apr/2026:06:37:42 +0000] "GET /news-sitemap.xml HTTP/1.1" 200 312 "-" "Mozilla/5.0 AppleWebKit/537.36 (KHTML, like Gecko; compatible; ClaudeBot/1.0; +claudebot@anthropic.com)"
154.0.171.161 - - [28/Apr/2026:06:38:53 +0000] "GET /wp-login.php HTTP/1.1" 200 4363 "-" "Mozilla/4.0 (compatible; MSIE 7.0; Windows NT 6.1; Trident/7.0; SLCC2; .NET CLR 2.0.50727; .NET CLR 3.5.30729; .NET CLR 3.0.30729; Media Center PC 6.0; InfoPath.3; .NET4.0C; .NET4.0E)"
154.0.171.161 - - [28/Apr/2026:06:38:54 +0000] "POST /wp-login.php HTTP/1.1" 200 4363 "https://articlebinder.com/wp-login.php" "Mozilla/4.0 (compatible; MSIE 7.0; Windows NT 6.1; Trident/7.0; SLCC2; .NET CLR 2.0.50727; .NET CLR 3.5.30729; .NET CLR 3.0.30729; Media Center PC 6.0; InfoPath.3; .NET4.0C; .NET4.0E)"
184.94.212.206 - - [28/Apr/2026:06:39:29 +0000] "POST /wp-cron.php?doing_wp_cron=1777358369.9392659664154052734375 HTTP/1.1" 200 - "-" "WordPress/6.9.4; https://articlebinder.com"
192.0.91.228 - - [28/Apr/2026:06:39:29 +0000] "HEAD / HTTP/1.1" 200 - "-" "jetmon/1.0 (Jetpack Site Uptime Monitor by WordPress.com)"
184.94.212.206 - - [28/Apr/2026:06:40:04 +0000] "POST /wp-cron.php?doing_wp_cron=1777358404.9760820865631103515625 HTTP/1.1" 200 - "-" "WordPress/6.9.4; https://articlebinder.com"
136.144.35.66 - - [28/Apr/2026:06:40:03 +0000] "POST /wp-login.php HTTP/1.1" 401 3403 "-" "Mozilla/5.0"
173.239.240.113 - - [28/Apr/2026:06:40:03 +0000] "POST /wp-login.php HTTP/1.1" 401 3404 "-" "Mozilla/5.0"
140.245.100.195 - - [28/Apr/2026:06:40:51 +0000] "GET /.env HTTP/1.1" 404 6591 "-" "python-requests/2.33.1"
140.245.100.195 - - [28/Apr/2026:06:40:53 +0000] "GET /vendor/phpunit/phpunit/src/Util/PHP/eval-stdin.php HTTP/1.1" 404 6619 "-" "python-requests/2.33.1"
140.245.100.195 - - [28/Apr/2026:06:40:55 +0000] "GET /phpunit/phpunit/src/Util/PHP/eval-stdin.php HTTP/1.1" 404 6614 "-" "python-requests/2.33.1"
140.245.100.195 - - [28/Apr/2026:06:40:56 +0000] "GET /phpunit/phpunit/src/Util/PHP/eval-stdin.php HTTP/1.1" 404 6614 "-" "python-requests/2.33.1"
184.94.212.206 - - [28/Apr/2026:06:44:26 +0000] "POST /wp-cron.php?doing_wp_cron=1777358666.7241780757904052734375 HTTP/1.1" 200 - "-" "WordPress/6.9.4; https://articlebinder.com"
192.0.91.228 - - [28/Apr/2026:06:44:25 +0000] "HEAD / HTTP/1.1" 200 - "-" "jetmon/1.0 (Jetpack Site Uptime Monitor by WordPress.com)"
184.94.212.206 - - [28/Apr/2026:06:49:29 +0000] "POST /wp-cron.php?doing_wp_cron=1777358969.7925009727478027343750 HTTP/1.1" 200 - "-" "WordPress/6.9.4; https://articlebinder.com"
192.0.91.228 - - [28/Apr/2026:06:49:28 +0000] "HEAD / HTTP/1.1" 200 - "-" "jetmon/1.0 (Jetpack Site Uptime Monitor by WordPress.com)"
184.94.212.206 - - [28/Apr/2026:06:53:15 +0000] "POST /wp-cron.php?doing_wp_cron=1777359195.8786320686340332031250 HTTP/1.1" 200 - "-" "WordPress/6.9.4; https://articlebinder.com"
173.239.240.112 - - [28/Apr/2026:06:53:14 +0000] "POST /wp-login.php HTTP/1.1" 401 3404 "-" "Mozilla/5.0"
173.239.240.113 - - [28/Apr/2026:06:53:14 +0000] "POST /wp-login.php HTTP/1.1" 401 3403 "-" "Mozilla/5.0"
184.94.212.206 - - [28/Apr/2026:06:54:27 +0000] "POST /wp-cron.php?doing_wp_cron=1777359267.8793280124664306640625 HTTP/1.1" 200 - "-" "WordPress/6.9.4; https://articlebinder.com"
192.0.91.228 - - [28/Apr/2026:06:54:26 +0000] "HEAD / HTTP/1.1" 200 - "-" "jetmon/1.0 (Jetpack Site Uptime Monitor by WordPress.com)"
173.236.218.3 - - [28/Apr/2026:06:58:58 +0000] "GET /wp-login.php HTTP/1.1" 200 4362 "-" "Mozilla/4.0 (compatible; MSIE 7.0; Windows NT 6.1; Win64; x64; Trident/7.0; .NET CLR 2.0.50727; SLCC2; .NET CLR 3.5.30729; .NET CLR 3.0.30729; Media Center PC 6.0; .NET4.0C; .NET4.0E; InfoPath.3; Tablet PC 2.0)"
173.236.218.3 - - [28/Apr/2026:06:59:00 +0000] "POST /wp-login.php HTTP/1.1" 200 4362 "https://articlebinder.com/wp-login.php" "Mozilla/4.0 (compatible; MSIE 7.0; Windows NT 6.1; Win64; x64; Trident/7.0; .NET CLR 2.0.50727; SLCC2; .NET CLR 3.5.30729; .NET CLR 3.0.30729; Media Center PC 6.0; .NET4.0C; .NET4.0E; InfoPath.3; Tablet PC 2.0)"
184.94.212.206 - - [28/Apr/2026:06:59:27 +0000] "POST /wp-cron.php?doing_wp_cron=1777359567.7569520473480224609375 HTTP/1.1" 200 - "-" "WordPress/6.9.4; https://articlebinder.com"
192.0.91.228 - - [28/Apr/2026:06:59:27 +0000] "HEAD / HTTP/1.1" 200 - "-" "jetmon/1.0 (Jetpack Site Uptime Monitor by WordPress.com)"
184.94.212.206 - - [28/Apr/2026:07:02:47 +0000] "POST /wp-cron.php?doing_wp_cron=1777359767.7438409328460693359375 HTTP/1.1" 200 - "-" "WordPress/6.9.4; https://articlebinder.com"
216.73.216.8 - - [28/Apr/2026:07:02:46 +0000] "GET /sitemap.xml HTTP/1.1" 200 304 "-" "Mozilla/5.0 AppleWebKit/537.36 (KHTML, like Gecko; compatible; ClaudeBot/1.0; +claudebot@anthropic.com)"
81.29.142.100 - - [28/Apr/2026:07:02:48 +0000] "GET / HTTP/1.1" 200 38879 "-" "Mozilla/5.0 (Windows NT 10.0; WOW64) AppleWebKit/537.36 (KHTML, like Gecko) Chrome/91.0.4472.164 YaBrowser/21.6.4.787 Yowser/2.5 Safari/537.36"
81.29.142.100 - - [28/Apr/2026:07:02:52 +0000] "GET /.well-known/security.txt HTTP/1.1" 404 23928 "-" "Mozilla/5.0 (Windows NT 10.0; WOW64) AppleWebKit/537.36 (KHTML, like Gecko) Chrome/91.0.4472.164 YaBrowser/21.6.4.787 Yowser/2.5 Safari/537.36"
81.29.142.100 - - [28/Apr/2026:07:02:57 +0000] "GET /security.txt HTTP/1.1" 404 23916 "-" "Mozilla/5.0 (Windows NT 10.0; WOW64) AppleWebKit/537.36 (KHTML, like Gecko) Chrome/91.0.4472.164 YaBrowser/21.6.4.787 Yowser/2.5 Safari/537.36"
184.94.212.206 - - [28/Apr/2026:07:04:29 +0000] "POST /wp-cron.php?doing_wp_cron=1777359869.3156840801239013671875 HTTP/1.1" 200 - "-" "WordPress/6.9.4; https://articlebinder.com"
192.0.91.228 - - [28/Apr/2026:07:04:28 +0000] "HEAD / HTTP/1.1" 200 - "-" "jetmon/1.0 (Jetpack Site Uptime Monitor by WordPress.com)"
184.94.212.206 - - [28/Apr/2026:07:05:56 +0000] "POST /wp-cron.php?doing_wp_cron=1777359955.9976871013641357421875 HTTP/1.1" 200 - "-" "WordPress/6.9.4; https://articlebinder.com"
216.73.216.8 - - [28/Apr/2026:07:05:54 +0000] "GET /sitemap_index.xml HTTP/1.1" 200 364 "-" "Mozilla/5.0 AppleWebKit/537.36 (KHTML, like Gecko; compatible; ClaudeBot/1.0; +claudebot@anthropic.com)"
136.144.35.63 - - [28/Apr/2026:07:06:32 +0000] "POST /wp-login.php HTTP/1.1" 401 3403 "-" "Mozilla/5.0"
136.144.35.69 - - [28/Apr/2026:07:06:32 +0000] "POST /wp-login.php HTTP/1.1" 401 3404 "-" "Mozilla/5.0"
184.94.212.206 - - [28/Apr/2026:07:09:28 +0000] "POST /wp-cron.php?doing_wp_cron=1777360168.7759110927581787109375 HTTP/1.1" 200 - "-" "WordPress/6.9.4; https://articlebinder.com"
192.0.91.228 - - [28/Apr/2026:07:09:27 +0000] "HEAD / HTTP/1.1" 200 - "-" "jetmon/1.0 (Jetpack Site Uptime Monitor by WordPress.com)"
184.94.212.206 - - [28/Apr/2026:07:11:11 +0000] "POST /wp-cron.php?doing_wp_cron=1777360271.6905210018157958984375 HTTP/1.1" 200 - "-" "WordPress/6.9.4; https://articlebinder.com"
135.136.6.18 - - [28/Apr/2026:07:11:06 +0000] "GET / HTTP/1.1" 200 9505 "-" "Mozilla/5.0 (Windows NT 10.0; Win64; x64) AppleWebKit/537.36 (KHTML, like Gecko) Chrome/145.0.0.0 Safari/537.36"
135.136.6.18 - - [28/Apr/2026:07:11:14 +0000] "GET /wp-content/themes/the-bootstrap-blog/inc/bootstrap/css/bootstrap.min.css HTTP/1.1" 200 24070 "https://articlebinder.com" "Mozilla/5.0 (Windows NT 10.0; Win64; x64) AppleWebKit/537.36 (KHTML, like Gecko) Chrome/145.0.0.0 Safari/537.36"
135.136.6.18 - - [28/Apr/2026:07:11:16 +0000] "GET /wp-content/themes/the-bootstrap-blog/style.css?ver=0.1.4.4 HTTP/1.1" 200 3090 "https://articlebinder.com" "Mozilla/5.0 (Windows NT 10.0; Win64; x64) AppleWebKit/537.36 (KHTML, like Gecko) Chrome/145.0.0.0 Safari/537.36"
135.136.6.18 - - [28/Apr/2026:07:11:17 +0000] "GET /blog/self-reflection/ HTTP/1.1" 200 12419 "https://articlebinder.com" "Mozilla/5.0 (Windows NT 10.0; Win64; x64) AppleWebKit/537.36 (KHTML, like Gecko) Chrome/145.0.0.0 Safari/537.36"
135.136.6.18 - - [28/Apr/2026:07:11:24 +0000] "GET /wp-login.php?action=register HTTP/1.1" 200 4374 "https://articlebinder.com/blog/self-reflection/" "Mozilla/5.0 (Windows NT 6.3; Win64; x64) AppleWebKit/537.36 (KHTML, like Gecko) Chrome/103.0.0.0 Safari/537.36"
135.136.6.18 - - [28/Apr/2026:07:11:28 +0000] "GET /wp-login.php?action=register HTTP/1.1" 200 4374 "https://articlebinder.com/wp-login.php?action=register" "Mozilla/5.0 (Windows NT 6.3; Win64; x64) AppleWebKit/537.36 (KHTML, like Gecko) Chrome/103.0.0.0 Safari/537.36"
135.136.6.18 - - [28/Apr/2026:07:11:38 +0000] "POST /wp-login.php?jetpack-protect-recovery=true HTTP/1.1" 200 4331 "https://articlebinder.com/wp-login.php?action=register" "Mozilla/5.0 (Windows NT 6.3; Win64; x64) AppleWebKit/537.36 (KHTML, like Gecko) Chrome/103.0.0.0 Safari/537.36"
92.205.188.156 - - [28/Apr/2026:07:12:07 +0000] "GET /wp-login.php HTTP/1.1" 200 4362 "-" "Mozilla/5.0 (Macintosh; Intel Mac OS X 10_13_4) AppleWebKit/537.36 (KHTML, like Gecko) Chrome/65.0.3325.181 Safari/537.36"
92.205.188.156 - - [28/Apr/2026:07:12:12 +0000] "POST /wp-login.php HTTP/1.1" 200 4362 "https://articlebinder.com/wp-login.php" "Mozilla/5.0 (Macintosh; Intel Mac OS X 10_13_4) AppleWebKit/537.36 (KHTML, like Gecko) Chrome/65.0.3325.181 Safari/537.36"
184.94.212.206 - - [28/Apr/2026:07:14:29 +0000] "POST /wp-cron.php?doing_wp_cron=1777360469.7908840179443359375000 HTTP/1.1" 200 - "-" "WordPress/6.9.4; https://articlebinder.com"
192.0.91.228 - - [28/Apr/2026:07:14:28 +0000] "HEAD / HTTP/1.1" 200 - "-" "jetmon/1.0 (Jetpack Site Uptime Monitor by WordPress.com)"
184.94.212.206 - - [28/Apr/2026:07:19:29 +0000] "POST /wp-cron.php?doing_wp_cron=1777360769.5703809261322021484375 HTTP/1.1" 200 - "-" "WordPress/6.9.4; https://articlebinder.com"
192.0.91.228 - - [28/Apr/2026:07:19:28 +0000] "HEAD / HTTP/1.1" 200 - "-" "jetmon/1.0 (Jetpack Site Uptime Monitor by WordPress.com)"
