MOON
Server: Apache
System: Linux server1.primemusicproductions.com 4.18.0-477.27.2.el8_8.x86_64 #1 SMP Fri Sep 29 08:21:01 EDT 2023 x86_64
User: primrwxj (1001)
PHP: 8.3.3
Disabled: NONE
Upload Files
File: //home/primrwxj/logs/2-createawebsite.primemusicproductions.com-ssl_log.bkup
57.141.18.49 - - [27/Apr/2026:12:05:45 +0000] "GET /wp-content/uploads/2020/04/in_regards_to_wordpress_we_have_the_best_tips.jpg HTTP/1.1" 404 36238 "-" "meta-externalagent/1.1 (+https://developers.facebook.com/docs/sharing/webmasters/crawler)"
184.94.212.206 - - [27/Apr/2026:12:06:26 +0000] "POST /wp-cron.php?doing_wp_cron=1777291586.2632529735565185546875 HTTP/1.1" 200 - "-" "WordPress/6.9.4; https://2-createawebsite.com"
192.0.102.230 - - [27/Apr/2026:12:06:24 +0000] "HEAD / HTTP/1.1" 200 - "-" "jetmon/1.0 (Jetpack Site Uptime Monitor by WordPress.com)"
114.119.146.219 - - [27/Apr/2026:12:06:51 +0000] "GET /what-about-this-article-regarding-wordpress-has-experts-trembling HTTP/1.1" 301 - "https://2-createawebsite.com/what-you-need-to-know-about-using-wordpress" "Mozilla/5.0 (Linux; Android 7.0;) AppleWebKit/537.36 (HTML, like Gecko) Mobile Safari/537.36 (compatible; PetalBot;+https://webmaster.petalsearch.com/site/petalbot)"
114.119.146.219 - - [27/Apr/2026:12:06:52 +0000] "GET /what-about-this-article-regarding-wordpress-has-experts-trembling/ HTTP/1.1" 200 15143 "https://2-createawebsite.com/what-you-need-to-know-about-using-wordpress" "Mozilla/5.0 (Linux; Android 7.0;) AppleWebKit/537.36 (HTML, like Gecko) Mobile Safari/537.36 (compatible; PetalBot;+https://webmaster.petalsearch.com/site/petalbot)"
66.249.66.66 - - [27/Apr/2026:12:07:35 +0000] "GET /robots.txt HTTP/1.1" 200 125 "-" "Mozilla/5.0 (compatible; Googlebot/2.1; +http://www.google.com/bot.html)"
57.141.18.61 - - [27/Apr/2026:12:07:46 +0000] "GET /eye-opening-information-regarding-wordpress-you-never-knew/ HTTP/1.1" 200 54779 "-" "meta-externalagent/1.1 (+https://developers.facebook.com/docs/sharing/webmasters/crawler)"
66.249.66.203 - - [27/Apr/2026:12:10:33 +0000] "GET /robots.txt HTTP/1.1" 200 125 "-" "Mozilla/5.0 (compatible; Googlebot/2.1; +http://www.google.com/bot.html)"
184.94.212.206 - - [27/Apr/2026:12:11:23 +0000] "POST /wp-cron.php?doing_wp_cron=1777291883.7813410758972167968750 HTTP/1.1" 200 - "-" "WordPress/6.9.4; https://2-createawebsite.com"
192.0.102.230 - - [27/Apr/2026:12:11:22 +0000] "HEAD / HTTP/1.1" 200 - "-" "jetmon/1.0 (Jetpack Site Uptime Monitor by WordPress.com)"
57.141.18.81 - - [27/Apr/2026:12:12:26 +0000] "GET /blog-like-a-pro-tips-and-tricks-for-using-wordpress/ HTTP/1.1" 200 53825 "-" "meta-externalagent/1.1 (+https://developers.facebook.com/docs/sharing/webmasters/crawler)"
114.119.140.13 - - [27/Apr/2026:12:12:55 +0000] "GET /website-design-tips-you-dont-want-to-miss HTTP/1.1" 301 - "https://2-createawebsite.com/2019/10/03" "Mozilla/5.0 (Linux; Android 7.0;) AppleWebKit/537.36 (HTML, like Gecko) Mobile Safari/537.36 (compatible; PetalBot;+https://webmaster.petalsearch.com/site/petalbot)"
114.119.140.13 - - [27/Apr/2026:12:12:57 +0000] "GET /website-design-tips-you-dont-want-to-miss/ HTTP/1.1" 200 14748 "https://2-createawebsite.com/2019/10/03" "Mozilla/5.0 (Linux; Android 7.0;) AppleWebKit/537.36 (HTML, like Gecko) Mobile Safari/537.36 (compatible; PetalBot;+https://webmaster.petalsearch.com/site/petalbot)"
172.245.214.59 - - [27/Apr/2026:12:13:48 +0000] "GET / HTTP/1.1" 200 13672 "-" "Mozilla/5.0 AppleWebKit/537.36 (KHTML, like Gecko; compatible; Claude-SearchBot/1.0; +searchbot@anthropic.com)"
141.98.142.249 - - [27/Apr/2026:12:14:01 +0000] "GET /making-wordpress-work-for-you-tips-and-tricks-2/ HTTP/1.1" 200 14913 "-" "Mozilla/5.0 (Windows NT 6.3; Win64; x64) AppleWebKit/537.36 (KHTML, like Gecko) Brave Chrome/88.0.4324.182 Safari/537.36"
172.245.214.59 - - [27/Apr/2026:12:14:06 +0000] "GET /image-sitemap-1.xml HTTP/1.1" 200 8254 "-" "Mozilla/5.0 (compatible; Baiduspider/2.0; +http://www.baidu.com/search/spider.html)"
172.245.214.59 - - [27/Apr/2026:12:14:08 +0000] "GET /sitemap-1.xml HTTP/1.1" 200 4518 "-" "Mozilla/5.0 (compatible; YouBot/1.0; +https://about.you.com/youbot/)"
147.185.132.110 - - [27/Apr/2026:12:14:52 +0000] "GET /wp-login.php HTTP/1.1" 200 8725 "-" "Hello from Palo Alto Networks, find out more about our scans in https://docs-cortex.paloaltonetworks.com/r/1/Cortex-Xpanse/Scanning-activity"
184.94.212.206 - - [27/Apr/2026:12:16:23 +0000] "POST /wp-cron.php?doing_wp_cron=1777292183.0562069416046142578125 HTTP/1.1" 200 - "-" "WordPress/6.9.4; https://2-createawebsite.com"
192.0.102.230 - - [27/Apr/2026:12:16:21 +0000] "HEAD / HTTP/1.1" 200 - "-" "jetmon/1.0 (Jetpack Site Uptime Monitor by WordPress.com)"
114.119.140.13 - - [27/Apr/2026:12:18:50 +0000] "GET /want-to-learn-more-about-wordpress-we-can-help-2/?share=facebook HTTP/1.1" 302 - "https://2-createawebsite.com/want-to-learn-more-about-wordpress-we-can-help-2/" "Mozilla/5.0 (Linux; Android 7.0;) AppleWebKit/537.36 (HTML, like Gecko) Mobile Safari/537.36 (compatible; PetalBot;+https://webmaster.petalsearch.com/site/petalbot)"
184.94.212.206 - - [27/Apr/2026:12:21:25 +0000] "POST /wp-cron.php?doing_wp_cron=1777292485.2584331035614013671875 HTTP/1.1" 200 - "-" "WordPress/6.9.4; https://2-createawebsite.com"
192.0.102.230 - - [27/Apr/2026:12:21:23 +0000] "HEAD / HTTP/1.1" 200 - "-" "jetmon/1.0 (Jetpack Site Uptime Monitor by WordPress.com)"
114.119.158.151 - - [27/Apr/2026:12:24:49 +0000] "GET /want-expert-advice-on-wordpress-read-this-article-2 HTTP/1.1" 301 - "https://2-createawebsite.com/page/8" "Mozilla/5.0 (Linux; Android 7.0;) AppleWebKit/537.36 (HTML, like Gecko) Mobile Safari/537.36 (compatible; PetalBot;+https://webmaster.petalsearch.com/site/petalbot)"
114.119.158.151 - - [27/Apr/2026:12:24:51 +0000] "GET /want-expert-advice-on-wordpress-read-this-article-2/ HTTP/1.1" 200 14571 "https://2-createawebsite.com/page/8" "Mozilla/5.0 (Linux; Android 7.0;) AppleWebKit/537.36 (HTML, like Gecko) Mobile Safari/537.36 (compatible; PetalBot;+https://webmaster.petalsearch.com/site/petalbot)"
2.193.228.12 - - [27/Apr/2026:12:25:35 +0000] "GET / HTTP/1.1" 421 322 "-" "Mozilla/5.0 (Macintosh; Intel Mac OS X 10_15_7) AppleWebKit/537.36 (KHTML, like Gecko) Chrome/104.0.5112.79 Safari/537.36"
2.193.228.12 - - [27/Apr/2026:12:25:35 +0000] "GET / HTTP/1.1" 421 322 "-" "Mozilla/5.0 (Macintosh; Intel Mac OS X 10_15_7) AppleWebKit/537.36 (KHTML, like Gecko) Chrome/104.0.5112.79 Safari/537.36"
2.193.115.9 - - [27/Apr/2026:12:25:44 +0000] "GET / HTTP/1.1" 421 322 "-" "Mozilla/5.0 (Macintosh; Intel Mac OS X 10_15_7) AppleWebKit/537.36 (KHTML, like Gecko) Chrome/104.0.5112.79 Safari/537.36"
192.0.102.230 - - [27/Apr/2026:12:26:23 +0000] "HEAD / HTTP/1.1" 200 - "-" "jetmon/1.0 (Jetpack Site Uptime Monitor by WordPress.com)"
185.189.182.234 - - [27/Apr/2026:12:26:26 +0000] "GET / HTTP/1.1" 400 77646 "-" "-"
216.73.217.37 - - [27/Apr/2026:12:29:22 +0000] "GET /robots.txt HTTP/1.1" 200 125 "-" "Mozilla/5.0 AppleWebKit/537.36 (KHTML, like Gecko; compatible; ClaudeBot/1.0; +claudebot@anthropic.com)"
216.73.217.37 - - [27/Apr/2026:12:29:23 +0000] "GET /fantastic-tricks-relating-to-wordpress-which-are-easy-to-learn/ HTTP/1.1" 200 15450 "-" "Mozilla/5.0 AppleWebKit/537.36 (KHTML, like Gecko; compatible; ClaudeBot/1.0; +claudebot@anthropic.com)"
114.119.145.7 - - [27/Apr/2026:12:31:18 +0000] "GET /trying-to-figure-out-wordpress-try-these-tips-and-tricks?share=facebook HTTP/1.1" 302 - "https://2-createawebsite.com/trying-to-figure-out-wordpress-try-these-tips-and-tricks" "Mozilla/5.0 (Linux; Android 7.0;) AppleWebKit/537.36 (HTML, like Gecko) Mobile Safari/537.36 (compatible; PetalBot;+https://webmaster.petalsearch.com/site/petalbot)"
192.0.102.230 - - [27/Apr/2026:12:31:25 +0000] "HEAD / HTTP/1.1" 200 - "-" "jetmon/1.0 (Jetpack Site Uptime Monitor by WordPress.com)"
167.71.48.103 - - [27/Apr/2026:12:31:51 +0000] "GET / HTTP/1.0" 400 76981 "-" "-"
167.71.48.103 - - [27/Apr/2026:12:32:24 +0000] "GET / HTTP/1.1" 200 77712 "-" "HTTP Banner Detection (https://security.ipip.net)"
54.39.210.252 - - [27/Apr/2026:12:34:51 +0000] "GET /solid-advice-about-wordpress-that-can-help-anyone/ HTTP/1.1" 200 14502 "-" "Mozilla/5.0 (compatible; AhrefsBot/7.0; +http://ahrefs.com/robot/)"
54.85.109.140 - - [27/Apr/2026:12:36:32 +0000] "GET /wp-json/wp/v2/posts/642 HTTP/1.1" 200 4124 "-" "Mozilla/5.0 AppleWebKit/537.36 (KHTML, like Gecko; compatible; Amazonbot/0.1; +https://developer.amazon.com/support/amazonbot) Chrome/119.0.6045.214 Safari/537.36"
52.6.232.201 - - [27/Apr/2026:12:37:28 +0000] "GET /wp-json/wp/v2/tags/43 HTTP/1.1" 200 299 "-" "Mozilla/5.0 AppleWebKit/537.36 (KHTML, like Gecko; compatible; Amazonbot/0.1; +https://developer.amazon.com/support/amazonbot) Chrome/119.0.6045.214 Safari/537.36"
14.254.225.125 - - [27/Apr/2026:12:40:40 +0000] "GET /making-wordpress-work-for-you-tips-and-tricks-2/?share=x HTTP/1.1" 302 - "-" "Mozilla/5.0 (Macintosh; Intel Mac OS X 11_0_0) AppleWebKit/537.36 (KHTML, like Gecko) Brave Chrome/86.0.4240.183 Safari/537.36"
114.119.140.50 - - [27/Apr/2026:12:42:52 +0000] "GET /tips-and-tricks-for-improving-your-wordpress-skills-2/?share=facebook HTTP/1.1" 302 - "https://2-createawebsite.com/tips-and-tricks-for-improving-your-wordpress-skills-2" "Mozilla/5.0 (Linux; Android 7.0;) AppleWebKit/537.36 (HTML, like Gecko) Mobile Safari/537.36 (compatible; PetalBot;+https://webmaster.petalsearch.com/site/petalbot)"
154.179.207.145 - - [27/Apr/2026:12:42:51 +0000] "GET /want-to-learn-more-about-wordpress-we-can-help/?share=x HTTP/1.1" 302 - "-" "Mozilla/5.0 (Windows NT 10.0; WOW64) AppleWebKit/537.36 (KHTML, like Gecko) Chrome/91.0.4450.0 Safari/537.36"
184.94.212.206 - - [27/Apr/2026:12:45:57 +0000] "POST /wp-cron.php?doing_wp_cron=1777293957.0423130989074707031250 HTTP/1.1" 200 - "-" "WordPress/6.9.4; https://2-createawebsite.com"
79.124.40.174 - - [27/Apr/2026:12:45:55 +0000] "GET /?XDEBUG_SESSION_START=phpstorm HTTP/1.1" 301 - "-" "Mozilla/5.0 (Windows NT 10.0; Win64; x64) AppleWebKit/537.36 (KHTML, like Gecko) Chrome/78.0.3904.108 Safari/537.36"
79.124.40.174 - - [27/Apr/2026:12:45:57 +0000] "GET /?XDEBUG_SESSION_START=phpstorm HTTP/1.1" 200 13676 "https://184.94.212.206:443/?XDEBUG_SESSION_START=phpstorm" "Mozilla/5.0 (Windows NT 10.0; Win64; x64) AppleWebKit/537.36 (KHTML, like Gecko) Chrome/78.0.3904.108 Safari/537.36"
184.94.212.206 - - [27/Apr/2026:12:49:08 +0000] "POST /wp-cron.php?doing_wp_cron=1777294148.6043150424957275390625 HTTP/1.1" 200 - "-" "WordPress/6.9.4; https://2-createawebsite.com"
114.119.146.219 - - [27/Apr/2026:12:49:07 +0000] "GET /tips-and-tricks-for-getting-the-most-from-wordpress-2?share=facebook HTTP/1.1" 302 - "https://2-createawebsite.com/tips-and-tricks-for-getting-the-most-from-wordpress-2" "Mozilla/5.0 (Linux; Android 7.0;) AppleWebKit/537.36 (HTML, like Gecko) Mobile Safari/537.36 (compatible; PetalBot;+https://webmaster.petalsearch.com/site/petalbot)"
57.141.18.94 - - [27/Apr/2026:12:49:27 +0000] "GET /helping-you-better-understand-wordpress-with-these-simple-to-follow-tips/ HTTP/1.1" 200 53212 "-" "meta-externalagent/1.1 (+https://developers.facebook.com/docs/sharing/webmasters/crawler)"
59.103.100.238 - - [27/Apr/2026:12:49:39 +0000] "GET /for-super-secrets-about-wordpress-this-article-is-it-3/?share=facebook HTTP/1.1" 302 - "-" "Mozilla/5.0 (Macintosh; Intel Mac OS X 10_13_6) AppleWebKit/537.36 (KHTML, like Gecko) Brave Chrome/90.0.4430.72 Safari/537.36"
184.94.212.206 - - [27/Apr/2026:12:51:24 +0000] "POST /wp-cron.php?doing_wp_cron=1777294284.4143240451812744140625 HTTP/1.1" 200 - "-" "WordPress/6.9.4; https://2-createawebsite.com"
192.0.102.230 - - [27/Apr/2026:12:51:23 +0000] "HEAD / HTTP/1.1" 200 - "-" "jetmon/1.0 (Jetpack Site Uptime Monitor by WordPress.com)"
57.141.18.24 - - [27/Apr/2026:12:52:48 +0000] "GET /55e8d5474a50ae14f6da8c7dda793278143fdef852547740772f7ed6934d_640-jpg/ HTTP/1.1" 200 45636 "-" "meta-externalagent/1.1 (+https://developers.facebook.com/docs/sharing/webmasters/crawler)"
114.119.146.219 - - [27/Apr/2026:12:54:52 +0000] "GET /struggling-to-learn-wordpress-check-out-these-top-tips-4?share=x HTTP/1.1" 302 - "https://2-createawebsite.com/struggling-to-learn-wordpress-check-out-these-top-tips-4" "Mozilla/5.0 (Linux; Android 7.0;) AppleWebKit/537.36 (HTML, like Gecko) Mobile Safari/537.36 (compatible; PetalBot;+https://webmaster.petalsearch.com/site/petalbot)"
184.94.212.206 - - [27/Apr/2026:12:56:24 +0000] "POST /wp-cron.php?doing_wp_cron=1777294584.1465480327606201171875 HTTP/1.1" 200 - "-" "WordPress/6.9.4; https://2-createawebsite.com"
192.0.102.230 - - [27/Apr/2026:12:56:22 +0000] "HEAD / HTTP/1.1" 200 - "-" "jetmon/1.0 (Jetpack Site Uptime Monitor by WordPress.com)"
15.235.27.218 - - [27/Apr/2026:12:56:49 +0000] "GET /everything-there-is-to-know-about-wordpress-4/ HTTP/1.1" 200 14132 "-" "Mozilla/5.0 (compatible; AhrefsBot/7.0; +http://ahrefs.com/robot/)"
188.166.10.195 - - [27/Apr/2026:12:57:11 +0000] "GET /scripts/.git/config HTTP/1.1" 404 9377 "-" "Mozilla/5.0 (X11; Linux x86_64) AppleWebKit/537.36 (KHTML, like Gecko) Chrome/81.0.4044.129 Safari/537.36"
184.94.212.206 - - [27/Apr/2026:13:01:06 +0000] "POST /wp-cron.php?doing_wp_cron=1777294866.2263898849487304687500 HTTP/1.1" 200 - "-" "WordPress/6.9.4; https://2-createawebsite.com"
114.119.133.134 - - [27/Apr/2026:13:01:05 +0000] "GET /struggling-to-learn-wordpress-check-out-these-top-tips-3?share=x HTTP/1.1" 302 - "https://2-createawebsite.com/struggling-to-learn-wordpress-check-out-these-top-tips-3" "Mozilla/5.0 (Linux; Android 7.0;) AppleWebKit/537.36 (HTML, like Gecko) Mobile Safari/537.36 (compatible; PetalBot;+https://webmaster.petalsearch.com/site/petalbot)"
192.0.102.230 - - [27/Apr/2026:13:01:23 +0000] "HEAD / HTTP/1.1" 200 - "-" "jetmon/1.0 (Jetpack Site Uptime Monitor by WordPress.com)"
64.118.134.203 - - [27/Apr/2026:13:02:52 +0000] "GET / HTTP/1.0" 400 76981 "-" "-"
64.118.134.203 - - [27/Apr/2026:13:02:55 +0000] "GET / HTTP/1.0" 400 76981 "-" "-"
64.118.134.203 - - [27/Apr/2026:13:03:03 +0000] "GET / HTTP/1.0" 400 76981 "-" "-"
64.118.134.203 - - [27/Apr/2026:13:03:03 +0000] "GET / HTTP/1.0" 400 76981 "-" "-"
64.118.134.203 - - [27/Apr/2026:13:03:03 +0000] "GET / HTTP/1.0" 400 76981 "-" "-"
139.28.49.243 - - [27/Apr/2026:13:03:57 +0000] "GET /looking-to-improve-your-wordpress-skills-try-these-tips/ HTTP/1.1" 200 14660 "-" "Mozilla/5.0 (Macintosh; Intel Mac OS X 11_2_0) AppleWebKit/537.36 (KHTML, like Gecko) Chrome/88.0.4324.146 Safari/537.36"
184.94.212.206 - - [27/Apr/2026:13:06:25 +0000] "POST /wp-cron.php?doing_wp_cron=1777295185.8338909149169921875000 HTTP/1.1" 200 - "-" "WordPress/6.9.4; https://2-createawebsite.com"
192.0.102.230 - - [27/Apr/2026:13:06:24 +0000] "HEAD / HTTP/1.1" 200 - "-" "jetmon/1.0 (Jetpack Site Uptime Monitor by WordPress.com)"
216.73.217.37 - - [27/Apr/2026:13:09:13 +0000] "GET /sitemap.xml HTTP/1.1" 200 307 "-" "Mozilla/5.0 AppleWebKit/537.36 (KHTML, like Gecko; compatible; ClaudeBot/1.0; +claudebot@anthropic.com)"
45.148.10.67 - - [27/Apr/2026:13:10:18 +0000] "GET / HTTP/1.1" 301 - "-" "Mozilla/5.0 (Windows NT 10.0; Win64; x64) AppleWebKit/537.36 (KHTML, like Gecko) Chrome/131.0.0.0 Safari/537.36"
45.148.10.67 - - [27/Apr/2026:13:10:20 +0000] "GET / HTTP/1.1" 200 13643 "https://184.94.212.206:443/" "Mozilla/5.0 (Windows NT 10.0; Win64; x64) AppleWebKit/537.36 (KHTML, like Gecko) Chrome/131.0.0.0 Safari/537.36"
184.94.212.206 - - [27/Apr/2026:13:11:23 +0000] "POST /wp-cron.php?doing_wp_cron=1777295483.7799160480499267578125 HTTP/1.1" 200 - "-" "WordPress/6.9.4; https://2-createawebsite.com"
192.0.102.230 - - [27/Apr/2026:13:11:22 +0000] "HEAD / HTTP/1.1" 200 - "-" "jetmon/1.0 (Jetpack Site Uptime Monitor by WordPress.com)"
34.206.50.36 - - [27/Apr/2026:13:11:48 +0000] "GET /robots.txt HTTP/1.1" 200 125 "-" "Mozilla/5.0 (Macintosh; Intel Mac OS X 10_10_1) AppleWebKit/600.2.5 (KHTML, like Gecko) Version/8.0.2 Safari/600.2.5 (Gort)"
114.119.140.50 - - [27/Apr/2026:13:13:00 +0000] "GET /struggling-to-learn-wordpress-check-out-these-top-tips-2?share=facebook HTTP/1.1" 302 - "-" "Mozilla/5.0 (Linux; Android 7.0;) AppleWebKit/537.36 (HTML, like Gecko) Mobile Safari/537.36 (compatible; PetalBot;+https://webmaster.petalsearch.com/site/petalbot)"
178.20.47.39 - - [27/Apr/2026:13:15:01 +0000] "GET /members/ HTTP/1.0" 200 40613 "https://2-createawebsite.com/members/" "Mozilla/5.0 (Windows NT 10.0; Win64; x64) AppleWebKit/537.36 (KHTML, like Gecko) Chrome/129.0.0.0 Safari/537.36"
184.94.212.206 - - [27/Apr/2026:13:16:31 +0000] "POST /wp-cron.php?doing_wp_cron=1777295791.6172409057617187500000 HTTP/1.1" 200 - "-" "WordPress/6.9.4; https://2-createawebsite.com"
192.0.102.230 - - [27/Apr/2026:13:16:30 +0000] "HEAD / HTTP/1.1" 200 - "-" "jetmon/1.0 (Jetpack Site Uptime Monitor by WordPress.com)"
66.249.66.74 - - [27/Apr/2026:13:16:54 +0000] "GET /robots.txt HTTP/1.1" 200 125 "-" "Mozilla/5.0 (compatible; Googlebot/2.1; +http://www.google.com/bot.html)"
14.183.108.82 - - [27/Apr/2026:13:17:39 +0000] "GET /helping-you-better-understand-wordpress-with-these-simple-to-follow-tips-3/?share=facebook HTTP/1.1" 302 - "-" "Mozilla/5.0 (Macintosh; Intel Mac OS X 10_14_6) AppleWebKit/537.36 (KHTML, like Gecko) Brave Chrome/87.0.4280.88 Safari/537.36"
114.119.145.7 - - [27/Apr/2026:13:19:12 +0000] "GET /struggling-to-learn-wordpress-check-out-these-top-tips-2/?share=facebook HTTP/1.1" 302 - "https://2-createawebsite.com/struggling-to-learn-wordpress-check-out-these-top-tips-2/" "Mozilla/5.0 (Linux; Android 7.0;) AppleWebKit/537.36 (HTML, like Gecko) Mobile Safari/537.36 (compatible; PetalBot;+https://webmaster.petalsearch.com/site/petalbot)"
47.128.58.251 - - [27/Apr/2026:13:20:46 +0000] "-" 408 - "-" "-"
184.94.212.206 - - [27/Apr/2026:13:21:23 +0000] "POST /wp-cron.php?doing_wp_cron=1777296083.9042229652404785156250 HTTP/1.1" 200 - "-" "WordPress/6.9.4; https://2-createawebsite.com"
192.0.102.230 - - [27/Apr/2026:13:21:22 +0000] "HEAD / HTTP/1.1" 200 - "-" "jetmon/1.0 (Jetpack Site Uptime Monitor by WordPress.com)"
47.128.112.161 - - [27/Apr/2026:13:22:17 +0000] "-" 408 - "-" "-"
47.128.112.161 - - [27/Apr/2026:13:22:17 +0000] "-" 408 - "-" "-"
184.94.212.206 - - [27/Apr/2026:13:25:07 +0000] "POST /wp-cron.php?doing_wp_cron=1777296307.9140028953552246093750 HTTP/1.1" 200 - "-" "WordPress/6.9.4; https://2-createawebsite.com"
114.119.133.134 - - [27/Apr/2026:13:25:06 +0000] "GET /start-blogging-today-with-these-wordpress-tips HTTP/1.1" 301 - "https://2-createawebsite.com/great-tips-for-getting-more-out-of-wordpress-4" "Mozilla/5.0 (Linux; Android 7.0;) AppleWebKit/537.36 (HTML, like Gecko) Mobile Safari/537.36 (compatible; PetalBot;+https://webmaster.petalsearch.com/site/petalbot)"
114.119.133.134 - - [27/Apr/2026:13:25:08 +0000] "GET /start-blogging-today-with-these-wordpress-tips/ HTTP/1.1" 200 14431 "https://2-createawebsite.com/great-tips-for-getting-more-out-of-wordpress-4" "Mozilla/5.0 (Linux; Android 7.0;) AppleWebKit/537.36 (HTML, like Gecko) Mobile Safari/537.36 (compatible; PetalBot;+https://webmaster.petalsearch.com/site/petalbot)"
184.94.212.206 - - [27/Apr/2026:13:26:05 +0000] "POST /wp-cron.php?doing_wp_cron=1777296365.7177679538726806640625 HTTP/1.1" 200 - "-" "WordPress/6.9.4; https://2-createawebsite.com"
77.75.79.62 - - [27/Apr/2026:13:26:04 +0000] "GET /confused-about-wordpress-these-tips-can-help-2/ HTTP/1.1" 200 14368 "-" "Mozilla/5.0 (compatible; SeznamBot/4.0; +https://o-seznam.cz/napoveda/vyhledavani/en/seznambot-crawler/)"
192.0.102.230 - - [27/Apr/2026:13:26:20 +0000] "HEAD / HTTP/1.1" 200 - "-" "jetmon/1.0 (Jetpack Site Uptime Monitor by WordPress.com)"
185.104.70.188 - - [27/Apr/2026:13:30:14 +0000] "GET /tag/helpful-advice/ HTTP/1.1" 200 11060 "-" "Mozilla/5.0 (Macintosh; Intel Mac OS X 10_15_7) AppleWebKit/537.36 (KHTML, like Gecko) Chrome/100.0.4896.75 Safari/537.36"
184.94.212.206 - - [27/Apr/2026:13:31:19 +0000] "POST /wp-cron.php?doing_wp_cron=1777296679.7047359943389892578125 HTTP/1.1" 200 - "-" "WordPress/6.9.4; https://2-createawebsite.com"
114.119.140.13 - - [27/Apr/2026:13:31:18 +0000] "GET /solid-advice-about-wordpress-that-can-help-anyone?share=x HTTP/1.1" 302 - "https://2-createawebsite.com/solid-advice-about-wordpress-that-can-help-anyone" "Mozilla/5.0 (Linux; Android 7.0;) AppleWebKit/537.36 (HTML, like Gecko) Mobile Safari/537.36 (compatible; PetalBot;+https://webmaster.petalsearch.com/site/petalbot)"
192.0.102.230 - - [27/Apr/2026:13:31:23 +0000] "HEAD / HTTP/1.1" 200 - "-" "jetmon/1.0 (Jetpack Site Uptime Monitor by WordPress.com)"
44.193.115.232 - - [27/Apr/2026:13:32:28 +0000] "GET /great-tips-for-getting-more-out-of-wordpress/ HTTP/1.1" 200 14465 "-" "Mozilla/5.0 AppleWebKit/537.36 (KHTML, like Gecko; compatible; Amazonbot/0.1; +https://developer.amazon.com/support/amazonbot) Chrome/119.0.6045.214 Safari/537.36"
148.153.56.83 - - [27/Apr/2026:13:32:55 +0000] "GET /EPmZ HTTP/1.1" 301 - "-" "Mozilla/5.0 (Macintosh; Intel Mac OS X 10.9; rv:32.0) Gecko/20100101 Firefox/32.0"
148.153.56.83 - - [27/Apr/2026:13:32:57 +0000] "GET /EPmZ HTTP/1.1" 404 9373 "https://184.94.212.206:443/EPmZ" "Mozilla/5.0 (Macintosh; Intel Mac OS X 10.9; rv:32.0) Gecko/20100101 Firefox/32.0"
148.153.56.83 - - [27/Apr/2026:13:32:57 +0000] "GET /ZMkK HTTP/1.1" 301 - "-" "Mozilla/5.0 (Macintosh; Intel Mac OS X 10.9; rv:32.0) Gecko/20100101 Firefox/32.0"
148.153.56.83 - - [27/Apr/2026:13:32:58 +0000] "GET /ZMkK HTTP/1.1" 404 9375 "https://184.94.212.206:443/ZMkK" "Mozilla/5.0 (Macintosh; Intel Mac OS X 10.9; rv:32.0) Gecko/20100101 Firefox/32.0"
148.153.56.83 - - [27/Apr/2026:13:32:59 +0000] "GET /aab8 HTTP/1.1" 301 - "-" "Mozilla/5.0 (Macintosh; Intel Mac OS X 10.9; rv:32.0) Gecko/20100101 Firefox/32.0"
148.153.56.83 - - [27/Apr/2026:13:33:00 +0000] "GET /aab8 HTTP/1.1" 404 9372 "https://184.94.212.206:443/aab8" "Mozilla/5.0 (Macintosh; Intel Mac OS X 10.9; rv:32.0) Gecko/20100101 Firefox/32.0"
148.153.56.83 - - [27/Apr/2026:13:33:01 +0000] "GET /jquery-3.3.1.slim.min.js HTTP/1.1" 301 - "-" "Mozilla/5.0 (Macintosh; Intel Mac OS X 10.9; rv:32.0) Gecko/20100101 Firefox/32.0"
148.153.56.83 - - [27/Apr/2026:13:33:02 +0000] "GET /jquery-3.3.1.slim.min.js HTTP/1.1" 404 9382 "https://184.94.212.206:443/jquery-3.3.1.slim.min.js" "Mozilla/5.0 (Macintosh; Intel Mac OS X 10.9; rv:32.0) Gecko/20100101 Firefox/32.0"
148.153.56.83 - - [27/Apr/2026:13:33:03 +0000] "GET /aab9 HTTP/1.1" 301 - "-" "Mozilla/5.0 (Macintosh; Intel Mac OS X 10.9; rv:32.0) Gecko/20100101 Firefox/32.0"
148.153.56.83 - - [27/Apr/2026:13:33:04 +0000] "GET /aab9 HTTP/1.1" 404 9371 "https://184.94.212.206:443/aab9" "Mozilla/5.0 (Macintosh; Intel Mac OS X 10.9; rv:32.0) Gecko/20100101 Firefox/32.0"
148.153.56.83 - - [27/Apr/2026:13:33:07 +0000] "GET /jquery-3.3.2.slim.min.js HTTP/1.1" 301 - "-" "Mozilla/5.0 (Macintosh; Intel Mac OS X 10.9; rv:32.0) Gecko/20100101 Firefox/32.0"
148.153.56.83 - - [27/Apr/2026:13:33:09 +0000] "GET /jquery-3.3.2.slim.min.js HTTP/1.1" 404 9383 "https://184.94.212.206:443/jquery-3.3.2.slim.min.js" "Mozilla/5.0 (Macintosh; Intel Mac OS X 10.9; rv:32.0) Gecko/20100101 Firefox/32.0"
14.163.207.253 - - [27/Apr/2026:13:34:12 +0000] "GET /tips-and-tricks-about-using-wordpress/ HTTP/1.1" 200 15232 "-" "Mozilla/5.0 (Macintosh; Intel Mac OS X 10_15_3) AppleWebKit/537.36 (KHTML, like Gecko) Chrome/82.0.4078.2 Safari/537.36"
184.94.212.206 - - [27/Apr/2026:13:36:24 +0000] "POST /wp-cron.php?doing_wp_cron=1777296984.6487429141998291015625 HTTP/1.1" 200 - "-" "WordPress/6.9.4; https://2-createawebsite.com"
192.0.102.230 - - [27/Apr/2026:13:36:23 +0000] "HEAD / HTTP/1.1" 200 - "-" "jetmon/1.0 (Jetpack Site Uptime Monitor by WordPress.com)"
114.119.133.134 - - [27/Apr/2026:13:37:17 +0000] "GET /solid-advice-about-wordpress-that-can-help-anyone/?share=x HTTP/1.1" 302 - "https://2-createawebsite.com/solid-advice-about-wordpress-that-can-help-anyone/" "Mozilla/5.0 (Linux; Android 7.0;) AppleWebKit/537.36 (HTML, like Gecko) Mobile Safari/537.36 (compatible; PetalBot;+https://webmaster.petalsearch.com/site/petalbot)"
194.26.192.141 - - [27/Apr/2026:13:38:24 +0000] "GET /wp-content/themes/seotheme/db.php?u HTTP/1.1" 403 17008 "www.google.com" "Mozlila/5.0 (Linux; Android 7.0; SM-G892A Bulid/NRD90M; wv) AppleWebKit/537.36 (KHTML, like Gecko) Version/4.0 Chrome/60.0.3112.107 Moblie Safari/537.36"
194.26.192.141 - - [27/Apr/2026:13:38:26 +0000] "POST /wp-plain.php HTTP/1.1" 404 36174 "www.google.com" "Mozilla/5.0 (Linux; Android 7.0; SM-G892A Bulid/NRD90M; wv) AppleWebKit/537.36 (KHTML, like Gecko) Version/4.0 Chrome/60.0.3112.107 Moblie Safari/537.36"
194.26.192.141 - - [27/Apr/2026:13:38:27 +0000] "GET /oqgefxqm.php?Fox=d3wL7 HTTP/1.1" 404 36184 "www.google.com" "Mozilla/5.0 (Linux; Android 7.0; SM-G892A Bulid/NRD90M; wv) AppleWebKit/537.36 (KHTML, like Gecko) Version/4.0 Chrome/60.0.3112.107 Moblie Safari/537.36"
184.94.212.206 - - [27/Apr/2026:13:41:24 +0000] "POST /wp-cron.php?doing_wp_cron=1777297284.3167541027069091796875 HTTP/1.1" 200 - "-" "WordPress/6.9.4; https://2-createawebsite.com"
192.0.102.230 - - [27/Apr/2026:13:41:23 +0000] "HEAD / HTTP/1.1" 200 - "-" "jetmon/1.0 (Jetpack Site Uptime Monitor by WordPress.com)"
114.119.140.50 - - [27/Apr/2026:13:43:06 +0000] "GET /solid-advice-about-wordpress-that-can-help-anyone-2?share=facebook HTTP/1.1" 302 - "https://2-createawebsite.com/solid-advice-about-wordpress-that-can-help-anyone-2" "Mozilla/5.0 (Linux; Android 7.0;) AppleWebKit/537.36 (HTML, like Gecko) Mobile Safari/537.36 (compatible; PetalBot;+https://webmaster.petalsearch.com/site/petalbot)"
57.141.18.77 - - [27/Apr/2026:13:43:07 +0000] "GET /top-tips-and-tricks-to-use-wordpress/ HTTP/1.1" 200 56198 "-" "meta-externalagent/1.1 (+https://developers.facebook.com/docs/sharing/webmasters/crawler)"
184.94.212.206 - - [27/Apr/2026:13:46:25 +0000] "POST /wp-cron.php?doing_wp_cron=1777297585.8207459449768066406250 HTTP/1.1" 200 - "-" "WordPress/6.9.4; https://2-createawebsite.com"
192.0.102.230 - - [27/Apr/2026:13:46:24 +0000] "HEAD / HTTP/1.1" 200 - "-" "jetmon/1.0 (Jetpack Site Uptime Monitor by WordPress.com)"
184.94.212.206 - - [27/Apr/2026:13:49:18 +0000] "POST /wp-cron.php?doing_wp_cron=1777297758.3484680652618408203125 HTTP/1.1" 200 - "-" "WordPress/6.9.4; https://2-createawebsite.com"
114.119.133.134 - - [27/Apr/2026:13:49:16 +0000] "GET /solid-advice-about-wordpress-that-can-help-anyone-2/?share=facebook HTTP/1.1" 302 - "https://2-createawebsite.com/solid-advice-about-wordpress-that-can-help-anyone-2" "Mozilla/5.0 (Linux; Android 7.0;) AppleWebKit/537.36 (HTML, like Gecko) Mobile Safari/537.36 (compatible; PetalBot;+https://webmaster.petalsearch.com/site/petalbot)"
184.94.212.206 - - [27/Apr/2026:13:51:25 +0000] "POST /wp-cron.php?doing_wp_cron=1777297885.2699201107025146484375 HTTP/1.1" 200 - "-" "WordPress/6.9.4; https://2-createawebsite.com"
192.0.102.230 - - [27/Apr/2026:13:51:23 +0000] "HEAD / HTTP/1.1" 200 - "-" "jetmon/1.0 (Jetpack Site Uptime Monitor by WordPress.com)"
142.44.228.11 - - [27/Apr/2026:13:51:49 +0000] "GET /terrific-advice-for-making-wordpress-work-for-you/ HTTP/1.1" 200 14186 "-" "Mozilla/5.0 (compatible; AhrefsBot/7.0; +http://ahrefs.com/robot/)"
47.128.117.255 - - [27/Apr/2026:13:54:41 +0000] "GET /important-tips-to-keep-in-mind-regarding-wordpress/ HTTP/1.1" 200 14523 "-" "Mozilla/5.0 (Linux; Android 5.0) AppleWebKit/537.36 (KHTML, like Gecko) Mobile Safari/537.36 (compatible; TikTokSpider; ttspider-feedback@tiktok.com)"
47.128.117.255 - - [27/Apr/2026:13:54:42 +0000] "GET /wp-content/themes/signify/style.css?ver=20260103-12350 HTTP/1.1" 200 51251 "https://2-createawebsite.com/important-tips-to-keep-in-mind-regarding-wordpress/" "Mozilla/5.0 (Linux; Android 5.0) AppleWebKit/537.36 (KHTML, like Gecko) Mobile Safari/537.36 (compatible; TikTokSpider; ttspider-feedback@tiktok.com)"
47.128.117.255 - - [27/Apr/2026:13:54:43 +0000] "GET /wp-content/themes/signify/css/blocks.css?ver=1.0 HTTP/1.1" 200 3194 "https://2-createawebsite.com/important-tips-to-keep-in-mind-regarding-wordpress/" "Mozilla/5.0 (Linux; Android 5.0) AppleWebKit/537.36 (KHTML, like Gecko) Mobile Safari/537.36 (compatible; TikTokSpider; ttspider-feedback@tiktok.com)"
47.128.117.255 - - [27/Apr/2026:13:54:43 +0000] "GET /wp-content/themes/signify-education/style.css?ver=20260103-12349 HTTP/1.1" 200 3467 "https://2-createawebsite.com/important-tips-to-keep-in-mind-regarding-wordpress/" "Mozilla/5.0 (Linux; Android 5.0) AppleWebKit/537.36 (KHTML, like Gecko) Mobile Safari/537.36 (compatible; TikTokSpider; ttspider-feedback@tiktok.com)"
47.128.117.255 - - [27/Apr/2026:13:54:43 +0000] "GET /wp-content/fonts/b3bf202777806a0a97792dd5a26c47ec.css HTTP/1.1" 200 1697 "https://2-createawebsite.com/important-tips-to-keep-in-mind-regarding-wordpress/" "Mozilla/5.0 (Linux; Android 5.0) AppleWebKit/537.36 (KHTML, like Gecko) Mobile Safari/537.36 (compatible; TikTokSpider; ttspider-feedback@tiktok.com)"
47.128.117.255 - - [27/Apr/2026:13:54:43 +0000] "GET /wp-content/themes/signify-education/assets/css/child-blocks.css?ver=20260103-12349 HTTP/1.1" 200 378 "https://2-createawebsite.com/important-tips-to-keep-in-mind-regarding-wordpress/" "Mozilla/5.0 (Linux; Android 5.0) AppleWebKit/537.36 (KHTML, like Gecko) Mobile Safari/537.36 (compatible; TikTokSpider; ttspider-feedback@tiktok.com)"
47.128.117.255 - - [27/Apr/2026:13:54:43 +0000] "GET /wp-content/themes/signify/css/font-awesome/css/all.min.css?ver=6.7.2 HTTP/1.1" 200 21501 "https://2-createawebsite.com/important-tips-to-keep-in-mind-regarding-wordpress/" "Mozilla/5.0 (Linux; Android 5.0) AppleWebKit/537.36 (KHTML, like Gecko) Mobile Safari/537.36 (compatible; TikTokSpider; ttspider-feedback@tiktok.com)"
114.119.146.219 - - [27/Apr/2026:13:55:19 +0000] "GET /sitemap-1.xml HTTP/1.1" 200 4518 "-" "Mozilla/5.0 (Linux; Android 7.0;) AppleWebKit/537.36 (HTML, like Gecko) Mobile Safari/537.36 (compatible; PetalBot;+https://webmaster.petalsearch.com/site/petalbot)"
184.94.212.206 - - [27/Apr/2026:13:56:24 +0000] "POST /wp-cron.php?doing_wp_cron=1777298184.1351020336151123046875 HTTP/1.1" 200 - "-" "WordPress/6.9.4; https://2-createawebsite.com"
192.0.102.230 - - [27/Apr/2026:13:56:22 +0000] "HEAD / HTTP/1.1" 200 - "-" "jetmon/1.0 (Jetpack Site Uptime Monitor by WordPress.com)"
104.238.222.26 - - [27/Apr/2026:13:57:01 +0000] "GET /wp-login.php HTTP/1.1" 302 - "-" "python-requests/2.33.1"
104.238.222.26 - - [27/Apr/2026:13:57:02 +0000] "GET /wp-login.php HTTP/1.1" 302 - "-" "python-requests/2.33.1"
104.238.222.26 - - [27/Apr/2026:13:57:03 +0000] "GET /wp-login.php HTTP/1.1" 302 - "-" "python-requests/2.33.1"
104.238.222.26 - - [27/Apr/2026:13:57:04 +0000] "GET /wp-login.php HTTP/1.1" 302 - "-" "python-requests/2.33.1"
104.238.222.26 - - [27/Apr/2026:13:57:05 +0000] "GET /wp-login.php HTTP/1.1" 302 - "-" "python-requests/2.33.1"
104.238.222.26 - - [27/Apr/2026:13:57:06 +0000] "GET /wp-login.php HTTP/1.1" 302 - "-" "python-requests/2.33.1"
104.238.222.26 - - [27/Apr/2026:13:57:07 +0000] "GET /wp-login.php HTTP/1.1" 302 - "-" "python-requests/2.33.1"
104.238.222.26 - - [27/Apr/2026:13:57:08 +0000] "GET /wp-login.php HTTP/1.1" 302 - "-" "python-requests/2.33.1"
104.238.222.26 - - [27/Apr/2026:13:57:08 +0000] "GET /wp-login.php HTTP/1.1" 302 - "-" "python-requests/2.33.1"
104.238.222.26 - - [27/Apr/2026:13:57:09 +0000] "GET /wp-login.php HTTP/1.1" 302 - "-" "python-requests/2.33.1"
104.238.222.26 - - [27/Apr/2026:13:57:11 +0000] "GET /wp-login.php HTTP/1.1" 302 - "-" "python-requests/2.33.1"
104.238.222.26 - - [27/Apr/2026:13:57:12 +0000] "GET /wp-login.php HTTP/1.1" 302 - "-" "python-requests/2.33.1"
104.238.222.26 - - [27/Apr/2026:13:57:12 +0000] "GET /wp-login.php HTTP/1.1" 302 - "-" "python-requests/2.33.1"
104.238.222.26 - - [27/Apr/2026:13:57:13 +0000] "GET /wp-login.php HTTP/1.1" 302 - "-" "python-requests/2.33.1"
104.238.222.26 - - [27/Apr/2026:13:57:14 +0000] "GET /wp-login.php HTTP/1.1" 302 - "-" "python-requests/2.33.1"
104.238.222.26 - - [27/Apr/2026:13:57:15 +0000] "GET /wp-login.php HTTP/1.1" 302 - "-" "python-requests/2.33.1"
104.238.222.26 - - [27/Apr/2026:13:57:16 +0000] "GET /wp-login.php HTTP/1.1" 302 - "-" "python-requests/2.33.1"
104.238.222.26 - - [27/Apr/2026:13:57:17 +0000] "GET /wp-login.php HTTP/1.1" 302 - "-" "python-requests/2.33.1"
104.238.222.26 - - [27/Apr/2026:13:57:18 +0000] "GET /wp-login.php HTTP/1.1" 302 - "-" "python-requests/2.33.1"
104.238.222.26 - - [27/Apr/2026:13:57:19 +0000] "GET /wp-login.php HTTP/1.1" 302 - "-" "python-requests/2.33.1"
104.238.222.26 - - [27/Apr/2026:13:57:20 +0000] "GET /wp-login.php HTTP/1.1" 302 - "-" "python-requests/2.33.1"
104.238.222.26 - - [27/Apr/2026:13:57:21 +0000] "GET /wp-login.php HTTP/1.1" 302 - "-" "python-requests/2.33.1"
104.238.222.26 - - [27/Apr/2026:13:57:22 +0000] "GET /wp-login.php HTTP/1.1" 302 - "-" "python-requests/2.33.1"
104.238.222.26 - - [27/Apr/2026:13:57:22 +0000] "GET /wp-login.php HTTP/1.1" 302 - "-" "python-requests/2.33.1"
104.238.222.26 - - [27/Apr/2026:13:57:23 +0000] "GET /wp-login.php HTTP/1.1" 302 - "-" "python-requests/2.33.1"
104.238.222.26 - - [27/Apr/2026:13:57:24 +0000] "GET /wp-login.php HTTP/1.1" 302 - "-" "python-requests/2.33.1"
104.238.222.26 - - [27/Apr/2026:13:57:25 +0000] "GET /wp-login.php HTTP/1.1" 302 - "-" "python-requests/2.33.1"
104.238.222.26 - - [27/Apr/2026:13:57:26 +0000] "GET /wp-login.php HTTP/1.1" 302 - "-" "python-requests/2.33.1"
104.238.222.26 - - [27/Apr/2026:13:57:27 +0000] "GET /wp-login.php HTTP/1.1" 302 - "-" "python-requests/2.33.1"
104.238.222.26 - - [27/Apr/2026:13:57:28 +0000] "GET /wp-login.php HTTP/1.1" 302 - "-" "python-requests/2.33.1"
104.238.222.26 - - [27/Apr/2026:13:57:29 +0000] "GET /wp-login.php HTTP/1.1" 302 - "-" "python-requests/2.33.1"
47.128.117.219 - - [27/Apr/2026:13:58:42 +0000] "GET /robots.txt HTTP/1.1" 200 172 "-" "-"
196.188.33.218 - - [27/Apr/2026:13:58:52 +0000] "GET /using-wordpress-to-create-your-own-blog-2/ HTTP/1.1" 200 15053 "-" "Mozilla/5.0 (Macintosh; Intel Mac OS X 10_13_6) AppleWebKit/537.36 (KHTML, like Gecko) Brave Chrome/77.0.3865.90 Safari/537.36"
34.227.234.246 - - [27/Apr/2026:13:59:55 +0000] "GET /easy-blogging-tips-and-tricks-for-using-wordpress/ HTTP/1.1" 200 14241 "-" "Mozilla/5.0 AppleWebKit/537.36 (KHTML, like Gecko; compatible; Amazonbot/0.1; +https://developer.amazon.com/support/amazonbot) Chrome/119.0.6045.214 Safari/537.36"
54.210.152.179 - - [27/Apr/2026:14:00:00 +0000] "GET /wordpress-tips-and-tricks-straight-from-the-pros/ HTTP/1.1" 200 14554 "-" "Mozilla/5.0 AppleWebKit/537.36 (KHTML, like Gecko; compatible; Amazonbot/0.1; +https://developer.amazon.com/support/amazonbot) Chrome/119.0.6045.214 Safari/537.36"
184.94.212.206 - - [27/Apr/2026:14:01:22 +0000] "POST /wp-cron.php?doing_wp_cron=1777298482.6836590766906738281250 HTTP/1.1" 200 - "-" "WordPress/6.9.4; https://2-createawebsite.com"
114.119.146.219 - - [27/Apr/2026:14:01:21 +0000] "GET /simple-tips-to-help-you-understand-wordpress?share=facebook HTTP/1.1" 302 - "https://2-createawebsite.com/simple-tips-to-help-you-understand-wordpress" "Mozilla/5.0 (Linux; Android 7.0;) AppleWebKit/537.36 (HTML, like Gecko) Mobile Safari/537.36 (compatible; PetalBot;+https://webmaster.petalsearch.com/site/petalbot)"
192.0.102.230 - - [27/Apr/2026:14:01:24 +0000] "HEAD / HTTP/1.1" 200 - "-" "jetmon/1.0 (Jetpack Site Uptime Monitor by WordPress.com)"
142.44.228.62 - - [27/Apr/2026:14:01:50 +0000] "GET /when-it-comes-to-wordpress-we-will-teach-you-it-all/ HTTP/1.1" 200 15080 "-" "Mozilla/5.0 (compatible; AhrefsBot/7.0; +http://ahrefs.com/robot/)"
216.73.217.37 - - [27/Apr/2026:14:02:03 +0000] "GET /robots.txt HTTP/1.1" 200 125 "-" "Mozilla/5.0 AppleWebKit/537.36 (KHTML, like Gecko; compatible; ClaudeBot/1.0; +claudebot@anthropic.com)"
216.73.217.37 - - [27/Apr/2026:14:02:04 +0000] "GET /news-sitemap.xml HTTP/1.1" 200 313 "-" "Mozilla/5.0 AppleWebKit/537.36 (KHTML, like Gecko; compatible; ClaudeBot/1.0; +claudebot@anthropic.com)"
2.133.252.133 - - [27/Apr/2026:14:02:44 +0000] "GET /need-help-understanding-wordpress-try-these-tips/ HTTP/1.1" 200 15156 "-" "Mozilla/5.0 (Macintosh; Intel Mac OS X 11_0_1) AppleWebKit/537.36 (KHTML, like Gecko) Brave Chrome/88.0.4324.192 Safari/537.36"
51.161.37.138 - - [27/Apr/2026:14:05:19 +0000] "GET /everything-you-ever-need-to-know-about-wordpress/ HTTP/1.1" 200 15294 "-" "Mozilla/5.0 (compatible; AhrefsBot/7.0; +http://ahrefs.com/robot/)"
184.94.212.206 - - [27/Apr/2026:14:06:22 +0000] "POST /wp-cron.php?doing_wp_cron=1777298782.0230369567871093750000 HTTP/1.1" 200 - "-" "WordPress/6.9.4; https://2-createawebsite.com"
192.0.102.230 - - [27/Apr/2026:14:06:20 +0000] "HEAD / HTTP/1.1" 200 - "-" "jetmon/1.0 (Jetpack Site Uptime Monitor by WordPress.com)"
34.170.137.56 - - [27/Apr/2026:14:06:50 +0000] "<?xml version=\"1.0\"?><methodCall><methodName>system.multicall</methodName><params><param><value><array><data>" 404 36227 "-" "-"
114.119.155.153 - - [27/Apr/2026:14:07:20 +0000] "GET /simple-tips-to-help-you-understand-wordpress/?share=x HTTP/1.1" 302 - "https://2-createawebsite.com/simple-tips-to-help-you-understand-wordpress/" "Mozilla/5.0 (Linux; Android 7.0;) AppleWebKit/537.36 (HTML, like Gecko) Mobile Safari/537.36 (compatible; PetalBot;+https://webmaster.petalsearch.com/site/petalbot)"
192.0.100.11 - - [27/Apr/2026:14:09:19 +0000] "GET /wp-content/uploads/2020/02/wordpress_power_get_the_most_from_your_blog-1.jpg HTTP/1.1" 404 36238 "-" "Photon/1.0"
192.0.118.81 - - [27/Apr/2026:14:09:21 +0000] "GET /wp-content/uploads/2020/02/wordpress_power_get_the_most_from_your_blog-1.jpg HTTP/1.1" 404 36238 "-" "Photon/1.0"
184.94.212.206 - - [27/Apr/2026:14:11:22 +0000] "POST /wp-cron.php?doing_wp_cron=1777299082.6192519664764404296875 HTTP/1.1" 200 - "-" "WordPress/6.9.4; https://2-createawebsite.com"
192.0.102.230 - - [27/Apr/2026:14:11:21 +0000] "HEAD / HTTP/1.1" 200 - "-" "jetmon/1.0 (Jetpack Site Uptime Monitor by WordPress.com)"
79.124.40.174 - - [27/Apr/2026:14:12:51 +0000] "GET /actuator/gateway/routes HTTP/1.1" 301 - "-" "Mozilla/5.0 (Windows NT 10.0; Win64; x64) AppleWebKit/537.36 (KHTML, like Gecko) Chrome/78.0.3904.108 Safari/537.36"
79.124.40.174 - - [27/Apr/2026:14:12:53 +0000] "GET /actuator/gateway/routes HTTP/1.1" 404 9385 "https://184.94.212.206:443/actuator/gateway/routes" "Mozilla/5.0 (Windows NT 10.0; Win64; x64) AppleWebKit/537.36 (KHTML, like Gecko) Chrome/78.0.3904.108 Safari/537.36"
114.119.146.219 - - [27/Apr/2026:14:13:19 +0000] "GET /simple-tips-to-help-you-understand-wordpress/ HTTP/1.1" 200 14078 "https://2-createawebsite.com/simple-tips-to-help-you-understand-wordpress/" "Mozilla/5.0 (Linux; Android 7.0;) AppleWebKit/537.36 (HTML, like Gecko) Mobile Safari/537.36 (compatible; PetalBot;+https://webmaster.petalsearch.com/site/petalbot)"
184.94.212.206 - - [27/Apr/2026:14:15:56 +0000] "POST /wp-cron.php?doing_wp_cron=1777299356.5825300216674804687500 HTTP/1.1" 200 - "-" "WordPress/6.9.4; https://2-createawebsite.com"
57.141.18.81 - - [27/Apr/2026:14:15:55 +0000] "GET /5ee8dc404f50b108f5d08460962d317f153fc3e456577941762c7bd796_640-jpg/ HTTP/1.1" 200 45612 "-" "meta-externalagent/1.1 (+https://developers.facebook.com/docs/sharing/webmasters/crawler)"
192.0.102.230 - - [27/Apr/2026:14:16:17 +0000] "HEAD / HTTP/1.1" 200 - "-" "jetmon/1.0 (Jetpack Site Uptime Monitor by WordPress.com)"
43.159.128.247 - - [27/Apr/2026:14:16:41 +0000] "GET / HTTP/1.0" 400 76981 "-" "-"
45.79.181.94 - - [27/Apr/2026:14:17:38 +0000] "GET / HTTP/1.0" 400 76981 "-" "-"
114.119.133.134 - - [27/Apr/2026:14:19:28 +0000] "GET /simple-tips-to-help-you-understand-wordpress-5/?share=x HTTP/1.1" 302 - "https://2-createawebsite.com/simple-tips-to-help-you-understand-wordpress-5" "Mozilla/5.0 (Linux; Android 7.0;) AppleWebKit/537.36 (HTML, like Gecko) Mobile Safari/537.36 (compatible; PetalBot;+https://webmaster.petalsearch.com/site/petalbot)"
184.94.212.206 - - [27/Apr/2026:14:20:51 +0000] "POST /wp-cron.php?doing_wp_cron=1777299651.9111070632934570312500 HTTP/1.1" 200 - "-" "WordPress/6.9.4; https://2-createawebsite.com"
216.73.217.37 - - [27/Apr/2026:14:20:50 +0000] "GET /sitemap.xml HTTP/1.1" 200 307 "-" "Mozilla/5.0 AppleWebKit/537.36 (KHTML, like Gecko; compatible; ClaudeBot/1.0; +claudebot@anthropic.com)"
184.94.212.206 - - [27/Apr/2026:14:21:28 +0000] "POST /wp-cron.php?doing_wp_cron=1777299687.9853210449218750000000 HTTP/1.1" 200 - "-" "WordPress/6.9.4; https://2-createawebsite.com"
192.0.102.230 - - [27/Apr/2026:14:21:26 +0000] "HEAD / HTTP/1.1" 200 - "-" "jetmon/1.0 (Jetpack Site Uptime Monitor by WordPress.com)"
54.225.98.148 - - [27/Apr/2026:14:22:32 +0000] "GET /wp-json/wp/v2/posts/389 HTTP/1.1" 200 3753 "-" "Mozilla/5.0 AppleWebKit/537.36 (KHTML, like Gecko; compatible; Amazonbot/0.1; +https://developer.amazon.com/support/amazonbot) Chrome/119.0.6045.214 Safari/537.36"
57.141.18.28 - - [27/Apr/2026:14:24:06 +0000] "GET /55e0d4404f51af14f6da8c7dda793278143fdef8525476497c2978dd974a_640-jpg/ HTTP/1.1" 200 45648 "-" "meta-externalagent/1.1 (+https://developers.facebook.com/docs/sharing/webmasters/crawler)"
204.76.203.27 - - [27/Apr/2026:14:24:58 +0000] "GET / HTTP/1.1" 200 77712 "-" "Mozilla/5.0 (Windows NT 10.0; Win64; x64) AppleWebKit/537.36 (KHTML, like Gecko) Chrome/147.0.0.0 Safari/537.36"
204.76.203.27 - - [27/Apr/2026:14:25:03 +0000] "GET / HTTP/1.1" 200 77730 "-" "Mozilla/5.0 (Windows NT 10.0; Win64; x64) AppleWebKit/537.36 (KHTML, like Gecko) Chrome/147.0.0.0 Safari/537.36"
114.119.158.151 - - [27/Apr/2026:14:25:27 +0000] "GET /simple-tips-to-help-you-understand-wordpress-5/?share=facebook HTTP/1.1" 302 - "https://2-createawebsite.com/simple-tips-to-help-you-understand-wordpress-5" "Mozilla/5.0 (Linux; Android 7.0;) AppleWebKit/537.36 (HTML, like Gecko) Mobile Safari/537.36 (compatible; PetalBot;+https://webmaster.petalsearch.com/site/petalbot)"
184.94.212.206 - - [27/Apr/2026:14:26:24 +0000] "POST /wp-cron.php?doing_wp_cron=1777299984.6015970706939697265625 HTTP/1.1" 200 - "-" "WordPress/6.9.4; https://2-createawebsite.com"
192.0.102.230 - - [27/Apr/2026:14:26:23 +0000] "HEAD / HTTP/1.1" 200 - "-" "jetmon/1.0 (Jetpack Site Uptime Monitor by WordPress.com)"
194.127.110.218 - - [27/Apr/2026:14:27:31 +0000] "GET /tips-and-tricks-to-make-understanding-wordpress-easy-2/ HTTP/1.1" 200 13876 "-" "Mozilla/5.0 (Windows NT 10.0; Win64; x64) AppleWebKit/537.36 (KHTML, like Gecko) Chrome/80.0.3987.122 Safari/537.36"
184.94.212.206 - - [27/Apr/2026:14:31:24 +0000] "POST /wp-cron.php?doing_wp_cron=1777300284.1661300659179687500000 HTTP/1.1" 200 - "-" "WordPress/6.9.4; https://2-createawebsite.com"
184.94.212.206 - - [27/Apr/2026:14:31:23 +0000] "POST /?wordfence_syncAttackData=1777300283.3204 HTTP/1.1" 200 - "-" "WordPress/6.9.4; https://2-createawebsite.com"
192.0.102.230 - - [27/Apr/2026:14:31:22 +0000] "HEAD / HTTP/1.1" 200 - "-" "jetmon/1.0 (Jetpack Site Uptime Monitor by WordPress.com)"
114.119.140.50 - - [27/Apr/2026:14:31:24 +0000] "GET /simple-tips-to-help-you-understand-wordpress-4?share=facebook HTTP/1.1" 302 - "https://2-createawebsite.com/simple-tips-to-help-you-understand-wordpress-4" "Mozilla/5.0 (Linux; Android 7.0;) AppleWebKit/537.36 (HTML, like Gecko) Mobile Safari/537.36 (compatible; PetalBot;+https://webmaster.petalsearch.com/site/petalbot)"
184.94.212.206 - - [27/Apr/2026:14:36:25 +0000] "POST /wp-cron.php?doing_wp_cron=1777300585.1913120746612548828125 HTTP/1.1" 200 - "-" "WordPress/6.9.4; https://2-createawebsite.com"
192.0.102.230 - - [27/Apr/2026:14:36:23 +0000] "HEAD / HTTP/1.1" 200 - "-" "jetmon/1.0 (Jetpack Site Uptime Monitor by WordPress.com)"
113.182.86.185 - - [27/Apr/2026:14:37:28 +0000] "GET /author/2-createawebsite/ HTTP/1.1" 200 13568 "-" "Mozilla/5.0 (Macintosh; Intel Mac OS X 10_11_6) AppleWebKit/537.36 (KHTML, like Gecko) Brave Chrome/80.0.3987.116 Safari/537.36"
114.119.146.109 - - [27/Apr/2026:14:37:30 +0000] "GET /simple-tips-to-help-you-understand-wordpress-4/?share=facebook HTTP/1.1" 302 - "https://2-createawebsite.com/simple-tips-to-help-you-understand-wordpress-4" "Mozilla/5.0 (Linux; Android 7.0;) AppleWebKit/537.36 (HTML, like Gecko) Mobile Safari/537.36 (compatible; PetalBot;+https://webmaster.petalsearch.com/site/petalbot)"
13.75.199.23 - - [27/Apr/2026:14:39:09 +0000] "GET /1.php HTTP/1.1" 404 9366 "-" "Mozilla/5.0 (Windows NT 10.0; Win64; x64) AppleWebKit/537.36 (KHTML, like Gecko) Chrome/120.0.0.0 Safari/537.36"
13.75.199.23 - - [27/Apr/2026:14:39:10 +0000] "GET /wp-content/uploads/2024/ HTTP/1.1" 404 9367 "-" "Mozilla/5.0 (Windows NT 10.0; Win64; x64) AppleWebKit/537.36 (KHTML, like Gecko) Chrome/120.0.0.0 Safari/537.36"
13.75.199.23 - - [27/Apr/2026:14:39:11 +0000] "GET /wp-content/uploads/wp-login.php HTTP/1.1" 404 9373 "-" "Mozilla/5.0 (Windows NT 10.0; Win64; x64) AppleWebKit/537.36 (KHTML, like Gecko) Chrome/120.0.0.0 Safari/537.36"
13.75.199.23 - - [27/Apr/2026:14:39:12 +0000] "GET /wp-corn-sample.php HTTP/1.1" 404 9374 "-" "Mozilla/5.0 (Windows NT 10.0; Win64; x64) AppleWebKit/537.36 (KHTML, like Gecko) Chrome/120.0.0.0 Safari/537.36"
13.75.199.23 - - [27/Apr/2026:14:39:13 +0000] "GET /wp-content/uploads/ HTTP/1.1" 404 9367 "-" "Mozilla/5.0 (Windows NT 10.0; Win64; x64) AppleWebKit/537.36 (KHTML, like Gecko) Chrome/120.0.0.0 Safari/537.36"
13.75.199.23 - - [27/Apr/2026:14:39:13 +0000] "GET /wp-admin/js/index.php HTTP/1.1" 301 - "-" "Mozilla/5.0 (Windows NT 10.0; Win64; x64) AppleWebKit/537.36 (KHTML, like Gecko) Chrome/120.0.0.0 Safari/537.36"
13.75.199.23 - - [27/Apr/2026:14:39:14 +0000] "GET /wp-admin/css/index.php HTTP/1.1" 301 - "-" "Mozilla/5.0 (Windows NT 10.0; Win64; x64) AppleWebKit/537.36 (KHTML, like Gecko) Chrome/120.0.0.0 Safari/537.36"
13.75.199.23 - - [27/Apr/2026:14:39:15 +0000] "GET /server.php HTTP/1.1" 404 9371 "-" "Mozilla/5.0 (Windows NT 10.0; Win64; x64) AppleWebKit/537.36 (KHTML, like Gecko) Chrome/120.0.0.0 Safari/537.36"
13.75.199.23 - - [27/Apr/2026:14:39:16 +0000] "GET /wp-includes/Requests/library/ HTTP/1.1" 404 9378 "-" "Mozilla/5.0 (Windows NT 10.0; Win64; x64) AppleWebKit/537.36 (KHTML, like Gecko) Chrome/120.0.0.0 Safari/537.36"
13.75.199.23 - - [27/Apr/2026:14:39:17 +0000] "GET /wp-admin/js/ HTTP/1.1" 404 9369 "-" "Mozilla/5.0 (Windows NT 10.0; Win64; x64) AppleWebKit/537.36 (KHTML, like Gecko) Chrome/120.0.0.0 Safari/537.36"
13.75.199.23 - - [27/Apr/2026:14:39:18 +0000] "GET /wso.php HTTP/1.1" 404 9368 "-" "Mozilla/5.0 (Windows NT 10.0; Win64; x64) AppleWebKit/537.36 (KHTML, like Gecko) Chrome/120.0.0.0 Safari/537.36"
13.75.199.23 - - [27/Apr/2026:14:39:19 +0000] "GET /wp-includes/images/crystal/ HTTP/1.1" 404 9375 "-" "Mozilla/5.0 (Windows NT 10.0; Win64; x64) AppleWebKit/537.36 (KHTML, like Gecko) Chrome/120.0.0.0 Safari/537.36"
13.75.199.23 - - [27/Apr/2026:14:39:20 +0000] "GET /wp-file.php HTTP/1.1" 404 9371 "-" "Mozilla/5.0 (Windows NT 10.0; Win64; x64) AppleWebKit/537.36 (KHTML, like Gecko) Chrome/120.0.0.0 Safari/537.36"
13.75.199.23 - - [27/Apr/2026:14:39:22 +0000] "GET /adminfuns.php HTTP/1.1" 404 9371 "-" "Mozilla/5.0 (Windows NT 10.0; Win64; x64) AppleWebKit/537.36 (KHTML, like Gecko) Chrome/120.0.0.0 Safari/537.36"
13.75.199.23 - - [27/Apr/2026:14:39:23 +0000] "GET /wk/index.php HTTP/1.1" 301 - "-" "Mozilla/5.0 (Windows NT 10.0; Win64; x64) AppleWebKit/537.36 (KHTML, like Gecko) Chrome/120.0.0.0 Safari/537.36"
13.75.199.23 - - [27/Apr/2026:14:39:23 +0000] "GET /wp-admin.php HTTP/1.1" 404 9368 "-" "Mozilla/5.0 (Windows NT 10.0; Win64; x64) AppleWebKit/537.36 (KHTML, like Gecko) Chrome/120.0.0.0 Safari/537.36"
13.75.199.23 - - [27/Apr/2026:14:39:24 +0000] "GET /wp-content/themes/admin.php HTTP/1.1" 404 9371 "-" "Mozilla/5.0 (Windows NT 10.0; Win64; x64) AppleWebKit/537.36 (KHTML, like Gecko) Chrome/120.0.0.0 Safari/537.36"
13.75.199.23 - - [27/Apr/2026:14:39:25 +0000] "GET /wp-includes/block-bindings/ HTTP/1.1" 404 9376 "-" "Mozilla/5.0 (Windows NT 10.0; Win64; x64) AppleWebKit/537.36 (KHTML, like Gecko) Chrome/120.0.0.0 Safari/537.36"
13.75.199.23 - - [27/Apr/2026:14:39:26 +0000] "GET /xmrlpc.php HTTP/1.1" 404 9371 "-" "Mozilla/5.0 (Windows NT 10.0; Win64; x64) AppleWebKit/537.36 (KHTML, like Gecko) Chrome/120.0.0.0 Safari/537.36"
13.75.199.23 - - [27/Apr/2026:14:39:27 +0000] "GET /wp-includes/SimplePie/about.php HTTP/1.1" 404 9378 "-" "Mozilla/5.0 (Windows NT 10.0; Win64; x64) AppleWebKit/537.36 (KHTML, like Gecko) Chrome/120.0.0.0 Safari/537.36"
184.94.212.206 - - [27/Apr/2026:14:39:28 +0000] "POST /?wordfence_syncAttackData=1777300768.7152 HTTP/1.1" 200 13671 "-" "WordPress/6.9.4; https://2-createawebsite.com"
13.75.199.23 - - [27/Apr/2026:14:39:30 +0000] "GET /wp-admin/file.php HTTP/1.1" 404 9371 "-" "Mozilla/5.0 (Windows NT 10.0; Win64; x64) AppleWebKit/537.36 (KHTML, like Gecko) Chrome/120.0.0.0 Safari/537.36"
13.75.199.23 - - [27/Apr/2026:14:39:31 +0000] "GET /wp-includes/rest-api/fields/ HTTP/1.1" 404 9379 "-" "Mozilla/5.0 (Windows NT 10.0; Win64; x64) AppleWebKit/537.36 (KHTML, like Gecko) Chrome/120.0.0.0 Safari/537.36"
13.75.199.23 - - [27/Apr/2026:14:39:32 +0000] "GET /atomlib.php HTTP/1.1" 404 9372 "-" "Mozilla/5.0 (Windows NT 10.0; Win64; x64) AppleWebKit/537.36 (KHTML, like Gecko) Chrome/120.0.0.0 Safari/537.36"
13.75.199.23 - - [27/Apr/2026:14:39:33 +0000] "GET /css/index.php HTTP/1.1" 301 - "-" "Mozilla/5.0 (Windows NT 10.0; Win64; x64) AppleWebKit/537.36 (KHTML, like Gecko) Chrome/120.0.0.0 Safari/537.36"
13.75.199.23 - - [27/Apr/2026:14:39:34 +0000] "GET /wp-content/et-cache/ HTTP/1.1" 404 9373 "-" "Mozilla/5.0 (Windows NT 10.0; Win64; x64) AppleWebKit/537.36 (KHTML, like Gecko) Chrome/120.0.0.0 Safari/537.36"
13.75.199.23 - - [27/Apr/2026:14:39:35 +0000] "GET /about.php HTTP/1.1" 404 9369 "-" "Mozilla/5.0 (Windows NT 10.0; Win64; x64) AppleWebKit/537.36 (KHTML, like Gecko) Chrome/120.0.0.0 Safari/537.36"
13.75.199.23 - - [27/Apr/2026:14:39:36 +0000] "GET /wp-content/uploads/admin.php HTTP/1.1" 404 9371 "-" "Mozilla/5.0 (Windows NT 10.0; Win64; x64) AppleWebKit/537.36 (KHTML, like Gecko) Chrome/120.0.0.0 Safari/537.36"
