13.75.199.23 - - [27/Apr/2026:14:39:37 +0000] "GET /wp-content/index.php HTTP/1.1" 200 - "-" "Mozilla/5.0 (Windows NT 10.0; Win64; x64) AppleWebKit/537.36 (KHTML, like Gecko) Chrome/120.0.0.0 Safari/537.36"
13.75.199.23 - - [27/Apr/2026:14:39:37 +0000] "GET /wp-includes/js/index.php HTTP/1.1" 301 - "-" "Mozilla/5.0 (Windows NT 10.0; Win64; x64) AppleWebKit/537.36 (KHTML, like Gecko) Chrome/120.0.0.0 Safari/537.36"
13.75.199.23 - - [27/Apr/2026:14:39:38 +0000] "GET /wp-includes/rest-api/ HTTP/1.1" 404 9374 "-" "Mozilla/5.0 (Windows NT 10.0; Win64; x64) AppleWebKit/537.36 (KHTML, like Gecko) Chrome/120.0.0.0 Safari/537.36"
13.75.199.23 - - [27/Apr/2026:14:39:39 +0000] "GET /admin.php HTTP/1.1" 404 9368 "-" "Mozilla/5.0 (Windows NT 10.0; Win64; x64) AppleWebKit/537.36 (KHTML, like Gecko) Chrome/120.0.0.0 Safari/537.36"
13.75.199.23 - - [27/Apr/2026:14:39:40 +0000] "GET /wp-includes/blocks/block/ HTTP/1.1" 404 9373 "-" "Mozilla/5.0 (Windows NT 10.0; Win64; x64) AppleWebKit/537.36 (KHTML, like Gecko) Chrome/120.0.0.0 Safari/537.36"
13.75.199.23 - - [27/Apr/2026:14:39:41 +0000] "GET /as.php HTTP/1.1" 404 9367 "-" "Mozilla/5.0 (Windows NT 10.0; Win64; x64) AppleWebKit/537.36 (KHTML, like Gecko) Chrome/120.0.0.0 Safari/537.36"
13.75.199.23 - - [27/Apr/2026:14:39:42 +0000] "GET /wp-includes/PHPMailer/index.php HTTP/1.1" 301 - "-" "Mozilla/5.0 (Windows NT 10.0; Win64; x64) AppleWebKit/537.36 (KHTML, like Gecko) Chrome/120.0.0.0 Safari/537.36"
13.75.199.23 - - [27/Apr/2026:14:39:43 +0000] "GET /buy.php HTTP/1.1" 404 9369 "-" "Mozilla/5.0 (Windows NT 10.0; Win64; x64) AppleWebKit/537.36 (KHTML, like Gecko) Chrome/120.0.0.0 Safari/537.36"
13.75.199.23 - - [27/Apr/2026:14:39:44 +0000] "GET /wp.php HTTP/1.1" 404 9366 "-" "Mozilla/5.0 (Windows NT 10.0; Win64; x64) AppleWebKit/537.36 (KHTML, like Gecko) Chrome/120.0.0.0 Safari/537.36"
13.75.199.23 - - [27/Apr/2026:14:39:45 +0000] "GET /wp-admin/images/index.php HTTP/1.1" 301 - "-" "Mozilla/5.0 (Windows NT 10.0; Win64; x64) AppleWebKit/537.36 (KHTML, like Gecko) Chrome/120.0.0.0 Safari/537.36"
13.75.199.23 - - [27/Apr/2026:14:39:46 +0000] "GET /about.PHP HTTP/1.1" 404 9372 "-" "Mozilla/5.0 (Windows NT 10.0; Win64; x64) AppleWebKit/537.36 (KHTML, like Gecko) Chrome/120.0.0.0 Safari/537.36"
13.75.199.23 - - [27/Apr/2026:14:39:47 +0000] "GET /ioxi-o.php HTTP/1.1" 404 9371 "-" "Mozilla/5.0 (Windows NT 10.0; Win64; x64) AppleWebKit/537.36 (KHTML, like Gecko) Chrome/120.0.0.0 Safari/537.36"
13.75.199.23 - - [27/Apr/2026:14:39:48 +0000] "GET /wp-content/uploads/index.php HTTP/1.1" 301 - "-" "Mozilla/5.0 (Windows NT 10.0; Win64; x64) AppleWebKit/537.36 (KHTML, like Gecko) Chrome/120.0.0.0 Safari/537.36"
13.75.199.23 - - [27/Apr/2026:14:39:49 +0000] "GET /wp-content/edit.php HTTP/1.1" 404 9371 "-" "Mozilla/5.0 (Windows NT 10.0; Win64; x64) AppleWebKit/537.36 (KHTML, like Gecko) Chrome/120.0.0.0 Safari/537.36"
13.75.199.23 - - [27/Apr/2026:14:39:50 +0000] "GET /sf.php HTTP/1.1" 404 9367 "-" "Mozilla/5.0 (Windows NT 10.0; Win64; x64) AppleWebKit/537.36 (KHTML, like Gecko) Chrome/120.0.0.0 Safari/537.36"
13.75.199.23 - - [27/Apr/2026:14:39:51 +0000] "GET /wp-includes/index.php HTTP/1.1" 301 - "-" "Mozilla/5.0 (Windows NT 10.0; Win64; x64) AppleWebKit/537.36 (KHTML, like Gecko) Chrome/120.0.0.0 Safari/537.36"
13.75.199.23 - - [27/Apr/2026:14:39:52 +0000] "GET /file.php HTTP/1.1" 404 9369 "-" "Mozilla/5.0 (Windows NT 10.0; Win64; x64) AppleWebKit/537.36 (KHTML, like Gecko) Chrome/120.0.0.0 Safari/537.36"
13.75.199.23 - - [27/Apr/2026:14:39:53 +0000] "GET /wp-admin/css/colors/modern/ HTTP/1.1" 404 9377 "-" "Mozilla/5.0 (Windows NT 10.0; Win64; x64) AppleWebKit/537.36 (KHTML, like Gecko) Chrome/120.0.0.0 Safari/537.36"
13.75.199.23 - - [27/Apr/2026:14:39:54 +0000] "GET /cgi-bin/ HTTP/1.1" 404 9371 "-" "Mozilla/5.0 (Windows NT 10.0; Win64; x64) AppleWebKit/537.36 (KHTML, like Gecko) Chrome/120.0.0.0 Safari/537.36"
13.75.199.23 - - [27/Apr/2026:14:39:55 +0000] "GET /test1.php HTTP/1.1" 404 9370 "-" "Mozilla/5.0 (Windows NT 10.0; Win64; x64) AppleWebKit/537.36 (KHTML, like Gecko) Chrome/120.0.0.0 Safari/537.36"
13.75.199.23 - - [27/Apr/2026:14:39:56 +0000] "GET /wp-cron.php HTTP/1.1" 200 - "-" "Mozilla/5.0 (Windows NT 10.0; Win64; x64) AppleWebKit/537.36 (KHTML, like Gecko) Chrome/120.0.0.0 Safari/537.36"
13.75.199.23 - - [27/Apr/2026:14:39:56 +0000] "GET /wp-includes/block-supports/ HTTP/1.1" 404 9374 "-" "Mozilla/5.0 (Windows NT 10.0; Win64; x64) AppleWebKit/537.36 (KHTML, like Gecko) Chrome/120.0.0.0 Safari/537.36"
13.75.199.23 - - [27/Apr/2026:14:39:57 +0000] "GET /404.php HTTP/1.1" 404 9369 "-" "Mozilla/5.0 (Windows NT 10.0; Win64; x64) AppleWebKit/537.36 (KHTML, like Gecko) Chrome/120.0.0.0 Safari/537.36"
13.75.199.23 - - [27/Apr/2026:14:39:58 +0000] "GET /wp-content/1.php HTTP/1.1" 404 9370 "-" "Mozilla/5.0 (Windows NT 10.0; Win64; x64) AppleWebKit/537.36 (KHTML, like Gecko) Chrome/120.0.0.0 Safari/537.36"
13.75.199.23 - - [27/Apr/2026:14:39:58 +0000] "GET /images/index.php HTTP/1.1" 301 - "-" "Mozilla/5.0 (Windows NT 10.0; Win64; x64) AppleWebKit/537.36 (KHTML, like Gecko) Chrome/120.0.0.0 Safari/537.36"
184.94.212.206 - - [27/Apr/2026:14:41:25 +0000] "POST /wp-cron.php?doing_wp_cron=1777300885.5669219493865966796875 HTTP/1.1" 200 - "-" "WordPress/6.9.4; https://2-createawebsite.com"
192.0.102.230 - - [27/Apr/2026:14:41:24 +0000] "HEAD / HTTP/1.1" 200 - "-" "jetmon/1.0 (Jetpack Site Uptime Monitor by WordPress.com)"
114.119.146.219 - - [27/Apr/2026:14:43:28 +0000] "GET /simple-tips-to-help-you-understand-wordpress-3?share=facebook HTTP/1.1" 302 - "https://2-createawebsite.com/simple-tips-to-help-you-understand-wordpress-3" "Mozilla/5.0 (Linux; Android 7.0;) AppleWebKit/537.36 (HTML, like Gecko) Mobile Safari/537.36 (compatible; PetalBot;+https://webmaster.petalsearch.com/site/petalbot)"
47.128.55.23 - - [27/Apr/2026:14:43:52 +0000] "-" 408 - "-" "-"
207.46.13.231 - - [27/Apr/2026:14:44:00 +0000] "GET /robots.txt HTTP/1.1" 200 125 "-" "Mozilla/5.0 AppleWebKit/537.36 (KHTML, like Gecko; compatible; bingbot/2.0; +http://www.bing.com/bingbot.htm) Chrome/116.0.1938.76 Safari/537.36"
40.77.167.50 - - [27/Apr/2026:14:44:10 +0000] "GET /news-sitemap.xml HTTP/1.1" 200 313 "-" "Mozilla/5.0 AppleWebKit/537.36 (KHTML, like Gecko; compatible; bingbot/2.0; +http://www.bing.com/bingbot.htm) Chrome/116.0.1938.76 Safari/537.36"
114.239.149.67 - - [27/Apr/2026:14:44:24 +0000] "-" 408 - "-" "-"
184.94.212.206 - - [27/Apr/2026:14:46:27 +0000] "POST /wp-cron.php?doing_wp_cron=1777301187.0152339935302734375000 HTTP/1.1" 200 - "-" "WordPress/6.9.4; https://2-createawebsite.com"
192.0.102.230 - - [27/Apr/2026:14:46:26 +0000] "HEAD / HTTP/1.1" 200 - "-" "jetmon/1.0 (Jetpack Site Uptime Monitor by WordPress.com)"
85.208.96.208 - - [27/Apr/2026:14:46:41 +0000] "GET /robots.txt HTTP/1.1" 200 125 "-" "Mozilla/5.0 (compatible; SemrushBot/7~bl; +http://www.semrush.com/bot.html)"
85.208.96.200 - - [27/Apr/2026:14:46:42 +0000] "GET /relating-to-wordpress-the-secrets-in-this-article-are-priceless-4/ HTTP/1.1" 200 14462 "-" "Mozilla/5.0 (compatible; SemrushBot/7~bl; +http://www.semrush.com/bot.html)"
47.128.55.48 - - [27/Apr/2026:14:47:51 +0000] "-" 408 - "-" "-"
74.7.244.5 - - [27/Apr/2026:14:47:51 +0000] "GET /robots.txt HTTP/1.1" 200 125 "-" "Mozilla/5.0 (Macintosh; Intel Mac OS X 10_15_7) AppleWebKit/537.36 (KHTML, like Gecko) Chrome/131.0.0.0 Safari/537.36; compatible; OAI-SearchBot/1.3; robots.txt; +https://openai.com/searchbot"
184.94.212.206 - - [27/Apr/2026:14:49:31 +0000] "POST /wp-cron.php?doing_wp_cron=1777301371.2244029045104980468750 HTTP/1.1" 200 - "-" "WordPress/6.9.4; https://2-createawebsite.com"
114.119.158.151 - - [27/Apr/2026:14:49:29 +0000] "GET /simple-tips-to-help-you-understand-wordpress-2?share=facebook HTTP/1.1" 302 - "https://2-createawebsite.com/simple-tips-to-help-you-understand-wordpress-2" "Mozilla/5.0 (Linux; Android 7.0;) AppleWebKit/537.36 (HTML, like Gecko) Mobile Safari/537.36 (compatible; PetalBot;+https://webmaster.petalsearch.com/site/petalbot)"
184.94.212.206 - - [27/Apr/2026:14:51:22 +0000] "POST /wp-cron.php?doing_wp_cron=1777301482.5487298965454101562500 HTTP/1.1" 200 - "-" "WordPress/6.9.4; https://2-createawebsite.com"
192.0.102.230 - - [27/Apr/2026:14:51:21 +0000] "HEAD / HTTP/1.1" 200 - "-" "jetmon/1.0 (Jetpack Site Uptime Monitor by WordPress.com)"
54.86.115.253 - - [27/Apr/2026:14:53:55 +0000] "GET / HTTP/1.1" 200 13644 "-" "RecordedFuture Global Inventory Crawler"
135.181.3.246 - - [27/Apr/2026:14:55:20 +0000] "GET /robots.txt HTTP/1.1" 200 125 "-" "Mozilla/5.0 (compatible; SERankingBacklinksBot/1.0; +https://seranking.com/backlinks-crawler)"
135.181.3.246 - - [27/Apr/2026:14:55:22 +0000] "GET /superior-website-design-strategies-that-really-help/ HTTP/1.1" 404 9395 "-" "Mozilla/5.0 (compatible; SERankingBacklinksBot/1.0; +https://seranking.com/backlinks-crawler)"
114.119.155.153 - - [27/Apr/2026:14:55:31 +0000] "GET /simple-tips-to-help-you-understand-wordpress HTTP/1.1" 301 - "https://2-createawebsite.com/author/2-createawebsite/page/20" "Mozilla/5.0 (Linux; Android 7.0;) AppleWebKit/537.36 (HTML, like Gecko) Mobile Safari/537.36 (compatible; PetalBot;+https://webmaster.petalsearch.com/site/petalbot)"
114.119.155.153 - - [27/Apr/2026:14:55:32 +0000] "GET /simple-tips-to-help-you-understand-wordpress/ HTTP/1.1" 200 14077 "https://2-createawebsite.com/author/2-createawebsite/page/20" "Mozilla/5.0 (Linux; Android 7.0;) AppleWebKit/537.36 (HTML, like Gecko) Mobile Safari/537.36 (compatible; PetalBot;+https://webmaster.petalsearch.com/site/petalbot)"
184.94.212.206 - - [27/Apr/2026:14:56:22 +0000] "POST /wp-cron.php?doing_wp_cron=1777301782.3853240013122558593750 HTTP/1.1" 200 - "-" "WordPress/6.9.4; https://2-createawebsite.com"
192.0.102.230 - - [27/Apr/2026:14:56:20 +0000] "HEAD / HTTP/1.1" 200 - "-" "jetmon/1.0 (Jetpack Site Uptime Monitor by WordPress.com)"
34.193.2.57 - - [27/Apr/2026:14:57:25 +0000] "GET /wordpress-tips-tricks-and-advice-straight-from-the-experts/ HTTP/1.1" 200 14297 "-" "Mozilla/5.0 AppleWebKit/537.36 (KHTML, like Gecko; compatible; Amazonbot/0.1; +https://developer.amazon.com/support/amazonbot) Chrome/119.0.6045.214 Safari/537.36"
66.249.66.201 - - [27/Apr/2026:14:58:54 +0000] "GET /ads.txt HTTP/1.1" 200 58 "-" "Google-adstxt"
57.141.18.78 - - [27/Apr/2026:14:59:48 +0000] "GET /relating-to-wordpress-the-secrets-in-this-article-are-priceless-4/ HTTP/1.1" 200 53716 "-" "meta-externalagent/1.1 (+https://developers.facebook.com/docs/sharing/webmasters/crawler)"
20.89.243.55 - - [27/Apr/2026:15:00:50 +0000] "GET /themes/zMousse/otuz1.php HTTP/1.1" 404 9383 "-" "Mozilla/5.0 (Windows NT 10.0; Win64; x64) AppleWebKit/537.36 (KHTML, like Gecko) Chrome/120.0.0.0 Safari/537.36"
20.89.243.55 - - [27/Apr/2026:15:00:51 +0000] "GET /upload2/10-27-24_8:26_1.php HTTP/1.1" 404 9386 "-" "Mozilla/5.0 (Windows NT 10.0; Win64; x64) AppleWebKit/537.36 (KHTML, like Gecko) Chrome/120.0.0.0 Safari/537.36"
20.89.243.55 - - [27/Apr/2026:15:00:52 +0000] "GET /user.php HTTP/1.1" 404 9372 "-" "Mozilla/5.0 (Windows NT 10.0; Win64; x64) AppleWebKit/537.36 (KHTML, like Gecko) Chrome/120.0.0.0 Safari/537.36"
184.94.212.206 - - [27/Apr/2026:15:00:54 +0000] "POST /wp-cron.php?doing_wp_cron=1777302054.3853030204772949218750 HTTP/1.1" 200 - "-" "WordPress/6.9.4; https://2-createawebsite.com"
20.89.243.55 - - [27/Apr/2026:15:00:53 +0000] "GET /version.php HTTP/1.1" 404 9374 "-" "Mozilla/5.0 (Windows NT 10.0; Win64; x64) AppleWebKit/537.36 (KHTML, like Gecko) Chrome/120.0.0.0 Safari/537.36"
20.89.243.55 - - [27/Apr/2026:15:00:54 +0000] "GET /wander.php HTTP/1.1" 404 9373 "-" "Mozilla/5.0 (Windows NT 10.0; Win64; x64) AppleWebKit/537.36 (KHTML, like Gecko) Chrome/120.0.0.0 Safari/537.36"
20.89.243.55 - - [27/Apr/2026:15:00:55 +0000] "GET /webadmin.php HTTP/1.1" 404 9373 "-" "Mozilla/5.0 (Windows NT 10.0; Win64; x64) AppleWebKit/537.36 (KHTML, like Gecko) Chrome/120.0.0.0 Safari/537.36"
184.94.212.206 - - [27/Apr/2026:15:00:57 +0000] "POST /wp-cron.php?doing_wp_cron=1777302057.3987390995025634765625 HTTP/1.1" 200 - "-" "WordPress/6.9.4; https://2-createawebsite.com"
20.89.243.55 - - [27/Apr/2026:15:00:56 +0000] "GET /wp-2019.php HTTP/1.1" 404 9374 "-" "Mozilla/5.0 (Windows NT 10.0; Win64; x64) AppleWebKit/537.36 (KHTML, like Gecko) Chrome/120.0.0.0 Safari/537.36"
20.89.243.55 - - [27/Apr/2026:15:00:57 +0000] "GET /wp-add.php HTTP/1.1" 404 9370 "-" "Mozilla/5.0 (Windows NT 10.0; Win64; x64) AppleWebKit/537.36 (KHTML, like Gecko) Chrome/120.0.0.0 Safari/537.36"
20.89.243.55 - - [27/Apr/2026:15:00:58 +0000] "GET /wp-admin/autoload_classmap.php HTTP/1.1" 404 9382 "-" "Mozilla/5.0 (Windows NT 10.0; Win64; x64) AppleWebKit/537.36 (KHTML, like Gecko) Chrome/120.0.0.0 Safari/537.36"
20.89.243.55 - - [27/Apr/2026:15:00:59 +0000] "GET /wp-admin/classwithtostring.php HTTP/1.1" 404 9380 "-" "Mozilla/5.0 (Windows NT 10.0; Win64; x64) AppleWebKit/537.36 (KHTML, like Gecko) Chrome/120.0.0.0 Safari/537.36"
20.89.243.55 - - [27/Apr/2026:15:01:00 +0000] "GET /wp-admin/css/colors/index.php HTTP/1.1" 301 - "-" "Mozilla/5.0 (Windows NT 10.0; Win64; x64) AppleWebKit/537.36 (KHTML, like Gecko) Chrome/120.0.0.0 Safari/537.36"
20.89.243.55 - - [27/Apr/2026:15:01:01 +0000] "GET /wp-admin/css/index.php HTTP/1.1" 301 - "-" "Mozilla/5.0 (Windows NT 10.0; Win64; x64) AppleWebKit/537.36 (KHTML, like Gecko) Chrome/120.0.0.0 Safari/537.36"
20.89.243.55 - - [27/Apr/2026:15:01:02 +0000] "GET /wp-admin/css/wp-login.php HTTP/1.1" 404 9379 "-" "Mozilla/5.0 (Windows NT 10.0; Win64; x64) AppleWebKit/537.36 (KHTML, like Gecko) Chrome/120.0.0.0 Safari/537.36"
192.0.118.180 - - [27/Apr/2026:15:01:03 +0000] "GET /wp-content/uploads/2019/12/54e6d0424953b108f5d08460962d317f153fc3e45656774e76277dd691_640.jpg HTTP/1.1" 404 36255 "-" "Photon/1.0"
20.89.243.55 - - [27/Apr/2026:15:01:04 +0000] "GET /wp-admin/file.php HTTP/1.1" 404 9374 "-" "Mozilla/5.0 (Windows NT 10.0; Win64; x64) AppleWebKit/537.36 (KHTML, like Gecko) Chrome/120.0.0.0 Safari/537.36"
20.89.243.55 - - [27/Apr/2026:15:01:05 +0000] "GET /wp-admin/images/Mhbgf.php HTTP/1.1" 404 9379 "-" "Mozilla/5.0 (Windows NT 10.0; Win64; x64) AppleWebKit/537.36 (KHTML, like Gecko) Chrome/120.0.0.0 Safari/537.36"
20.89.243.55 - - [27/Apr/2026:15:01:06 +0000] "GET /wp-admin/images/about.php HTTP/1.1" 404 9376 "-" "Mozilla/5.0 (Windows NT 10.0; Win64; x64) AppleWebKit/537.36 (KHTML, like Gecko) Chrome/120.0.0.0 Safari/537.36"
20.89.243.55 - - [27/Apr/2026:15:01:07 +0000] "GET /wp-admin/images/autoload_classmap.php HTTP/1.1" 404 9384 "-" "Mozilla/5.0 (Windows NT 10.0; Win64; x64) AppleWebKit/537.36 (KHTML, like Gecko) Chrome/120.0.0.0 Safari/537.36"
20.89.243.55 - - [27/Apr/2026:15:01:08 +0000] "GET /wp-admin/images/index.php HTTP/1.1" 301 - "-" "Mozilla/5.0 (Windows NT 10.0; Win64; x64) AppleWebKit/537.36 (KHTML, like Gecko) Chrome/120.0.0.0 Safari/537.36"
20.89.243.55 - - [27/Apr/2026:15:01:09 +0000] "GET /wp-admin/images/install.php HTTP/1.1" 404 9378 "-" "Mozilla/5.0 (Windows NT 10.0; Win64; x64) AppleWebKit/537.36 (KHTML, like Gecko) Chrome/120.0.0.0 Safari/537.36"
20.89.243.55 - - [27/Apr/2026:15:01:11 +0000] "GET /wp-admin/includes/flower.php HTTP/1.1" 404 9380 "-" "Mozilla/5.0 (Windows NT 10.0; Win64; x64) AppleWebKit/537.36 (KHTML, like Gecko) Chrome/120.0.0.0 Safari/537.36"
20.89.243.55 - - [27/Apr/2026:15:01:12 +0000] "GET /wp-admin/js/about.php HTTP/1.1" 404 9376 "-" "Mozilla/5.0 (Windows NT 10.0; Win64; x64) AppleWebKit/537.36 (KHTML, like Gecko) Chrome/120.0.0.0 Safari/537.36"
20.89.243.55 - - [27/Apr/2026:15:01:13 +0000] "GET /wp-admin/js/autoload_classmap.php HTTP/1.1" 404 9384 "-" "Mozilla/5.0 (Windows NT 10.0; Win64; x64) AppleWebKit/537.36 (KHTML, like Gecko) Chrome/120.0.0.0 Safari/537.36"
20.89.243.55 - - [27/Apr/2026:15:01:14 +0000] "GET /wp-admin/js/flower.php HTTP/1.1" 404 9378 "-" "Mozilla/5.0 (Windows NT 10.0; Win64; x64) AppleWebKit/537.36 (KHTML, like Gecko) Chrome/120.0.0.0 Safari/537.36"
20.89.243.55 - - [27/Apr/2026:15:01:15 +0000] "GET /wp-admin/js/index.php HTTP/1.1" 301 - "-" "Mozilla/5.0 (Windows NT 10.0; Win64; x64) AppleWebKit/537.36 (KHTML, like Gecko) Chrome/120.0.0.0 Safari/537.36"
20.89.243.55 - - [27/Apr/2026:15:01:16 +0000] "GET /wp-admin/js/widgets/xleet.php HTTP/1.1" 404 9381 "-" "Mozilla/5.0 (Windows NT 10.0; Win64; x64) AppleWebKit/537.36 (KHTML, like Gecko) Chrome/120.0.0.0 Safari/537.36"
20.89.243.55 - - [27/Apr/2026:15:01:17 +0000] "GET /wp-admin/maint/flower.php HTTP/1.1" 404 9380 "-" "Mozilla/5.0 (Windows NT 10.0; Win64; x64) AppleWebKit/537.36 (KHTML, like Gecko) Chrome/120.0.0.0 Safari/537.36"
20.89.243.55 - - [27/Apr/2026:15:01:18 +0000] "GET /wp-admin/maint/wp-login.php HTTP/1.1" 404 9380 "-" "Mozilla/5.0 (Windows NT 10.0; Win64; x64) AppleWebKit/537.36 (KHTML, like Gecko) Chrome/120.0.0.0 Safari/537.36"
20.89.243.55 - - [27/Apr/2026:15:01:19 +0000] "GET /wp-admin/network/about.php HTTP/1.1" 302 - "-" "Mozilla/5.0 (Windows NT 10.0; Win64; x64) AppleWebKit/537.36 (KHTML, like Gecko) Chrome/120.0.0.0 Safari/537.36"
20.89.243.55 - - [27/Apr/2026:15:01:20 +0000] "GET /wp-admin/network/xleet.php HTTP/1.1" 404 9382 "-" "Mozilla/5.0 (Windows NT 10.0; Win64; x64) AppleWebKit/537.36 (KHTML, like Gecko) Chrome/120.0.0.0 Safari/537.36"
20.89.243.55 - - [27/Apr/2026:15:01:21 +0000] "GET /wp-admin/user/autoload_classmap.php HTTP/1.1" 404 9384 "-" "Mozilla/5.0 (Windows NT 10.0; Win64; x64) AppleWebKit/537.36 (KHTML, like Gecko) Chrome/120.0.0.0 Safari/537.36"
20.89.243.55 - - [27/Apr/2026:15:01:22 +0000] "GET /wp-config-sample.php HTTP/1.1" 404 9379 "-" "Mozilla/5.0 (Windows NT 10.0; Win64; x64) AppleWebKit/537.36 (KHTML, like Gecko) Chrome/120.0.0.0 Safari/537.36"
20.89.243.55 - - [27/Apr/2026:15:01:23 +0000] "GET /wp-configs.php HTTP/1.1" 404 9375 "-" "Mozilla/5.0 (Windows NT 10.0; Win64; x64) AppleWebKit/537.36 (KHTML, like Gecko) Chrome/120.0.0.0 Safari/537.36"
20.89.243.55 - - [27/Apr/2026:15:01:24 +0000] "GET /wp-conflg.php HTTP/1.1" 404 9374 "-" "Mozilla/5.0 (Windows NT 10.0; Win64; x64) AppleWebKit/537.36 (KHTML, like Gecko) Chrome/120.0.0.0 Safari/537.36"
20.89.243.55 - - [27/Apr/2026:15:01:25 +0000] "GET /wp-content/1.php HTTP/1.1" 404 9372 "-" "Mozilla/5.0 (Windows NT 10.0; Win64; x64) AppleWebKit/537.36 (KHTML, like Gecko) Chrome/120.0.0.0 Safari/537.36"
20.89.243.55 - - [27/Apr/2026:15:01:26 +0000] "GET /wp-content/about.php HTTP/1.1" 404 9374 "-" "Mozilla/5.0 (Windows NT 10.0; Win64; x64) AppleWebKit/537.36 (KHTML, like Gecko) Chrome/120.0.0.0 Safari/537.36"
20.89.243.55 - - [27/Apr/2026:15:01:27 +0000] "GET /wp-content/autoload_classmap.php HTTP/1.1" 404 9382 "-" "Mozilla/5.0 (Windows NT 10.0; Win64; x64) AppleWebKit/537.36 (KHTML, like Gecko) Chrome/120.0.0.0 Safari/537.36"
192.0.102.230 - - [27/Apr/2026:15:01:28 +0000] "HEAD / HTTP/1.1" 200 - "-" "jetmon/1.0 (Jetpack Site Uptime Monitor by WordPress.com)"
20.89.243.55 - - [27/Apr/2026:15:01:28 +0000] "GET /wp-content/berlin.php HTTP/1.1" 404 9376 "-" "Mozilla/5.0 (Windows NT 10.0; Win64; x64) AppleWebKit/537.36 (KHTML, like Gecko) Chrome/120.0.0.0 Safari/537.36"
20.89.243.55 - - [27/Apr/2026:15:01:29 +0000] "GET /wp-content/classwithtostring.php HTTP/1.1" 404 9380 "-" "Mozilla/5.0 (Windows NT 10.0; Win64; x64) AppleWebKit/537.36 (KHTML, like Gecko) Chrome/120.0.0.0 Safari/537.36"
20.89.243.55 - - [27/Apr/2026:15:01:30 +0000] "GET /wp-content/install.php HTTP/1.1" 404 9376 "-" "Mozilla/5.0 (Windows NT 10.0; Win64; x64) AppleWebKit/537.36 (KHTML, like Gecko) Chrome/120.0.0.0 Safari/537.36"
20.89.243.55 - - [27/Apr/2026:15:01:31 +0000] "GET /wp-content/json.php HTTP/1.1" 404 9373 "-" "Mozilla/5.0 (Windows NT 10.0; Win64; x64) AppleWebKit/537.36 (KHTML, like Gecko) Chrome/120.0.0.0 Safari/537.36"
20.89.243.55 - - [27/Apr/2026:15:01:32 +0000] "GET /wp-content/languages/index.php HTTP/1.1" 301 - "-" "Mozilla/5.0 (Windows NT 10.0; Win64; x64) AppleWebKit/537.36 (KHTML, like Gecko) Chrome/120.0.0.0 Safari/537.36"
20.89.243.55 - - [27/Apr/2026:15:01:33 +0000] "GET /wp-content/mah.php HTTP/1.1" 404 9374 "-" "Mozilla/5.0 (Windows NT 10.0; Win64; x64) AppleWebKit/537.36 (KHTML, like Gecko) Chrome/120.0.0.0 Safari/537.36"
20.89.243.55 - - [27/Apr/2026:15:01:34 +0000] "GET /wp-content/plugins/Core-Econ/1.php HTTP/1.1" 404 9380 "-" "Mozilla/5.0 (Windows NT 10.0; Win64; x64) AppleWebKit/537.36 (KHTML, like Gecko) Chrome/120.0.0.0 Safari/537.36"
20.89.243.55 - - [27/Apr/2026:15:01:34 +0000] "GET /wp-content/plugins/Duplicatepost/src/ui/sidwso.php HTTP/1.1" 404 9388 "-" "Mozilla/5.0 (Windows NT 10.0; Win64; x64) AppleWebKit/537.36 (KHTML, like Gecko) Chrome/120.0.0.0 Safari/537.36"
20.89.243.55 - - [27/Apr/2026:15:01:35 +0000] "GET /wp-content/plugins/TOPXOH/wDR.php HTTP/1.1" 404 9383 "-" "Mozilla/5.0 (Windows NT 10.0; Win64; x64) AppleWebKit/537.36 (KHTML, like Gecko) Chrome/120.0.0.0 Safari/537.36"
20.89.243.55 - - [27/Apr/2026:15:01:36 +0000] "GET /wp-content/plugins/WordPressCore/include.php HTTP/1.1" 404 9380 "-" "Mozilla/5.0 (Windows NT 10.0; Win64; x64) AppleWebKit/537.36 (KHTML, like Gecko) Chrome/120.0.0.0 Safari/537.36"
20.89.243.55 - - [27/Apr/2026:15:01:37 +0000] "GET /wp-content/plugins/about.php HTTP/1.1" 404 9374 "-" "Mozilla/5.0 (Windows NT 10.0; Win64; x64) AppleWebKit/537.36 (KHTML, like Gecko) Chrome/120.0.0.0 Safari/537.36"
20.89.243.55 - - [27/Apr/2026:15:01:38 +0000] "GET /wp-content/plugins/autoload_classmap.php HTTP/1.1" 404 9381 "-" "Mozilla/5.0 (Windows NT 10.0; Win64; x64) AppleWebKit/537.36 (KHTML, like Gecko) Chrome/120.0.0.0 Safari/537.36"
20.89.243.55 - - [27/Apr/2026:15:01:39 +0000] "GET /wp-content/plugins/core-plugin/include.php HTTP/1.1" 404 9377 "-" "Mozilla/5.0 (Windows NT 10.0; Win64; x64) AppleWebKit/537.36 (KHTML, like Gecko) Chrome/120.0.0.0 Safari/537.36"
20.89.243.55 - - [27/Apr/2026:15:01:40 +0000] "GET /wp-content/plugins/dummyyummy/wp-signup.php HTTP/1.1" 404 9383 "-" "Mozilla/5.0 (Windows NT 10.0; Win64; x64) AppleWebKit/537.36 (KHTML, like Gecko) Chrome/120.0.0.0 Safari/537.36"
20.89.243.55 - - [27/Apr/2026:15:01:41 +0000] "GET /wp-content/plugins/erinyani/baxa1.php HTTP/1.1" 404 9382 "-" "Mozilla/5.0 (Windows NT 10.0; Win64; x64) AppleWebKit/537.36 (KHTML, like Gecko) Chrome/120.0.0.0 Safari/537.36"
20.89.243.55 - - [27/Apr/2026:15:01:42 +0000] "GET /wp-content/plugins/linkpreview/index.php HTTP/1.1" 301 - "-" "Mozilla/5.0 (Windows NT 10.0; Win64; x64) AppleWebKit/537.36 (KHTML, like Gecko) Chrome/120.0.0.0 Safari/537.36"
20.89.243.55 - - [27/Apr/2026:15:01:43 +0000] "GET /wp-content/plugins/pwnd/1.php HTTP/1.1" 404 9377 "-" "Mozilla/5.0 (Windows NT 10.0; Win64; x64) AppleWebKit/537.36 (KHTML, like Gecko) Chrome/120.0.0.0 Safari/537.36"
114.119.146.219 - - [27/Apr/2026:15:01:44 +0000] "GET /simple-steps-to-help-you-better-understand-wordpress?share=facebook HTTP/1.1" 302 - "https://2-createawebsite.com/simple-steps-to-help-you-better-understand-wordpress" "Mozilla/5.0 (Linux; Android 7.0;) AppleWebKit/537.36 (HTML, like Gecko) Mobile Safari/537.36 (compatible; PetalBot;+https://webmaster.petalsearch.com/site/petalbot)"
20.89.243.55 - - [27/Apr/2026:15:01:44 +0000] "GET /wp-content/plugins/sid/sidwso.php HTTP/1.1" 404 9378 "-" "Mozilla/5.0 (Windows NT 10.0; Win64; x64) AppleWebKit/537.36 (KHTML, like Gecko) Chrome/120.0.0.0 Safari/537.36"
20.89.243.55 - - [27/Apr/2026:15:01:45 +0000] "GET /wp-content/plugins/sphinx/randkeyword.php HTTP/1.1" 404 9385 "-" "Mozilla/5.0 (Windows NT 10.0; Win64; x64) AppleWebKit/537.36 (KHTML, like Gecko) Chrome/120.0.0.0 Safari/537.36"
20.89.243.55 - - [27/Apr/2026:15:01:46 +0000] "GET /wp-content/plugins/ubh/1.php HTTP/1.1" 404 9376 "-" "Mozilla/5.0 (Windows NT 10.0; Win64; x64) AppleWebKit/537.36 (KHTML, like Gecko) Chrome/120.0.0.0 Safari/537.36"
20.89.243.55 - - [27/Apr/2026:15:01:47 +0000] "GET /wp-content/themes/autoload_classmap.php HTTP/1.1" 404 9382 "-" "Mozilla/5.0 (Windows NT 10.0; Win64; x64) AppleWebKit/537.36 (KHTML, like Gecko) Chrome/120.0.0.0 Safari/537.36"
20.89.243.55 - - [27/Apr/2026:15:01:48 +0000] "GET /wp-content/themes/digital-download/new.php HTTP/1.1" 404 9386 "-" "Mozilla/5.0 (Windows NT 10.0; Win64; x64) AppleWebKit/537.36 (KHTML, like Gecko) Chrome/120.0.0.0 Safari/537.36"
20.89.243.55 - - [27/Apr/2026:15:01:49 +0000] "GET /wp-content/themes/pridmag/1.php HTTP/1.1" 404 9378 "-" "Mozilla/5.0 (Windows NT 10.0; Win64; x64) AppleWebKit/537.36 (KHTML, like Gecko) Chrome/120.0.0.0 Safari/537.36"
20.89.243.55 - - [27/Apr/2026:15:01:49 +0000] "GET /wp-content/themes/seotheme/mar.php HTTP/1.1" 404 9378 "-" "Mozilla/5.0 (Windows NT 10.0; Win64; x64) AppleWebKit/537.36 (KHTML, like Gecko) Chrome/120.0.0.0 Safari/537.36"
20.89.243.55 - - [27/Apr/2026:15:01:50 +0000] "GET /wp-content/upgrade/about.php HTTP/1.1" 404 9377 "-" "Mozilla/5.0 (Windows NT 10.0; Win64; x64) AppleWebKit/537.36 (KHTML, like Gecko) Chrome/120.0.0.0 Safari/537.36"
20.89.243.55 - - [27/Apr/2026:15:01:51 +0000] "GET /wp-content/upgrade/autoload_classmap.php HTTP/1.1" 404 9385 "-" "Mozilla/5.0 (Windows NT 10.0; Win64; x64) AppleWebKit/537.36 (KHTML, like Gecko) Chrome/120.0.0.0 Safari/537.36"
20.89.243.55 - - [27/Apr/2026:15:01:52 +0000] "GET /wp-content/uploads/chosen.php HTTP/1.1" 404 9376 "-" "Mozilla/5.0 (Windows NT 10.0; Win64; x64) AppleWebKit/537.36 (KHTML, like Gecko) Chrome/120.0.0.0 Safari/537.36"
20.89.243.55 - - [27/Apr/2026:15:01:53 +0000] "GET /wp-content/x/index.php HTTP/1.1" 301 - "-" "Mozilla/5.0 (Windows NT 10.0; Win64; x64) AppleWebKit/537.36 (KHTML, like Gecko) Chrome/120.0.0.0 Safari/537.36"
20.89.243.55 - - [27/Apr/2026:15:01:54 +0000] "GET /wp-includes/ID3/autoload_classmap.php HTTP/1.1" 404 9385 "-" "Mozilla/5.0 (Windows NT 10.0; Win64; x64) AppleWebKit/537.36 (KHTML, like Gecko) Chrome/120.0.0.0 Safari/537.36"
20.89.243.55 - - [27/Apr/2026:15:01:55 +0000] "GET /wp-includes/ID3/berlin.php HTTP/1.1" 404 9380 "-" "Mozilla/5.0 (Windows NT 10.0; Win64; x64) AppleWebKit/537.36 (KHTML, like Gecko) Chrome/120.0.0.0 Safari/537.36"
20.89.243.55 - - [27/Apr/2026:15:01:56 +0000] "GET /wp-includes/ID3/index.php HTTP/1.1" 301 - "-" "Mozilla/5.0 (Windows NT 10.0; Win64; x64) AppleWebKit/537.36 (KHTML, like Gecko) Chrome/120.0.0.0 Safari/537.36"
20.89.243.55 - - [27/Apr/2026:15:01:57 +0000] "GET /wp-includes/IXR/autoload_classmap.php HTTP/1.1" 404 9387 "-" "Mozilla/5.0 (Windows NT 10.0; Win64; x64) AppleWebKit/537.36 (KHTML, like Gecko) Chrome/120.0.0.0 Safari/537.36"
20.89.243.55 - - [27/Apr/2026:15:01:58 +0000] "GET /wp-includes/PHPMailer/autoload_classmap.php HTTP/1.1" 404 9392 "-" "Mozilla/5.0 (Windows NT 10.0; Win64; x64) AppleWebKit/537.36 (KHTML, like Gecko) Chrome/120.0.0.0 Safari/537.36"
20.89.243.55 - - [27/Apr/2026:15:01:59 +0000] "GET /wp-includes/SimplePie/autoload_classmap.php HTTP/1.1" 404 9390 "-" "Mozilla/5.0 (Windows NT 10.0; Win64; x64) AppleWebKit/537.36 (KHTML, like Gecko) Chrome/120.0.0.0 Safari/537.36"
20.89.243.55 - - [27/Apr/2026:15:02:00 +0000] "GET /wp-includes/Text/autoload_classmap.php HTTP/1.1" 404 9385 "-" "Mozilla/5.0 (Windows NT 10.0; Win64; x64) AppleWebKit/537.36 (KHTML, like Gecko) Chrome/120.0.0.0 Safari/537.36"
20.89.243.55 - - [27/Apr/2026:15:02:01 +0000] "GET /wp-includes/Text/autoload_classmap.php HTTP/1.1" 404 9385 "-" "Mozilla/5.0 (Windows NT 10.0; Win64; x64) AppleWebKit/537.36 (KHTML, like Gecko) Chrome/120.0.0.0 Safari/537.36"
20.89.243.55 - - [27/Apr/2026:15:02:03 +0000] "GET /wp-includes/assets/autoload_classmap.php HTTP/1.1" 404 9385 "-" "Mozilla/5.0 (Windows NT 10.0; Win64; x64) AppleWebKit/537.36 (KHTML, like Gecko) Chrome/120.0.0.0 Safari/537.36"
20.89.243.55 - - [27/Apr/2026:15:02:04 +0000] "GET /wp-includes/assets/index.php HTTP/1.1" 301 - "-" "Mozilla/5.0 (Windows NT 10.0; Win64; x64) AppleWebKit/537.36 (KHTML, like Gecko) Chrome/120.0.0.0 Safari/537.36"
20.89.243.55 - - [27/Apr/2026:15:02:05 +0000] "GET /wp-includes/block-supports/autoload_classmap.php HTTP/1.1" 404 9389 "-" "Mozilla/5.0 (Windows NT 10.0; Win64; x64) AppleWebKit/537.36 (KHTML, like Gecko) Chrome/120.0.0.0 Safari/537.36"
20.89.243.55 - - [27/Apr/2026:15:02:06 +0000] "GET /wp-includes/block-supports/index.php HTTP/1.1" 301 - "-" "Mozilla/5.0 (Windows NT 10.0; Win64; x64) AppleWebKit/537.36 (KHTML, like Gecko) Chrome/120.0.0.0 Safari/537.36"
20.89.243.55 - - [27/Apr/2026:15:02:07 +0000] "GET /wp-includes/blocks/autoload_classmap.php HTTP/1.1" 404 9386 "-" "Mozilla/5.0 (Windows NT 10.0; Win64; x64) AppleWebKit/537.36 (KHTML, like Gecko) Chrome/120.0.0.0 Safari/537.36"
20.89.243.55 - - [27/Apr/2026:15:02:08 +0000] "GET /wp-includes/certificates/wp-login.php HTTP/1.1" 404 9385 "-" "Mozilla/5.0 (Windows NT 10.0; Win64; x64) AppleWebKit/537.36 (KHTML, like Gecko) Chrome/120.0.0.0 Safari/537.36"
20.89.243.55 - - [27/Apr/2026:15:02:09 +0000] "GET /wp-includes/css/thems.php HTTP/1.1" 404 9376 "-" "Mozilla/5.0 (Windows NT 10.0; Win64; x64) AppleWebKit/537.36 (KHTML, like Gecko) Chrome/120.0.0.0 Safari/537.36"
20.89.243.55 - - [27/Apr/2026:15:02:10 +0000] "GET /wp-includes/defaults.php HTTP/1.1" 404 9376 "-" "Mozilla/5.0 (Windows NT 10.0; Win64; x64) AppleWebKit/537.36 (KHTML, like Gecko) Chrome/120.0.0.0 Safari/537.36"
20.89.243.55 - - [27/Apr/2026:15:02:11 +0000] "GET /wp-includes/fonts/index.php HTTP/1.1" 301 - "-" "Mozilla/5.0 (Windows NT 10.0; Win64; x64) AppleWebKit/537.36 (KHTML, like Gecko) Chrome/120.0.0.0 Safari/537.36"
20.89.243.55 - - [27/Apr/2026:15:02:12 +0000] "GET /wp-includes/images/autoload_classmap.php HTTP/1.1" 404 9385 "-" "Mozilla/5.0 (Windows NT 10.0; Win64; x64) AppleWebKit/537.36 (KHTML, like Gecko) Chrome/120.0.0.0 Safari/537.36"
20.89.243.55 - - [27/Apr/2026:15:02:13 +0000] "GET /wp-includes/js/jcrop/Jcrop.php HTTP/1.1" 404 9377 "-" "Mozilla/5.0 (Windows NT 10.0; Win64; x64) AppleWebKit/537.36 (KHTML, like Gecko) Chrome/120.0.0.0 Safari/537.36"
20.89.243.55 - - [27/Apr/2026:15:02:13 +0000] "GET /wp-includes/rest-api/autoload_classmap.php HTTP/1.1" 404 9389 "-" "Mozilla/5.0 (Windows NT 10.0; Win64; x64) AppleWebKit/537.36 (KHTML, like Gecko) Chrome/120.0.0.0 Safari/537.36"
20.89.243.55 - - [27/Apr/2026:15:02:14 +0000] "GET /wp-includes/style-engine/autoload_classmap.php HTTP/1.1" 404 9389 "-" "Mozilla/5.0 (Windows NT 10.0; Win64; x64) AppleWebKit/537.36 (KHTML, like Gecko) Chrome/120.0.0.0 Safari/537.36"
20.89.243.55 - - [27/Apr/2026:15:02:15 +0000] "GET /wp-includes/widgets/include.php HTTP/1.1" 404 9377 "-" "Mozilla/5.0 (Windows NT 10.0; Win64; x64) AppleWebKit/537.36 (KHTML, like Gecko) Chrome/120.0.0.0 Safari/537.36"
20.89.243.55 - - [27/Apr/2026:15:02:16 +0000] "GET /wp-mail.php HTTP/1.1" 403 1060 "-" "Mozilla/5.0 (Windows NT 10.0; Win64; x64) AppleWebKit/537.36 (KHTML, like Gecko) Chrome/120.0.0.0 Safari/537.36"
20.89.243.55 - - [27/Apr/2026:15:02:17 +0000] "GET /wp.php HTTP/1.1" 404 9371 "-" "Mozilla/5.0 (Windows NT 10.0; Win64; x64) AppleWebKit/537.36 (KHTML, like Gecko) Chrome/120.0.0.0 Safari/537.36"
20.89.243.55 - - [27/Apr/2026:15:02:18 +0000] "GET /wp/xleet.php HTTP/1.1" 404 9375 "-" "Mozilla/5.0 (Windows NT 10.0; Win64; x64) AppleWebKit/537.36 (KHTML, like Gecko) Chrome/120.0.0.0 Safari/537.36"
20.89.243.55 - - [27/Apr/2026:15:02:19 +0000] "GET /wsa.php HTTP/1.1" 404 9371 "-" "Mozilla/5.0 (Windows NT 10.0; Win64; x64) AppleWebKit/537.36 (KHTML, like Gecko) Chrome/120.0.0.0 Safari/537.36"
20.89.243.55 - - [27/Apr/2026:15:02:19 +0000] "GET /x/index.php HTTP/1.1" 301 - "-" "Mozilla/5.0 (Windows NT 10.0; Win64; x64) AppleWebKit/537.36 (KHTML, like Gecko) Chrome/120.0.0.0 Safari/537.36"
20.89.243.55 - - [27/Apr/2026:15:02:20 +0000] "GET /xl2023.php.php HTTP/1.1" 404 9376 "-" "Mozilla/5.0 (Windows NT 10.0; Win64; x64) AppleWebKit/537.36 (KHTML, like Gecko) Chrome/120.0.0.0 Safari/537.36"
20.89.243.55 - - [27/Apr/2026:15:02:21 +0000] "GET /xleet.php HTTP/1.1" 404 9373 "-" "Mozilla/5.0 (Windows NT 10.0; Win64; x64) AppleWebKit/537.36 (KHTML, like Gecko) Chrome/120.0.0.0 Safari/537.36"
20.89.243.55 - - [27/Apr/2026:15:02:22 +0000] "GET /xxx.php HTTP/1.1" 404 9373 "-" "Mozilla/5.0 (Windows NT 10.0; Win64; x64) AppleWebKit/537.36 (KHTML, like Gecko) Chrome/120.0.0.0 Safari/537.36"
20.89.243.55 - - [27/Apr/2026:15:02:23 +0000] "GET /y.php HTTP/1.1" 404 9371 "-" "Mozilla/5.0 (Windows NT 10.0; Win64; x64) AppleWebKit/537.36 (KHTML, like Gecko) Chrome/120.0.0.0 Safari/537.36"
85.117.122.71 - - [27/Apr/2026:15:04:40 +0000] "GET /blog/page/10/ HTTP/1.1" 301 - "-" "Mozilla/5.0 (Macintosh; Intel Mac OS X 11.6; rv:135.0) Gecko/20100101 Firefox/135.0"
85.117.122.71 - - [27/Apr/2026:15:04:41 +0000] "GET /blog-like-a-pro-tips-and-tricks-for-using-wordpress/ HTTP/1.1" 200 14469 "-" "Mozilla/5.0 (Macintosh; Intel Mac OS X 11.6; rv:135.0) Gecko/20100101 Firefox/135.0"
184.94.212.206 - - [27/Apr/2026:15:06:24 +0000] "POST /wp-cron.php?doing_wp_cron=1777302384.8071749210357666015625 HTTP/1.1" 200 - "-" "WordPress/6.9.4; https://2-createawebsite.com"
192.0.102.230 - - [27/Apr/2026:15:06:23 +0000] "HEAD / HTTP/1.1" 200 - "-" "jetmon/1.0 (Jetpack Site Uptime Monitor by WordPress.com)"
114.119.140.50 - - [27/Apr/2026:15:07:38 +0000] "GET /simple-steps-to-help-you-better-understand-wordpress/?share=x HTTP/1.1" 302 - "https://2-createawebsite.com/simple-steps-to-help-you-better-understand-wordpress/" "Mozilla/5.0 (Linux; Android 7.0;) AppleWebKit/537.36 (HTML, like Gecko) Mobile Safari/537.36 (compatible; PetalBot;+https://webmaster.petalsearch.com/site/petalbot)"
111.225.148.184 - - [27/Apr/2026:15:10:52 +0000] "GET / HTTP/1.1" 200 13672 "-" "Mozilla/5.0 (Linux; Android 5.0) AppleWebKit/537.36 (KHTML, like Gecko) Mobile Safari/537.36 (compatible; Bytespider; https://zhanzhang.toutiao.com/)"
111.225.148.184 - - [27/Apr/2026:15:10:54 +0000] "GET /wp-content/themes/signify-education/style.css?ver=20260103-12349 HTTP/1.1" 200 3467 "https://2-createawebsite.com/" "Mozilla/5.0 (Linux; Android 5.0) AppleWebKit/537.36 (KHTML, like Gecko) Mobile Safari/537.36 (compatible; Bytespider; https://zhanzhang.toutiao.com/)"
111.225.148.184 - - [27/Apr/2026:15:10:54 +0000] "GET /wp-content/themes/signify/style.css?ver=20260103-12350 HTTP/1.1" 200 51251 "https://2-createawebsite.com/" "Mozilla/5.0 (Linux; Android 5.0) AppleWebKit/537.36 (KHTML, like Gecko) Mobile Safari/537.36 (compatible; Bytespider; https://zhanzhang.toutiao.com/)"
111.225.148.29 - - [27/Apr/2026:15:10:55 +0000] "GET /wp-content/themes/signify-education/assets/css/child-blocks.css?ver=20260103-12349 HTTP/1.1" 200 378 "https://2-createawebsite.com/" "Mozilla/5.0 (Linux; Android 5.0) AppleWebKit/537.36 (KHTML, like Gecko) Mobile Safari/537.36 (compatible; Bytespider; https://zhanzhang.toutiao.com/)"
111.225.148.139 - - [27/Apr/2026:15:10:55 +0000] "GET /wp-content/themes/signify/css/blocks.css?ver=1.0 HTTP/1.1" 200 3194 "https://2-createawebsite.com/" "Mozilla/5.0 (Linux; Android 5.0) AppleWebKit/537.36 (KHTML, like Gecko) Mobile Safari/537.36 (compatible; Bytespider; https://zhanzhang.toutiao.com/)"
111.225.148.29 - - [27/Apr/2026:15:10:55 +0000] "GET /wp-content/themes/signify/css/font-awesome/css/all.min.css?ver=6.7.2 HTTP/1.1" 200 21501 "https://2-createawebsite.com/" "Mozilla/5.0 (Linux; Android 5.0) AppleWebKit/537.36 (KHTML, like Gecko) Mobile Safari/537.36 (compatible; Bytespider; https://zhanzhang.toutiao.com/)"
111.225.148.139 - - [27/Apr/2026:15:10:55 +0000] "GET /wp-content/fonts/b3bf202777806a0a97792dd5a26c47ec.css HTTP/1.1" 200 1697 "https://2-createawebsite.com/" "Mozilla/5.0 (Linux; Android 5.0) AppleWebKit/537.36 (KHTML, like Gecko) Mobile Safari/537.36 (compatible; Bytespider; https://zhanzhang.toutiao.com/)"
111.225.148.139 - - [27/Apr/2026:15:10:55 +0000] "GET /wp-content/themes/signify-education/assets/images/header-image-education.jpg HTTP/1.1" 206 500 "https://2-createawebsite.com/" "Mozilla/5.0 (Linux; Android 5.0) AppleWebKit/537.36 (KHTML, like Gecko) Mobile Safari/537.36 (compatible; Bytespider; https://zhanzhang.toutiao.com/)"
184.94.212.206 - - [27/Apr/2026:15:10:55 +0000] "POST /wp-cron.php?doing_wp_cron=1777302655.9456241130828857421875 HTTP/1.1" 200 - "-" "WordPress/6.9.4; https://2-createawebsite.com"
111.225.148.27 - - [27/Apr/2026:15:10:55 +0000] "GET /robots.txt HTTP/1.1" 200 125 "-" "Mozilla/5.0 (Linux; Android 5.0) AppleWebKit/537.36 (KHTML, like Gecko) Mobile Safari/537.36 (compatible; Bytespider; https://zhanzhang.toutiao.com/)"
192.0.112.244 - - [27/Apr/2026:15:10:55 +0000] "GET /wp-content/uploads/2020/05/great_tips_for_getting_more_out_of_wordpress-1.jpg HTTP/1.1" 404 36239 "-" "Photon/1.0"
192.0.114.18 - - [27/Apr/2026:15:10:55 +0000] "GET /wp-content/uploads/2020/05/tips_and_tricks_for_improving_your_wordpress_skills-1.jpg HTTP/1.1" 404 36246 "-" "Photon/1.0"
111.225.148.29 - - [27/Apr/2026:15:10:56 +0000] "GET /wp-content/themes/signify/js/skip-link-focus-fix.min.js?ver=201800703 HTTP/1.1" 200 298 "https://2-createawebsite.com/" "Mozilla/5.0 (Linux; Android 5.0) AppleWebKit/537.36 (KHTML, like Gecko) Mobile Safari/537.36 (compatible; Bytespider; https://zhanzhang.toutiao.com/)"
192.0.112.212 - - [27/Apr/2026:15:10:55 +0000] "GET /wp-content/uploads/2020/05/how_to_maximize_your_experience_while_using_wordpress.jpg HTTP/1.1" 404 36246 "-" "Photon/1.0"
111.225.148.29 - - [27/Apr/2026:15:10:56 +0000] "GET /wp-content/themes/signify/js/functions.min.js?ver=201800703 HTTP/1.1" 200 2530 "https://2-createawebsite.com/" "Mozilla/5.0 (Linux; Android 5.0) AppleWebKit/537.36 (KHTML, like Gecko) Mobile Safari/537.36 (compatible; Bytespider; https://zhanzhang.toutiao.com/)"
111.225.148.29 - - [27/Apr/2026:15:10:57 +0000] "GET /wp-content/plugins/google-site-kit/dist/assets/js/googlesitekit-consent-mode-bc2e26cfa69fcd4a8261.js HTTP/1.1" 200 25395 "https://2-createawebsite.com/" "Mozilla/5.0 (Linux; Android 5.0) AppleWebKit/537.36 (KHTML, like Gecko) Mobile Safari/537.36 (compatible; Bytespider; https://zhanzhang.toutiao.com/)"
111.225.148.139 - - [27/Apr/2026:15:10:57 +0000] "GET /wp-content/plugins/wp-consent-api/assets/js/wp-consent-api.min.js?ver=2.0.1 HTTP/1.1" 200 822 "https://2-createawebsite.com/" "Mozilla/5.0 (Linux; Android 5.0) AppleWebKit/537.36 (KHTML, like Gecko) Mobile Safari/537.36 (compatible; Bytespider; https://zhanzhang.toutiao.com/)"
184.94.212.206 - - [27/Apr/2026:15:10:58 +0000] "POST /wp-cron.php?doing_wp_cron=1777302658.3640329837799072265625 HTTP/1.1" 200 - "-" "WordPress/6.9.4; https://2-createawebsite.com"
192.0.112.210 - - [27/Apr/2026:15:10:57 +0000] "GET /wp-content/uploads/2020/05/top_tips_and_tricks_to_use_wordpress.jpg HTTP/1.1" 404 36229 "-" "Photon/1.0"
192.0.116.148 - - [27/Apr/2026:15:10:57 +0000] "GET /wp-content/uploads/2020/05/helpful_hints_for_using_wordpress_successfully.jpg HTTP/1.1" 404 36239 "-" "Photon/1.0"
192.0.113.20 - - [27/Apr/2026:15:10:57 +0000] "GET /wp-content/uploads/2020/05/top_tips_and_tricks_to_use_wordpress-1.jpg HTTP/1.1" 404 36231 "-" "Photon/1.0"
192.0.102.230 - - [27/Apr/2026:15:11:19 +0000] "HEAD / HTTP/1.1" 200 - "-" "jetmon/1.0 (Jetpack Site Uptime Monitor by WordPress.com)"
47.128.42.100 - - [27/Apr/2026:15:11:45 +0000] "-" 408 - "-" "-"
47.128.42.100 - - [27/Apr/2026:15:11:45 +0000] "-" 408 - "-" "-"
47.128.42.100 - - [27/Apr/2026:15:11:45 +0000] "-" 408 - "-" "-"
47.128.42.100 - - [27/Apr/2026:15:11:45 +0000] "-" 408 - "-" "-"
216.73.217.37 - - [27/Apr/2026:15:12:20 +0000] "GET /robots.txt HTTP/1.1" 200 125 "-" "Mozilla/5.0 AppleWebKit/537.36 (KHTML, like Gecko; compatible; ClaudeBot/1.0; +claudebot@anthropic.com)"
216.73.217.37 - - [27/Apr/2026:15:12:21 +0000] "GET /sitemap.xml HTTP/1.1" 200 307 "-" "Mozilla/5.0 AppleWebKit/537.36 (KHTML, like Gecko; compatible; ClaudeBot/1.0; +claudebot@anthropic.com)"
114.119.140.13 - - [27/Apr/2026:15:13:51 +0000] "GET /simple-steps-to-help-you-better-understand-wordpress-4/?share=facebook HTTP/1.1" 302 - "https://2-createawebsite.com/simple-steps-to-help-you-better-understand-wordpress-4/" "Mozilla/5.0 (Linux; Android 7.0;) AppleWebKit/537.36 (HTML, like Gecko) Mobile Safari/537.36 (compatible; PetalBot;+https://webmaster.petalsearch.com/site/petalbot)"
188.166.116.140 - - [27/Apr/2026:15:14:26 +0000] "GET / HTTP/1.1" 200 13643 "-" "Mozilla/5.0 (X11; Linux x86_64) AppleWebKit/537.36 (KHTML, like Gecko) Chrome/142.0.0.0 Safari/537.36"
184.94.212.206 - - [27/Apr/2026:15:16:21 +0000] "POST /wp-cron.php?doing_wp_cron=1777302981.8782739639282226562500 HTTP/1.1" 200 - "-" "WordPress/6.9.4; https://2-createawebsite.com"
192.0.102.230 - - [27/Apr/2026:15:16:20 +0000] "HEAD / HTTP/1.1" 200 - "-" "jetmon/1.0 (Jetpack Site Uptime Monitor by WordPress.com)"
52.167.144.191 - - [27/Apr/2026:15:17:29 +0000] "GET /sitemap.xml HTTP/1.1" 200 307 "-" "Mozilla/5.0 AppleWebKit/537.36 (KHTML, like Gecko; compatible; bingbot/2.0; +http://www.bing.com/bingbot.htm) Chrome/116.0.1938.76 Safari/537.36"
47.128.22.201 - - [27/Apr/2026:15:18:01 +0000] "-" 408 - "-" "-"
114.119.145.7 - - [27/Apr/2026:15:19:40 +0000] "GET /simple-steps-to-help-you-better-understand-wordpress-4/ HTTP/1.1" 200 15147 "https://2-createawebsite.com/wordpress-tips-and-tricks-straight-from-the-pros-2/" "Mozilla/5.0 (Linux; Android 7.0;) AppleWebKit/537.36 (HTML, like Gecko) Mobile Safari/537.36 (compatible; PetalBot;+https://webmaster.petalsearch.com/site/petalbot)"
184.94.212.206 - - [27/Apr/2026:15:21:03 +0000] "POST /wp-cron.php?doing_wp_cron=1777303263.8353888988494873046875 HTTP/1.1" 200 - "-" "WordPress/6.9.4; https://2-createawebsite.com"
216.73.217.37 - - [27/Apr/2026:15:21:02 +0000] "GET /news-sitemap.xml HTTP/1.1" 200 313 "-" "Mozilla/5.0 AppleWebKit/537.36 (KHTML, like Gecko; compatible; ClaudeBot/1.0; +claudebot@anthropic.com)"
184.94.212.206 - - [27/Apr/2026:15:21:19 +0000] "POST /wp-cron.php?doing_wp_cron=1777303279.2398879528045654296875 HTTP/1.1" 200 - "-" "WordPress/6.9.4; https://2-createawebsite.com"
57.141.18.77 - - [27/Apr/2026:15:21:18 +0000] "GET /need-help-understanding-wordpress-try-these-tips-3/ HTTP/1.1" 200 53577 "-" "meta-externalagent/1.1 (+https://developers.facebook.com/docs/sharing/webmasters/crawler)"
192.0.102.230 - - [27/Apr/2026:15:21:20 +0000] "HEAD / HTTP/1.1" 200 - "-" "jetmon/1.0 (Jetpack Site Uptime Monitor by WordPress.com)"
184.94.212.206 - - [27/Apr/2026:15:23:45 +0000] "POST /wp-cron.php?doing_wp_cron=1777303425.0307259559631347656250 HTTP/1.1" 200 - "-" "WordPress/6.9.4; https://2-createawebsite.com"
47.79.150.4 - - [27/Apr/2026:15:23:43 +0000] "POST /cgi-bin/.%2e/.%2e/.%2e/.%2e/.%2e/.%2e/.%2e/.%2e/.%2e/.%2e/bin/sh HTTP/1.1" 301 - "-" "libredtail-http"
184.94.212.206 - - [27/Apr/2026:15:25:54 +0000] "POST /wp-cron.php?doing_wp_cron=1777303554.6062040328979492187500 HTTP/1.1" 200 - "-" "WordPress/6.9.4; https://2-createawebsite.com"
114.119.140.13 - - [27/Apr/2026:15:25:53 +0000] "GET /simple-steps-to-help-you-better-understand-wordpress-3?share=x HTTP/1.1" 302 - "https://2-createawebsite.com/simple-steps-to-help-you-better-understand-wordpress-3" "Mozilla/5.0 (Linux; Android 7.0;) AppleWebKit/537.36 (HTML, like Gecko) Mobile Safari/537.36 (compatible; PetalBot;+https://webmaster.petalsearch.com/site/petalbot)"
184.94.212.206 - - [27/Apr/2026:15:26:23 +0000] "POST /wp-cron.php?doing_wp_cron=1777303583.0506680011749267578125 HTTP/1.1" 200 - "-" "WordPress/6.9.4; https://2-createawebsite.com"
192.0.102.230 - - [27/Apr/2026:15:26:22 +0000] "HEAD / HTTP/1.1" 200 - "-" "jetmon/1.0 (Jetpack Site Uptime Monitor by WordPress.com)"
57.141.18.76 - - [27/Apr/2026:15:30:16 +0000] "GET /5fe7d5444851b108f5d08460962d317f153fc3e45656704d722e73d69f_640-jpg/ HTTP/1.1" 200 45636 "-" "meta-externalagent/1.1 (+https://developers.facebook.com/docs/sharing/webmasters/crawler)"
184.94.212.206 - - [27/Apr/2026:15:31:22 +0000] "POST /wp-cron.php?doing_wp_cron=1777303882.4517490863800048828125 HTTP/1.1" 200 - "-" "WordPress/6.9.4; https://2-createawebsite.com"
192.0.102.230 - - [27/Apr/2026:15:31:21 +0000] "HEAD / HTTP/1.1" 200 - "-" "jetmon/1.0 (Jetpack Site Uptime Monitor by WordPress.com)"
114.119.145.7 - - [27/Apr/2026:15:31:49 +0000] "GET /simple-steps-to-help-you-better-understand-wordpress-3?share=facebook HTTP/1.1" 302 - "https://2-createawebsite.com/simple-steps-to-help-you-better-understand-wordpress-3" "Mozilla/5.0 (Linux; Android 7.0;) AppleWebKit/537.36 (HTML, like Gecko) Mobile Safari/537.36 (compatible; PetalBot;+https://webmaster.petalsearch.com/site/petalbot)"
194.195.210.47 - - [27/Apr/2026:15:34:42 +0000] "GET / HTTP/1.0" 400 76981 "-" "-"
47.128.111.109 - - [27/Apr/2026:15:34:59 +0000] "-" 408 - "-" "-"
47.128.111.109 - - [27/Apr/2026:15:34:59 +0000] "-" 408 - "-" "-"
184.94.212.206 - - [27/Apr/2026:15:36:11 +0000] "POST /wp-cron.php?doing_wp_cron=1777304171.0400218963623046875000 HTTP/1.1" 200 - "-" "WordPress/6.9.4; https://2-createawebsite.com"
5.133.192.138 - - [27/Apr/2026:15:36:09 +0000] "GET / HTTP/1.1" 200 13672 "-" "Mozilla/5.0 (Windows NT 10.0; Win64; x64) AppleWebKit/537.36 (KHTML, like Gecko) Chrome/105.0.0.0 Safari/537.36"
14.244.44.158 - - [27/Apr/2026:15:36:12 +0000] "GET /wordpress-tips-and-advice-for-any-level-of-user-2/ HTTP/1.1" 200 15196 "-" "Mozilla/5.0 (Windows NT 10.0; Win64; x64) AppleWebKit/537.36 (KHTML, like Gecko) Chrome/90.0.4430.93 Safari/537.36"
192.0.102.230 - - [27/Apr/2026:15:36:23 +0000] "HEAD / HTTP/1.1" 200 - "-" "jetmon/1.0 (Jetpack Site Uptime Monitor by WordPress.com)"
114.119.155.153 - - [27/Apr/2026:15:37:50 +0000] "GET /simple-steps-to-help-you-better-understand-wordpress-2?share=facebook HTTP/1.1" 302 - "https://2-createawebsite.com/simple-steps-to-help-you-better-understand-wordpress-2" "Mozilla/5.0 (Linux; Android 7.0;) AppleWebKit/537.36 (HTML, like Gecko) Mobile Safari/537.36 (compatible; PetalBot;+https://webmaster.petalsearch.com/site/petalbot)"
216.75.132.247 - - [27/Apr/2026:15:38:57 +0000] "GET /wp-json/oembed/1.0/embed?url=https%3A%2F%2F2-createawebsite.com%2Fexpert-advice-on-getting-wordpress-to-work-for-you-2%2F HTTP/1.1" 200 1221 "-" "Mozilla/5.0 (Macintosh; Intel Mac OS X 10_15_7) AppleWebKit/537.36 (KHTML, like Gecko) Chrome/135.0.0.0 Safari/537.36"
44.215.61.66 - - [27/Apr/2026:15:40:05 +0000] "GET /wp-json/wp/v2/posts/377 HTTP/1.1" 200 4417 "-" "Mozilla/5.0 AppleWebKit/537.36 (KHTML, like Gecko; compatible; Amazonbot/0.1; +https://developer.amazon.com/support/amazonbot) Chrome/119.0.6045.214 Safari/537.36"
192.0.102.230 - - [27/Apr/2026:15:41:22 +0000] "HEAD / HTTP/1.1" 200 - "-" "jetmon/1.0 (Jetpack Site Uptime Monitor by WordPress.com)"
185.191.171.10 - - [27/Apr/2026:15:43:02 +0000] "GET /tag/meta-tags/ HTTP/1.1" 200 10237 "-" "Mozilla/5.0 (compatible; SemrushBot/7~bl; +http://www.semrush.com/bot.html)"
114.119.140.13 - - [27/Apr/2026:15:43:48 +0000] "GET /simple-steps-on-how-to-create-good-quality-web-design/?share=x HTTP/1.1" 302 - "https://2-createawebsite.com/simple-steps-on-how-to-create-good-quality-web-design/" "Mozilla/5.0 (Linux; Android 7.0;) AppleWebKit/537.36 (HTML, like Gecko) Mobile Safari/537.36 (compatible; PetalBot;+https://webmaster.petalsearch.com/site/petalbot)"
14.235.76.137 - - [27/Apr/2026:15:44:15 +0000] "GET /master-the-art-of-blogging-with-wordpress/?share=x HTTP/1.1" 302 - "-" "Mozilla/5.0 (Macintosh; Intel Mac OS X 11_3) AppleWebKit/537.36 (KHTML, like Gecko) Chrome/90.0.4430.93 Safari/537.36"
184.94.212.206 - - [27/Apr/2026:15:46:17 +0000] "POST /wp-cron.php?doing_wp_cron=1777304777.5086669921875000000000 HTTP/1.1" 200 - "-" "WordPress/6.9.4; https://2-createawebsite.com"
45.92.1.163 - - [27/Apr/2026:15:46:16 +0000] "<?xml version=\"1.0\"?><methodCall><methodName>system.multicall</methodName><params><param><value><array><data>" 404 36227 "-" "-"
192.0.102.230 - - [27/Apr/2026:15:46:21 +0000] "HEAD / HTTP/1.1" 200 - "-" "jetmon/1.0 (Jetpack Site Uptime Monitor by WordPress.com)"
188.166.10.195 - - [27/Apr/2026:15:47:14 +0000] "GET /backend/web/.git/config HTTP/1.1" 404 9382 "-" "Mozilla/5.0 (X11; Linux x86_64) AppleWebKit/537.36 (KHTML, like Gecko) Chrome/81.0.4044.129 Safari/537.36"
184.94.212.206 - - [27/Apr/2026:15:51:31 +0000] "POST /wp-cron.php?doing_wp_cron=1777305091.0925149917602539062500 HTTP/1.1" 200 - "-" "WordPress/6.9.4; https://2-createawebsite.com"
192.0.102.230 - - [27/Apr/2026:15:51:30 +0000] "HEAD / HTTP/1.1" 200 - "-" "jetmon/1.0 (Jetpack Site Uptime Monitor by WordPress.com)"
57.141.18.33 - - [27/Apr/2026:15:52:04 +0000] "GET /53e9d6454d51b108f5d08460962d317f153fc3e456567048742f7ed29e_640-jpg/ HTTP/1.1" 200 45770 "-" "meta-externalagent/1.1 (+https://developers.facebook.com/docs/sharing/webmasters/crawler)"
45.148.10.62 - - [27/Apr/2026:15:52:16 +0000] "GET / HTTP/1.1" 200 13644 "-" "Mozilla/5.0 (X11; Linux x86_64) AppleWebKit/537.36 (KHTML, like Gecko) Chrome/131.0.0.0 Safari/537.36"
45.148.10.62 - - [27/Apr/2026:15:52:18 +0000] "GET /wp-content/plugins/wp-consent-api/assets/js/wp-consent-api.min.js?ver=2.0.1 HTTP/1.1" 200 822 "-" "Mozilla/5.0 (X11; Linux x86_64) AppleWebKit/537.36 (KHTML, like Gecko) Chrome/131.0.0.0 Safari/537.36"
45.148.10.62 - - [27/Apr/2026:15:52:18 +0000] "GET /wp-content/themes/signify/js/skip-link-focus-fix.min.js?ver=201800703 HTTP/1.1" 200 298 "-" "Mozilla/5.0 (Macintosh; Intel Mac OS X 10_15_7) AppleWebKit/537.36 (KHTML, like Gecko) Chrome/131.0.0.0 Safari/537.36"
45.148.10.62 - - [27/Apr/2026:15:52:18 +0000] "GET /wp-content/plugins/google-site-kit/dist/assets/js/googlesitekit-consent-mode-bc2e26cfa69fcd4a8261.js HTTP/1.1" 200 25395 "-" "Mozilla/5.0 (Windows NT 10.0; Win64; x64; rv:133.0) Gecko/20100101 Firefox/133.0"
45.148.10.62 - - [27/Apr/2026:15:52:18 +0000] "GET /wp-content/themes/signify/js/functions.min.js?ver=201800703 HTTP/1.1" 200 2530 "-" "Mozilla/5.0 (X11; Linux x86_64) AppleWebKit/537.36 (KHTML, like Gecko) Chrome/131.0.0.0 Safari/537.36"
45.148.10.62 - - [27/Apr/2026:15:52:17 +0000] "GET / HTTP/1.1" 200 13643 "-" "Mozilla/5.0 (Windows NT 10.0; Win64; x64) AppleWebKit/537.36 (KHTML, like Gecko) Chrome/131.0.0.0 Safari/537.36"
45.148.10.62 - - [27/Apr/2026:15:52:18 +0000] "GET /.env HTTP/1.1" 404 9373 "-" "Mozilla/5.0 (Windows NT 10.0; Win64; x64; rv:133.0) Gecko/20100101 Firefox/133.0"
