4.193.118.98 - - [27/Apr/2026:20:12:16 +0000] "GET /themes.php HTTP/1.1" 404 9368 "-" "Mozilla/5.0 (Windows NT 10.0; Win64; x64) AppleWebKit/537.36 (KHTML, like Gecko) Chrome/120.0.0.0 Safari/537.36"
4.193.118.98 - - [27/Apr/2026:20:12:17 +0000] "GET /an.php HTTP/1.1" 404 9367 "-" "Mozilla/5.0 (Windows NT 10.0; Win64; x64) AppleWebKit/537.36 (KHTML, like Gecko) Chrome/120.0.0.0 Safari/537.36"
4.193.118.98 - - [27/Apr/2026:20:12:18 +0000] "GET /index/function.php HTTP/1.1" 404 9371 "-" "Mozilla/5.0 (Windows NT 10.0; Win64; x64) AppleWebKit/537.36 (KHTML, like Gecko) Chrome/120.0.0.0 Safari/537.36"
4.193.118.98 - - [27/Apr/2026:20:12:18 +0000] "GET /randkeyword.PhP7 HTTP/1.1" 404 9378 "-" "Mozilla/5.0 (Windows NT 10.0; Win64; x64) AppleWebKit/537.36 (KHTML, like Gecko) Chrome/120.0.0.0 Safari/537.36"
4.193.118.98 - - [27/Apr/2026:20:12:19 +0000] "GET /ws.php HTTP/1.1" 404 9368 "-" "Mozilla/5.0 (Windows NT 10.0; Win64; x64) AppleWebKit/537.36 (KHTML, like Gecko) Chrome/120.0.0.0 Safari/537.36"
4.193.118.98 - - [27/Apr/2026:20:12:20 +0000] "GET /404.php HTTP/1.1" 404 9370 "-" "Mozilla/5.0 (Windows NT 10.0; Win64; x64) AppleWebKit/537.36 (KHTML, like Gecko) Chrome/120.0.0.0 Safari/537.36"
4.193.118.98 - - [27/Apr/2026:20:12:21 +0000] "GET /wp-admin/user.php HTTP/1.1" 404 9372 "-" "Mozilla/5.0 (Windows NT 10.0; Win64; x64) AppleWebKit/537.36 (KHTML, like Gecko) Chrome/120.0.0.0 Safari/537.36"
4.193.118.98 - - [27/Apr/2026:20:12:22 +0000] "GET /wp-conf.php HTTP/1.1" 404 9369 "-" "Mozilla/5.0 (Windows NT 10.0; Win64; x64) AppleWebKit/537.36 (KHTML, like Gecko) Chrome/120.0.0.0 Safari/537.36"
4.193.118.98 - - [27/Apr/2026:20:12:23 +0000] "GET /wp-content/themes/hideo/network.php HTTP/1.1" 404 9379 "-" "Mozilla/5.0 (Windows NT 10.0; Win64; x64) AppleWebKit/537.36 (KHTML, like Gecko) Chrome/120.0.0.0 Safari/537.36"
4.193.118.98 - - [27/Apr/2026:20:12:24 +0000] "GET /wp-login.php HTTP/1.1" 200 2471 "-" "Mozilla/5.0 (Windows NT 10.0; Win64; x64) AppleWebKit/537.36 (KHTML, like Gecko) Chrome/120.0.0.0 Safari/537.36"
4.193.118.98 - - [27/Apr/2026:20:12:25 +0000] "GET /abc.php HTTP/1.1" 404 9368 "-" "Mozilla/5.0 (Windows NT 10.0; Win64; x64) AppleWebKit/537.36 (KHTML, like Gecko) Chrome/120.0.0.0 Safari/537.36"
4.193.118.98 - - [27/Apr/2026:20:12:27 +0000] "GET /abcd.php HTTP/1.1" 404 9369 "-" "Mozilla/5.0 (Windows NT 10.0; Win64; x64) AppleWebKit/537.36 (KHTML, like Gecko) Chrome/120.0.0.0 Safari/537.36"
4.193.118.98 - - [27/Apr/2026:20:12:28 +0000] "GET /as.php HTTP/1.1" 404 9367 "-" "Mozilla/5.0 (Windows NT 10.0; Win64; x64) AppleWebKit/537.36 (KHTML, like Gecko) Chrome/120.0.0.0 Safari/537.36"
4.193.118.98 - - [27/Apr/2026:20:12:29 +0000] "GET /wp-trackback.php HTTP/1.1" 404 130 "-" "Mozilla/5.0 (Windows NT 10.0; Win64; x64) AppleWebKit/537.36 (KHTML, like Gecko) Chrome/120.0.0.0 Safari/537.36"
4.193.118.98 - - [27/Apr/2026:20:12:30 +0000] "GET /about.php HTTP/1.1" 404 9367 "-" "Mozilla/5.0 (Windows NT 10.0; Win64; x64) AppleWebKit/537.36 (KHTML, like Gecko) Chrome/120.0.0.0 Safari/537.36"
4.193.118.98 - - [27/Apr/2026:20:12:30 +0000] "GET /file.php HTTP/1.1" 404 9369 "-" "Mozilla/5.0 (Windows NT 10.0; Win64; x64) AppleWebKit/537.36 (KHTML, like Gecko) Chrome/120.0.0.0 Safari/537.36"
4.193.118.98 - - [27/Apr/2026:20:12:31 +0000] "GET /adminfuns.php HTTP/1.1" 404 9371 "-" "Mozilla/5.0 (Windows NT 10.0; Win64; x64) AppleWebKit/537.36 (KHTML, like Gecko) Chrome/120.0.0.0 Safari/537.36"
4.193.118.98 - - [27/Apr/2026:20:12:32 +0000] "GET /wp-good.php HTTP/1.1" 404 9371 "-" "Mozilla/5.0 (Windows NT 10.0; Win64; x64) AppleWebKit/537.36 (KHTML, like Gecko) Chrome/120.0.0.0 Safari/537.36"
4.193.118.98 - - [27/Apr/2026:20:12:33 +0000] "GET /xmlrpc.php HTTP/1.1" 404 9367 "-" "Mozilla/5.0 (Windows NT 10.0; Win64; x64) AppleWebKit/537.36 (KHTML, like Gecko) Chrome/120.0.0.0 Safari/537.36"
4.193.118.98 - - [27/Apr/2026:20:12:34 +0000] "GET /goods.php HTTP/1.1" 404 9369 "-" "Mozilla/5.0 (Windows NT 10.0; Win64; x64) AppleWebKit/537.36 (KHTML, like Gecko) Chrome/120.0.0.0 Safari/537.36"
4.193.118.98 - - [27/Apr/2026:20:12:35 +0000] "GET /class-t.api.php HTTP/1.1" 404 9372 "-" "Mozilla/5.0 (Windows NT 10.0; Win64; x64) AppleWebKit/537.36 (KHTML, like Gecko) Chrome/120.0.0.0 Safari/537.36"
4.193.118.98 - - [27/Apr/2026:20:12:36 +0000] "GET /sf.php HTTP/1.1" 404 9368 "-" "Mozilla/5.0 (Windows NT 10.0; Win64; x64) AppleWebKit/537.36 (KHTML, like Gecko) Chrome/120.0.0.0 Safari/537.36"
4.193.118.98 - - [27/Apr/2026:20:12:37 +0000] "GET /kbfr.php HTTP/1.1" 404 9370 "-" "Mozilla/5.0 (Windows NT 10.0; Win64; x64) AppleWebKit/537.36 (KHTML, like Gecko) Chrome/120.0.0.0 Safari/537.36"
4.193.118.98 - - [27/Apr/2026:20:12:38 +0000] "GET /autoload_classmap.php HTTP/1.1" 404 9377 "-" "Mozilla/5.0 (Windows NT 10.0; Win64; x64) AppleWebKit/537.36 (KHTML, like Gecko) Chrome/120.0.0.0 Safari/537.36"
4.193.118.98 - - [27/Apr/2026:20:12:39 +0000] "GET /chosen.php?p= HTTP/1.1" 301 - "-" "Mozilla/5.0 (Windows NT 10.0; Win64; x64) AppleWebKit/537.36 (KHTML, like Gecko) Chrome/120.0.0.0 Safari/537.36"
4.193.118.98 - - [27/Apr/2026:20:12:40 +0000] "GET /classwithtostring.php HTTP/1.1" 404 9374 "-" "Mozilla/5.0 (Windows NT 10.0; Win64; x64) AppleWebKit/537.36 (KHTML, like Gecko) Chrome/120.0.0.0 Safari/537.36"
4.193.118.98 - - [27/Apr/2026:20:12:41 +0000] "GET /defaults.php HTTP/1.1" 404 9370 "-" "Mozilla/5.0 (Windows NT 10.0; Win64; x64) AppleWebKit/537.36 (KHTML, like Gecko) Chrome/120.0.0.0 Safari/537.36"
4.193.118.98 - - [27/Apr/2026:20:12:42 +0000] "GET /.well-known/ HTTP/1.1" 404 9374 "-" "Mozilla/5.0 (Windows NT 10.0; Win64; x64) AppleWebKit/537.36 (KHTML, like Gecko) Chrome/120.0.0.0 Safari/537.36"
4.193.118.98 - - [27/Apr/2026:20:12:43 +0000] "GET /info.php HTTP/1.1" 404 9367 "-" "Mozilla/5.0 (Windows NT 10.0; Win64; x64) AppleWebKit/537.36 (KHTML, like Gecko) Chrome/120.0.0.0 Safari/537.36"
4.193.118.98 - - [27/Apr/2026:20:12:44 +0000] "GET /cgi-bin/ HTTP/1.1" 404 9371 "-" "Mozilla/5.0 (Windows NT 10.0; Win64; x64) AppleWebKit/537.36 (KHTML, like Gecko) Chrome/120.0.0.0 Safari/537.36"
4.193.118.98 - - [27/Apr/2026:20:12:45 +0000] "GET /wp-includes/Requests/src/Response/about.php HTTP/1.1" 404 9384 "-" "Mozilla/5.0 (Windows NT 10.0; Win64; x64) AppleWebKit/537.36 (KHTML, like Gecko) Chrome/120.0.0.0 Safari/537.36"
4.193.118.98 - - [27/Apr/2026:20:12:46 +0000] "GET /wp-includes/html-api/ HTTP/1.1" 404 9374 "-" "Mozilla/5.0 (Windows NT 10.0; Win64; x64) AppleWebKit/537.36 (KHTML, like Gecko) Chrome/120.0.0.0 Safari/537.36"
4.193.118.98 - - [27/Apr/2026:20:12:46 +0000] "GET /wp-content/admin.php HTTP/1.1" 404 9371 "-" "Mozilla/5.0 (Windows NT 10.0; Win64; x64) AppleWebKit/537.36 (KHTML, like Gecko) Chrome/120.0.0.0 Safari/537.36"
4.193.118.98 - - [27/Apr/2026:20:12:47 +0000] "GET /wp-admin/css/colors/ectoplasm/ HTTP/1.1" 404 9380 "-" "Mozilla/5.0 (Windows NT 10.0; Win64; x64) AppleWebKit/537.36 (KHTML, like Gecko) Chrome/120.0.0.0 Safari/537.36"
4.193.118.98 - - [27/Apr/2026:20:12:48 +0000] "GET /wp-content/uploads/ HTTP/1.1" 404 9368 "-" "Mozilla/5.0 (Windows NT 10.0; Win64; x64) AppleWebKit/537.36 (KHTML, like Gecko) Chrome/120.0.0.0 Safari/537.36"
4.193.118.98 - - [27/Apr/2026:20:12:49 +0000] "GET /wp-content/themes/admin.php HTTP/1.1" 404 9370 "-" "Mozilla/5.0 (Windows NT 10.0; Win64; x64) AppleWebKit/537.36 (KHTML, like Gecko) Chrome/120.0.0.0 Safari/537.36"
4.193.118.98 - - [27/Apr/2026:20:12:50 +0000] "GET /wp-content/themes/index.php HTTP/1.1" 200 - "-" "Mozilla/5.0 (Windows NT 10.0; Win64; x64) AppleWebKit/537.36 (KHTML, like Gecko) Chrome/120.0.0.0 Safari/537.36"
4.193.118.98 - - [27/Apr/2026:20:12:50 +0000] "GET /wp-content/plugins/index.php HTTP/1.1" 200 - "-" "Mozilla/5.0 (Windows NT 10.0; Win64; x64) AppleWebKit/537.36 (KHTML, like Gecko) Chrome/120.0.0.0 Safari/537.36"
4.193.118.98 - - [27/Apr/2026:20:12:51 +0000] "GET /wp-includes/PHPMailer/ HTTP/1.1" 404 9377 "-" "Mozilla/5.0 (Windows NT 10.0; Win64; x64) AppleWebKit/537.36 (KHTML, like Gecko) Chrome/120.0.0.0 Safari/537.36"
4.193.118.98 - - [27/Apr/2026:20:12:52 +0000] "GET /wp-includes/images/ HTTP/1.1" 404 9371 "-" "Mozilla/5.0 (Windows NT 10.0; Win64; x64) AppleWebKit/537.36 (KHTML, like Gecko) Chrome/120.0.0.0 Safari/537.36"
4.193.118.98 - - [27/Apr/2026:20:12:53 +0000] "GET /wp-content/plugins/WordPressCore/ HTTP/1.1" 404 9373 "-" "Mozilla/5.0 (Windows NT 10.0; Win64; x64) AppleWebKit/537.36 (KHTML, like Gecko) Chrome/120.0.0.0 Safari/537.36"
142.44.225.7 - - [27/Apr/2026:20:14:45 +0000] "GET /helping-you-better-understand-wordpress-with-these-simple-to-follow-tips-3/ HTTP/1.1" 200 14275 "-" "Mozilla/5.0 (compatible; AhrefsBot/7.0; +http://ahrefs.com/robot/)"
209.38.26.147 - - [27/Apr/2026:20:15:15 +0000] "GET /app_dev.php/_profiler/open?file=app/config/parameters.yml HTTP/1.1" 404 9405 "-" "Mozilla/5.0 (X11; Linux x86_64) AppleWebKit/537.36 (KHTML, like Gecko) Chrome/81.0.4044.129 Safari/537.36"
209.38.26.147 - - [27/Apr/2026:20:15:16 +0000] "GET /_profiler/open?file=app/config/parameters.yml HTTP/1.1" 404 9396 "-" "Mozilla/5.0 (X11; Linux x86_64) AppleWebKit/537.36 (KHTML, like Gecko) Chrome/81.0.4044.129 Safari/537.36"
209.38.26.147 - - [27/Apr/2026:20:15:17 +0000] "GET /_profiler/phpinfo HTTP/1.1" 404 9376 "-" "Mozilla/5.0 (X11; Linux x86_64) AppleWebKit/537.36 (KHTML, like Gecko) Chrome/81.0.4044.129 Safari/537.36"
209.38.26.147 - - [27/Apr/2026:20:15:18 +0000] "GET /debug/default/open?file=app/config/parameters.yml HTTP/1.1" 404 9398 "-" "Mozilla/5.0 (X11; Linux x86_64) AppleWebKit/537.36 (KHTML, like Gecko) Chrome/81.0.4044.129 Safari/537.36"
209.38.26.147 - - [27/Apr/2026:20:15:19 +0000] "GET /?file=app/config/parameters.yml HTTP/1.1" 200 13667 "-" "Mozilla/5.0 (X11; Linux x86_64) AppleWebKit/537.36 (KHTML, like Gecko) Chrome/81.0.4044.129 Safari/537.36"
209.38.26.147 - - [27/Apr/2026:20:15:20 +0000] "GET /app/config/parameters.yml HTTP/1.1" 404 9381 "-" "Mozilla/5.0 (X11; Linux x86_64) AppleWebKit/537.36 (KHTML, like Gecko) Chrome/81.0.4044.129 Safari/537.36"
114.119.140.13 - - [27/Apr/2026:20:15:21 +0000] "GET /relating-to-wordpress-the-secrets-in-this-article-are-priceless?share=x HTTP/1.1" 302 - "https://2-createawebsite.com/relating-to-wordpress-the-secrets-in-this-article-are-priceless" "Mozilla/5.0 (Linux; Android 7.0;) AppleWebKit/537.36 (HTML, like Gecko) Mobile Safari/537.36 (compatible; PetalBot;+https://webmaster.petalsearch.com/site/petalbot)"
209.38.26.147 - - [27/Apr/2026:20:15:21 +0000] "GET /app/config.yml HTTP/1.1" 404 9375 "-" "Mozilla/5.0 (X11; Linux x86_64) AppleWebKit/537.36 (KHTML, like Gecko) Chrome/81.0.4044.129 Safari/537.36"
209.38.26.147 - - [27/Apr/2026:20:15:22 +0000] "GET /tool/view/phpinfo.view.php HTTP/1.1" 404 9379 "-" "Mozilla/5.0 (X11; Linux x86_64) AppleWebKit/537.36 (KHTML, like Gecko) Chrome/81.0.4044.129 Safari/537.36"
209.38.26.147 - - [27/Apr/2026:20:15:23 +0000] "GET /debug/default/view.html HTTP/1.1" 404 9379 "-" "Mozilla/5.0 (X11; Linux x86_64) AppleWebKit/537.36 (KHTML, like Gecko) Chrome/81.0.4044.129 Safari/537.36"
209.38.26.147 - - [27/Apr/2026:20:15:24 +0000] "GET /frontend/web/debug/default/view HTTP/1.1" 404 9381 "-" "Mozilla/5.0 (X11; Linux x86_64) AppleWebKit/537.36 (KHTML, like Gecko) Chrome/81.0.4044.129 Safari/537.36"
209.38.26.147 - - [27/Apr/2026:20:15:25 +0000] "GET /web/debug/default/view HTTP/1.1" 404 9377 "-" "Mozilla/5.0 (X11; Linux x86_64) AppleWebKit/537.36 (KHTML, like Gecko) Chrome/81.0.4044.129 Safari/537.36"
209.38.26.147 - - [27/Apr/2026:20:15:26 +0000] "GET /.aws/credentials HTTP/1.1" 404 9375 "-" "Mozilla/5.0 (X11; Linux x86_64) AppleWebKit/537.36 (KHTML, like Gecko) Chrome/81.0.4044.129 Safari/537.36"
209.38.26.147 - - [27/Apr/2026:20:15:27 +0000] "GET /config/aws.yml HTTP/1.1" 404 9375 "-" "Mozilla/5.0 (X11; Linux x86_64) AppleWebKit/537.36 (KHTML, like Gecko) Chrome/81.0.4044.129 Safari/537.36"
209.38.26.147 - - [27/Apr/2026:20:15:28 +0000] "GET /symfony/public/_profiler/phpinfo HTTP/1.1" 404 9386 "-" "Mozilla/5.0 (X11; Linux x86_64) AppleWebKit/537.36 (KHTML, like Gecko) Chrome/81.0.4044.129 Safari/537.36"
209.38.26.147 - - [27/Apr/2026:20:15:29 +0000] "GET /symfony/public/_profiler/open?file=app/config/parameters.yml HTTP/1.1" 404 9407 "-" "Mozilla/5.0 (X11; Linux x86_64) AppleWebKit/537.36 (KHTML, like Gecko) Chrome/81.0.4044.129 Safari/537.36"
209.38.26.147 - - [27/Apr/2026:20:15:30 +0000] "GET /index_dev.php HTTP/1.1" 404 9372 "-" "Mozilla/5.0 (X11; Linux x86_64) AppleWebKit/537.36 (KHTML, like Gecko) Chrome/81.0.4044.129 Safari/537.36"
209.38.26.147 - - [27/Apr/2026:20:15:30 +0000] "GET /tool/view/phpinfo.view.php HTTP/1.1" 404 9379 "-" "Mozilla/5.0 (X11; Linux x86_64) AppleWebKit/537.36 (KHTML, like Gecko) Chrome/81.0.4044.129 Safari/537.36"
184.94.212.206 - - [27/Apr/2026:20:15:32 +0000] "POST /?wordfence_syncAttackData=1777320932.3378 HTTP/1.1" 200 - "-" "WordPress/6.9.4; https://2-createawebsite.com"
209.38.26.147 - - [27/Apr/2026:20:15:31 +0000] "GET /wp-config.php-backup HTTP/1.1" 404 9375 "-" "Mozilla/5.0 (X11; Linux x86_64) AppleWebKit/537.36 (KHTML, like Gecko) Chrome/81.0.4044.129 Safari/537.36"
209.38.26.147 - - [27/Apr/2026:20:15:33 +0000] "GET /debug/default/view HTTP/1.1" 404 9374 "-" "Mozilla/5.0 (X11; Linux x86_64) AppleWebKit/537.36 (KHTML, like Gecko) Chrome/81.0.4044.129 Safari/537.36"
209.38.26.147 - - [27/Apr/2026:20:15:34 +0000] "GET /sapi/debug/default/view HTTP/1.1" 404 9378 "-" "Mozilla/5.0 (X11; Linux x86_64) AppleWebKit/537.36 (KHTML, like Gecko) Chrome/81.0.4044.129 Safari/537.36"
209.38.26.147 - - [27/Apr/2026:20:15:35 +0000] "GET /debug/default/view?panel=config HTTP/1.1" 404 9382 "-" "Mozilla/5.0 (X11; Linux x86_64) AppleWebKit/537.36 (KHTML, like Gecko) Chrome/81.0.4044.129 Safari/537.36"
209.38.26.147 - - [27/Apr/2026:20:15:36 +0000] "GET /phpinfo.php HTTP/1.1" 404 9370 "-" "Mozilla/5.0 (X11; Linux x86_64) AppleWebKit/537.36 (KHTML, like Gecko) Chrome/81.0.4044.129 Safari/537.36"
209.38.26.147 - - [27/Apr/2026:20:15:37 +0000] "GET /phpinfo HTTP/1.1" 404 9370 "-" "Mozilla/5.0 (X11; Linux x86_64) AppleWebKit/537.36 (KHTML, like Gecko) Chrome/81.0.4044.129 Safari/537.36"
209.38.26.147 - - [27/Apr/2026:20:15:38 +0000] "GET /aws.yml HTTP/1.1" 404 9372 "-" "Mozilla/5.0 (X11; Linux x86_64) AppleWebKit/537.36 (KHTML, like Gecko) Chrome/81.0.4044.129 Safari/537.36"
209.38.26.147 - - [27/Apr/2026:20:15:39 +0000] "GET /.env.bak HTTP/1.1" 404 9372 "-" "Mozilla/5.0 (X11; Linux x86_64) AppleWebKit/537.36 (KHTML, like Gecko) Chrome/81.0.4044.129 Safari/537.36"
209.38.26.147 - - [27/Apr/2026:20:15:39 +0000] "GET /info.php HTTP/1.1" 404 9368 "-" "Mozilla/5.0 (X11; Linux x86_64) AppleWebKit/537.36 (KHTML, like Gecko) Chrome/81.0.4044.129 Safari/537.36"
209.38.26.147 - - [27/Apr/2026:20:15:40 +0000] "GET /.aws/credentials HTTP/1.1" 404 9373 "-" "Mozilla/5.0 (X11; Linux x86_64) AppleWebKit/537.36 (KHTML, like Gecko) Chrome/81.0.4044.129 Safari/537.36"
209.38.26.147 - - [27/Apr/2026:20:15:41 +0000] "GET /config.js HTTP/1.1" 404 9369 "-" "Mozilla/5.0 (X11; Linux x86_64) AppleWebKit/537.36 (KHTML, like Gecko) Chrome/81.0.4044.129 Safari/537.36"
209.38.26.147 - - [27/Apr/2026:20:15:42 +0000] "GET /symfony/public HTTP/1.1" 404 9375 "-" "Mozilla/5.0 (X11; Linux x86_64) AppleWebKit/537.36 (KHTML, like Gecko) Chrome/81.0.4044.129 Safari/537.36"
209.38.26.147 - - [27/Apr/2026:20:15:43 +0000] "GET /debug/default/view?panel=config/frontend_dev.php HTTP/1.1" 404 9393 "-" "Mozilla/5.0 (X11; Linux x86_64) AppleWebKit/537.36 (KHTML, like Gecko) Chrome/81.0.4044.129 Safari/537.36"
184.94.212.206 - - [27/Apr/2026:20:16:22 +0000] "POST /wp-cron.php?doing_wp_cron=1777320982.4649260044097900390625 HTTP/1.1" 200 - "-" "WordPress/6.9.4; https://2-createawebsite.com"
192.0.102.230 - - [27/Apr/2026:20:16:21 +0000] "HEAD / HTTP/1.1" 200 - "-" "jetmon/1.0 (Jetpack Site Uptime Monitor by WordPress.com)"
216.73.217.37 - - [27/Apr/2026:20:17:10 +0000] "GET /robots.txt HTTP/1.1" 200 125 "-" "Mozilla/5.0 AppleWebKit/537.36 (KHTML, like Gecko; compatible; ClaudeBot/1.0; +claudebot@anthropic.com)"
216.73.217.37 - - [27/Apr/2026:20:17:12 +0000] "GET /news-sitemap.xml HTTP/1.1" 200 313 "-" "Mozilla/5.0 AppleWebKit/537.36 (KHTML, like Gecko; compatible; ClaudeBot/1.0; +claudebot@anthropic.com)"
47.128.55.36 - - [27/Apr/2026:20:17:16 +0000] "-" 408 - "-" "-"
184.94.212.206 - - [27/Apr/2026:20:21:17 +0000] "POST /wp-cron.php?doing_wp_cron=1777321277.6542940139770507812500 HTTP/1.1" 200 - "-" "WordPress/6.9.4; https://2-createawebsite.com"
114.119.158.151 - - [27/Apr/2026:20:21:15 +0000] "GET / HTTP/1.1" 200 13672 "-" "Mozilla/5.0 (Linux; Android 7.0;) AppleWebKit/537.36 (HTML, like Gecko) Mobile Safari/537.36 (compatible; PetalBot;+https://webmaster.petalsearch.com/site/petalbot)"
192.0.102.230 - - [27/Apr/2026:20:21:20 +0000] "HEAD / HTTP/1.1" 200 - "-" "jetmon/1.0 (Jetpack Site Uptime Monitor by WordPress.com)"
184.94.212.206 - - [27/Apr/2026:20:22:27 +0000] "POST /wp-cron.php?doing_wp_cron=1777321347.9718809127807617187500 HTTP/1.1" 200 - "-" "WordPress/6.9.4; https://2-createawebsite.com"
66.167.147.186 - - [27/Apr/2026:20:22:26 +0000] "GET /need-help-learning-wordpress-these-tips-were-meant-for-you/ HTTP/1.1" 200 15435 "-" "Mozilla/5.0 (Macintosh; Intel Mac OS X 10_15_6) AppleWebKit/537.36 (KHTML, like Gecko) Chrome/101.0.4951.54 Safari/537.36"
216.73.217.37 - - [27/Apr/2026:20:23:48 +0000] "GET /sitemap.xml HTTP/1.1" 200 307 "-" "Mozilla/5.0 AppleWebKit/537.36 (KHTML, like Gecko; compatible; ClaudeBot/1.0; +claudebot@anthropic.com)"
13.57.247.134 - - [27/Apr/2026:20:24:24 +0000] "GET / HTTP/1.1" 301 - "-" "Mozilla/5.0 (Macintosh; Intel Mac OS X 10_11_5) AppleWebKit/537.36 (KHTML, like Gecko) Chrome/50.0.2661.102 Safari/537.36"
14.187.172.48 - - [27/Apr/2026:20:25:03 +0000] "GET /high-quality-wordpress-tips-straight-from-the-experts/ HTTP/1.1" 200 14292 "-" "Mozilla/5.0 (Macintosh; Intel Mac OS X 10_16_0) AppleWebKit/537.36 (KHTML, like Gecko) Chrome/84.0.4147.89 Safari/537.36"
184.94.212.206 - - [27/Apr/2026:20:26:21 +0000] "POST /wp-cron.php?doing_wp_cron=1777321581.7406110763549804687500 HTTP/1.1" 200 - "-" "WordPress/6.9.4; https://2-createawebsite.com"
192.0.102.230 - - [27/Apr/2026:20:26:20 +0000] "HEAD / HTTP/1.1" 200 - "-" "jetmon/1.0 (Jetpack Site Uptime Monitor by WordPress.com)"
114.119.140.50 - - [27/Apr/2026:20:27:15 +0000] "GET /wordpress-tips-and-tricks-straight-from-the-pros HTTP/1.1" 301 - "https://2-createawebsite.com/2020/02" "Mozilla/5.0 (Linux; Android 7.0;) AppleWebKit/537.36 (HTML, like Gecko) Mobile Safari/537.36 (compatible; PetalBot;+https://webmaster.petalsearch.com/site/petalbot)"
114.119.140.50 - - [27/Apr/2026:20:27:17 +0000] "GET /wordpress-tips-and-tricks-straight-from-the-pros/ HTTP/1.1" 200 14554 "https://2-createawebsite.com/2020/02" "Mozilla/5.0 (Linux; Android 7.0;) AppleWebKit/537.36 (HTML, like Gecko) Mobile Safari/537.36 (compatible; PetalBot;+https://webmaster.petalsearch.com/site/petalbot)"
47.128.55.251 - - [27/Apr/2026:20:29:25 +0000] "-" 408 - "-" "-"
47.128.55.251 - - [27/Apr/2026:20:29:25 +0000] "-" 408 - "-" "-"
113.191.131.156 - - [27/Apr/2026:20:29:56 +0000] "GET /top-tips-and-advice-for-working-with-wordpress/ HTTP/1.1" 200 14733 "-" "Mozilla/5.0 (Windows NT 5.1) AppleWebKit/537.36 (KHTML, like Gecko) Chrome/35.0.2117.157 Safari/537.36"
184.94.212.206 - - [27/Apr/2026:20:31:20 +0000] "POST /wp-cron.php?doing_wp_cron=1777321880.3747439384460449218750 HTTP/1.1" 200 - "-" "WordPress/6.9.4; https://2-createawebsite.com"
192.0.102.230 - - [27/Apr/2026:20:31:19 +0000] "HEAD / HTTP/1.1" 200 - "-" "jetmon/1.0 (Jetpack Site Uptime Monitor by WordPress.com)"
44.209.89.189 - - [27/Apr/2026:20:31:35 +0000] "GET /wp-json/oembed/1.0/embed?format=xml&url=https://2-createawebsite.com/tips-and-tricks-to-make-understanding-wordpress-easy-2/ HTTP/1.1" 200 1177 "-" "Mozilla/5.0 AppleWebKit/537.36 (KHTML, like Gecko; compatible; Amazonbot/0.1; +https://developer.amazon.com/support/amazonbot) Chrome/119.0.6045.214 Safari/537.36"
114.119.140.50 - - [27/Apr/2026:20:33:18 +0000] "GET /what-you-need-to-know-about-using-wordpress/ HTTP/1.1" 200 14803 "https://2-createawebsite.com/what-about-this-article-regarding-wordpress-has-experts-trembling" "Mozilla/5.0 (Linux; Android 7.0;) AppleWebKit/537.36 (HTML, like Gecko) Mobile Safari/537.36 (compatible; PetalBot;+https://webmaster.petalsearch.com/site/petalbot)"
43.135.124.152 - - [27/Apr/2026:20:33:33 +0000] "POST /cgi-bin/.%2e/.%2e/.%2e/.%2e/.%2e/.%2e/.%2e/.%2e/.%2e/.%2e/bin/sh HTTP/1.1" 301 - "-" "libredtail-http"
45.79.207.71 - - [27/Apr/2026:20:33:57 +0000] "GET / HTTP/1.0" 400 76981 "-" "-"
204.76.203.25 - - [27/Apr/2026:20:34:10 +0000] "GET / HTTP/1.1" 200 77712 "-" "Mozilla/5.0 (Windows NT 10.0; Win64; x64) AppleWebKit/537.36 (KHTML, like Gecko) Chrome/147.0.0.0 Safari/537.36"
185.156.73.167 - - [27/Apr/2026:20:34:26 +0000] "GET /RDWeb/Pages/ HTTP/1.1" 301 - "-" "Mozilla/5.0 (Windows NT 10.0; Win64; x64) AppleWebKit/537.36"
185.156.73.167 - - [27/Apr/2026:20:34:27 +0000] "GET /RDWeb/Pages/ HTTP/1.1" 404 9379 "https://184.94.212.206:443/RDWeb/Pages/" "Mozilla/5.0 (Windows NT 10.0; Win64; x64) AppleWebKit/537.36"
184.94.212.206 - - [27/Apr/2026:20:36:19 +0000] "POST /wp-cron.php?doing_wp_cron=1777322179.8370559215545654296875 HTTP/1.1" 200 - "-" "WordPress/6.9.4; https://2-createawebsite.com"
192.0.102.230 - - [27/Apr/2026:20:36:18 +0000] "HEAD / HTTP/1.1" 200 - "-" "jetmon/1.0 (Jetpack Site Uptime Monitor by WordPress.com)"
104.210.140.134 - - [27/Apr/2026:20:37:58 +0000] "GET /robots.txt HTTP/1.1" 200 125 "-" "Mozilla/5.0 (Macintosh; Intel Mac OS X 10_15_7) AppleWebKit/537.36 (KHTML, like Gecko) Chrome/131.0.0.0 Safari/537.36; compatible; OAI-SearchBot/1.0; +https://openai.com/searchbot"
114.119.146.109 - - [27/Apr/2026:20:39:34 +0000] "GET /what-you-need-to-know-about-using-wordpress-4/?share=x HTTP/1.1" 302 - "https://2-createawebsite.com/what-you-need-to-know-about-using-wordpress-4/" "Mozilla/5.0 (Linux; Android 7.0;) AppleWebKit/537.36 (HTML, like Gecko) Mobile Safari/537.36 (compatible; PetalBot;+https://webmaster.petalsearch.com/site/petalbot)"
184.94.212.206 - - [27/Apr/2026:20:41:23 +0000] "POST /wp-cron.php?doing_wp_cron=1777322483.6061921119689941406250 HTTP/1.1" 200 - "-" "WordPress/6.9.4; https://2-createawebsite.com"
192.0.102.230 - - [27/Apr/2026:20:41:22 +0000] "HEAD / HTTP/1.1" 200 - "-" "jetmon/1.0 (Jetpack Site Uptime Monitor by WordPress.com)"
57.141.18.68 - - [27/Apr/2026:20:42:06 +0000] "GET /confused-about-wordpress-these-tips-can-help-4/ HTTP/1.1" 200 52399 "-" "meta-externalagent/1.1 (+https://developers.facebook.com/docs/sharing/webmasters/crawler)"
57.141.18.55 - - [27/Apr/2026:20:42:47 +0000] "GET /simple-secrets-about-wordpress-you-need-to-know/ HTTP/1.1" 200 53391 "-" "meta-externalagent/1.1 (+https://developers.facebook.com/docs/sharing/webmasters/crawler)"
64.89.160.114 - - [27/Apr/2026:20:43:09 +0000] "GET /wp-login.php?al=true HTTP/1.1" 200 2687 "-" "Mozilla/5.0"
114.119.146.109 - - [27/Apr/2026:20:45:22 +0000] "GET /tips-and-tricks-for-improving-your-wordpress-skills-3/?share=x HTTP/1.1" 302 - "https://2-createawebsite.com/tips-and-tricks-for-improving-your-wordpress-skills-3/" "Mozilla/5.0 (Linux; Android 7.0;) AppleWebKit/537.36 (HTML, like Gecko) Mobile Safari/537.36 (compatible; PetalBot;+https://webmaster.petalsearch.com/site/petalbot)"
57.141.18.86 - - [27/Apr/2026:20:45:42 +0000] "GET /terrific-advice-for-making-wordpress-work-for-you/ HTTP/1.1" 200 52912 "-" "meta-externalagent/1.1 (+https://developers.facebook.com/docs/sharing/webmasters/crawler)"
184.94.212.206 - - [27/Apr/2026:20:46:24 +0000] "POST /wp-cron.php?doing_wp_cron=1777322784.0957429409027099609375 HTTP/1.1" 200 - "-" "WordPress/6.9.4; https://2-createawebsite.com"
192.0.102.230 - - [27/Apr/2026:20:46:23 +0000] "HEAD / HTTP/1.1" 200 - "-" "jetmon/1.0 (Jetpack Site Uptime Monitor by WordPress.com)"
51.161.65.48 - - [27/Apr/2026:20:48:07 +0000] "GET /simple-steps-to-help-you-better-understand-wordpress/ HTTP/1.1" 200 15009 "-" "Mozilla/5.0 (compatible; AhrefsBot/7.0; +http://ahrefs.com/robot/)"
184.94.212.206 - - [27/Apr/2026:20:51:22 +0000] "POST /wp-cron.php?doing_wp_cron=1777323082.0512421131134033203125 HTTP/1.1" 200 - "-" "WordPress/6.9.4; https://2-createawebsite.com"
192.0.102.230 - - [27/Apr/2026:20:51:20 +0000] "HEAD / HTTP/1.1" 200 - "-" "jetmon/1.0 (Jetpack Site Uptime Monitor by WordPress.com)"
114.119.145.7 - - [27/Apr/2026:20:51:40 +0000] "GET /simple-tips-to-help-you-understand-wordpress-3 HTTP/1.1" 301 - "https://2-createawebsite.com/when-it-comes-to-wordpress-we-will-teach-you-it-all" "Mozilla/5.0 (Linux; Android 7.0;) AppleWebKit/537.36 (HTML, like Gecko) Mobile Safari/537.36 (compatible; PetalBot;+https://webmaster.petalsearch.com/site/petalbot)"
114.119.145.7 - - [27/Apr/2026:20:51:41 +0000] "GET /simple-tips-to-help-you-understand-wordpress-3/ HTTP/1.1" 200 14912 "https://2-createawebsite.com/when-it-comes-to-wordpress-we-will-teach-you-it-all" "Mozilla/5.0 (Linux; Android 7.0;) AppleWebKit/537.36 (HTML, like Gecko) Mobile Safari/537.36 (compatible; PetalBot;+https://webmaster.petalsearch.com/site/petalbot)"
54.39.203.40 - - [27/Apr/2026:20:53:54 +0000] "GET /using-wordpress-to-create-your-own-blog-2/ HTTP/1.1" 200 15053 "-" "Mozilla/5.0 (compatible; AhrefsBot/7.0; +http://ahrefs.com/robot/)"
57.141.18.111 - - [27/Apr/2026:20:53:57 +0000] "GET /simple-tips-to-help-you-understand-wordpress-4/ HTTP/1.1" 200 52744 "-" "meta-externalagent/1.1 (+https://developers.facebook.com/docs/sharing/webmasters/crawler)"
184.94.212.206 - - [27/Apr/2026:20:55:54 +0000] "POST /wp-cron.php?doing_wp_cron=1777323354.2519099712371826171875 HTTP/1.1" 200 - "-" "WordPress/6.9.4; https://2-createawebsite.com"
142.44.220.208 - - [27/Apr/2026:20:55:52 +0000] "GET /respecting-wordpress-the-best-tips-and-tricks-are-here-2/ HTTP/1.1" 200 14633 "-" "Mozilla/5.0 (compatible; AhrefsBot/7.0; +http://ahrefs.com/robot/)"
184.94.212.206 - - [27/Apr/2026:20:56:22 +0000] "POST /wp-cron.php?doing_wp_cron=1777323382.6370630264282226562500 HTTP/1.1" 200 - "-" "WordPress/6.9.4; https://2-createawebsite.com"
192.0.102.230 - - [27/Apr/2026:20:56:21 +0000] "HEAD / HTTP/1.1" 200 - "-" "jetmon/1.0 (Jetpack Site Uptime Monitor by WordPress.com)"
114.119.140.13 - - [27/Apr/2026:20:57:28 +0000] "GET /simple-secrets-about-wordpress-you-need-to-know?share=x HTTP/1.1" 302 - "https://2-createawebsite.com/simple-secrets-about-wordpress-you-need-to-know" "Mozilla/5.0 (Linux; Android 7.0;) AppleWebKit/537.36 (HTML, like Gecko) Mobile Safari/537.36 (compatible; PetalBot;+https://webmaster.petalsearch.com/site/petalbot)"
57.141.18.79 - - [27/Apr/2026:20:58:33 +0000] "GET /sitemap-1.xml HTTP/1.1" 200 34294 "-" "meta-externalagent/1.1 (+https://developers.facebook.com/docs/sharing/webmasters/crawler)"
57.141.18.48 - - [27/Apr/2026:20:58:58 +0000] "GET /image-sitemap-1.xml HTTP/1.1" 200 80230 "-" "meta-externalagent/1.1 (+https://developers.facebook.com/docs/sharing/webmasters/crawler)"
184.94.212.206 - - [27/Apr/2026:21:01:23 +0000] "POST /wp-cron.php?doing_wp_cron=1777323683.7212009429931640625000 HTTP/1.1" 200 - "-" "WordPress/6.9.4; https://2-createawebsite.com"
192.0.102.230 - - [27/Apr/2026:21:01:22 +0000] "HEAD / HTTP/1.1" 200 - "-" "jetmon/1.0 (Jetpack Site Uptime Monitor by WordPress.com)"
51.222.168.38 - - [27/Apr/2026:21:01:35 +0000] "GET /create-a-website-with-impact-with-these-helpful-tips/ HTTP/1.1" 200 14784 "-" "Mozilla/5.0 (compatible; AhrefsBot/7.0; +http://ahrefs.com/robot/)"
45.92.1.163 - - [27/Apr/2026:21:02:37 +0000] "<?xml version=\"1.0\"?><methodCall><methodName>system.multicall</methodName><params><param><value><array><data>" 404 36227 "-" "-"
114.119.140.50 - - [27/Apr/2026:21:03:26 +0000] "GET /seeking-knowledge-about-wordpress-you-need-to-read-this-article-5/ HTTP/1.1" 200 15471 "https://2-createawebsite.com/seeking-knowledge-about-wordpress-you-need-to-read-this-article-5/" "Mozilla/5.0 (Linux; Android 7.0;) AppleWebKit/537.36 (HTML, like Gecko) Mobile Safari/537.36 (compatible; PetalBot;+https://webmaster.petalsearch.com/site/petalbot)"
148.113.130.181 - - [27/Apr/2026:21:04:16 +0000] "GET /follow-this-great-article-about-wordpress-to-help-you-2/ HTTP/1.1" 200 14142 "-" "Mozilla/5.0 (compatible; AhrefsBot/7.0; +http://ahrefs.com/robot/)"
84.54.44.19 - - [27/Apr/2026:21:05:01 +0000] "GET /members/ HTTP/1.0" 200 40613 "https://2-createawebsite.com/members/" "Mozilla/5.0 (Windows NT 10.0; Win64; x64) AppleWebKit/537.36 (KHTML, like Gecko) Chrome/130.0.0.0 Safari/537.36"
20.196.201.163 - - [27/Apr/2026:21:05:35 +0000] "GET /inputs.php HTTP/1.1" 404 9368 "-" "Mozilla/5.0 (Windows NT 10.0; Win64; x64) AppleWebKit/537.36 (KHTML, like Gecko) Chrome/120.0.0.0 Safari/537.36"
20.196.201.163 - - [27/Apr/2026:21:05:36 +0000] "GET /ioxi-o.php HTTP/1.1" 404 9370 "-" "Mozilla/5.0 (Windows NT 10.0; Win64; x64) AppleWebKit/537.36 (KHTML, like Gecko) Chrome/120.0.0.0 Safari/537.36"
20.196.201.163 - - [27/Apr/2026:21:05:37 +0000] "GET /admin.php HTTP/1.1" 404 9368 "-" "Mozilla/5.0 (Windows NT 10.0; Win64; x64) AppleWebKit/537.36 (KHTML, like Gecko) Chrome/120.0.0.0 Safari/537.36"
20.196.201.163 - - [27/Apr/2026:21:05:38 +0000] "GET /goods.php HTTP/1.1" 404 9369 "-" "Mozilla/5.0 (Windows NT 10.0; Win64; x64) AppleWebKit/537.36 (KHTML, like Gecko) Chrome/120.0.0.0 Safari/537.36"
20.196.201.163 - - [27/Apr/2026:21:05:39 +0000] "GET /.well-known/ HTTP/1.1" 404 9374 "-" "Mozilla/5.0 (Windows NT 10.0; Win64; x64) AppleWebKit/537.36 (KHTML, like Gecko) Chrome/120.0.0.0 Safari/537.36"
20.196.201.163 - - [27/Apr/2026:21:05:40 +0000] "GET /wp-includes/ HTTP/1.1" 404 9367 "-" "Mozilla/5.0 (Windows NT 10.0; Win64; x64) AppleWebKit/537.36 (KHTML, like Gecko) Chrome/120.0.0.0 Safari/537.36"
20.196.201.163 - - [27/Apr/2026:21:05:41 +0000] "GET /wp-content/plugins/beteng83/ws78.php HTTP/1.1" 404 9378 "-" "Mozilla/5.0 (Windows NT 10.0; Win64; x64) AppleWebKit/537.36 (KHTML, like Gecko) Chrome/120.0.0.0 Safari/537.36"
20.196.201.163 - - [27/Apr/2026:21:05:41 +0000] "GET /adminfuns.php HTTP/1.1" 404 9370 "-" "Mozilla/5.0 (Windows NT 10.0; Win64; x64) AppleWebKit/537.36 (KHTML, like Gecko) Chrome/120.0.0.0 Safari/537.36"
20.196.201.163 - - [27/Apr/2026:21:05:42 +0000] "GET /file.php HTTP/1.1" 404 9368 "-" "Mozilla/5.0 (Windows NT 10.0; Win64; x64) AppleWebKit/537.36 (KHTML, like Gecko) Chrome/120.0.0.0 Safari/537.36"
20.196.201.163 - - [27/Apr/2026:21:05:43 +0000] "GET /autoload_classmap/function.php HTTP/1.1" 404 9378 "-" "Mozilla/5.0 (Windows NT 10.0; Win64; x64) AppleWebKit/537.36 (KHTML, like Gecko) Chrome/120.0.0.0 Safari/537.36"
20.196.201.163 - - [27/Apr/2026:21:05:44 +0000] "GET /ms-edit.php HTTP/1.1" 404 9370 "-" "Mozilla/5.0 (Windows NT 10.0; Win64; x64) AppleWebKit/537.36 (KHTML, like Gecko) Chrome/120.0.0.0 Safari/537.36"
20.196.201.163 - - [27/Apr/2026:21:05:45 +0000] "GET /wp-content/uploads/index.php HTTP/1.1" 301 - "-" "Mozilla/5.0 (Windows NT 10.0; Win64; x64) AppleWebKit/537.36 (KHTML, like Gecko) Chrome/120.0.0.0 Safari/537.36"
20.196.201.163 - - [27/Apr/2026:21:05:46 +0000] "GET /ws77.php HTTP/1.1" 404 9370 "-" "Mozilla/5.0 (Windows NT 10.0; Win64; x64) AppleWebKit/537.36 (KHTML, like Gecko) Chrome/120.0.0.0 Safari/537.36"
20.196.201.163 - - [27/Apr/2026:21:05:47 +0000] "GET /wp-content/admin.php HTTP/1.1" 404 9371 "-" "Mozilla/5.0 (Windows NT 10.0; Win64; x64) AppleWebKit/537.36 (KHTML, like Gecko) Chrome/120.0.0.0 Safari/537.36"
20.196.201.163 - - [27/Apr/2026:21:05:47 +0000] "GET /cgi-bin/ HTTP/1.1" 404 9370 "-" "Mozilla/5.0 (Windows NT 10.0; Win64; x64) AppleWebKit/537.36 (KHTML, like Gecko) Chrome/120.0.0.0 Safari/537.36"
20.196.201.163 - - [27/Apr/2026:21:05:48 +0000] "GET /ws55.php HTTP/1.1" 404 9369 "-" "Mozilla/5.0 (Windows NT 10.0; Win64; x64) AppleWebKit/537.36 (KHTML, like Gecko) Chrome/120.0.0.0 Safari/537.36"
20.196.201.163 - - [27/Apr/2026:21:05:49 +0000] "GET /wp-content/uploads/ HTTP/1.1" 404 9366 "-" "Mozilla/5.0 (Windows NT 10.0; Win64; x64) AppleWebKit/537.36 (KHTML, like Gecko) Chrome/120.0.0.0 Safari/537.36"
20.196.201.163 - - [27/Apr/2026:21:05:50 +0000] "GET /install.php HTTP/1.1" 404 9370 "-" "Mozilla/5.0 (Windows NT 10.0; Win64; x64) AppleWebKit/537.36 (KHTML, like Gecko) Chrome/120.0.0.0 Safari/537.36"
51.161.65.52 - - [27/Apr/2026:21:05:50 +0000] "GET /what-you-need-to-know-about-using-wordpress-2/ HTTP/1.1" 200 14855 "-" "Mozilla/5.0 (compatible; AhrefsBot/7.0; +http://ahrefs.com/robot/)"
20.196.201.163 - - [27/Apr/2026:21:05:51 +0000] "GET /wp-content/themes/theme/about.php HTTP/1.1" 404 9373 "-" "Mozilla/5.0 (Windows NT 10.0; Win64; x64) AppleWebKit/537.36 (KHTML, like Gecko) Chrome/120.0.0.0 Safari/537.36"
20.196.201.163 - - [27/Apr/2026:21:05:52 +0000] "GET /wp-includes/js/tinymce/themes/inlite/ HTTP/1.1" 404 9380 "-" "Mozilla/5.0 (Windows NT 10.0; Win64; x64) AppleWebKit/537.36 (KHTML, like Gecko) Chrome/120.0.0.0 Safari/537.36"
20.196.201.163 - - [27/Apr/2026:21:05:53 +0000] "GET /as.php HTTP/1.1" 404 9366 "-" "Mozilla/5.0 (Windows NT 10.0; Win64; x64) AppleWebKit/537.36 (KHTML, like Gecko) Chrome/120.0.0.0 Safari/537.36"
184.94.212.206 - - [27/Apr/2026:21:05:54 +0000] "POST /wp-cron.php?doing_wp_cron=1777323954.7599120140075683593750 HTTP/1.1" 200 - "-" "WordPress/6.9.4; https://2-createawebsite.com"
20.196.201.163 - - [27/Apr/2026:21:05:54 +0000] "GET /term.php HTTP/1.1" 404 9368 "-" "Mozilla/5.0 (Windows NT 10.0; Win64; x64) AppleWebKit/537.36 (KHTML, like Gecko) Chrome/120.0.0.0 Safari/537.36"
20.196.201.163 - - [27/Apr/2026:21:05:54 +0000] "GET /wp-admin/css/colors/ectoplasm/ HTTP/1.1" 404 9380 "-" "Mozilla/5.0 (Windows NT 10.0; Win64; x64) AppleWebKit/537.36 (KHTML, like Gecko) Chrome/120.0.0.0 Safari/537.36"
20.196.201.163 - - [27/Apr/2026:21:05:55 +0000] "GET /wp-content/plugins/beteng84/ws79.php HTTP/1.1" 404 9378 "-" "Mozilla/5.0 (Windows NT 10.0; Win64; x64) AppleWebKit/537.36 (KHTML, like Gecko) Chrome/120.0.0.0 Safari/537.36"
184.94.212.206 - - [27/Apr/2026:21:05:57 +0000] "POST /wp-cron.php?doing_wp_cron=1777323957.3341979980468750000000 HTTP/1.1" 200 - "-" "WordPress/6.9.4; https://2-createawebsite.com"
20.196.201.163 - - [27/Apr/2026:21:05:56 +0000] "GET /666.php HTTP/1.1" 404 9369 "-" "Mozilla/5.0 (Windows NT 10.0; Win64; x64) AppleWebKit/537.36 (KHTML, like Gecko) Chrome/120.0.0.0 Safari/537.36"
20.196.201.163 - - [27/Apr/2026:21:05:57 +0000] "GET /ah25.php HTTP/1.1" 404 9370 "-" "Mozilla/5.0 (Windows NT 10.0; Win64; x64) AppleWebKit/537.36 (KHTML, like Gecko) Chrome/120.0.0.0 Safari/537.36"
20.196.201.163 - - [27/Apr/2026:21:05:58 +0000] "GET /bolt.php HTTP/1.1" 404 9369 "-" "Mozilla/5.0 (Windows NT 10.0; Win64; x64) AppleWebKit/537.36 (KHTML, like Gecko) Chrome/120.0.0.0 Safari/537.36"
20.196.201.163 - - [27/Apr/2026:21:05:59 +0000] "GET /wp-content/themes/admin.php HTTP/1.1" 404 9371 "-" "Mozilla/5.0 (Windows NT 10.0; Win64; x64) AppleWebKit/537.36 (KHTML, like Gecko) Chrome/120.0.0.0 Safari/537.36"
20.196.201.163 - - [27/Apr/2026:21:06:00 +0000] "GET /ws79.php HTTP/1.1" 404 9370 "-" "Mozilla/5.0 (Windows NT 10.0; Win64; x64) AppleWebKit/537.36 (KHTML, like Gecko) Chrome/120.0.0.0 Safari/537.36"
20.196.201.163 - - [27/Apr/2026:21:06:01 +0000] "GET /.well-known/acme-challenge/file.php HTTP/1.1" 404 9388 "-" "Mozilla/5.0 (Windows NT 10.0; Win64; x64) AppleWebKit/537.36 (KHTML, like Gecko) Chrome/120.0.0.0 Safari/537.36"
20.196.201.163 - - [27/Apr/2026:21:06:02 +0000] "GET /.well-known/acme-challenge/wp-login.php HTTP/1.1" 404 9390 "-" "Mozilla/5.0 (Windows NT 10.0; Win64; x64) AppleWebKit/537.36 (KHTML, like Gecko) Chrome/120.0.0.0 Safari/537.36"
20.196.201.163 - - [27/Apr/2026:21:06:03 +0000] "GET /.well-known/pki-validation/index.php HTTP/1.1" 301 - "-" "Mozilla/5.0 (Windows NT 10.0; Win64; x64) AppleWebKit/537.36 (KHTML, like Gecko) Chrome/120.0.0.0 Safari/537.36"
20.196.201.163 - - [27/Apr/2026:21:06:04 +0000] "GET /wp-admin/autoload_classmap.php HTTP/1.1" 404 9379 "-" "Mozilla/5.0 (Windows NT 10.0; Win64; x64) AppleWebKit/537.36 (KHTML, like Gecko) Chrome/120.0.0.0 Safari/537.36"
20.196.201.163 - - [27/Apr/2026:21:06:04 +0000] "GET /autoload_classmap/function.php HTTP/1.1" 404 9378 "-" "Mozilla/5.0 (Windows NT 10.0; Win64; x64) AppleWebKit/537.36 (KHTML, like Gecko) Chrome/120.0.0.0 Safari/537.36"
20.196.201.163 - - [27/Apr/2026:21:06:06 +0000] "GET /wp-content/autoload_classmap.php HTTP/1.1" 404 9378 "-" "Mozilla/5.0 (Windows NT 10.0; Win64; x64) AppleWebKit/537.36 (KHTML, like Gecko) Chrome/120.0.0.0 Safari/537.36"
20.196.201.163 - - [27/Apr/2026:21:06:07 +0000] "GET /wp-includes/sitemaps/autoload_classmap.php HTTP/1.1" 404 9383 "-" "Mozilla/5.0 (Windows NT 10.0; Win64; x64) AppleWebKit/537.36 (KHTML, like Gecko) Chrome/120.0.0.0 Safari/537.36"
20.196.201.163 - - [27/Apr/2026:21:06:08 +0000] "GET /wp-includes/SimplePie/autoload_classmap.php HTTP/1.1" 404 9386 "-" "Mozilla/5.0 (Windows NT 10.0; Win64; x64) AppleWebKit/537.36 (KHTML, like Gecko) Chrome/120.0.0.0 Safari/537.36"
20.196.201.163 - - [27/Apr/2026:21:06:09 +0000] "GET /wp-includes/Text/autoload_classmap.php HTTP/1.1" 404 9381 "-" "Mozilla/5.0 (Windows NT 10.0; Win64; x64) AppleWebKit/537.36 (KHTML, like Gecko) Chrome/120.0.0.0 Safari/537.36"
20.196.201.163 - - [27/Apr/2026:21:06:09 +0000] "GET /wp-admin/js/autoload_classmap.php HTTP/1.1" 404 9380 "-" "Mozilla/5.0 (Windows NT 10.0; Win64; x64) AppleWebKit/537.36 (KHTML, like Gecko) Chrome/120.0.0.0 Safari/537.36"
20.196.201.163 - - [27/Apr/2026:21:06:10 +0000] "GET /wp-includes/SimplePie/chosen.php HTTP/1.1" 404 9381 "-" "Mozilla/5.0 (Windows NT 10.0; Win64; x64) AppleWebKit/537.36 (KHTML, like Gecko) Chrome/120.0.0.0 Safari/537.36"
20.196.201.163 - - [27/Apr/2026:21:06:11 +0000] "GET /wp-includes/assets/autoload_classmap.php HTTP/1.1" 404 9382 "-" "Mozilla/5.0 (Windows NT 10.0; Win64; x64) AppleWebKit/537.36 (KHTML, like Gecko) Chrome/120.0.0.0 Safari/537.36"
20.196.201.163 - - [27/Apr/2026:21:06:12 +0000] "GET /wp-includes/css/autoload_classmap.php HTTP/1.1" 404 9381 "-" "Mozilla/5.0 (Windows NT 10.0; Win64; x64) AppleWebKit/537.36 (KHTML, like Gecko) Chrome/120.0.0.0 Safari/537.36"
20.196.201.163 - - [27/Apr/2026:21:06:13 +0000] "GET /wp-includes/fonts/autoload_classmap.php HTTP/1.1" 404 9382 "-" "Mozilla/5.0 (Windows NT 10.0; Win64; x64) AppleWebKit/537.36 (KHTML, like Gecko) Chrome/120.0.0.0 Safari/537.36"
20.196.201.163 - - [27/Apr/2026:21:06:14 +0000] "GET /wp-includes/style-engine/autoload_classmap.php HTTP/1.1" 404 9386 "-" "Mozilla/5.0 (Windows NT 10.0; Win64; x64) AppleWebKit/537.36 (KHTML, like Gecko) Chrome/120.0.0.0 Safari/537.36"
20.196.201.163 - - [27/Apr/2026:21:06:15 +0000] "GET /wp-includes/widgets/autoload_classmap.php HTTP/1.1" 404 9383 "-" "Mozilla/5.0 (Windows NT 10.0; Win64; x64) AppleWebKit/537.36 (KHTML, like Gecko) Chrome/120.0.0.0 Safari/537.36"
192.0.102.230 - - [27/Apr/2026:21:06:23 +0000] "HEAD / HTTP/1.1" 200 - "-" "jetmon/1.0 (Jetpack Site Uptime Monitor by WordPress.com)"
103.197.75.181 - - [27/Apr/2026:21:07:13 +0000] "POST /xmlrpc.php HTTP/1.1" 404 36172 "-" "Mozilla/5.0 (Linux; Android 10; x64) AppleWebKit/537.36 (KHTML, like Gecko) Opera/80.0.0.0 Safari/537.36"
213.180.203.142 - - [27/Apr/2026:21:08:39 +0000] "GET /robots.txt HTTP/1.1" 200 172 "-" "Mozilla/5.0 (compatible; YandexBot/3.0; +http://yandex.com/bots)"
87.250.224.11 - - [27/Apr/2026:21:08:41 +0000] "GET /tag/wordpress-plugins/page/2/ HTTP/1.1" 200 11486 "-" "Mozilla/5.0 (compatible; YandexBot/3.0; +http://yandex.com/bots)"
87.250.224.16 - - [27/Apr/2026:21:09:19 +0000] "GET /sitemap.xml HTTP/1.1" 200 307 "-" "Mozilla/5.0 (compatible; YandexBot/3.0; +http://yandex.com/bots)"
213.180.203.125 - - [27/Apr/2026:21:09:20 +0000] "GET /news-sitemap.xml HTTP/1.1" 200 313 "-" "Mozilla/5.0 (compatible; YandexBot/3.0; +http://yandex.com/bots)"
114.119.146.109 - - [27/Apr/2026:21:09:27 +0000] "GET /respecting-wordpress-the-best-tips-and-tricks-are-here-2/ HTTP/1.1" 200 14634 "https://2-createawebsite.com/top-tips-and-advice-for-working-with-wordpress" "Mozilla/5.0 (Linux; Android 7.0;) AppleWebKit/537.36 (HTML, like Gecko) Mobile Safari/537.36 (compatible; PetalBot;+https://webmaster.petalsearch.com/site/petalbot)"
130.51.21.109 - - [27/Apr/2026:21:09:55 +0000] "GET /wp-content/plugins/jetpack/jetpack_vendor/automattic/jetpack-connection/dist/jetpack-sso-login.css?minify=false&#038;ver=8.3.0 HTTP/1.1" 404 36321 "-" "-"
184.94.212.206 - - [27/Apr/2026:21:11:12 +0000] "POST /wp-cron.php?doing_wp_cron=1777324272.0800929069519042968750 HTTP/1.1" 200 - "-" "WordPress/6.9.4; https://2-createawebsite.com"
130.12.180.144 - - [27/Apr/2026:21:11:10 +0000] "GET /.env HTTP/1.1" 404 9372 "-" "Mozilla/5.0 (Windows NT 10.0; Win64; x64) AppleWebKit/537.36"
192.0.102.230 - - [27/Apr/2026:21:11:22 +0000] "HEAD / HTTP/1.1" 200 - "-" "jetmon/1.0 (Jetpack Site Uptime Monitor by WordPress.com)"
114.119.146.109 - - [27/Apr/2026:21:15:29 +0000] "GET /relating-to-wordpress-the-secrets-in-this-article-are-priceless-5?share=facebook HTTP/1.1" 302 - "-" "Mozilla/5.0 (Linux; Android 7.0;) AppleWebKit/537.36 (HTML, like Gecko) Mobile Safari/537.36 (compatible; PetalBot;+https://webmaster.petalsearch.com/site/petalbot)"
184.94.212.206 - - [27/Apr/2026:21:16:24 +0000] "POST /wp-cron.php?doing_wp_cron=1777324584.3766479492187500000000 HTTP/1.1" 200 - "-" "WordPress/6.9.4; https://2-createawebsite.com"
192.0.102.230 - - [27/Apr/2026:21:16:23 +0000] "HEAD / HTTP/1.1" 200 - "-" "jetmon/1.0 (Jetpack Site Uptime Monitor by WordPress.com)"
52.200.93.170 - - [27/Apr/2026:21:18:11 +0000] "GET /wordpress-tips-and-tricks-straight-from-the-pros/ HTTP/1.1" 200 14554 "-" "Mozilla/5.0 AppleWebKit/537.36 (KHTML, like Gecko; compatible; Amazonbot/0.1; +https://developer.amazon.com/support/amazonbot) Chrome/119.0.6045.214 Safari/537.36"
47.128.96.33 - - [27/Apr/2026:21:19:59 +0000] "-" 408 - "-" "-"
184.94.212.206 - - [27/Apr/2026:21:21:21 +0000] "POST /wp-cron.php?doing_wp_cron=1777324881.2839810848236083984375 HTTP/1.1" 200 - "-" "WordPress/6.9.4; https://2-createawebsite.com"
192.0.102.230 - - [27/Apr/2026:21:21:20 +0000] "HEAD / HTTP/1.1" 200 - "-" "jetmon/1.0 (Jetpack Site Uptime Monitor by WordPress.com)"
184.94.212.206 - - [27/Apr/2026:21:21:38 +0000] "POST /wp-cron.php?doing_wp_cron=1777324898.6095979213714599609375 HTTP/1.1" 200 - "-" "WordPress/6.9.4; https://2-createawebsite.com"
114.119.140.50 - - [27/Apr/2026:21:21:37 +0000] "GET /relating-to-wordpress-the-secrets-in-this-article-are-priceless-5/?share=facebook HTTP/1.1" 302 - "https://2-createawebsite.com/relating-to-wordpress-the-secrets-in-this-article-are-priceless-5/" "Mozilla/5.0 (Linux; Android 7.0;) AppleWebKit/537.36 (HTML, like Gecko) Mobile Safari/537.36 (compatible; PetalBot;+https://webmaster.petalsearch.com/site/petalbot)"
184.94.212.206 - - [27/Apr/2026:21:24:19 +0000] "POST /wp-cron.php?doing_wp_cron=1777325059.2185568809509277343750 HTTP/1.1" 200 - "-" "WordPress/6.9.4; https://2-createawebsite.com"
216.73.217.37 - - [27/Apr/2026:21:24:17 +0000] "GET /robots.txt HTTP/1.1" 200 125 "-" "Mozilla/5.0 AppleWebKit/537.36 (KHTML, like Gecko; compatible; ClaudeBot/1.0; +claudebot@anthropic.com)"
216.73.217.37 - - [27/Apr/2026:21:24:19 +0000] "GET /sitemap.xml HTTP/1.1" 200 307 "-" "Mozilla/5.0 AppleWebKit/537.36 (KHTML, like Gecko; compatible; ClaudeBot/1.0; +claudebot@anthropic.com)"
57.141.18.72 - - [27/Apr/2026:21:25:24 +0000] "GET /using-wordpress-to-create-your-own-blog-2/ HTTP/1.1" 200 55086 "-" "meta-externalagent/1.1 (+https://developers.facebook.com/docs/sharing/webmasters/crawler)"
184.94.212.206 - - [27/Apr/2026:21:26:20 +0000] "POST /wp-cron.php?doing_wp_cron=1777325180.2709369659423828125000 HTTP/1.1" 200 - "-" "WordPress/6.9.4; https://2-createawebsite.com"
192.0.102.230 - - [27/Apr/2026:21:26:18 +0000] "HEAD / HTTP/1.1" 200 - "-" "jetmon/1.0 (Jetpack Site Uptime Monitor by WordPress.com)"
114.119.140.50 - - [27/Apr/2026:21:27:33 +0000] "GET /relating-to-wordpress-the-secrets-in-this-article-are-priceless-5/ HTTP/1.1" 200 15031 "https://2-createawebsite.com/making-wordpress-work-for-you-tips-and-tricks-4/" "Mozilla/5.0 (Linux; Android 7.0;) AppleWebKit/537.36 (HTML, like Gecko) Mobile Safari/537.36 (compatible; PetalBot;+https://webmaster.petalsearch.com/site/petalbot)"
43.130.72.40 - - [27/Apr/2026:21:29:15 +0000] "GET / HTTP/1.0" 400 76981 "-" "-"
57.141.18.38 - - [27/Apr/2026:21:30:22 +0000] "GET /for-super-secrets-about-wordpress-this-article-is-it-4/ HTTP/1.1" 200 53527 "-" "meta-externalagent/1.1 (+https://developers.facebook.com/docs/sharing/webmasters/crawler)"
184.94.212.206 - - [27/Apr/2026:21:31:21 +0000] "POST /wp-cron.php?doing_wp_cron=1777325481.3481719493865966796875 HTTP/1.1" 200 - "-" "WordPress/6.9.4; https://2-createawebsite.com"
192.0.102.230 - - [27/Apr/2026:21:31:19 +0000] "HEAD / HTTP/1.1" 200 - "-" "jetmon/1.0 (Jetpack Site Uptime Monitor by WordPress.com)"
114.119.145.7 - - [27/Apr/2026:21:33:44 +0000] "GET /relating-to-wordpress-the-secrets-in-this-article-are-priceless-4?share=x HTTP/1.1" 302 - "https://2-createawebsite.com/relating-to-wordpress-the-secrets-in-this-article-are-priceless-4" "Mozilla/5.0 (Linux; Android 7.0;) AppleWebKit/537.36 (HTML, like Gecko) Mobile Safari/537.36 (compatible; PetalBot;+https://webmaster.petalsearch.com/site/petalbot)"
47.128.55.20 - - [27/Apr/2026:21:33:56 +0000] "-" 408 - "-" "-"
154.29.25.180 - - [27/Apr/2026:21:34:12 +0000] "GET /category/create-a-website/ HTTP/1.1" 200 13497 "-" "Mozilla/5.0 (Windows NT 10.0; Win64; x64) AppleWebKit/537.36 (KHTML, like Gecko) Chrome/139.0.0.0 Safari/537.36"
52.141.35.48 - - [27/Apr/2026:21:34:26 +0000] "GET /1.php HTTP/1.1" 404 9367 "-" "Mozilla/5.0 (Windows NT 10.0; Win64; x64) AppleWebKit/537.36 (KHTML, like Gecko) Chrome/120.0.0.0 Safari/537.36"
52.141.35.48 - - [27/Apr/2026:21:34:27 +0000] "GET /wp-content/uploads/2024/ HTTP/1.1" 404 9368 "-" "Mozilla/5.0 (Windows NT 10.0; Win64; x64) AppleWebKit/537.36 (KHTML, like Gecko) Chrome/120.0.0.0 Safari/537.36"
52.141.35.48 - - [27/Apr/2026:21:34:28 +0000] "GET /wp-content/uploads/wp-login.php HTTP/1.1" 404 9374 "-" "Mozilla/5.0 (Windows NT 10.0; Win64; x64) AppleWebKit/537.36 (KHTML, like Gecko) Chrome/120.0.0.0 Safari/537.36"
52.141.35.48 - - [27/Apr/2026:21:34:29 +0000] "GET /wp-corn-sample.php HTTP/1.1" 404 9375 "-" "Mozilla/5.0 (Windows NT 10.0; Win64; x64) AppleWebKit/537.36 (KHTML, like Gecko) Chrome/120.0.0.0 Safari/537.36"
52.141.35.48 - - [27/Apr/2026:21:34:29 +0000] "GET /wp-content/uploads/ HTTP/1.1" 404 9367 "-" "Mozilla/5.0 (Windows NT 10.0; Win64; x64) AppleWebKit/537.36 (KHTML, like Gecko) Chrome/120.0.0.0 Safari/537.36"
52.141.35.48 - - [27/Apr/2026:21:34:30 +0000] "GET /wp-admin/js/index.php HTTP/1.1" 301 - "-" "Mozilla/5.0 (Windows NT 10.0; Win64; x64) AppleWebKit/537.36 (KHTML, like Gecko) Chrome/120.0.0.0 Safari/537.36"
52.141.35.48 - - [27/Apr/2026:21:34:31 +0000] "GET /wp-admin/css/index.php HTTP/1.1" 301 - "-" "Mozilla/5.0 (Windows NT 10.0; Win64; x64) AppleWebKit/537.36 (KHTML, like Gecko) Chrome/120.0.0.0 Safari/537.36"
52.141.35.48 - - [27/Apr/2026:21:34:32 +0000] "GET /server.php HTTP/1.1" 404 9371 "-" "Mozilla/5.0 (Windows NT 10.0; Win64; x64) AppleWebKit/537.36 (KHTML, like Gecko) Chrome/120.0.0.0 Safari/537.36"
52.141.35.48 - - [27/Apr/2026:21:34:33 +0000] "GET /wp-includes/Requests/library/ HTTP/1.1" 404 9377 "-" "Mozilla/5.0 (Windows NT 10.0; Win64; x64) AppleWebKit/537.36 (KHTML, like Gecko) Chrome/120.0.0.0 Safari/537.36"
52.141.35.48 - - [27/Apr/2026:21:34:34 +0000] "GET /wp-admin/js/ HTTP/1.1" 404 9369 "-" "Mozilla/5.0 (Windows NT 10.0; Win64; x64) AppleWebKit/537.36 (KHTML, like Gecko) Chrome/120.0.0.0 Safari/537.36"
52.141.35.48 - - [27/Apr/2026:21:34:35 +0000] "GET /wso.php HTTP/1.1" 404 9368 "-" "Mozilla/5.0 (Windows NT 10.0; Win64; x64) AppleWebKit/537.36 (KHTML, like Gecko) Chrome/120.0.0.0 Safari/537.36"
52.141.35.48 - - [27/Apr/2026:21:34:36 +0000] "GET /wp-includes/images/crystal/ HTTP/1.1" 404 9375 "-" "Mozilla/5.0 (Windows NT 10.0; Win64; x64) AppleWebKit/537.36 (KHTML, like Gecko) Chrome/120.0.0.0 Safari/537.36"
52.141.35.48 - - [27/Apr/2026:21:34:37 +0000] "GET /wp-file.php HTTP/1.1" 404 9371 "-" "Mozilla/5.0 (Windows NT 10.0; Win64; x64) AppleWebKit/537.36 (KHTML, like Gecko) Chrome/120.0.0.0 Safari/537.36"
52.141.35.48 - - [27/Apr/2026:21:34:37 +0000] "GET /adminfuns.php HTTP/1.1" 404 9371 "-" "Mozilla/5.0 (Windows NT 10.0; Win64; x64) AppleWebKit/537.36 (KHTML, like Gecko) Chrome/120.0.0.0 Safari/537.36"
52.141.35.48 - - [27/Apr/2026:21:34:38 +0000] "GET /wk/index.php HTTP/1.1" 301 - "-" "Mozilla/5.0 (Windows NT 10.0; Win64; x64) AppleWebKit/537.36 (KHTML, like Gecko) Chrome/120.0.0.0 Safari/537.36"
52.141.35.48 - - [27/Apr/2026:21:34:39 +0000] "GET /wp-admin.php HTTP/1.1" 404 9369 "-" "Mozilla/5.0 (Windows NT 10.0; Win64; x64) AppleWebKit/537.36 (KHTML, like Gecko) Chrome/120.0.0.0 Safari/537.36"
52.141.35.48 - - [27/Apr/2026:21:34:40 +0000] "GET /wp-content/themes/admin.php HTTP/1.1" 404 9371 "-" "Mozilla/5.0 (Windows NT 10.0; Win64; x64) AppleWebKit/537.36 (KHTML, like Gecko) Chrome/120.0.0.0 Safari/537.36"
52.141.35.48 - - [27/Apr/2026:21:34:41 +0000] "GET /wp-includes/block-bindings/ HTTP/1.1" 404 9376 "-" "Mozilla/5.0 (Windows NT 10.0; Win64; x64) AppleWebKit/537.36 (KHTML, like Gecko) Chrome/120.0.0.0 Safari/537.36"
52.141.35.48 - - [27/Apr/2026:21:34:42 +0000] "GET /xmrlpc.php HTTP/1.1" 404 9371 "-" "Mozilla/5.0 (Windows NT 10.0; Win64; x64) AppleWebKit/537.36 (KHTML, like Gecko) Chrome/120.0.0.0 Safari/537.36"
52.141.35.48 - - [27/Apr/2026:21:34:43 +0000] "GET /wp-includes/SimplePie/about.php HTTP/1.1" 404 9378 "-" "Mozilla/5.0 (Windows NT 10.0; Win64; x64) AppleWebKit/537.36 (KHTML, like Gecko) Chrome/120.0.0.0 Safari/537.36"
52.141.35.48 - - [27/Apr/2026:21:34:43 +0000] "GET /wp-admin/file.php HTTP/1.1" 404 9371 "-" "Mozilla/5.0 (Windows NT 10.0; Win64; x64) AppleWebKit/537.36 (KHTML, like Gecko) Chrome/120.0.0.0 Safari/537.36"
