172.213.8.172 - - [28/Apr/2026:01:50:25 +0000] "GET /cgi-bin/ HTTP/1.1" 404 9374 "-" "Mozilla/5.0 (Windows NT 10.0; Win64; x64) AppleWebKit/537.36 (KHTML, like Gecko) Chrome/120.0.0.0 Safari/537.36"
172.213.8.172 - - [28/Apr/2026:01:50:26 +0000] "GET /wp-includes/Requests/src/Response/about.php HTTP/1.1" 404 9388 "-" "Mozilla/5.0 (Windows NT 10.0; Win64; x64) AppleWebKit/537.36 (KHTML, like Gecko) Chrome/120.0.0.0 Safari/537.36"
172.213.8.172 - - [28/Apr/2026:01:50:27 +0000] "GET /wp-includes/html-api/ HTTP/1.1" 404 9377 "-" "Mozilla/5.0 (Windows NT 10.0; Win64; x64) AppleWebKit/537.36 (KHTML, like Gecko) Chrome/120.0.0.0 Safari/537.36"
172.213.8.172 - - [28/Apr/2026:01:50:28 +0000] "GET /wp-content/admin.php HTTP/1.1" 404 9373 "-" "Mozilla/5.0 (Windows NT 10.0; Win64; x64) AppleWebKit/537.36 (KHTML, like Gecko) Chrome/120.0.0.0 Safari/537.36"
172.213.8.172 - - [28/Apr/2026:01:50:28 +0000] "GET /wp-admin/css/colors/ectoplasm/ HTTP/1.1" 404 9384 "-" "Mozilla/5.0 (Windows NT 10.0; Win64; x64) AppleWebKit/537.36 (KHTML, like Gecko) Chrome/120.0.0.0 Safari/537.36"
172.213.8.172 - - [28/Apr/2026:01:50:29 +0000] "GET /wp-content/uploads/ HTTP/1.1" 404 9371 "-" "Mozilla/5.0 (Windows NT 10.0; Win64; x64) AppleWebKit/537.36 (KHTML, like Gecko) Chrome/120.0.0.0 Safari/537.36"
172.213.8.172 - - [28/Apr/2026:01:50:30 +0000] "GET /wp-content/themes/admin.php HTTP/1.1" 404 9373 "-" "Mozilla/5.0 (Windows NT 10.0; Win64; x64) AppleWebKit/537.36 (KHTML, like Gecko) Chrome/120.0.0.0 Safari/537.36"
172.213.8.172 - - [28/Apr/2026:01:50:31 +0000] "GET /wp-content/themes/index.php HTTP/1.1" 200 - "-" "Mozilla/5.0 (Windows NT 10.0; Win64; x64) AppleWebKit/537.36 (KHTML, like Gecko) Chrome/120.0.0.0 Safari/537.36"
172.213.8.172 - - [28/Apr/2026:01:50:31 +0000] "GET /wp-content/plugins/index.php HTTP/1.1" 200 - "-" "Mozilla/5.0 (Windows NT 10.0; Win64; x64) AppleWebKit/537.36 (KHTML, like Gecko) Chrome/120.0.0.0 Safari/537.36"
172.213.8.172 - - [28/Apr/2026:01:50:31 +0000] "GET /wp-includes/PHPMailer/ HTTP/1.1" 404 9380 "-" "Mozilla/5.0 (Windows NT 10.0; Win64; x64) AppleWebKit/537.36 (KHTML, like Gecko) Chrome/120.0.0.0 Safari/537.36"
172.213.8.172 - - [28/Apr/2026:01:50:32 +0000] "GET /wp-includes/images/ HTTP/1.1" 404 9374 "-" "Mozilla/5.0 (Windows NT 10.0; Win64; x64) AppleWebKit/537.36 (KHTML, like Gecko) Chrome/120.0.0.0 Safari/537.36"
172.213.8.172 - - [28/Apr/2026:01:50:33 +0000] "GET /wp-content/plugins/WordPressCore/ HTTP/1.1" 404 9376 "-" "Mozilla/5.0 (Windows NT 10.0; Win64; x64) AppleWebKit/537.36 (KHTML, like Gecko) Chrome/120.0.0.0 Safari/537.36"
57.141.18.101 - - [28/Apr/2026:01:50:36 +0000] "GET /struggling-to-learn-wordpress-check-out-these-top-tips-3/ HTTP/1.1" 200 54308 "-" "meta-externalagent/1.1 (+https://developers.facebook.com/docs/sharing/webmasters/crawler)"
184.94.212.206 - - [28/Apr/2026:01:50:55 +0000] "POST /wp-cron.php?doing_wp_cron=1777341055.8528630733489990234375 HTTP/1.1" 200 - "-" "WordPress/6.9.4; https://2-createawebsite.com"
17.246.19.54 - - [28/Apr/2026:01:50:55 +0000] "GET /robots.txt HTTP/1.1" 200 125 "-" "Mozilla/5.0 (Macintosh; Intel Mac OS X 10_15_7) AppleWebKit/605.1.15 (KHTML, like Gecko) Version/17.4 Safari/605.1.15 (Applebot/0.1; +http://www.apple.com/go/applebot)"
17.246.19.54 - - [28/Apr/2026:01:50:56 +0000] "GET /tag/create-a-website/page/4/ HTTP/1.1" 200 13964 "-" "Mozilla/5.0 (Macintosh; Intel Mac OS X 10_15_7) AppleWebKit/605.1.15 (KHTML, like Gecko) Version/17.4 Safari/605.1.15 (Applebot/0.1; +http://www.apple.com/go/applebot)"
184.94.212.206 - - [28/Apr/2026:01:51:16 +0000] "POST /wp-cron.php?doing_wp_cron=1777341076.3480520248413085937500 HTTP/1.1" 200 - "-" "WordPress/6.9.4; https://2-createawebsite.com"
142.44.228.2 - - [28/Apr/2026:01:51:15 +0000] "GET /want-expert-advice-on-wordpress-read-this-article-2/ HTTP/1.1" 200 14572 "-" "Mozilla/5.0 (compatible; AhrefsBot/7.0; +http://ahrefs.com/robot/)"
192.0.102.230 - - [28/Apr/2026:01:51:20 +0000] "HEAD / HTTP/1.1" 200 - "-" "jetmon/1.0 (Jetpack Site Uptime Monitor by WordPress.com)"
57.141.18.118 - - [28/Apr/2026:01:51:30 +0000] "GET /relating-to-wordpress-the-secrets-in-this-article-are-priceless-5/ HTTP/1.1" 200 54913 "-" "meta-externalagent/1.1 (+https://developers.facebook.com/docs/sharing/webmasters/crawler)"
114.119.146.109 - - [28/Apr/2026:01:52:11 +0000] "GET /wordpress-have-you-confused-try-these-ideas-today/ HTTP/1.1" 200 15122 "https://2-createawebsite.com/wordpress-have-you-confused-try-these-ideas-today/" "Mozilla/5.0 (Linux; Android 7.0;) AppleWebKit/537.36 (HTML, like Gecko) Mobile Safari/537.36 (compatible; PetalBot;+https://webmaster.petalsearch.com/site/petalbot)"
47.128.58.122 - - [28/Apr/2026:01:52:51 +0000] "-" 408 - "-" "-"
159.89.98.151 - - [28/Apr/2026:01:53:43 +0000] "GET / HTTP/1.0" 200 77646 "-" "-"
159.89.98.151 - - [28/Apr/2026:01:53:46 +0000] "POST /sdk HTTP/1.1" 404 36223 "-" "Mozilla/5.0 (compatible; Odin; https://docs.getodin.com/)"
159.89.98.151 - - [28/Apr/2026:01:53:46 +0000] "GET /odinhttpcall1777341225 HTTP/1.1" 404 36242 "-" "Mozilla/5.0 (compatible; Odin; https://docs.getodin.com/)"
37.239.13.5 - - [28/Apr/2026:01:53:46 +0000] "GET /contact/ HTTP/1.1" 200 11589 "-" "Mozilla/5.0 (Macintosh; Intel Mac OS X 10_15_3) AppleWebKit/537.36 (KHTML, like Gecko) Brave Chrome/84.0.4147.89 Safari/537.36"
159.89.98.151 - - [28/Apr/2026:01:53:47 +0000] "GET /HNAP1 HTTP/1.1" 404 36225 "-" "Mozilla/5.0 (compatible; Odin; https://docs.getodin.com/)"
159.89.98.151 - - [28/Apr/2026:01:53:47 +0000] "GET /evox/about HTTP/1.1" 404 36230 "-" "Mozilla/5.0 (compatible; Odin; https://docs.getodin.com/)"
159.89.98.151 - - [28/Apr/2026:01:53:49 +0000] "GET / HTTP/1.0" 200 77646 "-" "-"
159.89.98.151 - - [28/Apr/2026:01:53:50 +0000] "GET / HTTP/1.1" 200 77712 "-" "-"
17.246.23.104 - - [28/Apr/2026:01:54:14 +0000] "GET /wp-content/themes/signify/style.css?ver=20260103-12350 HTTP/1.1" 200 51251 "https://2-createawebsite.com/tag/create-a-website/page/4/" "Mozilla/5.0 (Macintosh; Intel Mac OS X 10_15_7) AppleWebKit/605.1.15 (KHTML, like Gecko) Version/17.4 Safari/605.1.15 (Applebot/0.1; +http://www.apple.com/go/applebot)"
17.246.23.209 - - [28/Apr/2026:01:54:15 +0000] "GET /wp-content/themes/signify/css/blocks.css?ver=1.0 HTTP/1.1" 200 3194 "https://2-createawebsite.com/tag/create-a-website/page/4/" "Mozilla/5.0 (Macintosh; Intel Mac OS X 10_15_7) AppleWebKit/605.1.15 (KHTML, like Gecko) Version/17.4 Safari/605.1.15 (Applebot/0.1; +http://www.apple.com/go/applebot)"
17.246.23.87 - - [28/Apr/2026:01:54:17 +0000] "GET /wp-content/themes/signify-education/assets/css/child-blocks.css?ver=20260103-12349 HTTP/1.1" 200 378 "https://2-createawebsite.com/tag/create-a-website/page/4/" "Mozilla/5.0 (Macintosh; Intel Mac OS X 10_15_7) AppleWebKit/605.1.15 (KHTML, like Gecko) Version/17.4 Safari/605.1.15 (Applebot/0.1; +http://www.apple.com/go/applebot)"
17.246.23.231 - - [28/Apr/2026:01:54:18 +0000] "GET /wp-content/themes/signify-education/style.css?ver=20260103-12349 HTTP/1.1" 200 3467 "https://2-createawebsite.com/tag/create-a-website/page/4/" "Mozilla/5.0 (Macintosh; Intel Mac OS X 10_15_7) AppleWebKit/605.1.15 (KHTML, like Gecko) Version/17.4 Safari/605.1.15 (Applebot/0.1; +http://www.apple.com/go/applebot)"
17.246.19.63 - - [28/Apr/2026:01:54:20 +0000] "GET /wp-content/themes/signify/css/font-awesome/css/all.min.css?ver=6.7.2 HTTP/1.1" 200 21501 "https://2-createawebsite.com/tag/create-a-website/page/4/" "Mozilla/5.0 (Macintosh; Intel Mac OS X 10_15_7) AppleWebKit/605.1.15 (KHTML, like Gecko) Version/17.4 Safari/605.1.15 (Applebot/0.1; +http://www.apple.com/go/applebot)"
17.246.15.241 - - [28/Apr/2026:01:54:21 +0000] "GET /wp-content/fonts/b3bf202777806a0a97792dd5a26c47ec.css HTTP/1.1" 200 1697 "https://2-createawebsite.com/tag/create-a-website/page/4/" "Mozilla/5.0 (Macintosh; Intel Mac OS X 10_15_7) AppleWebKit/605.1.15 (KHTML, like Gecko) Version/17.4 Safari/605.1.15 (Applebot/0.1; +http://www.apple.com/go/applebot)"
17.246.15.209 - - [28/Apr/2026:01:54:23 +0000] "GET /wp-content/themes/signify/js/skip-link-focus-fix.min.js?ver=201800703 HTTP/1.1" 200 298 "https://2-createawebsite.com/tag/create-a-website/page/4/" "Mozilla/5.0 (Macintosh; Intel Mac OS X 10_15_7) AppleWebKit/605.1.15 (KHTML, like Gecko) Version/17.4 Safari/605.1.15 (Applebot/0.1; +http://www.apple.com/go/applebot)"
17.246.15.51 - - [28/Apr/2026:01:54:24 +0000] "GET /wp-content/themes/signify/js/functions.min.js?ver=201800703 HTTP/1.1" 200 2530 "https://2-createawebsite.com/tag/create-a-website/page/4/" "Mozilla/5.0 (Macintosh; Intel Mac OS X 10_15_7) AppleWebKit/605.1.15 (KHTML, like Gecko) Version/17.4 Safari/605.1.15 (Applebot/0.1; +http://www.apple.com/go/applebot)"
17.246.15.68 - - [28/Apr/2026:01:54:24 +0000] "GET /wp-content/plugins/google-site-kit/dist/assets/js/googlesitekit-consent-mode-bc2e26cfa69fcd4a8261.js HTTP/1.1" 200 25395 "https://2-createawebsite.com/tag/create-a-website/page/4/" "Mozilla/5.0 (Macintosh; Intel Mac OS X 10_15_7) AppleWebKit/605.1.15 (KHTML, like Gecko) Version/17.4 Safari/605.1.15 (Applebot/0.1; +http://www.apple.com/go/applebot)"
17.246.15.198 - - [28/Apr/2026:01:54:25 +0000] "GET /wp-content/plugins/wp-consent-api/assets/js/wp-consent-api.min.js?ver=2.0.1 HTTP/1.1" 200 822 "https://2-createawebsite.com/tag/create-a-website/page/4/" "Mozilla/5.0 (Macintosh; Intel Mac OS X 10_15_7) AppleWebKit/605.1.15 (KHTML, like Gecko) Version/17.4 Safari/605.1.15 (Applebot/0.1; +http://www.apple.com/go/applebot)"
17.246.15.112 - - [28/Apr/2026:01:54:27 +0000] "GET /wp-includes/js/wp-emoji-release.min.js?ver=6.9.4 HTTP/1.1" 200 5375 "https://2-createawebsite.com/tag/create-a-website/page/4/" "Mozilla/5.0 (Macintosh; Intel Mac OS X 10_15_7) AppleWebKit/605.1.15 (KHTML, like Gecko) Version/17.4 Safari/605.1.15 (Applebot/0.1; +http://www.apple.com/go/applebot)"
184.94.212.206 - - [28/Apr/2026:01:56:09 +0000] "POST /wp-cron.php?doing_wp_cron=1777341369.6141629219055175781250 HTTP/1.1" 200 - "-" "WordPress/6.9.4; https://2-createawebsite.com"
164.92.179.185 - - [28/Apr/2026:01:56:08 +0000] "POST / HTTP/1.1" 200 77712 "-" "Go-http-client/1.1"
192.0.102.230 - - [28/Apr/2026:01:56:21 +0000] "HEAD / HTTP/1.1" 200 - "-" "jetmon/1.0 (Jetpack Site Uptime Monitor by WordPress.com)"
92.118.39.29 - - [28/Apr/2026:01:57:36 +0000] "GET /.git/config HTTP/1.1" 404 9371 "-" "Mozilla/5.0 (Macintosh; Intel Mac OS X 10_15_7) AppleWebKit/605.1.15 (KHTML, like Gecko) Version/17.0 Safari/605.5.20"
113.176.171.244 - - [28/Apr/2026:01:57:41 +0000] "GET /tag/posting-schedule/ HTTP/1.1" 200 11327 "-" "Mozilla/5.0 (Windows NT 10.0; Win64; x64) AppleWebKit/537.36 (KHTML, like Gecko) Chrome/91.0.4472.102 Safari/537.36"
114.119.140.50 - - [28/Apr/2026:01:58:08 +0000] "GET /when-it-comes-to-expert-advice-about-wordpress-this-article-has-it-in-spades-2/?share=facebook HTTP/1.1" 302 - "https://2-createawebsite.com/when-it-comes-to-expert-advice-about-wordpress-this-article-has-it-in-spades-2/" "Mozilla/5.0 (Linux; Android 7.0;) AppleWebKit/537.36 (HTML, like Gecko) Mobile Safari/537.36 (compatible; PetalBot;+https://webmaster.petalsearch.com/site/petalbot)"
192.0.102.230 - - [28/Apr/2026:02:01:24 +0000] "HEAD / HTTP/1.1" 200 - "-" "jetmon/1.0 (Jetpack Site Uptime Monitor by WordPress.com)"
85.208.96.199 - - [28/Apr/2026:02:02:19 +0000] "GET /in-relation-to-wordpress-we-supply-the-best-tips/ HTTP/1.1" 200 15463 "-" "Mozilla/5.0 (compatible; SemrushBot/7~bl; +http://www.semrush.com/bot.html)"
114.119.146.219 - - [28/Apr/2026:02:04:13 +0000] "GET /top-tips-and-tricks-to-use-wordpress-3 HTTP/1.1" 301 - "https://2-createawebsite.com/great-tips-about-wordpress-that-anyone-can-use" "Mozilla/5.0 (Linux; Android 7.0;) AppleWebKit/537.36 (HTML, like Gecko) Mobile Safari/537.36 (compatible; PetalBot;+https://webmaster.petalsearch.com/site/petalbot)"
114.119.146.219 - - [28/Apr/2026:02:04:15 +0000] "GET /top-tips-and-tricks-to-use-wordpress-3/ HTTP/1.1" 200 14189 "https://2-createawebsite.com/great-tips-about-wordpress-that-anyone-can-use" "Mozilla/5.0 (Linux; Android 7.0;) AppleWebKit/537.36 (HTML, like Gecko) Mobile Safari/537.36 (compatible; PetalBot;+https://webmaster.petalsearch.com/site/petalbot)"
184.94.212.206 - - [28/Apr/2026:02:06:21 +0000] "POST /wp-cron.php?doing_wp_cron=1777341981.8823099136352539062500 HTTP/1.1" 200 - "-" "WordPress/6.9.4; https://2-createawebsite.com"
192.0.102.230 - - [28/Apr/2026:02:06:20 +0000] "HEAD / HTTP/1.1" 200 - "-" "jetmon/1.0 (Jetpack Site Uptime Monitor by WordPress.com)"
213.209.159.175 - - [28/Apr/2026:02:08:55 +0000] "HEAD /.env HTTP/1.1" 404 - "-" "Mozilla/5.0 (Windows NT 6.1; WOW64) AppleWebKit/537.36 (KHTML, like Gecko) Chrome/44.0.2403.155 Safari/537.36 OPR/31.0.1889.174"
5.102.173.71 - - [28/Apr/2026:02:08:54 +0000] "GET /robots.txt HTTP/1.1" 200 125 "-" "Mozilla/5.0 (compatible; MojeekBot/0.11; +https://www.mojeek.com/bot.html)"
5.102.173.71 - - [28/Apr/2026:02:08:56 +0000] "GET /helpful-advice-on-getting-the-most-from-wordpress-4/ HTTP/1.1" 200 14684 "-" "Mozilla/5.0 (compatible; MojeekBot/0.11; +https://www.mojeek.com/bot.html)"
57.141.18.81 - - [28/Apr/2026:02:08:58 +0000] "GET /top-tips-regarding-wordpress-youll-love-to-learn/ HTTP/1.1" 200 55887 "-" "meta-externalagent/1.1 (+https://developers.facebook.com/docs/sharing/webmasters/crawler)"
114.119.133.134 - - [28/Apr/2026:02:10:11 +0000] "GET /tips-and-tricks-for-improving-your-wordpress-skills-2/ HTTP/1.1" 200 15491 "https://2-createawebsite.com/tips-and-tricks-for-improving-your-wordpress-skills-2" "Mozilla/5.0 (Linux; Android 7.0;) AppleWebKit/537.36 (HTML, like Gecko) Mobile Safari/537.36 (compatible; PetalBot;+https://webmaster.petalsearch.com/site/petalbot)"
14.191.117.115 - - [28/Apr/2026:02:10:17 +0000] "GET /using-wordpress-to-create-your-own-blog-2/?share=facebook HTTP/1.1" 302 - "-" "Mozilla/5.0 (Macintosh; Intel Mac OS X 11_3) AppleWebKit/537.36 (KHTML, like Gecko) Chrome/90.0.4430.93 Safari/537.36"
184.94.212.206 - - [28/Apr/2026:02:11:24 +0000] "POST /wp-cron.php?doing_wp_cron=1777342284.9362230300903320312500 HTTP/1.1" 200 - "-" "WordPress/6.9.4; https://2-createawebsite.com"
192.0.102.230 - - [28/Apr/2026:02:11:23 +0000] "HEAD / HTTP/1.1" 200 - "-" "jetmon/1.0 (Jetpack Site Uptime Monitor by WordPress.com)"
184.94.212.206 - - [28/Apr/2026:02:16:10 +0000] "POST /wp-cron.php?doing_wp_cron=1777342570.2930889129638671875000 HTTP/1.1" 200 - "-" "WordPress/6.9.4; https://2-createawebsite.com"
114.119.146.109 - - [28/Apr/2026:02:16:09 +0000] "GET /struggling-to-learn-wordpress-check-out-these-top-tips-2?share=x HTTP/1.1" 302 - "-" "Mozilla/5.0 (Linux; Android 7.0;) AppleWebKit/537.36 (HTML, like Gecko) Mobile Safari/537.36 (compatible; PetalBot;+https://webmaster.petalsearch.com/site/petalbot)"
192.0.102.230 - - [28/Apr/2026:02:16:24 +0000] "HEAD / HTTP/1.1" 200 - "-" "jetmon/1.0 (Jetpack Site Uptime Monitor by WordPress.com)"
47.128.117.6 - - [28/Apr/2026:02:18:35 +0000] "GET /struggling-to-learn-wordpress-check-out-these-top-tips-3/ HTTP/1.1" 200 14606 "-" "Mozilla/5.0 (Linux; Android 5.0) AppleWebKit/537.36 (KHTML, like Gecko) Mobile Safari/537.36 (compatible; TikTokSpider; ttspider-feedback@tiktok.com)"
184.94.212.206 - - [28/Apr/2026:02:21:27 +0000] "POST /wp-cron.php?doing_wp_cron=1777342887.5141260623931884765625 HTTP/1.1" 200 - "-" "WordPress/6.9.4; https://2-createawebsite.com"
192.0.102.230 - - [28/Apr/2026:02:21:26 +0000] "HEAD / HTTP/1.1" 200 - "-" "jetmon/1.0 (Jetpack Site Uptime Monitor by WordPress.com)"
14.161.42.197 - - [28/Apr/2026:02:21:28 +0000] "GET /want-expert-advice-on-wordpress-read-this-article-2/?share=facebook HTTP/1.1" 302 - "-" "Mozilla/5.0 (Windows NT 10.0; Win64; x64) AppleWebKit/537.36 (KHTML, like Gecko) Brave Chrome/86.0.4240.99 Safari/537.36"
5.39.1.245 - - [28/Apr/2026:02:21:43 +0000] "GET /robots.txt HTTP/1.1" 200 125 "-" "Mozilla/5.0 (compatible; AhrefsBot/7.0; +http://ahrefs.com/robot/)"
148.113.130.152 - - [28/Apr/2026:02:21:45 +0000] "GET /intriguing-strategies-in-regards-to-wordpress-you-can-learn/ HTTP/1.1" 200 14816 "-" "Mozilla/5.0 (compatible; AhrefsBot/7.0; +http://ahrefs.com/robot/)"
114.119.140.50 - - [28/Apr/2026:02:22:56 +0000] "GET /solid-advice-about-wordpress-that-can-help-anyone/?share=facebook HTTP/1.1" 302 - "https://2-createawebsite.com/solid-advice-about-wordpress-that-can-help-anyone/" "Mozilla/5.0 (Linux; Android 7.0;) AppleWebKit/537.36 (HTML, like Gecko) Mobile Safari/537.36 (compatible; PetalBot;+https://webmaster.petalsearch.com/site/petalbot)"
47.128.117.234 - - [28/Apr/2026:02:23:17 +0000] "GET /simple-steps-to-help-you-better-understand-wordpress-3/ HTTP/1.1" 200 14845 "-" "Mozilla/5.0 (Linux; Android 5.0) AppleWebKit/537.36 (KHTML, like Gecko) Mobile Safari/537.36 (compatible; TikTokSpider; ttspider-feedback@tiktok.com)"
167.114.139.117 - - [28/Apr/2026:02:25:14 +0000] "GET /seeking-knowledge-about-wordpress-you-need-to-read-this-article-3/ HTTP/1.1" 200 15588 "-" "Mozilla/5.0 (compatible; AhrefsBot/7.0; +http://ahrefs.com/robot/)"
184.94.212.206 - - [28/Apr/2026:02:26:25 +0000] "POST /wp-cron.php?doing_wp_cron=1777343185.0659320354461669921875 HTTP/1.1" 200 - "-" "WordPress/6.9.4; https://2-createawebsite.com"
192.0.102.230 - - [28/Apr/2026:02:26:23 +0000] "HEAD / HTTP/1.1" 200 - "-" "jetmon/1.0 (Jetpack Site Uptime Monitor by WordPress.com)"
47.128.55.34 - - [28/Apr/2026:02:28:23 +0000] "-" 408 - "-" "-"
114.119.145.7 - - [28/Apr/2026:02:28:30 +0000] "GET /simple-steps-to-help-you-better-understand-wordpress/ HTTP/1.1" 200 15011 "https://2-createawebsite.com/simple-steps-to-help-you-better-understand-wordpress/" "Mozilla/5.0 (Linux; Android 7.0;) AppleWebKit/537.36 (HTML, like Gecko) Mobile Safari/537.36 (compatible; PetalBot;+https://webmaster.petalsearch.com/site/petalbot)"
47.128.118.119 - - [28/Apr/2026:02:29:57 +0000] "-" 408 - "-" "-"
47.128.118.119 - - [28/Apr/2026:02:29:57 +0000] "-" 408 - "-" "-"
184.94.212.206 - - [28/Apr/2026:02:31:22 +0000] "POST /wp-cron.php?doing_wp_cron=1777343482.6854770183563232421875 HTTP/1.1" 200 - "-" "WordPress/6.9.4; https://2-createawebsite.com"
192.0.102.230 - - [28/Apr/2026:02:31:21 +0000] "HEAD / HTTP/1.1" 200 - "-" "jetmon/1.0 (Jetpack Site Uptime Monitor by WordPress.com)"
114.119.145.7 - - [28/Apr/2026:02:34:08 +0000] "GET /seeking-knowledge-about-wordpress-you-need-to-read-this-article-4/?share=x HTTP/1.1" 302 - "https://2-createawebsite.com/seeking-knowledge-about-wordpress-you-need-to-read-this-article-4" "Mozilla/5.0 (Linux; Android 7.0;) AppleWebKit/537.36 (HTML, like Gecko) Mobile Safari/537.36 (compatible; PetalBot;+https://webmaster.petalsearch.com/site/petalbot)"
34.96.45.102 - - [28/Apr/2026:02:34:42 +0000] "GET /ads.txt HTTP/1.1" 200 58 "-" "IAB-Tech-Lab"
184.94.212.206 - - [28/Apr/2026:02:36:24 +0000] "POST /wp-cron.php?doing_wp_cron=1777343784.4004700183868408203125 HTTP/1.1" 200 - "-" "WordPress/6.9.4; https://2-createawebsite.com"
192.0.102.230 - - [28/Apr/2026:02:36:23 +0000] "HEAD / HTTP/1.1" 200 - "-" "jetmon/1.0 (Jetpack Site Uptime Monitor by WordPress.com)"
20.219.12.30 - - [28/Apr/2026:02:38:02 +0000] "GET /.tmb/cloud.php HTTP/1.1" 404 9377 "-" "Mozilla/5.0 (Windows NT 10.0; Win64; x64) AppleWebKit/537.36 (KHTML, like Gecko) Chrome/120.0.0.0 Safari/537.36"
20.219.12.30 - - [28/Apr/2026:02:38:04 +0000] "GET /.well-known/ HTTP/1.1" 404 9377 "-" "Mozilla/5.0 (Windows NT 10.0; Win64; x64) AppleWebKit/537.36 (KHTML, like Gecko) Chrome/120.0.0.0 Safari/537.36"
20.219.12.30 - - [28/Apr/2026:02:38:05 +0000] "GET /.well-known/acme-challenge/index.php HTTP/1.1" 301 - "-" "Mozilla/5.0 (Windows NT 10.0; Win64; x64) AppleWebKit/537.36 (KHTML, like Gecko) Chrome/120.0.0.0 Safari/537.36"
20.219.12.30 - - [28/Apr/2026:02:38:06 +0000] "GET /.well-known/autoload_classmap.php HTTP/1.1" 404 9389 "-" "Mozilla/5.0 (Windows NT 10.0; Win64; x64) AppleWebKit/537.36 (KHTML, like Gecko) Chrome/120.0.0.0 Safari/537.36"
20.219.12.30 - - [28/Apr/2026:02:38:07 +0000] "GET /.well-known/pki-validation/ HTTP/1.1" 404 9387 "-" "Mozilla/5.0 (Windows NT 10.0; Win64; x64) AppleWebKit/537.36 (KHTML, like Gecko) Chrome/120.0.0.0 Safari/537.36"
20.219.12.30 - - [28/Apr/2026:02:38:08 +0000] "GET /.well-known/pki-validation/about.php HTTP/1.1" 404 9391 "-" "Mozilla/5.0 (Windows NT 10.0; Win64; x64) AppleWebKit/537.36 (KHTML, like Gecko) Chrome/120.0.0.0 Safari/537.36"
20.219.12.30 - - [28/Apr/2026:02:38:09 +0000] "GET //wp-2019.php HTTP/1.1" 301 - "-" "Mozilla/5.0 (Windows NT 10.0; Win64; x64) AppleWebKit/537.36 (KHTML, like Gecko) Chrome/120.0.0.0 Safari/537.36"
20.219.12.30 - - [28/Apr/2026:02:38:10 +0000] "GET //wp-content/themes/about.php HTTP/1.1" 301 - "-" "Mozilla/5.0 (Windows NT 10.0; Win64; x64) AppleWebKit/537.36 (KHTML, like Gecko) Chrome/120.0.0.0 Safari/537.36"
20.219.12.30 - - [28/Apr/2026:02:38:11 +0000] "GET /0.php HTTP/1.1" 404 9370 "-" "Mozilla/5.0 (Windows NT 10.0; Win64; x64) AppleWebKit/537.36 (KHTML, like Gecko) Chrome/120.0.0.0 Safari/537.36"
20.219.12.30 - - [28/Apr/2026:02:38:11 +0000] "GET /1.php HTTP/1.1" 404 9370 "-" "Mozilla/5.0 (Windows NT 10.0; Win64; x64) AppleWebKit/537.36 (KHTML, like Gecko) Chrome/120.0.0.0 Safari/537.36"
20.219.12.30 - - [28/Apr/2026:02:38:12 +0000] "GET /12.php HTTP/1.1" 404 9371 "-" "Mozilla/5.0 (Windows NT 10.0; Win64; x64) AppleWebKit/537.36 (KHTML, like Gecko) Chrome/120.0.0.0 Safari/537.36"
20.219.12.30 - - [28/Apr/2026:02:38:13 +0000] "GET /120f9.php HTTP/1.1" 404 9374 "-" "Mozilla/5.0 (Windows NT 10.0; Win64; x64) AppleWebKit/537.36 (KHTML, like Gecko) Chrome/120.0.0.0 Safari/537.36"
20.219.12.30 - - [28/Apr/2026:02:38:14 +0000] "GET /22.php HTTP/1.1" 404 9371 "-" "Mozilla/5.0 (Windows NT 10.0; Win64; x64) AppleWebKit/537.36 (KHTML, like Gecko) Chrome/120.0.0.0 Safari/537.36"
20.219.12.30 - - [28/Apr/2026:02:38:15 +0000] "GET /403.php HTTP/1.1" 404 9373 "-" "Mozilla/5.0 (Windows NT 10.0; Win64; x64) AppleWebKit/537.36 (KHTML, like Gecko) Chrome/120.0.0.0 Safari/537.36"
20.219.12.30 - - [28/Apr/2026:02:38:16 +0000] "GET /504.php HTTP/1.1" 404 9372 "-" "Mozilla/5.0 (Windows NT 10.0; Win64; x64) AppleWebKit/537.36 (KHTML, like Gecko) Chrome/120.0.0.0 Safari/537.36"
20.219.12.30 - - [28/Apr/2026:02:38:17 +0000] "GET /GOD.php HTTP/1.1" 404 9371 "-" "Mozilla/5.0 (Windows NT 10.0; Win64; x64) AppleWebKit/537.36 (KHTML, like Gecko) Chrome/120.0.0.0 Safari/537.36"
20.219.12.30 - - [28/Apr/2026:02:38:18 +0000] "GET /NewFile.php HTTP/1.1" 404 9376 "-" "Mozilla/5.0 (Windows NT 10.0; Win64; x64) AppleWebKit/537.36 (KHTML, like Gecko) Chrome/120.0.0.0 Safari/537.36"
20.219.12.30 - - [28/Apr/2026:02:38:19 +0000] "GET /aaa.php HTTP/1.1" 404 9371 "-" "Mozilla/5.0 (Windows NT 10.0; Win64; x64) AppleWebKit/537.36 (KHTML, like Gecko) Chrome/120.0.0.0 Safari/537.36"
20.219.12.30 - - [28/Apr/2026:02:38:20 +0000] "GET /ab.php HTTP/1.1" 404 9371 "-" "Mozilla/5.0 (Windows NT 10.0; Win64; x64) AppleWebKit/537.36 (KHTML, like Gecko) Chrome/120.0.0.0 Safari/537.36"
20.219.12.30 - - [28/Apr/2026:02:38:21 +0000] "GET /about/function.php HTTP/1.1" 404 9374 "-" "Mozilla/5.0 (Windows NT 10.0; Win64; x64) AppleWebKit/537.36 (KHTML, like Gecko) Chrome/120.0.0.0 Safari/537.36"
20.219.12.30 - - [28/Apr/2026:02:38:22 +0000] "GET /admin/function.php HTTP/1.1" 404 9374 "-" "Mozilla/5.0 (Windows NT 10.0; Win64; x64) AppleWebKit/537.36 (KHTML, like Gecko) Chrome/120.0.0.0 Safari/537.36"
20.219.12.30 - - [28/Apr/2026:02:38:23 +0000] "GET /admin/index_upload.php HTTP/1.1" 404 9377 "-" "Mozilla/5.0 (Windows NT 10.0; Win64; x64) AppleWebKit/537.36 (KHTML, like Gecko) Chrome/120.0.0.0 Safari/537.36"
20.219.12.30 - - [28/Apr/2026:02:38:24 +0000] "GET /al.php HTTP/1.1" 404 9370 "-" "Mozilla/5.0 (Windows NT 10.0; Win64; x64) AppleWebKit/537.36 (KHTML, like Gecko) Chrome/120.0.0.0 Safari/537.36"
20.219.12.30 - - [28/Apr/2026:02:38:25 +0000] "GET /alfa-rex.php HTTP/1.1" 404 9374 "-" "Mozilla/5.0 (Windows NT 10.0; Win64; x64) AppleWebKit/537.36 (KHTML, like Gecko) Chrome/120.0.0.0 Safari/537.36"
20.219.12.30 - - [28/Apr/2026:02:38:26 +0000] "GET /alfanew.PHP7 HTTP/1.1" 404 9378 "-" "Mozilla/5.0 (Windows NT 10.0; Win64; x64) AppleWebKit/537.36 (KHTML, like Gecko) Chrome/120.0.0.0 Safari/537.36"
20.219.12.30 - - [28/Apr/2026:02:38:27 +0000] "GET /alfanew.php HTTP/1.1" 404 9374 "-" "Mozilla/5.0 (Windows NT 10.0; Win64; x64) AppleWebKit/537.36 (KHTML, like Gecko) Chrome/120.0.0.0 Safari/537.36"
20.219.12.30 - - [28/Apr/2026:02:38:28 +0000] "GET /auth.php HTTP/1.1" 404 9372 "-" "Mozilla/5.0 (Windows NT 10.0; Win64; x64) AppleWebKit/537.36 (KHTML, like Gecko) Chrome/120.0.0.0 Safari/537.36"
20.219.12.30 - - [28/Apr/2026:02:38:29 +0000] "GET /b.php HTTP/1.1" 404 9370 "-" "Mozilla/5.0 (Windows NT 10.0; Win64; x64) AppleWebKit/537.36 (KHTML, like Gecko) Chrome/120.0.0.0 Safari/537.36"
20.219.12.30 - - [28/Apr/2026:02:38:30 +0000] "GET /b0.php HTTP/1.1" 404 9371 "-" "Mozilla/5.0 (Windows NT 10.0; Win64; x64) AppleWebKit/537.36 (KHTML, like Gecko) Chrome/120.0.0.0 Safari/537.36"
20.219.12.30 - - [28/Apr/2026:02:38:31 +0000] "GET /back.php HTTP/1.1" 404 9371 "-" "Mozilla/5.0 (Windows NT 10.0; Win64; x64) AppleWebKit/537.36 (KHTML, like Gecko) Chrome/120.0.0.0 Safari/537.36"
20.219.12.30 - - [28/Apr/2026:02:38:31 +0000] "GET /bala.php HTTP/1.1" 404 9372 "-" "Mozilla/5.0 (Windows NT 10.0; Win64; x64) AppleWebKit/537.36 (KHTML, like Gecko) Chrome/120.0.0.0 Safari/537.36"
20.219.12.30 - - [28/Apr/2026:02:38:32 +0000] "GET /baxa1.php HTTP/1.1" 404 9373 "-" "Mozilla/5.0 (Windows NT 10.0; Win64; x64) AppleWebKit/537.36 (KHTML, like Gecko) Chrome/120.0.0.0 Safari/537.36"
20.219.12.30 - - [28/Apr/2026:02:38:33 +0000] "GET /buy.php HTTP/1.1" 404 9371 "-" "Mozilla/5.0 (Windows NT 10.0; Win64; x64) AppleWebKit/537.36 (KHTML, like Gecko) Chrome/120.0.0.0 Safari/537.36"
20.219.12.30 - - [28/Apr/2026:02:38:34 +0000] "GET /byp.php HTTP/1.1" 404 9372 "-" "Mozilla/5.0 (Windows NT 10.0; Win64; x64) AppleWebKit/537.36 (KHTML, like Gecko) Chrome/120.0.0.0 Safari/537.36"
20.219.12.30 - - [28/Apr/2026:02:38:35 +0000] "GET /c.php HTTP/1.1" 404 9370 "-" "Mozilla/5.0 (Windows NT 10.0; Win64; x64) AppleWebKit/537.36 (KHTML, like Gecko) Chrome/120.0.0.0 Safari/537.36"
20.219.12.30 - - [28/Apr/2026:02:38:36 +0000] "GET /c99.php? HTTP/1.1" 404 9373 "-" "Mozilla/5.0 (Windows NT 10.0; Win64; x64) AppleWebKit/537.36 (KHTML, like Gecko) Chrome/120.0.0.0 Safari/537.36"
20.219.12.30 - - [28/Apr/2026:02:38:37 +0000] "GET /chosen.php HTTP/1.1" 404 9373 "-" "Mozilla/5.0 (Windows NT 10.0; Win64; x64) AppleWebKit/537.36 (KHTML, like Gecko) Chrome/120.0.0.0 Safari/537.36"
20.219.12.30 - - [28/Apr/2026:02:38:38 +0000] "GET /class-wp-lock.php HTTP/1.1" 404 9377 "-" "Mozilla/5.0 (Windows NT 10.0; Win64; x64) AppleWebKit/537.36 (KHTML, like Gecko) Chrome/120.0.0.0 Safari/537.36"
20.219.12.30 - - [28/Apr/2026:02:38:39 +0000] "GET /cong.php HTTP/1.1" 404 9372 "-" "Mozilla/5.0 (Windows NT 10.0; Win64; x64) AppleWebKit/537.36 (KHTML, like Gecko) Chrome/120.0.0.0 Safari/537.36"
20.219.12.30 - - [28/Apr/2026:02:38:40 +0000] "GET /content.php HTTP/1.1" 404 9372 "-" "Mozilla/5.0 (Windows NT 10.0; Win64; x64) AppleWebKit/537.36 (KHTML, like Gecko) Chrome/120.0.0.0 Safari/537.36"
20.219.12.30 - - [28/Apr/2026:02:38:41 +0000] "GET /control.php HTTP/1.1" 404 9372 "-" "Mozilla/5.0 (Windows NT 10.0; Win64; x64) AppleWebKit/537.36 (KHTML, like Gecko) Chrome/120.0.0.0 Safari/537.36"
20.219.12.30 - - [28/Apr/2026:02:38:42 +0000] "GET /cookie.php HTTP/1.1" 404 9370 "-" "Mozilla/5.0 (Windows NT 10.0; Win64; x64) AppleWebKit/537.36 (KHTML, like Gecko) Chrome/120.0.0.0 Safari/537.36"
20.219.12.30 - - [28/Apr/2026:02:38:43 +0000] "GET /credits.php HTTP/1.1" 404 9374 "-" "Mozilla/5.0 (Windows NT 10.0; Win64; x64) AppleWebKit/537.36 (KHTML, like Gecko) Chrome/120.0.0.0 Safari/537.36"
20.219.12.30 - - [28/Apr/2026:02:38:44 +0000] "GET /cron.php HTTP/1.1" 404 9373 "-" "Mozilla/5.0 (Windows NT 10.0; Win64; x64) AppleWebKit/537.36 (KHTML, like Gecko) Chrome/120.0.0.0 Safari/537.36"
20.219.12.30 - - [28/Apr/2026:02:38:45 +0000] "GET /css.php HTTP/1.1" 404 9372 "-" "Mozilla/5.0 (Windows NT 10.0; Win64; x64) AppleWebKit/537.36 (KHTML, like Gecko) Chrome/120.0.0.0 Safari/537.36"
20.219.12.30 - - [28/Apr/2026:02:38:46 +0000] "GET /css/autoload_classmap.php HTTP/1.1" 404 9382 "-" "Mozilla/5.0 (Windows NT 10.0; Win64; x64) AppleWebKit/537.36 (KHTML, like Gecko) Chrome/120.0.0.0 Safari/537.36"
20.219.12.30 - - [28/Apr/2026:02:38:47 +0000] "GET /data.php HTTP/1.1" 404 9371 "-" "Mozilla/5.0 (Windows NT 10.0; Win64; x64) AppleWebKit/537.36 (KHTML, like Gecko) Chrome/120.0.0.0 Safari/537.36"
20.219.12.30 - - [28/Apr/2026:02:38:48 +0000] "GET /disagreed.php HTTP/1.1" 404 9376 "-" "Mozilla/5.0 (Windows NT 10.0; Win64; x64) AppleWebKit/537.36 (KHTML, like Gecko) Chrome/120.0.0.0 Safari/537.36"
20.219.12.30 - - [28/Apr/2026:02:38:49 +0000] "GET /doc.php HTTP/1.1" 404 9372 "-" "Mozilla/5.0 (Windows NT 10.0; Win64; x64) AppleWebKit/537.36 (KHTML, like Gecko) Chrome/120.0.0.0 Safari/537.36"
20.219.12.30 - - [28/Apr/2026:02:38:49 +0000] "GET /dropdown.php HTTP/1.1" 404 9375 "-" "Mozilla/5.0 (Windows NT 10.0; Win64; x64) AppleWebKit/537.36 (KHTML, like Gecko) Chrome/120.0.0.0 Safari/537.36"
20.219.12.30 - - [28/Apr/2026:02:38:50 +0000] "GET /ds.php HTTP/1.1" 404 9371 "-" "Mozilla/5.0 (Windows NT 10.0; Win64; x64) AppleWebKit/537.36 (KHTML, like Gecko) Chrome/120.0.0.0 Safari/537.36"
20.219.12.30 - - [28/Apr/2026:02:38:51 +0000] "GET /ee.php HTTP/1.1" 404 9371 "-" "Mozilla/5.0 (Windows NT 10.0; Win64; x64) AppleWebKit/537.36 (KHTML, like Gecko) Chrome/120.0.0.0 Safari/537.36"
20.219.12.30 - - [28/Apr/2026:02:38:52 +0000] "GET /en.php HTTP/1.1" 404 9371 "-" "Mozilla/5.0 (Windows NT 10.0; Win64; x64) AppleWebKit/537.36 (KHTML, like Gecko) Chrome/120.0.0.0 Safari/537.36"
20.219.12.30 - - [28/Apr/2026:02:38:53 +0000] "GET /error.php HTTP/1.1" 404 9372 "-" "Mozilla/5.0 (Windows NT 10.0; Win64; x64) AppleWebKit/537.36 (KHTML, like Gecko) Chrome/120.0.0.0 Safari/537.36"
20.219.12.30 - - [28/Apr/2026:02:38:54 +0000] "GET /f35.php HTTP/1.1" 404 9372 "-" "Mozilla/5.0 (Windows NT 10.0; Win64; x64) AppleWebKit/537.36 (KHTML, like Gecko) Chrome/120.0.0.0 Safari/537.36"
20.219.12.30 - - [28/Apr/2026:02:38:55 +0000] "GET /favicon.php HTTP/1.1" 404 9373 "-" "Mozilla/5.0 (Windows NT 10.0; Win64; x64) AppleWebKit/537.36 (KHTML, like Gecko) Chrome/120.0.0.0 Safari/537.36"
20.219.12.30 - - [28/Apr/2026:02:38:56 +0000] "GET /feeds.php HTTP/1.1" 404 9373 "-" "Mozilla/5.0 (Windows NT 10.0; Win64; x64) AppleWebKit/537.36 (KHTML, like Gecko) Chrome/120.0.0.0 Safari/537.36"
20.219.12.30 - - [28/Apr/2026:02:38:57 +0000] "GET /files.php HTTP/1.1" 404 9373 "-" "Mozilla/5.0 (Windows NT 10.0; Win64; x64) AppleWebKit/537.36 (KHTML, like Gecko) Chrome/120.0.0.0 Safari/537.36"
20.219.12.30 - - [28/Apr/2026:02:38:58 +0000] "GET /files/autoload_classmap.php HTTP/1.1" 404 9384 "-" "Mozilla/5.0 (Windows NT 10.0; Win64; x64) AppleWebKit/537.36 (KHTML, like Gecko) Chrome/120.0.0.0 Safari/537.36"
20.219.12.30 - - [28/Apr/2026:02:38:59 +0000] "GET /flower.php HTTP/1.1" 404 9375 "-" "Mozilla/5.0 (Windows NT 10.0; Win64; x64) AppleWebKit/537.36 (KHTML, like Gecko) Chrome/120.0.0.0 Safari/537.36"
20.219.12.30 - - [28/Apr/2026:02:39:00 +0000] "GET /function.php HTTP/1.1" 404 9370 "-" "Mozilla/5.0 (Windows NT 10.0; Win64; x64) AppleWebKit/537.36 (KHTML, like Gecko) Chrome/120.0.0.0 Safari/537.36"
20.219.12.30 - - [28/Apr/2026:02:39:01 +0000] "GET /functions.php HTTP/1.1" 404 9372 "-" "Mozilla/5.0 (Windows NT 10.0; Win64; x64) AppleWebKit/537.36 (KHTML, like Gecko) Chrome/120.0.0.0 Safari/537.36"
20.219.12.30 - - [28/Apr/2026:02:39:02 +0000] "GET /gecko-new.php HTTP/1.1" 404 9377 "-" "Mozilla/5.0 (Windows NT 10.0; Win64; x64) AppleWebKit/537.36 (KHTML, like Gecko) Chrome/120.0.0.0 Safari/537.36"
20.219.12.30 - - [28/Apr/2026:02:39:03 +0000] "GET /ggfi.php HTTP/1.1" 404 9373 "-" "Mozilla/5.0 (Windows NT 10.0; Win64; x64) AppleWebKit/537.36 (KHTML, like Gecko) Chrome/120.0.0.0 Safari/537.36"
20.219.12.30 - - [28/Apr/2026:02:39:05 +0000] "GET /gzak2w.php HTTP/1.1" 404 9375 "-" "Mozilla/5.0 (Windows NT 10.0; Win64; x64) AppleWebKit/537.36 (KHTML, like Gecko) Chrome/120.0.0.0 Safari/537.36"
20.219.12.30 - - [28/Apr/2026:02:39:06 +0000] "GET /hehe.php HTTP/1.1" 404 9372 "-" "Mozilla/5.0 (Windows NT 10.0; Win64; x64) AppleWebKit/537.36 (KHTML, like Gecko) Chrome/120.0.0.0 Safari/537.36"
20.219.12.30 - - [28/Apr/2026:02:39:07 +0000] "GET /hehehehe.php HTTP/1.1" 404 9372 "-" "Mozilla/5.0 (Windows NT 10.0; Win64; x64) AppleWebKit/537.36 (KHTML, like Gecko) Chrome/120.0.0.0 Safari/537.36"
20.219.12.30 - - [28/Apr/2026:02:39:08 +0000] "GET /help.php HTTP/1.1" 404 9373 "-" "Mozilla/5.0 (Windows NT 10.0; Win64; x64) AppleWebKit/537.36 (KHTML, like Gecko) Chrome/120.0.0.0 Safari/537.36"
20.219.12.30 - - [28/Apr/2026:02:39:09 +0000] "GET /images/wp-login.php HTTP/1.1" 404 9376 "-" "Mozilla/5.0 (Windows NT 10.0; Win64; x64) AppleWebKit/537.36 (KHTML, like Gecko) Chrome/120.0.0.0 Safari/537.36"
20.219.12.30 - - [28/Apr/2026:02:39:10 +0000] "GET /index.php HTTP/1.1" 301 - "-" "Mozilla/5.0 (Windows NT 10.0; Win64; x64) AppleWebKit/537.36 (KHTML, like Gecko) Chrome/120.0.0.0 Safari/537.36"
20.219.12.30 - - [28/Apr/2026:02:39:11 +0000] "GET /index/function.php HTTP/1.1" 404 9375 "-" "Mozilla/5.0 (Windows NT 10.0; Win64; x64) AppleWebKit/537.36 (KHTML, like Gecko) Chrome/120.0.0.0 Safari/537.36"
20.219.12.30 - - [28/Apr/2026:02:39:12 +0000] "GET /install.php HTTP/1.1" 404 9374 "-" "Mozilla/5.0 (Windows NT 10.0; Win64; x64) AppleWebKit/537.36 (KHTML, like Gecko) Chrome/120.0.0.0 Safari/537.36"
20.219.12.30 - - [28/Apr/2026:02:39:13 +0000] "GET /jp.php HTTP/1.1" 404 9371 "-" "Mozilla/5.0 (Windows NT 10.0; Win64; x64) AppleWebKit/537.36 (KHTML, like Gecko) Chrome/120.0.0.0 Safari/537.36"
20.219.12.30 - - [28/Apr/2026:02:39:14 +0000] "GET /mah/function.php HTTP/1.1" 404 9374 "-" "Mozilla/5.0 (Windows NT 10.0; Win64; x64) AppleWebKit/537.36 (KHTML, like Gecko) Chrome/120.0.0.0 Safari/537.36"
20.219.12.30 - - [28/Apr/2026:02:39:15 +0000] "GET /meta.php HTTP/1.1" 404 9372 "-" "Mozilla/5.0 (Windows NT 10.0; Win64; x64) AppleWebKit/537.36 (KHTML, like Gecko) Chrome/120.0.0.0 Safari/537.36"
20.219.12.30 - - [28/Apr/2026:02:39:16 +0000] "GET /moon.php HTTP/1.1" 404 9372 "-" "Mozilla/5.0 (Windows NT 10.0; Win64; x64) AppleWebKit/537.36 (KHTML, like Gecko) Chrome/120.0.0.0 Safari/537.36"
20.219.12.30 - - [28/Apr/2026:02:39:17 +0000] "GET /new.php HTTP/1.1" 404 9372 "-" "Mozilla/5.0 (Windows NT 10.0; Win64; x64) AppleWebKit/537.36 (KHTML, like Gecko) Chrome/120.0.0.0 Safari/537.36"
20.219.12.30 - - [28/Apr/2026:02:39:18 +0000] "GET /ova.php HTTP/1.1" 404 9372 "-" "Mozilla/5.0 (Windows NT 10.0; Win64; x64) AppleWebKit/537.36 (KHTML, like Gecko) Chrome/120.0.0.0 Safari/537.36"
20.219.12.30 - - [28/Apr/2026:02:39:19 +0000] "GET /print/bkindex.php HTTP/1.1" 404 9378 "-" "Mozilla/5.0 (Windows NT 10.0; Win64; x64) AppleWebKit/537.36 (KHTML, like Gecko) Chrome/120.0.0.0 Safari/537.36"
20.219.12.30 - - [28/Apr/2026:02:39:20 +0000] "GET /radio.php HTTP/1.1" 404 9373 "-" "Mozilla/5.0 (Windows NT 10.0; Win64; x64) AppleWebKit/537.36 (KHTML, like Gecko) Chrome/120.0.0.0 Safari/537.36"
20.219.12.30 - - [28/Apr/2026:02:39:20 +0000] "GET /randkeyword.php HTTP/1.1" 404 9377 "-" "Mozilla/5.0 (Windows NT 10.0; Win64; x64) AppleWebKit/537.36 (KHTML, like Gecko) Chrome/120.0.0.0 Safari/537.36"
20.219.12.30 - - [28/Apr/2026:02:39:21 +0000] "GET /room.php HTTP/1.1" 404 9373 "-" "Mozilla/5.0 (Windows NT 10.0; Win64; x64) AppleWebKit/537.36 (KHTML, like Gecko) Chrome/120.0.0.0 Safari/537.36"
20.219.12.30 - - [28/Apr/2026:02:39:22 +0000] "GET /sad/about.php HTTP/1.1" 404 9374 "-" "Mozilla/5.0 (Windows NT 10.0; Win64; x64) AppleWebKit/537.36 (KHTML, like Gecko) Chrome/120.0.0.0 Safari/537.36"
20.219.12.30 - - [28/Apr/2026:02:39:23 +0000] "GET /sim.php/wp-includes/certificates/plugins.php HTTP/1.1" 404 9386 "-" "Mozilla/5.0 (Windows NT 10.0; Win64; x64) AppleWebKit/537.36 (KHTML, like Gecko) Chrome/120.0.0.0 Safari/537.36"
20.219.12.30 - - [28/Apr/2026:02:39:24 +0000] "GET /simple.php HTTP/1.1" 404 9373 "-" "Mozilla/5.0 (Windows NT 10.0; Win64; x64) AppleWebKit/537.36 (KHTML, like Gecko) Chrome/120.0.0.0 Safari/537.36"
20.219.12.30 - - [28/Apr/2026:02:39:25 +0000] "GET /templates/beez3/1.php HTTP/1.1" 404 9379 "-" "Mozilla/5.0 (Windows NT 10.0; Win64; x64) AppleWebKit/537.36 (KHTML, like Gecko) Chrome/120.0.0.0 Safari/537.36"
20.219.12.30 - - [28/Apr/2026:02:39:26 +0000] "GET /templates/beez3/index.php HTTP/1.1" 301 - "-" "Mozilla/5.0 (Windows NT 10.0; Win64; x64) AppleWebKit/537.36 (KHTML, like Gecko) Chrome/120.0.0.0 Safari/537.36"
192.0.113.146 - - [28/Apr/2026:02:39:59 +0000] "GET /wp-content/uploads/2020/02/seeking_knowledge_about_wordpress_you_need_to_read_this_article.jpg HTTP/1.1" 404 36256 "-" "Photon/1.0"
195.234.109.24 - - [28/Apr/2026:02:40:03 +0000] "GET /wp-content/uploads/2020/02/seeking_knowledge_about_wordpress_you_need_to_read_this_article.jpg HTTP/1.1" 404 36256 "-" "Photon/1.0"
114.119.133.134 - - [28/Apr/2026:02:40:12 +0000] "GET /respecting-wordpress-the-best-tips-and-tricks-are-here-2?share=x HTTP/1.1" 302 - "https://2-createawebsite.com/respecting-wordpress-the-best-tips-and-tricks-are-here-2" "Mozilla/5.0 (Linux; Android 7.0;) AppleWebKit/537.36 (HTML, like Gecko) Mobile Safari/537.36 (compatible; PetalBot;+https://webmaster.petalsearch.com/site/petalbot)"
184.94.212.206 - - [28/Apr/2026:02:41:20 +0000] "POST /wp-cron.php?doing_wp_cron=1777344080.1013469696044921875000 HTTP/1.1" 200 - "-" "WordPress/6.9.4; https://2-createawebsite.com"
192.0.102.230 - - [28/Apr/2026:02:41:18 +0000] "HEAD / HTTP/1.1" 200 - "-" "jetmon/1.0 (Jetpack Site Uptime Monitor by WordPress.com)"
104.243.32.235 - - [28/Apr/2026:02:43:16 +0000] "GET / HTTP/1.0" 400 76981 "-" "-"
104.243.32.235 - - [28/Apr/2026:02:43:16 +0000] "GET / HTTP/1.1" 200 13643 "-" "Umai-Scanner/2.0"
14.162.59.162 - - [28/Apr/2026:02:44:29 +0000] "GET /want-expert-advice-on-wordpress-read-this-article-2/?share=x HTTP/1.1" 302 - "-" "Mozilla/5.0 (Macintosh; Intel Mac OS X 10_12_6) AppleWebKit/537.36 (KHTML, like Gecko) Chrome/101.0.4951.64 Safari/537.36"
45.33.109.18 - - [28/Apr/2026:02:44:43 +0000] "GET / HTTP/1.0" 400 76981 "-" "-"
38.180.144.95 - - [28/Apr/2026:02:44:47 +0000] "GET / HTTP/1.1" 200 13672 "-" "Mozilla/5.0 (Windows NT 10.0; Win64; x64) AppleWebKit/537.36 (KHTML, like Gecko) Chrome/124.0.0.0 Safari/537.36"
213.32.122.82 - - [28/Apr/2026:02:45:24 +0000] "GET / HTTP/1.1" 200 77712 "-" "Mozilla/5.0 (Windows NT 6.1) AppleWebKit/537.36 (KHTML, like Gecko) Chrome/41.0.2228.0 Safari/537.36"
184.94.212.206 - - [28/Apr/2026:02:46:09 +0000] "POST /wp-cron.php?doing_wp_cron=1777344369.7522630691528320312500 HTTP/1.1" 200 - "-" "WordPress/6.9.4; https://2-createawebsite.com"
114.119.140.50 - - [28/Apr/2026:02:46:08 +0000] "GET /wordpress-tips-and-advice-for-any-level-of-user?share=facebook HTTP/1.1" 302 - "https://2-createawebsite.com/wordpress-tips-and-advice-for-any-level-of-user" "Mozilla/5.0 (Linux; Android 7.0;) AppleWebKit/537.36 (HTML, like Gecko) Mobile Safari/537.36 (compatible; PetalBot;+https://webmaster.petalsearch.com/site/petalbot)"
192.0.102.230 - - [28/Apr/2026:02:46:22 +0000] "HEAD / HTTP/1.1" 200 - "-" "jetmon/1.0 (Jetpack Site Uptime Monitor by WordPress.com)"
50.116.48.207 - - [28/Apr/2026:02:47:31 +0000] "GET / HTTP/1.1" 200 77712 "-" "Mozilla/5.0 (Windows NT 6.1; WOW64; rv:8.0) Gecko/20100101 Firefox/8.0"
184.94.212.206 - - [28/Apr/2026:02:51:24 +0000] "POST /wp-cron.php?doing_wp_cron=1777344684.1034688949584960937500 HTTP/1.1" 200 - "-" "WordPress/6.9.4; https://2-createawebsite.com"
192.0.102.230 - - [28/Apr/2026:02:51:22 +0000] "HEAD / HTTP/1.1" 200 - "-" "jetmon/1.0 (Jetpack Site Uptime Monitor by WordPress.com)"
114.119.146.109 - - [28/Apr/2026:02:52:07 +0000] "GET /wordpress-power-get-the-most-from-your-blog-4/?share=facebook HTTP/1.1" 302 - "https://2-createawebsite.com/wordpress-power-get-the-most-from-your-blog-4/" "Mozilla/5.0 (Linux; Android 7.0;) AppleWebKit/537.36 (HTML, like Gecko) Mobile Safari/537.36 (compatible; PetalBot;+https://webmaster.petalsearch.com/site/petalbot)"
192.0.102.230 - - [28/Apr/2026:02:56:22 +0000] "HEAD / HTTP/1.1" 200 - "-" "jetmon/1.0 (Jetpack Site Uptime Monitor by WordPress.com)"
14.164.210.31 - - [28/Apr/2026:02:58:06 +0000] "GET /wordpress-power-get-the-most-from-your-blog-4/?share=facebook HTTP/1.1" 302 - "-" "Mozilla/5.0 (Macintosh; Intel Mac OS X 10_15_7) AppleWebKit/537.36 (KHTML, like Gecko) Chrome/95.0.4638.54 Safari/537.36"
85.208.96.193 - - [28/Apr/2026:02:58:11 +0000] "GET /wordpress-tips-and-tricks-straight-from-the-pros-2/ HTTP/1.1" 200 15468 "-" "Mozilla/5.0 (compatible; SemrushBot/7~bl; +http://www.semrush.com/bot.html)"
114.119.140.50 - - [28/Apr/2026:02:58:11 +0000] "GET /what-you-need-to-know-about-using-wordpress-4/?share=facebook HTTP/1.1" 302 - "https://2-createawebsite.com/what-you-need-to-know-about-using-wordpress-4/" "Mozilla/5.0 (Linux; Android 7.0;) AppleWebKit/537.36 (HTML, like Gecko) Mobile Safari/537.36 (compatible; PetalBot;+https://webmaster.petalsearch.com/site/petalbot)"
142.44.228.156 - - [28/Apr/2026:02:58:13 +0000] "GET /when-it-comes-to-wordpress-we-will-teach-you-it-all-2/ HTTP/1.1" 200 14991 "-" "Mozilla/5.0 (compatible; AhrefsBot/7.0; +http://ahrefs.com/robot/)"
184.94.212.206 - - [28/Apr/2026:03:01:14 +0000] "POST /wp-cron.php?doing_wp_cron=1777345274.5896310806274414062500 HTTP/1.1" 200 - "-" "WordPress/6.9.4; https://2-createawebsite.com"
57.141.18.4 - - [28/Apr/2026:03:01:13 +0000] "GET /need-help-learning-wordpress-these-tips-were-meant-for-you/ HTTP/1.1" 200 56499 "-" "meta-externalagent/1.1 (+https://developers.facebook.com/docs/sharing/webmasters/crawler)"
192.0.102.230 - - [28/Apr/2026:03:01:18 +0000] "HEAD / HTTP/1.1" 200 - "-" "jetmon/1.0 (Jetpack Site Uptime Monitor by WordPress.com)"
77.83.39.197 - - [28/Apr/2026:03:02:13 +0000] "GET /.env HTTP/1.1" 404 9372 "-" "Mozilla/5.0 (Windows NT 6.1; WOW64) AppleWebKit/537.36 (KHTML, like Gecko) Chrome/70.0.3538.25 Safari/537.36 Core/1.70.3704.400 QQBrowser/10.4.3587.400"
77.83.39.197 - - [28/Apr/2026:03:03:19 +0000] "GET /.env HTTP/1.1" 404 9372 "-" "Mozilla/5.0 (X11; Linux x86_64) AppleWebKit/538.1 (KHTML, like Gecko) QupZilla/1.9.0 Safari/538.1"
114.119.155.153 - - [28/Apr/2026:03:04:27 +0000] "GET /what-about-this-article-regarding-wordpress-has-experts-trembling/?share=x HTTP/1.1" 302 - "https://2-createawebsite.com/what-about-this-article-regarding-wordpress-has-experts-trembling" "Mozilla/5.0 (Linux; Android 7.0;) AppleWebKit/537.36 (HTML, like Gecko) Mobile Safari/537.36 (compatible; PetalBot;+https://webmaster.petalsearch.com/site/petalbot)"
184.94.212.206 - - [28/Apr/2026:03:06:21 +0000] "POST /wp-cron.php?doing_wp_cron=1777345581.7167780399322509765625 HTTP/1.1" 200 - "-" "WordPress/6.9.4; https://2-createawebsite.com"
192.0.102.230 - - [28/Apr/2026:03:06:20 +0000] "HEAD / HTTP/1.1" 200 - "-" "jetmon/1.0 (Jetpack Site Uptime Monitor by WordPress.com)"
143.14.6.219 - - [28/Apr/2026:03:06:22 +0000] "GET /wp-json/oembed/1.0/embed?url=https%3A%2F%2F2-createawebsite.com%2Fhaving-trouble-with-wordpress-check-out-these-tips-2%2F&format=xml HTTP/1.1" 200 1297 "-" "Mozilla/5.0 (Macintosh; Intel Mac OS X 10_15_7) AppleWebKit/537.36 (KHTML, like Gecko) Chrome/135.0.0.0 Safari/537.36"
192.0.114.52 - - [28/Apr/2026:03:07:06 +0000] "GET /wp-content/uploads/2019/10/54e7d2454c52ac14f6da8c7dda793278143fdef8525477407c2c73d79f4f_640.jpg HTTP/1.1" 404 36257 "-" "Photon/1.0"
185.191.171.11 - - [28/Apr/2026:03:07:08 +0000] "GET /tag/free-tools/ HTTP/1.1" 200 10244 "-" "Mozilla/5.0 (compatible; SemrushBot/7~bl; +http://www.semrush.com/bot.html)"
114.119.140.50 - - [28/Apr/2026:03:10:18 +0000] "GET /want-expert-advice-on-wordpress-read-this-article/?share=x HTTP/1.1" 302 - "https://2-createawebsite.com/want-expert-advice-on-wordpress-read-this-article/" "Mozilla/5.0 (Linux; Android 7.0;) AppleWebKit/537.36 (HTML, like Gecko) Mobile Safari/537.36 (compatible; PetalBot;+https://webmaster.petalsearch.com/site/petalbot)"
57.141.18.21 - - [28/Apr/2026:03:10:30 +0000] "GET /new-to-wordpress-these-tips-can-help-2/ HTTP/1.1" 200 53871 "-" "meta-externalagent/1.1 (+https://developers.facebook.com/docs/sharing/webmasters/crawler)"
192.0.102.230 - - [28/Apr/2026:03:11:20 +0000] "HEAD / HTTP/1.1" 200 - "-" "jetmon/1.0 (Jetpack Site Uptime Monitor by WordPress.com)"
54.172.209.207 - - [28/Apr/2026:03:12:01 +0000] "GET /robots.txt HTTP/1.1" 200 125 "-" "Mozilla/5.0 (Macintosh; Intel Mac OS X 10_10_1) AppleWebKit/600.2.5 (KHTML, like Gecko) Version/8.0.2 Safari/600.2.5 (Gort)"
57.141.18.68 - - [28/Apr/2026:03:12:08 +0000] "GET /54e6d24a4854af14f6da8c7dda793278143fdef8525476497c2978dd974a_640-jpg/ HTTP/1.1" 200 45666 "-" "meta-externalagent/1.1 (+https://developers.facebook.com/docs/sharing/webmasters/crawler)"
216.73.217.37 - - [28/Apr/2026:03:13:47 +0000] "GET /robots.txt HTTP/1.1" 200 125 "-" "Mozilla/5.0 AppleWebKit/537.36 (KHTML, like Gecko; compatible; ClaudeBot/1.0; +claudebot@anthropic.com)"
216.73.217.37 - - [28/Apr/2026:03:13:48 +0000] "GET /sitemap.xml HTTP/1.1" 200 307 "-" "Mozilla/5.0 AppleWebKit/537.36 (KHTML, like Gecko; compatible; ClaudeBot/1.0; +claudebot@anthropic.com)"
114.119.146.109 - - [28/Apr/2026:03:16:13 +0000] "GET /using-wordpress-to-create-your-own-blog?share=facebook HTTP/1.1" 302 - "https://2-createawebsite.com/using-wordpress-to-create-your-own-blog" "Mozilla/5.0 (Linux; Android 7.0;) AppleWebKit/537.36 (HTML, like Gecko) Mobile Safari/537.36 (compatible; PetalBot;+https://webmaster.petalsearch.com/site/petalbot)"
192.0.102.230 - - [28/Apr/2026:03:16:21 +0000] "HEAD / HTTP/1.1" 200 - "-" "jetmon/1.0 (Jetpack Site Uptime Monitor by WordPress.com)"
57.141.18.121 - - [28/Apr/2026:03:18:06 +0000] "GET /getting-what-you-need-from-wordpress-tips-and-tricks/ HTTP/1.1" 200 56289 "-" "meta-externalagent/1.1 (+https://developers.facebook.com/docs/sharing/webmasters/crawler)"
216.73.217.37 - - [28/Apr/2026:03:22:03 +0000] "GET /news-sitemap.xml HTTP/1.1" 200 313 "-" "Mozilla/5.0 AppleWebKit/537.36 (KHTML, like Gecko; compatible; ClaudeBot/1.0; +claudebot@anthropic.com)"
192.0.112.244 - - [28/Apr/2026:03:22:11 +0000] "GET /wp-content/uploads/2020/04/wordpress_tips_and_tricks_straight_from_the_pros.jpg HTTP/1.1" 404 36241 "-" "Photon/1.0"
114.119.155.153 - - [28/Apr/2026:03:22:12 +0000] "GET /trying-to-figure-out-wordpress-try-these-tips-and-tricks/?share=facebook HTTP/1.1" 302 - "https://2-createawebsite.com/trying-to-figure-out-wordpress-try-these-tips-and-tricks/" "Mozilla/5.0 (Linux; Android 7.0;) AppleWebKit/537.36 (HTML, like Gecko) Mobile Safari/537.36 (compatible; PetalBot;+https://webmaster.petalsearch.com/site/petalbot)"
47.128.117.44 - - [28/Apr/2026:03:22:57 +0000] "-" 408 - "-" "-"
57.141.18.95 - - [28/Apr/2026:03:23:13 +0000] "GET /in-respect-to-wordpress-this-article-has-great-advice-3/ HTTP/1.1" 200 53135 "-" "meta-externalagent/1.1 (+https://developers.facebook.com/docs/sharing/webmasters/crawler)"
54.39.6.94 - - [28/Apr/2026:03:23:32 +0000] "GET /great-tips-and-tricks-for-blogging-with-wordpress-5/ HTTP/1.1" 200 14789 "-" "Mozilla/5.0 (compatible; AhrefsBot/7.0; +http://ahrefs.com/robot/)"
114.119.133.134 - - [28/Apr/2026:03:28:12 +0000] "GET /tips-and-tricks-for-improving-your-wordpress-skills?share=x HTTP/1.1" 302 - "-" "Mozilla/5.0 (Linux; Android 7.0;) AppleWebKit/537.36 (HTML, like Gecko) Mobile Safari/537.36 (compatible; PetalBot;+https://webmaster.petalsearch.com/site/petalbot)"
113.178.27.174 - - [28/Apr/2026:03:29:30 +0000] "GET /helpful-hints-for-using-wordpress-successfully-2/?share=facebook HTTP/1.1" 302 - "-" "Mozilla/5.0 (Macintosh; Intel Mac OS X 11_1_0) AppleWebKit/537.36 (KHTML, like Gecko) Chrome/88.0.4324.150 Safari/537.36"
114.119.140.50 - - [28/Apr/2026:03:34:08 +0000] "GET /terrific-advice-for-making-wordpress-work-for-you-3/?share=x HTTP/1.1" 302 - "https://2-createawebsite.com/terrific-advice-for-making-wordpress-work-for-you-3/" "Mozilla/5.0 (Linux; Android 7.0;) AppleWebKit/537.36 (HTML, like Gecko) Mobile Safari/537.36 (compatible; PetalBot;+https://webmaster.petalsearch.com/site/petalbot)"
114.119.146.109 - - [28/Apr/2026:03:40:24 +0000] "GET /simple-steps-to-help-you-better-understand-wordpress-3/ HTTP/1.1" 200 14845 "https://2-createawebsite.com/simple-steps-to-help-you-better-understand-wordpress-3/" "Mozilla/5.0 (Linux; Android 7.0;) AppleWebKit/537.36 (HTML, like Gecko) Mobile Safari/537.36 (compatible; PetalBot;+https://webmaster.petalsearch.com/site/petalbot)"
45.92.1.163 - - [28/Apr/2026:03:44:49 +0000] "<?xml version=\"1.0\"?><methodCall><methodName>system.multicall</methodName><params><param><value><array><data>" 404 36227 "-" "-"
184.94.212.206 - - [28/Apr/2026:03:46:10 +0000] "POST /wp-cron.php?doing_wp_cron=1777347970.5978939533233642578125 HTTP/1.1" 200 - "-" "WordPress/6.9.4; https://2-createawebsite.com"
142.44.228.254 - - [28/Apr/2026:03:46:07 +0000] "GET /simple-steps-to-help-you-better-understand-wordpress-2/ HTTP/1.1" 200 14988 "-" "Mozilla/5.0 (compatible; AhrefsBot/7.0; +http://ahrefs.com/robot/)"
114.119.140.50 - - [28/Apr/2026:03:46:35 +0000] "GET /respecting-wordpress-the-best-tips-and-tricks-are-here-3?share=x HTTP/1.1" 302 - "https://2-createawebsite.com/respecting-wordpress-the-best-tips-and-tricks-are-here-3" "Mozilla/5.0 (Linux; Android 7.0;) AppleWebKit/537.36 (HTML, like Gecko) Mobile Safari/537.36 (compatible; PetalBot;+https://webmaster.petalsearch.com/site/petalbot)"
184.94.212.206 - - [28/Apr/2026:03:51:22 +0000] "POST /wp-cron.php?doing_wp_cron=1777348282.7022039890289306640625 HTTP/1.1" 200 - "-" "WordPress/6.9.4; https://2-createawebsite.com"
192.0.102.230 - - [28/Apr/2026:03:51:21 +0000] "HEAD / HTTP/1.1" 200 - "-" "jetmon/1.0 (Jetpack Site Uptime Monitor by WordPress.com)"
15.235.98.129 - - [28/Apr/2026:03:51:28 +0000] "GET /all-you-need-to-know-about-using-wordpress-2/ HTTP/1.1" 200 15456 "-" "Mozilla/5.0 (compatible; AhrefsBot/7.0; +http://ahrefs.com/robot/)"
