64.118.134.203 - - [27/Apr/2026:23:43:30 +0000] "GET /wp-content/uploads/ HTTP/1.1" 404 9370 "-" "Mozilla/5.0 (Linux; U; Android 4.1.2; en-us; LG-P870/P87020d Build/JZO54K) AppleWebKit/534.30 (KHTML, like Gecko) Version/4.0 Mobile Safari/534.30"
64.118.134.203 - - [27/Apr/2026:23:43:31 +0000] "GET /wp-content/uploads/ HTTP/1.1" 301 - "-" "Mozilla/5.0 (compatible; Konqueror/3.5; Linux 2.6.30-7.dmz.1-liquorix-686; X11) KHTML/3.5.10 (like Gecko) (Debian package 4:3.5.10.dfsg.1-1 b1)"
64.118.134.203 - - [27/Apr/2026:23:43:32 +0000] "GET /wp-content/uploads/ HTTP/1.1" 404 9370 "-" "Mozilla/5.0 (Linux; Android 11; SM-M515F) AppleWebKit/537.36 (KHTML, like Gecko) Chrome/101.0.4951.41 Mobile Safari/537.36"
64.118.134.203 - - [27/Apr/2026:23:43:33 +0000] "GET /wp-content/uploads/ HTTP/1.1" 404 9371 "-" "Mozilla/5.0 (Macintosh; Intel Mac OS X 10_7_2; rv:10.0.1) Gecko/20100101 Firefox/10.0.1"
64.118.134.203 - - [27/Apr/2026:23:43:33 +0000] "GET /feed/ HTTP/1.1" 200 19376 "-" "Mozilla/5.0 (Linux; Android 12; SM-G991B) AppleWebKit/537.36 (KHTML, like Gecko) Chrome/100.0.4896.127 Mobile Safari/537.36 EdgA/100.0.1185.50"
64.118.134.203 - - [27/Apr/2026:23:43:33 +0000] "GET /?rest_route=/ HTTP/1.1" 200 33236 "-" "Mozilla/5.0 (Linux; Android 10; Redmi Note 7) AppleWebKit/537.36 (KHTML, like Gecko) Chrome/101.0.4951.41 Mobile Safari/537.36"
64.118.134.203 - - [27/Apr/2026:23:43:33 +0000] "GET /wp-json HTTP/1.1" 200 33236 "-" "Mozilla/5.0 (Macintosh; Intel Mac OS X 10_6_8) AppleWebKit/535.2 (KHTML, like Gecko) Chrome/15.0.874.54 Safari/535.2"
64.118.134.203 - - [27/Apr/2026:23:43:34 +0000] "GET /?rest_route=/ HTTP/1.1" 200 33236 "-" "Mozilla/4.0 (compatible; MSIE 5.15; Mac_PowerPC)"
47.84.105.131 - - [27/Apr/2026:23:43:34 +0000] "GET / HTTP/1.1" 301 - "-" "curl/7.74.0"
64.118.134.203 - - [27/Apr/2026:23:43:34 +0000] "GET /wp-json HTTP/1.1" 200 33236 "-" "Mozilla/5.0 (Windows NT 10.0; Win64; x64) AppleWebKit/537.36 (KHTML, like Gecko) Chrome/101.0.4951.41 Safari/537.36 Edg/101.0.1210.32"
64.118.134.203 - - [27/Apr/2026:23:43:34 +0000] "GET /wp-json HTTP/1.1" 200 33236 "-" "Mozilla/4.0 (compatible; MSIE 5.15; Mac_PowerPC)"
64.118.134.203 - - [27/Apr/2026:23:43:33 +0000] "GET /?rest_route=/ HTTP/1.1" 200 33236 "-" "Mozilla/5.0 (Macintosh; Intel Mac OS X 10_6_8) AppleWebKit/535.2 (KHTML, like Gecko) Chrome/15.0.874.54 Safari/535.2"
64.118.134.203 - - [27/Apr/2026:23:43:34 +0000] "GET /wp-json HTTP/1.1" 200 33236 "-" "Mozilla/5.0 (Windows NT 6.2) AppleWebKit/536.6 (KHTML, like Gecko) Chrome/20.0.1090.0 Safari/536.6"
64.118.134.203 - - [27/Apr/2026:23:43:34 +0000] "GET /?rest_route=/ HTTP/1.1" 200 33236 "-" "Mozilla/5.0 (Windows NT 10.0; Win64; x64) AppleWebKit/537.36 (KHTML, like Gecko) Chrome/101.0.4951.41 Safari/537.36 Edg/101.0.1210.32"
64.118.134.203 - - [27/Apr/2026:23:43:35 +0000] "GET /wp-json HTTP/1.1" 200 33236 "-" "Mozilla/5.0 (Linux; Android 10; Redmi Note 7) AppleWebKit/537.36 (KHTML, like Gecko) Chrome/101.0.4951.41 Mobile Safari/537.36"
64.118.134.203 - - [27/Apr/2026:23:43:34 +0000] "GET /wp-content/uploads/ HTTP/1.1" 404 9370 "-" "Mozilla/5.0 (Linux; Android 12; SM-G991B) AppleWebKit/537.36 (KHTML, like Gecko) Chrome/100.0.4896.127 Mobile Safari/537.36 EdgA/100.0.1185.50"
64.118.134.203 - - [27/Apr/2026:23:43:34 +0000] "GET /?rest_route=/ HTTP/1.1" 200 33236 "-" "Mozilla/5.0 (Windows NT 6.2) AppleWebKit/536.6 (KHTML, like Gecko) Chrome/20.0.1090.0 Safari/536.6"
184.94.212.206 - - [27/Apr/2026:23:43:38 +0000] "POST /?wordfence_syncAttackData=1777333418.2907 HTTP/1.1" 200 - "-" "WordPress/6.9.4; https://2-createawebsite.com"
64.118.134.203 - - [27/Apr/2026:23:43:38 +0000] "GET /wp-content/plugins/google-site-kit/readme.txt HTTP/1.1" 404 9376 "-" "Mozilla/5.0 (OS/2; Warp 4.5; rv:38.0) Gecko/20100101 Firefox/38.0"
184.94.212.206 - - [27/Apr/2026:23:43:38 +0000] "POST /?wordfence_syncAttackData=1777333418.2727 HTTP/1.1" 200 13673 "-" "WordPress/6.9.4; https://2-createawebsite.com"
64.118.134.203 - - [27/Apr/2026:23:43:38 +0000] "GET /wp-content/plugins/jetpack/readme.txt HTTP/1.1" 301 - "-" "Mozilla/5.0 (compatible; Konqueror/4.1; OpenBSD) KHTML/4.1.4 (like Gecko)"
64.118.134.203 - - [27/Apr/2026:23:43:37 +0000] "GET /wp-content/plugins/automattic-for-agencies-client/readme.txt HTTP/1.1" 404 9394 "-" "Mozilla/5.0 (Linux; Android 12; SM-G970U) AppleWebKit/537.36 (KHTML, like Gecko) Chrome/101.0.4951.61 Mobile Safari/537.36"
47.84.105.131 - - [27/Apr/2026:23:43:37 +0000] "GET / HTTP/1.1" 200 13643 "https://184.94.212.206:443" "curl/7.74.0"
64.118.134.203 - - [27/Apr/2026:23:43:40 +0000] "GET /wp-content/plugins/google-site-kit/Readme.txt HTTP/1.1" 404 9376 "-" "Mozilla/5.0 (OS/2; Warp 4.5; rv:38.0) Gecko/20100101 Firefox/38.0"
64.118.134.203 - - [27/Apr/2026:23:43:40 +0000] "GET /wp-content/plugins/automattic-for-agencies-client/Readme.txt HTTP/1.1" 404 9394 "-" "Mozilla/5.0 (Linux; Android 12; SM-G970U) AppleWebKit/537.36 (KHTML, like Gecko) Chrome/101.0.4951.61 Mobile Safari/537.36"
64.118.134.203 - - [27/Apr/2026:23:43:40 +0000] "GET /wp-json HTTP/1.1" 200 33236 "-" "Mozilla/5.0 (Linux; Android 11; ONEPLUS A6000) AppleWebKit/537.36 (KHTML, like Gecko) Chrome/92.0.4515.131 Mobile Safari/537.36"
64.118.134.203 - - [27/Apr/2026:23:43:40 +0000] "GET /wp-content/plugins/jetpack/readme.txt HTTP/1.1" 404 9375 "-" "Mozilla/5.0 (compatible; MSIE 9.0; Windows NT 6.2; Trident/5.0)"
64.118.134.203 - - [27/Apr/2026:23:43:40 +0000] "GET /wp-content/plugins/jetpack/readme.txt HTTP/1.1" 404 9373 "https://www.2-createawebsite.com/wp-content/plugins/jetpack/readme.txt" "Mozilla/5.0 (compatible; Konqueror/4.1; OpenBSD) KHTML/4.1.4 (like Gecko)"
64.118.134.203 - - [27/Apr/2026:23:43:40 +0000] "GET /wp-content/plugins/blaze-ads/readme.txt HTTP/1.1" 404 9382 "-" "SonyEricssonK810i/R1KG Browser/NetFront/3.3 Profile/MIDP-2.0 Configuration/CLDC-1.1"
64.118.134.203 - - [27/Apr/2026:23:43:40 +0000] "GET /?rest_route=/ HTTP/1.1" 200 33236 "-" "Mozilla/5.0 (Linux; Android 11; ONEPLUS A6000) AppleWebKit/537.36 (KHTML, like Gecko) Chrome/92.0.4515.131 Mobile Safari/537.36"
64.118.134.203 - - [27/Apr/2026:23:43:41 +0000] "GET /wp-content/plugins/google-site-kit/README.txt HTTP/1.1" 404 9379 "-" "Mozilla/5.0 (OS/2; Warp 4.5; rv:38.0) Gecko/20100101 Firefox/38.0"
64.118.134.203 - - [27/Apr/2026:23:43:42 +0000] "GET /wp-content/plugins/automattic-for-agencies-client/README.txt HTTP/1.1" 404 9398 "-" "Mozilla/5.0 (Linux; Android 12; SM-G970U) AppleWebKit/537.36 (KHTML, like Gecko) Chrome/101.0.4951.61 Mobile Safari/537.36"
64.118.134.203 - - [27/Apr/2026:23:43:42 +0000] "GET /wp-content/plugins/jetpack/Readme.txt HTTP/1.1" 301 - "-" "Mozilla/5.0 (compatible; Konqueror/4.1; OpenBSD) KHTML/4.1.4 (like Gecko)"
64.118.134.203 - - [27/Apr/2026:23:43:44 +0000] "GET /wp-content/plugins/jetpack/Readme.txt HTTP/1.1" 404 9376 "-" "Mozilla/5.0 (compatible; MSIE 9.0; Windows NT 6.2; Trident/5.0)"
64.118.134.203 - - [27/Apr/2026:23:43:45 +0000] "GET /wp-content/plugins/google-site-kit/readme.txt HTTP/1.1" 404 9376 "-" "Mozilla/5.0 (Windows NT 10.0; Win64; x64) AppleWebKit/537.36 (KHTML, like Gecko) Chrome/100.0.4896.88 Safari/537.36"
64.118.134.203 - - [27/Apr/2026:23:43:44 +0000] "GET /wp-content/plugins/blaze-ads/Readme.txt HTTP/1.1" 404 9383 "-" "SonyEricssonK810i/R1KG Browser/NetFront/3.3 Profile/MIDP-2.0 Configuration/CLDC-1.1"
64.118.134.203 - - [27/Apr/2026:23:43:45 +0000] "GET /wp-content/plugins/blaze-ads/readme.txt HTTP/1.1" 404 9383 "-" "Mozilla/5.0 (Linux; U; Android 4.1.2; en-us; LG-P870/P87020d Build/JZO54K) AppleWebKit/534.30 (KHTML, like Gecko) Version/4.0 Mobile Safari/534.30"
64.118.134.203 - - [27/Apr/2026:23:43:45 +0000] "GET /wp-content/plugins/wordfence/readme.txt HTTP/1.1" 404 9380 "-" "Mozilla/5.0 (Windows NT 6.1; Win64; x64) AppleWebKit/537.36 (KHTML, like Gecko) Chrome/101.0.4951.67 Safari/537.36"
64.118.134.203 - - [27/Apr/2026:23:43:46 +0000] "GET /wp-content/plugins/jetpack/Readme.txt HTTP/1.1" 404 9373 "https://www.2-createawebsite.com/wp-content/plugins/jetpack/Readme.txt" "Mozilla/5.0 (compatible; Konqueror/4.1; OpenBSD) KHTML/4.1.4 (like Gecko)"
64.118.134.203 - - [27/Apr/2026:23:43:46 +0000] "GET /wp-content/plugins/blaze-ads/README.txt HTTP/1.1" 404 9386 "-" "SonyEricssonK810i/R1KG Browser/NetFront/3.3 Profile/MIDP-2.0 Configuration/CLDC-1.1"
64.118.134.203 - - [27/Apr/2026:23:43:46 +0000] "GET /wp-content/plugins/jetpack/README.txt HTTP/1.1" 301 - "-" "Mozilla/5.0 (compatible; Konqueror/4.1; OpenBSD) KHTML/4.1.4 (like Gecko)"
184.94.212.206 - - [27/Apr/2026:23:43:48 +0000] "POST /?wordfence_syncAttackData=1777333428.1279 HTTP/1.1" 200 - "-" "WordPress/6.9.4; https://2-createawebsite.com"
64.118.134.203 - - [27/Apr/2026:23:43:48 +0000] "GET /wp-content/plugins/google-site-kit/Readme.txt HTTP/1.1" 404 9376 "-" "Mozilla/5.0 (Windows NT 10.0; Win64; x64) AppleWebKit/537.36 (KHTML, like Gecko) Chrome/100.0.4896.88 Safari/537.36"
64.118.134.203 - - [27/Apr/2026:23:43:47 +0000] "GET /wp-content/plugins/jetpack/README.txt HTTP/1.1" 404 9381 "-" "Mozilla/5.0 (compatible; MSIE 9.0; Windows NT 6.2; Trident/5.0)"
64.118.134.203 - - [27/Apr/2026:23:43:48 +0000] "GET /wp-content/plugins/blaze-ads/Readme.txt HTTP/1.1" 404 9383 "-" "Mozilla/5.0 (Linux; U; Android 4.1.2; en-us; LG-P870/P87020d Build/JZO54K) AppleWebKit/534.30 (KHTML, like Gecko) Version/4.0 Mobile Safari/534.30"
64.118.134.203 - - [27/Apr/2026:23:43:49 +0000] "GET /wp-content/plugins/automattic-for-agencies-client/readme.txt HTTP/1.1" 404 9398 "-" "Mozilla/5.0 (Linux; Android 7.0; Moto G (5) Plus Build/NPNS25.137-35-5) AppleWebKit/537.36 (KHTML, like Gecko) Chrome/60.0.3112.107 Mobile Safari/537.36"
64.118.134.203 - - [27/Apr/2026:23:43:50 +0000] "GET /wp-content/plugins/blaze-ads/README.txt HTTP/1.1" 404 9387 "-" "Mozilla/5.0 (Linux; U; Android 4.1.2; en-us; LG-P870/P87020d Build/JZO54K) AppleWebKit/534.30 (KHTML, like Gecko) Version/4.0 Mobile Safari/534.30"
64.118.134.203 - - [27/Apr/2026:23:43:50 +0000] "GET /wp-content/plugins/google-site-kit/README.txt HTTP/1.1" 404 9380 "-" "Mozilla/5.0 (Windows NT 10.0; Win64; x64) AppleWebKit/537.36 (KHTML, like Gecko) Chrome/100.0.4896.88 Safari/537.36"
64.118.134.203 - - [27/Apr/2026:23:43:51 +0000] "GET /wp-content/plugins/jetpack-search/readme.txt HTTP/1.1" 404 9381 "-" "Mozilla/5.0 (X11; U; Linux i686; it; rv:1.9.2.3) Gecko/20100406 Firefox/3.6.3 (Swiftfox)"
64.118.134.203 - - [27/Apr/2026:23:43:51 +0000] "GET /wp-content/plugins/automattic-for-agencies-client/Readme.txt HTTP/1.1" 404 9398 "-" "Mozilla/5.0 (Linux; Android 7.0; Moto G (5) Plus Build/NPNS25.137-35-5) AppleWebKit/537.36 (KHTML, like Gecko) Chrome/60.0.3112.107 Mobile Safari/537.36"
64.118.134.203 - - [27/Apr/2026:23:43:52 +0000] "GET /wp-content/plugins/blaze-ads/readme.txt HTTP/1.1" 404 9382 "-" "Mozilla/5.0 (Linux; Android 7.0; LGL84VL Build/NRD90U) AppleWebKit/537.36 (KHTML, like Gecko) Chrome/59.0.3071.125 Mobile Safari/537.36"
64.118.134.203 - - [27/Apr/2026:23:43:52 +0000] "GET /wp-content/plugins/jetpack-search/Readme.txt HTTP/1.1" 404 9379 "-" "Mozilla/5.0 (X11; U; Linux i686; it; rv:1.9.2.3) Gecko/20100406 Firefox/3.6.3 (Swiftfox)"
64.118.134.203 - - [27/Apr/2026:23:43:53 +0000] "GET /wp-content/plugins/wordfence/README.txt HTTP/1.1" 404 9384 "-" "Mozilla/5.0 (Windows NT 6.1; Win64; x64) AppleWebKit/537.36 (KHTML, like Gecko) Chrome/101.0.4951.67 Safari/537.36"
64.118.134.203 - - [27/Apr/2026:23:43:54 +0000] "GET /wp-content/plugins/jetpack-search/README.txt HTTP/1.1" 404 9384 "-" "Mozilla/5.0 (X11; U; Linux i686; it; rv:1.9.2.3) Gecko/20100406 Firefox/3.6.3 (Swiftfox)"
64.118.134.203 - - [27/Apr/2026:23:43:54 +0000] "GET /wp-content/plugins/jetpack-search/readme.txt HTTP/1.1" 301 - "-" "Mozilla/5.0 (Windows NT 10.0; WOW64) AppleWebKit/537.36 (KHTML, like Gecko) Chrome/98.0.4758.119 YaBrowser/22.3.0.2539 Yowser/2.5 Safari/537.36"
64.118.134.203 - - [27/Apr/2026:23:43:55 +0000] "GET /wp-content/plugins/jetpack/readme.txt HTTP/1.1" 404 9372 "-" "Mozilla/5.0 (Linux; Android 12; SM-G991U) AppleWebKit/537.36 (KHTML, like Gecko) Chrome/101.0.4951.41 Mobile Safari/537.36"
64.118.134.203 - - [27/Apr/2026:23:43:55 +0000] "GET /wp-content/plugins/jetpack-search/readme.txt HTTP/1.1" 404 9377 "https://www.2-createawebsite.com/wp-content/plugins/jetpack-search/readme.txt" "Mozilla/5.0 (Windows NT 10.0; WOW64) AppleWebKit/537.36 (KHTML, like Gecko) Chrome/98.0.4758.119 YaBrowser/22.3.0.2539 Yowser/2.5 Safari/537.36"
184.94.212.206 - - [27/Apr/2026:23:43:57 +0000] "POST /?wordfence_syncAttackData=1777333437.0787 HTTP/1.1" 200 13673 "-" "WordPress/6.9.4; https://2-createawebsite.com"
184.94.212.206 - - [27/Apr/2026:23:43:57 +0000] "POST /?wordfence_syncAttackData=1777333437.2623 HTTP/1.1" 200 13673 "-" "WordPress/6.9.4; https://2-createawebsite.com"
64.118.134.203 - - [27/Apr/2026:23:43:56 +0000] "GET /wp-content/plugins/jetpack/Readme.txt HTTP/1.1" 404 9372 "-" "Mozilla/5.0 (Linux; Android 12; SM-G991U) AppleWebKit/537.36 (KHTML, like Gecko) Chrome/101.0.4951.41 Mobile Safari/537.36"
184.94.212.206 - - [27/Apr/2026:23:43:57 +0000] "POST /?wordfence_syncAttackData=1777333437.2715 HTTP/1.1" 200 13672 "-" "WordPress/6.9.4; https://2-createawebsite.com"
64.118.134.203 - - [27/Apr/2026:23:43:56 +0000] "GET /wp-content/plugins/google-site-kit/readme.txt HTTP/1.1" 404 9376 "-" "Mozilla/5.0 (Macintosh; Intel Mac OS X 10_8_4) AppleWebKit/537.31 (KHTML like Gecko) Chrome/26.0.1410.63 Safari/537.31"
64.118.134.203 - - [27/Apr/2026:23:43:56 +0000] "GET /wp-content/plugins/jetpack-search/Readme.txt HTTP/1.1" 301 - "-" "Mozilla/5.0 (Windows NT 10.0; WOW64) AppleWebKit/537.36 (KHTML, like Gecko) Chrome/98.0.4758.119 YaBrowser/22.3.0.2539 Yowser/2.5 Safari/537.36"
64.118.134.203 - - [27/Apr/2026:23:43:56 +0000] "GET /wp-content/plugins/blaze-ads/Readme.txt HTTP/1.1" 404 9381 "-" "Mozilla/5.0 (Linux; Android 7.0; LGL84VL Build/NRD90U) AppleWebKit/537.36 (KHTML, like Gecko) Chrome/59.0.3071.125 Mobile Safari/537.36"
64.118.134.203 - - [27/Apr/2026:23:43:57 +0000] "GET /wp-content/plugins/wordfence/readme.txt HTTP/1.1" 404 9384 "-" "Mozilla/5.0 (iPhone; CPU iPhone OS 15_4_1 like Mac OS X) AppleWebKit/605.1.15 (KHTML, like Gecko) Version/15.0 Mobile/15E148 Safari/605.1 NAVER(inapp; search; 1000; 11.5.7; XR)"
184.94.212.206 - - [27/Apr/2026:23:43:57 +0000] "POST /?wordfence_syncAttackData=1777333437.3664 HTTP/1.1" 200 13673 "-" "WordPress/6.9.4; https://2-createawebsite.com"
64.118.134.203 - - [27/Apr/2026:23:44:01 +0000] "GET /wp-content/plugins/jetpack/README.txt HTTP/1.1" 404 9377 "-" "Mozilla/5.0 (Linux; Android 12; SM-G991U) AppleWebKit/537.36 (KHTML, like Gecko) Chrome/101.0.4951.41 Mobile Safari/537.36"
64.118.134.203 - - [27/Apr/2026:23:44:01 +0000] "GET /wp-content/plugins/google-site-kit/Readme.txt HTTP/1.1" 404 9376 "-" "Mozilla/5.0 (Macintosh; Intel Mac OS X 10_8_4) AppleWebKit/537.31 (KHTML like Gecko) Chrome/26.0.1410.63 Safari/537.31"
64.118.134.203 - - [27/Apr/2026:23:44:02 +0000] "GET /wp-content/plugins/automattic-for-agencies-client/Readme.txt HTTP/1.1" 404 9397 "-" "Mozilla/5.0 (Macintosh; Intel Mac OS X 10_12_3) AppleWebKit/537.36 (KHTML, like Gecko) Chrome/101.0.4951.54 Safari/537.36"
184.94.212.206 - - [27/Apr/2026:23:44:07 +0000] "POST /?wordfence_syncAttackData=1777333447.3841 HTTP/1.1" 200 - "-" "WordPress/6.9.4; https://2-createawebsite.com"
64.118.134.203 - - [27/Apr/2026:23:44:06 +0000] "GET /wp-content/plugins/automattic-for-agencies-client/README.txt HTTP/1.1" 404 9401 "-" "Mozilla/5.0 (Macintosh; Intel Mac OS X 10_12_3) AppleWebKit/537.36 (KHTML, like Gecko) Chrome/101.0.4951.54 Safari/537.36"
64.118.134.203 - - [27/Apr/2026:23:44:07 +0000] "GET /wp-content/plugins/wordfence/README.txt HTTP/1.1" 404 9387 "-" "Mozilla/5.0 (iPhone; CPU iPhone OS 15_4_1 like Mac OS X) AppleWebKit/605.1.15 (KHTML, like Gecko) Version/15.0 Mobile/15E148 Safari/605.1 NAVER(inapp; search; 1000; 11.5.7; XR)"
64.118.134.203 - - [27/Apr/2026:23:44:07 +0000] "GET /wp-content/plugins/automattic-for-agencies-client/readme.txt HTTP/1.1" 404 9397 "-" "Mozilla/4.0 (compatible; MSIE 7.0; Windows NT 6.3; Trident/7.0; .NET4.0E; .NET4.0C)"
64.118.134.203 - - [27/Apr/2026:23:44:07 +0000] "GET /wp-content/plugins/jetpack-search/README.txt HTTP/1.1" 301 - "-" "Mozilla/5.0 (Windows NT 10.0; WOW64) AppleWebKit/537.36 (KHTML, like Gecko) Chrome/98.0.4758.119 YaBrowser/22.3.0.2539 Yowser/2.5 Safari/537.36"
64.118.134.203 - - [27/Apr/2026:23:44:07 +0000] "GET /wp-content/plugins/jetpack-search/readme.txt HTTP/1.1" 404 9378 "-" "Mozilla/5.0 (hp-tablet; Linux; hpwOS/3.0.2; U; de-DE) AppleWebKit/534.6 (KHTML, like Gecko) wOSBrowser/234.40.1 Safari/534.6 TouchPad/1.0"
64.118.134.203 - - [27/Apr/2026:23:44:07 +0000] "GET /wp-content/plugins/google-site-kit/README.txt HTTP/1.1" 404 9380 "-" "Mozilla/5.0 (Macintosh; Intel Mac OS X 10_8_4) AppleWebKit/537.31 (KHTML like Gecko) Chrome/26.0.1410.63 Safari/537.31"
64.118.135.239 - - [27/Apr/2026:23:44:10 +0000] "GET /wp-content/plugins/jetpack-search/README.txt HTTP/1.1" 404 9380 "https://www.2-createawebsite.com/wp-content/plugins/jetpack-search/README.txt" "Mozilla/5.0 (Windows NT 10.0; WOW64) AppleWebKit/537.36 (KHTML, like Gecko) Chrome/98.0.4758.119 YaBrowser/22.3.0.2539 Yowser/2.5 Safari/537.36"
64.118.135.239 - - [27/Apr/2026:23:44:10 +0000] "GET /wp-content/plugins/blaze-ads/readme.txt HTTP/1.1" 404 9383 "-" "Mozilla/5.0 (Linux; Android 8.1.0; TECNO KA7O Build/O11019; wv) AppleWebKit/537.36 (KHTML, like Gecko) Version/4.0 Chrome/91.0.4472.120 Mobile Safari/537.36"
64.118.135.239 - - [27/Apr/2026:23:44:11 +0000] "GET /wp-content/plugins/wordfence/readme.txt HTTP/1.1" 404 9384 "-" "Opera/9.5 (Microsoft Windows; PPC; Opera Mobi; U) SonyEricssonX1i/R2AA Profile/MIDP-2.0 Configuration/CLDC-1.1"
64.118.135.239 - - [27/Apr/2026:23:44:11 +0000] "GET /wp-content/plugins/jetpack/readme.txt HTTP/1.1" 404 9377 "-" "Mozilla/5.0 (OS/2; Warp 4.5; rv:31.0) Gecko/20100101 Firefox/31.0"
64.118.135.239 - - [27/Apr/2026:23:44:11 +0000] "GET /wp-content/plugins/google-site-kit/readme.txt HTTP/1.1" 301 - "-" "Mozilla/5.0 (SymbianOS/9.1; U; en-us) AppleWebKit/413 (KHTML, like Gecko) Safari/413 es65"
64.118.135.239 - - [27/Apr/2026:23:44:11 +0000] "GET /wp-content/plugins/blaze-ads/Readme.txt HTTP/1.1" 404 9382 "-" "Mozilla/5.0 (Linux; Android 8.1.0; TECNO KA7O Build/O11019; wv) AppleWebKit/537.36 (KHTML, like Gecko) Version/4.0 Chrome/91.0.4472.120 Mobile Safari/537.36"
64.118.135.239 - - [27/Apr/2026:23:44:12 +0000] "GET /wp-content/plugins/automattic-for-agencies-client/Readme.txt HTTP/1.1" 404 9397 "-" "Mozilla/4.0 (compatible; MSIE 7.0; Windows NT 6.3; Trident/7.0; .NET4.0E; .NET4.0C)"
64.118.135.239 - - [27/Apr/2026:23:44:12 +0000] "GET /wp-content/plugins/jetpack-search/Readme.txt HTTP/1.1" 404 9377 "-" "Mozilla/5.0 (hp-tablet; Linux; hpwOS/3.0.2; U; de-DE) AppleWebKit/534.6 (KHTML, like Gecko) wOSBrowser/234.40.1 Safari/534.6 TouchPad/1.0"
64.118.135.239 - - [27/Apr/2026:23:44:12 +0000] "GET /wp-content/plugins/wordfence/Readme.txt HTTP/1.1" 404 9382 "-" "Opera/9.5 (Microsoft Windows; PPC; Opera Mobi; U) SonyEricssonX1i/R2AA Profile/MIDP-2.0 Configuration/CLDC-1.1"
64.118.135.239 - - [27/Apr/2026:23:44:13 +0000] "GET /wp-content/plugins/automattic-for-agencies-client/README.txt HTTP/1.1" 404 9401 "-" "Mozilla/4.0 (compatible; MSIE 7.0; Windows NT 6.3; Trident/7.0; .NET4.0E; .NET4.0C)"
64.118.135.239 - - [27/Apr/2026:23:44:15 +0000] "GET /wp-content/plugins/google-site-kit/readme.txt HTTP/1.1" 404 9372 "https://www.2-createawebsite.com/wp-content/plugins/google-site-kit/readme.txt" "Mozilla/5.0 (SymbianOS/9.1; U; en-us) AppleWebKit/413 (KHTML, like Gecko) Safari/413 es65"
64.118.135.239 - - [27/Apr/2026:23:44:15 +0000] "GET /wp-content/plugins/jetpack/Readme.txt HTTP/1.1" 404 9376 "-" "Mozilla/5.0 (OS/2; Warp 4.5; rv:31.0) Gecko/20100101 Firefox/31.0"
64.118.135.239 - - [27/Apr/2026:23:44:15 +0000] "GET /wp-content/plugins/blaze-ads/README.txt HTTP/1.1" 404 9386 "-" "Mozilla/5.0 (Linux; Android 8.1.0; TECNO KA7O Build/O11019; wv) AppleWebKit/537.36 (KHTML, like Gecko) Version/4.0 Chrome/91.0.4472.120 Mobile Safari/537.36"
64.118.135.239 - - [27/Apr/2026:23:44:15 +0000] "GET /wp-content/plugins/jetpack-search/README.txt HTTP/1.1" 404 9380 "-" "Mozilla/5.0 (hp-tablet; Linux; hpwOS/3.0.2; U; de-DE) AppleWebKit/534.6 (KHTML, like Gecko) wOSBrowser/234.40.1 Safari/534.6 TouchPad/1.0"
64.118.135.239 - - [27/Apr/2026:23:44:15 +0000] "GET /wp-content/plugins/google-site-kit/Readme.txt HTTP/1.1" 301 - "-" "Mozilla/5.0 (SymbianOS/9.1; U; en-us) AppleWebKit/413 (KHTML, like Gecko) Safari/413 es65"
64.118.135.239 - - [27/Apr/2026:23:44:16 +0000] "GET /wp-content/plugins/wordfence/README.txt HTTP/1.1" 404 9388 "-" "Opera/9.5 (Microsoft Windows; PPC; Opera Mobi; U) SonyEricssonX1i/R2AA Profile/MIDP-2.0 Configuration/CLDC-1.1"
64.118.135.239 - - [27/Apr/2026:23:44:16 +0000] "GET /wp-content/plugins/wordfence/readme.txt HTTP/1.1" 404 9384 "-" "Mozilla/5.0 (Linux; Android 12; SM-G998B) AppleWebKit/537.36 (KHTML, like Gecko) Chrome/101.0.4951.41 Mobile Safari/537.36"
64.118.135.239 - - [27/Apr/2026:23:44:16 +0000] "GET /wp-content/plugins/automattic-for-agencies-client/readme.txt HTTP/1.1" 404 9398 "-" "Mozilla/5.0 (Windows NT 6.3; Win64; x64) AppleWebKit/537.36 (KHTML, like Gecko) Chrome/83.0.4103.106 Safari/537.36"
64.118.135.239 - - [27/Apr/2026:23:44:17 +0000] "GET /wp-content/plugins/jetpack/readme.txt HTTP/1.1" 404 9376 "-" "Mozilla/5.0 (Windows NT 6.1; WOW64) AppleWebKit/537.36 (KHTML, like Gecko) Chrome/27.0.1453.12 Safari/537.36 OPR/14.0.1116.4"
184.94.212.206 - - [27/Apr/2026:23:44:17 +0000] "POST /?wordfence_syncAttackData=1777333457.1703 HTTP/1.1" 200 13673 "-" "WordPress/6.9.4; https://2-createawebsite.com"
64.118.135.239 - - [27/Apr/2026:23:44:17 +0000] "GET /wp-content/plugins/google-site-kit/Readme.txt HTTP/1.1" 404 9373 "https://www.2-createawebsite.com/wp-content/plugins/google-site-kit/Readme.txt" "Mozilla/5.0 (SymbianOS/9.1; U; en-us) AppleWebKit/413 (KHTML, like Gecko) Safari/413 es65"
64.118.135.239 - - [27/Apr/2026:23:44:18 +0000] "GET /wp-content/plugins/jetpack/README.txt HTTP/1.1" 404 9380 "-" "Mozilla/5.0 (OS/2; Warp 4.5; rv:31.0) Gecko/20100101 Firefox/31.0"
64.118.135.239 - - [27/Apr/2026:23:44:19 +0000] "GET /wp-content/plugins/google-site-kit/readme.txt HTTP/1.1" 404 9373 "-" "Mozilla/5.0 (Linux; Android 10; SM-J810G) AppleWebKit/537.36 (KHTML, like Gecko) Chrome/96.0.4664.104 Mobile Safari/537.36"
64.118.135.239 - - [27/Apr/2026:23:44:19 +0000] "GET /wp-content/plugins/automattic-for-agencies-client/Readme.txt HTTP/1.1" 404 9396 "-" "Mozilla/5.0 (Windows NT 6.3; Win64; x64) AppleWebKit/537.36 (KHTML, like Gecko) Chrome/83.0.4103.106 Safari/537.36"
64.118.135.239 - - [27/Apr/2026:23:44:19 +0000] "GET /wp-content/plugins/google-site-kit/README.txt HTTP/1.1" 301 - "-" "Mozilla/5.0 (SymbianOS/9.1; U; en-us) AppleWebKit/413 (KHTML, like Gecko) Safari/413 es65"
64.118.135.239 - - [27/Apr/2026:23:44:20 +0000] "GET /wp-content/plugins/jetpack-search/readme.txt HTTP/1.1" 404 9381 "-" "Mozilla/5.0 (Windows NT 10.0; Win64; x64) AppleWebKit/537.36 (KHTML, like Gecko) Chrome/91.0.4472.114 Safari/537.36"
64.118.135.239 - - [27/Apr/2026:23:44:20 +0000] "GET /wp-content/plugins/google-site-kit/README.txt HTTP/1.1" 404 9376 "https://www.2-createawebsite.com/wp-content/plugins/google-site-kit/README.txt" "Mozilla/5.0 (SymbianOS/9.1; U; en-us) AppleWebKit/413 (KHTML, like Gecko) Safari/413 es65"
64.118.135.239 - - [27/Apr/2026:23:44:21 +0000] "GET /wp-content/plugins/wordfence/Readme.txt HTTP/1.1" 404 9384 "-" "Mozilla/5.0 (Linux; Android 12; SM-G998B) AppleWebKit/537.36 (KHTML, like Gecko) Chrome/101.0.4951.41 Mobile Safari/537.36"
64.118.135.239 - - [27/Apr/2026:23:44:21 +0000] "GET /wp-content/plugins/jetpack/Readme.txt HTTP/1.1" 404 9376 "-" "Mozilla/5.0 (Windows NT 6.1; WOW64) AppleWebKit/537.36 (KHTML, like Gecko) Chrome/27.0.1453.12 Safari/537.36 OPR/14.0.1116.4"
64.118.135.239 - - [27/Apr/2026:23:44:22 +0000] "GET /wp-content/plugins/blaze-ads/readme.txt HTTP/1.1" 301 - "-" "Mozilla/5.0 (X11; Linux x86_64) AppleWebKit/537.36 (KHTML, like Gecko) Chrome/89.0.4389.114 Safari/537.36"
64.118.135.239 - - [27/Apr/2026:23:44:22 +0000] "GET /wp-content/plugins/wordfence/README.txt HTTP/1.1" 404 9388 "-" "Mozilla/5.0 (Linux; Android 12; SM-G998B) AppleWebKit/537.36 (KHTML, like Gecko) Chrome/101.0.4951.41 Mobile Safari/537.36"
64.118.135.239 - - [27/Apr/2026:23:44:23 +0000] "GET /wp-content/plugins/automattic-for-agencies-client/README.txt HTTP/1.1" 404 9401 "-" "Mozilla/5.0 (Windows NT 6.3; Win64; x64) AppleWebKit/537.36 (KHTML, like Gecko) Chrome/83.0.4103.106 Safari/537.36"
64.118.135.239 - - [27/Apr/2026:23:44:23 +0000] "GET /wp-content/plugins/google-site-kit/Readme.txt HTTP/1.1" 404 9373 "-" "Mozilla/5.0 (Linux; Android 10; SM-J810G) AppleWebKit/537.36 (KHTML, like Gecko) Chrome/96.0.4664.104 Mobile Safari/537.36"
64.118.135.239 - - [27/Apr/2026:23:44:23 +0000] "GET /wp-content/plugins/blaze-ads/readme.txt HTTP/1.1" 404 9378 "https://www.2-createawebsite.com/wp-content/plugins/blaze-ads/readme.txt" "Mozilla/5.0 (X11; Linux x86_64) AppleWebKit/537.36 (KHTML, like Gecko) Chrome/89.0.4389.114 Safari/537.36"
64.118.135.239 - - [27/Apr/2026:23:44:23 +0000] "GET /wp-content/plugins/jetpack-search/Readme.txt HTTP/1.1" 404 9380 "-" "Mozilla/5.0 (Windows NT 10.0; Win64; x64) AppleWebKit/537.36 (KHTML, like Gecko) Chrome/91.0.4472.114 Safari/537.36"
64.118.135.239 - - [27/Apr/2026:23:44:24 +0000] "GET /wp-content/plugins/jetpack/readme.txt HTTP/1.1" 404 9377 "-" "Mozilla/5.0 (Windows NT 6.1; WOW64) AppleWebKit/537.36 (KHTML, like Gecko) Chrome/100.0.4896.60 Safari/537.36"
64.118.135.239 - - [27/Apr/2026:23:44:24 +0000] "GET /wp-content/plugins/blaze-ads/Readme.txt HTTP/1.1" 301 - "-" "Mozilla/5.0 (X11; Linux x86_64) AppleWebKit/537.36 (KHTML, like Gecko) Chrome/89.0.4389.114 Safari/537.36"
64.118.135.239 - - [27/Apr/2026:23:44:25 +0000] "GET /wp-content/plugins/jetpack/README.txt HTTP/1.1" 404 9380 "-" "Mozilla/5.0 (Windows NT 6.1; WOW64) AppleWebKit/537.36 (KHTML, like Gecko) Chrome/27.0.1453.12 Safari/537.36 OPR/14.0.1116.4"
64.118.135.239 - - [27/Apr/2026:23:44:26 +0000] "GET /wp-content/plugins/jetpack-search/readme.txt HTTP/1.1" 404 9381 "-" "Mozilla/5.0 (X11; Linux x86_64) AppleWebKit/537.36 (KHTML, like Gecko) Chrome/97.0.4692.99 Safari/537.36"
64.118.135.239 - - [27/Apr/2026:23:44:26 +0000] "GET /wp-content/plugins/wordfence/readme.txt HTTP/1.1" 404 9384 "-" "Mozilla/5.0 (Macintosh; Intel Mac OS X 10_14_6) AppleWebKit/537.36 (KHTML, like Gecko) Chrome/79.0.3945.130 Safari/537.36"
64.118.135.239 - - [27/Apr/2026:23:44:26 +0000] "GET /wp-content/plugins/google-site-kit/README.txt HTTP/1.1" 404 9376 "-" "Mozilla/5.0 (Linux; Android 10; SM-J810G) AppleWebKit/537.36 (KHTML, like Gecko) Chrome/96.0.4664.104 Mobile Safari/537.36"
64.118.135.239 - - [27/Apr/2026:23:44:27 +0000] "GET /wp-content/plugins/jetpack-search/README.txt HTTP/1.1" 404 9382 "-" "Mozilla/5.0 (Windows NT 10.0; Win64; x64) AppleWebKit/537.36 (KHTML, like Gecko) Chrome/91.0.4472.114 Safari/537.36"
64.118.135.239 - - [27/Apr/2026:23:44:27 +0000] "GET /wp-content/plugins/jetpack-search/Readme.txt HTTP/1.1" 404 9380 "-" "Mozilla/5.0 (X11; Linux x86_64) AppleWebKit/537.36 (KHTML, like Gecko) Chrome/97.0.4692.99 Safari/537.36"
64.118.135.239 - - [27/Apr/2026:23:44:28 +0000] "GET /wp-content/plugins/jetpack/Readme.txt HTTP/1.1" 404 9376 "-" "Mozilla/5.0 (Windows NT 6.1; WOW64) AppleWebKit/537.36 (KHTML, like Gecko) Chrome/100.0.4896.60 Safari/537.36"
64.118.135.239 - - [27/Apr/2026:23:44:28 +0000] "GET /wp-content/plugins/wordfence/Readme.txt HTTP/1.1" 404 9384 "-" "Mozilla/5.0 (Macintosh; Intel Mac OS X 10_14_6) AppleWebKit/537.36 (KHTML, like Gecko) Chrome/79.0.3945.130 Safari/537.36"
64.118.135.239 - - [27/Apr/2026:23:44:28 +0000] "GET /wp-content/plugins/blaze-ads/Readme.txt HTTP/1.1" 404 9378 "https://www.2-createawebsite.com/wp-content/plugins/blaze-ads/Readme.txt" "Mozilla/5.0 (X11; Linux x86_64) AppleWebKit/537.36 (KHTML, like Gecko) Chrome/89.0.4389.114 Safari/537.36"
64.118.135.239 - - [27/Apr/2026:23:44:29 +0000] "GET /wp-content/plugins/jetpack-search/README.txt HTTP/1.1" 404 9384 "-" "Mozilla/5.0 (X11; Linux x86_64) AppleWebKit/537.36 (KHTML, like Gecko) Chrome/97.0.4692.99 Safari/537.36"
64.118.135.239 - - [27/Apr/2026:23:44:29 +0000] "GET /wp-content/plugins/blaze-ads/README.txt HTTP/1.1" 301 - "-" "Mozilla/5.0 (X11; Linux x86_64) AppleWebKit/537.36 (KHTML, like Gecko) Chrome/89.0.4389.114 Safari/537.36"
64.118.135.239 - - [27/Apr/2026:23:44:29 +0000] "GET /wp-content/plugins/wordfence/README.txt HTTP/1.1" 404 9387 "-" "Mozilla/5.0 (Macintosh; Intel Mac OS X 10_14_6) AppleWebKit/537.36 (KHTML, like Gecko) Chrome/79.0.3945.130 Safari/537.36"
64.118.135.239 - - [27/Apr/2026:23:44:30 +0000] "GET /wp-content/plugins/blaze-ads/readme.txt HTTP/1.1" 404 9380 "-" "SonyEricssonS500i/R6BC Browser/NetFront/3.3 Profile/MIDP-2.0 Configuration/CLDC-1.1"
64.118.135.239 - - [27/Apr/2026:23:44:31 +0000] "GET /wp-content/plugins/google-site-kit/readme.txt HTTP/1.1" 404 9376 "-" "Mozilla/4.8 [en] (X11; U; SunOS; 5.7 sun4u)"
64.118.135.239 - - [27/Apr/2026:23:44:31 +0000] "GET /wp-content/plugins/wp-consent-api/readme.txt HTTP/1.1" 404 9377 "-" "Konqueror/3.0-rc4; (Konqueror/3.0-rc4; i686 Linux;;datecode)"
64.118.135.239 - - [27/Apr/2026:23:44:32 +0000] "GET /wp-content/plugins/wp-consent-api/readme.txt HTTP/1.1" 404 9376 "-" "Mozilla/5.0 (compatible; MSIE 10.6; Windows NT 6.1; Trident/5.0; InfoPath.2; SLCC1; .NET CLR 3.0.4506.2152; .NET CLR 3.5.30729; .NET CLR 2.0.50727) 3gpp-gba UNTRUSTED/1.0"
64.118.135.239 - - [27/Apr/2026:23:44:32 +0000] "GET /wp-content/plugins/jetpack/README.txt HTTP/1.1" 404 9379 "-" "Mozilla/5.0 (Windows NT 6.1; WOW64) AppleWebKit/537.36 (KHTML, like Gecko) Chrome/100.0.4896.60 Safari/537.36"
64.118.135.239 - - [27/Apr/2026:23:44:32 +0000] "GET /wp-content/plugins/wp-consent-api/Readme.txt HTTP/1.1" 404 9375 "-" "Konqueror/3.0-rc4; (Konqueror/3.0-rc4; i686 Linux;;datecode)"
64.118.135.239 - - [27/Apr/2026:23:44:33 +0000] "GET /wp-content/plugins/blaze-ads/README.txt HTTP/1.1" 404 9383 "https://www.2-createawebsite.com/wp-content/plugins/blaze-ads/README.txt" "Mozilla/5.0 (X11; Linux x86_64) AppleWebKit/537.36 (KHTML, like Gecko) Chrome/89.0.4389.114 Safari/537.36"
64.118.135.239 - - [27/Apr/2026:23:44:34 +0000] "GET /wp-content/plugins/wp-consent-api/README.txt HTTP/1.1" 404 9380 "-" "Konqueror/3.0-rc4; (Konqueror/3.0-rc4; i686 Linux;;datecode)"
64.118.135.239 - - [27/Apr/2026:23:44:34 +0000] "GET /wp-content/plugins/google-site-kit/Readme.txt HTTP/1.1" 404 9376 "-" "Mozilla/4.8 [en] (X11; U; SunOS; 5.7 sun4u)"
64.118.135.239 - - [27/Apr/2026:23:44:34 +0000] "GET /wp-content/plugins/automattic-for-agencies-client/readme.txt HTTP/1.1" 301 - "-" "Mozilla/5.0 (Windows NT 6.1; WOW64; rv:12.0) Gecko/20120422 Firefox/12.0 SeaMonkey/2.9"
64.118.135.239 - - [27/Apr/2026:23:44:35 +0000] "GET /wp-content/plugins/wp-consent-api/Readme.txt HTTP/1.1" 404 9376 "-" "Mozilla/5.0 (compatible; MSIE 10.6; Windows NT 6.1; Trident/5.0; InfoPath.2; SLCC1; .NET CLR 3.0.4506.2152; .NET CLR 3.5.30729; .NET CLR 2.0.50727) 3gpp-gba UNTRUSTED/1.0"
64.118.135.239 - - [27/Apr/2026:23:44:36 +0000] "GET /wp-content/themes/signify-education/style.css HTTP/1.1" 200 3467 "-" "Mozilla/5.0 (iPad; U; CPU OS 4_2_1 like Mac OS X; ja-jp) AppleWebKit/533.17.9 (KHTML, like Gecko) Version/5.0.2 Mobile/8C148 Safari/6533.18.5"
184.94.212.206 - - [27/Apr/2026:23:44:36 +0000] "POST /?wordfence_syncAttackData=1777333476.6245 HTTP/1.1" 200 - "-" "WordPress/6.9.4; https://2-createawebsite.com"
64.118.135.239 - - [27/Apr/2026:23:44:37 +0000] "GET /wp-content/themes/signify/style.css HTTP/1.1" 200 51251 "-" "Mozilla/5.0 (Windows NT 10.0; Win64; x64) AppleWebKit/537.36 (KHTML, like Gecko) Chrome/88.0.4324.150 Safari/537.36"
64.118.135.239 - - [27/Apr/2026:23:44:36 +0000] "GET /wp-content/plugins/jetpack-search/readme.txt HTTP/1.1" 404 9381 "-" "Mozilla/5.0 (Linux; Android 5.1; C6740N Build/LMY47O) AppleWebKit/537.36 (KHTML, like Gecko) Chrome/42.0.2311.111 Mobile Safari/537.36"
64.118.135.239 - - [27/Apr/2026:23:44:36 +0000] "GET /wp-content/plugins/automattic-for-agencies-client/readme.txt HTTP/1.1" 404 9394 "https://www.2-createawebsite.com/wp-content/plugins/automattic-for-agencies-client/readme.txt" "Mozilla/5.0 (Windows NT 6.1; WOW64; rv:12.0) Gecko/20120422 Firefox/12.0 SeaMonkey/2.9"
64.118.135.239 - - [27/Apr/2026:23:44:37 +0000] "GET /wp-content/plugins/blaze-ads/Readme.txt HTTP/1.1" 404 9379 "-" "SonyEricssonS500i/R6BC Browser/NetFront/3.3 Profile/MIDP-2.0 Configuration/CLDC-1.1"
64.118.135.239 - - [27/Apr/2026:23:44:37 +0000] "GET /wp-content/plugins/google-site-kit/README.txt HTTP/1.1" 404 9379 "-" "Mozilla/4.8 [en] (X11; U; SunOS; 5.7 sun4u)"
64.118.135.239 - - [27/Apr/2026:23:44:37 +0000] "GET /wp-content/plugins/wp-consent-api/README.txt HTTP/1.1" 404 9381 "-" "Mozilla/5.0 (compatible; MSIE 10.6; Windows NT 6.1; Trident/5.0; InfoPath.2; SLCC1; .NET CLR 3.0.4506.2152; .NET CLR 3.5.30729; .NET CLR 2.0.50727) 3gpp-gba UNTRUSTED/1.0"
64.118.135.239 - - [27/Apr/2026:23:44:38 +0000] "GET /wp-content/plugins/automattic-for-agencies-client/Readme.txt HTTP/1.1" 301 - "-" "Mozilla/5.0 (Windows NT 6.1; WOW64; rv:12.0) Gecko/20120422 Firefox/12.0 SeaMonkey/2.9"
64.118.135.239 - - [27/Apr/2026:23:44:39 +0000] "GET /wp-content/plugins/automattic-for-agencies-client/Readme.txt HTTP/1.1" 404 9394 "https://www.2-createawebsite.com/wp-content/plugins/automattic-for-agencies-client/Readme.txt" "Mozilla/5.0 (Windows NT 6.1; WOW64; rv:12.0) Gecko/20120422 Firefox/12.0 SeaMonkey/2.9"
64.118.135.239 - - [27/Apr/2026:23:44:40 +0000] "GET /wp-content/plugins/automattic-for-agencies-client/README.txt HTTP/1.1" 301 - "-" "Mozilla/5.0 (Windows NT 6.1; WOW64; rv:12.0) Gecko/20120422 Firefox/12.0 SeaMonkey/2.9"
64.118.135.239 - - [27/Apr/2026:23:44:44 +0000] "GET /wp-content/plugins/automattic-for-agencies-client/README.txt HTTP/1.1" 404 9398 "https://www.2-createawebsite.com/wp-content/plugins/automattic-for-agencies-client/README.txt" "Mozilla/5.0 (Windows NT 6.1; WOW64; rv:12.0) Gecko/20120422 Firefox/12.0 SeaMonkey/2.9"
64.118.135.239 - - [27/Apr/2026:23:44:44 +0000] "GET /wp-content/plugins/wp-consent-api/readme.txt HTTP/1.1" 404 9376 "-" "Mozilla/5.0 (Symbian/3; Series60/5.2 NokiaX7-00/021.004; Profile/MIDP-2.1 Configuration/CLDC-1.1 ) AppleWebKit/533.4 (KHTML, like Gecko) NokiaBrowser/7.3.1.21 Mobile Safari/533.4 3gpp-gba"
64.118.135.239 - - [27/Apr/2026:23:44:44 +0000] "GET /wp-content/plugins/blaze-ads/README.txt HTTP/1.1" 404 9383 "-" "SonyEricssonS500i/R6BC Browser/NetFront/3.3 Profile/MIDP-2.0 Configuration/CLDC-1.1"
64.118.135.239 - - [27/Apr/2026:23:44:44 +0000] "GET /wp-content/plugins/jetpack-search/Readme.txt HTTP/1.1" 404 9380 "-" "Mozilla/5.0 (Linux; Android 5.1; C6740N Build/LMY47O) AppleWebKit/537.36 (KHTML, like Gecko) Chrome/42.0.2311.111 Mobile Safari/537.36"
64.118.135.239 - - [27/Apr/2026:23:44:47 +0000] "GET /wp-content/plugins/wp-consent-api/readme.txt HTTP/1.1" 404 9374 "-" "Mozilla/5.0 (Linux; U; Android 2.0; en-us; Droid Build/ESD20) AppleWebKit/530.17 (KHTML, like Gecko) Version/4.0 Mobile Safari/530.17"
184.94.212.206 - - [27/Apr/2026:23:44:48 +0000] "POST /?wordfence_syncAttackData=1777333488.4844 HTTP/1.1" 200 13673 "-" "WordPress/6.9.4; https://2-createawebsite.com"
64.118.135.239 - - [27/Apr/2026:23:44:47 +0000] "GET /wp-content/plugins/wp-consent-api/Readme.txt HTTP/1.1" 404 9377 "-" "Mozilla/5.0 (Symbian/3; Series60/5.2 NokiaX7-00/021.004; Profile/MIDP-2.1 Configuration/CLDC-1.1 ) AppleWebKit/533.4 (KHTML, like Gecko) NokiaBrowser/7.3.1.21 Mobile Safari/533.4 3gpp-gba"
184.94.212.206 - - [27/Apr/2026:23:44:48 +0000] "POST /?wordfence_syncAttackData=1777333488.7428 HTTP/1.1" 200 13674 "-" "WordPress/6.9.4; https://2-createawebsite.com"
64.118.135.239 - - [27/Apr/2026:23:44:47 +0000] "GET /wp-content/plugins/wordfence/readme.txt HTTP/1.1" 301 - "-" "Mozilla/5.0 (Macintosh; Intel Mac OS X 11_0_1) AppleWebKit/537.36 (KHTML, like Gecko) Chrome/87.0.4280.141 Safari/537.36"
184.94.212.206 - - [27/Apr/2026:23:44:48 +0000] "POST /?wordfence_syncAttackData=1777333488.778 HTTP/1.1" 200 13672 "-" "WordPress/6.9.4; https://2-createawebsite.com"
184.94.212.206 - - [27/Apr/2026:23:44:48 +0000] "POST /?wordfence_syncAttackData=1777333488.601 HTTP/1.1" 200 13672 "-" "WordPress/6.9.4; https://2-createawebsite.com"
64.118.135.239 - - [27/Apr/2026:23:44:47 +0000] "GET /wp-content/plugins/jetpack-search/README.txt HTTP/1.1" 404 9384 "-" "Mozilla/5.0 (Linux; Android 5.1; C6740N Build/LMY47O) AppleWebKit/537.36 (KHTML, like Gecko) Chrome/42.0.2311.111 Mobile Safari/537.36"
64.118.134.203 - - [27/Apr/2026:23:44:50 +0000] "GET /wp-content/plugins/wp-consent-api/README.txt HTTP/1.1" 404 9380 "-" "Mozilla/5.0 (Symbian/3; Series60/5.2 NokiaX7-00/021.004; Profile/MIDP-2.1 Configuration/CLDC-1.1 ) AppleWebKit/533.4 (KHTML, like Gecko) NokiaBrowser/7.3.1.21 Mobile Safari/533.4 3gpp-gba"
64.118.134.203 - - [27/Apr/2026:23:44:50 +0000] "GET /wp-content/plugins/wordfence/readme.txt HTTP/1.1" 404 9381 "https://www.2-createawebsite.com/wp-content/plugins/wordfence/readme.txt" "Mozilla/5.0 (Macintosh; Intel Mac OS X 11_0_1) AppleWebKit/537.36 (KHTML, like Gecko) Chrome/87.0.4280.141 Safari/537.36"
64.118.134.203 - - [27/Apr/2026:23:44:51 +0000] "GET /wp-content/plugins/wp-consent-api/readme.txt HTTP/1.1" 404 9377 "-" "Mozilla/5.0 (Linux; Android 12; ASUS_I005DA) AppleWebKit/537.36 (KHTML, like Gecko) Chrome/100.0.4896.127 Mobile Safari/537.36 EdgA/100.0.1185.50"
64.118.134.203 - - [27/Apr/2026:23:44:52 +0000] "GET /wp-content/themes/signify/style.css HTTP/1.1" 200 51251 "-" "Mozilla/5.0 (Macintosh; Intel Mac OS X 11_0_1) AppleWebKit/537.36 (KHTML, like Gecko) Chrome/87.0.4280.141 Safari/537.36"
64.118.135.239 - - [27/Apr/2026:23:44:51 +0000] "GET /wp-content/plugins/wordfence/Readme.txt HTTP/1.1" 301 - "-" "Mozilla/5.0 (Macintosh; Intel Mac OS X 11_0_1) AppleWebKit/537.36 (KHTML, like Gecko) Chrome/87.0.4280.141 Safari/537.36"
64.118.134.203 - - [27/Apr/2026:23:44:52 +0000] "GET /wp-content/themes/signify-education/style.css HTTP/1.1" 200 3467 "-" "Mozilla/5.0 (Macintosh; Intel Mac OS X 10_15_6) AppleWebKit/605.1.15 (KHTML, like Gecko) Version/14.0.3 Safari/605.1.15"
64.118.135.239 - - [27/Apr/2026:23:44:53 +0000] "GET /wp-content/themes/signify-education/style.css HTTP/1.1" 200 3467 "-" "Mozilla/5.0 (X11; Linux x86_64) AppleWebKit/537.36 (KHTML, like Gecko) Chrome/45.0.2454.85 Safari/537.36 OPR/32.0.1948.25"
64.118.134.203 - - [27/Apr/2026:23:44:52 +0000] "GET /wp-content/plugins/wp-consent-api/Readme.txt HTTP/1.1" 404 9376 "-" "Mozilla/5.0 (Linux; Android 12; ASUS_I005DA) AppleWebKit/537.36 (KHTML, like Gecko) Chrome/100.0.4896.127 Mobile Safari/537.36 EdgA/100.0.1185.50"
64.118.134.203 - - [27/Apr/2026:23:44:53 +0000] "GET /wp-content/plugins/wordfence/Readme.txt HTTP/1.1" 404 9381 "https://www.2-createawebsite.com/wp-content/plugins/wordfence/Readme.txt" "Mozilla/5.0 (Macintosh; Intel Mac OS X 11_0_1) AppleWebKit/537.36 (KHTML, like Gecko) Chrome/87.0.4280.141 Safari/537.36"
64.118.134.203 - - [27/Apr/2026:23:44:53 +0000] "GET /wp-content/plugins/wp-consent-api/README.txt HTTP/1.1" 404 9380 "-" "Mozilla/5.0 (Linux; Android 12; ASUS_I005DA) AppleWebKit/537.36 (KHTML, like Gecko) Chrome/100.0.4896.127 Mobile Safari/537.36 EdgA/100.0.1185.50"
64.118.135.239 - - [27/Apr/2026:23:44:54 +0000] "GET /wp-content/plugins/wordfence/README.txt HTTP/1.1" 301 - "-" "Mozilla/5.0 (Macintosh; Intel Mac OS X 11_0_1) AppleWebKit/537.36 (KHTML, like Gecko) Chrome/87.0.4280.141 Safari/537.36"
64.118.134.203 - - [27/Apr/2026:23:44:55 +0000] "GET /wp-content/themes/signify/style.css HTTP/1.1" 200 51251 "-" "Mozilla/5.0 (Linux; Android 4.4.2; LGMS323 Build/KOT49I.MS32310b) AppleWebKit/537.36 (KHTML, like Gecko) Chrome/30.0.1599.103 Mobile Safari/537.36"
64.118.134.203 - - [27/Apr/2026:23:44:55 +0000] "GET /wp-content/plugins/wordfence/README.txt HTTP/1.1" 404 9384 "https://www.2-createawebsite.com/wp-content/plugins/wordfence/README.txt" "Mozilla/5.0 (Macintosh; Intel Mac OS X 11_0_1) AppleWebKit/537.36 (KHTML, like Gecko) Chrome/87.0.4280.141 Safari/537.36"
64.118.135.239 - - [27/Apr/2026:23:44:56 +0000] "GET /wp-content/plugins/wp-consent-api/Readme.txt HTTP/1.1" 404 9374 "-" "Mozilla/5.0 (Linux; U; Android 2.0; en-us; Droid Build/ESD20) AppleWebKit/530.17 (KHTML, like Gecko) Version/4.0 Mobile Safari/530.17"
64.118.134.203 - - [27/Apr/2026:23:44:57 +0000] "GET /wp-content/themes/signify-education/style.css HTTP/1.1" 200 3467 "-" "Nokia6230i/2.0 (03.80) Profile/MIDP-2.0 Configuration/CLDC-1.1"
184.94.212.206 - - [27/Apr/2026:23:44:59 +0000] "POST /?wordfence_syncAttackData=1777333499.3769 HTTP/1.1" 200 - "-" "WordPress/6.9.4; https://2-createawebsite.com"
64.118.134.203 - - [27/Apr/2026:23:44:58 +0000] "GET /wp-content/plugins/wp-consent-api/README.txt HTTP/1.1" 404 9377 "-" "Mozilla/5.0 (Linux; U; Android 2.0; en-us; Droid Build/ESD20) AppleWebKit/530.17 (KHTML, like Gecko) Version/4.0 Mobile Safari/530.17"
64.118.134.203 - - [27/Apr/2026:23:45:00 +0000] "GET /wp-content/themes/signify/style.css HTTP/1.1" 200 51251 "-" "Mozilla/5.0 (X11; Linux i686; rv:6.0a2) Gecko/20110615 Firefox/6.0a2 Iceweasel/6.0a2"
64.118.134.203 - - [27/Apr/2026:23:45:03 +0000] "GET /wp-content/themes/signify-education/style.css HTTP/1.1" 200 3467 "-" "Mozilla/5.0 (Windows NT 10.0; Win64; x64) AppleWebKit/537.36 (KHTML, like Gecko) Chrome/98.0.4758.119 Safari/537.36 Edg/98.0.1108.76"
184.94.212.206 - - [27/Apr/2026:23:46:21 +0000] "POST /wp-cron.php?doing_wp_cron=1777333581.5676259994506835937500 HTTP/1.1" 200 - "-" "WordPress/6.9.4; https://2-createawebsite.com"
192.0.102.230 - - [27/Apr/2026:23:46:20 +0000] "HEAD / HTTP/1.1" 200 - "-" "jetmon/1.0 (Jetpack Site Uptime Monitor by WordPress.com)"
51.222.168.70 - - [27/Apr/2026:23:47:48 +0000] "GET /great-tips-and-tricks-for-blogging-with-wordpress-2/ HTTP/1.1" 200 14565 "-" "Mozilla/5.0 (compatible; AhrefsBot/7.0; +http://ahrefs.com/robot/)"
114.119.146.219 - - [27/Apr/2026:23:49:42 +0000] "GET /page/4 HTTP/1.1" 301 - "https://2-createawebsite.com/page/4" "Mozilla/5.0 (Linux; Android 7.0;) AppleWebKit/537.36 (HTML, like Gecko) Mobile Safari/537.36 (compatible; PetalBot;+https://webmaster.petalsearch.com/site/petalbot)"
114.119.146.219 - - [27/Apr/2026:23:49:43 +0000] "GET /page/4/ HTTP/1.1" 200 13856 "https://2-createawebsite.com/page/4" "Mozilla/5.0 (Linux; Android 7.0;) AppleWebKit/537.36 (HTML, like Gecko) Mobile Safari/537.36 (compatible; PetalBot;+https://webmaster.petalsearch.com/site/petalbot)"
85.208.48.32 - - [27/Apr/2026:23:49:46 +0000] "GET / HTTP/1.1" 200 13672 "-" "Mozilla/5.0 (Windows NT 10.0; Win64; x64; rv:109.0) Gecko/20100101 Firefox/113.0"
57.141.18.78 - - [27/Apr/2026:23:50:41 +0000] "GET /what-about-this-article-regarding-wordpress-has-experts-trembling-3/ HTTP/1.1" 200 53397 "-" "meta-externalagent/1.1 (+https://developers.facebook.com/docs/sharing/webmasters/crawler)"
184.94.212.206 - - [27/Apr/2026:23:51:23 +0000] "POST /wp-cron.php?doing_wp_cron=1777333883.6807448863983154296875 HTTP/1.1" 200 - "-" "WordPress/6.9.4; https://2-createawebsite.com"
192.0.102.230 - - [27/Apr/2026:23:51:22 +0000] "HEAD / HTTP/1.1" 200 - "-" "jetmon/1.0 (Jetpack Site Uptime Monitor by WordPress.com)"
184.94.212.206 - - [27/Apr/2026:23:56:24 +0000] "POST /wp-cron.php?doing_wp_cron=1777334184.5291969776153564453125 HTTP/1.1" 200 - "-" "WordPress/6.9.4; https://2-createawebsite.com"
192.0.102.230 - - [27/Apr/2026:23:56:23 +0000] "HEAD / HTTP/1.1" 200 - "-" "jetmon/1.0 (Jetpack Site Uptime Monitor by WordPress.com)"
114.119.145.7 - - [27/Apr/2026:23:56:24 +0000] "GET /page/3/ HTTP/1.1" 200 13988 "https://2-createawebsite.com/page/4/" "Mozilla/5.0 (Linux; Android 7.0;) AppleWebKit/537.36 (HTML, like Gecko) Mobile Safari/537.36 (compatible; PetalBot;+https://webmaster.petalsearch.com/site/petalbot)"
45.135.193.131 - - [28/Apr/2026:00:00:28 +0000] "GET / HTTP/1.0" 400 76981 "-" "-"
184.94.212.206 - - [28/Apr/2026:00:01:20 +0000] "POST /wp-cron.php?doing_wp_cron=1777334480.3702340126037597656250 HTTP/1.1" 200 - "-" "WordPress/6.9.4; https://2-createawebsite.com"
192.0.102.230 - - [28/Apr/2026:00:01:18 +0000] "HEAD / HTTP/1.1" 200 - "-" "jetmon/1.0 (Jetpack Site Uptime Monitor by WordPress.com)"
54.39.203.202 - - [28/Apr/2026:00:01:46 +0000] "GET /great-tips-for-getting-the-most-from-wordpress-2/ HTTP/1.1" 200 14429 "-" "Mozilla/5.0 (compatible; AhrefsBot/7.0; +http://ahrefs.com/robot/)"
114.119.140.50 - - [28/Apr/2026:00:03:15 +0000] "GET /page/3 HTTP/1.1" 301 - "https://2-createawebsite.com/page/4" "Mozilla/5.0 (Linux; Android 7.0;) AppleWebKit/537.36 (HTML, like Gecko) Mobile Safari/537.36 (compatible; PetalBot;+https://webmaster.petalsearch.com/site/petalbot)"
114.119.140.50 - - [28/Apr/2026:00:03:16 +0000] "GET /page/3/ HTTP/1.1" 200 13988 "https://2-createawebsite.com/page/4" "Mozilla/5.0 (Linux; Android 7.0;) AppleWebKit/537.36 (HTML, like Gecko) Mobile Safari/537.36 (compatible; PetalBot;+https://webmaster.petalsearch.com/site/petalbot)"
57.141.18.113 - - [28/Apr/2026:00:04:59 +0000] "GET /confused-about-wordpress-these-tips-can-help-2/ HTTP/1.1" 200 53384 "-" "meta-externalagent/1.1 (+https://developers.facebook.com/docs/sharing/webmasters/crawler)"
57.141.18.120 - - [28/Apr/2026:00:05:16 +0000] "GET /wordpress-power-get-the-most-from-your-blog-3/ HTTP/1.1" 200 54258 "-" "meta-externalagent/1.1 (+https://developers.facebook.com/docs/sharing/webmasters/crawler)"
184.94.212.206 - - [28/Apr/2026:00:06:28 +0000] "POST /wp-cron.php?doing_wp_cron=1777334788.1717700958251953125000 HTTP/1.1" 200 - "-" "WordPress/6.9.4; https://2-createawebsite.com"
192.0.102.230 - - [28/Apr/2026:00:06:26 +0000] "HEAD / HTTP/1.1" 200 - "-" "jetmon/1.0 (Jetpack Site Uptime Monitor by WordPress.com)"
184.94.212.206 - - [28/Apr/2026:00:11:23 +0000] "POST /wp-cron.php?doing_wp_cron=1777335083.2625169754028320312500 HTTP/1.1" 200 - "-" "WordPress/6.9.4; https://2-createawebsite.com"
192.0.102.230 - - [28/Apr/2026:00:11:21 +0000] "HEAD / HTTP/1.1" 200 - "-" "jetmon/1.0 (Jetpack Site Uptime Monitor by WordPress.com)"
186.148.187.142 - - [28/Apr/2026:00:13:50 +0000] "GET /tag/screen-options/ HTTP/1.1" 200 13616 "-" "Mozilla/5.0 (Macintosh; Intel Mac OS X 10_10_1) AppleWebKit/537.36 (KHTML, like Gecko) Chrome/41.0.2227.1 Safari/537.36"
184.94.212.206 - - [28/Apr/2026:00:16:21 +0000] "POST /wp-cron.php?doing_wp_cron=1777335381.4233989715576171875000 HTTP/1.1" 200 - "-" "WordPress/6.9.4; https://2-createawebsite.com"
192.0.102.230 - - [28/Apr/2026:00:16:20 +0000] "HEAD / HTTP/1.1" 200 - "-" "jetmon/1.0 (Jetpack Site Uptime Monitor by WordPress.com)"
82.38.180.91 - - [28/Apr/2026:00:16:25 +0000] "GET /page/2/ HTTP/1.1" 200 13992 "-" "Mozilla/5.0 (Macintosh; Intel Mac OS X 10.15; rv:{version}.0) Gecko/20100101 Firefox/135.0"
114.119.140.13 - - [28/Apr/2026:00:17:08 +0000] "GET /page/2/ HTTP/1.1" 200 13993 "https://2-createawebsite.com/page/3" "Mozilla/5.0 (Linux; Android 7.0;) AppleWebKit/537.36 (HTML, like Gecko) Mobile Safari/537.36 (compatible; PetalBot;+https://webmaster.petalsearch.com/site/petalbot)"
142.44.220.126 - - [28/Apr/2026:00:19:39 +0000] "GET /start-blogging-today-with-these-wordpress-tips/ HTTP/1.1" 200 14430 "-" "Mozilla/5.0 (compatible; AhrefsBot/7.0; +http://ahrefs.com/robot/)"
184.94.212.206 - - [28/Apr/2026:00:21:21 +0000] "POST /wp-cron.php?doing_wp_cron=1777335681.6801860332489013671875 HTTP/1.1" 200 - "-" "WordPress/6.9.4; https://2-createawebsite.com"
192.0.102.230 - - [28/Apr/2026:00:21:20 +0000] "HEAD / HTTP/1.1" 200 - "-" "jetmon/1.0 (Jetpack Site Uptime Monitor by WordPress.com)"
184.94.212.206 - - [28/Apr/2026:00:21:58 +0000] "POST /wp-cron.php?doing_wp_cron=1777335718.1832640171051025390625 HTTP/1.1" 200 - "-" "WordPress/6.9.4; https://2-createawebsite.com"
74.7.175.178 - - [28/Apr/2026:00:21:57 +0000] "GET /robots.txt HTTP/1.1" 200 125 "-" "Mozilla/5.0 (Macintosh; Intel Mac OS X 10_15_7) AppleWebKit/537.36 (KHTML, like Gecko) Chrome/131.0.0.0 Safari/537.36; compatible; OAI-SearchBot/1.3; robots.txt; +https://openai.com/searchbot"
114.119.155.153 - - [28/Apr/2026:00:24:12 +0000] "GET /page/16/ HTTP/1.1" 200 14038 "https://2-createawebsite.com/page/17/" "Mozilla/5.0 (Linux; Android 7.0;) AppleWebKit/537.36 (HTML, like Gecko) Mobile Safari/537.36 (compatible; PetalBot;+https://webmaster.petalsearch.com/site/petalbot)"
184.94.212.206 - - [28/Apr/2026:00:26:03 +0000] "POST /wp-cron.php?doing_wp_cron=1777335963.8498220443725585937500 HTTP/1.1" 200 - "-" "WordPress/6.9.4; https://2-createawebsite.com"
62.60.130.235 - - [28/Apr/2026:00:26:02 +0000] "<?xml version=\"1.0\"?><methodCall><methodName>system.multicall</methodName><params><param><value><array><data>" 404 36227 "-" "-"
192.0.102.230 - - [28/Apr/2026:00:26:20 +0000] "HEAD / HTTP/1.1" 200 - "-" "jetmon/1.0 (Jetpack Site Uptime Monitor by WordPress.com)"
148.113.128.65 - - [28/Apr/2026:00:28:03 +0000] "GET /relating-to-wordpress-the-secrets-in-this-article-are-priceless-5/ HTTP/1.1" 200 15031 "-" "Mozilla/5.0 (compatible; AhrefsBot/7.0; +http://ahrefs.com/robot/)"
144.31.35.190 - - [28/Apr/2026:00:28:43 +0000] "GET /feed/?attachment_id=37 HTTP/1.1" 200 481 "-" "Mozilla/5.0 (Macintosh; Intel Mac OS X 10_15_7) AppleWebKit/537.36 (KHTML, like Gecko) Chrome/135.0.0.0 Safari/537.36"
172.213.8.172 - - [28/Apr/2026:00:29:18 +0000] "GET /inputs.php HTTP/1.1" 404 9373 "-" "Mozilla/5.0 (Windows NT 10.0; Win64; x64) AppleWebKit/537.36 (KHTML, like Gecko) Chrome/120.0.0.0 Safari/537.36"
172.213.8.172 - - [28/Apr/2026:00:29:19 +0000] "GET /ioxi-o.php HTTP/1.1" 404 9374 "-" "Mozilla/5.0 (Windows NT 10.0; Win64; x64) AppleWebKit/537.36 (KHTML, like Gecko) Chrome/120.0.0.0 Safari/537.36"
172.213.8.172 - - [28/Apr/2026:00:29:20 +0000] "GET /function/function.php HTTP/1.1" 404 9374 "-" "Mozilla/5.0 (Windows NT 10.0; Win64; x64) AppleWebKit/537.36 (KHTML, like Gecko) Chrome/120.0.0.0 Safari/537.36"
