172.213.8.172 - - [28/Apr/2026:00:29:21 +0000] "GET /rip.php HTTP/1.1" 404 9371 "-" "Mozilla/5.0 (Windows NT 10.0; Win64; x64) AppleWebKit/537.36 (KHTML, like Gecko) Chrome/120.0.0.0 Safari/537.36"
172.213.8.172 - - [28/Apr/2026:00:29:22 +0000] "GET /admin.php HTTP/1.1" 404 9372 "-" "Mozilla/5.0 (Windows NT 10.0; Win64; x64) AppleWebKit/537.36 (KHTML, like Gecko) Chrome/120.0.0.0 Safari/537.36"
172.213.8.172 - - [28/Apr/2026:00:29:23 +0000] "GET /wp-content/uploads/index.php HTTP/1.1" 301 - "-" "Mozilla/5.0 (Windows NT 10.0; Win64; x64) AppleWebKit/537.36 (KHTML, like Gecko) Chrome/120.0.0.0 Safari/537.36"
172.213.8.172 - - [28/Apr/2026:00:29:24 +0000] "GET /cache.php HTTP/1.1" 404 9373 "-" "Mozilla/5.0 (Windows NT 10.0; Win64; x64) AppleWebKit/537.36 (KHTML, like Gecko) Chrome/120.0.0.0 Safari/537.36"
172.213.8.172 - - [28/Apr/2026:00:29:24 +0000] "GET /themes.php HTTP/1.1" 404 9372 "-" "Mozilla/5.0 (Windows NT 10.0; Win64; x64) AppleWebKit/537.36 (KHTML, like Gecko) Chrome/120.0.0.0 Safari/537.36"
172.213.8.172 - - [28/Apr/2026:00:29:25 +0000] "GET /an.php HTTP/1.1" 404 9370 "-" "Mozilla/5.0 (Windows NT 10.0; Win64; x64) AppleWebKit/537.36 (KHTML, like Gecko) Chrome/120.0.0.0 Safari/537.36"
172.213.8.172 - - [28/Apr/2026:00:29:26 +0000] "GET /index/function.php HTTP/1.1" 404 9374 "-" "Mozilla/5.0 (Windows NT 10.0; Win64; x64) AppleWebKit/537.36 (KHTML, like Gecko) Chrome/120.0.0.0 Safari/537.36"
172.213.8.172 - - [28/Apr/2026:00:29:27 +0000] "GET /randkeyword.PhP7 HTTP/1.1" 404 9382 "-" "Mozilla/5.0 (Windows NT 10.0; Win64; x64) AppleWebKit/537.36 (KHTML, like Gecko) Chrome/120.0.0.0 Safari/537.36"
172.213.8.172 - - [28/Apr/2026:00:29:28 +0000] "GET /ws.php HTTP/1.1" 404 9370 "-" "Mozilla/5.0 (Windows NT 10.0; Win64; x64) AppleWebKit/537.36 (KHTML, like Gecko) Chrome/120.0.0.0 Safari/537.36"
172.213.8.172 - - [28/Apr/2026:00:29:29 +0000] "GET /404.php HTTP/1.1" 404 9372 "-" "Mozilla/5.0 (Windows NT 10.0; Win64; x64) AppleWebKit/537.36 (KHTML, like Gecko) Chrome/120.0.0.0 Safari/537.36"
172.213.8.172 - - [28/Apr/2026:00:29:30 +0000] "GET /wp-admin/user.php HTTP/1.1" 404 9374 "-" "Mozilla/5.0 (Windows NT 10.0; Win64; x64) AppleWebKit/537.36 (KHTML, like Gecko) Chrome/120.0.0.0 Safari/537.36"
172.213.8.172 - - [28/Apr/2026:00:29:31 +0000] "GET /wp-conf.php HTTP/1.1" 404 9373 "-" "Mozilla/5.0 (Windows NT 10.0; Win64; x64) AppleWebKit/537.36 (KHTML, like Gecko) Chrome/120.0.0.0 Safari/537.36"
172.213.8.172 - - [28/Apr/2026:00:29:31 +0000] "GET /wp-content/themes/hideo/network.php HTTP/1.1" 404 9382 "-" "Mozilla/5.0 (Windows NT 10.0; Win64; x64) AppleWebKit/537.36 (KHTML, like Gecko) Chrome/120.0.0.0 Safari/537.36"
172.213.8.172 - - [28/Apr/2026:00:29:32 +0000] "GET /wp-login.php HTTP/1.1" 200 2679 "-" "Mozilla/5.0 (Windows NT 10.0; Win64; x64) AppleWebKit/537.36 (KHTML, like Gecko) Chrome/120.0.0.0 Safari/537.36"
172.213.8.172 - - [28/Apr/2026:00:29:34 +0000] "GET /abc.php HTTP/1.1" 404 9371 "-" "Mozilla/5.0 (Windows NT 10.0; Win64; x64) AppleWebKit/537.36 (KHTML, like Gecko) Chrome/120.0.0.0 Safari/537.36"
172.213.8.172 - - [28/Apr/2026:00:29:35 +0000] "GET /abcd.php HTTP/1.1" 404 9372 "-" "Mozilla/5.0 (Windows NT 10.0; Win64; x64) AppleWebKit/537.36 (KHTML, like Gecko) Chrome/120.0.0.0 Safari/537.36"
172.213.8.172 - - [28/Apr/2026:00:29:35 +0000] "GET /as.php HTTP/1.1" 404 9370 "-" "Mozilla/5.0 (Windows NT 10.0; Win64; x64) AppleWebKit/537.36 (KHTML, like Gecko) Chrome/120.0.0.0 Safari/537.36"
172.213.8.172 - - [28/Apr/2026:00:29:37 +0000] "GET /wp-trackback.php HTTP/1.1" 404 130 "-" "Mozilla/5.0 (Windows NT 10.0; Win64; x64) AppleWebKit/537.36 (KHTML, like Gecko) Chrome/120.0.0.0 Safari/537.36"
172.213.8.172 - - [28/Apr/2026:00:29:38 +0000] "GET /about.php HTTP/1.1" 404 9372 "-" "Mozilla/5.0 (Windows NT 10.0; Win64; x64) AppleWebKit/537.36 (KHTML, like Gecko) Chrome/120.0.0.0 Safari/537.36"
172.213.8.172 - - [28/Apr/2026:00:29:39 +0000] "GET /file.php HTTP/1.1" 404 9372 "-" "Mozilla/5.0 (Windows NT 10.0; Win64; x64) AppleWebKit/537.36 (KHTML, like Gecko) Chrome/120.0.0.0 Safari/537.36"
172.213.8.172 - - [28/Apr/2026:00:29:40 +0000] "GET /adminfuns.php HTTP/1.1" 404 9374 "-" "Mozilla/5.0 (Windows NT 10.0; Win64; x64) AppleWebKit/537.36 (KHTML, like Gecko) Chrome/120.0.0.0 Safari/537.36"
172.213.8.172 - - [28/Apr/2026:00:29:41 +0000] "GET /wp-good.php HTTP/1.1" 404 9374 "-" "Mozilla/5.0 (Windows NT 10.0; Win64; x64) AppleWebKit/537.36 (KHTML, like Gecko) Chrome/120.0.0.0 Safari/537.36"
172.213.8.172 - - [28/Apr/2026:00:29:41 +0000] "GET /xmlrpc.php HTTP/1.1" 404 9372 "-" "Mozilla/5.0 (Windows NT 10.0; Win64; x64) AppleWebKit/537.36 (KHTML, like Gecko) Chrome/120.0.0.0 Safari/537.36"
172.213.8.172 - - [28/Apr/2026:00:29:42 +0000] "GET /goods.php HTTP/1.1" 404 9373 "-" "Mozilla/5.0 (Windows NT 10.0; Win64; x64) AppleWebKit/537.36 (KHTML, like Gecko) Chrome/120.0.0.0 Safari/537.36"
172.213.8.172 - - [28/Apr/2026:00:29:43 +0000] "GET /class-t.api.php HTTP/1.1" 404 9376 "-" "Mozilla/5.0 (Windows NT 10.0; Win64; x64) AppleWebKit/537.36 (KHTML, like Gecko) Chrome/120.0.0.0 Safari/537.36"
172.213.8.172 - - [28/Apr/2026:00:29:44 +0000] "GET /sf.php HTTP/1.1" 404 9370 "-" "Mozilla/5.0 (Windows NT 10.0; Win64; x64) AppleWebKit/537.36 (KHTML, like Gecko) Chrome/120.0.0.0 Safari/537.36"
172.213.8.172 - - [28/Apr/2026:00:29:45 +0000] "GET /kbfr.php HTTP/1.1" 404 9373 "-" "Mozilla/5.0 (Windows NT 10.0; Win64; x64) AppleWebKit/537.36 (KHTML, like Gecko) Chrome/120.0.0.0 Safari/537.36"
172.213.8.172 - - [28/Apr/2026:00:29:46 +0000] "GET /autoload_classmap.php HTTP/1.1" 404 9380 "-" "Mozilla/5.0 (Windows NT 10.0; Win64; x64) AppleWebKit/537.36 (KHTML, like Gecko) Chrome/120.0.0.0 Safari/537.36"
172.213.8.172 - - [28/Apr/2026:00:29:47 +0000] "GET /chosen.php?p= HTTP/1.1" 301 - "-" "Mozilla/5.0 (Windows NT 10.0; Win64; x64) AppleWebKit/537.36 (KHTML, like Gecko) Chrome/120.0.0.0 Safari/537.36"
172.213.8.172 - - [28/Apr/2026:00:29:48 +0000] "GET /classwithtostring.php HTTP/1.1" 404 9377 "-" "Mozilla/5.0 (Windows NT 10.0; Win64; x64) AppleWebKit/537.36 (KHTML, like Gecko) Chrome/120.0.0.0 Safari/537.36"
172.213.8.172 - - [28/Apr/2026:00:29:49 +0000] "GET /defaults.php HTTP/1.1" 404 9373 "-" "Mozilla/5.0 (Windows NT 10.0; Win64; x64) AppleWebKit/537.36 (KHTML, like Gecko) Chrome/120.0.0.0 Safari/537.36"
172.213.8.172 - - [28/Apr/2026:00:29:50 +0000] "GET /.well-known/ HTTP/1.1" 404 9377 "-" "Mozilla/5.0 (Windows NT 10.0; Win64; x64) AppleWebKit/537.36 (KHTML, like Gecko) Chrome/120.0.0.0 Safari/537.36"
172.213.8.172 - - [28/Apr/2026:00:29:50 +0000] "GET /info.php HTTP/1.1" 404 9372 "-" "Mozilla/5.0 (Windows NT 10.0; Win64; x64) AppleWebKit/537.36 (KHTML, like Gecko) Chrome/120.0.0.0 Safari/537.36"
172.213.8.172 - - [28/Apr/2026:00:29:51 +0000] "GET /cgi-bin/ HTTP/1.1" 404 9374 "-" "Mozilla/5.0 (Windows NT 10.0; Win64; x64) AppleWebKit/537.36 (KHTML, like Gecko) Chrome/120.0.0.0 Safari/537.36"
172.213.8.172 - - [28/Apr/2026:00:29:52 +0000] "GET /wp-includes/Requests/src/Response/about.php HTTP/1.1" 404 9388 "-" "Mozilla/5.0 (Windows NT 10.0; Win64; x64) AppleWebKit/537.36 (KHTML, like Gecko) Chrome/120.0.0.0 Safari/537.36"
172.213.8.172 - - [28/Apr/2026:00:29:53 +0000] "GET /wp-includes/html-api/ HTTP/1.1" 404 9377 "-" "Mozilla/5.0 (Windows NT 10.0; Win64; x64) AppleWebKit/537.36 (KHTML, like Gecko) Chrome/120.0.0.0 Safari/537.36"
172.213.8.172 - - [28/Apr/2026:00:29:54 +0000] "GET /wp-content/admin.php HTTP/1.1" 404 9374 "-" "Mozilla/5.0 (Windows NT 10.0; Win64; x64) AppleWebKit/537.36 (KHTML, like Gecko) Chrome/120.0.0.0 Safari/537.36"
172.213.8.172 - - [28/Apr/2026:00:29:55 +0000] "GET /wp-admin/css/colors/ectoplasm/ HTTP/1.1" 404 9383 "-" "Mozilla/5.0 (Windows NT 10.0; Win64; x64) AppleWebKit/537.36 (KHTML, like Gecko) Chrome/120.0.0.0 Safari/537.36"
172.213.8.172 - - [28/Apr/2026:00:29:56 +0000] "GET /wp-content/uploads/ HTTP/1.1" 404 9370 "-" "Mozilla/5.0 (Windows NT 10.0; Win64; x64) AppleWebKit/537.36 (KHTML, like Gecko) Chrome/120.0.0.0 Safari/537.36"
172.213.8.172 - - [28/Apr/2026:00:29:57 +0000] "GET /wp-content/themes/admin.php HTTP/1.1" 404 9374 "-" "Mozilla/5.0 (Windows NT 10.0; Win64; x64) AppleWebKit/537.36 (KHTML, like Gecko) Chrome/120.0.0.0 Safari/537.36"
172.213.8.172 - - [28/Apr/2026:00:29:58 +0000] "GET /wp-content/themes/index.php HTTP/1.1" 200 - "-" "Mozilla/5.0 (Windows NT 10.0; Win64; x64) AppleWebKit/537.36 (KHTML, like Gecko) Chrome/120.0.0.0 Safari/537.36"
172.213.8.172 - - [28/Apr/2026:00:29:58 +0000] "GET /wp-content/plugins/index.php HTTP/1.1" 200 - "-" "Mozilla/5.0 (Windows NT 10.0; Win64; x64) AppleWebKit/537.36 (KHTML, like Gecko) Chrome/120.0.0.0 Safari/537.36"
172.213.8.172 - - [28/Apr/2026:00:29:58 +0000] "GET /wp-includes/PHPMailer/ HTTP/1.1" 404 9380 "-" "Mozilla/5.0 (Windows NT 10.0; Win64; x64) AppleWebKit/537.36 (KHTML, like Gecko) Chrome/120.0.0.0 Safari/537.36"
172.213.8.172 - - [28/Apr/2026:00:29:59 +0000] "GET /wp-includes/images/ HTTP/1.1" 404 9374 "-" "Mozilla/5.0 (Windows NT 10.0; Win64; x64) AppleWebKit/537.36 (KHTML, like Gecko) Chrome/120.0.0.0 Safari/537.36"
172.213.8.172 - - [28/Apr/2026:00:30:00 +0000] "GET /wp-content/plugins/WordPressCore/ HTTP/1.1" 404 9376 "-" "Mozilla/5.0 (Windows NT 10.0; Win64; x64) AppleWebKit/537.36 (KHTML, like Gecko) Chrome/120.0.0.0 Safari/537.36"
184.94.212.206 - - [28/Apr/2026:00:31:02 +0000] "POST /wp-cron.php?doing_wp_cron=1777336262.7247109413146972656250 HTTP/1.1" 200 - "-" "WordPress/6.9.4; https://2-createawebsite.com"
114.119.140.13 - - [28/Apr/2026:00:31:01 +0000] "GET /page/13/ HTTP/1.1" 200 14086 "https://2-createawebsite.com/page/14/" "Mozilla/5.0 (Linux; Android 7.0;) AppleWebKit/537.36 (HTML, like Gecko) Mobile Safari/537.36 (compatible; PetalBot;+https://webmaster.petalsearch.com/site/petalbot)"
192.0.102.230 - - [28/Apr/2026:00:31:19 +0000] "HEAD / HTTP/1.1" 200 - "-" "jetmon/1.0 (Jetpack Site Uptime Monitor by WordPress.com)"
20.91.220.89 - - [28/Apr/2026:00:35:39 +0000] "GET /inputs.php HTTP/1.1" 404 9369 "-" "Mozilla/5.0 (Windows NT 10.0; Win64; x64) AppleWebKit/537.36 (KHTML, like Gecko) Chrome/120.0.0.0 Safari/537.36"
20.91.220.89 - - [28/Apr/2026:00:35:40 +0000] "GET /ioxi-o.php HTTP/1.1" 404 9371 "-" "Mozilla/5.0 (Windows NT 10.0; Win64; x64) AppleWebKit/537.36 (KHTML, like Gecko) Chrome/120.0.0.0 Safari/537.36"
20.91.220.89 - - [28/Apr/2026:00:35:41 +0000] "GET /function/function.php HTTP/1.1" 404 9371 "-" "Mozilla/5.0 (Windows NT 10.0; Win64; x64) AppleWebKit/537.36 (KHTML, like Gecko) Chrome/120.0.0.0 Safari/537.36"
20.91.220.89 - - [28/Apr/2026:00:35:42 +0000] "GET /rip.php HTTP/1.1" 404 9368 "-" "Mozilla/5.0 (Windows NT 10.0; Win64; x64) AppleWebKit/537.36 (KHTML, like Gecko) Chrome/120.0.0.0 Safari/537.36"
20.91.220.89 - - [28/Apr/2026:00:35:42 +0000] "GET /admin.php HTTP/1.1" 404 9367 "-" "Mozilla/5.0 (Windows NT 10.0; Win64; x64) AppleWebKit/537.36 (KHTML, like Gecko) Chrome/120.0.0.0 Safari/537.36"
20.91.220.89 - - [28/Apr/2026:00:35:43 +0000] "GET /wp-content/uploads/index.php HTTP/1.1" 301 - "-" "Mozilla/5.0 (Windows NT 10.0; Win64; x64) AppleWebKit/537.36 (KHTML, like Gecko) Chrome/120.0.0.0 Safari/537.36"
20.91.220.89 - - [28/Apr/2026:00:35:44 +0000] "GET /cache.php HTTP/1.1" 404 9369 "-" "Mozilla/5.0 (Windows NT 10.0; Win64; x64) AppleWebKit/537.36 (KHTML, like Gecko) Chrome/120.0.0.0 Safari/537.36"
20.91.220.89 - - [28/Apr/2026:00:35:45 +0000] "GET /themes.php HTTP/1.1" 404 9367 "-" "Mozilla/5.0 (Windows NT 10.0; Win64; x64) AppleWebKit/537.36 (KHTML, like Gecko) Chrome/120.0.0.0 Safari/537.36"
20.91.220.89 - - [28/Apr/2026:00:35:46 +0000] "GET /an.php HTTP/1.1" 404 9367 "-" "Mozilla/5.0 (Windows NT 10.0; Win64; x64) AppleWebKit/537.36 (KHTML, like Gecko) Chrome/120.0.0.0 Safari/537.36"
20.91.220.89 - - [28/Apr/2026:00:35:47 +0000] "GET /index/function.php HTTP/1.1" 404 9371 "-" "Mozilla/5.0 (Windows NT 10.0; Win64; x64) AppleWebKit/537.36 (KHTML, like Gecko) Chrome/120.0.0.0 Safari/537.36"
20.91.220.89 - - [28/Apr/2026:00:35:48 +0000] "GET /randkeyword.PhP7 HTTP/1.1" 404 9378 "-" "Mozilla/5.0 (Windows NT 10.0; Win64; x64) AppleWebKit/537.36 (KHTML, like Gecko) Chrome/120.0.0.0 Safari/537.36"
20.91.220.89 - - [28/Apr/2026:00:35:49 +0000] "GET /ws.php HTTP/1.1" 404 9368 "-" "Mozilla/5.0 (Windows NT 10.0; Win64; x64) AppleWebKit/537.36 (KHTML, like Gecko) Chrome/120.0.0.0 Safari/537.36"
20.91.220.89 - - [28/Apr/2026:00:35:49 +0000] "GET /404.php HTTP/1.1" 404 9368 "-" "Mozilla/5.0 (Windows NT 10.0; Win64; x64) AppleWebKit/537.36 (KHTML, like Gecko) Chrome/120.0.0.0 Safari/537.36"
20.91.220.89 - - [28/Apr/2026:00:35:50 +0000] "GET /wp-admin/user.php HTTP/1.1" 404 9372 "-" "Mozilla/5.0 (Windows NT 10.0; Win64; x64) AppleWebKit/537.36 (KHTML, like Gecko) Chrome/120.0.0.0 Safari/537.36"
20.91.220.89 - - [28/Apr/2026:00:35:52 +0000] "GET /wp-conf.php HTTP/1.1" 404 9368 "-" "Mozilla/5.0 (Windows NT 10.0; Win64; x64) AppleWebKit/537.36 (KHTML, like Gecko) Chrome/120.0.0.0 Safari/537.36"
184.94.212.206 - - [28/Apr/2026:00:35:54 +0000] "POST /wp-cron.php?doing_wp_cron=1777336554.0128939151763916015625 HTTP/1.1" 200 - "-" "WordPress/6.9.4; https://2-createawebsite.com"
20.91.220.89 - - [28/Apr/2026:00:35:53 +0000] "GET /wp-content/themes/hideo/network.php HTTP/1.1" 404 9379 "-" "Mozilla/5.0 (Windows NT 10.0; Win64; x64) AppleWebKit/537.36 (KHTML, like Gecko) Chrome/120.0.0.0 Safari/537.36"
20.91.220.89 - - [28/Apr/2026:00:35:54 +0000] "GET /wp-login.php HTTP/1.1" 200 2469 "-" "Mozilla/5.0 (Windows NT 10.0; Win64; x64) AppleWebKit/537.36 (KHTML, like Gecko) Chrome/120.0.0.0 Safari/537.36"
20.91.220.89 - - [28/Apr/2026:00:35:55 +0000] "GET /abc.php HTTP/1.1" 404 9368 "-" "Mozilla/5.0 (Windows NT 10.0; Win64; x64) AppleWebKit/537.36 (KHTML, like Gecko) Chrome/120.0.0.0 Safari/537.36"
184.94.212.206 - - [28/Apr/2026:00:35:57 +0000] "POST /wp-cron.php?doing_wp_cron=1777336557.2041609287261962890625 HTTP/1.1" 200 - "-" "WordPress/6.9.4; https://2-createawebsite.com"
20.91.220.89 - - [28/Apr/2026:00:35:56 +0000] "GET /abcd.php HTTP/1.1" 404 9369 "-" "Mozilla/5.0 (Windows NT 10.0; Win64; x64) AppleWebKit/537.36 (KHTML, like Gecko) Chrome/120.0.0.0 Safari/537.36"
20.91.220.89 - - [28/Apr/2026:00:35:57 +0000] "GET /as.php HTTP/1.1" 404 9367 "-" "Mozilla/5.0 (Windows NT 10.0; Win64; x64) AppleWebKit/537.36 (KHTML, like Gecko) Chrome/120.0.0.0 Safari/537.36"
20.91.220.89 - - [28/Apr/2026:00:35:58 +0000] "GET /wp-trackback.php HTTP/1.1" 404 130 "-" "Mozilla/5.0 (Windows NT 10.0; Win64; x64) AppleWebKit/537.36 (KHTML, like Gecko) Chrome/120.0.0.0 Safari/537.36"
20.91.220.89 - - [28/Apr/2026:00:35:58 +0000] "GET /about.php HTTP/1.1" 404 9369 "-" "Mozilla/5.0 (Windows NT 10.0; Win64; x64) AppleWebKit/537.36 (KHTML, like Gecko) Chrome/120.0.0.0 Safari/537.36"
20.91.220.89 - - [28/Apr/2026:00:35:59 +0000] "GET /file.php HTTP/1.1" 404 9368 "-" "Mozilla/5.0 (Windows NT 10.0; Win64; x64) AppleWebKit/537.36 (KHTML, like Gecko) Chrome/120.0.0.0 Safari/537.36"
20.91.220.89 - - [28/Apr/2026:00:36:00 +0000] "GET /adminfuns.php HTTP/1.1" 404 9371 "-" "Mozilla/5.0 (Windows NT 10.0; Win64; x64) AppleWebKit/537.36 (KHTML, like Gecko) Chrome/120.0.0.0 Safari/537.36"
20.91.220.89 - - [28/Apr/2026:00:36:01 +0000] "GET /wp-good.php HTTP/1.1" 404 9371 "-" "Mozilla/5.0 (Windows NT 10.0; Win64; x64) AppleWebKit/537.36 (KHTML, like Gecko) Chrome/120.0.0.0 Safari/537.36"
20.91.220.89 - - [28/Apr/2026:00:36:02 +0000] "GET /xmlrpc.php HTTP/1.1" 404 9368 "-" "Mozilla/5.0 (Windows NT 10.0; Win64; x64) AppleWebKit/537.36 (KHTML, like Gecko) Chrome/120.0.0.0 Safari/537.36"
20.91.220.89 - - [28/Apr/2026:00:36:03 +0000] "GET /goods.php HTTP/1.1" 404 9370 "-" "Mozilla/5.0 (Windows NT 10.0; Win64; x64) AppleWebKit/537.36 (KHTML, like Gecko) Chrome/120.0.0.0 Safari/537.36"
20.91.220.89 - - [28/Apr/2026:00:36:04 +0000] "GET /class-t.api.php HTTP/1.1" 404 9372 "-" "Mozilla/5.0 (Windows NT 10.0; Win64; x64) AppleWebKit/537.36 (KHTML, like Gecko) Chrome/120.0.0.0 Safari/537.36"
20.91.220.89 - - [28/Apr/2026:00:36:05 +0000] "GET /sf.php HTTP/1.1" 404 9368 "-" "Mozilla/5.0 (Windows NT 10.0; Win64; x64) AppleWebKit/537.36 (KHTML, like Gecko) Chrome/120.0.0.0 Safari/537.36"
20.91.220.89 - - [28/Apr/2026:00:36:06 +0000] "GET /kbfr.php HTTP/1.1" 404 9370 "-" "Mozilla/5.0 (Windows NT 10.0; Win64; x64) AppleWebKit/537.36 (KHTML, like Gecko) Chrome/120.0.0.0 Safari/537.36"
20.91.220.89 - - [28/Apr/2026:00:36:07 +0000] "GET /autoload_classmap.php HTTP/1.1" 404 9376 "-" "Mozilla/5.0 (Windows NT 10.0; Win64; x64) AppleWebKit/537.36 (KHTML, like Gecko) Chrome/120.0.0.0 Safari/537.36"
20.91.220.89 - - [28/Apr/2026:00:36:07 +0000] "GET /chosen.php?p= HTTP/1.1" 301 - "-" "Mozilla/5.0 (Windows NT 10.0; Win64; x64) AppleWebKit/537.36 (KHTML, like Gecko) Chrome/120.0.0.0 Safari/537.36"
20.91.220.89 - - [28/Apr/2026:00:36:08 +0000] "GET /classwithtostring.php HTTP/1.1" 404 9373 "-" "Mozilla/5.0 (Windows NT 10.0; Win64; x64) AppleWebKit/537.36 (KHTML, like Gecko) Chrome/120.0.0.0 Safari/537.36"
20.91.220.89 - - [28/Apr/2026:00:36:09 +0000] "GET /defaults.php HTTP/1.1" 404 9369 "-" "Mozilla/5.0 (Windows NT 10.0; Win64; x64) AppleWebKit/537.36 (KHTML, like Gecko) Chrome/120.0.0.0 Safari/537.36"
20.91.220.89 - - [28/Apr/2026:00:36:10 +0000] "GET /.well-known/ HTTP/1.1" 404 9374 "-" "Mozilla/5.0 (Windows NT 10.0; Win64; x64) AppleWebKit/537.36 (KHTML, like Gecko) Chrome/120.0.0.0 Safari/537.36"
20.91.220.89 - - [28/Apr/2026:00:36:11 +0000] "GET /info.php HTTP/1.1" 404 9368 "-" "Mozilla/5.0 (Windows NT 10.0; Win64; x64) AppleWebKit/537.36 (KHTML, like Gecko) Chrome/120.0.0.0 Safari/537.36"
20.91.220.89 - - [28/Apr/2026:00:36:12 +0000] "GET /cgi-bin/ HTTP/1.1" 404 9370 "-" "Mozilla/5.0 (Windows NT 10.0; Win64; x64) AppleWebKit/537.36 (KHTML, like Gecko) Chrome/120.0.0.0 Safari/537.36"
20.91.220.89 - - [28/Apr/2026:00:36:13 +0000] "GET /wp-includes/Requests/src/Response/about.php HTTP/1.1" 404 9384 "-" "Mozilla/5.0 (Windows NT 10.0; Win64; x64) AppleWebKit/537.36 (KHTML, like Gecko) Chrome/120.0.0.0 Safari/537.36"
20.91.220.89 - - [28/Apr/2026:00:36:14 +0000] "GET /wp-includes/html-api/ HTTP/1.1" 404 9373 "-" "Mozilla/5.0 (Windows NT 10.0; Win64; x64) AppleWebKit/537.36 (KHTML, like Gecko) Chrome/120.0.0.0 Safari/537.36"
20.91.220.89 - - [28/Apr/2026:00:36:14 +0000] "GET /wp-content/admin.php HTTP/1.1" 404 9370 "-" "Mozilla/5.0 (Windows NT 10.0; Win64; x64) AppleWebKit/537.36 (KHTML, like Gecko) Chrome/120.0.0.0 Safari/537.36"
20.91.220.89 - - [28/Apr/2026:00:36:15 +0000] "GET /wp-admin/css/colors/ectoplasm/ HTTP/1.1" 404 9381 "-" "Mozilla/5.0 (Windows NT 10.0; Win64; x64) AppleWebKit/537.36 (KHTML, like Gecko) Chrome/120.0.0.0 Safari/537.36"
20.91.220.89 - - [28/Apr/2026:00:36:16 +0000] "GET /wp-content/uploads/ HTTP/1.1" 404 9366 "-" "Mozilla/5.0 (Windows NT 10.0; Win64; x64) AppleWebKit/537.36 (KHTML, like Gecko) Chrome/120.0.0.0 Safari/537.36"
20.91.220.89 - - [28/Apr/2026:00:36:17 +0000] "GET /wp-content/themes/admin.php HTTP/1.1" 404 9371 "-" "Mozilla/5.0 (Windows NT 10.0; Win64; x64) AppleWebKit/537.36 (KHTML, like Gecko) Chrome/120.0.0.0 Safari/537.36"
20.91.220.89 - - [28/Apr/2026:00:36:18 +0000] "GET /wp-content/themes/index.php HTTP/1.1" 200 - "-" "Mozilla/5.0 (Windows NT 10.0; Win64; x64) AppleWebKit/537.36 (KHTML, like Gecko) Chrome/120.0.0.0 Safari/537.36"
20.91.220.89 - - [28/Apr/2026:00:36:18 +0000] "GET /wp-content/plugins/index.php HTTP/1.1" 200 - "-" "Mozilla/5.0 (Windows NT 10.0; Win64; x64) AppleWebKit/537.36 (KHTML, like Gecko) Chrome/120.0.0.0 Safari/537.36"
20.91.220.89 - - [28/Apr/2026:00:36:18 +0000] "GET /wp-includes/PHPMailer/ HTTP/1.1" 404 9376 "-" "Mozilla/5.0 (Windows NT 10.0; Win64; x64) AppleWebKit/537.36 (KHTML, like Gecko) Chrome/120.0.0.0 Safari/537.36"
20.91.220.89 - - [28/Apr/2026:00:36:19 +0000] "GET /wp-includes/images/ HTTP/1.1" 404 9371 "-" "Mozilla/5.0 (Windows NT 10.0; Win64; x64) AppleWebKit/537.36 (KHTML, like Gecko) Chrome/120.0.0.0 Safari/537.36"
20.91.220.89 - - [28/Apr/2026:00:36:20 +0000] "GET /wp-content/plugins/WordPressCore/ HTTP/1.1" 404 9373 "-" "Mozilla/5.0 (Windows NT 10.0; Win64; x64) AppleWebKit/537.36 (KHTML, like Gecko) Chrome/120.0.0.0 Safari/537.36"
14.161.111.121 - - [28/Apr/2026:00:36:24 +0000] "GET /great-tips-for-getting-the-most-from-wordpress/?share=x HTTP/1.1" 302 - "-" "Mozilla/5.0 (Macintosh; Intel Mac OS X 10_11_6) AppleWebKit/537.36 (KHTML, like Gecko) Chrome/69.0.3497.100 Safari/537.36"
192.0.102.230 - - [28/Apr/2026:00:36:26 +0000] "HEAD / HTTP/1.1" 200 - "-" "jetmon/1.0 (Jetpack Site Uptime Monitor by WordPress.com)"
45.135.193.131 - - [28/Apr/2026:00:36:32 +0000] "GET / HTTP/1.0" 400 76981 "-" "-"
114.119.133.134 - - [28/Apr/2026:00:37:38 +0000] "GET /page/12/ HTTP/1.1" 200 13990 "https://2-createawebsite.com/page/11/" "Mozilla/5.0 (Linux; Android 7.0;) AppleWebKit/537.36 (HTML, like Gecko) Mobile Safari/537.36 (compatible; PetalBot;+https://webmaster.petalsearch.com/site/petalbot)"
57.141.18.12 - - [28/Apr/2026:00:40:33 +0000] "GET /54e4d440485ab108f5d08460962d317f153fc3e45656714d752d7fd792_640-jpg/ HTTP/1.1" 200 45604 "-" "meta-externalagent/1.1 (+https://developers.facebook.com/docs/sharing/webmasters/crawler)"
184.94.212.206 - - [28/Apr/2026:00:41:22 +0000] "POST /wp-cron.php?doing_wp_cron=1777336882.4480290412902832031250 HTTP/1.1" 200 - "-" "WordPress/6.9.4; https://2-createawebsite.com"
192.0.102.230 - - [28/Apr/2026:00:41:21 +0000] "HEAD / HTTP/1.1" 200 - "-" "jetmon/1.0 (Jetpack Site Uptime Monitor by WordPress.com)"
216.73.217.37 - - [28/Apr/2026:00:44:26 +0000] "GET /robots.txt HTTP/1.1" 200 125 "-" "Mozilla/5.0 AppleWebKit/537.36 (KHTML, like Gecko; compatible; ClaudeBot/1.0; +claudebot@anthropic.com)"
216.73.217.37 - - [28/Apr/2026:00:44:28 +0000] "GET /news-sitemap.xml HTTP/1.1" 200 313 "-" "Mozilla/5.0 AppleWebKit/537.36 (KHTML, like Gecko; compatible; ClaudeBot/1.0; +claudebot@anthropic.com)"
114.119.146.109 - - [28/Apr/2026:00:44:31 +0000] "GET /page/10/ HTTP/1.1" 200 13861 "https://2-createawebsite.com/page/9/" "Mozilla/5.0 (Linux; Android 7.0;) AppleWebKit/537.36 (HTML, like Gecko) Mobile Safari/537.36 (compatible; PetalBot;+https://webmaster.petalsearch.com/site/petalbot)"
43.164.193.149 - - [28/Apr/2026:00:45:40 +0000] "<?xml version='1.0'?>\n" 404 36209 "-" "-"
43.164.193.149 - - [28/Apr/2026:00:45:44 +0000] "<?xml version='1.0'?>\n" 404 36209 "-" "-"
184.94.212.206 - - [28/Apr/2026:00:46:25 +0000] "POST /wp-cron.php?doing_wp_cron=1777337185.6890668869018554687500 HTTP/1.1" 200 - "-" "WordPress/6.9.4; https://2-createawebsite.com"
192.0.102.230 - - [28/Apr/2026:00:46:24 +0000] "HEAD / HTTP/1.1" 200 - "-" "jetmon/1.0 (Jetpack Site Uptime Monitor by WordPress.com)"
184.94.212.206 - - [28/Apr/2026:00:50:08 +0000] "POST /wp-cron.php?doing_wp_cron=1777337408.5093300342559814453125 HTTP/1.1" 200 - "-" "WordPress/6.9.4; https://2-createawebsite.com"
57.141.18.71 - - [28/Apr/2026:00:50:07 +0000] "GET /eye-opening-information-regarding-wordpress-you-never-knew-2/ HTTP/1.1" 200 54032 "-" "meta-externalagent/1.1 (+https://developers.facebook.com/docs/sharing/webmasters/crawler)"
14.187.128.61 - - [28/Apr/2026:00:50:25 +0000] "GET /use-wordpress-to-start-blogging-right-away-2/ HTTP/1.1" 200 15025 "-" "Mozilla/5.0 (Windows NT 6.1; Win64; x64) AppleWebKit/537.36 (KHTML, like Gecko) Chrome/96.0.4664.110 Safari/537.36"
184.94.212.206 - - [28/Apr/2026:00:51:21 +0000] "POST /wp-cron.php?doing_wp_cron=1777337481.1689438819885253906250 HTTP/1.1" 200 - "-" "WordPress/6.9.4; https://2-createawebsite.com"
192.0.102.230 - - [28/Apr/2026:00:51:20 +0000] "HEAD / HTTP/1.1" 200 - "-" "jetmon/1.0 (Jetpack Site Uptime Monitor by WordPress.com)"
114.119.155.153 - - [28/Apr/2026:00:51:25 +0000] "GET /outstanding-ideas-relating-to-wordpress-you-need/?share=facebook HTTP/1.1" 302 - "https://2-createawebsite.com/outstanding-ideas-relating-to-wordpress-you-need/" "Mozilla/5.0 (Linux; Android 7.0;) AppleWebKit/537.36 (HTML, like Gecko) Mobile Safari/537.36 (compatible; PetalBot;+https://webmaster.petalsearch.com/site/petalbot)"
100.28.118.16 - - [28/Apr/2026:00:52:31 +0000] "GET /wp-json/oembed/1.0/embed?url=https://2-createawebsite.com/solid-advice-about-wordpress-that-can-help-anyone-2/ HTTP/1.1" 200 1252 "-" "Mozilla/5.0 AppleWebKit/537.36 (KHTML, like Gecko; compatible; Amazonbot/0.1; +https://developer.amazon.com/support/amazonbot) Chrome/119.0.6045.214 Safari/537.36"
165.227.141.86 - - [28/Apr/2026:00:54:44 +0000] "GET / HTTP/1.0" 200 77646 "-" "-"
165.227.141.86 - - [28/Apr/2026:00:54:46 +0000] "GET /odinhttpcall1777337685 HTTP/1.1" 404 36242 "-" "Mozilla/5.0 (compatible; Odin; https://docs.getodin.com/)"
165.227.141.86 - - [28/Apr/2026:00:54:46 +0000] "POST /sdk HTTP/1.1" 404 36223 "-" "Mozilla/5.0 (compatible; Odin; https://docs.getodin.com/)"
165.227.141.86 - - [28/Apr/2026:00:54:47 +0000] "GET /HNAP1 HTTP/1.1" 404 36225 "-" "Mozilla/5.0 (compatible; Odin; https://docs.getodin.com/)"
165.227.141.86 - - [28/Apr/2026:00:54:47 +0000] "GET /evox/about HTTP/1.1" 404 36230 "-" "Mozilla/5.0 (compatible; Odin; https://docs.getodin.com/)"
165.227.141.86 - - [28/Apr/2026:00:54:49 +0000] "GET / HTTP/1.0" 200 77646 "-" "-"
165.227.141.86 - - [28/Apr/2026:00:54:50 +0000] "GET / HTTP/1.1" 200 77712 "-" "-"
68.183.223.205 - - [28/Apr/2026:00:54:51 +0000] "POST / HTTP/1.1" 200 77712 "-" "Go-http-client/1.1"
184.94.212.206 - - [28/Apr/2026:00:56:22 +0000] "POST /wp-cron.php?doing_wp_cron=1777337782.8192710876464843750000 HTTP/1.1" 200 - "-" "WordPress/6.9.4; https://2-createawebsite.com"
192.0.102.230 - - [28/Apr/2026:00:56:21 +0000] "HEAD / HTTP/1.1" 200 - "-" "jetmon/1.0 (Jetpack Site Uptime Monitor by WordPress.com)"
114.119.146.219 - - [28/Apr/2026:00:58:19 +0000] "GET /outstanding-ideas-relating-to-wordpress-you-need-2/?share=x HTTP/1.1" 302 - "https://2-createawebsite.com/outstanding-ideas-relating-to-wordpress-you-need-2" "Mozilla/5.0 (Linux; Android 7.0;) AppleWebKit/537.36 (HTML, like Gecko) Mobile Safari/537.36 (compatible; PetalBot;+https://webmaster.petalsearch.com/site/petalbot)"
57.141.18.52 - - [28/Apr/2026:00:59:17 +0000] "GET /51e5dd414c56b108f5d08460962d317f153fc3e45657784974267bd79f_640-jpg/ HTTP/1.1" 200 45592 "-" "meta-externalagent/1.1 (+https://developers.facebook.com/docs/sharing/webmasters/crawler)"
57.141.18.70 - - [28/Apr/2026:00:59:34 +0000] "GET /wordpress-have-you-confused-try-these-ideas-today/ HTTP/1.1" 200 55155 "-" "meta-externalagent/1.1 (+https://developers.facebook.com/docs/sharing/webmasters/crawler)"
54.39.203.176 - - [28/Apr/2026:00:59:41 +0000] "GET /in-dealing-with-wordpress-we-provide-the-top-tips/ HTTP/1.1" 200 15143 "-" "Mozilla/5.0 (compatible; AhrefsBot/7.0; +http://ahrefs.com/robot/)"
57.141.18.43 - - [28/Apr/2026:01:00:37 +0000] "GET /amazing-techniques-in-relation-to-wordpress-are-here/ HTTP/1.1" 200 53078 "-" "meta-externalagent/1.1 (+https://developers.facebook.com/docs/sharing/webmasters/crawler)"
184.94.212.206 - - [28/Apr/2026:01:01:25 +0000] "POST /wp-cron.php?doing_wp_cron=1777338085.5413920879364013671875 HTTP/1.1" 200 - "-" "WordPress/6.9.4; https://2-createawebsite.com"
192.0.102.230 - - [28/Apr/2026:01:01:24 +0000] "HEAD / HTTP/1.1" 200 - "-" "jetmon/1.0 (Jetpack Site Uptime Monitor by WordPress.com)"
57.141.18.99 - - [28/Apr/2026:01:03:31 +0000] "GET /simple-tips-to-help-you-understand-wordpress-2/ HTTP/1.1" 200 52725 "-" "meta-externalagent/1.1 (+https://developers.facebook.com/docs/sharing/webmasters/crawler)"
194.5.48.191 - - [28/Apr/2026:01:04:09 +0000] "<?xml version=\"1.0\" encoding=\"UTF-8\"?>" 404 36204 "-" "-"
194.5.48.193 - - [28/Apr/2026:01:04:09 +0000] "<?xml version=\"1.0\" encoding=\"UTF-8\"?>" 404 36204 "-" "-"
114.119.158.151 - - [28/Apr/2026:01:04:17 +0000] "GET /outstanding-ideas-relating-to-wordpress-you-need-2 HTTP/1.1" 301 - "https://2-createawebsite.com/author/2-createawebsite" "Mozilla/5.0 (Linux; Android 7.0;) AppleWebKit/537.36 (HTML, like Gecko) Mobile Safari/537.36 (compatible; PetalBot;+https://webmaster.petalsearch.com/site/petalbot)"
114.119.158.151 - - [28/Apr/2026:01:04:18 +0000] "GET /outstanding-ideas-relating-to-wordpress-you-need-2/ HTTP/1.1" 200 14582 "https://2-createawebsite.com/author/2-createawebsite" "Mozilla/5.0 (Linux; Android 7.0;) AppleWebKit/537.36 (HTML, like Gecko) Mobile Safari/537.36 (compatible; PetalBot;+https://webmaster.petalsearch.com/site/petalbot)"
184.94.212.206 - - [28/Apr/2026:01:06:18 +0000] "POST /wp-cron.php?doing_wp_cron=1777338378.5553469657897949218750 HTTP/1.1" 200 - "-" "WordPress/6.9.4; https://2-createawebsite.com"
192.0.102.230 - - [28/Apr/2026:01:06:16 +0000] "HEAD / HTTP/1.1" 200 - "-" "jetmon/1.0 (Jetpack Site Uptime Monitor by WordPress.com)"
47.128.55.253 - - [28/Apr/2026:01:07:42 +0000] "-" 408 - "-" "-"
43.106.19.224 - - [28/Apr/2026:01:08:44 +0000] "GET / HTTP/1.0" 400 76981 "-" "-"
114.119.146.109 - - [28/Apr/2026:01:10:15 +0000] "GET /new-to-wordpress-these-tips-can-help?share=facebook HTTP/1.1" 302 - "https://2-createawebsite.com/new-to-wordpress-these-tips-can-help" "Mozilla/5.0 (Linux; Android 7.0;) AppleWebKit/537.36 (HTML, like Gecko) Mobile Safari/537.36 (compatible; PetalBot;+https://webmaster.petalsearch.com/site/petalbot)"
184.94.212.206 - - [28/Apr/2026:01:11:25 +0000] "POST /wp-cron.php?doing_wp_cron=1777338685.2913730144500732421875 HTTP/1.1" 200 - "-" "WordPress/6.9.4; https://2-createawebsite.com"
192.0.102.230 - - [28/Apr/2026:01:11:23 +0000] "HEAD / HTTP/1.1" 200 - "-" "jetmon/1.0 (Jetpack Site Uptime Monitor by WordPress.com)"
47.128.55.193 - - [28/Apr/2026:01:11:43 +0000] "-" 408 - "-" "-"
57.141.18.1 - - [28/Apr/2026:01:12:44 +0000] "GET /everything-there-is-to-know-about-wordpress-3/ HTTP/1.1" 200 53573 "-" "meta-externalagent/1.1 (+https://developers.facebook.com/docs/sharing/webmasters/crawler)"
57.141.18.113 - - [28/Apr/2026:01:13:49 +0000] "GET /what-you-need-to-know-about-using-wordpress-2/ HTTP/1.1" 200 54481 "-" "meta-externalagent/1.1 (+https://developers.facebook.com/docs/sharing/webmasters/crawler)"
54.39.203.225 - - [28/Apr/2026:01:15:38 +0000] "GET /in-regards-to-wordpress-we-have-the-best-tips/ HTTP/1.1" 200 14828 "-" "Mozilla/5.0 (compatible; AhrefsBot/7.0; +http://ahrefs.com/robot/)"
184.94.212.206 - - [28/Apr/2026:01:16:08 +0000] "POST /wp-cron.php?doing_wp_cron=1777338968.5650360584259033203125 HTTP/1.1" 200 - "-" "WordPress/6.9.4; https://2-createawebsite.com"
43.155.186.174 - - [28/Apr/2026:01:16:07 +0000] "POST /cgi-bin/.%2e/.%2e/.%2e/.%2e/.%2e/.%2e/.%2e/.%2e/.%2e/.%2e/bin/sh HTTP/1.1" 301 - "-" "libredtail-http"
114.119.155.153 - - [28/Apr/2026:01:16:08 +0000] "GET /new-to-wordpress-these-tips-can-help/?share=x HTTP/1.1" 302 - "https://2-createawebsite.com/new-to-wordpress-these-tips-can-help/" "Mozilla/5.0 (Linux; Android 7.0;) AppleWebKit/537.36 (HTML, like Gecko) Mobile Safari/537.36 (compatible; PetalBot;+https://webmaster.petalsearch.com/site/petalbot)"
192.0.102.230 - - [28/Apr/2026:01:16:25 +0000] "HEAD / HTTP/1.1" 200 - "-" "jetmon/1.0 (Jetpack Site Uptime Monitor by WordPress.com)"
185.191.171.15 - - [28/Apr/2026:01:17:55 +0000] "GET /fantastic-tricks-relating-to-wordpress-which-are-easy-to-learn/ HTTP/1.1" 200 15451 "-" "Mozilla/5.0 (compatible; SemrushBot/7~bl; +http://www.semrush.com/bot.html)"
184.94.212.206 - - [28/Apr/2026:01:20:24 +0000] "POST /wp-cron.php?doing_wp_cron=1777339224.1353030204772949218750 HTTP/1.1" 200 - "-" "WordPress/6.9.4; https://2-createawebsite.com"
216.73.217.37 - - [28/Apr/2026:01:20:23 +0000] "GET /sitemap.xml HTTP/1.1" 200 307 "-" "Mozilla/5.0 AppleWebKit/537.36 (KHTML, like Gecko; compatible; ClaudeBot/1.0; +claudebot@anthropic.com)"
184.94.212.206 - - [28/Apr/2026:01:21:02 +0000] "POST /wp-cron.php?doing_wp_cron=1777339262.0715379714965820312500 HTTP/1.1" 200 - "-" "WordPress/6.9.4; https://2-createawebsite.com"
216.73.217.37 - - [28/Apr/2026:01:21:01 +0000] "GET /news-sitemap.xml HTTP/1.1" 200 313 "-" "Mozilla/5.0 AppleWebKit/537.36 (KHTML, like Gecko; compatible; ClaudeBot/1.0; +claudebot@anthropic.com)"
184.94.212.206 - - [28/Apr/2026:01:21:23 +0000] "POST /wp-cron.php?doing_wp_cron=1777339283.1416409015655517578125 HTTP/1.1" 200 - "-" "WordPress/6.9.4; https://2-createawebsite.com"
192.0.102.230 - - [28/Apr/2026:01:21:22 +0000] "HEAD / HTTP/1.1" 200 - "-" "jetmon/1.0 (Jetpack Site Uptime Monitor by WordPress.com)"
184.94.212.206 - - [28/Apr/2026:01:22:11 +0000] "POST /wp-cron.php?doing_wp_cron=1777339331.2901101112365722656250 HTTP/1.1" 200 - "-" "WordPress/6.9.4; https://2-createawebsite.com"
114.119.158.151 - - [28/Apr/2026:01:22:09 +0000] "GET /new-to-wordpress-these-tips-can-help-2?share=facebook HTTP/1.1" 302 - "-" "Mozilla/5.0 (Linux; Android 7.0;) AppleWebKit/537.36 (HTML, like Gecko) Mobile Safari/537.36 (compatible; PetalBot;+https://webmaster.petalsearch.com/site/petalbot)"
184.94.212.206 - - [28/Apr/2026:01:24:09 +0000] "POST /wp-cron.php?doing_wp_cron=1777339448.9973349571228027343750 HTTP/1.1" 200 - "-" "WordPress/6.9.4; https://2-createawebsite.com"
14.239.31.33 - - [28/Apr/2026:01:24:07 +0000] "GET /news-sitemap.xml HTTP/1.1" 200 313 "-" "Mozilla/5.0 (Macintosh; Intel Mac OS X 11.3; rv:129.0) Gecko/20100101 Firefox/129.0"
184.94.212.206 - - [28/Apr/2026:01:25:57 +0000] "POST /wp-cron.php?doing_wp_cron=1777339557.6292870044708251953125 HTTP/1.1" 200 - "-" "WordPress/6.9.4; https://2-createawebsite.com"
15.235.27.196 - - [28/Apr/2026:01:25:56 +0000] "GET /follow-this-great-article-about-wordpress-to-help-you/ HTTP/1.1" 200 14851 "-" "Mozilla/5.0 (compatible; AhrefsBot/7.0; +http://ahrefs.com/robot/)"
192.0.102.230 - - [28/Apr/2026:01:26:20 +0000] "HEAD / HTTP/1.1" 200 - "-" "jetmon/1.0 (Jetpack Site Uptime Monitor by WordPress.com)"
47.128.55.22 - - [28/Apr/2026:01:27:43 +0000] "-" 408 - "-" "-"
114.119.140.13 - - [28/Apr/2026:01:28:11 +0000] "GET /new-to-wordpress-these-tips-can-help-2 HTTP/1.1" 301 - "https://2-createawebsite.com/wordpress-have-you-confused-try-these-ideas-today-2" "Mozilla/5.0 (Linux; Android 7.0;) AppleWebKit/537.36 (HTML, like Gecko) Mobile Safari/537.36 (compatible; PetalBot;+https://webmaster.petalsearch.com/site/petalbot)"
114.119.140.13 - - [28/Apr/2026:01:28:12 +0000] "GET /new-to-wordpress-these-tips-can-help-2/ HTTP/1.1" 200 14555 "https://2-createawebsite.com/wordpress-have-you-confused-try-these-ideas-today-2" "Mozilla/5.0 (Linux; Android 7.0;) AppleWebKit/537.36 (HTML, like Gecko) Mobile Safari/537.36 (compatible; PetalBot;+https://webmaster.petalsearch.com/site/petalbot)"
47.128.119.160 - - [28/Apr/2026:01:29:02 +0000] "-" 408 - "-" "-"
47.128.119.160 - - [28/Apr/2026:01:29:02 +0000] "-" 408 - "-" "-"
178.33.251.48 - - [28/Apr/2026:01:29:31 +0000] "GET / HTTP/1.1" 200 13673 "-" "Mozilla/5.0 (X11; Linux x86_64) AppleWebKit/537.36 (KHTML, like Gecko) Chrome/143.0.0.0 Safari/537.36"
178.33.251.48 - - [28/Apr/2026:01:29:34 +0000] "GET /wp-json/wp/v2/users?per_page=100&_fields=id,slug HTTP/1.1" 401 110 "-" "Mozilla/5.0 (X11; Linux x86_64) AppleWebKit/537.36 (KHTML, like Gecko) Chrome/143.0.0.0 Safari/537.36"
178.33.251.48 - - [28/Apr/2026:01:29:34 +0000] "GET /comments/feed/ HTTP/1.1" 200 413 "-" "Mozilla/5.0 (X11; Linux x86_64) AppleWebKit/537.36 (KHTML, like Gecko) Chrome/143.0.0.0 Safari/537.36"
178.33.251.48 - - [28/Apr/2026:01:29:34 +0000] "GET /?rest_route=/wp/v2/users&per_page=100&_fields=slug HTTP/1.1" 401 110 "-" "Mozilla/5.0 (X11; Linux x86_64) AppleWebKit/537.36 (KHTML, like Gecko) Chrome/143.0.0.0 Safari/537.36"
178.33.251.48 - - [28/Apr/2026:01:29:34 +0000] "GET /?author=1&feed=rss2 HTTP/1.1" 404 8894 "-" "Mozilla/5.0 (X11; Linux x86_64) AppleWebKit/537.36 (KHTML, like Gecko) Chrome/143.0.0.0 Safari/537.36"
178.33.251.48 - - [28/Apr/2026:01:29:34 +0000] "GET /feed/ HTTP/1.1" 200 19376 "-" "Mozilla/5.0 (X11; Linux x86_64) AppleWebKit/537.36 (KHTML, like Gecko) Chrome/143.0.0.0 Safari/537.36"
123.30.109.8 - - [28/Apr/2026:01:29:37 +0000] "GET /?rest_route=/wp/v2/users&per_page=100&_fields=slug HTTP/1.1" 401 110 "-" "Mozilla/5.0 (X11; Linux x86_64) AppleWebKit/537.36 (KHTML, like Gecko) Chrome/143.0.0.0 Safari/537.36"
62.210.185.4 - - [28/Apr/2026:01:29:39 +0000] "GET /sitemap.xml HTTP/1.1" 200 307 "-" "Mozilla/5.0 (X11; Linux x86_64) AppleWebKit/537.36 (KHTML, like Gecko) Chrome/143.0.0.0 Safari/537.36"
62.210.185.4 - - [28/Apr/2026:01:29:41 +0000] "GET /wp-json/oembed/1.0/embed?url=https%3A%2F%2F2-createawebsite.com&format=json HTTP/1.1" 404 89 "-" "Mozilla/5.0 (X11; Linux x86_64) AppleWebKit/537.36 (KHTML, like Gecko) Chrome/143.0.0.0 Safari/537.36"
51.77.152.49 - - [28/Apr/2026:01:29:46 +0000] "GET /wp-json/wp/v2/posts?per_page=20&_embed=author&_fields=_embedded HTTP/1.1" 200 27 "-" "Mozilla/5.0 (X11; Linux x86_64) AppleWebKit/537.36 (KHTML, like Gecko) Chrome/143.0.0.0 Safari/537.36"
159.89.94.245 - - [28/Apr/2026:01:29:52 +0000] "GET /?rest_route=/wp/v2/users&per_page=100&_fields=slug HTTP/1.1" 401 110 "-" "Mozilla/5.0 (X11; Linux x86_64) AppleWebKit/537.36 (KHTML, like Gecko) Chrome/143.0.0.0 Safari/537.36"
178.236.185.165 - - [28/Apr/2026:01:29:53 +0000] "GET /comments/feed/ HTTP/1.1" 200 413 "-" "Mozilla/5.0 (X11; Linux x86_64) AppleWebKit/537.36 (KHTML, like Gecko) Chrome/143.0.0.0 Safari/537.36"
156.244.46.207 - - [28/Apr/2026:01:29:58 +0000] "GET /wp-json/oembed/1.0/embed?url=https%3A%2F%2F2-createawebsite.com&format=json HTTP/1.1" 404 89 "-" "Mozilla/5.0 (X11; Linux x86_64) AppleWebKit/537.36 (KHTML, like Gecko) Chrome/143.0.0.0 Safari/537.36"
159.89.94.245 - - [28/Apr/2026:01:30:02 +0000] "GET /sitemap.xml HTTP/1.1" 200 307 "-" "Mozilla/5.0 (X11; Linux x86_64) AppleWebKit/537.36 (KHTML, like Gecko) Chrome/143.0.0.0 Safari/537.36"
43.129.57.170 - - [28/Apr/2026:01:30:09 +0000] "GET /wp-json/wp/v2/posts?per_page=50&_fields=author HTTP/1.1" 200 41 "-" "Mozilla/5.0 (X11; Linux x86_64) AppleWebKit/537.36 (KHTML, like Gecko) Chrome/143.0.0.0 Safari/537.36"
43.129.57.170 - - [28/Apr/2026:01:30:12 +0000] "GET /wp-json/wp/v2/users?include=1&_fields=id,slug HTTP/1.1" 401 110 "-" "Mozilla/5.0 (X11; Linux x86_64) AppleWebKit/537.36 (KHTML, like Gecko) Chrome/143.0.0.0 Safari/537.36"
137.255.12.19 - - [28/Apr/2026:01:30:36 +0000] "GET /wp-json/wp/v2/comments?per_page=100&_fields=author_name,author_url HTTP/1.1" 200 22 "-" "Mozilla/5.0 (X11; Linux x86_64) AppleWebKit/537.36 (KHTML, like Gecko) Chrome/143.0.0.0 Safari/537.36"
154.0.171.161 - - [28/Apr/2026:01:30:42 +0000] "GET /wp-json/wp/v2/media?per_page=50&_fields=author HTTP/1.1" 200 41 "-" "Mozilla/5.0 (X11; Linux x86_64) AppleWebKit/537.36 (KHTML, like Gecko) Chrome/143.0.0.0 Safari/537.36"
154.0.171.161 - - [28/Apr/2026:01:30:44 +0000] "GET /wp-json/wp/v2/users?include=1&_fields=id,slug HTTP/1.1" 401 110 "-" "Mozilla/5.0 (X11; Linux x86_64) AppleWebKit/537.36 (KHTML, like Gecko) Chrome/143.0.0.0 Safari/537.36"
192.0.102.230 - - [28/Apr/2026:01:31:17 +0000] "HEAD / HTTP/1.1" 200 - "-" "jetmon/1.0 (Jetpack Site Uptime Monitor by WordPress.com)"
57.141.18.18 - - [28/Apr/2026:01:32:56 +0000] "GET /50e0d0464a51b108f5d08460962d317f153fc3e45657784b7c2c72d292_640-jpg/ HTTP/1.1" 200 45609 "-" "meta-externalagent/1.1 (+https://developers.facebook.com/docs/sharing/webmasters/crawler)"
113.165.20.123 - - [28/Apr/2026:01:33:05 +0000] "GET /terrific-advice-for-making-wordpress-work-for-you-3/ HTTP/1.1" 200 14515 "-" "Mozilla/5.0 (Macintosh; Intel Mac OS X 10_12_6) AppleWebKit/537.36 (KHTML, like Gecko) Chrome/75.0.3770.100 Safari/537.36"
114.119.140.50 - - [28/Apr/2026:01:34:03 +0000] "GET /wordpress-tips-tricks-and-helpful-advice-to-get-started-2?share=facebook HTTP/1.1" 302 - "https://2-createawebsite.com/wordpress-tips-tricks-and-helpful-advice-to-get-started-2" "Mozilla/5.0 (Linux; Android 7.0;) AppleWebKit/537.36 (HTML, like Gecko) Mobile Safari/537.36 (compatible; PetalBot;+https://webmaster.petalsearch.com/site/petalbot)"
57.141.18.38 - - [28/Apr/2026:01:34:48 +0000] "GET /in-relation-to-wordpress-we-supply-the-best-tips/ HTTP/1.1" 200 56127 "-" "meta-externalagent/1.1 (+https://developers.facebook.com/docs/sharing/webmasters/crawler)"
192.0.102.230 - - [28/Apr/2026:01:36:18 +0000] "HEAD / HTTP/1.1" 200 - "-" "jetmon/1.0 (Jetpack Site Uptime Monitor by WordPress.com)"
114.119.158.151 - - [28/Apr/2026:01:40:16 +0000] "GET /wordpress-tips-and-advice-for-any-level-of-user-2?share=x HTTP/1.1" 302 - "https://2-createawebsite.com/wordpress-tips-and-advice-for-any-level-of-user-2" "Mozilla/5.0 (Linux; Android 7.0;) AppleWebKit/537.36 (HTML, like Gecko) Mobile Safari/537.36 (compatible; PetalBot;+https://webmaster.petalsearch.com/site/petalbot)"
57.141.18.65 - - [28/Apr/2026:01:41:39 +0000] "GET /web-design-tips-how-to-make-your-own-site/ HTTP/1.1" 200 53665 "-" "meta-externalagent/1.1 (+https://developers.facebook.com/docs/sharing/webmasters/crawler)"
115.248.8.65 - - [28/Apr/2026:01:42:25 +0000] "POST /cgi-bin/.%2e/.%2e/.%2e/.%2e/.%2e/.%2e/.%2e/.%2e/.%2e/.%2e/bin/sh HTTP/1.1" 301 - "-" "libredtail-http"
184.94.212.206 - - [28/Apr/2026:01:46:13 +0000] "POST /wp-cron.php?doing_wp_cron=1777340773.3600330352783203125000 HTTP/1.1" 200 - "-" "WordPress/6.9.4; https://2-createawebsite.com"
114.119.146.109 - - [28/Apr/2026:01:46:11 +0000] "GET /wordpress-power-get-the-most-from-your-blog-2/ HTTP/1.1" 200 14442 "https://2-createawebsite.com/wordpress-power-get-the-most-from-your-blog-2/" "Mozilla/5.0 (Linux; Android 7.0;) AppleWebKit/537.36 (HTML, like Gecko) Mobile Safari/537.36 (compatible; PetalBot;+https://webmaster.petalsearch.com/site/petalbot)"
54.91.236.142 - - [28/Apr/2026:01:46:21 +0000] "GET /robots.txt HTTP/1.1" 200 125 "-" "Mozilla/5.0 (Windows NT 10.0; Win64; x64) AppleWebKit/537.36 (KHTML, like Gecko) Chrome/136.0.0.0 Safari/537.36"
167.114.139.11 - - [28/Apr/2026:01:46:22 +0000] "GET /blog-like-a-pro-tips-and-tricks-for-using-wordpress/ HTTP/1.1" 200 14471 "-" "Mozilla/5.0 (compatible; AhrefsBot/7.0; +http://ahrefs.com/robot/)"
222.186.57.10 - - [28/Apr/2026:01:46:58 +0000] "POST /cgi-bin/.%2e/.%2e/.%2e/.%2e/.%2e/.%2e/.%2e/.%2e/.%2e/.%2e/bin/sh HTTP/1.1" 301 - "-" "libredtail-http"
100.26.45.212 - - [28/Apr/2026:01:48:00 +0000] "GET /favicon.ico HTTP/1.1" 302 - "-" "Mozilla/5.0 (Windows NT 10.0; Win64; x64) AppleWebKit/537.36 (KHTML, like Gecko) Chrome/136.0.0.0 Safari/537.36"
143.14.6.96 - - [28/Apr/2026:01:49:46 +0000] "GET /wp-json/oembed/1.0/embed?url=https%3A%2F%2F2-createawebsite.com%2Fexpert-advice-on-getting-wordpress-to-work-for-you-2%2F HTTP/1.1" 200 1222 "-" "Mozilla/5.0 (Macintosh; Intel Mac OS X 10_15_7) AppleWebKit/537.36 (KHTML, like Gecko) Chrome/135.0.0.0 Safari/537.36"
172.213.8.172 - - [28/Apr/2026:01:49:52 +0000] "GET /inputs.php HTTP/1.1" 404 9373 "-" "Mozilla/5.0 (Windows NT 10.0; Win64; x64) AppleWebKit/537.36 (KHTML, like Gecko) Chrome/120.0.0.0 Safari/537.36"
172.213.8.172 - - [28/Apr/2026:01:49:53 +0000] "GET /ioxi-o.php HTTP/1.1" 404 9374 "-" "Mozilla/5.0 (Windows NT 10.0; Win64; x64) AppleWebKit/537.36 (KHTML, like Gecko) Chrome/120.0.0.0 Safari/537.36"
172.213.8.172 - - [28/Apr/2026:01:49:54 +0000] "GET /function/function.php HTTP/1.1" 404 9374 "-" "Mozilla/5.0 (Windows NT 10.0; Win64; x64) AppleWebKit/537.36 (KHTML, like Gecko) Chrome/120.0.0.0 Safari/537.36"
172.213.8.172 - - [28/Apr/2026:01:49:54 +0000] "GET /rip.php HTTP/1.1" 404 9372 "-" "Mozilla/5.0 (Windows NT 10.0; Win64; x64) AppleWebKit/537.36 (KHTML, like Gecko) Chrome/120.0.0.0 Safari/537.36"
172.213.8.172 - - [28/Apr/2026:01:49:55 +0000] "GET /admin.php HTTP/1.1" 404 9372 "-" "Mozilla/5.0 (Windows NT 10.0; Win64; x64) AppleWebKit/537.36 (KHTML, like Gecko) Chrome/120.0.0.0 Safari/537.36"
172.213.8.172 - - [28/Apr/2026:01:49:56 +0000] "GET /wp-content/uploads/index.php HTTP/1.1" 301 - "-" "Mozilla/5.0 (Windows NT 10.0; Win64; x64) AppleWebKit/537.36 (KHTML, like Gecko) Chrome/120.0.0.0 Safari/537.36"
172.213.8.172 - - [28/Apr/2026:01:49:57 +0000] "GET /cache.php HTTP/1.1" 404 9373 "-" "Mozilla/5.0 (Windows NT 10.0; Win64; x64) AppleWebKit/537.36 (KHTML, like Gecko) Chrome/120.0.0.0 Safari/537.36"
172.213.8.172 - - [28/Apr/2026:01:49:58 +0000] "GET /themes.php HTTP/1.1" 404 9372 "-" "Mozilla/5.0 (Windows NT 10.0; Win64; x64) AppleWebKit/537.36 (KHTML, like Gecko) Chrome/120.0.0.0 Safari/537.36"
172.213.8.172 - - [28/Apr/2026:01:49:59 +0000] "GET /an.php HTTP/1.1" 404 9370 "-" "Mozilla/5.0 (Windows NT 10.0; Win64; x64) AppleWebKit/537.36 (KHTML, like Gecko) Chrome/120.0.0.0 Safari/537.36"
172.213.8.172 - - [28/Apr/2026:01:49:59 +0000] "GET /index/function.php HTTP/1.1" 404 9375 "-" "Mozilla/5.0 (Windows NT 10.0; Win64; x64) AppleWebKit/537.36 (KHTML, like Gecko) Chrome/120.0.0.0 Safari/537.36"
172.213.8.172 - - [28/Apr/2026:01:50:00 +0000] "GET /randkeyword.PhP7 HTTP/1.1" 404 9382 "-" "Mozilla/5.0 (Windows NT 10.0; Win64; x64) AppleWebKit/537.36 (KHTML, like Gecko) Chrome/120.0.0.0 Safari/537.36"
172.213.8.172 - - [28/Apr/2026:01:50:01 +0000] "GET /ws.php HTTP/1.1" 404 9371 "-" "Mozilla/5.0 (Windows NT 10.0; Win64; x64) AppleWebKit/537.36 (KHTML, like Gecko) Chrome/120.0.0.0 Safari/537.36"
172.213.8.172 - - [28/Apr/2026:01:50:03 +0000] "GET /404.php HTTP/1.1" 404 9372 "-" "Mozilla/5.0 (Windows NT 10.0; Win64; x64) AppleWebKit/537.36 (KHTML, like Gecko) Chrome/120.0.0.0 Safari/537.36"
172.213.8.172 - - [28/Apr/2026:01:50:04 +0000] "GET /wp-admin/user.php HTTP/1.1" 404 9375 "-" "Mozilla/5.0 (Windows NT 10.0; Win64; x64) AppleWebKit/537.36 (KHTML, like Gecko) Chrome/120.0.0.0 Safari/537.36"
172.213.8.172 - - [28/Apr/2026:01:50:05 +0000] "GET /wp-conf.php HTTP/1.1" 404 9372 "-" "Mozilla/5.0 (Windows NT 10.0; Win64; x64) AppleWebKit/537.36 (KHTML, like Gecko) Chrome/120.0.0.0 Safari/537.36"
172.213.8.172 - - [28/Apr/2026:01:50:06 +0000] "GET /wp-content/themes/hideo/network.php HTTP/1.1" 404 9381 "-" "Mozilla/5.0 (Windows NT 10.0; Win64; x64) AppleWebKit/537.36 (KHTML, like Gecko) Chrome/120.0.0.0 Safari/537.36"
172.213.8.172 - - [28/Apr/2026:01:50:07 +0000] "GET /wp-login.php HTTP/1.1" 200 2679 "-" "Mozilla/5.0 (Windows NT 10.0; Win64; x64) AppleWebKit/537.36 (KHTML, like Gecko) Chrome/120.0.0.0 Safari/537.36"
172.213.8.172 - - [28/Apr/2026:01:50:08 +0000] "GET /abc.php HTTP/1.1" 404 9372 "-" "Mozilla/5.0 (Windows NT 10.0; Win64; x64) AppleWebKit/537.36 (KHTML, like Gecko) Chrome/120.0.0.0 Safari/537.36"
172.213.8.172 - - [28/Apr/2026:01:50:09 +0000] "GET /abcd.php HTTP/1.1" 404 9372 "-" "Mozilla/5.0 (Windows NT 10.0; Win64; x64) AppleWebKit/537.36 (KHTML, like Gecko) Chrome/120.0.0.0 Safari/537.36"
57.141.18.86 - - [28/Apr/2026:01:50:09 +0000] "GET /simple-steps-to-help-you-better-understand-wordpress/ HTTP/1.1" 200 54930 "-" "meta-externalagent/1.1 (+https://developers.facebook.com/docs/sharing/webmasters/crawler)"
172.213.8.172 - - [28/Apr/2026:01:50:10 +0000] "GET /as.php HTTP/1.1" 404 9371 "-" "Mozilla/5.0 (Windows NT 10.0; Win64; x64) AppleWebKit/537.36 (KHTML, like Gecko) Chrome/120.0.0.0 Safari/537.36"
172.213.8.172 - - [28/Apr/2026:01:50:11 +0000] "GET /wp-trackback.php HTTP/1.1" 404 130 "-" "Mozilla/5.0 (Windows NT 10.0; Win64; x64) AppleWebKit/537.36 (KHTML, like Gecko) Chrome/120.0.0.0 Safari/537.36"
172.213.8.172 - - [28/Apr/2026:01:50:12 +0000] "GET /about.php HTTP/1.1" 404 9372 "-" "Mozilla/5.0 (Windows NT 10.0; Win64; x64) AppleWebKit/537.36 (KHTML, like Gecko) Chrome/120.0.0.0 Safari/537.36"
172.213.8.172 - - [28/Apr/2026:01:50:13 +0000] "GET /file.php HTTP/1.1" 404 9372 "-" "Mozilla/5.0 (Windows NT 10.0; Win64; x64) AppleWebKit/537.36 (KHTML, like Gecko) Chrome/120.0.0.0 Safari/537.36"
172.213.8.172 - - [28/Apr/2026:01:50:14 +0000] "GET /adminfuns.php HTTP/1.1" 404 9375 "-" "Mozilla/5.0 (Windows NT 10.0; Win64; x64) AppleWebKit/537.36 (KHTML, like Gecko) Chrome/120.0.0.0 Safari/537.36"
172.213.8.172 - - [28/Apr/2026:01:50:14 +0000] "GET /wp-good.php HTTP/1.1" 404 9374 "-" "Mozilla/5.0 (Windows NT 10.0; Win64; x64) AppleWebKit/537.36 (KHTML, like Gecko) Chrome/120.0.0.0 Safari/537.36"
172.213.8.172 - - [28/Apr/2026:01:50:15 +0000] "GET /xmlrpc.php HTTP/1.1" 404 9372 "-" "Mozilla/5.0 (Windows NT 10.0; Win64; x64) AppleWebKit/537.36 (KHTML, like Gecko) Chrome/120.0.0.0 Safari/537.36"
172.213.8.172 - - [28/Apr/2026:01:50:16 +0000] "GET /goods.php HTTP/1.1" 404 9373 "-" "Mozilla/5.0 (Windows NT 10.0; Win64; x64) AppleWebKit/537.36 (KHTML, like Gecko) Chrome/120.0.0.0 Safari/537.36"
172.213.8.172 - - [28/Apr/2026:01:50:17 +0000] "GET /class-t.api.php HTTP/1.1" 404 9376 "-" "Mozilla/5.0 (Windows NT 10.0; Win64; x64) AppleWebKit/537.36 (KHTML, like Gecko) Chrome/120.0.0.0 Safari/537.36"
172.213.8.172 - - [28/Apr/2026:01:50:18 +0000] "GET /sf.php HTTP/1.1" 404 9371 "-" "Mozilla/5.0 (Windows NT 10.0; Win64; x64) AppleWebKit/537.36 (KHTML, like Gecko) Chrome/120.0.0.0 Safari/537.36"
172.213.8.172 - - [28/Apr/2026:01:50:19 +0000] "GET /kbfr.php HTTP/1.1" 404 9373 "-" "Mozilla/5.0 (Windows NT 10.0; Win64; x64) AppleWebKit/537.36 (KHTML, like Gecko) Chrome/120.0.0.0 Safari/537.36"
172.213.8.172 - - [28/Apr/2026:01:50:20 +0000] "GET /autoload_classmap.php HTTP/1.1" 404 9380 "-" "Mozilla/5.0 (Windows NT 10.0; Win64; x64) AppleWebKit/537.36 (KHTML, like Gecko) Chrome/120.0.0.0 Safari/537.36"
172.213.8.172 - - [28/Apr/2026:01:50:21 +0000] "GET /chosen.php?p= HTTP/1.1" 301 - "-" "Mozilla/5.0 (Windows NT 10.0; Win64; x64) AppleWebKit/537.36 (KHTML, like Gecko) Chrome/120.0.0.0 Safari/537.36"
172.213.8.172 - - [28/Apr/2026:01:50:22 +0000] "GET /classwithtostring.php HTTP/1.1" 404 9377 "-" "Mozilla/5.0 (Windows NT 10.0; Win64; x64) AppleWebKit/537.36 (KHTML, like Gecko) Chrome/120.0.0.0 Safari/537.36"
172.213.8.172 - - [28/Apr/2026:01:50:22 +0000] "GET /defaults.php HTTP/1.1" 404 9373 "-" "Mozilla/5.0 (Windows NT 10.0; Win64; x64) AppleWebKit/537.36 (KHTML, like Gecko) Chrome/120.0.0.0 Safari/537.36"
172.213.8.172 - - [28/Apr/2026:01:50:23 +0000] "GET /.well-known/ HTTP/1.1" 404 9377 "-" "Mozilla/5.0 (Windows NT 10.0; Win64; x64) AppleWebKit/537.36 (KHTML, like Gecko) Chrome/120.0.0.0 Safari/537.36"
172.213.8.172 - - [28/Apr/2026:01:50:24 +0000] "GET /info.php HTTP/1.1" 404 9372 "-" "Mozilla/5.0 (Windows NT 10.0; Win64; x64) AppleWebKit/537.36 (KHTML, like Gecko) Chrome/120.0.0.0 Safari/537.36"
