114.119.155.153 - - [28/Apr/2026:03:52:20 +0000] "GET /respecting-wordpress-the-best-tips-and-tricks-are-here-2 HTTP/1.1" 301 - "https://2-createawebsite.com/2020/03" "Mozilla/5.0 (Linux; Android 7.0;) AppleWebKit/537.36 (HTML, like Gecko) Mobile Safari/537.36 (compatible; PetalBot;+https://webmaster.petalsearch.com/site/petalbot)"
114.119.155.153 - - [28/Apr/2026:03:52:22 +0000] "GET /respecting-wordpress-the-best-tips-and-tricks-are-here-2/ HTTP/1.1" 200 14634 "https://2-createawebsite.com/2020/03" "Mozilla/5.0 (Linux; Android 7.0;) AppleWebKit/537.36 (HTML, like Gecko) Mobile Safari/537.36 (compatible; PetalBot;+https://webmaster.petalsearch.com/site/petalbot)"
83.250.0.61 - - [28/Apr/2026:03:54:03 +0000] "GET /wordpress-for-dummies-some-tips-and-tricks/?share=x HTTP/1.1" 302 - "-" "Mozilla/5.0 (Macintosh; Intel Mac OS X 11_2_0) AppleWebKit/537.36 (KHTML, like Gecko) Chrome/88.0.4324.146 Safari/537.36"
184.94.212.206 - - [28/Apr/2026:03:56:21 +0000] "POST /wp-cron.php?doing_wp_cron=1777348581.2288060188293457031250 HTTP/1.1" 200 - "-" "WordPress/6.9.4; https://2-createawebsite.com"
192.0.102.230 - - [28/Apr/2026:03:56:19 +0000] "HEAD / HTTP/1.1" 200 - "-" "jetmon/1.0 (Jetpack Site Uptime Monitor by WordPress.com)"
114.119.158.151 - - [28/Apr/2026:03:58:16 +0000] "GET /relating-to-wordpress-the-secrets-in-this-article-are-priceless-5/?share=x HTTP/1.1" 302 - "https://2-createawebsite.com/relating-to-wordpress-the-secrets-in-this-article-are-priceless-5/" "Mozilla/5.0 (Linux; Android 7.0;) AppleWebKit/537.36 (HTML, like Gecko) Mobile Safari/537.36 (compatible; PetalBot;+https://webmaster.petalsearch.com/site/petalbot)"
41.92.106.51 - - [28/Apr/2026:03:58:48 +0000] "GET /helpful-hints-for-using-wordpress-successfully-2/?share=x HTTP/1.1" 302 - "-" "Mozilla/5.0 (Windows NT 6.2) AppleWebKit/537.36 (KHTML, like Gecko) Chrome/28.0.1467.0 Safari/537.36"
57.141.18.70 - - [28/Apr/2026:03:59:02 +0000] "GET /top-tips-and-tricks-to-use-wordpress-4/ HTTP/1.1" 200 53710 "-" "meta-externalagent/1.1 (+https://developers.facebook.com/docs/sharing/webmasters/crawler)"
17.22.237.35 - - [28/Apr/2026:03:59:46 +0000] "GET /robots.txt HTTP/1.1" 503 428 "-" "Mozilla/5.0 (Macintosh; Intel Mac OS X 10_15_7) AppleWebKit/605.1.15 (KHTML, like Gecko) Version/17.4 Safari/605.1.15 (Applebot/0.1; +http://www.apple.com/go/applebot)"
122.248.245.244 - - [28/Apr/2026:04:03:25 +0000] "HEAD / HTTP/1.1" 500 - "-" "jetmon/1.0 (Jetpack Site Uptime Monitor by WordPress.com)"
114.119.146.109 - - [28/Apr/2026:04:04:14 +0000] "GET /page/7 HTTP/1.1" 500 1004 "https://2-createawebsite.com/page/8" "Mozilla/5.0 (Linux; Android 7.0;) AppleWebKit/537.36 (HTML, like Gecko) Mobile Safari/537.36 (compatible; PetalBot;+https://webmaster.petalsearch.com/site/petalbot)"
184.94.212.206 - - [28/Apr/2026:04:04:19 +0000] "POST /wp-cron.php?doing_wp_cron=1777349059.2938270568847656250000 HTTP/1.1" 200 - "-" "WordPress/6.9.4; https://2-createawebsite.com"
192.0.102.230 - - [28/Apr/2026:04:01:31 +0000] "HEAD / HTTP/1.1" 200 - "-" "jetmon/1.0 (Jetpack Site Uptime Monitor by WordPress.com)"
20.92.73.174 - - [28/Apr/2026:04:00:52 +0000] "GET /.tmb/cloud.php HTTP/1.1" 404 9378 "-" "Mozilla/5.0 (Windows NT 10.0; Win64; x64) AppleWebKit/537.36 (KHTML, like Gecko) Chrome/120.0.0.0 Safari/537.36"
184.94.212.206 - - [28/Apr/2026:04:06:24 +0000] "POST /wp-cron.php?doing_wp_cron=1777349184.6750950813293457031250 HTTP/1.1" 200 - "-" "WordPress/6.9.4; https://2-createawebsite.com"
192.0.102.230 - - [28/Apr/2026:04:06:23 +0000] "HEAD / HTTP/1.1" 200 - "-" "jetmon/1.0 (Jetpack Site Uptime Monitor by WordPress.com)"
17.246.19.25 - - [28/Apr/2026:04:07:43 +0000] "GET /tag/keyword-research/feed/ HTTP/1.1" 200 630 "-" "Mozilla/5.0 (Macintosh; Intel Mac OS X 10_15_7) AppleWebKit/605.1.15 (KHTML, like Gecko) Version/17.4 Safari/605.1.15 (Applebot/0.1; +http://www.apple.com/go/applebot)"
114.119.158.151 - - [28/Apr/2026:04:10:12 +0000] "GET /need-help-with-wordpress-this-article-can-help?share=facebook HTTP/1.1" 302 - "-" "Mozilla/5.0 (Linux; Android 7.0;) AppleWebKit/537.36 (HTML, like Gecko) Mobile Safari/537.36 (compatible; PetalBot;+https://webmaster.petalsearch.com/site/petalbot)"
184.94.212.206 - - [28/Apr/2026:04:11:24 +0000] "POST /wp-cron.php?doing_wp_cron=1777349484.4879729747772216796875 HTTP/1.1" 200 - "-" "WordPress/6.9.4; https://2-createawebsite.com"
192.0.102.230 - - [28/Apr/2026:04:11:23 +0000] "HEAD / HTTP/1.1" 200 - "-" "jetmon/1.0 (Jetpack Site Uptime Monitor by WordPress.com)"
164.92.179.185 - - [28/Apr/2026:04:15:20 +0000] "GET / HTTP/1.0" 400 76981 "-" "-"
164.92.179.185 - - [28/Apr/2026:04:15:22 +0000] "GET / HTTP/1.0" 400 76981 "-" "-"
184.94.212.206 - - [28/Apr/2026:04:16:10 +0000] "POST /wp-cron.php?doing_wp_cron=1777349770.8626699447631835937500 HTTP/1.1" 200 - "-" "WordPress/6.9.4; https://2-createawebsite.com"
114.119.155.153 - - [28/Apr/2026:04:16:09 +0000] "GET /need-help-with-wordpress-this-article-can-help/?share=facebook HTTP/1.1" 302 - "https://2-createawebsite.com/need-help-with-wordpress-this-article-can-help/" "Mozilla/5.0 (Linux; Android 7.0;) AppleWebKit/537.36 (HTML, like Gecko) Mobile Safari/537.36 (compatible; PetalBot;+https://webmaster.petalsearch.com/site/petalbot)"
192.0.102.230 - - [28/Apr/2026:04:16:24 +0000] "HEAD / HTTP/1.1" 200 - "-" "jetmon/1.0 (Jetpack Site Uptime Monitor by WordPress.com)"
184.94.212.206 - - [28/Apr/2026:04:20:58 +0000] "POST /wp-cron.php?doing_wp_cron=1777350058.7382800579071044921875 HTTP/1.1" 200 - "-" "WordPress/6.9.4; https://2-createawebsite.com"
39.52.99.198 - - [28/Apr/2026:04:20:57 +0000] "GET /new-to-wordpress-these-tips-can-help-2/?share=x HTTP/1.1" 302 - "-" "Mozilla/5.0 (Windows NT 10.0; WOW64) AppleWebKit/537.36 (KHTML, like Gecko) Chrome/85.0.4183.83 Safari/537.36"
184.94.212.206 - - [28/Apr/2026:04:21:11 +0000] "POST /wp-cron.php?doing_wp_cron=1777350071.6755490303039550781250 HTTP/1.1" 200 - "-" "WordPress/6.9.4; https://2-createawebsite.com"
147.185.132.47 - - [28/Apr/2026:04:21:10 +0000] "GET / HTTP/1.1" 301 - "-" "Hello from Palo Alto Networks, find out more about our scans in https://docs-cortex.paloaltonetworks.com/r/1/Cortex-Xpanse/Scanning-activity"
147.185.132.47 - - [28/Apr/2026:04:21:11 +0000] "GET / HTTP/1.1" 200 13644 "-" "Hello from Palo Alto Networks, find out more about our scans in https://docs-cortex.paloaltonetworks.com/r/1/Cortex-Xpanse/Scanning-activity"
65.108.125.120 - - [28/Apr/2026:04:21:19 +0000] "GET /robots.txt HTTP/1.1" 200 172 "-" "Mozilla/5.0 (compatible; MJ12bot/v1.4.8; http://mj12bot.com/)"
65.108.125.120 - - [28/Apr/2026:04:21:21 +0000] "GET /tag/search-engine/feed/ HTTP/1.1" 200 21003 "-" "Mozilla/5.0 (compatible; MJ12bot/v1.4.8; http://mj12bot.com/)"
192.0.102.230 - - [28/Apr/2026:04:21:21 +0000] "HEAD / HTTP/1.1" 200 - "-" "jetmon/1.0 (Jetpack Site Uptime Monitor by WordPress.com)"
184.94.212.206 - - [28/Apr/2026:04:22:09 +0000] "POST /wp-cron.php?doing_wp_cron=1777350129.3576519489288330078125 HTTP/1.1" 200 - "-" "WordPress/6.9.4; https://2-createawebsite.com"
114.119.133.134 - - [28/Apr/2026:04:22:08 +0000] "GET /wordpress-tips-and-tricks-straight-from-the-pros/?share=x HTTP/1.1" 302 - "https://2-createawebsite.com/wordpress-tips-and-tricks-straight-from-the-pros/" "Mozilla/5.0 (Linux; Android 7.0;) AppleWebKit/537.36 (HTML, like Gecko) Mobile Safari/537.36 (compatible; PetalBot;+https://webmaster.petalsearch.com/site/petalbot)"
54.39.6.255 - - [28/Apr/2026:04:23:15 +0000] "GET /important-tips-to-keep-in-mind-regarding-wordpress-3/ HTTP/1.1" 200 14854 "-" "Mozilla/5.0 (compatible; AhrefsBot/7.0; +http://ahrefs.com/robot/)"
184.94.212.206 - - [28/Apr/2026:04:26:23 +0000] "POST /wp-cron.php?doing_wp_cron=1777350383.4225239753723144531250 HTTP/1.1" 200 - "-" "WordPress/6.9.4; https://2-createawebsite.com"
192.0.102.230 - - [28/Apr/2026:04:26:22 +0000] "HEAD / HTTP/1.1" 200 - "-" "jetmon/1.0 (Jetpack Site Uptime Monitor by WordPress.com)"
87.236.176.69 - - [28/Apr/2026:04:26:48 +0000] "GET / HTTP/1.1" 200 13644 "-" "Mozilla/5.0 (compatible; InternetMeasurement/1.0; +https://internet-measurement.com/)"
109.145.248.240 - - [28/Apr/2026:04:27:19 +0000] "GET /tag/special-characters/ HTTP/1.1" 200 13898 "-" "Mozilla/5.0 (Windows NT 10.0; Win64; x64) AppleWebKit/537.36 (KHTML, like Gecko) Chrome/107.0.0.0 Safari/537.36"
57.141.18.2 - - [28/Apr/2026:04:28:01 +0000] "GET /wordpress-tips-tricks-and-helpful-advice-to-get-started-3/ HTTP/1.1" 200 55400 "-" "meta-externalagent/1.1 (+https://developers.facebook.com/docs/sharing/webmasters/crawler)"
114.119.140.50 - - [28/Apr/2026:04:28:12 +0000] "GET /wordpress-power-get-the-most-from-your-blog-4?share=x HTTP/1.1" 302 - "https://2-createawebsite.com/wordpress-power-get-the-most-from-your-blog-4" "Mozilla/5.0 (Linux; Android 7.0;) AppleWebKit/537.36 (HTML, like Gecko) Mobile Safari/537.36 (compatible; PetalBot;+https://webmaster.petalsearch.com/site/petalbot)"
184.94.212.206 - - [28/Apr/2026:04:31:23 +0000] "POST /wp-cron.php?doing_wp_cron=1777350683.8222401142120361328125 HTTP/1.1" 200 - "-" "WordPress/6.9.4; https://2-createawebsite.com"
192.0.102.230 - - [28/Apr/2026:04:31:22 +0000] "HEAD / HTTP/1.1" 200 - "-" "jetmon/1.0 (Jetpack Site Uptime Monitor by WordPress.com)"
47.128.117.35 - - [28/Apr/2026:04:32:48 +0000] "GET /making-wordpress-work-for-you-tips-and-tricks-3/ HTTP/1.1" 200 14875 "-" "Mozilla/5.0 (Linux; Android 5.0) AppleWebKit/537.36 (KHTML, like Gecko) Mobile Safari/537.36 (compatible; TikTokSpider; ttspider-feedback@tiktok.com)"
114.119.133.134 - - [28/Apr/2026:04:34:11 +0000] "GET /wordpress-power-get-the-most-from-your-blog-4/ HTTP/1.1" 200 15304 "https://2-createawebsite.com/wordpress-tips-and-tricks-straight-from-the-pros/" "Mozilla/5.0 (Linux; Android 7.0;) AppleWebKit/537.36 (HTML, like Gecko) Mobile Safari/537.36 (compatible; PetalBot;+https://webmaster.petalsearch.com/site/petalbot)"
43.153.119.119 - - [28/Apr/2026:04:35:16 +0000] "GET / HTTP/1.0" 400 76981 "-" "-"
14.186.18.98 - - [28/Apr/2026:04:35:44 +0000] "GET /top-tips-and-tricks-to-use-wordpress-2/ HTTP/1.1" 200 14914 "-" "Mozilla/5.0 (Windows NT 6.1; WOW64) AppleWebKit/537.36 (KHTML, like Gecko) Chrome/77.0.4000.0 Iron Safari/537.36"
179.43.141.146 - - [28/Apr/2026:04:35:45 +0000] "GET /wp-content/plugins/jetpack/_inc/blocks/subscriptions/view.css?minify=false&#038;ver=15.7.1 HTTP/1.1" 404 36285 "-" "-"
184.94.212.206 - - [28/Apr/2026:04:36:10 +0000] "POST /wp-cron.php?doing_wp_cron=1777350970.0342381000518798828125 HTTP/1.1" 200 - "-" "WordPress/6.9.4; https://2-createawebsite.com"
192.0.99.179 - - [28/Apr/2026:04:36:09 +0000] "GET /wp-content/uploads/2019/12/53e5d74a4850b108f5d08460962d317f153fc3e45656774c732f78d090_640.jpg HTTP/1.1" 404 36255 "-" "Photon/1.0"
192.0.102.230 - - [28/Apr/2026:04:36:20 +0000] "HEAD / HTTP/1.1" 200 - "-" "jetmon/1.0 (Jetpack Site Uptime Monitor by WordPress.com)"
192.0.102.230 - - [28/Apr/2026:04:41:25 +0000] "HEAD / HTTP/1.1" 200 - "-" "jetmon/1.0 (Jetpack Site Uptime Monitor by WordPress.com)"
57.141.18.122 - - [28/Apr/2026:04:45:38 +0000] "GET /55e1d2464a50a814f6da8c7dda793278143fdef852547740702878dd9f4f_640-jpg/ HTTP/1.1" 200 45637 "-" "meta-externalagent/1.1 (+https://developers.facebook.com/docs/sharing/webmasters/crawler)"
184.94.212.206 - - [28/Apr/2026:04:46:17 +0000] "POST /wp-cron.php?doing_wp_cron=1777351577.0865430831909179687500 HTTP/1.1" 200 - "-" "WordPress/6.9.4; https://2-createawebsite.com"
114.119.140.50 - - [28/Apr/2026:04:46:15 +0000] "GET /wordpress-power-get-the-most-from-your-blog-3 HTTP/1.1" 301 - "https://2-createawebsite.com/seeking-knowledge-about-wordpress-you-need-to-read-this-article-4" "Mozilla/5.0 (Linux; Android 7.0;) AppleWebKit/537.36 (HTML, like Gecko) Mobile Safari/537.36 (compatible; PetalBot;+https://webmaster.petalsearch.com/site/petalbot)"
114.119.140.50 - - [28/Apr/2026:04:46:17 +0000] "GET /wordpress-power-get-the-most-from-your-blog-3/ HTTP/1.1" 200 14752 "https://2-createawebsite.com/seeking-knowledge-about-wordpress-you-need-to-read-this-article-4" "Mozilla/5.0 (Linux; Android 7.0;) AppleWebKit/537.36 (HTML, like Gecko) Mobile Safari/537.36 (compatible; PetalBot;+https://webmaster.petalsearch.com/site/petalbot)"
93.123.118.209 - - [28/Apr/2026:04:46:20 +0000] "GET / HTTP/1.0" 400 76981 "-" "-"
192.0.102.230 - - [28/Apr/2026:04:46:20 +0000] "HEAD / HTTP/1.1" 200 - "-" "jetmon/1.0 (Jetpack Site Uptime Monitor by WordPress.com)"
93.123.118.209 - - [28/Apr/2026:04:46:21 +0000] "GET /+CSCOE+/logon.html HTTP/1.0" 404 9386 "https://www.google.com" "Mozilla/5.0 (X11; Linux x86_64) AppleWebKit/537.36 (KHTML, like Gecko) Chrome/119.0.0.0 Safari/537.36"
184.94.212.206 - - [28/Apr/2026:04:49:05 +0000] "POST /wp-cron.php?doing_wp_cron=1777351745.3482339382171630859375 HTTP/1.1" 200 - "-" "WordPress/6.9.4; https://2-createawebsite.com"
85.208.96.195 - - [28/Apr/2026:04:49:03 +0000] "GET /what-about-this-article-regarding-wordpress-has-experts-trembling/ HTTP/1.1" 200 15145 "-" "Mozilla/5.0 (compatible; SemrushBot/7~bl; +http://www.semrush.com/bot.html)"
14.169.166.84 - - [28/Apr/2026:04:49:10 +0000] "GET /for-super-secrets-about-wordpress-this-article-is-it-4/?share=facebook HTTP/1.1" 302 - "-" "Mozilla/5.0 (Macintosh; Intel Mac OS X 11_1_0) AppleWebKit/537.36 (KHTML, like Gecko) Brave Chrome/89.0.4389.105 Safari/537.36"
14.227.203.220 - - [28/Apr/2026:04:49:41 +0000] "GET /for-super-secrets-about-wordpress-this-article-is-it-4/?share=facebook HTTP/1.1" 302 - "-" "Mozilla/5.0 (Macintosh; Intel Mac OS X 10_15_6) AppleWebKit/537.36 (KHTML, like Gecko) Brave Chrome/86.0.4240.183 Safari/537.36"
165.16.167.75 - - [28/Apr/2026:04:50:06 +0000] "GET /in-regards-to-wordpress-we-have-the-best-tips-2/ HTTP/1.1" 200 14754 "-" "Mozilla/5.0 (Macintosh; Intel Mac OS X 10_15_7) AppleWebKit/537.36 (KHTML, like Gecko) Chrome/120.0.0.0 Safari/537.36"
57.141.18.122 - - [28/Apr/2026:04:50:24 +0000] "GET /are-you-seeking-information-about-wordpress-then-check-out-these-great-tips/ HTTP/1.1" 200 56485 "-" "meta-externalagent/1.1 (+https://developers.facebook.com/docs/sharing/webmasters/crawler)"
184.94.212.206 - - [28/Apr/2026:04:51:25 +0000] "POST /wp-cron.php?doing_wp_cron=1777351885.3897991180419921875000 HTTP/1.1" 200 - "-" "WordPress/6.9.4; https://2-createawebsite.com"
192.0.102.230 - - [28/Apr/2026:04:51:24 +0000] "HEAD / HTTP/1.1" 200 - "-" "jetmon/1.0 (Jetpack Site Uptime Monitor by WordPress.com)"
114.119.140.50 - - [28/Apr/2026:04:52:08 +0000] "GET /when-it-comes-to-wordpress-we-will-teach-you-it-all-2?share=x HTTP/1.1" 302 - "https://2-createawebsite.com/when-it-comes-to-wordpress-we-will-teach-you-it-all-2" "Mozilla/5.0 (Linux; Android 7.0;) AppleWebKit/537.36 (HTML, like Gecko) Mobile Safari/537.36 (compatible; PetalBot;+https://webmaster.petalsearch.com/site/petalbot)"
62.217.145.95 - - [28/Apr/2026:04:53:08 +0000] "GET /tag/everyone-else/ HTTP/1.1" 200 11043 "-" "Mozilla/5.0 (Macintosh; Intel Mac OS X 10_15_7) AppleWebKit/537.36 (KHTML, like Gecko) Chrome/98.0.4758.109 Safari/537.36"
51.161.37.184 - - [28/Apr/2026:04:54:32 +0000] "GET /helpful-advice-on-getting-the-most-from-wordpress-3/ HTTP/1.1" 200 14060 "-" "Mozilla/5.0 (compatible; AhrefsBot/7.0; +http://ahrefs.com/robot/)"
184.94.212.206 - - [28/Apr/2026:04:56:22 +0000] "POST /wp-cron.php?doing_wp_cron=1777352182.4734508991241455078125 HTTP/1.1" 200 - "-" "WordPress/6.9.4; https://2-createawebsite.com"
192.0.102.230 - - [28/Apr/2026:04:56:21 +0000] "HEAD / HTTP/1.1" 200 - "-" "jetmon/1.0 (Jetpack Site Uptime Monitor by WordPress.com)"
172.236.228.218 - - [28/Apr/2026:04:57:41 +0000] "GET / HTTP/1.1" 200 13644 "-" "Mozilla/5.0 (Macintosh; Intel Mac OS X 13_1) AppleWebKit/537.36 (KHTML, like Gecko) Chrome/108.0.0.0 Safari/537.36"
114.119.133.134 - - [28/Apr/2026:04:58:11 +0000] "GET /tips-and-tricks-for-getting-the-most-from-wordpress HTTP/1.1" 301 - "https://2-createawebsite.com/blog/page/8" "Mozilla/5.0 (Linux; Android 7.0;) AppleWebKit/537.36 (HTML, like Gecko) Mobile Safari/537.36 (compatible; PetalBot;+https://webmaster.petalsearch.com/site/petalbot)"
114.119.133.134 - - [28/Apr/2026:04:58:14 +0000] "GET /tips-and-tricks-for-getting-the-most-from-wordpress/ HTTP/1.1" 200 14342 "https://2-createawebsite.com/blog/page/8" "Mozilla/5.0 (Linux; Android 7.0;) AppleWebKit/537.36 (HTML, like Gecko) Mobile Safari/537.36 (compatible; PetalBot;+https://webmaster.petalsearch.com/site/petalbot)"
104.207.50.81 - - [28/Apr/2026:05:00:12 +0000] "GET /contact/?share=facebook HTTP/1.1" 302 - "-" "Mozilla/5.0 (X11; Linux x86_64) AppleWebKit/537.36 (KHTML, like Gecko) Chrome/143.0.0.0 Safari/537.36"
184.94.212.206 - - [28/Apr/2026:05:01:21 +0000] "POST /wp-cron.php?doing_wp_cron=1777352481.8419110774993896484375 HTTP/1.1" 200 - "-" "WordPress/6.9.4; https://2-createawebsite.com"
192.0.102.230 - - [28/Apr/2026:05:01:20 +0000] "HEAD / HTTP/1.1" 200 - "-" "jetmon/1.0 (Jetpack Site Uptime Monitor by WordPress.com)"
114.119.133.134 - - [28/Apr/2026:05:04:09 +0000] "GET /the-ins-and-outs-of-working-with-wordpress/?share=x HTTP/1.1" 302 - "https://2-createawebsite.com/the-ins-and-outs-of-working-with-wordpress/" "Mozilla/5.0 (Linux; Android 7.0;) AppleWebKit/537.36 (HTML, like Gecko) Mobile Safari/537.36 (compatible; PetalBot;+https://webmaster.petalsearch.com/site/petalbot)"
77.75.77.17 - - [28/Apr/2026:05:04:18 +0000] "GET /robots.txt HTTP/1.1" 200 125 "-" "Mozilla/5.0 (compatible; SeznamBot/4.0; +https://o-seznam.cz/napoveda/vyhledavani/en/seznambot-crawler/)"
77.75.77.17 - - [28/Apr/2026:05:04:19 +0000] "GET / HTTP/1.1" 200 13673 "-" "Mozilla/5.0 (compatible; SeznamBot/4.0; +https://o-seznam.cz/napoveda/vyhledavani/en/seznambot-crawler/)"
192.0.102.230 - - [28/Apr/2026:05:06:21 +0000] "HEAD / HTTP/1.1" 200 - "-" "jetmon/1.0 (Jetpack Site Uptime Monitor by WordPress.com)"
184.94.212.206 - - [28/Apr/2026:05:11:06 +0000] "POST /wp-cron.php?doing_wp_cron=1777353066.8267319202423095703125 HTTP/1.1" 200 - "-" "WordPress/6.9.4; https://2-createawebsite.com"
114.119.158.151 - - [28/Apr/2026:05:11:05 +0000] "GET /struggling-to-learn-wordpress-check-out-these-top-tips-4?share=facebook HTTP/1.1" 302 - "https://2-createawebsite.com/struggling-to-learn-wordpress-check-out-these-top-tips-4" "Mozilla/5.0 (Linux; Android 7.0;) AppleWebKit/537.36 (HTML, like Gecko) Mobile Safari/537.36 (compatible; PetalBot;+https://webmaster.petalsearch.com/site/petalbot)"
192.0.102.230 - - [28/Apr/2026:05:11:19 +0000] "HEAD / HTTP/1.1" 200 - "-" "jetmon/1.0 (Jetpack Site Uptime Monitor by WordPress.com)"
116.179.32.42 - - [28/Apr/2026:05:13:11 +0000] "GET /create-a-website-with-impact-with-these-helpful-tips/ HTTP/1.1" 200 14784 "-" "Mozilla/5.0 (compatible; Baiduspider/2.0; +http://www.baidu.com/search/spider.html)"
192.0.114.52 - - [28/Apr/2026:05:13:14 +0000] "GET /wp-content/uploads/2019/10/54e7d2454c52ac14f6da8c7dda793278143fdef8525477407c2c73d79f4f_640.jpg HTTP/1.1" 404 36257 "-" "Photon/1.0"
195.178.110.242 - - [28/Apr/2026:05:13:45 +0000] "GET /wp-json/gravitysmtp/v1/tests/mock-data?page=gravitysmtp-settings HTTP/1.1" 404 114 "-" "Mozilla/5.0 (Windows NT 10.0; Win64; x64) AppleWebKit/537.36 (KHTML, like Gecko) Chrome/131.0.0.0 Safari/537.36"
184.94.212.206 - - [28/Apr/2026:05:16:10 +0000] "POST /wp-cron.php?doing_wp_cron=1777353370.0345959663391113281250 HTTP/1.1" 200 - "-" "WordPress/6.9.4; https://2-createawebsite.com"
114.119.133.134 - - [28/Apr/2026:05:16:08 +0000] "GET /simple-steps-to-help-you-better-understand-wordpress-3/?share=x HTTP/1.1" 302 - "https://2-createawebsite.com/simple-steps-to-help-you-better-understand-wordpress-3/" "Mozilla/5.0 (Linux; Android 7.0;) AppleWebKit/537.36 (HTML, like Gecko) Mobile Safari/537.36 (compatible; PetalBot;+https://webmaster.petalsearch.com/site/petalbot)"
192.0.102.230 - - [28/Apr/2026:05:16:18 +0000] "HEAD / HTTP/1.1" 200 - "-" "jetmon/1.0 (Jetpack Site Uptime Monitor by WordPress.com)"
57.141.18.47 - - [28/Apr/2026:05:16:43 +0000] "GET /tips-and-tricks-for-getting-the-most-from-wordpress/ HTTP/1.1" 200 53260 "-" "meta-externalagent/1.1 (+https://developers.facebook.com/docs/sharing/webmasters/crawler)"
14.234.214.126 - - [28/Apr/2026:05:19:02 +0000] "GET /new-to-wordpress-these-tips-can-help/ HTTP/1.1" 200 13952 "-" "Mozilla/5.0 (Windows NT 10.0; Win64; x64) AppleWebKit/537.36 (KHTML, like Gecko) Chrome/102.0.5005.49 Safari/537.36"
185.191.171.4 - - [28/Apr/2026:05:20:11 +0000] "GET /create-a-website-with-impact-with-these-helpful-tips/ HTTP/1.1" 200 14785 "-" "Mozilla/5.0 (compatible; SemrushBot/7~bl; +http://www.semrush.com/bot.html)"
184.94.212.206 - - [28/Apr/2026:05:21:25 +0000] "POST /wp-cron.php?doing_wp_cron=1777353685.0094590187072753906250 HTTP/1.1" 200 - "-" "WordPress/6.9.4; https://2-createawebsite.com"
192.0.102.230 - - [28/Apr/2026:05:21:24 +0000] "HEAD / HTTP/1.1" 200 - "-" "jetmon/1.0 (Jetpack Site Uptime Monitor by WordPress.com)"
184.94.212.206 - - [28/Apr/2026:05:21:25 +0000] "POST /wp-admin/admin-ajax.php?action=wordfence_testAjax HTTP/1.1" 200 32 "-" "WordPress/6.9.4; https://2-createawebsite.com"
184.94.212.206 - - [28/Apr/2026:05:21:26 +0000] "GET /wp-admin/admin-ajax.php?action=wordfence_doScan&isFork=0&scanMode=quick&cronKey=69479c5ae1b311e0732996c531792ddf&signature=0330c280deb3b0c2e5b37d7ebe22c3d54ea63ba35aa141a3c8225a0d1e6945f9 HTTP/1.1" 200 - "-" "WordPress/6.9.4; https://2-createawebsite.com"
184.94.212.206 - - [28/Apr/2026:05:21:50 +0000] "POST /wp-cron.php?doing_wp_cron=1777353710.1843099594116210937500 HTTP/1.1" 200 - "-" "WordPress/6.9.4; https://2-createawebsite.com"
167.172.174.218 - - [28/Apr/2026:05:21:49 +0000] "GET / HTTP/1.1" 200 13643 "-" "Mozilla/5.0 (X11; Linux x86_64) AppleWebKit/537.36 (KHTML, like Gecko) Chrome/142.0.0.0 Safari/537.36"
114.119.140.50 - - [28/Apr/2026:05:22:06 +0000] "GET /relating-to-wordpress-the-secrets-in-this-article-are-priceless/?share=facebook HTTP/1.1" 302 - "https://2-createawebsite.com/relating-to-wordpress-the-secrets-in-this-article-are-priceless/" "Mozilla/5.0 (Linux; Android 7.0;) AppleWebKit/537.36 (HTML, like Gecko) Mobile Safari/537.36 (compatible; PetalBot;+https://webmaster.petalsearch.com/site/petalbot)"
184.94.212.206 - - [28/Apr/2026:05:22:38 +0000] "POST /wp-cron.php?doing_wp_cron=1777353758.3902339935302734375000 HTTP/1.1" 200 - "-" "WordPress/6.9.4; https://2-createawebsite.com"
34.53.85.52 - - [28/Apr/2026:05:22:37 +0000] "GET / HTTP/1.1" 200 13644 "-" "Mozilla/5.0 (Windows NT 10.0; Win64; x64; rv:109.0) Gecko/20100101 Firefox/118.0"
213.209.159.175 - - [28/Apr/2026:05:22:54 +0000] "HEAD /.env HTTP/1.1" 404 - "-" "Mozilla/5.0 (X11; CrOS x86_64 6812.88.0) AppleWebKit/537.36 (KHTML, like Gecko) Chrome/42.0.2311.153 Safari/537.36"
145.223.130.114 - - [28/Apr/2026:05:23:34 +0000] "GET /reg/?entry_point=login&amp%3Bnext=https%3A%2F%2Fwww.facebook.com%2Fsharer%2Fsharer.php%3Fu%3Dhttps%3A%2F%2F2-createawebsite.com%2Fstart-blogging-today-with-these-wordpress-tips%2F&t=Start+Blogging+Today+With+These+WordPress+Tips HTTP/1.1" 301 - "-" "Mozilla/5.0 (Macintosh; Intel Mac OS X 10_15_7) AppleWebKit/537.36 (KHTML, like Gecko) Chrome/120.0.0.0 Safari/537.36"
145.223.130.114 - - [28/Apr/2026:05:23:36 +0000] "GET /regarding-wordpress-the-tips-here-are-golden/?entry_point=login&amp%3Bnext=https%3A%2F%2Fwww.facebook.com%2Fsharer%2Fsharer.php%3Fu%3Dhttps%3A%2F%2F2-createawebsite.com%2Fstart-blogging-today-with-these-wordpress-tips%2F&t=Start%20Blogging%20Today%20With%20These%20WordPress%20Tips HTTP/1.1" 200 15094 "-" "Mozilla/5.0 (Macintosh; Intel Mac OS X 10_15_7) AppleWebKit/537.36 (KHTML, like Gecko) Chrome/120.0.0.0 Safari/537.36"
184.94.212.206 - - [28/Apr/2026:05:26:20 +0000] "POST /wp-cron.php?doing_wp_cron=1777353980.8284931182861328125000 HTTP/1.1" 200 - "-" "WordPress/6.9.4; https://2-createawebsite.com"
192.0.102.230 - - [28/Apr/2026:05:26:19 +0000] "HEAD / HTTP/1.1" 200 - "-" "jetmon/1.0 (Jetpack Site Uptime Monitor by WordPress.com)"
114.119.155.153 - - [28/Apr/2026:05:28:07 +0000] "GET /need-help-understanding-wordpress-try-these-tips/ HTTP/1.1" 200 15156 "https://2-createawebsite.com/need-help-understanding-wordpress-try-these-tips/" "Mozilla/5.0 (Linux; Android 7.0;) AppleWebKit/537.36 (HTML, like Gecko) Mobile Safari/537.36 (compatible; PetalBot;+https://webmaster.petalsearch.com/site/petalbot)"
77.75.77.17 - - [28/Apr/2026:05:28:33 +0000] "GET /solid-advice-about-wordpress-that-can-help-anyone-2/ HTTP/1.1" 200 15045 "-" "Mozilla/5.0 (compatible; SeznamBot/4.0; +https://o-seznam.cz/napoveda/vyhledavani/en/seznambot-crawler/)"
57.141.18.26 - - [28/Apr/2026:05:29:01 +0000] "GET /tips-and-tricks-for-getting-the-most-from-wordpress-2/ HTTP/1.1" 200 54568 "-" "meta-externalagent/1.1 (+https://developers.facebook.com/docs/sharing/webmasters/crawler)"
51.161.37.197 - - [28/Apr/2026:05:29:05 +0000] "GET /tips-and-tricks-for-getting-the-most-from-wordpress-2/ HTTP/1.1" 200 14810 "-" "Mozilla/5.0 (compatible; AhrefsBot/7.0; +http://ahrefs.com/robot/)"
184.94.212.206 - - [28/Apr/2026:05:31:21 +0000] "POST /wp-cron.php?doing_wp_cron=1777354281.7066309452056884765625 HTTP/1.1" 200 - "-" "WordPress/6.9.4; https://2-createawebsite.com"
192.0.102.230 - - [28/Apr/2026:05:31:20 +0000] "HEAD / HTTP/1.1" 200 - "-" "jetmon/1.0 (Jetpack Site Uptime Monitor by WordPress.com)"
57.141.18.109 - - [28/Apr/2026:05:33:42 +0000] "GET /seeking-knowledge-about-wordpress-you-need-to-read-this-article/ HTTP/1.1" 200 53462 "-" "meta-externalagent/1.1 (+https://developers.facebook.com/docs/sharing/webmasters/crawler)"
114.119.155.153 - - [28/Apr/2026:05:34:12 +0000] "GET /need-help-understanding-wordpress-try-these-tips-3?share=facebook HTTP/1.1" 302 - "https://2-createawebsite.com/need-help-understanding-wordpress-try-these-tips-3" "Mozilla/5.0 (Linux; Android 7.0;) AppleWebKit/537.36 (HTML, like Gecko) Mobile Safari/537.36 (compatible; PetalBot;+https://webmaster.petalsearch.com/site/petalbot)"
184.94.212.206 - - [28/Apr/2026:05:36:18 +0000] "POST /wp-cron.php?doing_wp_cron=1777354578.1273729801177978515625 HTTP/1.1" 200 - "-" "WordPress/6.9.4; https://2-createawebsite.com"
192.0.102.230 - - [28/Apr/2026:05:36:16 +0000] "HEAD / HTTP/1.1" 200 - "-" "jetmon/1.0 (Jetpack Site Uptime Monitor by WordPress.com)"
57.141.18.81 - - [28/Apr/2026:05:37:05 +0000] "GET /all-about-wordpress-weve-got-the-top-tips-online/ HTTP/1.1" 200 54020 "-" "meta-externalagent/1.1 (+https://developers.facebook.com/docs/sharing/webmasters/crawler)"
57.141.18.18 - - [28/Apr/2026:05:37:54 +0000] "GET /making-wordpress-work-for-you-tips-and-tricks/ HTTP/1.1" 200 54594 "-" "meta-externalagent/1.1 (+https://developers.facebook.com/docs/sharing/webmasters/crawler)"
114.119.155.153 - - [28/Apr/2026:05:40:10 +0000] "GET /need-help-understanding-wordpress-try-these-tips-3/?share=facebook HTTP/1.1" 302 - "https://2-createawebsite.com/need-help-understanding-wordpress-try-these-tips-3/" "Mozilla/5.0 (Linux; Android 7.0;) AppleWebKit/537.36 (HTML, like Gecko) Mobile Safari/537.36 (compatible; PetalBot;+https://webmaster.petalsearch.com/site/petalbot)"
184.94.212.206 - - [28/Apr/2026:05:41:28 +0000] "POST /wp-cron.php?doing_wp_cron=1777354888.8173689842224121093750 HTTP/1.1" 200 - "-" "WordPress/6.9.4; https://2-createawebsite.com"
192.0.102.230 - - [28/Apr/2026:05:41:27 +0000] "HEAD / HTTP/1.1" 200 - "-" "jetmon/1.0 (Jetpack Site Uptime Monitor by WordPress.com)"
47.128.117.53 - - [28/Apr/2026:05:42:44 +0000] "GET /valuable-website-design-tips-you-need-to-know-right-now/ HTTP/1.1" 404 9400 "-" "Mozilla/5.0 (Linux; Android 5.0) AppleWebKit/537.36 (KHTML, like Gecko) Mobile Safari/537.36 (compatible; TikTokSpider; ttspider-feedback@tiktok.com)"
45.91.64.6 - - [28/Apr/2026:05:43:48 +0000] "GET / HTTP/1.0" 400 76981 "-" "-"
176.32.193.16 - - [28/Apr/2026:05:44:39 +0000] "GET /aaa9 HTTP/1.1" 301 - "-" "Mozilla/5.0 (Windows NT 10.0; Win64; x64) AppleWebKit/537.36 (KHTML, like Gecko) Chrome/70.0.3538.77 Safari/537.36"
95.215.0.144 - - [28/Apr/2026:05:44:39 +0000] "GET / HTTP/1.0" 400 76981 "-" "-"
95.215.0.144 - - [28/Apr/2026:05:44:39 +0000] "GET / HTTP/1.0" 400 76981 "-" "-"
176.32.193.16 - - [28/Apr/2026:05:44:40 +0000] "GET / HTTP/1.0" 400 76981 "-" "-"
176.32.193.16 - - [28/Apr/2026:05:44:42 +0000] "GET /aab9 HTTP/1.1" 301 - "-" "Mozilla/5.0 (Windows NT 10.0; Win64; x64) AppleWebKit/537.36 (KHTML, like Gecko) Chrome/70.0.3538.77 Safari/537.36"
176.32.193.16 - - [28/Apr/2026:05:44:43 +0000] "GET / HTTP/1.0" 400 76981 "-" "-"
5.101.64.6 - - [28/Apr/2026:05:44:56 +0000] "GET /aaa9 HTTP/1.1" 301 - "-" "Mozilla/5.0 (Windows NT 10.0; Win64; x64) AppleWebKit/537.36 (KHTML, like Gecko) Chrome/70.0.3538.77 Safari/537.36"
95.215.0.144 - - [28/Apr/2026:05:44:56 +0000] "GET / HTTP/1.0" 400 76981 "-" "-"
5.101.64.6 - - [28/Apr/2026:05:44:58 +0000] "GET / HTTP/1.0" 400 76981 "-" "-"
5.101.64.6 - - [28/Apr/2026:05:44:59 +0000] "GET /aab9 HTTP/1.1" 301 - "-" "Mozilla/5.0 (Windows NT 10.0; Win64; x64) AppleWebKit/537.36 (KHTML, like Gecko) Chrome/70.0.3538.77 Safari/537.36"
5.101.64.6 - - [28/Apr/2026:05:45:01 +0000] "GET / HTTP/1.0" 400 76981 "-" "-"
57.141.18.91 - - [28/Apr/2026:05:45:30 +0000] "GET /amazing-techniques-in-relation-to-wordpress-are-here-2/ HTTP/1.1" 200 54141 "-" "meta-externalagent/1.1 (+https://developers.facebook.com/docs/sharing/webmasters/crawler)"
184.94.212.206 - - [28/Apr/2026:05:46:12 +0000] "POST /wp-cron.php?doing_wp_cron=1777355172.3874471187591552734375 HTTP/1.1" 200 - "-" "WordPress/6.9.4; https://2-createawebsite.com"
114.119.140.13 - - [28/Apr/2026:05:46:10 +0000] "GET /need-help-understanding-wordpress-try-these-tips-2/ HTTP/1.1" 200 15512 "https://2-createawebsite.com/get-the-most-from-your-blogging-experience-with-these-wordpress-tips/" "Mozilla/5.0 (Linux; Android 7.0;) AppleWebKit/537.36 (HTML, like Gecko) Mobile Safari/537.36 (compatible; PetalBot;+https://webmaster.petalsearch.com/site/petalbot)"
192.0.102.230 - - [28/Apr/2026:05:46:21 +0000] "HEAD / HTTP/1.1" 200 - "-" "jetmon/1.0 (Jetpack Site Uptime Monitor by WordPress.com)"
57.141.18.19 - - [28/Apr/2026:05:48:05 +0000] "GET /need-help-understanding-wordpress-try-these-tips-2/ HTTP/1.1" 200 56248 "-" "meta-externalagent/1.1 (+https://developers.facebook.com/docs/sharing/webmasters/crawler)"
184.94.212.206 - - [28/Apr/2026:05:48:50 +0000] "POST /wp-cron.php?doing_wp_cron=1777355330.8328399658203125000000 HTTP/1.1" 200 - "-" "WordPress/6.9.4; https://2-createawebsite.com"
124.236.100.56 - - [28/Apr/2026:05:48:49 +0000] "GET / HTTP/1.1" 200 13672 "-" "Mozilla/5.0 (Windows NT 6.1; WOW64) AppleWebKit/537.36 (KHTML, like Gecko) Chrome/42.0.2311.135 Safari/537.36"
123.22.244.32 - - [28/Apr/2026:05:50:33 +0000] "GET /tag/wordpress-plugins/page/2/ HTTP/1.1" 200 11488 "-" "Mozilla/5.0 (Windows NT 6.3; Win64; x64) AppleWebKit/537.36 (KHTML, like Gecko) Chrome/80.0.3987.136 Safari/537.36"
184.94.212.206 - - [28/Apr/2026:05:51:26 +0000] "POST /wp-cron.php?doing_wp_cron=1777355486.9614069461822509765625 HTTP/1.1" 200 - "-" "WordPress/6.9.4; https://2-createawebsite.com"
192.0.102.230 - - [28/Apr/2026:05:51:26 +0000] "HEAD / HTTP/1.1" 200 - "-" "jetmon/1.0 (Jetpack Site Uptime Monitor by WordPress.com)"
114.119.146.109 - - [28/Apr/2026:05:52:08 +0000] "GET /need-help-understanding-wordpress-try-these-tips-2 HTTP/1.1" 301 - "https://2-createawebsite.com/category/create-a-website/page/18" "Mozilla/5.0 (Linux; Android 7.0;) AppleWebKit/537.36 (HTML, like Gecko) Mobile Safari/537.36 (compatible; PetalBot;+https://webmaster.petalsearch.com/site/petalbot)"
114.119.146.109 - - [28/Apr/2026:05:52:10 +0000] "GET /need-help-understanding-wordpress-try-these-tips-2/ HTTP/1.1" 200 15511 "https://2-createawebsite.com/category/create-a-website/page/18" "Mozilla/5.0 (Linux; Android 7.0;) AppleWebKit/537.36 (HTML, like Gecko) Mobile Safari/537.36 (compatible; PetalBot;+https://webmaster.petalsearch.com/site/petalbot)"
14.177.167.99 - - [28/Apr/2026:05:53:48 +0000] "GET /new-to-wordpress-these-tips-can-help-2/?share=facebook HTTP/1.1" 302 - "-" "Mozilla/5.0 (Macintosh; Intel Mac OS X 10_15_5) AppleWebKit/537.36 (KHTML, like Gecko) Chrome/89.0.4389.114 Safari/537.36"
57.141.18.44 - - [28/Apr/2026:05:55:37 +0000] "GET /wordpress-power-get-the-most-from-your-blog-2/ HTTP/1.1" 200 53773 "-" "meta-externalagent/1.1 (+https://developers.facebook.com/docs/sharing/webmasters/crawler)"
184.94.212.206 - - [28/Apr/2026:05:56:26 +0000] "POST /wp-cron.php?doing_wp_cron=1777355786.3621931076049804687500 HTTP/1.1" 200 - "-" "WordPress/6.9.4; https://2-createawebsite.com"
192.0.102.230 - - [28/Apr/2026:05:56:25 +0000] "HEAD / HTTP/1.1" 200 - "-" "jetmon/1.0 (Jetpack Site Uptime Monitor by WordPress.com)"
114.119.146.219 - - [28/Apr/2026:05:58:14 +0000] "GET /simple-steps-to-help-you-better-understand-wordpress-4/?share=x HTTP/1.1" 302 - "https://2-createawebsite.com/simple-steps-to-help-you-better-understand-wordpress-4/" "Mozilla/5.0 (Linux; Android 7.0;) AppleWebKit/537.36 (HTML, like Gecko) Mobile Safari/537.36 (compatible; PetalBot;+https://webmaster.petalsearch.com/site/petalbot)"
138.246.253.24 - - [28/Apr/2026:06:00:15 +0000] "GET /robots.txt HTTP/1.1" 200 172 "-" "Mozilla/5.0 (Windows NT 10.0; Win64; x64) AppleWebKit/537.36 (KHTML, like Gecko) Chrome/103.0.5060.134 Safari/537.36"
184.94.212.206 - - [28/Apr/2026:06:01:26 +0000] "POST /wp-cron.php?doing_wp_cron=1777356086.4759790897369384765625 HTTP/1.1" 200 - "-" "WordPress/6.9.4; https://2-createawebsite.com"
192.0.102.230 - - [28/Apr/2026:06:01:25 +0000] "HEAD / HTTP/1.1" 200 - "-" "jetmon/1.0 (Jetpack Site Uptime Monitor by WordPress.com)"
4.193.118.98 - - [28/Apr/2026:06:03:34 +0000] "GET /.tmb/cloud.php HTTP/1.1" 404 9375 "-" "Mozilla/5.0 (Windows NT 10.0; Win64; x64) AppleWebKit/537.36 (KHTML, like Gecko) Chrome/120.0.0.0 Safari/537.36"
4.193.118.98 - - [28/Apr/2026:06:03:36 +0000] "GET /.well-known/ HTTP/1.1" 404 9374 "-" "Mozilla/5.0 (Windows NT 10.0; Win64; x64) AppleWebKit/537.36 (KHTML, like Gecko) Chrome/120.0.0.0 Safari/537.36"
4.193.118.98 - - [28/Apr/2026:06:03:37 +0000] "GET /.well-known/acme-challenge/index.php HTTP/1.1" 301 - "-" "Mozilla/5.0 (Windows NT 10.0; Win64; x64) AppleWebKit/537.36 (KHTML, like Gecko) Chrome/120.0.0.0 Safari/537.36"
4.193.118.98 - - [28/Apr/2026:06:03:38 +0000] "GET /.well-known/autoload_classmap.php HTTP/1.1" 404 9386 "-" "Mozilla/5.0 (Windows NT 10.0; Win64; x64) AppleWebKit/537.36 (KHTML, like Gecko) Chrome/120.0.0.0 Safari/537.36"
4.193.118.98 - - [28/Apr/2026:06:03:39 +0000] "GET /.well-known/pki-validation/ HTTP/1.1" 404 9383 "-" "Mozilla/5.0 (Windows NT 10.0; Win64; x64) AppleWebKit/537.36 (KHTML, like Gecko) Chrome/120.0.0.0 Safari/537.36"
4.193.118.98 - - [28/Apr/2026:06:03:40 +0000] "GET /.well-known/pki-validation/about.php HTTP/1.1" 404 9389 "-" "Mozilla/5.0 (Windows NT 10.0; Win64; x64) AppleWebKit/537.36 (KHTML, like Gecko) Chrome/120.0.0.0 Safari/537.36"
4.193.118.98 - - [28/Apr/2026:06:03:41 +0000] "GET //wp-2019.php HTTP/1.1" 301 - "-" "Mozilla/5.0 (Windows NT 10.0; Win64; x64) AppleWebKit/537.36 (KHTML, like Gecko) Chrome/120.0.0.0 Safari/537.36"
4.193.118.98 - - [28/Apr/2026:06:03:41 +0000] "GET //wp-content/themes/about.php HTTP/1.1" 301 - "-" "Mozilla/5.0 (Windows NT 10.0; Win64; x64) AppleWebKit/537.36 (KHTML, like Gecko) Chrome/120.0.0.0 Safari/537.36"
4.193.118.98 - - [28/Apr/2026:06:03:42 +0000] "GET /0.php HTTP/1.1" 404 9367 "-" "Mozilla/5.0 (Windows NT 10.0; Win64; x64) AppleWebKit/537.36 (KHTML, like Gecko) Chrome/120.0.0.0 Safari/537.36"
4.193.118.98 - - [28/Apr/2026:06:03:43 +0000] "GET /1.php HTTP/1.1" 404 9366 "-" "Mozilla/5.0 (Windows NT 10.0; Win64; x64) AppleWebKit/537.36 (KHTML, like Gecko) Chrome/120.0.0.0 Safari/537.36"
4.193.118.98 - - [28/Apr/2026:06:03:44 +0000] "GET /12.php HTTP/1.1" 404 9368 "-" "Mozilla/5.0 (Windows NT 10.0; Win64; x64) AppleWebKit/537.36 (KHTML, like Gecko) Chrome/120.0.0.0 Safari/537.36"
4.193.118.98 - - [28/Apr/2026:06:03:45 +0000] "GET /120f9.php HTTP/1.1" 404 9370 "-" "Mozilla/5.0 (Windows NT 10.0; Win64; x64) AppleWebKit/537.36 (KHTML, like Gecko) Chrome/120.0.0.0 Safari/537.36"
4.193.118.98 - - [28/Apr/2026:06:03:46 +0000] "GET /22.php HTTP/1.1" 404 9368 "-" "Mozilla/5.0 (Windows NT 10.0; Win64; x64) AppleWebKit/537.36 (KHTML, like Gecko) Chrome/120.0.0.0 Safari/537.36"
4.193.118.98 - - [28/Apr/2026:06:03:47 +0000] "GET /403.php HTTP/1.1" 404 9369 "-" "Mozilla/5.0 (Windows NT 10.0; Win64; x64) AppleWebKit/537.36 (KHTML, like Gecko) Chrome/120.0.0.0 Safari/537.36"
4.193.118.98 - - [28/Apr/2026:06:03:48 +0000] "GET /504.php HTTP/1.1" 404 9368 "-" "Mozilla/5.0 (Windows NT 10.0; Win64; x64) AppleWebKit/537.36 (KHTML, like Gecko) Chrome/120.0.0.0 Safari/537.36"
4.193.118.98 - - [28/Apr/2026:06:03:49 +0000] "GET /GOD.php HTTP/1.1" 404 9370 "-" "Mozilla/5.0 (Windows NT 10.0; Win64; x64) AppleWebKit/537.36 (KHTML, like Gecko) Chrome/120.0.0.0 Safari/537.36"
4.193.118.98 - - [28/Apr/2026:06:03:50 +0000] "GET /NewFile.php HTTP/1.1" 404 9373 "-" "Mozilla/5.0 (Windows NT 10.0; Win64; x64) AppleWebKit/537.36 (KHTML, like Gecko) Chrome/120.0.0.0 Safari/537.36"
4.193.118.98 - - [28/Apr/2026:06:03:51 +0000] "GET /aaa.php HTTP/1.1" 404 9368 "-" "Mozilla/5.0 (Windows NT 10.0; Win64; x64) AppleWebKit/537.36 (KHTML, like Gecko) Chrome/120.0.0.0 Safari/537.36"
4.193.118.98 - - [28/Apr/2026:06:03:52 +0000] "GET /ab.php HTTP/1.1" 404 9367 "-" "Mozilla/5.0 (Windows NT 10.0; Win64; x64) AppleWebKit/537.36 (KHTML, like Gecko) Chrome/120.0.0.0 Safari/537.36"
4.193.118.98 - - [28/Apr/2026:06:03:53 +0000] "GET /about/function.php HTTP/1.1" 404 9371 "-" "Mozilla/5.0 (Windows NT 10.0; Win64; x64) AppleWebKit/537.36 (KHTML, like Gecko) Chrome/120.0.0.0 Safari/537.36"
4.193.118.98 - - [28/Apr/2026:06:03:54 +0000] "GET /admin/function.php HTTP/1.1" 404 9370 "-" "Mozilla/5.0 (Windows NT 10.0; Win64; x64) AppleWebKit/537.36 (KHTML, like Gecko) Chrome/120.0.0.0 Safari/537.36"
4.193.118.98 - - [28/Apr/2026:06:03:55 +0000] "GET /admin/index_upload.php HTTP/1.1" 404 9375 "-" "Mozilla/5.0 (Windows NT 10.0; Win64; x64) AppleWebKit/537.36 (KHTML, like Gecko) Chrome/120.0.0.0 Safari/537.36"
4.193.118.98 - - [28/Apr/2026:06:03:56 +0000] "GET /al.php HTTP/1.1" 404 9367 "-" "Mozilla/5.0 (Windows NT 10.0; Win64; x64) AppleWebKit/537.36 (KHTML, like Gecko) Chrome/120.0.0.0 Safari/537.36"
4.193.118.98 - - [28/Apr/2026:06:03:57 +0000] "GET /alfa-rex.php HTTP/1.1" 404 9372 "-" "Mozilla/5.0 (Windows NT 10.0; Win64; x64) AppleWebKit/537.36 (KHTML, like Gecko) Chrome/120.0.0.0 Safari/537.36"
4.193.118.98 - - [28/Apr/2026:06:03:58 +0000] "GET /alfanew.PHP7 HTTP/1.1" 404 9375 "-" "Mozilla/5.0 (Windows NT 10.0; Win64; x64) AppleWebKit/537.36 (KHTML, like Gecko) Chrome/120.0.0.0 Safari/537.36"
4.193.118.98 - - [28/Apr/2026:06:03:59 +0000] "GET /alfanew.php HTTP/1.1" 404 9371 "-" "Mozilla/5.0 (Windows NT 10.0; Win64; x64) AppleWebKit/537.36 (KHTML, like Gecko) Chrome/120.0.0.0 Safari/537.36"
4.193.118.98 - - [28/Apr/2026:06:04:00 +0000] "GET /auth.php HTTP/1.1" 404 9369 "-" "Mozilla/5.0 (Windows NT 10.0; Win64; x64) AppleWebKit/537.36 (KHTML, like Gecko) Chrome/120.0.0.0 Safari/537.36"
4.193.118.98 - - [28/Apr/2026:06:04:00 +0000] "GET /b.php HTTP/1.1" 404 9366 "-" "Mozilla/5.0 (Windows NT 10.0; Win64; x64) AppleWebKit/537.36 (KHTML, like Gecko) Chrome/120.0.0.0 Safari/537.36"
4.193.118.98 - - [28/Apr/2026:06:04:02 +0000] "GET /b0.php HTTP/1.1" 404 9368 "-" "Mozilla/5.0 (Windows NT 10.0; Win64; x64) AppleWebKit/537.36 (KHTML, like Gecko) Chrome/120.0.0.0 Safari/537.36"
4.193.118.98 - - [28/Apr/2026:06:04:03 +0000] "GET /back.php HTTP/1.1" 404 9368 "-" "Mozilla/5.0 (Windows NT 10.0; Win64; x64) AppleWebKit/537.36 (KHTML, like Gecko) Chrome/120.0.0.0 Safari/537.36"
4.193.118.98 - - [28/Apr/2026:06:04:04 +0000] "GET /bala.php HTTP/1.1" 404 9369 "-" "Mozilla/5.0 (Windows NT 10.0; Win64; x64) AppleWebKit/537.36 (KHTML, like Gecko) Chrome/120.0.0.0 Safari/537.36"
4.193.118.98 - - [28/Apr/2026:06:04:05 +0000] "GET /baxa1.php HTTP/1.1" 404 9370 "-" "Mozilla/5.0 (Windows NT 10.0; Win64; x64) AppleWebKit/537.36 (KHTML, like Gecko) Chrome/120.0.0.0 Safari/537.36"
4.193.118.98 - - [28/Apr/2026:06:04:06 +0000] "GET /buy.php HTTP/1.1" 404 9370 "-" "Mozilla/5.0 (Windows NT 10.0; Win64; x64) AppleWebKit/537.36 (KHTML, like Gecko) Chrome/120.0.0.0 Safari/537.36"
4.193.118.98 - - [28/Apr/2026:06:04:07 +0000] "GET /byp.php HTTP/1.1" 404 9369 "-" "Mozilla/5.0 (Windows NT 10.0; Win64; x64) AppleWebKit/537.36 (KHTML, like Gecko) Chrome/120.0.0.0 Safari/537.36"
4.193.118.98 - - [28/Apr/2026:06:04:08 +0000] "GET /c.php HTTP/1.1" 404 9366 "-" "Mozilla/5.0 (Windows NT 10.0; Win64; x64) AppleWebKit/537.36 (KHTML, like Gecko) Chrome/120.0.0.0 Safari/537.36"
114.119.140.50 - - [28/Apr/2026:06:04:08 +0000] "GET /need-help-learning-wordpress-these-tips-were-meant-for-you/?share=x HTTP/1.1" 302 - "https://2-createawebsite.com/need-help-learning-wordpress-these-tips-were-meant-for-you" "Mozilla/5.0 (Linux; Android 7.0;) AppleWebKit/537.36 (HTML, like Gecko) Mobile Safari/537.36 (compatible; PetalBot;+https://webmaster.petalsearch.com/site/petalbot)"
4.193.118.98 - - [28/Apr/2026:06:04:09 +0000] "GET /c99.php? HTTP/1.1" 404 9370 "-" "Mozilla/5.0 (Windows NT 10.0; Win64; x64) AppleWebKit/537.36 (KHTML, like Gecko) Chrome/120.0.0.0 Safari/537.36"
4.193.118.98 - - [28/Apr/2026:06:04:10 +0000] "GET /chosen.php HTTP/1.1" 404 9369 "-" "Mozilla/5.0 (Windows NT 10.0; Win64; x64) AppleWebKit/537.36 (KHTML, like Gecko) Chrome/120.0.0.0 Safari/537.36"
4.193.118.98 - - [28/Apr/2026:06:04:11 +0000] "GET /class-wp-lock.php HTTP/1.1" 404 9373 "-" "Mozilla/5.0 (Windows NT 10.0; Win64; x64) AppleWebKit/537.36 (KHTML, like Gecko) Chrome/120.0.0.0 Safari/537.36"
4.193.118.98 - - [28/Apr/2026:06:04:11 +0000] "GET /cong.php HTTP/1.1" 404 9369 "-" "Mozilla/5.0 (Windows NT 10.0; Win64; x64) AppleWebKit/537.36 (KHTML, like Gecko) Chrome/120.0.0.0 Safari/537.36"
4.193.118.98 - - [28/Apr/2026:06:04:13 +0000] "GET /content.php HTTP/1.1" 404 9369 "-" "Mozilla/5.0 (Windows NT 10.0; Win64; x64) AppleWebKit/537.36 (KHTML, like Gecko) Chrome/120.0.0.0 Safari/537.36"
4.193.118.98 - - [28/Apr/2026:06:04:14 +0000] "GET /control.php HTTP/1.1" 404 9370 "-" "Mozilla/5.0 (Windows NT 10.0; Win64; x64) AppleWebKit/537.36 (KHTML, like Gecko) Chrome/120.0.0.0 Safari/537.36"
4.193.118.98 - - [28/Apr/2026:06:04:15 +0000] "GET /cookie.php HTTP/1.1" 404 9369 "-" "Mozilla/5.0 (Windows NT 10.0; Win64; x64) AppleWebKit/537.36 (KHTML, like Gecko) Chrome/120.0.0.0 Safari/537.36"
4.193.118.98 - - [28/Apr/2026:06:04:16 +0000] "GET /credits.php HTTP/1.1" 404 9371 "-" "Mozilla/5.0 (Windows NT 10.0; Win64; x64) AppleWebKit/537.36 (KHTML, like Gecko) Chrome/120.0.0.0 Safari/537.36"
4.193.118.98 - - [28/Apr/2026:06:04:17 +0000] "GET /cron.php HTTP/1.1" 404 9369 "-" "Mozilla/5.0 (Windows NT 10.0; Win64; x64) AppleWebKit/537.36 (KHTML, like Gecko) Chrome/120.0.0.0 Safari/537.36"
4.193.118.98 - - [28/Apr/2026:06:04:18 +0000] "GET /css.php HTTP/1.1" 404 9368 "-" "Mozilla/5.0 (Windows NT 10.0; Win64; x64) AppleWebKit/537.36 (KHTML, like Gecko) Chrome/120.0.0.0 Safari/537.36"
4.193.118.98 - - [28/Apr/2026:06:04:19 +0000] "GET /css/autoload_classmap.php HTTP/1.1" 404 9379 "-" "Mozilla/5.0 (Windows NT 10.0; Win64; x64) AppleWebKit/537.36 (KHTML, like Gecko) Chrome/120.0.0.0 Safari/537.36"
4.193.118.98 - - [28/Apr/2026:06:04:20 +0000] "GET /data.php HTTP/1.1" 404 9368 "-" "Mozilla/5.0 (Windows NT 10.0; Win64; x64) AppleWebKit/537.36 (KHTML, like Gecko) Chrome/120.0.0.0 Safari/537.36"
4.193.118.98 - - [28/Apr/2026:06:04:21 +0000] "GET /disagreed.php HTTP/1.1" 404 9372 "-" "Mozilla/5.0 (Windows NT 10.0; Win64; x64) AppleWebKit/537.36 (KHTML, like Gecko) Chrome/120.0.0.0 Safari/537.36"
4.193.118.98 - - [28/Apr/2026:06:04:22 +0000] "GET /doc.php HTTP/1.1" 404 9368 "-" "Mozilla/5.0 (Windows NT 10.0; Win64; x64) AppleWebKit/537.36 (KHTML, like Gecko) Chrome/120.0.0.0 Safari/537.36"
4.193.118.98 - - [28/Apr/2026:06:04:23 +0000] "GET /dropdown.php HTTP/1.1" 404 9371 "-" "Mozilla/5.0 (Windows NT 10.0; Win64; x64) AppleWebKit/537.36 (KHTML, like Gecko) Chrome/120.0.0.0 Safari/537.36"
4.193.118.98 - - [28/Apr/2026:06:04:24 +0000] "GET /ds.php HTTP/1.1" 404 9368 "-" "Mozilla/5.0 (Windows NT 10.0; Win64; x64) AppleWebKit/537.36 (KHTML, like Gecko) Chrome/120.0.0.0 Safari/537.36"
4.193.118.98 - - [28/Apr/2026:06:04:25 +0000] "GET /ee.php HTTP/1.1" 404 9368 "-" "Mozilla/5.0 (Windows NT 10.0; Win64; x64) AppleWebKit/537.36 (KHTML, like Gecko) Chrome/120.0.0.0 Safari/537.36"
4.193.118.98 - - [28/Apr/2026:06:04:26 +0000] "GET /en.php HTTP/1.1" 404 9367 "-" "Mozilla/5.0 (Windows NT 10.0; Win64; x64) AppleWebKit/537.36 (KHTML, like Gecko) Chrome/120.0.0.0 Safari/537.36"
4.193.118.98 - - [28/Apr/2026:06:04:26 +0000] "GET /error.php HTTP/1.1" 404 9368 "-" "Mozilla/5.0 (Windows NT 10.0; Win64; x64) AppleWebKit/537.36 (KHTML, like Gecko) Chrome/120.0.0.0 Safari/537.36"
4.193.118.98 - - [28/Apr/2026:06:04:27 +0000] "GET /f35.php HTTP/1.1" 404 9369 "-" "Mozilla/5.0 (Windows NT 10.0; Win64; x64) AppleWebKit/537.36 (KHTML, like Gecko) Chrome/120.0.0.0 Safari/537.36"
4.193.118.98 - - [28/Apr/2026:06:04:28 +0000] "GET /favicon.php HTTP/1.1" 404 9371 "-" "Mozilla/5.0 (Windows NT 10.0; Win64; x64) AppleWebKit/537.36 (KHTML, like Gecko) Chrome/120.0.0.0 Safari/537.36"
4.193.118.98 - - [28/Apr/2026:06:04:29 +0000] "GET /feeds.php HTTP/1.1" 404 9369 "-" "Mozilla/5.0 (Windows NT 10.0; Win64; x64) AppleWebKit/537.36 (KHTML, like Gecko) Chrome/120.0.0.0 Safari/537.36"
4.193.118.98 - - [28/Apr/2026:06:04:30 +0000] "GET /files.php HTTP/1.1" 404 9369 "-" "Mozilla/5.0 (Windows NT 10.0; Win64; x64) AppleWebKit/537.36 (KHTML, like Gecko) Chrome/120.0.0.0 Safari/537.36"
4.193.118.98 - - [28/Apr/2026:06:04:31 +0000] "GET /files/autoload_classmap.php HTTP/1.1" 404 9380 "-" "Mozilla/5.0 (Windows NT 10.0; Win64; x64) AppleWebKit/537.36 (KHTML, like Gecko) Chrome/120.0.0.0 Safari/537.36"
4.193.118.98 - - [28/Apr/2026:06:04:32 +0000] "GET /flower.php HTTP/1.1" 404 9371 "-" "Mozilla/5.0 (Windows NT 10.0; Win64; x64) AppleWebKit/537.36 (KHTML, like Gecko) Chrome/120.0.0.0 Safari/537.36"
4.193.118.98 - - [28/Apr/2026:06:04:33 +0000] "GET /function.php HTTP/1.1" 404 9368 "-" "Mozilla/5.0 (Windows NT 10.0; Win64; x64) AppleWebKit/537.36 (KHTML, like Gecko) Chrome/120.0.0.0 Safari/537.36"
4.193.118.98 - - [28/Apr/2026:06:04:34 +0000] "GET /functions.php HTTP/1.1" 404 9368 "-" "Mozilla/5.0 (Windows NT 10.0; Win64; x64) AppleWebKit/537.36 (KHTML, like Gecko) Chrome/120.0.0.0 Safari/537.36"
4.193.118.98 - - [28/Apr/2026:06:04:35 +0000] "GET /gecko-new.php HTTP/1.1" 404 9373 "-" "Mozilla/5.0 (Windows NT 10.0; Win64; x64) AppleWebKit/537.36 (KHTML, like Gecko) Chrome/120.0.0.0 Safari/537.36"
4.193.118.98 - - [28/Apr/2026:06:04:36 +0000] "GET /ggfi.php HTTP/1.1" 404 9370 "-" "Mozilla/5.0 (Windows NT 10.0; Win64; x64) AppleWebKit/537.36 (KHTML, like Gecko) Chrome/120.0.0.0 Safari/537.36"
4.193.118.98 - - [28/Apr/2026:06:04:37 +0000] "GET /gzak2w.php HTTP/1.1" 404 9371 "-" "Mozilla/5.0 (Windows NT 10.0; Win64; x64) AppleWebKit/537.36 (KHTML, like Gecko) Chrome/120.0.0.0 Safari/537.36"
4.193.118.98 - - [28/Apr/2026:06:04:38 +0000] "GET /hehe.php HTTP/1.1" 404 9368 "-" "Mozilla/5.0 (Windows NT 10.0; Win64; x64) AppleWebKit/537.36 (KHTML, like Gecko) Chrome/120.0.0.0 Safari/537.36"
57.141.18.105 - - [28/Apr/2026:06:04:38 +0000] "GET /seeking-knowledge-about-wordpress-you-need-to-read-this-article-4/ HTTP/1.1" 200 55648 "-" "meta-externalagent/1.1 (+https://developers.facebook.com/docs/sharing/webmasters/crawler)"
4.193.118.98 - - [28/Apr/2026:06:04:39 +0000] "GET /hehehehe.php HTTP/1.1" 404 9368 "-" "Mozilla/5.0 (Windows NT 10.0; Win64; x64) AppleWebKit/537.36 (KHTML, like Gecko) Chrome/120.0.0.0 Safari/537.36"
4.193.118.98 - - [28/Apr/2026:06:04:40 +0000] "GET /help.php HTTP/1.1" 404 9369 "-" "Mozilla/5.0 (Windows NT 10.0; Win64; x64) AppleWebKit/537.36 (KHTML, like Gecko) Chrome/120.0.0.0 Safari/537.36"
4.193.118.98 - - [28/Apr/2026:06:04:41 +0000] "GET /images/wp-login.php HTTP/1.1" 404 9373 "-" "Mozilla/5.0 (Windows NT 10.0; Win64; x64) AppleWebKit/537.36 (KHTML, like Gecko) Chrome/120.0.0.0 Safari/537.36"
4.193.118.98 - - [28/Apr/2026:06:04:42 +0000] "GET /index.php HTTP/1.1" 301 - "-" "Mozilla/5.0 (Windows NT 10.0; Win64; x64) AppleWebKit/537.36 (KHTML, like Gecko) Chrome/120.0.0.0 Safari/537.36"
4.193.118.98 - - [28/Apr/2026:06:04:43 +0000] "GET /index/function.php HTTP/1.1" 404 9371 "-" "Mozilla/5.0 (Windows NT 10.0; Win64; x64) AppleWebKit/537.36 (KHTML, like Gecko) Chrome/120.0.0.0 Safari/537.36"
4.193.118.98 - - [28/Apr/2026:06:04:44 +0000] "GET /install.php HTTP/1.1" 404 9370 "-" "Mozilla/5.0 (Windows NT 10.0; Win64; x64) AppleWebKit/537.36 (KHTML, like Gecko) Chrome/120.0.0.0 Safari/537.36"
4.193.118.98 - - [28/Apr/2026:06:04:44 +0000] "GET /jp.php HTTP/1.1" 404 9368 "-" "Mozilla/5.0 (Windows NT 10.0; Win64; x64) AppleWebKit/537.36 (KHTML, like Gecko) Chrome/120.0.0.0 Safari/537.36"
4.193.118.98 - - [28/Apr/2026:06:04:45 +0000] "GET /mah/function.php HTTP/1.1" 404 9371 "-" "Mozilla/5.0 (Windows NT 10.0; Win64; x64) AppleWebKit/537.36 (KHTML, like Gecko) Chrome/120.0.0.0 Safari/537.36"
4.193.118.98 - - [28/Apr/2026:06:04:46 +0000] "GET /meta.php HTTP/1.1" 404 9369 "-" "Mozilla/5.0 (Windows NT 10.0; Win64; x64) AppleWebKit/537.36 (KHTML, like Gecko) Chrome/120.0.0.0 Safari/537.36"
4.193.118.98 - - [28/Apr/2026:06:04:47 +0000] "GET /moon.php HTTP/1.1" 404 9369 "-" "Mozilla/5.0 (Windows NT 10.0; Win64; x64) AppleWebKit/537.36 (KHTML, like Gecko) Chrome/120.0.0.0 Safari/537.36"
4.193.118.98 - - [28/Apr/2026:06:04:48 +0000] "GET /new.php HTTP/1.1" 404 9369 "-" "Mozilla/5.0 (Windows NT 10.0; Win64; x64) AppleWebKit/537.36 (KHTML, like Gecko) Chrome/120.0.0.0 Safari/537.36"
4.193.118.98 - - [28/Apr/2026:06:04:49 +0000] "GET /ova.php HTTP/1.1" 404 9368 "-" "Mozilla/5.0 (Windows NT 10.0; Win64; x64) AppleWebKit/537.36 (KHTML, like Gecko) Chrome/120.0.0.0 Safari/537.36"
