52.141.35.48 - - [27/Apr/2026:21:34:44 +0000] "GET /wp-includes/rest-api/fields/ HTTP/1.1" 404 9380 "-" "Mozilla/5.0 (Windows NT 10.0; Win64; x64) AppleWebKit/537.36 (KHTML, like Gecko) Chrome/120.0.0.0 Safari/537.36"
52.141.35.48 - - [27/Apr/2026:21:34:45 +0000] "GET /atomlib.php HTTP/1.1" 404 9372 "-" "Mozilla/5.0 (Windows NT 10.0; Win64; x64) AppleWebKit/537.36 (KHTML, like Gecko) Chrome/120.0.0.0 Safari/537.36"
52.141.35.48 - - [27/Apr/2026:21:34:46 +0000] "GET /css/index.php HTTP/1.1" 301 - "-" "Mozilla/5.0 (Windows NT 10.0; Win64; x64) AppleWebKit/537.36 (KHTML, like Gecko) Chrome/120.0.0.0 Safari/537.36"
52.141.35.48 - - [27/Apr/2026:21:34:47 +0000] "GET /wp-content/et-cache/ HTTP/1.1" 404 9372 "-" "Mozilla/5.0 (Windows NT 10.0; Win64; x64) AppleWebKit/537.36 (KHTML, like Gecko) Chrome/120.0.0.0 Safari/537.36"
52.141.35.48 - - [27/Apr/2026:21:34:48 +0000] "GET /about.php HTTP/1.1" 404 9369 "-" "Mozilla/5.0 (Windows NT 10.0; Win64; x64) AppleWebKit/537.36 (KHTML, like Gecko) Chrome/120.0.0.0 Safari/537.36"
52.141.35.48 - - [27/Apr/2026:21:34:49 +0000] "GET /wp-content/uploads/admin.php HTTP/1.1" 404 9371 "-" "Mozilla/5.0 (Windows NT 10.0; Win64; x64) AppleWebKit/537.36 (KHTML, like Gecko) Chrome/120.0.0.0 Safari/537.36"
52.141.35.48 - - [27/Apr/2026:21:34:50 +0000] "GET /wp-content/index.php HTTP/1.1" 200 - "-" "Mozilla/5.0 (Windows NT 10.0; Win64; x64) AppleWebKit/537.36 (KHTML, like Gecko) Chrome/120.0.0.0 Safari/537.36"
52.141.35.48 - - [27/Apr/2026:21:34:50 +0000] "GET /wp-includes/js/index.php HTTP/1.1" 301 - "-" "Mozilla/5.0 (Windows NT 10.0; Win64; x64) AppleWebKit/537.36 (KHTML, like Gecko) Chrome/120.0.0.0 Safari/537.36"
52.141.35.48 - - [27/Apr/2026:21:34:51 +0000] "GET /wp-includes/rest-api/ HTTP/1.1" 404 9375 "-" "Mozilla/5.0 (Windows NT 10.0; Win64; x64) AppleWebKit/537.36 (KHTML, like Gecko) Chrome/120.0.0.0 Safari/537.36"
52.141.35.48 - - [27/Apr/2026:21:34:51 +0000] "GET /admin.php HTTP/1.1" 404 9369 "-" "Mozilla/5.0 (Windows NT 10.0; Win64; x64) AppleWebKit/537.36 (KHTML, like Gecko) Chrome/120.0.0.0 Safari/537.36"
52.141.35.48 - - [27/Apr/2026:21:34:52 +0000] "GET /wp-includes/blocks/block/ HTTP/1.1" 404 9373 "-" "Mozilla/5.0 (Windows NT 10.0; Win64; x64) AppleWebKit/537.36 (KHTML, like Gecko) Chrome/120.0.0.0 Safari/537.36"
52.141.35.48 - - [27/Apr/2026:21:34:53 +0000] "GET /as.php HTTP/1.1" 404 9367 "-" "Mozilla/5.0 (Windows NT 10.0; Win64; x64) AppleWebKit/537.36 (KHTML, like Gecko) Chrome/120.0.0.0 Safari/537.36"
52.141.35.48 - - [27/Apr/2026:21:34:54 +0000] "GET /wp-includes/PHPMailer/index.php HTTP/1.1" 301 - "-" "Mozilla/5.0 (Windows NT 10.0; Win64; x64) AppleWebKit/537.36 (KHTML, like Gecko) Chrome/120.0.0.0 Safari/537.36"
52.141.35.48 - - [27/Apr/2026:21:34:55 +0000] "GET /buy.php HTTP/1.1" 404 9369 "-" "Mozilla/5.0 (Windows NT 10.0; Win64; x64) AppleWebKit/537.36 (KHTML, like Gecko) Chrome/120.0.0.0 Safari/537.36"
52.141.35.48 - - [27/Apr/2026:21:34:56 +0000] "GET /wp.php HTTP/1.1" 404 9367 "-" "Mozilla/5.0 (Windows NT 10.0; Win64; x64) AppleWebKit/537.36 (KHTML, like Gecko) Chrome/120.0.0.0 Safari/537.36"
52.141.35.48 - - [27/Apr/2026:21:34:56 +0000] "GET /wp-admin/images/index.php HTTP/1.1" 301 - "-" "Mozilla/5.0 (Windows NT 10.0; Win64; x64) AppleWebKit/537.36 (KHTML, like Gecko) Chrome/120.0.0.0 Safari/537.36"
52.141.35.48 - - [27/Apr/2026:21:34:57 +0000] "GET /about.PHP HTTP/1.1" 404 9372 "-" "Mozilla/5.0 (Windows NT 10.0; Win64; x64) AppleWebKit/537.36 (KHTML, like Gecko) Chrome/120.0.0.0 Safari/537.36"
52.141.35.48 - - [27/Apr/2026:21:34:58 +0000] "GET /ioxi-o.php HTTP/1.1" 404 9372 "-" "Mozilla/5.0 (Windows NT 10.0; Win64; x64) AppleWebKit/537.36 (KHTML, like Gecko) Chrome/120.0.0.0 Safari/537.36"
52.141.35.48 - - [27/Apr/2026:21:34:59 +0000] "GET /wp-content/uploads/index.php HTTP/1.1" 301 - "-" "Mozilla/5.0 (Windows NT 10.0; Win64; x64) AppleWebKit/537.36 (KHTML, like Gecko) Chrome/120.0.0.0 Safari/537.36"
52.141.35.48 - - [27/Apr/2026:21:35:00 +0000] "GET /wp-content/edit.php HTTP/1.1" 404 9371 "-" "Mozilla/5.0 (Windows NT 10.0; Win64; x64) AppleWebKit/537.36 (KHTML, like Gecko) Chrome/120.0.0.0 Safari/537.36"
52.141.35.48 - - [27/Apr/2026:21:35:00 +0000] "GET /sf.php HTTP/1.1" 404 9368 "-" "Mozilla/5.0 (Windows NT 10.0; Win64; x64) AppleWebKit/537.36 (KHTML, like Gecko) Chrome/120.0.0.0 Safari/537.36"
52.141.35.48 - - [27/Apr/2026:21:35:02 +0000] "GET /wp-includes/index.php HTTP/1.1" 301 - "-" "Mozilla/5.0 (Windows NT 10.0; Win64; x64) AppleWebKit/537.36 (KHTML, like Gecko) Chrome/120.0.0.0 Safari/537.36"
52.141.35.48 - - [27/Apr/2026:21:35:03 +0000] "GET /file.php HTTP/1.1" 404 9369 "-" "Mozilla/5.0 (Windows NT 10.0; Win64; x64) AppleWebKit/537.36 (KHTML, like Gecko) Chrome/120.0.0.0 Safari/537.36"
52.141.35.48 - - [27/Apr/2026:21:35:04 +0000] "GET /wp-admin/css/colors/modern/ HTTP/1.1" 404 9377 "-" "Mozilla/5.0 (Windows NT 10.0; Win64; x64) AppleWebKit/537.36 (KHTML, like Gecko) Chrome/120.0.0.0 Safari/537.36"
52.141.35.48 - - [27/Apr/2026:21:35:05 +0000] "GET /cgi-bin/ HTTP/1.1" 404 9371 "-" "Mozilla/5.0 (Windows NT 10.0; Win64; x64) AppleWebKit/537.36 (KHTML, like Gecko) Chrome/120.0.0.0 Safari/537.36"
52.141.35.48 - - [27/Apr/2026:21:35:05 +0000] "GET /test1.php HTTP/1.1" 404 9370 "-" "Mozilla/5.0 (Windows NT 10.0; Win64; x64) AppleWebKit/537.36 (KHTML, like Gecko) Chrome/120.0.0.0 Safari/537.36"
52.141.35.48 - - [27/Apr/2026:21:35:06 +0000] "GET /wp-cron.php HTTP/1.1" 200 - "-" "Mozilla/5.0 (Windows NT 10.0; Win64; x64) AppleWebKit/537.36 (KHTML, like Gecko) Chrome/120.0.0.0 Safari/537.36"
52.141.35.48 - - [27/Apr/2026:21:35:06 +0000] "GET /wp-includes/block-supports/ HTTP/1.1" 404 9375 "-" "Mozilla/5.0 (Windows NT 10.0; Win64; x64) AppleWebKit/537.36 (KHTML, like Gecko) Chrome/120.0.0.0 Safari/537.36"
52.141.35.48 - - [27/Apr/2026:21:35:07 +0000] "GET /404.php HTTP/1.1" 404 9367 "-" "Mozilla/5.0 (Windows NT 10.0; Win64; x64) AppleWebKit/537.36 (KHTML, like Gecko) Chrome/120.0.0.0 Safari/537.36"
52.141.35.48 - - [27/Apr/2026:21:35:08 +0000] "GET /wp-content/1.php HTTP/1.1" 404 9369 "-" "Mozilla/5.0 (Windows NT 10.0; Win64; x64) AppleWebKit/537.36 (KHTML, like Gecko) Chrome/120.0.0.0 Safari/537.36"
52.141.35.48 - - [27/Apr/2026:21:35:09 +0000] "GET /images/index.php HTTP/1.1" 301 - "-" "Mozilla/5.0 (Windows NT 10.0; Win64; x64) AppleWebKit/537.36 (KHTML, like Gecko) Chrome/120.0.0.0 Safari/537.36"
57.141.18.83 - - [27/Apr/2026:21:35:38 +0000] "GET /wordpress-for-dummies-some-tips-and-tricks/ HTTP/1.1" 200 55770 "-" "meta-externalagent/1.1 (+https://developers.facebook.com/docs/sharing/webmasters/crawler)"
184.94.212.206 - - [27/Apr/2026:21:36:22 +0000] "POST /wp-cron.php?doing_wp_cron=1777325782.3726799488067626953125 HTTP/1.1" 200 - "-" "WordPress/6.9.4; https://2-createawebsite.com"
192.0.102.230 - - [27/Apr/2026:21:36:20 +0000] "HEAD / HTTP/1.1" 200 - "-" "jetmon/1.0 (Jetpack Site Uptime Monitor by WordPress.com)"
114.119.146.219 - - [27/Apr/2026:21:39:37 +0000] "GET /relating-to-wordpress-the-secrets-in-this-article-are-priceless-4?share=facebook HTTP/1.1" 302 - "https://2-createawebsite.com/relating-to-wordpress-the-secrets-in-this-article-are-priceless-4" "Mozilla/5.0 (Linux; Android 7.0;) AppleWebKit/537.36 (HTML, like Gecko) Mobile Safari/537.36 (compatible; PetalBot;+https://webmaster.petalsearch.com/site/petalbot)"
184.94.212.206 - - [27/Apr/2026:21:41:21 +0000] "POST /wp-cron.php?doing_wp_cron=1777326081.4300310611724853515625 HTTP/1.1" 200 - "-" "WordPress/6.9.4; https://2-createawebsite.com"
192.0.102.230 - - [27/Apr/2026:21:41:20 +0000] "HEAD / HTTP/1.1" 200 - "-" "jetmon/1.0 (Jetpack Site Uptime Monitor by WordPress.com)"
148.113.130.94 - - [27/Apr/2026:21:44:04 +0000] "GET /what-you-need-to-know-about-using-wordpress/ HTTP/1.1" 200 14802 "-" "Mozilla/5.0 (compatible; AhrefsBot/7.0; +http://ahrefs.com/robot/)"
184.94.212.206 - - [27/Apr/2026:21:46:22 +0000] "POST /wp-cron.php?doing_wp_cron=1777326382.7574739456176757812500 HTTP/1.1" 200 - "-" "WordPress/6.9.4; https://2-createawebsite.com"
192.0.102.230 - - [27/Apr/2026:21:46:21 +0000] "HEAD / HTTP/1.1" 200 - "-" "jetmon/1.0 (Jetpack Site Uptime Monitor by WordPress.com)"
114.119.158.151 - - [27/Apr/2026:21:46:41 +0000] "GET /relating-to-wordpress-the-secrets-in-this-article-are-priceless-4/?share=x HTTP/1.1" 302 - "https://2-createawebsite.com/relating-to-wordpress-the-secrets-in-this-article-are-priceless-4" "Mozilla/5.0 (Linux; Android 7.0;) AppleWebKit/537.36 (HTML, like Gecko) Mobile Safari/537.36 (compatible; PetalBot;+https://webmaster.petalsearch.com/site/petalbot)"
184.94.212.206 - - [27/Apr/2026:21:49:28 +0000] "POST /wp-cron.php?doing_wp_cron=1777326568.2002599239349365234375 HTTP/1.1" 200 - "-" "WordPress/6.9.4; https://2-createawebsite.com"
47.128.124.215 - - [27/Apr/2026:21:49:26 +0000] "GET /blog/ HTTP/1.1" 301 - "-" "Mozilla/5.0 (Linux; Android 5.0) AppleWebKit/537.36 (KHTML, like Gecko) Mobile Safari/537.36 (compatible; Bytespider; spider-feedback@bytedance.com)"
47.128.124.215 - - [27/Apr/2026:21:49:28 +0000] "GET /blog-like-a-pro-tips-and-tricks-for-using-wordpress/ HTTP/1.1" 200 14469 "-" "Mozilla/5.0 (Linux; Android 5.0) AppleWebKit/537.36 (KHTML, like Gecko) Mobile Safari/537.36 (compatible; Bytespider; spider-feedback@bytedance.com)"
47.128.124.215 - - [27/Apr/2026:21:49:30 +0000] "GET /wp-content/themes/signify/style.css?ver=20260103-12350 HTTP/1.1" 200 51251 "https://2-createawebsite.com/blog-like-a-pro-tips-and-tricks-for-using-wordpress/" "Mozilla/5.0 (Linux; Android 5.0) AppleWebKit/537.36 (KHTML, like Gecko) Mobile Safari/537.36 (compatible; Bytespider; spider-feedback@bytedance.com)"
47.128.124.158 - - [27/Apr/2026:21:49:29 +0000] "GET /robots.txt HTTP/1.1" 200 125 "-" "Mozilla/5.0 (Linux; Android 5.0) AppleWebKit/537.36 (KHTML, like Gecko) Mobile Safari/537.36 (compatible; Bytespider; spider-feedback@bytedance.com)"
47.128.124.215 - - [27/Apr/2026:21:49:30 +0000] "GET /wp-content/fonts/b3bf202777806a0a97792dd5a26c47ec.css HTTP/1.1" 200 1697 "https://2-createawebsite.com/blog-like-a-pro-tips-and-tricks-for-using-wordpress/" "Mozilla/5.0 (Linux; Android 5.0) AppleWebKit/537.36 (KHTML, like Gecko) Mobile Safari/537.36 (compatible; Bytespider; spider-feedback@bytedance.com)"
47.128.124.215 - - [27/Apr/2026:21:49:30 +0000] "GET /wp-content/themes/signify/css/blocks.css?ver=1.0 HTTP/1.1" 200 3194 "https://2-createawebsite.com/blog-like-a-pro-tips-and-tricks-for-using-wordpress/" "Mozilla/5.0 (Linux; Android 5.0) AppleWebKit/537.36 (KHTML, like Gecko) Mobile Safari/537.36 (compatible; Bytespider; spider-feedback@bytedance.com)"
47.128.124.215 - - [27/Apr/2026:21:49:30 +0000] "GET /wp-content/themes/signify-education/style.css?ver=20260103-12349 HTTP/1.1" 200 3467 "https://2-createawebsite.com/blog-like-a-pro-tips-and-tricks-for-using-wordpress/" "Mozilla/5.0 (Linux; Android 5.0) AppleWebKit/537.36 (KHTML, like Gecko) Mobile Safari/537.36 (compatible; Bytespider; spider-feedback@bytedance.com)"
47.128.124.215 - - [27/Apr/2026:21:49:30 +0000] "GET /wp-content/themes/signify-education/assets/css/child-blocks.css?ver=20260103-12349 HTTP/1.1" 200 378 "https://2-createawebsite.com/blog-like-a-pro-tips-and-tricks-for-using-wordpress/" "Mozilla/5.0 (Linux; Android 5.0) AppleWebKit/537.36 (KHTML, like Gecko) Mobile Safari/537.36 (compatible; Bytespider; spider-feedback@bytedance.com)"
184.94.212.206 - - [27/Apr/2026:21:51:22 +0000] "POST /wp-cron.php?doing_wp_cron=1777326682.5195250511169433593750 HTTP/1.1" 200 - "-" "WordPress/6.9.4; https://2-createawebsite.com"
192.0.102.230 - - [27/Apr/2026:21:51:21 +0000] "HEAD / HTTP/1.1" 200 - "-" "jetmon/1.0 (Jetpack Site Uptime Monitor by WordPress.com)"
14.191.223.116 - - [27/Apr/2026:21:51:25 +0000] "GET /everything-there-is-to-know-about-wordpress-5/ HTTP/1.1" 200 14174 "-" "Mozilla/5.0 (Macintosh; Intel Mac OS X 10_12_6) AppleWebKit/537.36 (KHTML, like Gecko) Brave Chrome/78.0.3904.70 Safari/537.36"
51.222.168.231 - - [27/Apr/2026:21:51:30 +0000] "GET /top-tips-and-tricks-to-use-wordpress-4/ HTTP/1.1" 200 14474 "-" "Mozilla/5.0 (compatible; AhrefsBot/7.0; +http://ahrefs.com/robot/)"
199.21.150.105 - - [27/Apr/2026:21:51:31 +0000] "POST /cgi-bin/.%2e/.%2e/.%2e/.%2e/.%2e/.%2e/.%2e/.%2e/.%2e/.%2e/bin/sh HTTP/1.1" 301 - "-" "libredtail-http"
114.119.145.7 - - [27/Apr/2026:21:53:20 +0000] "GET /relating-to-wordpress-the-secrets-in-this-article-are-priceless-4/ HTTP/1.1" 200 14461 "https://2-createawebsite.com/relating-to-wordpress-the-secrets-in-this-article-are-priceless-4" "Mozilla/5.0 (Linux; Android 7.0;) AppleWebKit/537.36 (HTML, like Gecko) Mobile Safari/537.36 (compatible; PetalBot;+https://webmaster.petalsearch.com/site/petalbot)"
5.102.173.71 - - [27/Apr/2026:21:53:43 +0000] "GET /robots.txt HTTP/1.1" 200 125 "-" "Mozilla/5.0 (compatible; MojeekBot/0.11; +https://www.mojeek.com/bot.html)"
5.102.173.71 - - [27/Apr/2026:21:53:44 +0000] "GET /2019/12/17/ HTTP/1.1" 200 11074 "-" "Mozilla/5.0 (compatible; MojeekBot/0.11; +https://www.mojeek.com/bot.html)"
47.128.124.215 - - [27/Apr/2026:21:54:30 +0000] "-" 408 - "-" "-"
47.128.124.215 - - [27/Apr/2026:21:54:30 +0000] "-" 408 - "-" "-"
102.158.161.212 - - [27/Apr/2026:21:54:32 +0000] "GET /tag/create-a-website/page/2/ HTTP/1.1" 200 13389 "-" "Mozilla/5.0 (Macintosh; Intel Mac OS X 10_15_7) AppleWebKit/537.36 (KHTML, like Gecko) Chrome/94.0.4606.61 Safari/537.36"
184.94.212.206 - - [27/Apr/2026:21:56:22 +0000] "POST /wp-cron.php?doing_wp_cron=1777326982.2731559276580810546875 HTTP/1.1" 200 - "-" "WordPress/6.9.4; https://2-createawebsite.com"
192.0.102.230 - - [27/Apr/2026:21:56:20 +0000] "HEAD / HTTP/1.1" 200 - "-" "jetmon/1.0 (Jetpack Site Uptime Monitor by WordPress.com)"
3.144.181.60 - - [27/Apr/2026:21:57:40 +0000] "GET /robots.txt HTTP/1.1" 200 125 "-" "Mozilla/5.0 (Macintosh; Intel Mac OS X 10_15_7) AppleWebKit/537.36 (KHTML, like Gecko) Chrome/131.0.0.0 Safari/537.36; ClaudeBot/1.0; +claudebot@anthropic.com)"
3.144.181.60 - - [27/Apr/2026:21:57:41 +0000] "GET /respecting-wordpress-the-best-tips-and-tricks-are-here/ HTTP/1.1" 200 15331 "-" "Mozilla/5.0 (Macintosh; Intel Mac OS X 10_15_7) AppleWebKit/537.36 (KHTML, like Gecko) Chrome/131.0.0.0 Safari/537.36; ClaudeBot/1.0; +claudebot@anthropic.com)"
3.144.181.60 - - [27/Apr/2026:21:57:42 +0000] "GET /wp-content/themes/signify/style.css?ver=20260103-12350 HTTP/1.1" 200 51251 "https://2-createawebsite.com/respecting-wordpress-the-best-tips-and-tricks-are-here/" "Mozilla/5.0 (Macintosh; Intel Mac OS X 10_15_7) AppleWebKit/537.36 (KHTML, like Gecko) Chrome/131.0.0.0 Safari/537.36; ClaudeBot/1.0; +claudebot@anthropic.com)"
3.144.181.60 - - [27/Apr/2026:21:57:42 +0000] "GET /wp-content/themes/signify-education/style.css?ver=20260103-12349 HTTP/1.1" 200 3467 "https://2-createawebsite.com/respecting-wordpress-the-best-tips-and-tricks-are-here/" "Mozilla/5.0 (Macintosh; Intel Mac OS X 10_15_7) AppleWebKit/537.36 (KHTML, like Gecko) Chrome/131.0.0.0 Safari/537.36; ClaudeBot/1.0; +claudebot@anthropic.com)"
3.144.181.60 - - [27/Apr/2026:21:57:42 +0000] "GET /wp-content/themes/signify/css/blocks.css?ver=1.0 HTTP/1.1" 200 3194 "https://2-createawebsite.com/respecting-wordpress-the-best-tips-and-tricks-are-here/" "Mozilla/5.0 (Macintosh; Intel Mac OS X 10_15_7) AppleWebKit/537.36 (KHTML, like Gecko) Chrome/131.0.0.0 Safari/537.36; ClaudeBot/1.0; +claudebot@anthropic.com)"
3.144.181.60 - - [27/Apr/2026:21:57:42 +0000] "GET /wp-content/themes/signify-education/assets/css/child-blocks.css?ver=20260103-12349 HTTP/1.1" 200 378 "https://2-createawebsite.com/respecting-wordpress-the-best-tips-and-tricks-are-here/" "Mozilla/5.0 (Macintosh; Intel Mac OS X 10_15_7) AppleWebKit/537.36 (KHTML, like Gecko) Chrome/131.0.0.0 Safari/537.36; ClaudeBot/1.0; +claudebot@anthropic.com)"
3.144.181.60 - - [27/Apr/2026:21:57:42 +0000] "GET /wp-content/fonts/b3bf202777806a0a97792dd5a26c47ec.css HTTP/1.1" 200 1697 "https://2-createawebsite.com/respecting-wordpress-the-best-tips-and-tricks-are-here/" "Mozilla/5.0 (Macintosh; Intel Mac OS X 10_15_7) AppleWebKit/537.36 (KHTML, like Gecko) Chrome/131.0.0.0 Safari/537.36; ClaudeBot/1.0; +claudebot@anthropic.com)"
3.144.181.60 - - [27/Apr/2026:21:57:42 +0000] "GET /wp-content/themes/signify/css/font-awesome/css/all.min.css?ver=6.7.2 HTTP/1.1" 200 21501 "https://2-createawebsite.com/respecting-wordpress-the-best-tips-and-tricks-are-here/" "Mozilla/5.0 (Macintosh; Intel Mac OS X 10_15_7) AppleWebKit/537.36 (KHTML, like Gecko) Chrome/131.0.0.0 Safari/537.36; ClaudeBot/1.0; +claudebot@anthropic.com)"
3.144.181.60 - - [27/Apr/2026:21:57:43 +0000] "GET /wp-content/themes/signify/js/skip-link-focus-fix.min.js?ver=201800703 HTTP/1.1" 200 298 "https://2-createawebsite.com/respecting-wordpress-the-best-tips-and-tricks-are-here/" "Mozilla/5.0 (Macintosh; Intel Mac OS X 10_15_7) AppleWebKit/537.36 (KHTML, like Gecko) Chrome/131.0.0.0 Safari/537.36; ClaudeBot/1.0; +claudebot@anthropic.com)"
3.144.181.60 - - [27/Apr/2026:21:57:43 +0000] "GET /wp-content/themes/signify/js/functions.min.js?ver=201800703 HTTP/1.1" 200 2530 "https://2-createawebsite.com/respecting-wordpress-the-best-tips-and-tricks-are-here/" "Mozilla/5.0 (Macintosh; Intel Mac OS X 10_15_7) AppleWebKit/537.36 (KHTML, like Gecko) Chrome/131.0.0.0 Safari/537.36; ClaudeBot/1.0; +claudebot@anthropic.com)"
3.144.181.60 - - [27/Apr/2026:21:57:43 +0000] "GET /wp-content/plugins/wp-consent-api/assets/js/wp-consent-api.min.js?ver=2.0.1 HTTP/1.1" 200 822 "https://2-createawebsite.com/respecting-wordpress-the-best-tips-and-tricks-are-here/" "Mozilla/5.0 (Macintosh; Intel Mac OS X 10_15_7) AppleWebKit/537.36 (KHTML, like Gecko) Chrome/131.0.0.0 Safari/537.36; ClaudeBot/1.0; +claudebot@anthropic.com)"
3.144.181.60 - - [27/Apr/2026:21:57:43 +0000] "GET /wp-content/plugins/google-site-kit/dist/assets/js/googlesitekit-consent-mode-bc2e26cfa69fcd4a8261.js HTTP/1.1" 200 25395 "https://2-createawebsite.com/respecting-wordpress-the-best-tips-and-tricks-are-here/" "Mozilla/5.0 (Macintosh; Intel Mac OS X 10_15_7) AppleWebKit/537.36 (KHTML, like Gecko) Chrome/131.0.0.0 Safari/537.36; ClaudeBot/1.0; +claudebot@anthropic.com)"
3.144.181.60 - - [27/Apr/2026:21:57:43 +0000] "GET /wp-content/fonts/open-sans/memSYaGs126MiZpBA-UvWbX2vVnXBbObj2OVZyOOSr4dVJWUgsjZ0B4gaVI.woff2 HTTP/1.1" 200 18663 "https://2-createawebsite.com/wp-content/fonts/b3bf202777806a0a97792dd5a26c47ec.css" "Mozilla/5.0 (Macintosh; Intel Mac OS X 10_15_7) AppleWebKit/537.36 (KHTML, like Gecko) Chrome/131.0.0.0 Safari/537.36; ClaudeBot/1.0; +claudebot@anthropic.com)"
3.144.181.60 - - [27/Apr/2026:21:57:43 +0000] "GET /wp-content/fonts/playfair-display/nuFvD-vYSZviVYUb_rj3ij__anPXJzDwcbmjWBN2PKdFvXDXbtM.woff2 HTTP/1.1" 200 21828 "https://2-createawebsite.com/wp-content/fonts/b3bf202777806a0a97792dd5a26c47ec.css" "Mozilla/5.0 (Macintosh; Intel Mac OS X 10_15_7) AppleWebKit/537.36 (KHTML, like Gecko) Chrome/131.0.0.0 Safari/537.36; ClaudeBot/1.0; +claudebot@anthropic.com)"
3.144.181.60 - - [27/Apr/2026:21:57:43 +0000] "GET /wp-content/themes/signify/css/font-awesome/webfonts/fa-solid-900.woff2 HTTP/1.1" 200 158263 "https://2-createawebsite.com/wp-content/themes/signify/css/font-awesome/css/all.min.css?ver=6.7.2" "Mozilla/5.0 (Macintosh; Intel Mac OS X 10_15_7) AppleWebKit/537.36 (KHTML, like Gecko) Chrome/131.0.0.0 Safari/537.36; ClaudeBot/1.0; +claudebot@anthropic.com)"
192.0.101.190 - - [27/Apr/2026:21:57:43 +0000] "GET /wp-content/uploads/2020/02/respecting_wordpress_the_best_tips_and_tricks_are_here.jpg HTTP/1.1" 404 36247 "-" "Photon/1.0"
3.144.181.60 - - [27/Apr/2026:21:57:44 +0000] "GET /wp-includes/js/wp-emoji-release.min.js?ver=6.9.4 HTTP/1.1" 200 5375 "https://2-createawebsite.com/respecting-wordpress-the-best-tips-and-tricks-are-here/" "Mozilla/5.0 (Macintosh; Intel Mac OS X 10_15_7) AppleWebKit/537.36 (KHTML, like Gecko) Chrome/131.0.0.0 Safari/537.36; ClaudeBot/1.0; +claudebot@anthropic.com)"
3.144.181.60 - - [27/Apr/2026:21:57:43 +0000] "GET /respecting-wordpress-the-best-tips-and-tricks-are-here/?relatedposts=1 HTTP/1.1" 200 1250 "https://2-createawebsite.com/respecting-wordpress-the-best-tips-and-tricks-are-here/" "Mozilla/5.0 (Macintosh; Intel Mac OS X 10_15_7) AppleWebKit/537.36 (KHTML, like Gecko) Chrome/131.0.0.0 Safari/537.36; ClaudeBot/1.0; +claudebot@anthropic.com)"
192.0.101.216 - - [27/Apr/2026:21:57:47 +0000] "GET /wp-content/uploads/2020/02/relating_to_wordpress_the_secrets_in_this_article_are_priceless.jpg HTTP/1.1" 404 36256 "-" "Photon/1.0"
192.0.100.82 - - [27/Apr/2026:21:57:47 +0000] "GET /wp-content/uploads/2019/10/57e5d7414857a514f6da8c7dda793278143fdef85254764b762973d29645_640.jpg HTTP/1.1" 404 36257 "-" "Photon/1.0"
192.0.100.227 - - [27/Apr/2026:21:57:47 +0000] "GET /wp-content/uploads/2019/12/53e8dc424853b108f5d08460962d317f153fc3e456567749772b73d395_640.jpg HTTP/1.1" 404 36255 "-" "Photon/1.0"
14.239.133.103 - - [27/Apr/2026:21:57:53 +0000] "GET /simple-steps-to-help-you-better-understand-wordpress-2/ HTTP/1.1" 200 14987 "-" "Mozilla/5.0 (Macintosh; Intel Mac OS X 10_14_3) AppleWebKit/537.36 (KHTML, like Gecko) Chrome/73.0.3683.103 Safari/537.36"
57.141.18.58 - - [27/Apr/2026:21:58:06 +0000] "GET /54e6d0424950b108f5d08460962d317f153fc3e45656704b7c2e78d29f_640-jpg/ HTTP/1.1" 200 45628 "-" "meta-externalagent/1.1 (+https://developers.facebook.com/docs/sharing/webmasters/crawler)"
114.119.145.7 - - [27/Apr/2026:22:00:07 +0000] "GET /relating-to-wordpress-the-secrets-in-this-article-are-priceless-4 HTTP/1.1" 301 - "https://2-createawebsite.com/all-about-wordpress-weve-got-the-top-tips-online-2" "Mozilla/5.0 (Linux; Android 7.0;) AppleWebKit/537.36 (HTML, like Gecko) Mobile Safari/537.36 (compatible; PetalBot;+https://webmaster.petalsearch.com/site/petalbot)"
114.119.145.7 - - [27/Apr/2026:22:00:09 +0000] "GET /relating-to-wordpress-the-secrets-in-this-article-are-priceless-4/ HTTP/1.1" 200 14462 "https://2-createawebsite.com/all-about-wordpress-weve-got-the-top-tips-online-2" "Mozilla/5.0 (Linux; Android 7.0;) AppleWebKit/537.36 (HTML, like Gecko) Mobile Safari/537.36 (compatible; PetalBot;+https://webmaster.petalsearch.com/site/petalbot)"
57.141.18.118 - - [27/Apr/2026:22:00:47 +0000] "GET /55e4d7434351ae14f6da8c7dda793278143fdef852547740752e72d49445_640-jpg/ HTTP/1.1" 200 45636 "-" "meta-externalagent/1.1 (+https://developers.facebook.com/docs/sharing/webmasters/crawler)"
184.94.212.206 - - [27/Apr/2026:22:01:20 +0000] "POST /wp-cron.php?doing_wp_cron=1777327280.8624370098114013671875 HTTP/1.1" 200 - "-" "WordPress/6.9.4; https://2-createawebsite.com"
192.0.102.230 - - [27/Apr/2026:22:01:19 +0000] "HEAD / HTTP/1.1" 200 - "-" "jetmon/1.0 (Jetpack Site Uptime Monitor by WordPress.com)"
57.141.18.95 - - [27/Apr/2026:22:05:26 +0000] "GET /confused-about-wordpress-these-tips-can-help-3/ HTTP/1.1" 200 52144 "-" "meta-externalagent/1.1 (+https://developers.facebook.com/docs/sharing/webmasters/crawler)"
184.94.212.206 - - [27/Apr/2026:22:06:22 +0000] "POST /wp-cron.php?doing_wp_cron=1777327582.8659880161285400390625 HTTP/1.1" 200 - "-" "WordPress/6.9.4; https://2-createawebsite.com"
192.0.102.230 - - [27/Apr/2026:22:06:21 +0000] "HEAD / HTTP/1.1" 200 - "-" "jetmon/1.0 (Jetpack Site Uptime Monitor by WordPress.com)"
114.119.158.151 - - [27/Apr/2026:22:06:57 +0000] "GET /relating-to-wordpress-the-secrets-in-this-article-are-priceless-3/?share=x HTTP/1.1" 302 - "https://2-createawebsite.com/relating-to-wordpress-the-secrets-in-this-article-are-priceless-3/" "Mozilla/5.0 (Linux; Android 7.0;) AppleWebKit/537.36 (HTML, like Gecko) Mobile Safari/537.36 (compatible; PetalBot;+https://webmaster.petalsearch.com/site/petalbot)"
180.75.236.10 - - [27/Apr/2026:22:07:10 +0000] "GET /copyright-dcma-notice/?share=facebook HTTP/1.1" 302 - "-" "Mozilla/5.0 (Macintosh; Intel Mac OS X 10_15_7) AppleWebKit/537.36 (KHTML, like Gecko) Chrome/104.0.5112.102 Safari/537.36"
192.0.102.230 - - [27/Apr/2026:22:11:24 +0000] "HEAD / HTTP/1.1" 200 - "-" "jetmon/1.0 (Jetpack Site Uptime Monitor by WordPress.com)"
172.105.128.13 - - [27/Apr/2026:22:11:50 +0000] "GET / HTTP/1.1" 200 13644 "-" "Mozilla/5.0 (Macintosh; Intel Mac OS X 13_1) AppleWebKit/537.36 (KHTML, like Gecko) Chrome/108.0.0.0 Safari/537.36"
54.39.6.11 - - [27/Apr/2026:22:13:49 +0000] "GET /everything-there-is-to-know-about-wordpress-5/ HTTP/1.1" 200 14176 "-" "Mozilla/5.0 (compatible; AhrefsBot/7.0; +http://ahrefs.com/robot/)"
114.119.145.7 - - [27/Apr/2026:22:13:57 +0000] "GET /relating-to-wordpress-the-secrets-in-this-article-are-priceless-2?share=facebook HTTP/1.1" 302 - "https://2-createawebsite.com/relating-to-wordpress-the-secrets-in-this-article-are-priceless-2" "Mozilla/5.0 (Linux; Android 7.0;) AppleWebKit/537.36 (HTML, like Gecko) Mobile Safari/537.36 (compatible; PetalBot;+https://webmaster.petalsearch.com/site/petalbot)"
45.82.78.100 - - [27/Apr/2026:22:14:37 +0000] "GET / HTTP/1.1" 200 13643 "-" "Mozilla/5.0 (Windows NT 10.0; Win64; x64) AppleWebKit/537.36 (KHTML, like Gecko) Chrome/138.0.0.0 YaBrowser/25.8.0.0 Safari/537.36"
45.131.155.111 - - [27/Apr/2026:22:14:40 +0000] "GET /favicon.ico HTTP/1.1" 302 - "https://184.94.212.206/" "Mozilla/5.0 (Macintosh; Intel Mac OS X 10_15_7) AppleWebKit/537.36 (KHTML, like Gecko) Chrome/122.0.0.0 Safari/537.36"
192.0.96.186 - - [27/Apr/2026:22:14:42 +0000] "GET /wp-content/uploads/2024/02/cropped-Onaolapo-Adeyemi-Profile-Picture3.jpg HTTP/1.1" 200 42037 "-" "Photon/1.0"
45.131.155.100 - - [27/Apr/2026:22:14:44 +0000] "GET / HTTP/1.1" 200 13644 "-" "Mozilla/5.0 (Windows NT 10.0; Win64; x64) AppleWebKit/537.36 (KHTML, like Gecko) Chrome/138.0.7204.93 Safari/537.36"
45.131.155.100 - - [27/Apr/2026:22:14:44 +0000] "GET / HTTP/1.1" 200 13672 "-" "Mozilla/5.0 (Windows NT 10.0; Win64; x64) AppleWebKit/537.36 (KHTML, like Gecko) Chrome/109.0.0.0 Safari/537.36"
45.131.155.110 - - [27/Apr/2026:22:14:49 +0000] "GET /favicon.ico HTTP/1.1" 302 - "https://mail.2-createawebsite.com/" "Mozilla/5.0 (X11; Linux x86_64) AppleWebKit/537.36 (KHTML, like Gecko) Chrome/138.0.0.0 Safari/537.36"
45.131.155.111 - - [27/Apr/2026:22:14:52 +0000] "GET /favicon.ico HTTP/1.1" 302 - "https://2-createawebsite.com/" "Mozilla/5.0 (Windows NT 10.0; Win64; x64) AppleWebKit/537.36"
194.187.179.57 - - [27/Apr/2026:22:16:16 +0000] "GET / HTTP/1.0" 400 76981 "-" "-"
194.187.179.37 - - [27/Apr/2026:22:16:18 +0000] "GET / HTTP/1.0" 400 76981 "-" "-"
192.0.102.230 - - [27/Apr/2026:22:16:20 +0000] "HEAD / HTTP/1.1" 200 - "-" "jetmon/1.0 (Jetpack Site Uptime Monitor by WordPress.com)"
142.44.220.235 - - [27/Apr/2026:22:16:39 +0000] "GET /helpful-tips-about-wordpress-that-simple-to-follow/ HTTP/1.1" 200 14364 "-" "Mozilla/5.0 (compatible; AhrefsBot/7.0; +http://ahrefs.com/robot/)"
194.5.48.193 - - [27/Apr/2026:22:17:51 +0000] "<?xml version=\"1.0\" encoding=\"UTF-8\"?>" 404 36204 "-" "-"
194.5.48.194 - - [27/Apr/2026:22:17:51 +0000] "<?xml version=\"1.0\" encoding=\"UTF-8\"?>" 404 36204 "-" "-"
142.44.228.229 - - [27/Apr/2026:22:19:40 +0000] "GET /great-tips-for-getting-more-out-of-wordpress-4/ HTTP/1.1" 200 14628 "-" "Mozilla/5.0 (compatible; AhrefsBot/7.0; +http://ahrefs.com/robot/)"
184.94.212.206 - - [27/Apr/2026:22:20:43 +0000] "POST /wp-cron.php?doing_wp_cron=1777328443.0138370990753173828125 HTTP/1.1" 200 - "-" "WordPress/6.9.4; https://2-createawebsite.com"
114.119.146.109 - - [27/Apr/2026:22:20:41 +0000] "GET /regarding-wordpress-the-tips-here-are-golden/?share=x HTTP/1.1" 302 - "https://2-createawebsite.com/regarding-wordpress-the-tips-here-are-golden" "Mozilla/5.0 (Linux; Android 7.0;) AppleWebKit/537.36 (HTML, like Gecko) Mobile Safari/537.36 (compatible; PetalBot;+https://webmaster.petalsearch.com/site/petalbot)"
184.94.212.206 - - [27/Apr/2026:22:21:21 +0000] "POST /wp-cron.php?doing_wp_cron=1777328481.6811659336090087890625 HTTP/1.1" 200 - "-" "WordPress/6.9.4; https://2-createawebsite.com"
192.0.102.230 - - [27/Apr/2026:22:21:20 +0000] "HEAD / HTTP/1.1" 200 - "-" "jetmon/1.0 (Jetpack Site Uptime Monitor by WordPress.com)"
197.32.164.141 - - [27/Apr/2026:22:25:16 +0000] "GET /making-wordpress-work-for-you-tips-and-tricks-2/?share=x HTTP/1.1" 302 - "-" "Mozilla/5.0 (Macintosh; Intel Mac OS X 10_13_3) AppleWebKit/537.36 (KHTML, like Gecko) Chrome/66.0.3359.1 Safari/537.36"
184.94.212.206 - - [27/Apr/2026:22:26:25 +0000] "POST /wp-cron.php?doing_wp_cron=1777328785.1320159435272216796875 HTTP/1.1" 200 - "-" "WordPress/6.9.4; https://2-createawebsite.com"
54.39.89.183 - - [27/Apr/2026:22:26:23 +0000] "GET /getting-what-you-need-from-wordpress-tips-and-tricks/ HTTP/1.1" 200 15396 "-" "Mozilla/5.0 (compatible; AhrefsBot/7.0; +http://ahrefs.com/robot/)"
192.0.102.230 - - [27/Apr/2026:22:26:24 +0000] "HEAD / HTTP/1.1" 200 - "-" "jetmon/1.0 (Jetpack Site Uptime Monitor by WordPress.com)"
103.113.103.88 - - [27/Apr/2026:22:27:13 +0000] "GET /tag/newest-version/ HTTP/1.1" 200 11385 "-" "Mozilla/5.0 (Macintosh; Intel Mac OS X 10_15_1) AppleWebKit/537.36 (KHTML, like Gecko) Chrome/80.0.3987.122 Safari/537.36"
114.119.146.219 - - [27/Apr/2026:22:27:33 +0000] "GET /professional-website-creation-what-you-need-to-know?share=x HTTP/1.1" 302 - "-" "Mozilla/5.0 (Linux; Android 7.0;) AppleWebKit/537.36 (HTML, like Gecko) Mobile Safari/537.36 (compatible; PetalBot;+https://webmaster.petalsearch.com/site/petalbot)"
148.113.130.185 - - [27/Apr/2026:22:29:12 +0000] "GET /great-tips-for-getting-more-out-of-wordpress/ HTTP/1.1" 200 14464 "-" "Mozilla/5.0 (compatible; AhrefsBot/7.0; +http://ahrefs.com/robot/)"
176.29.56.24 - - [27/Apr/2026:22:29:23 +0000] "GET /tag/blog-post/ HTTP/1.1" 200 12061 "-" "Mozilla/5.0 (Windows NT 6.1; Win64; x64) AppleWebKit/537.36 (KHTML, like Gecko) Chrome/79.0.3945.117 Safari/537.36"
216.73.217.37 - - [27/Apr/2026:22:29:31 +0000] "GET /robots.txt HTTP/1.1" 200 125 "-" "Mozilla/5.0 AppleWebKit/537.36 (KHTML, like Gecko; compatible; ClaudeBot/1.0; +claudebot@anthropic.com)"
216.73.217.37 - - [27/Apr/2026:22:29:32 +0000] "GET /news-sitemap.xml HTTP/1.1" 200 313 "-" "Mozilla/5.0 AppleWebKit/537.36 (KHTML, like Gecko; compatible; ClaudeBot/1.0; +claudebot@anthropic.com)"
192.0.102.230 - - [27/Apr/2026:22:31:19 +0000] "HEAD / HTTP/1.1" 200 - "-" "jetmon/1.0 (Jetpack Site Uptime Monitor by WordPress.com)"
54.39.210.237 - - [27/Apr/2026:22:31:20 +0000] "GET /what-about-this-article-regarding-wordpress-has-experts-trembling-3/ HTTP/1.1" 200 14262 "-" "Mozilla/5.0 (compatible; AhrefsBot/7.0; +http://ahrefs.com/robot/)"
114.119.145.7 - - [27/Apr/2026:22:34:22 +0000] "GET /professional-website-creation-what-you-need-to-know/?share=x HTTP/1.1" 302 - "https://2-createawebsite.com/professional-website-creation-what-you-need-to-know" "Mozilla/5.0 (Linux; Android 7.0;) AppleWebKit/537.36 (HTML, like Gecko) Mobile Safari/537.36 (compatible; PetalBot;+https://webmaster.petalsearch.com/site/petalbot)"
184.94.212.206 - - [27/Apr/2026:22:36:22 +0000] "POST /wp-cron.php?doing_wp_cron=1777329382.5272250175476074218750 HTTP/1.1" 200 - "-" "WordPress/6.9.4; https://2-createawebsite.com"
192.0.102.230 - - [27/Apr/2026:22:36:21 +0000] "HEAD / HTTP/1.1" 200 - "-" "jetmon/1.0 (Jetpack Site Uptime Monitor by WordPress.com)"
123.20.40.213 - - [27/Apr/2026:22:38:46 +0000] "GET /great-tips-and-tricks-for-blogging-with-wordpress-6/ HTTP/1.1" 200 14460 "-" "Mozilla/5.0 (Windows NT 6.3; Win64; x64) AppleWebKit/537.36 (KHTML, like Gecko) Chrome/98.0.4758.81 Safari/537.36"
184.94.212.206 - - [27/Apr/2026:22:41:14 +0000] "POST /wp-cron.php?doing_wp_cron=1777329674.5709469318389892578125 HTTP/1.1" 200 - "-" "WordPress/6.9.4; https://2-createawebsite.com"
114.119.155.153 - - [27/Apr/2026:22:41:13 +0000] "GET /professional-website-creation-what-you-need-to-know/?share=facebook HTTP/1.1" 302 - "https://2-createawebsite.com/professional-website-creation-what-you-need-to-know" "Mozilla/5.0 (Linux; Android 7.0;) AppleWebKit/537.36 (HTML, like Gecko) Mobile Safari/537.36 (compatible; PetalBot;+https://webmaster.petalsearch.com/site/petalbot)"
192.0.102.230 - - [27/Apr/2026:22:41:18 +0000] "HEAD / HTTP/1.1" 200 - "-" "jetmon/1.0 (Jetpack Site Uptime Monitor by WordPress.com)"
57.141.18.72 - - [27/Apr/2026:22:44:06 +0000] "GET /using-wordpress-to-create-your-own-blog/ HTTP/1.1" 200 53381 "-" "meta-externalagent/1.1 (+https://developers.facebook.com/docs/sharing/webmasters/crawler)"
47.128.55.239 - - [27/Apr/2026:22:44:22 +0000] "-" 408 - "-" "-"
54.39.6.127 - - [27/Apr/2026:22:45:44 +0000] "GET /want-expert-advice-on-wordpress-read-this-article/ HTTP/1.1" 200 15593 "-" "Mozilla/5.0 (compatible; AhrefsBot/7.0; +http://ahrefs.com/robot/)"
184.94.212.206 - - [27/Apr/2026:22:46:19 +0000] "POST /wp-cron.php?doing_wp_cron=1777329979.3750920295715332031250 HTTP/1.1" 200 - "-" "WordPress/6.9.4; https://2-createawebsite.com"
192.0.102.230 - - [27/Apr/2026:22:46:18 +0000] "HEAD / HTTP/1.1" 200 - "-" "jetmon/1.0 (Jetpack Site Uptime Monitor by WordPress.com)"
114.119.146.219 - - [27/Apr/2026:22:48:00 +0000] "GET /professional-website-creation-what-you-need-to-know/ HTTP/1.1" 200 15425 "https://2-createawebsite.com/understanding-what-it-takes-to-be-a-web-designer" "Mozilla/5.0 (Linux; Android 7.0;) AppleWebKit/537.36 (HTML, like Gecko) Mobile Safari/537.36 (compatible; PetalBot;+https://webmaster.petalsearch.com/site/petalbot)"
184.94.212.206 - - [27/Apr/2026:22:48:42 +0000] "POST /wp-cron.php?doing_wp_cron=1777330122.5119218826293945312500 HTTP/1.1" 200 - "-" "WordPress/6.9.4; https://2-createawebsite.com"
77.75.78.165 - - [27/Apr/2026:22:48:41 +0000] "GET /image-sitemap-1.xml HTTP/1.1" 200 8254 "-" "Mozilla/5.0 (compatible; SeznamBot/4.0; +https://o-seznam.cz/napoveda/vyhledavani/en/seznambot-crawler/)"
184.94.212.206 - - [27/Apr/2026:22:51:21 +0000] "POST /wp-cron.php?doing_wp_cron=1777330281.2685189247131347656250 HTTP/1.1" 200 - "-" "WordPress/6.9.4; https://2-createawebsite.com"
192.0.102.230 - - [27/Apr/2026:22:51:19 +0000] "HEAD / HTTP/1.1" 200 - "-" "jetmon/1.0 (Jetpack Site Uptime Monitor by WordPress.com)"
47.128.22.199 - - [27/Apr/2026:22:53:45 +0000] "-" 408 - "-" "-"
47.128.22.199 - - [27/Apr/2026:22:53:45 +0000] "-" 408 - "-" "-"
213.209.159.175 - - [27/Apr/2026:22:54:33 +0000] "HEAD /.env HTTP/1.1" 404 - "-" "Mozilla/5.0 (X11; Linux x86_64) AppleWebKit/537.36 (KHTML, like Gecko) Chrome/52.0.2739.0 Safari/537.36 OPR/39.0.2248.0 (Edition developer)"
114.119.133.134 - - [27/Apr/2026:22:54:56 +0000] "GET /privacy-policy?share=x HTTP/1.1" 302 - "https://2-createawebsite.com/privacy-policy" "Mozilla/5.0 (Linux; Android 7.0;) AppleWebKit/537.36 (HTML, like Gecko) Mobile Safari/537.36 (compatible; PetalBot;+https://webmaster.petalsearch.com/site/petalbot)"
103.18.14.13 - - [27/Apr/2026:22:55:47 +0000] "GET /helpful-hints-for-using-wordpress-successfully-3/ HTTP/1.1" 200 13869 "-" "Mozilla/5.0 (Windows NT 10.0; Win64; x64) AppleWebKit/537.36 (KHTML, like Gecko) Chrome/85.0.4183.48 Safari/537.36"
184.94.212.206 - - [27/Apr/2026:22:56:21 +0000] "POST /wp-cron.php?doing_wp_cron=1777330581.7265429496765136718750 HTTP/1.1" 200 - "-" "WordPress/6.9.4; https://2-createawebsite.com"
192.0.102.230 - - [27/Apr/2026:22:56:20 +0000] "HEAD / HTTP/1.1" 200 - "-" "jetmon/1.0 (Jetpack Site Uptime Monitor by WordPress.com)"
54.39.6.138 - - [27/Apr/2026:22:56:29 +0000] "GET /relating-to-wordpress-the-secrets-in-this-article-are-priceless-3/ HTTP/1.1" 200 14283 "-" "Mozilla/5.0 (compatible; AhrefsBot/7.0; +http://ahrefs.com/robot/)"
57.141.18.108 - - [27/Apr/2026:22:56:41 +0000] "GET /tips-and-tricks-for-improving-your-wordpress-skills/ HTTP/1.1" 200 53446 "-" "meta-externalagent/1.1 (+https://developers.facebook.com/docs/sharing/webmasters/crawler)"
57.141.18.61 - - [27/Apr/2026:22:58:47 +0000] "GET /everything-there-is-to-know-about-wordpress/ HTTP/1.1" 200 56245 "-" "meta-externalagent/1.1 (+https://developers.facebook.com/docs/sharing/webmasters/crawler)"
184.94.212.206 - - [27/Apr/2026:23:01:20 +0000] "POST /wp-cron.php?doing_wp_cron=1777330880.9441139698028564453125 HTTP/1.1" 200 - "-" "WordPress/6.9.4; https://2-createawebsite.com"
192.0.102.230 - - [27/Apr/2026:23:01:19 +0000] "HEAD / HTTP/1.1" 200 - "-" "jetmon/1.0 (Jetpack Site Uptime Monitor by WordPress.com)"
114.119.133.134 - - [27/Apr/2026:23:01:47 +0000] "GET /privacy-policy?share=facebook HTTP/1.1" 302 - "https://2-createawebsite.com/privacy-policy" "Mozilla/5.0 (Linux; Android 7.0;) AppleWebKit/537.36 (HTML, like Gecko) Mobile Safari/537.36 (compatible; PetalBot;+https://webmaster.petalsearch.com/site/petalbot)"
47.128.55.217 - - [27/Apr/2026:23:03:55 +0000] "-" 408 - "-" "-"
184.94.212.206 - - [27/Apr/2026:23:06:21 +0000] "POST /wp-cron.php?doing_wp_cron=1777331181.8814730644226074218750 HTTP/1.1" 200 - "-" "WordPress/6.9.4; https://2-createawebsite.com"
184.94.212.206 - - [27/Apr/2026:23:06:21 +0000] "POST /?wordfence_syncAttackData=1777331181.0552 HTTP/1.1" 200 - "-" "WordPress/6.9.4; https://2-createawebsite.com"
192.0.102.230 - - [27/Apr/2026:23:06:20 +0000] "HEAD / HTTP/1.1" 200 - "-" "jetmon/1.0 (Jetpack Site Uptime Monitor by WordPress.com)"
184.94.212.206 - - [27/Apr/2026:23:06:58 +0000] "POST /?wordfence_syncAttackData=1777331218.3874 HTTP/1.1" 200 - "-" "WordPress/6.9.4; https://2-createawebsite.com"
81.29.142.100 - - [27/Apr/2026:23:06:57 +0000] "GET / HTTP/1.1" 200 77712 "-" "Mozilla/5.0 (Macintosh; Intel Mac OS X 10_15_5) AppleWebKit/605.1.15 (KHTML, like Gecko) Version/13.1.1 Safari/605.1.15"
81.29.142.100 - - [27/Apr/2026:23:07:04 +0000] "GET /.well-known/security.txt HTTP/1.1" 404 36244 "-" "Mozilla/5.0 (Macintosh; Intel Mac OS X 10_15_5) AppleWebKit/605.1.15 (KHTML, like Gecko) Version/13.1.1 Safari/605.1.15"
81.29.142.100 - - [27/Apr/2026:23:07:17 +0000] "GET /security.txt HTTP/1.1" 404 36232 "-" "Mozilla/5.0 (Macintosh; Intel Mac OS X 10_15_5) AppleWebKit/605.1.15 (KHTML, like Gecko) Version/13.1.1 Safari/605.1.15"
114.119.140.50 - - [27/Apr/2026:23:08:32 +0000] "GET /privacy-policy/?share=facebook HTTP/1.1" 302 - "https://2-createawebsite.com/privacy-policy" "Mozilla/5.0 (Linux; Android 7.0;) AppleWebKit/537.36 (HTML, like Gecko) Mobile Safari/537.36 (compatible; PetalBot;+https://webmaster.petalsearch.com/site/petalbot)"
173.255.237.49 - - [27/Apr/2026:23:10:37 +0000] "GET / HTTP/1.0" 200 77646 "-" "-"
57.141.18.45 - - [27/Apr/2026:23:11:16 +0000] "GET /helpful-advice-on-getting-the-most-from-wordpress-5/ HTTP/1.1" 200 53173 "-" "meta-externalagent/1.1 (+https://developers.facebook.com/docs/sharing/webmasters/crawler)"
192.0.102.230 - - [27/Apr/2026:23:11:19 +0000] "HEAD / HTTP/1.1" 200 - "-" "jetmon/1.0 (Jetpack Site Uptime Monitor by WordPress.com)"
58.229.188.59 - - [27/Apr/2026:23:11:55 +0000] "GET /admin/config.php HTTP/1.0" 404 36236 "-" "Mozilla/5.0 (Windows NT 10.0; Win64; x64) AppleWebKit/537.36"
114.119.155.153 - - [27/Apr/2026:23:15:24 +0000] "GET /privacy-policy/ HTTP/1.1" 200 14208 "https://2-createawebsite.com/terrific-advice-for-making-wordpress-work-for-you-3/" "Mozilla/5.0 (Linux; Android 7.0;) AppleWebKit/537.36 (HTML, like Gecko) Mobile Safari/537.36 (compatible; PetalBot;+https://webmaster.petalsearch.com/site/petalbot)"
184.94.212.206 - - [27/Apr/2026:23:16:20 +0000] "POST /wp-cron.php?doing_wp_cron=1777331780.5284409523010253906250 HTTP/1.1" 200 - "-" "WordPress/6.9.4; https://2-createawebsite.com"
192.0.102.230 - - [27/Apr/2026:23:16:19 +0000] "HEAD / HTTP/1.1" 200 - "-" "jetmon/1.0 (Jetpack Site Uptime Monitor by WordPress.com)"
45.173.230.224 - - [27/Apr/2026:23:17:45 +0000] "GET /top-tips-and-tricks-to-use-wordpress-2/?share=facebook HTTP/1.1" 302 - "-" "Mozilla/5.0 (Macintosh; Intel Mac OS X 10_11_6) AppleWebKit/537.36 (KHTML, like Gecko) Chrome/90.0.4430.93 Safari/537.36"
54.39.203.99 - - [27/Apr/2026:23:17:52 +0000] "GET /making-wordpress-work-for-you-tips-and-tricks-4/ HTTP/1.1" 200 14816 "-" "Mozilla/5.0 (compatible; AhrefsBot/7.0; +http://ahrefs.com/robot/)"
14.233.84.107 - - [27/Apr/2026:23:18:30 +0000] "GET /new-to-wordpress-these-tips-can-help-2/ HTTP/1.1" 200 14554 "-" "Mozilla/5.0 (Windows NT 10.0; WOW64) AppleWebKit/537.36 (KHTML, like Gecko) Chrome/75.0.3770.100 ADG/11.0.2470 AOLBUILD/11.0.2470 Safari/537.36"
184.94.212.206 - - [27/Apr/2026:23:21:21 +0000] "POST /wp-cron.php?doing_wp_cron=1777332081.3877389430999755859375 HTTP/1.1" 200 - "-" "WordPress/6.9.4; https://2-createawebsite.com"
192.0.102.230 - - [27/Apr/2026:23:21:20 +0000] "HEAD / HTTP/1.1" 200 - "-" "jetmon/1.0 (Jetpack Site Uptime Monitor by WordPress.com)"
184.94.212.206 - - [27/Apr/2026:23:22:32 +0000] "POST /wp-cron.php?doing_wp_cron=1777332152.1496748924255371093750 HTTP/1.1" 200 - "-" "WordPress/6.9.4; https://2-createawebsite.com"
114.119.146.219 - - [27/Apr/2026:23:22:30 +0000] "GET /page/9/ HTTP/1.1" 200 14167 "https://2-createawebsite.com/page/9/" "Mozilla/5.0 (Linux; Android 7.0;) AppleWebKit/537.36 (HTML, like Gecko) Mobile Safari/537.36 (compatible; PetalBot;+https://webmaster.petalsearch.com/site/petalbot)"
77.75.79.109 - - [27/Apr/2026:23:22:38 +0000] "GET /sitemap-1.xml HTTP/1.1" 200 4518 "-" "Mozilla/5.0 (compatible; SeznamBot/4.0; +https://o-seznam.cz/napoveda/vyhledavani/en/seznambot-crawler/)"
173.255.237.49 - - [27/Apr/2026:23:24:35 +0000] "GET / HTTP/1.1" 200 77712 "-" "Mozilla/5.0 (compatible; Nmap Scripting Engine; https://nmap.org/book/nse.html)"
173.255.237.49 - - [27/Apr/2026:23:24:35 +0000] "PROPFIND / HTTP/1.1" 200 77712 "-" "Mozilla/5.0 (compatible; Nmap Scripting Engine; https://nmap.org/book/nse.html)"
173.255.237.49 - - [27/Apr/2026:23:24:37 +0000] "GET /favicon.ico HTTP/1.1" 302 - "-" "Mozilla/5.0 (compatible; Nmap Scripting Engine; https://nmap.org/book/nse.html)"
173.255.237.49 - - [27/Apr/2026:23:24:37 +0000] "HEAD / HTTP/1.1" 200 - "-" "AnyConnect Darwin_i386 3.1.05160"
173.255.237.49 - - [27/Apr/2026:23:24:38 +0000] "GET /.git/HEAD HTTP/1.1" 404 36229 "-" "Mozilla/5.0 (compatible; Nmap Scripting Engine; https://nmap.org/book/nse.html)"
173.255.237.49 - - [27/Apr/2026:23:24:39 +0000] "PROPFIND / HTTP/1.1" 200 77712 "-" "Mozilla/5.0 (compatible; Nmap Scripting Engine; https://nmap.org/book/nse.html)"
173.255.237.49 - - [27/Apr/2026:23:24:39 +0000] "POST / HTTP/1.1" 200 77712 "-" "AnyConnect Darwin_i386 3.1.05160"
173.255.237.49 - - [27/Apr/2026:23:24:39 +0000] "OPTIONS / HTTP/1.1" 200 77712 "-" "Mozilla/5.0 (compatible; Nmap Scripting Engine; https://nmap.org/book/nse.html)"
173.255.237.49 - - [27/Apr/2026:23:24:39 +0000] "GET / HTTP/1.0" 400 76981 "-" "-"
173.255.237.49 - - [27/Apr/2026:23:24:40 +0000] "PROPFIND / HTTP/1.1" 200 77712 "-" "Mozilla/5.0 (compatible; Nmap Scripting Engine; https://nmap.org/book/nse.html)"
173.255.237.49 - - [27/Apr/2026:23:25:14 +0000] "OPTIONS / HTTP/1.1" 200 77712 "-" "Mozilla/5.0 (compatible; Nmap Scripting Engine; https://nmap.org/book/nse.html)"
173.255.237.49 - - [27/Apr/2026:23:25:15 +0000] "QILQ / HTTP/1.1" 200 77712 "-" "Mozilla/5.0 (compatible; Nmap Scripting Engine; https://nmap.org/book/nse.html)"
173.255.237.49 - - [27/Apr/2026:23:25:16 +0000] "GET / HTTP/1.1" 200 77712 "-" "Mozilla/5.0 (compatible; Nmap Scripting Engine; https://nmap.org/book/nse.html)"
173.255.237.49 - - [27/Apr/2026:23:25:18 +0000] "HEAD / HTTP/1.1" 200 - "-" "Mozilla/5.0 (compatible; Nmap Scripting Engine; https://nmap.org/book/nse.html)"
173.255.237.49 - - [27/Apr/2026:23:25:19 +0000] "POST / HTTP/1.1" 200 77712 "-" "Mozilla/5.0 (compatible; Nmap Scripting Engine; https://nmap.org/book/nse.html)"
173.255.237.49 - - [27/Apr/2026:23:25:20 +0000] "GET / HTTP/1.0" 400 76981 "-" "-"
173.255.237.49 - - [27/Apr/2026:23:25:21 +0000] "OPTIONS / HTTP/1.1" 200 77712 "-" "Mozilla/5.0 (compatible; Nmap Scripting Engine; https://nmap.org/book/nse.html)"
184.94.212.206 - - [27/Apr/2026:23:26:18 +0000] "POST /wp-cron.php?doing_wp_cron=1777332378.8466570377349853515625 HTTP/1.1" 200 - "-" "WordPress/6.9.4; https://2-createawebsite.com"
192.0.102.230 - - [27/Apr/2026:23:26:17 +0000] "HEAD / HTTP/1.1" 200 - "-" "jetmon/1.0 (Jetpack Site Uptime Monitor by WordPress.com)"
148.113.128.225 - - [27/Apr/2026:23:27:08 +0000] "GET /making-wordpress-work-for-you-tips-and-tricks/ HTTP/1.1" 200 14776 "-" "Mozilla/5.0 (compatible; AhrefsBot/7.0; +http://ahrefs.com/robot/)"
216.73.217.37 - - [27/Apr/2026:23:27:43 +0000] "GET /sitemap.xml HTTP/1.1" 200 307 "-" "Mozilla/5.0 AppleWebKit/537.36 (KHTML, like Gecko; compatible; ClaudeBot/1.0; +claudebot@anthropic.com)"
114.119.158.151 - - [27/Apr/2026:23:29:20 +0000] "GET /page/8 HTTP/1.1" 301 - "https://2-createawebsite.com/page/8" "Mozilla/5.0 (Linux; Android 7.0;) AppleWebKit/537.36 (HTML, like Gecko) Mobile Safari/537.36 (compatible; PetalBot;+https://webmaster.petalsearch.com/site/petalbot)"
114.119.158.151 - - [27/Apr/2026:23:29:22 +0000] "GET /page/8/ HTTP/1.1" 200 13632 "https://2-createawebsite.com/page/8" "Mozilla/5.0 (Linux; Android 7.0;) AppleWebKit/537.36 (HTML, like Gecko) Mobile Safari/537.36 (compatible; PetalBot;+https://webmaster.petalsearch.com/site/petalbot)"
192.0.102.230 - - [27/Apr/2026:23:31:17 +0000] "HEAD / HTTP/1.1" 200 - "-" "jetmon/1.0 (Jetpack Site Uptime Monitor by WordPress.com)"
57.141.18.47 - - [27/Apr/2026:23:32:14 +0000] "GET /54e6d0424953b108f5d08460962d317f153fc3e45657784b7c2c72d292_640-jpg/ HTTP/1.1" 200 45629 "-" "meta-externalagent/1.1 (+https://developers.facebook.com/docs/sharing/webmasters/crawler)"
77.75.79.109 - - [27/Apr/2026:23:34:37 +0000] "GET /sitemap.xml HTTP/1.1" 200 307 "-" "Mozilla/5.0 (compatible; SeznamBot/4.0; +https://o-seznam.cz/napoveda/vyhledavani/en/seznambot-crawler/)"
184.94.212.206 - - [27/Apr/2026:23:36:24 +0000] "POST /wp-cron.php?doing_wp_cron=1777332984.1934130191802978515625 HTTP/1.1" 200 - "-" "WordPress/6.9.4; https://2-createawebsite.com"
192.0.102.230 - - [27/Apr/2026:23:36:22 +0000] "HEAD / HTTP/1.1" 200 - "-" "jetmon/1.0 (Jetpack Site Uptime Monitor by WordPress.com)"
57.141.18.13 - - [27/Apr/2026:23:37:00 +0000] "GET /57e6d24a4851ac14f6da8c7dda793278143fdef852547741722b79dd9544_640-jpg/ HTTP/1.1" 200 45636 "-" "meta-externalagent/1.1 (+https://developers.facebook.com/docs/sharing/webmasters/crawler)"
114.119.155.153 - - [27/Apr/2026:23:37:41 +0000] "GET /page/5 HTTP/1.1" 301 - "https://2-createawebsite.com/page/4" "Mozilla/5.0 (Linux; Android 7.0;) AppleWebKit/537.36 (HTML, like Gecko) Mobile Safari/537.36 (compatible; PetalBot;+https://webmaster.petalsearch.com/site/petalbot)"
114.119.155.153 - - [27/Apr/2026:23:37:42 +0000] "GET /page/5/ HTTP/1.1" 200 12418 "https://2-createawebsite.com/page/4" "Mozilla/5.0 (Linux; Android 7.0;) AppleWebKit/537.36 (HTML, like Gecko) Mobile Safari/537.36 (compatible; PetalBot;+https://webmaster.petalsearch.com/site/petalbot)"
216.73.217.37 - - [27/Apr/2026:23:38:11 +0000] "GET /robots.txt HTTP/1.1" 500 1004 "-" "Mozilla/5.0 AppleWebKit/537.36 (KHTML, like Gecko; compatible; ClaudeBot/1.0; +claudebot@anthropic.com)"
184.94.212.206 - - [27/Apr/2026:23:41:23 +0000] "POST /wp-cron.php?doing_wp_cron=1777333283.8738460540771484375000 HTTP/1.1" 200 - "-" "WordPress/6.9.4; https://2-createawebsite.com"
192.0.102.230 - - [27/Apr/2026:23:41:22 +0000] "HEAD / HTTP/1.1" 200 - "-" "jetmon/1.0 (Jetpack Site Uptime Monitor by WordPress.com)"
114.119.140.13 - - [27/Apr/2026:23:43:21 +0000] "GET /page/4/ HTTP/1.1" 200 13856 "https://2-createawebsite.com/page/4/" "Mozilla/5.0 (Linux; Android 7.0;) AppleWebKit/537.36 (HTML, like Gecko) Mobile Safari/537.36 (compatible; PetalBot;+https://webmaster.petalsearch.com/site/petalbot)"
64.118.134.203 - - [27/Apr/2026:23:43:26 +0000] "GET / HTTP/1.1" 200 13673 "-" "Mozilla/5.0 (X11; Linux x86_64) AppleWebKit/537.36 (KHTML, like Gecko) Chrome/101.0.4951.54 Safari/537.36 Edg/101.0.1210.39"
64.118.134.203 - - [27/Apr/2026:23:43:27 +0000] "GET / HTTP/1.1" 200 13644 "-" "Mozilla/5.0 (Linux; U; Android 4.1.2; en-us; LG-P870/P87020d Build/JZO54K) AppleWebKit/534.30 (KHTML, like Gecko) Version/4.0 Mobile Safari/534.30"
47.84.105.131 - - [27/Apr/2026:23:43:27 +0000] "GET / HTTP/1.1" 301 - "-" "curl/7.64.1"
64.118.134.203 - - [27/Apr/2026:23:43:27 +0000] "GET / HTTP/1.1" 200 13644 "-" "Mozilla/5.0 (Linux; Android 11; SM-M515F) AppleWebKit/537.36 (KHTML, like Gecko) Chrome/101.0.4951.41 Mobile Safari/537.36"
64.118.134.203 - - [27/Apr/2026:23:43:28 +0000] "GET /feed/ HTTP/1.1" 200 19376 "-" "Mozilla/5.0 (X11; Linux x86_64) AppleWebKit/537.36 (KHTML, like Gecko) Chrome/101.0.4951.54 Safari/537.36 Edg/101.0.1210.39"
64.118.134.203 - - [27/Apr/2026:23:43:28 +0000] "GET / HTTP/1.1" 301 - "-" "Mozilla/5.0 (compatible; Konqueror/3.5; Linux 2.6.30-7.dmz.1-liquorix-686; X11) KHTML/3.5.10 (like Gecko) (Debian package 4:3.5.10.dfsg.1-1 b1)"
64.118.134.203 - - [27/Apr/2026:23:43:29 +0000] "GET /feed/ HTTP/1.1" 200 19376 "-" "Mozilla/5.0 (Linux; U; Android 4.1.2; en-us; LG-P870/P87020d Build/JZO54K) AppleWebKit/534.30 (KHTML, like Gecko) Version/4.0 Mobile Safari/534.30"
64.118.134.203 - - [27/Apr/2026:23:43:30 +0000] "GET /feed/ HTTP/1.1" 301 - "-" "Mozilla/5.0 (compatible; Konqueror/3.5; Linux 2.6.30-7.dmz.1-liquorix-686; X11) KHTML/3.5.10 (like Gecko) (Debian package 4:3.5.10.dfsg.1-1 b1)"
64.118.134.203 - - [27/Apr/2026:23:43:30 +0000] "GET / HTTP/1.1" 200 13644 "-" "Mozilla/5.0 (Macintosh; Intel Mac OS X 10_7_2; rv:10.0.1) Gecko/20100101 Firefox/10.0.1"
64.118.134.203 - - [27/Apr/2026:23:43:29 +0000] "GET /feed/ HTTP/1.1" 200 19376 "-" "Mozilla/5.0 (Linux; Android 11; SM-M515F) AppleWebKit/537.36 (KHTML, like Gecko) Chrome/101.0.4951.41 Mobile Safari/537.36"
64.118.134.203 - - [27/Apr/2026:23:43:29 +0000] "GET /wp-content/uploads/ HTTP/1.1" 404 9367 "-" "Mozilla/5.0 (X11; Linux x86_64) AppleWebKit/537.36 (KHTML, like Gecko) Chrome/101.0.4951.54 Safari/537.36 Edg/101.0.1210.39"
64.118.134.203 - - [27/Apr/2026:23:43:30 +0000] "GET / HTTP/1.1" 200 13644 "-" "Mozilla/5.0 (Linux; Android 12; SM-G991B) AppleWebKit/537.36 (KHTML, like Gecko) Chrome/100.0.4896.127 Mobile Safari/537.36 EdgA/100.0.1185.50"
64.118.134.203 - - [27/Apr/2026:23:43:32 +0000] "GET /feed/ HTTP/1.1" 200 19376 "-" "Mozilla/5.0 (Macintosh; Intel Mac OS X 10_7_2; rv:10.0.1) Gecko/20100101 Firefox/10.0.1"
