45.148.10.62 - - [27/Apr/2026:15:52:19 +0000] "GET /.env.bak HTTP/1.1" 404 9375 "-" "Mozilla/5.0 (X11; Linux x86_64) AppleWebKit/537.36 (KHTML, like Gecko) Chrome/131.0.0.0 Safari/537.36"
45.148.10.62 - - [27/Apr/2026:15:52:20 +0000] "GET /.env.save HTTP/1.1" 404 9376 "-" "Mozilla/5.0 (Macintosh; Intel Mac OS X 10_15_7) AppleWebKit/537.36 (KHTML, like Gecko) Chrome/131.0.0.0 Safari/537.36"
45.148.10.62 - - [27/Apr/2026:15:52:21 +0000] "GET /.env.local HTTP/1.1" 404 9376 "-" "Mozilla/5.0 (X11; Linux x86_64) AppleWebKit/537.36 (KHTML, like Gecko) Chrome/131.0.0.0 Safari/537.36"
45.148.10.62 - - [27/Apr/2026:15:52:22 +0000] "GET /backend/.env HTTP/1.1" 404 9376 "-" "Mozilla/5.0 (Windows NT 10.0; Win64; x64; rv:133.0) Gecko/20100101 Firefox/133.0"
45.148.10.62 - - [27/Apr/2026:15:52:23 +0000] "GET /admin/.env HTTP/1.1" 404 9375 "-" "Mozilla/5.0 (Windows NT 10.0; Win64; x64) AppleWebKit/537.36 (KHTML, like Gecko) Chrome/131.0.0.0 Safari/537.36"
45.148.10.62 - - [27/Apr/2026:15:52:24 +0000] "GET /.git/config HTTP/1.1" 404 9375 "-" "Mozilla/5.0 (Windows NT 10.0; Win64; x64; rv:133.0) Gecko/20100101 Firefox/133.0"
45.148.10.62 - - [27/Apr/2026:15:52:26 +0000] "GET /wp-config.php HTTP/1.1" 404 9374 "-" "Mozilla/5.0 (X11; Linux x86_64) AppleWebKit/537.36 (KHTML, like Gecko) Chrome/131.0.0.0 Safari/537.36"
184.94.212.206 - - [27/Apr/2026:15:52:26 +0000] "POST /?wordfence_syncAttackData=1777305146.7648 HTTP/1.1" 200 - "-" "WordPress/6.9.4; https://2-createawebsite.com"
45.148.10.62 - - [27/Apr/2026:15:52:28 +0000] "GET /wp-config.php.old HTTP/1.1" 404 9379 "-" "Mozilla/5.0 (Macintosh; Intel Mac OS X 10_15_7) AppleWebKit/537.36 (KHTML, like Gecko) Chrome/131.0.0.0 Safari/537.36"
45.148.10.62 - - [27/Apr/2026:15:52:29 +0000] "GET /config.php HTTP/1.1" 404 9373 "-" "Mozilla/5.0 (X11; Linux x86_64) AppleWebKit/537.36 (KHTML, like Gecko) Chrome/131.0.0.0 Safari/537.36"
45.148.10.62 - - [27/Apr/2026:15:52:30 +0000] "GET /config.php.bak HTTP/1.1" 404 9377 "-" "Mozilla/5.0 (X11; Linux x86_64) AppleWebKit/537.36 (KHTML, like Gecko) Chrome/131.0.0.0 Safari/537.36"
45.148.10.62 - - [27/Apr/2026:15:52:31 +0000] "GET /config.js HTTP/1.1" 404 9373 "-" "Mozilla/5.0 (Windows NT 10.0; Win64; x64; rv:133.0) Gecko/20100101 Firefox/133.0"
45.148.10.62 - - [27/Apr/2026:15:52:32 +0000] "GET /aws-config.js HTTP/1.1" 404 9376 "-" "Mozilla/5.0 (Windows NT 10.0; Win64; x64) AppleWebKit/537.36 (KHTML, like Gecko) Chrome/131.0.0.0 Safari/537.36"
45.148.10.62 - - [27/Apr/2026:15:52:33 +0000] "GET /aws.config.js HTTP/1.1" 404 9376 "-" "Mozilla/5.0 (Macintosh; Intel Mac OS X 10_15_7) AppleWebKit/537.36 (KHTML, like Gecko) Chrome/131.0.0.0 Safari/537.36"
45.148.10.62 - - [27/Apr/2026:15:52:34 +0000] "GET /phpinfo.php HTTP/1.1" 404 9373 "-" "Mozilla/5.0 (Windows NT 10.0; Win64; x64; rv:133.0) Gecko/20100101 Firefox/133.0"
45.148.10.62 - - [27/Apr/2026:15:52:35 +0000] "GET /.git/HEAD HTTP/1.1" 404 9377 "-" "Mozilla/5.0 (X11; Linux x86_64) AppleWebKit/537.36 (KHTML, like Gecko) Chrome/131.0.0.0 Safari/537.36"
45.148.10.62 - - [27/Apr/2026:15:52:36 +0000] "GET /.git/config HTTP/1.1" 404 9374 "-" "Mozilla/5.0 (Windows NT 10.0; Win64; x64; rv:133.0) Gecko/20100101 Firefox/133.0"
47.128.22.211 - - [27/Apr/2026:15:53:12 +0000] "-" 408 - "-" "-"
184.94.212.206 - - [27/Apr/2026:15:55:55 +0000] "POST /wp-cron.php?doing_wp_cron=1777305355.8391060829162597656250 HTTP/1.1" 200 - "-" "WordPress/6.9.4; https://2-createawebsite.com"
114.119.145.7 - - [27/Apr/2026:15:55:54 +0000] "GET /simple-secrets-about-wordpress-you-need-to-know-2/?share=x HTTP/1.1" 302 - "https://2-createawebsite.com/simple-secrets-about-wordpress-you-need-to-know-2/" "Mozilla/5.0 (Linux; Android 7.0;) AppleWebKit/537.36 (HTML, like Gecko) Mobile Safari/537.36 (compatible; PetalBot;+https://webmaster.petalsearch.com/site/petalbot)"
184.94.212.206 - - [27/Apr/2026:15:56:23 +0000] "POST /wp-cron.php?doing_wp_cron=1777305383.5253419876098632812500 HTTP/1.1" 200 - "-" "WordPress/6.9.4; https://2-createawebsite.com"
192.0.102.230 - - [27/Apr/2026:15:56:22 +0000] "HEAD / HTTP/1.1" 200 - "-" "jetmon/1.0 (Jetpack Site Uptime Monitor by WordPress.com)"
184.94.212.206 - - [27/Apr/2026:16:01:24 +0000] "POST /wp-cron.php?doing_wp_cron=1777305684.2970049381256103515625 HTTP/1.1" 200 - "-" "WordPress/6.9.4; https://2-createawebsite.com"
192.0.102.230 - - [27/Apr/2026:16:01:22 +0000] "HEAD / HTTP/1.1" 200 - "-" "jetmon/1.0 (Jetpack Site Uptime Monitor by WordPress.com)"
114.119.155.153 - - [27/Apr/2026:16:02:29 +0000] "GET /simple-secrets-about-wordpress-you-need-to-know-2/ HTTP/1.1" 200 14459 "https://2-createawebsite.com/simple-secrets-about-wordpress-you-need-to-know-2/" "Mozilla/5.0 (Linux; Android 7.0;) AppleWebKit/537.36 (HTML, like Gecko) Mobile Safari/537.36 (compatible; PetalBot;+https://webmaster.petalsearch.com/site/petalbot)"
185.218.138.59 - - [27/Apr/2026:16:02:55 +0000] "GET / HTTP/1.0" 400 76981 "-" "-"
185.218.138.59 - - [27/Apr/2026:16:02:57 +0000] "GET /+CSCOE+/logon.html HTTP/1.0" 404 9386 "https://www.google.com" "Mozilla/5.0 (X11; Linux x86_64) AppleWebKit/537.36 (KHTML, like Gecko) Chrome/119.0.0.0 Safari/537.36"
184.94.212.206 - - [27/Apr/2026:16:06:25 +0000] "POST /wp-cron.php?doing_wp_cron=1777305985.0529799461364746093750 HTTP/1.1" 200 - "-" "WordPress/6.9.4; https://2-createawebsite.com"
192.0.102.230 - - [27/Apr/2026:16:06:23 +0000] "HEAD / HTTP/1.1" 200 - "-" "jetmon/1.0 (Jetpack Site Uptime Monitor by WordPress.com)"
57.141.18.22 - - [27/Apr/2026:16:07:35 +0000] "GET /easy-blogging-tips-and-tricks-for-using-wordpress/ HTTP/1.1" 200 53072 "-" "meta-externalagent/1.1 (+https://developers.facebook.com/docs/sharing/webmasters/crawler)"
114.119.140.13 - - [27/Apr/2026:16:07:59 +0000] "GET /several-web-design-tips-to-improve-your-website?share=x HTTP/1.1" 302 - "-" "Mozilla/5.0 (Linux; Android 7.0;) AppleWebKit/537.36 (HTML, like Gecko) Mobile Safari/537.36 (compatible; PetalBot;+https://webmaster.petalsearch.com/site/petalbot)"
184.94.212.206 - - [27/Apr/2026:16:11:23 +0000] "POST /wp-cron.php?doing_wp_cron=1777306283.2029910087585449218750 HTTP/1.1" 200 - "-" "WordPress/6.9.4; https://2-createawebsite.com"
192.0.102.230 - - [27/Apr/2026:16:11:21 +0000] "HEAD / HTTP/1.1" 200 - "-" "jetmon/1.0 (Jetpack Site Uptime Monitor by WordPress.com)"
135.181.3.246 - - [27/Apr/2026:16:12:40 +0000] "GET /robots.txt HTTP/1.1" 200 125 "-" "Mozilla/5.0 (compatible; SERankingBacklinksBot/1.0; +https://seranking.com/backlinks-crawler)"
135.181.3.246 - - [27/Apr/2026:16:12:42 +0000] "GET /tag/broken-links/ HTTP/1.1" 200 10244 "-" "Mozilla/5.0 (compatible; SERankingBacklinksBot/1.0; +https://seranking.com/backlinks-crawler)"
135.181.3.246 - - [27/Apr/2026:16:12:47 +0000] "GET /robots.txt HTTP/1.1" 200 125 "-" "Mozilla/5.0 (compatible; SERankingBacklinksBot/1.0; +https://seranking.com/backlinks-crawler)"
135.181.3.246 - - [27/Apr/2026:16:12:48 +0000] "GET /robots.txt HTTP/1.1" 200 125 "-" "Mozilla/5.0 (compatible; SERankingBacklinksBot/1.0; +https://seranking.com/backlinks-crawler)"
135.181.3.246 - - [27/Apr/2026:16:12:49 +0000] "GET /robots.txt HTTP/1.1" 200 125 "-" "Mozilla/5.0 (compatible; SERankingBacklinksBot/1.0; +https://seranking.com/backlinks-crawler)"
135.181.3.246 - - [27/Apr/2026:16:12:51 +0000] "GET /robots.txt HTTP/1.1" 200 125 "-" "Mozilla/5.0 (compatible; SERankingBacklinksBot/1.0; +https://seranking.com/backlinks-crawler)"
135.181.3.246 - - [27/Apr/2026:16:12:53 +0000] "GET /robots.txt HTTP/1.1" 200 125 "-" "Mozilla/5.0 (compatible; SERankingBacklinksBot/1.0; +https://seranking.com/backlinks-crawler)"
135.181.3.246 - - [27/Apr/2026:16:12:54 +0000] "GET /tag/color-scheme/ HTTP/1.1" 200 10245 "-" "Mozilla/5.0 (compatible; SERankingBacklinksBot/1.0; +https://seranking.com/backlinks-crawler)"
114.119.155.153 - - [27/Apr/2026:16:13:59 +0000] "GET /seeking-knowledge-about-wordpress-you-need-to-read-this-article?share=facebook HTTP/1.1" 302 - "https://2-createawebsite.com/seeking-knowledge-about-wordpress-you-need-to-read-this-article" "Mozilla/5.0 (Linux; Android 7.0;) AppleWebKit/537.36 (HTML, like Gecko) Mobile Safari/537.36 (compatible; PetalBot;+https://webmaster.petalsearch.com/site/petalbot)"
192.0.102.230 - - [27/Apr/2026:16:16:26 +0000] "HEAD / HTTP/1.1" 200 - "-" "jetmon/1.0 (Jetpack Site Uptime Monitor by WordPress.com)"
20.65.145.247 - - [27/Apr/2026:16:17:23 +0000] "GET / HTTP/1.1" 403 13644 "-" "Mozilla/5.0 zgrab/0.x"
47.128.41.61 - - [27/Apr/2026:16:17:44 +0000] "-" 408 - "-" "-"
47.128.41.61 - - [27/Apr/2026:16:17:44 +0000] "-" 408 - "-" "-"
164.92.97.168 - - [27/Apr/2026:16:18:06 +0000] "GET / HTTP/1.1" 200 13644 "-" "Mozilla/5.0 (X11; Linux x86_64) AppleWebKit/537.36 (KHTML, like Gecko) Chrome/142.0.0.0 Safari/537.36"
114.119.146.109 - - [27/Apr/2026:16:20:06 +0000] "GET /seeking-knowledge-about-wordpress-you-need-to-read-this-article-5/?share=facebook HTTP/1.1" 302 - "https://2-createawebsite.com/seeking-knowledge-about-wordpress-you-need-to-read-this-article-5/" "Mozilla/5.0 (Linux; Android 7.0;) AppleWebKit/537.36 (HTML, like Gecko) Mobile Safari/537.36 (compatible; PetalBot;+https://webmaster.petalsearch.com/site/petalbot)"
184.94.212.206 - - [27/Apr/2026:16:21:23 +0000] "POST /wp-cron.php?doing_wp_cron=1777306883.4735560417175292968750 HTTP/1.1" 200 - "-" "WordPress/6.9.4; https://2-createawebsite.com"
192.0.102.230 - - [27/Apr/2026:16:21:22 +0000] "HEAD / HTTP/1.1" 200 - "-" "jetmon/1.0 (Jetpack Site Uptime Monitor by WordPress.com)"
144.172.94.2 - - [27/Apr/2026:16:24:30 +0000] "GET /admin/config?cmd=cat /root/.aws/credentials" 404 36210 "-" "-"
184.94.212.206 - - [27/Apr/2026:16:26:05 +0000] "POST /wp-cron.php?doing_wp_cron=1777307165.5440518856048583984375 HTTP/1.1" 200 - "-" "WordPress/6.9.4; https://2-createawebsite.com"
114.119.133.134 - - [27/Apr/2026:16:26:04 +0000] "GET /seeking-knowledge-about-wordpress-you-need-to-read-this-article-4?share=facebook HTTP/1.1" 302 - "https://2-createawebsite.com/seeking-knowledge-about-wordpress-you-need-to-read-this-article-4" "Mozilla/5.0 (Linux; Android 7.0;) AppleWebKit/537.36 (HTML, like Gecko) Mobile Safari/537.36 (compatible; PetalBot;+https://webmaster.petalsearch.com/site/petalbot)"
192.0.102.230 - - [27/Apr/2026:16:26:18 +0000] "HEAD / HTTP/1.1" 200 - "-" "jetmon/1.0 (Jetpack Site Uptime Monitor by WordPress.com)"
123.21.102.254 - - [27/Apr/2026:16:27:12 +0000] "GET /great-tips-for-getting-the-most-from-wordpress/ HTTP/1.1" 200 15492 "-" "Mozilla/5.0 (Macintosh; Intel Mac OS X 10_14_6) AppleWebKit/537.36 (KHTML, like Gecko) Chrome/99.0.4844.84 Safari/537.36"
207.180.11.224 - - [27/Apr/2026:16:27:51 +0000] "GET /feed/?attachment_id=37 HTTP/1.1" 200 481 "-" "Mozilla/5.0 (Macintosh; Intel Mac OS X 10_15_7) AppleWebKit/537.36 (KHTML, like Gecko) Chrome/135.0.0.0 Safari/537.36"
2.194.80.52 - - [27/Apr/2026:16:30:48 +0000] "GET / HTTP/1.1" 421 322 "-" "Mozilla/5.0 (Macintosh; Intel Mac OS X 10_15_7) AppleWebKit/537.36 (KHTML, like Gecko) Chrome/104.0.5112.79 Safari/537.36"
192.0.102.230 - - [27/Apr/2026:16:31:24 +0000] "HEAD / HTTP/1.1" 200 - "-" "jetmon/1.0 (Jetpack Site Uptime Monitor by WordPress.com)"
114.119.146.109 - - [27/Apr/2026:16:32:03 +0000] "GET /seeking-knowledge-about-wordpress-you-need-to-read-this-article-4/ HTTP/1.1" 200 15217 "https://2-createawebsite.com/solid-advice-about-wordpress-that-can-help-anyone-3" "Mozilla/5.0 (Linux; Android 7.0;) AppleWebKit/537.36 (HTML, like Gecko) Mobile Safari/537.36 (compatible; PetalBot;+https://webmaster.petalsearch.com/site/petalbot)"
162.33.178.180 - - [27/Apr/2026:16:33:29 +0000] "GET /login HTTP/1.1" 301 - "-" "Mozilla/5.0 (Windows NT 10.0; Win64; x64) AppleWebKit/537.36 (KHTML, like Gecko) Chrome/131.0.0.0 Safari/537.36"
184.94.212.206 - - [27/Apr/2026:16:36:11 +0000] "POST /wp-cron.php?doing_wp_cron=1777307771.4086999893188476562500 HTTP/1.1" 200 - "-" "WordPress/6.9.4; https://2-createawebsite.com"
185.226.197.72 - - [27/Apr/2026:16:36:09 +0000] "GET / HTTP/1.1" 200 13644 "-" "Mozilla/5.0 AppleWebKit/537.36 (KHTML, like Gecko) Chrome/123.0.6312.86 Safari/537.36"
192.0.102.230 - - [27/Apr/2026:16:36:20 +0000] "HEAD / HTTP/1.1" 200 - "-" "jetmon/1.0 (Jetpack Site Uptime Monitor by WordPress.com)"
114.119.140.13 - - [27/Apr/2026:16:38:25 +0000] "GET /seeking-knowledge-about-wordpress-you-need-to-read-this-article-3?share=x HTTP/1.1" 302 - "https://2-createawebsite.com/seeking-knowledge-about-wordpress-you-need-to-read-this-article-3" "Mozilla/5.0 (Linux; Android 7.0;) AppleWebKit/537.36 (HTML, like Gecko) Mobile Safari/537.36 (compatible; PetalBot;+https://webmaster.petalsearch.com/site/petalbot)"
184.94.212.206 - - [27/Apr/2026:16:40:55 +0000] "POST /wp-cron.php?doing_wp_cron=1777308055.3073298931121826171875 HTTP/1.1" 200 - "-" "WordPress/6.9.4; https://2-createawebsite.com"
57.141.18.117 - - [27/Apr/2026:16:40:53 +0000] "GET /cropped-onaolapo-adeyemi-profile-picture3-jpg/ HTTP/1.1" 200 46105 "-" "meta-externalagent/1.1 (+https://developers.facebook.com/docs/sharing/webmasters/crawler)"
184.94.212.206 - - [27/Apr/2026:16:41:25 +0000] "POST /wp-cron.php?doing_wp_cron=1777308085.6208670139312744140625 HTTP/1.1" 200 - "-" "WordPress/6.9.4; https://2-createawebsite.com"
192.0.102.230 - - [27/Apr/2026:16:41:24 +0000] "HEAD / HTTP/1.1" 200 - "-" "jetmon/1.0 (Jetpack Site Uptime Monitor by WordPress.com)"
57.141.18.103 - - [27/Apr/2026:16:41:28 +0000] "GET /helping-you-better-understand-wordpress-with-these-simple-to-follow-tips-3/ HTTP/1.1" 200 53316 "-" "meta-externalagent/1.1 (+https://developers.facebook.com/docs/sharing/webmasters/crawler)"
114.119.146.109 - - [27/Apr/2026:16:44:15 +0000] "GET /seeking-knowledge-about-wordpress-you-need-to-read-this-article-3/?share=x HTTP/1.1" 302 - "https://2-createawebsite.com/seeking-knowledge-about-wordpress-you-need-to-read-this-article-3/" "Mozilla/5.0 (Linux; Android 7.0;) AppleWebKit/537.36 (HTML, like Gecko) Mobile Safari/537.36 (compatible; PetalBot;+https://webmaster.petalsearch.com/site/petalbot)"
188.166.10.195 - - [27/Apr/2026:16:44:38 +0000] "GET /backend/app/.git/config HTTP/1.1" 404 9382 "-" "Mozilla/5.0 (X11; Linux x86_64) AppleWebKit/537.36 (KHTML, like Gecko) Chrome/81.0.4044.129 Safari/537.36"
195.40.107.140 - - [27/Apr/2026:16:44:51 +0000] "GET /great-tips-for-getting-more-out-of-wordpress-5/ HTTP/1.1" 200 14829 "-" "Mozilla/5.0 (Macintosh; Intel Mac OS X 10_15_7) AppleWebKit/537.36 (KHTML, like Gecko) Chrome/142.0.0.0 Safari/537.36"
184.94.212.206 - - [27/Apr/2026:16:46:27 +0000] "POST /wp-cron.php?doing_wp_cron=1777308387.6871850490570068359375 HTTP/1.1" 200 - "-" "WordPress/6.9.4; https://2-createawebsite.com"
192.0.102.230 - - [27/Apr/2026:16:46:26 +0000] "HEAD / HTTP/1.1" 200 - "-" "jetmon/1.0 (Jetpack Site Uptime Monitor by WordPress.com)"
184.94.212.206 - - [27/Apr/2026:16:50:57 +0000] "POST /wp-cron.php?doing_wp_cron=1777308657.6231019496917724609375 HTTP/1.1" 200 - "-" "WordPress/6.9.4; https://2-createawebsite.com"
114.119.146.219 - - [27/Apr/2026:16:50:56 +0000] "GET /seeking-knowledge-about-wordpress-you-need-to-read-this-article-3/?share=facebook HTTP/1.1" 302 - "https://2-createawebsite.com/seeking-knowledge-about-wordpress-you-need-to-read-this-article-3/" "Mozilla/5.0 (Linux; Android 7.0;) AppleWebKit/537.36 (HTML, like Gecko) Mobile Safari/537.36 (compatible; PetalBot;+https://webmaster.petalsearch.com/site/petalbot)"
192.0.102.230 - - [27/Apr/2026:16:51:22 +0000] "HEAD / HTTP/1.1" 200 - "-" "jetmon/1.0 (Jetpack Site Uptime Monitor by WordPress.com)"
172.94.9.253 - - [27/Apr/2026:16:52:33 +0000] "GET /.git/config HTTP/1.1" 404 9374 "-" "Mozilla/5.0 (Macintosh; Intel Mac OS X 10.15; rv:109.0) Gecko/20100101 Firefox/115.0"
152.42.228.153 - - [27/Apr/2026:16:55:22 +0000] "GET / HTTP/1.1" 200 13644 "-" "Mozilla/5.0 (Macintosh; Intel Mac OS X 10_15_7) AppleWebKit/537.36 (KHTML, like Gecko) Chrome/120.0.0.0 Safari/537.36"
152.42.228.153 - - [27/Apr/2026:16:55:24 +0000] "POST / HTTP/1.1" 200 13644 "-" "Mozilla/5.0 (Windows NT 10.0; Win64; x64) AppleWebKit/537.36 (KHTML, like Gecko) Chrome/120.0.0.0 Safari/537.36 Edg/120.0.0.0"
184.94.212.206 - - [27/Apr/2026:16:56:24 +0000] "POST /wp-cron.php?doing_wp_cron=1777308984.3414471149444580078125 HTTP/1.1" 200 - "-" "WordPress/6.9.4; https://2-createawebsite.com"
192.0.102.230 - - [27/Apr/2026:16:56:22 +0000] "HEAD / HTTP/1.1" 200 - "-" "jetmon/1.0 (Jetpack Site Uptime Monitor by WordPress.com)"
114.119.155.153 - - [27/Apr/2026:16:56:26 +0000] "GET /seeking-knowledge-about-wordpress-you-need-to-read-this-article-3 HTTP/1.1" 301 - "https://2-createawebsite.com/amazing-techniques-in-relation-to-wordpress-are-here-2" "Mozilla/5.0 (Linux; Android 7.0;) AppleWebKit/537.36 (HTML, like Gecko) Mobile Safari/537.36 (compatible; PetalBot;+https://webmaster.petalsearch.com/site/petalbot)"
114.119.155.153 - - [27/Apr/2026:16:56:27 +0000] "GET /seeking-knowledge-about-wordpress-you-need-to-read-this-article-3/ HTTP/1.1" 200 15587 "https://2-createawebsite.com/amazing-techniques-in-relation-to-wordpress-are-here-2" "Mozilla/5.0 (Linux; Android 7.0;) AppleWebKit/537.36 (HTML, like Gecko) Mobile Safari/537.36 (compatible; PetalBot;+https://webmaster.petalsearch.com/site/petalbot)"
184.94.212.206 - - [27/Apr/2026:17:01:26 +0000] "POST /wp-cron.php?doing_wp_cron=1777309286.6385660171508789062500 HTTP/1.1" 200 - "-" "WordPress/6.9.4; https://2-createawebsite.com"
192.0.102.230 - - [27/Apr/2026:17:01:25 +0000] "HEAD / HTTP/1.1" 200 - "-" "jetmon/1.0 (Jetpack Site Uptime Monitor by WordPress.com)"
104.168.98.195 - - [27/Apr/2026:17:01:43 +0000] "GET / HTTP/1.1" 200 13673 "-" "Mozilla/5.0 (X11; Linux i686; rv:123.0) Gecko/20100101 Firefox/123.0"
114.119.145.7 - - [27/Apr/2026:17:02:26 +0000] "GET /seeking-knowledge-about-wordpress-you-need-to-read-this-article-2?share=x HTTP/1.1" 302 - "https://2-createawebsite.com/seeking-knowledge-about-wordpress-you-need-to-read-this-article-2" "Mozilla/5.0 (Linux; Android 7.0;) AppleWebKit/537.36 (HTML, like Gecko) Mobile Safari/537.36 (compatible; PetalBot;+https://webmaster.petalsearch.com/site/petalbot)"
184.94.212.206 - - [27/Apr/2026:17:06:13 +0000] "POST /wp-cron.php?doing_wp_cron=1777309573.4762461185455322265625 HTTP/1.1" 200 - "-" "WordPress/6.9.4; https://2-createawebsite.com"
5.61.209.107 - - [27/Apr/2026:17:06:12 +0000] "GET /SDK/webLanguage HTTP/1.1" 301 - "-" "Mozilla/5.0 (Windows NT 10.0; Win64; x64) AppleWebKit/537.36 (KHTML, like Gecko) Chrome/90.0.4430.85 Safari/537.36 Edg/90.0.818.46"
192.0.102.230 - - [27/Apr/2026:17:06:24 +0000] "HEAD / HTTP/1.1" 200 - "-" "jetmon/1.0 (Jetpack Site Uptime Monitor by WordPress.com)"
47.128.41.43 - - [27/Apr/2026:17:07:24 +0000] "-" 408 - "-" "-"
47.128.41.43 - - [27/Apr/2026:17:07:25 +0000] "-" 408 - "-" "-"
114.119.155.153 - - [27/Apr/2026:17:08:26 +0000] "GET /wp-content/uploads/2020/01/53e2d0464b51b108f5d08460962d317f153fc3e45656794c772e7ad290_640.jpg HTTP/1.1" 404 9425 "https://2-createawebsite.com/want-to-learn-more-about-wordpress-we-can-help/" "Mozilla/5.0 (Linux; Android 7.0;) AppleWebKit/537.36 (HTML, like Gecko) Mobile Safari/537.36 (compatible; PetalBot;+https://webmaster.petalsearch.com/site/petalbot)"
139.59.254.1 - - [27/Apr/2026:17:08:36 +0000] "PROPFIND / HTTP/1.1" 200 77712 "http://184.94.212.206:443/" "-"
185.191.171.6 - - [27/Apr/2026:17:10:13 +0000] "GET /robots.txt HTTP/1.1" 200 125 "-" "Mozilla/5.0 (compatible; SemrushBot/7~bl; +http://www.semrush.com/bot.html)"
85.208.96.211 - - [27/Apr/2026:17:10:15 +0000] "GET /tag/text-tags/ HTTP/1.1" 200 11329 "-" "Mozilla/5.0 (compatible; SemrushBot/7~bl; +http://www.semrush.com/bot.html)"
184.94.212.206 - - [27/Apr/2026:17:11:25 +0000] "POST /wp-cron.php?doing_wp_cron=1777309885.0200769901275634765625 HTTP/1.1" 200 - "-" "WordPress/6.9.4; https://2-createawebsite.com"
192.0.102.230 - - [27/Apr/2026:17:11:23 +0000] "HEAD / HTTP/1.1" 200 - "-" "jetmon/1.0 (Jetpack Site Uptime Monitor by WordPress.com)"
114.119.155.153 - - [27/Apr/2026:17:14:39 +0000] "GET /wordpress-tips-tricks-and-helpful-advice-to-get-started/?share=facebook HTTP/1.1" 302 - "https://2-createawebsite.com/wordpress-tips-tricks-and-helpful-advice-to-get-started/" "Mozilla/5.0 (Linux; Android 7.0;) AppleWebKit/537.36 (HTML, like Gecko) Mobile Safari/537.36 (compatible; PetalBot;+https://webmaster.petalsearch.com/site/petalbot)"
216.73.217.37 - - [27/Apr/2026:17:15:03 +0000] "GET /robots.txt HTTP/1.1" 200 125 "-" "Mozilla/5.0 AppleWebKit/537.36 (KHTML, like Gecko; compatible; ClaudeBot/1.0; +claudebot@anthropic.com)"
216.73.217.37 - - [27/Apr/2026:17:15:04 +0000] "GET /news-sitemap.xml HTTP/1.1" 200 313 "-" "Mozilla/5.0 AppleWebKit/537.36 (KHTML, like Gecko; compatible; ClaudeBot/1.0; +claudebot@anthropic.com)"
184.94.212.206 - - [27/Apr/2026:17:16:27 +0000] "POST /wp-cron.php?doing_wp_cron=1777310187.2452430725097656250000 HTTP/1.1" 200 - "-" "WordPress/6.9.4; https://2-createawebsite.com"
192.0.102.230 - - [27/Apr/2026:17:16:25 +0000] "HEAD / HTTP/1.1" 200 - "-" "jetmon/1.0 (Jetpack Site Uptime Monitor by WordPress.com)"
216.73.217.37 - - [27/Apr/2026:17:16:27 +0000] "GET /sitemap.xml HTTP/1.1" 200 307 "-" "Mozilla/5.0 AppleWebKit/537.36 (KHTML, like Gecko; compatible; ClaudeBot/1.0; +claudebot@anthropic.com)"
47.128.41.4 - - [27/Apr/2026:17:16:40 +0000] "-" 408 - "-" "-"
47.128.41.4 - - [27/Apr/2026:17:16:40 +0000] "-" 408 - "-" "-"
47.128.52.129 - - [27/Apr/2026:17:16:57 +0000] "-" 408 - "-" "-"
47.128.52.129 - - [27/Apr/2026:17:17:00 +0000] "-" 408 - "-" "-"
184.94.212.206 - - [27/Apr/2026:17:20:18 +0000] "POST /wp-cron.php?doing_wp_cron=1777310418.5235660076141357421875 HTTP/1.1" 200 - "-" "WordPress/6.9.4; https://2-createawebsite.com"
114.119.140.50 - - [27/Apr/2026:17:20:17 +0000] "GET /what-about-this-article-regarding-wordpress-has-experts-trembling-3?share=x HTTP/1.1" 302 - "https://2-createawebsite.com/what-about-this-article-regarding-wordpress-has-experts-trembling-3" "Mozilla/5.0 (Linux; Android 7.0;) AppleWebKit/537.36 (HTML, like Gecko) Mobile Safari/537.36 (compatible; PetalBot;+https://webmaster.petalsearch.com/site/petalbot)"
184.94.212.206 - - [27/Apr/2026:17:21:18 +0000] "POST /wp-cron.php?doing_wp_cron=1777310478.0084149837493896484375 HTTP/1.1" 200 - "-" "WordPress/6.9.4; https://2-createawebsite.com"
3.147.44.59 - - [27/Apr/2026:17:21:16 +0000] "GET /robots.txt HTTP/1.1" 200 125 "-" "Mozilla/5.0 (Macintosh; Intel Mac OS X 10_15_7) AppleWebKit/537.36 (KHTML, like Gecko) Chrome/131.0.0.0 Safari/537.36; ClaudeBot/1.0; +claudebot@anthropic.com)"
3.147.44.59 - - [27/Apr/2026:17:21:18 +0000] "GET /tag/upload-images/ HTTP/1.1" 200 11764 "-" "Mozilla/5.0 (Macintosh; Intel Mac OS X 10_15_7) AppleWebKit/537.36 (KHTML, like Gecko) Chrome/131.0.0.0 Safari/537.36; ClaudeBot/1.0; +claudebot@anthropic.com)"
3.147.44.59 - - [27/Apr/2026:17:21:19 +0000] "GET /wp-content/themes/signify/style.css?ver=20260103-12350 HTTP/1.1" 200 51251 "https://2-createawebsite.com/tag/upload-images/" "Mozilla/5.0 (Macintosh; Intel Mac OS X 10_15_7) AppleWebKit/537.36 (KHTML, like Gecko) Chrome/131.0.0.0 Safari/537.36; ClaudeBot/1.0; +claudebot@anthropic.com)"
3.147.44.59 - - [27/Apr/2026:17:21:19 +0000] "GET /wp-content/themes/signify-education/style.css?ver=20260103-12349 HTTP/1.1" 200 3467 "https://2-createawebsite.com/tag/upload-images/" "Mozilla/5.0 (Macintosh; Intel Mac OS X 10_15_7) AppleWebKit/537.36 (KHTML, like Gecko) Chrome/131.0.0.0 Safari/537.36; ClaudeBot/1.0; +claudebot@anthropic.com)"
3.147.44.59 - - [27/Apr/2026:17:21:19 +0000] "GET /wp-content/themes/signify-education/assets/css/child-blocks.css?ver=20260103-12349 HTTP/1.1" 200 378 "https://2-createawebsite.com/tag/upload-images/" "Mozilla/5.0 (Macintosh; Intel Mac OS X 10_15_7) AppleWebKit/537.36 (KHTML, like Gecko) Chrome/131.0.0.0 Safari/537.36; ClaudeBot/1.0; +claudebot@anthropic.com)"
3.147.44.59 - - [27/Apr/2026:17:21:19 +0000] "GET /wp-content/themes/signify/css/blocks.css?ver=1.0 HTTP/1.1" 200 3194 "https://2-createawebsite.com/tag/upload-images/" "Mozilla/5.0 (Macintosh; Intel Mac OS X 10_15_7) AppleWebKit/537.36 (KHTML, like Gecko) Chrome/131.0.0.0 Safari/537.36; ClaudeBot/1.0; +claudebot@anthropic.com)"
3.147.44.59 - - [27/Apr/2026:17:21:19 +0000] "GET /wp-content/fonts/b3bf202777806a0a97792dd5a26c47ec.css HTTP/1.1" 200 1697 "https://2-createawebsite.com/tag/upload-images/" "Mozilla/5.0 (Macintosh; Intel Mac OS X 10_15_7) AppleWebKit/537.36 (KHTML, like Gecko) Chrome/131.0.0.0 Safari/537.36; ClaudeBot/1.0; +claudebot@anthropic.com)"
3.147.44.59 - - [27/Apr/2026:17:21:19 +0000] "GET /wp-content/themes/signify/css/font-awesome/css/all.min.css?ver=6.7.2 HTTP/1.1" 200 21501 "https://2-createawebsite.com/tag/upload-images/" "Mozilla/5.0 (Macintosh; Intel Mac OS X 10_15_7) AppleWebKit/537.36 (KHTML, like Gecko) Chrome/131.0.0.0 Safari/537.36; ClaudeBot/1.0; +claudebot@anthropic.com)"
3.147.44.59 - - [27/Apr/2026:17:21:19 +0000] "GET /wp-content/themes/signify/js/skip-link-focus-fix.min.js?ver=201800703 HTTP/1.1" 200 298 "https://2-createawebsite.com/tag/upload-images/" "Mozilla/5.0 (Macintosh; Intel Mac OS X 10_15_7) AppleWebKit/537.36 (KHTML, like Gecko) Chrome/131.0.0.0 Safari/537.36; ClaudeBot/1.0; +claudebot@anthropic.com)"
3.147.44.59 - - [27/Apr/2026:17:21:19 +0000] "GET /wp-content/themes/signify/js/functions.min.js?ver=201800703 HTTP/1.1" 200 2530 "https://2-createawebsite.com/tag/upload-images/" "Mozilla/5.0 (Macintosh; Intel Mac OS X 10_15_7) AppleWebKit/537.36 (KHTML, like Gecko) Chrome/131.0.0.0 Safari/537.36; ClaudeBot/1.0; +claudebot@anthropic.com)"
3.147.44.59 - - [27/Apr/2026:17:21:19 +0000] "GET /wp-content/plugins/google-site-kit/dist/assets/js/googlesitekit-consent-mode-bc2e26cfa69fcd4a8261.js HTTP/1.1" 200 25395 "https://2-createawebsite.com/tag/upload-images/" "Mozilla/5.0 (Macintosh; Intel Mac OS X 10_15_7) AppleWebKit/537.36 (KHTML, like Gecko) Chrome/131.0.0.0 Safari/537.36; ClaudeBot/1.0; +claudebot@anthropic.com)"
3.147.44.59 - - [27/Apr/2026:17:21:19 +0000] "GET /wp-content/plugins/wp-consent-api/assets/js/wp-consent-api.min.js?ver=2.0.1 HTTP/1.1" 200 822 "https://2-createawebsite.com/tag/upload-images/" "Mozilla/5.0 (Macintosh; Intel Mac OS X 10_15_7) AppleWebKit/537.36 (KHTML, like Gecko) Chrome/131.0.0.0 Safari/537.36; ClaudeBot/1.0; +claudebot@anthropic.com)"
3.147.44.59 - - [27/Apr/2026:17:21:19 +0000] "GET /wp-content/fonts/open-sans/memSYaGs126MiZpBA-UvWbX2vVnXBbObj2OVZyOOSr4dVJWUgsjZ0B4gaVI.woff2 HTTP/1.1" 200 18663 "https://2-createawebsite.com/wp-content/fonts/b3bf202777806a0a97792dd5a26c47ec.css" "Mozilla/5.0 (Macintosh; Intel Mac OS X 10_15_7) AppleWebKit/537.36 (KHTML, like Gecko) Chrome/131.0.0.0 Safari/537.36; ClaudeBot/1.0; +claudebot@anthropic.com)"
3.147.44.59 - - [27/Apr/2026:17:21:19 +0000] "GET /wp-content/fonts/playfair-display/nuFvD-vYSZviVYUb_rj3ij__anPXJzDwcbmjWBN2PKdFvXDXbtM.woff2 HTTP/1.1" 200 21828 "https://2-createawebsite.com/wp-content/fonts/b3bf202777806a0a97792dd5a26c47ec.css" "Mozilla/5.0 (Macintosh; Intel Mac OS X 10_15_7) AppleWebKit/537.36 (KHTML, like Gecko) Chrome/131.0.0.0 Safari/537.36; ClaudeBot/1.0; +claudebot@anthropic.com)"
3.147.44.59 - - [27/Apr/2026:17:21:19 +0000] "GET /wp-content/themes/signify/css/font-awesome/webfonts/fa-solid-900.woff2 HTTP/1.1" 200 158263 "https://2-createawebsite.com/wp-content/themes/signify/css/font-awesome/css/all.min.css?ver=6.7.2" "Mozilla/5.0 (Macintosh; Intel Mac OS X 10_15_7) AppleWebKit/537.36 (KHTML, like Gecko) Chrome/131.0.0.0 Safari/537.36; ClaudeBot/1.0; +claudebot@anthropic.com)"
3.147.44.59 - - [27/Apr/2026:17:21:20 +0000] "GET /wp-includes/js/wp-emoji-release.min.js?ver=6.9.4 HTTP/1.1" 200 5375 "https://2-createawebsite.com/tag/upload-images/" "Mozilla/5.0 (Macintosh; Intel Mac OS X 10_15_7) AppleWebKit/537.36 (KHTML, like Gecko) Chrome/131.0.0.0 Safari/537.36; ClaudeBot/1.0; +claudebot@anthropic.com)"
192.0.99.178 - - [27/Apr/2026:17:21:19 +0000] "GET /wp-content/uploads/2020/02/simple_tips_to_help_you_understand_wordpress.jpg HTTP/1.1" 404 36237 "-" "Photon/1.0"
192.0.100.107 - - [27/Apr/2026:17:21:19 +0000] "GET /wp-content/uploads/2019/11/52e3d7464856b108f5d08460962d317f153fc3e45656734f712f7bd095_640.jpg HTTP/1.1" 404 36255 "-" "Photon/1.0"
192.0.96.186 - - [27/Apr/2026:17:21:19 +0000] "GET /wp-content/uploads/2020/02/seeking_knowledge_about_wordpress_you_need_to_read_this_article.jpg HTTP/1.1" 404 36256 "-" "Photon/1.0"
184.94.212.206 - - [27/Apr/2026:17:21:24 +0000] "POST /wp-cron.php?doing_wp_cron=1777310484.0613720417022705078125 HTTP/1.1" 200 - "-" "WordPress/6.9.4; https://2-createawebsite.com"
192.0.102.230 - - [27/Apr/2026:17:21:23 +0000] "HEAD / HTTP/1.1" 200 - "-" "jetmon/1.0 (Jetpack Site Uptime Monitor by WordPress.com)"
57.141.18.15 - - [27/Apr/2026:17:24:08 +0000] "GET /struggling-to-learn-wordpress-check-out-these-top-tips-2/ HTTP/1.1" 200 54281 "-" "meta-externalagent/1.1 (+https://developers.facebook.com/docs/sharing/webmasters/crawler)"
18.205.219.122 - - [27/Apr/2026:17:24:41 +0000] "GET / HTTP/1.1" 200 13644 "-" "Go-http-client/1.1"
184.94.212.206 - - [27/Apr/2026:17:26:22 +0000] "POST /wp-cron.php?doing_wp_cron=1777310782.3071360588073730468750 HTTP/1.1" 200 - "-" "WordPress/6.9.4; https://2-createawebsite.com"
192.0.102.230 - - [27/Apr/2026:17:26:20 +0000] "HEAD / HTTP/1.1" 200 - "-" "jetmon/1.0 (Jetpack Site Uptime Monitor by WordPress.com)"
114.119.145.7 - - [27/Apr/2026:17:26:30 +0000] "GET /what-about-this-article-regarding-wordpress-has-experts-trembling-3/ HTTP/1.1" 200 14264 "https://2-createawebsite.com/simple-tips-to-help-you-understand-wordpress-5" "Mozilla/5.0 (Linux; Android 7.0;) AppleWebKit/537.36 (HTML, like Gecko) Mobile Safari/537.36 (compatible; PetalBot;+https://webmaster.petalsearch.com/site/petalbot)"
129.212.236.248 - - [27/Apr/2026:17:26:38 +0000] "PROPFIND / HTTP/1.1" 200 77712 "http://184.94.212.206:443/" "-"
116.76.36.213 - - [27/Apr/2026:17:29:11 +0000] "GET /robots.txt HTTP/1.1" 200 125 "-" "Mozilla/5.0 (Windows NT 10.0; WOW64) AppleWebKit/537.36 (KHTML, like Gecko) Chrome/51.0.3996.74 Safari/537.36 SE 2.X MetaSr 1.0"
47.128.32.106 - - [27/Apr/2026:17:30:30 +0000] "-" 408 - "-" "-"
47.128.32.106 - - [27/Apr/2026:17:30:30 +0000] "-" 408 - "-" "-"
184.94.212.206 - - [27/Apr/2026:17:31:27 +0000] "POST /wp-cron.php?doing_wp_cron=1777311087.6365380287170410156250 HTTP/1.1" 200 - "-" "WordPress/6.9.4; https://2-createawebsite.com"
192.0.102.230 - - [27/Apr/2026:17:31:26 +0000] "HEAD / HTTP/1.1" 200 - "-" "jetmon/1.0 (Jetpack Site Uptime Monitor by WordPress.com)"
20.219.12.30 - - [27/Apr/2026:17:32:03 +0000] "GET /inputs.php HTTP/1.1" 404 9372 "-" "Mozilla/5.0 (Windows NT 10.0; Win64; x64) AppleWebKit/537.36 (KHTML, like Gecko) Chrome/120.0.0.0 Safari/537.36"
20.219.12.30 - - [27/Apr/2026:17:32:04 +0000] "GET /ioxi-o.php HTTP/1.1" 404 9375 "-" "Mozilla/5.0 (Windows NT 10.0; Win64; x64) AppleWebKit/537.36 (KHTML, like Gecko) Chrome/120.0.0.0 Safari/537.36"
20.219.12.30 - - [27/Apr/2026:17:32:05 +0000] "GET /function/function.php HTTP/1.1" 404 9374 "-" "Mozilla/5.0 (Windows NT 10.0; Win64; x64) AppleWebKit/537.36 (KHTML, like Gecko) Chrome/120.0.0.0 Safari/537.36"
20.219.12.30 - - [27/Apr/2026:17:32:06 +0000] "GET /rip.php HTTP/1.1" 404 9371 "-" "Mozilla/5.0 (Windows NT 10.0; Win64; x64) AppleWebKit/537.36 (KHTML, like Gecko) Chrome/120.0.0.0 Safari/537.36"
20.219.12.30 - - [27/Apr/2026:17:32:07 +0000] "GET /admin.php HTTP/1.1" 404 9372 "-" "Mozilla/5.0 (Windows NT 10.0; Win64; x64) AppleWebKit/537.36 (KHTML, like Gecko) Chrome/120.0.0.0 Safari/537.36"
20.219.12.30 - - [27/Apr/2026:17:32:08 +0000] "GET /wp-content/uploads/index.php HTTP/1.1" 301 - "-" "Mozilla/5.0 (Windows NT 10.0; Win64; x64) AppleWebKit/537.36 (KHTML, like Gecko) Chrome/120.0.0.0 Safari/537.36"
20.219.12.30 - - [27/Apr/2026:17:32:09 +0000] "GET /cache.php HTTP/1.1" 404 9372 "-" "Mozilla/5.0 (Windows NT 10.0; Win64; x64) AppleWebKit/537.36 (KHTML, like Gecko) Chrome/120.0.0.0 Safari/537.36"
20.219.12.30 - - [27/Apr/2026:17:32:10 +0000] "GET /themes.php HTTP/1.1" 404 9370 "-" "Mozilla/5.0 (Windows NT 10.0; Win64; x64) AppleWebKit/537.36 (KHTML, like Gecko) Chrome/120.0.0.0 Safari/537.36"
20.219.12.30 - - [27/Apr/2026:17:32:11 +0000] "GET /an.php HTTP/1.1" 404 9371 "-" "Mozilla/5.0 (Windows NT 10.0; Win64; x64) AppleWebKit/537.36 (KHTML, like Gecko) Chrome/120.0.0.0 Safari/537.36"
20.219.12.30 - - [27/Apr/2026:17:32:12 +0000] "GET /index/function.php HTTP/1.1" 404 9374 "-" "Mozilla/5.0 (Windows NT 10.0; Win64; x64) AppleWebKit/537.36 (KHTML, like Gecko) Chrome/120.0.0.0 Safari/537.36"
20.219.12.30 - - [27/Apr/2026:17:32:13 +0000] "GET /randkeyword.PhP7 HTTP/1.1" 404 9381 "-" "Mozilla/5.0 (Windows NT 10.0; Win64; x64) AppleWebKit/537.36 (KHTML, like Gecko) Chrome/120.0.0.0 Safari/537.36"
20.219.12.30 - - [27/Apr/2026:17:32:14 +0000] "GET /ws.php HTTP/1.1" 404 9371 "-" "Mozilla/5.0 (Windows NT 10.0; Win64; x64) AppleWebKit/537.36 (KHTML, like Gecko) Chrome/120.0.0.0 Safari/537.36"
20.219.12.30 - - [27/Apr/2026:17:32:15 +0000] "GET /404.php HTTP/1.1" 404 9372 "-" "Mozilla/5.0 (Windows NT 10.0; Win64; x64) AppleWebKit/537.36 (KHTML, like Gecko) Chrome/120.0.0.0 Safari/537.36"
20.219.12.30 - - [27/Apr/2026:17:32:16 +0000] "GET /wp-admin/user.php HTTP/1.1" 404 9373 "-" "Mozilla/5.0 (Windows NT 10.0; Win64; x64) AppleWebKit/537.36 (KHTML, like Gecko) Chrome/120.0.0.0 Safari/537.36"
20.219.12.30 - - [27/Apr/2026:17:32:17 +0000] "GET /wp-conf.php HTTP/1.1" 404 9371 "-" "Mozilla/5.0 (Windows NT 10.0; Win64; x64) AppleWebKit/537.36 (KHTML, like Gecko) Chrome/120.0.0.0 Safari/537.36"
20.219.12.30 - - [27/Apr/2026:17:32:18 +0000] "GET /wp-content/themes/hideo/network.php HTTP/1.1" 404 9382 "-" "Mozilla/5.0 (Windows NT 10.0; Win64; x64) AppleWebKit/537.36 (KHTML, like Gecko) Chrome/120.0.0.0 Safari/537.36"
20.219.12.30 - - [27/Apr/2026:17:32:19 +0000] "GET /wp-login.php HTTP/1.1" 200 2682 "-" "Mozilla/5.0 (Windows NT 10.0; Win64; x64) AppleWebKit/537.36 (KHTML, like Gecko) Chrome/120.0.0.0 Safari/537.36"
20.219.12.30 - - [27/Apr/2026:17:32:21 +0000] "GET /abc.php HTTP/1.1" 404 9372 "-" "Mozilla/5.0 (Windows NT 10.0; Win64; x64) AppleWebKit/537.36 (KHTML, like Gecko) Chrome/120.0.0.0 Safari/537.36"
114.119.140.13 - - [27/Apr/2026:17:32:21 +0000] "GET /web-design-tips-and-tricks-for-an-amazing-site/?share=facebook HTTP/1.1" 302 - "https://2-createawebsite.com/web-design-tips-and-tricks-for-an-amazing-site" "Mozilla/5.0 (Linux; Android 7.0;) AppleWebKit/537.36 (HTML, like Gecko) Mobile Safari/537.36 (compatible; PetalBot;+https://webmaster.petalsearch.com/site/petalbot)"
20.219.12.30 - - [27/Apr/2026:17:32:22 +0000] "GET /abcd.php HTTP/1.1" 404 9373 "-" "Mozilla/5.0 (Windows NT 10.0; Win64; x64) AppleWebKit/537.36 (KHTML, like Gecko) Chrome/120.0.0.0 Safari/537.36"
20.219.12.30 - - [27/Apr/2026:17:32:23 +0000] "GET /as.php HTTP/1.1" 404 9371 "-" "Mozilla/5.0 (Windows NT 10.0; Win64; x64) AppleWebKit/537.36 (KHTML, like Gecko) Chrome/120.0.0.0 Safari/537.36"
20.219.12.30 - - [27/Apr/2026:17:32:24 +0000] "GET /wp-trackback.php HTTP/1.1" 404 130 "-" "Mozilla/5.0 (Windows NT 10.0; Win64; x64) AppleWebKit/537.36 (KHTML, like Gecko) Chrome/120.0.0.0 Safari/537.36"
20.219.12.30 - - [27/Apr/2026:17:32:25 +0000] "GET /about.php HTTP/1.1" 404 9372 "-" "Mozilla/5.0 (Windows NT 10.0; Win64; x64) AppleWebKit/537.36 (KHTML, like Gecko) Chrome/120.0.0.0 Safari/537.36"
20.219.12.30 - - [27/Apr/2026:17:32:26 +0000] "GET /file.php HTTP/1.1" 404 9372 "-" "Mozilla/5.0 (Windows NT 10.0; Win64; x64) AppleWebKit/537.36 (KHTML, like Gecko) Chrome/120.0.0.0 Safari/537.36"
20.219.12.30 - - [27/Apr/2026:17:32:27 +0000] "GET /adminfuns.php HTTP/1.1" 404 9375 "-" "Mozilla/5.0 (Windows NT 10.0; Win64; x64) AppleWebKit/537.36 (KHTML, like Gecko) Chrome/120.0.0.0 Safari/537.36"
20.219.12.30 - - [27/Apr/2026:17:32:28 +0000] "GET /wp-good.php HTTP/1.1" 404 9374 "-" "Mozilla/5.0 (Windows NT 10.0; Win64; x64) AppleWebKit/537.36 (KHTML, like Gecko) Chrome/120.0.0.0 Safari/537.36"
20.219.12.30 - - [27/Apr/2026:17:32:29 +0000] "GET /xmlrpc.php HTTP/1.1" 404 9371 "-" "Mozilla/5.0 (Windows NT 10.0; Win64; x64) AppleWebKit/537.36 (KHTML, like Gecko) Chrome/120.0.0.0 Safari/537.36"
20.219.12.30 - - [27/Apr/2026:17:32:30 +0000] "GET /goods.php HTTP/1.1" 404 9372 "-" "Mozilla/5.0 (Windows NT 10.0; Win64; x64) AppleWebKit/537.36 (KHTML, like Gecko) Chrome/120.0.0.0 Safari/537.36"
20.219.12.30 - - [27/Apr/2026:17:32:31 +0000] "GET /class-t.api.php HTTP/1.1" 404 9376 "-" "Mozilla/5.0 (Windows NT 10.0; Win64; x64) AppleWebKit/537.36 (KHTML, like Gecko) Chrome/120.0.0.0 Safari/537.36"
20.219.12.30 - - [27/Apr/2026:17:32:32 +0000] "GET /sf.php HTTP/1.1" 404 9371 "-" "Mozilla/5.0 (Windows NT 10.0; Win64; x64) AppleWebKit/537.36 (KHTML, like Gecko) Chrome/120.0.0.0 Safari/537.36"
20.219.12.30 - - [27/Apr/2026:17:32:33 +0000] "GET /kbfr.php HTTP/1.1" 404 9373 "-" "Mozilla/5.0 (Windows NT 10.0; Win64; x64) AppleWebKit/537.36 (KHTML, like Gecko) Chrome/120.0.0.0 Safari/537.36"
20.219.12.30 - - [27/Apr/2026:17:32:34 +0000] "GET /autoload_classmap.php HTTP/1.1" 404 9380 "-" "Mozilla/5.0 (Windows NT 10.0; Win64; x64) AppleWebKit/537.36 (KHTML, like Gecko) Chrome/120.0.0.0 Safari/537.36"
20.219.12.30 - - [27/Apr/2026:17:32:35 +0000] "GET /chosen.php?p= HTTP/1.1" 301 - "-" "Mozilla/5.0 (Windows NT 10.0; Win64; x64) AppleWebKit/537.36 (KHTML, like Gecko) Chrome/120.0.0.0 Safari/537.36"
20.219.12.30 - - [27/Apr/2026:17:32:36 +0000] "GET /classwithtostring.php HTTP/1.1" 404 9378 "-" "Mozilla/5.0 (Windows NT 10.0; Win64; x64) AppleWebKit/537.36 (KHTML, like Gecko) Chrome/120.0.0.0 Safari/537.36"
20.219.12.30 - - [27/Apr/2026:17:32:36 +0000] "GET /defaults.php HTTP/1.1" 404 9373 "-" "Mozilla/5.0 (Windows NT 10.0; Win64; x64) AppleWebKit/537.36 (KHTML, like Gecko) Chrome/120.0.0.0 Safari/537.36"
20.219.12.30 - - [27/Apr/2026:17:32:37 +0000] "GET /.well-known/ HTTP/1.1" 404 9377 "-" "Mozilla/5.0 (Windows NT 10.0; Win64; x64) AppleWebKit/537.36 (KHTML, like Gecko) Chrome/120.0.0.0 Safari/537.36"
20.219.12.30 - - [27/Apr/2026:17:32:38 +0000] "GET /info.php HTTP/1.1" 404 9372 "-" "Mozilla/5.0 (Windows NT 10.0; Win64; x64) AppleWebKit/537.36 (KHTML, like Gecko) Chrome/120.0.0.0 Safari/537.36"
20.219.12.30 - - [27/Apr/2026:17:32:39 +0000] "GET /cgi-bin/ HTTP/1.1" 404 9374 "-" "Mozilla/5.0 (Windows NT 10.0; Win64; x64) AppleWebKit/537.36 (KHTML, like Gecko) Chrome/120.0.0.0 Safari/537.36"
20.219.12.30 - - [27/Apr/2026:17:32:40 +0000] "GET /wp-includes/Requests/src/Response/about.php HTTP/1.1" 404 9388 "-" "Mozilla/5.0 (Windows NT 10.0; Win64; x64) AppleWebKit/537.36 (KHTML, like Gecko) Chrome/120.0.0.0 Safari/537.36"
20.219.12.30 - - [27/Apr/2026:17:32:41 +0000] "GET /wp-includes/html-api/ HTTP/1.1" 404 9376 "-" "Mozilla/5.0 (Windows NT 10.0; Win64; x64) AppleWebKit/537.36 (KHTML, like Gecko) Chrome/120.0.0.0 Safari/537.36"
20.219.12.30 - - [27/Apr/2026:17:32:42 +0000] "GET /wp-content/admin.php HTTP/1.1" 404 9374 "-" "Mozilla/5.0 (Windows NT 10.0; Win64; x64) AppleWebKit/537.36 (KHTML, like Gecko) Chrome/120.0.0.0 Safari/537.36"
20.219.12.30 - - [27/Apr/2026:17:32:43 +0000] "GET /wp-admin/css/colors/ectoplasm/ HTTP/1.1" 404 9382 "-" "Mozilla/5.0 (Windows NT 10.0; Win64; x64) AppleWebKit/537.36 (KHTML, like Gecko) Chrome/120.0.0.0 Safari/537.36"
20.219.12.30 - - [27/Apr/2026:17:32:44 +0000] "GET /wp-content/uploads/ HTTP/1.1" 404 9370 "-" "Mozilla/5.0 (Windows NT 10.0; Win64; x64) AppleWebKit/537.36 (KHTML, like Gecko) Chrome/120.0.0.0 Safari/537.36"
20.219.12.30 - - [27/Apr/2026:17:32:45 +0000] "GET /wp-content/themes/admin.php HTTP/1.1" 404 9374 "-" "Mozilla/5.0 (Windows NT 10.0; Win64; x64) AppleWebKit/537.36 (KHTML, like Gecko) Chrome/120.0.0.0 Safari/537.36"
20.219.12.30 - - [27/Apr/2026:17:32:46 +0000] "GET /wp-content/themes/index.php HTTP/1.1" 200 - "-" "Mozilla/5.0 (Windows NT 10.0; Win64; x64) AppleWebKit/537.36 (KHTML, like Gecko) Chrome/120.0.0.0 Safari/537.36"
20.219.12.30 - - [27/Apr/2026:17:32:47 +0000] "GET /wp-content/plugins/index.php HTTP/1.1" 200 - "-" "Mozilla/5.0 (Windows NT 10.0; Win64; x64) AppleWebKit/537.36 (KHTML, like Gecko) Chrome/120.0.0.0 Safari/537.36"
20.219.12.30 - - [27/Apr/2026:17:32:47 +0000] "GET /wp-includes/PHPMailer/ HTTP/1.1" 404 9380 "-" "Mozilla/5.0 (Windows NT 10.0; Win64; x64) AppleWebKit/537.36 (KHTML, like Gecko) Chrome/120.0.0.0 Safari/537.36"
20.219.12.30 - - [27/Apr/2026:17:32:48 +0000] "GET /wp-includes/images/ HTTP/1.1" 404 9374 "-" "Mozilla/5.0 (Windows NT 10.0; Win64; x64) AppleWebKit/537.36 (KHTML, like Gecko) Chrome/120.0.0.0 Safari/537.36"
20.219.12.30 - - [27/Apr/2026:17:32:49 +0000] "GET /wp-content/plugins/WordPressCore/ HTTP/1.1" 404 9376 "-" "Mozilla/5.0 (Windows NT 10.0; Win64; x64) AppleWebKit/537.36 (KHTML, like Gecko) Chrome/120.0.0.0 Safari/537.36"
64.118.134.203 - - [27/Apr/2026:17:33:13 +0000] "GET / HTTP/1.1" 200 13643 "-" "Mozilla/5.0 (Linux; Android 10; CLT-L29) AppleWebKit/537.36 (KHTML, like Gecko) Chrome/101.0.4951.41 Mobile Safari/537.36"
64.118.134.203 - - [27/Apr/2026:17:33:14 +0000] "GET /feed/ HTTP/1.1" 200 19376 "-" "Mozilla/5.0 (Linux; Android 10; CLT-L29) AppleWebKit/537.36 (KHTML, like Gecko) Chrome/101.0.4951.41 Mobile Safari/537.36"
64.118.134.203 - - [27/Apr/2026:17:33:15 +0000] "GET /wp-content/uploads/ HTTP/1.1" 404 9370 "-" "Mozilla/5.0 (Linux; Android 10; CLT-L29) AppleWebKit/537.36 (KHTML, like Gecko) Chrome/101.0.4951.41 Mobile Safari/537.36"
64.118.134.203 - - [27/Apr/2026:17:33:17 +0000] "GET /?rest_route=/ HTTP/1.1" 200 33236 "-" "Mozilla/5.0 (Linux; U; Android 4.0.3; de-de; Galaxy S II Build/GRJ22) AppleWebKit/534.30 (KHTML, like Gecko) Version/4.0 Mobile Safari/534.30"
64.118.134.203 - - [27/Apr/2026:17:33:17 +0000] "GET /wp-json HTTP/1.1" 200 33236 "-" "Mozilla/5.0 (Linux; U; Android 4.0.3; de-de; Galaxy S II Build/GRJ22) AppleWebKit/534.30 (KHTML, like Gecko) Version/4.0 Mobile Safari/534.30"
184.94.212.206 - - [27/Apr/2026:17:33:20 +0000] "POST /?wordfence_syncAttackData=1777311200.0492 HTTP/1.1" 200 - "-" "WordPress/6.9.4; https://2-createawebsite.com"
64.118.134.203 - - [27/Apr/2026:17:33:19 +0000] "GET /wp-content/plugins/blaze-ads/readme.txt HTTP/1.1" 404 9382 "-" "Mozilla/4.0 (compatible; MSIE 6.0; Windows NT 5.0; en) Opera 8.0"
64.118.134.203 - - [27/Apr/2026:17:33:22 +0000] "GET /wp-content/plugins/blaze-ads/Readme.txt HTTP/1.1" 404 9383 "-" "Mozilla/4.0 (compatible; MSIE 6.0; Windows NT 5.0; en) Opera 8.0"
64.118.134.203 - - [27/Apr/2026:17:33:26 +0000] "GET /wp-content/plugins/blaze-ads/README.txt HTTP/1.1" 404 9386 "-" "Mozilla/4.0 (compatible; MSIE 6.0; Windows NT 5.0; en) Opera 8.0"
184.94.212.206 - - [27/Apr/2026:17:33:29 +0000] "POST /?wordfence_syncAttackData=1777311209.5881 HTTP/1.1" 200 - "-" "WordPress/6.9.4; https://2-createawebsite.com"
64.118.134.203 - - [27/Apr/2026:17:33:28 +0000] "GET /wp-content/plugins/google-site-kit/readme.txt HTTP/1.1" 404 9376 "-" "Mozilla/4.0 (PDA; PalmOS/sony/model prmr/Revision:1.1.54 (en)) NetFront/3.0"
64.118.134.203 - - [27/Apr/2026:17:33:31 +0000] "GET /wp-content/plugins/google-site-kit/Readme.txt HTTP/1.1" 404 9376 "-" "Mozilla/4.0 (PDA; PalmOS/sony/model prmr/Revision:1.1.54 (en)) NetFront/3.0"
64.118.135.239 - - [27/Apr/2026:17:33:32 +0000] "GET /wp-content/plugins/google-site-kit/README.txt HTTP/1.1" 404 9379 "-" "Mozilla/4.0 (PDA; PalmOS/sony/model prmr/Revision:1.1.54 (en)) NetFront/3.0"
64.118.135.239 - - [27/Apr/2026:17:33:33 +0000] "GET /wp-content/plugins/wordfence/readme.txt HTTP/1.1" 404 9384 "-" "Mozilla/5.0 (Windows NT 6.1; rv:21.0) Gecko/20130401 Firefox/21.0"
64.118.135.239 - - [27/Apr/2026:17:33:35 +0000] "GET /wp-content/plugins/wordfence/Readme.txt HTTP/1.1" 404 9384 "-" "Mozilla/5.0 (Windows NT 6.1; rv:21.0) Gecko/20130401 Firefox/21.0"
64.118.135.239 - - [27/Apr/2026:17:33:36 +0000] "GET /wp-content/plugins/wordfence/README.txt HTTP/1.1" 404 9387 "-" "Mozilla/5.0 (Windows NT 6.1; rv:21.0) Gecko/20130401 Firefox/21.0"
64.118.135.239 - - [27/Apr/2026:17:33:37 +0000] "GET /wp-content/plugins/jetpack/readme.txt HTTP/1.1" 404 9377 "-" "Mozilla/5.0 (Linux; Android 6.0; LG-D850 Build/MRA58K) AppleWebKit/537.36 (KHTML, like Gecko) Chrome/53.0.2785.97 Mobile Safari/537.36"
184.94.212.206 - - [27/Apr/2026:17:33:39 +0000] "POST /?wordfence_syncAttackData=1777311219.5878 HTTP/1.1" 200 - "-" "WordPress/6.9.4; https://2-createawebsite.com"
64.118.135.239 - - [27/Apr/2026:17:33:39 +0000] "GET /wp-content/plugins/jetpack/Readme.txt HTTP/1.1" 404 9377 "-" "Mozilla/5.0 (Linux; Android 6.0; LG-D850 Build/MRA58K) AppleWebKit/537.36 (KHTML, like Gecko) Chrome/53.0.2785.97 Mobile Safari/537.36"
64.118.135.239 - - [27/Apr/2026:17:33:41 +0000] "GET /wp-content/plugins/jetpack/README.txt HTTP/1.1" 404 9380 "-" "Mozilla/5.0 (Linux; Android 6.0; LG-D850 Build/MRA58K) AppleWebKit/537.36 (KHTML, like Gecko) Chrome/53.0.2785.97 Mobile Safari/537.36"
64.118.135.239 - - [27/Apr/2026:17:33:42 +0000] "GET /wp-content/plugins/automattic-for-agencies-client/readme.txt HTTP/1.1" 404 9397 "-" "Mozilla/5.0 (Macintosh; Intel Mac OS X 10_15_7) AppleWebKit/605.1.15 (KHTML, like Gecko) Version/15.0 Safari/605.1.15"
64.118.135.239 - - [27/Apr/2026:17:33:43 +0000] "GET /wp-content/plugins/automattic-for-agencies-client/Readme.txt HTTP/1.1" 404 9398 "-" "Mozilla/5.0 (Macintosh; Intel Mac OS X 10_15_7) AppleWebKit/605.1.15 (KHTML, like Gecko) Version/15.0 Safari/605.1.15"
64.118.135.239 - - [27/Apr/2026:17:33:45 +0000] "GET /wp-content/plugins/automattic-for-agencies-client/README.txt HTTP/1.1" 404 9401 "-" "Mozilla/5.0 (Macintosh; Intel Mac OS X 10_15_7) AppleWebKit/605.1.15 (KHTML, like Gecko) Version/15.0 Safari/605.1.15"
64.118.135.239 - - [27/Apr/2026:17:33:46 +0000] "GET /wp-content/plugins/jetpack-search/readme.txt HTTP/1.1" 404 9380 "-" "Mozilla/5.0 (Linux; Android 4.4.4; XT1032 Build/KXB21.14-L1.61) AppleWebKit/537.36 (KHTML, like Gecko) Chrome/45.0.2454.94 Mobile Safari/537.36"
64.118.135.239 - - [27/Apr/2026:17:33:47 +0000] "GET /wp-content/plugins/jetpack-search/Readme.txt HTTP/1.1" 404 9380 "-" "Mozilla/5.0 (Linux; Android 4.4.4; XT1032 Build/KXB21.14-L1.61) AppleWebKit/537.36 (KHTML, like Gecko) Chrome/45.0.2454.94 Mobile Safari/537.36"
184.94.212.206 - - [27/Apr/2026:17:33:49 +0000] "POST /?wordfence_syncAttackData=1777311229.8506 HTTP/1.1" 200 - "-" "WordPress/6.9.4; https://2-createawebsite.com"
64.118.135.239 - - [27/Apr/2026:17:33:49 +0000] "GET /wp-content/plugins/jetpack-search/README.txt HTTP/1.1" 404 9384 "-" "Mozilla/5.0 (Linux; Android 4.4.4; XT1032 Build/KXB21.14-L1.61) AppleWebKit/537.36 (KHTML, like Gecko) Chrome/45.0.2454.94 Mobile Safari/537.36"
64.118.135.239 - - [27/Apr/2026:17:33:51 +0000] "GET /wp-content/plugins/wp-consent-api/readme.txt HTTP/1.1" 404 9377 "-" "Mozilla/5.0 (Macintosh; Intel Mac OS X 11_6_2) AppleWebKit/537.36 (KHTML, like Gecko) Chrome/87.0.4280.88 Safari/537.36 Edg/87.0.664.60"
64.118.135.239 - - [27/Apr/2026:17:33:52 +0000] "GET /wp-content/plugins/wp-consent-api/Readme.txt HTTP/1.1" 404 9377 "-" "Mozilla/5.0 (Macintosh; Intel Mac OS X 11_6_2) AppleWebKit/537.36 (KHTML, like Gecko) Chrome/87.0.4280.88 Safari/537.36 Edg/87.0.664.60"
64.118.135.239 - - [27/Apr/2026:17:33:55 +0000] "GET /wp-content/plugins/wp-consent-api/README.txt HTTP/1.1" 404 9381 "-" "Mozilla/5.0 (Macintosh; Intel Mac OS X 11_6_2) AppleWebKit/537.36 (KHTML, like Gecko) Chrome/87.0.4280.88 Safari/537.36 Edg/87.0.664.60"
64.118.135.239 - - [27/Apr/2026:17:33:56 +0000] "GET /wp-content/themes/signify-education/style.css HTTP/1.1" 200 3467 "-" "Mozilla/5.0 (Macintosh; Intel Mac OS X 10_15_7) AppleWebKit/537.36 (KHTML, like Gecko) Chrome/99.0.4844.74 Safari/537.36 Edg/99.0.1150.55"
64.118.135.239 - - [27/Apr/2026:17:33:57 +0000] "GET /wp-content/themes/signify/style.css HTTP/1.1" 200 51251 "-" "Mozilla/5.0 (X11; Linux x86_64; rv:19.0) Gecko/20100101 Firefox/19.0 Iceweasel/19.0.2"
74.7.230.7 - - [27/Apr/2026:17:36:22 +0000] "GET /robots.txt HTTP/1.1" 200 125 "-" "Mozilla/5.0 (Macintosh; Intel Mac OS X 10_15_7) AppleWebKit/537.36 (KHTML, like Gecko) Chrome/131.0.0.0 Safari/537.36; compatible; OAI-SearchBot/1.3; robots.txt; +https://openai.com/searchbot"
192.0.102.230 - - [27/Apr/2026:17:36:23 +0000] "HEAD / HTTP/1.1" 200 - "-" "jetmon/1.0 (Jetpack Site Uptime Monitor by WordPress.com)"
184.94.212.206 - - [27/Apr/2026:17:38:22 +0000] "POST /wp-cron.php?doing_wp_cron=1777311502.8840169906616210937500 HTTP/1.1" 200 - "-" "WordPress/6.9.4; https://2-createawebsite.com"
114.119.140.13 - - [27/Apr/2026:17:38:21 +0000] "GET /use-wordpress-to-start-blogging-right-away-2/?share=x HTTP/1.1" 302 - "https://2-createawebsite.com/use-wordpress-to-start-blogging-right-away-2" "Mozilla/5.0 (Linux; Android 7.0;) AppleWebKit/537.36 (HTML, like Gecko) Mobile Safari/537.36 (compatible; PetalBot;+https://webmaster.petalsearch.com/site/petalbot)"
57.141.18.49 - - [27/Apr/2026:17:38:39 +0000] "GET /in-regards-to-wordpress-we-have-the-best-tips/ HTTP/1.1" 200 54597 "-" "meta-externalagent/1.1 (+https://developers.facebook.com/docs/sharing/webmasters/crawler)"
192.0.112.50 - - [27/Apr/2026:17:40:25 +0000] "GET /wp-content/uploads/2020/03/simple_tips_to_help_you_understand_wordpress.jpg HTTP/1.1" 404 36237 "-" "Photon/1.0"
184.94.212.206 - - [27/Apr/2026:17:41:27 +0000] "POST /wp-cron.php?doing_wp_cron=1777311687.3587610721588134765625 HTTP/1.1" 200 - "-" "WordPress/6.9.4; https://2-createawebsite.com"
192.0.102.230 - - [27/Apr/2026:17:41:25 +0000] "HEAD / HTTP/1.1" 200 - "-" "jetmon/1.0 (Jetpack Site Uptime Monitor by WordPress.com)"
57.141.18.122 - - [27/Apr/2026:17:43:13 +0000] "GET /great-tips-and-tricks-for-blogging-with-wordpress-2/ HTTP/1.1" 200 54038 "-" "meta-externalagent/1.1 (+https://developers.facebook.com/docs/sharing/webmasters/crawler)"
114.119.145.7 - - [27/Apr/2026:17:44:25 +0000] "GET /understanding-what-it-takes-to-be-a-web-designer/?share=x HTTP/1.1" 302 - "https://2-createawebsite.com/understanding-what-it-takes-to-be-a-web-designer" "Mozilla/5.0 (Linux; Android 7.0;) AppleWebKit/537.36 (HTML, like Gecko) Mobile Safari/537.36 (compatible; PetalBot;+https://webmaster.petalsearch.com/site/petalbot)"
