208.84.100.220 - - [20/May/2026:02:09:50 +0000] "GET /.git/FETCH_HEAD HTTP/1.1" 404 10200 "-" "Mozilla/5.0 (Macintosh; Intel Mac OS X 10_15_7) AppleWebKit/537.36 (KHTML, like Gecko) Chrome/147.0.0.0 Safari/537.36 Edg/147.0.0.0"
208.84.100.220 - - [20/May/2026:02:09:50 +0000] "GET /.env.production.copy HTTP/1.1" 404 10196 "-" "Mozilla/5.0 (Macintosh; Intel Mac OS X 10_15_7) AppleWebKit/605.1.15 (KHTML, like Gecko) Version/18.4 Safari/605.1.15"
208.84.100.220 - - [20/May/2026:02:09:50 +0000] "GET /.git/config HTTP/1.1" 404 10190 "-" "Mozilla/5.0 (Windows NT 10.0; Win64; x64) AppleWebKit/537.36 (KHTML, like Gecko) Chrome/147.0.0.0 Safari/537.36 Edg/147.0.0.0"
208.84.100.220 - - [20/May/2026:02:09:51 +0000] "GET /.env.production.old HTTP/1.1" 404 10197 "-" "Mozilla/5.0 (iPhone; CPU iPhone OS 18_4 like Mac OS X) AppleWebKit/605.1.15 (KHTML, like Gecko) Version/18.4 Mobile/15E148 Safari/604.1"
208.84.100.220 - - [20/May/2026:02:09:51 +0000] "GET /.env.backup HTTP/1.1" 404 10192 "-" "Mozilla/5.0 (Macintosh; Intel Mac OS X 10_15_7) AppleWebKit/537.36 (KHTML, like Gecko) Chrome/147.0.0.0 Safari/537.36"
208.84.100.220 - - [20/May/2026:02:09:51 +0000] "GET /.env.swp HTTP/1.1" 404 10191 "-" "Mozilla/5.0 (Macintosh; Intel Mac OS X 10_15_7) AppleWebKit/537.36 (KHTML, like Gecko) Chrome/146.0.0.0 Safari/537.36"
208.84.100.220 - - [20/May/2026:02:09:51 +0000] "GET /.env.copy HTTP/1.1" 404 10190 "-" "Mozilla/5.0 (Windows NT 10.0; Win64; x64) AppleWebKit/537.36 (KHTML, like Gecko) Chrome/145.0.0.0 Safari/537.36"
208.84.100.220 - - [20/May/2026:02:09:51 +0000] "GET /.env.production.swp HTTP/1.1" 404 10197 "-" "Mozilla/5.0 (Windows NT 10.0; Win64; x64) AppleWebKit/537.36 (KHTML, like Gecko) Chrome/146.0.0.0 Safari/537.36"
208.84.100.220 - - [20/May/2026:02:09:51 +0000] "GET /.env.orig HTTP/1.1" 404 10192 "-" "Mozilla/5.0 (X11; Linux x86_64) AppleWebKit/537.36 (KHTML, like Gecko) Chrome/146.0.0.0 Safari/537.36"
208.84.100.220 - - [20/May/2026:02:09:51 +0000] "GET /.env.local.swp HTTP/1.1" 404 10194 "-" "Mozilla/5.0 (Windows NT 10.0; Win64; x64) AppleWebKit/537.36 (KHTML, like Gecko) Chrome/147.0.0.0 Safari/537.36 Edg/147.0.0.0"
208.84.100.220 - - [20/May/2026:02:09:51 +0000] "GET /.git/logs/HEAD HTTP/1.1" 404 10260 "-" "Mozilla/5.0 (iPhone; CPU iPhone OS 18_4 like Mac OS X) AppleWebKit/605.1.15 (KHTML, like Gecko) Version/18.4 Mobile/15E148 Safari/604.1"
184.94.212.206 - - [20/May/2026:02:09:57 +0000] "POST /?wordfence_syncAttackData=1779242997.8578 HTTP/1.1" 200 - "-" "WordPress/6.9.4; https://verygreentea.com"
208.84.100.220 - - [20/May/2026:02:09:51 +0000] "GET /.env.production.bak HTTP/1.1" 404 10197 "-" "Mozilla/5.0 (Macintosh; Intel Mac OS X 10_15_7) AppleWebKit/605.1.15 (KHTML, like Gecko) Version/18.4 Safari/605.1.15"
184.94.212.206 - - [20/May/2026:02:09:57 +0000] "POST /?wordfence_syncAttackData=1779242997.7561 HTTP/1.1" 200 14931 "-" "WordPress/6.9.4; https://verygreentea.com"
208.84.100.220 - - [20/May/2026:02:09:51 +0000] "GET /.env.local.orig HTTP/1.1" 404 10239 "-" "Mozilla/5.0 (Macintosh; Intel Mac OS X 10_15_7) AppleWebKit/537.36 (KHTML, like Gecko) Chrome/147.0.0.0 Safari/537.36 Edg/147.0.0.0"
208.84.100.220 - - [20/May/2026:02:09:51 +0000] "GET /.env~ HTTP/1.1" 404 10189 "-" "Mozilla/5.0 (Windows NT 10.0; Win64; x64) AppleWebKit/537.36 (KHTML, like Gecko) Chrome/146.0.0.0 Safari/537.36"
208.84.100.220 - - [20/May/2026:02:09:51 +0000] "GET /.env.local.backup HTTP/1.1" 404 10196 "-" "Mozilla/5.0 (X11; Linux x86_64; rv:150.0) Gecko/20100101 Firefox/150.0"
184.94.212.206 - - [20/May/2026:02:09:57 +0000] "POST /?wordfence_syncAttackData=1779242997.0453 HTTP/1.1" 200 14931 "-" "WordPress/6.9.4; https://verygreentea.com"
208.84.100.220 - - [20/May/2026:02:09:51 +0000] "GET /.env.production~ HTTP/1.1" 404 10195 "-" "Mozilla/5.0 (Macintosh; Intel Mac OS X 10_15_7) AppleWebKit/537.36 (KHTML, like Gecko) Chrome/147.0.0.0 Safari/537.36"
208.84.100.220 - - [20/May/2026:02:09:51 +0000] "GET /.env.local.copy HTTP/1.1" 404 10194 "-" "Mozilla/5.0 (Windows NT 10.0; Win64; x64) AppleWebKit/537.36 (KHTML, like Gecko) Chrome/146.0.0.0 Safari/537.36 Edg/146.0.0.0"
208.84.100.220 - - [20/May/2026:02:09:51 +0000] "GET /.env.production.orig HTTP/1.1" 404 10198 "-" "Mozilla/5.0 (Macintosh; Intel Mac OS X 10_15_7) AppleWebKit/537.36 (KHTML, like Gecko) Chrome/146.0.0.0 Safari/537.36"
208.84.100.220 - - [20/May/2026:02:09:51 +0000] "GET /.git/refs/heads/master HTTP/1.1" 404 10304 "-" "Mozilla/5.0 (Macintosh; Intel Mac OS X 10_15_7) AppleWebKit/605.1.15 (KHTML, like Gecko) Version/18.4 Safari/605.1.15"
208.84.100.220 - - [20/May/2026:02:09:51 +0000] "GET /.env.local.old HTTP/1.1" 404 10195 "-" "Mozilla/5.0 (Macintosh; Intel Mac OS X 10.15; rv:150.0) Gecko/20100101 Firefox/150.0"
208.84.100.220 - - [20/May/2026:02:09:51 +0000] "GET /.env.local.save HTTP/1.1" 404 10239 "-" "Mozilla/5.0 (Windows NT 10.0; Win64; x64; rv:149.0) Gecko/20100101 Firefox/149.0"
208.84.100.220 - - [20/May/2026:02:09:51 +0000] "GET /.env.production.save HTTP/1.1" 404 10198 "-" "Mozilla/5.0 (Windows NT 10.0; Win64; x64) AppleWebKit/537.36 (KHTML, like Gecko) Chrome/147.0.0.0 Safari/537.36"
208.84.100.220 - - [20/May/2026:02:09:51 +0000] "GET /.env.local~ HTTP/1.1" 404 10193 "-" "Mozilla/5.0 (X11; Linux x86_64; rv:149.0) Gecko/20100101 Firefox/149.0"
208.84.100.220 - - [20/May/2026:02:09:51 +0000] "GET /.env.old HTTP/1.1" 404 10191 "-" "Mozilla/5.0 (Windows NT 10.0; Win64; x64) AppleWebKit/537.36 (KHTML, like Gecko) Chrome/147.0.0.0 Safari/537.36"
208.84.100.220 - - [20/May/2026:02:09:51 +0000] "GET /.env.production.backup HTTP/1.1" 404 10198 "-" "Mozilla/5.0 (Macintosh; Intel Mac OS X 10_15_7) AppleWebKit/605.1.15 (KHTML, like Gecko) Version/18.3 Safari/605.1.15"
208.84.100.220 - - [20/May/2026:02:09:51 +0000] "GET /.env.bak HTTP/1.1" 404 10191 "-" "Mozilla/5.0 (Macintosh; Intel Mac OS X 10_15_7) AppleWebKit/605.1.15 (KHTML, like Gecko) Version/18.3 Safari/605.1.15"
208.84.100.220 - - [20/May/2026:02:09:51 +0000] "GET /.git/refs/heads/main HTTP/1.1" 404 10261 "-" "Mozilla/5.0 (Windows NT 10.0; Win64; x64) AppleWebKit/537.36 (KHTML, like Gecko) Chrome/146.0.0.0 Safari/537.36 Edg/146.0.0.0"
208.84.100.220 - - [20/May/2026:02:09:51 +0000] "GET /.env.save HTTP/1.1" 404 10192 "-" "Mozilla/5.0 (X11; Linux x86_64) AppleWebKit/537.36 (KHTML, like Gecko) Chrome/147.0.0.0 Safari/537.36"
184.94.212.206 - - [20/May/2026:02:09:57 +0000] "POST /?wordfence_syncAttackData=1779242997.7374 HTTP/1.1" 200 14931 "-" "WordPress/6.9.4; https://verygreentea.com"
208.84.100.220 - - [20/May/2026:02:10:04 +0000] "GET / HTTP/1.1" 200 15010 "-" "Mozilla/5.0 (Windows NT 10.0; Win64; x64) AppleWebKit/537.36 (KHTML, like Gecko) Chrome/147.0.0.0 Safari/537.36"
184.94.212.206 - - [20/May/2026:02:09:58 +0000] "POST /?wordfence_syncAttackData=1779242998.15 HTTP/1.1" 200 14931 "-" "WordPress/6.9.4; https://verygreentea.com"
184.94.212.206 - - [20/May/2026:02:09:58 +0000] "POST /?wordfence_syncAttackData=1779242998.0745 HTTP/1.1" 200 14931 "-" "WordPress/6.9.4; https://verygreentea.com"
184.94.212.206 - - [20/May/2026:02:09:57 +0000] "POST /?wordfence_syncAttackData=1779242997.7015 HTTP/1.1" 200 14931 "-" "WordPress/6.9.4; https://verygreentea.com"
184.94.212.206 - - [20/May/2026:02:09:58 +0000] "POST /?wordfence_syncAttackData=1779242997.9776 HTTP/1.1" 200 14931 "-" "WordPress/6.9.4; https://verygreentea.com"
184.94.212.206 - - [20/May/2026:02:09:57 +0000] "POST /?wordfence_syncAttackData=1779242997.5972 HTTP/1.1" 200 14931 "-" "WordPress/6.9.4; https://verygreentea.com"
184.94.212.206 - - [20/May/2026:02:09:57 +0000] "POST /?wordfence_syncAttackData=1779242997.2781 HTTP/1.1" 200 14931 "-" "WordPress/6.9.4; https://verygreentea.com"
184.94.212.206 - - [20/May/2026:02:09:58 +0000] "POST /?wordfence_syncAttackData=1779242998.2192 HTTP/1.1" 200 14931 "-" "WordPress/6.9.4; https://verygreentea.com"
184.94.212.206 - - [20/May/2026:02:09:58 +0000] "POST /?wordfence_syncAttackData=1779242998.2275 HTTP/1.1" 200 14931 "-" "WordPress/6.9.4; https://verygreentea.com"
184.94.212.206 - - [20/May/2026:02:09:58 +0000] "POST /?wordfence_syncAttackData=1779242998.0424 HTTP/1.1" 200 14931 "-" "WordPress/6.9.4; https://verygreentea.com"
184.94.212.206 - - [20/May/2026:02:09:57 +0000] "POST /?wordfence_syncAttackData=1779242997.4313 HTTP/1.1" 200 14931 "-" "WordPress/6.9.4; https://verygreentea.com"
208.84.100.220 - - [20/May/2026:02:10:07 +0000] "GET /wp-content/themes/genesis/lib/js/skip-links.min.js?ver=3.6.2 HTTP/1.1" 200 238 "-" "Mozilla/5.0 (Windows NT 10.0; Win64; x64; rv:150.0) Gecko/20100101 Firefox/150.0"
208.84.100.220 - - [20/May/2026:02:10:07 +0000] "GET /wp-content/themes/magazine-pro/js/entry-date.js?ver=1.0.0 HTTP/1.1" 200 315 "-" "Mozilla/5.0 (Macintosh; Intel Mac OS X 10_15_7) AppleWebKit/537.36 (KHTML, like Gecko) Chrome/147.0.0.0 Safari/537.36"
208.84.100.220 - - [20/May/2026:02:10:07 +0000] "GET /wp-content/themes/genesis/lib/js/menu/superfish.min.js?ver=1.7.10 HTTP/1.1" 200 1894 "-" "Mozilla/5.0 (X11; Linux x86_64) AppleWebKit/537.36 (KHTML, like Gecko) Chrome/146.0.0.0 Safari/537.36"
208.84.100.220 - - [20/May/2026:02:10:07 +0000] "GET /wp-content/plugins/wp-consent-api/assets/js/wp-consent-api.min.js?ver=2.0.1 HTTP/1.1" 200 822 "-" "Mozilla/5.0 (X11; Linux x86_64; rv:149.0) Gecko/20100101 Firefox/149.0"
208.84.100.220 - - [20/May/2026:02:10:07 +0000] "GET /wp-content/themes/magazine-pro/js/responsive-menus.min.js?ver=3.2.4 HTTP/1.1" 200 1420 "-" "Mozilla/5.0 (Macintosh; Intel Mac OS X 10.15; rv:150.0) Gecko/20100101 Firefox/150.0"
208.84.100.220 - - [20/May/2026:02:10:08 +0000] "GET /wp-content/themes/genesis/lib/js/menu/superfish.args.min.js?ver=3.6.2 HTTP/1.1" 200 124 "-" "Mozilla/5.0 (Windows NT 10.0; Win64; x64) AppleWebKit/537.36 (KHTML, like Gecko) Chrome/145.0.0.0 Safari/537.36"
208.84.100.220 - - [20/May/2026:02:10:08 +0000] "GET /wp-content/plugins/google-site-kit/dist/assets/js/googlesitekit-consent-mode-da15714e8829855bb7ce.js HTTP/1.1" 200 25462 "-" "Mozilla/5.0 (X11; Linux x86_64; rv:150.0) Gecko/20100101 Firefox/150.0"
208.84.100.220 - - [20/May/2026:02:10:08 +0000] "GET /pagead/js/adsbygoogle_direct.js HTTP/1.1" 404 10267 "-" "Mozilla/5.0 (Windows NT 10.0; Win64; x64) AppleWebKit/537.36 (KHTML, like Gecko) Chrome/147.0.0.0 Safari/537.36"
208.84.100.220 - - [20/May/2026:02:10:09 +0000] "GET /pagead/js/adsbygoogle.js HTTP/1.1" 404 10263 "-" "Mozilla/5.0 (Macintosh; Intel Mac OS X 10_15_7) AppleWebKit/537.36 (KHTML, like Gecko) Chrome/147.0.0.0 Safari/537.36 Edg/147.0.0.0"
184.94.212.206 - - [20/May/2026:02:19:43 +0000] "POST /wp-cron.php?doing_wp_cron=1779243583.1822779178619384765625 HTTP/1.1" 200 - "-" "WordPress/6.9.4; https://verygreentea.com"
57.141.2.34 - - [20/May/2026:02:19:41 +0000] "GET /weight_loss_tips_and_tricks_to_fit_your_busy_life-jpg/ HTTP/1.1" 301 - "-" "meta-externalagent/1.1 (+https://developers.facebook.com/docs/sharing/webmasters/crawler)"
2.58.56.196 - - [20/May/2026:02:33:41 +0000] "GET / HTTP/1.1" 200 65174 "-" "Mozlila/5.0 (Linux; Android 7.0; SM-G892A Bulid/NRD90M; wv) AppleWebKit/537.36 (KHTML, like Gecko) Version/4.0 Chrome/60.0.3112.107 Moblie Safari/537.36"
2.58.56.196 - - [20/May/2026:02:33:40 +0000] "POST /ALFA_DATA/alfacgiapi/perl.alfa HTTP/1.1" 403 17006 "www.google.com" "Mozlila/5.0 (Linux; Android 7.0; SM-G892A Bulid/NRD90M; wv) AppleWebKit/537.36 (KHTML, like Gecko) Version/4.0 Chrome/60.0.3112.107 Moblie Safari/537.36"
2.58.56.196 - - [20/May/2026:02:33:40 +0000] "GET /wp-content/themes/seotheme/db.php?u HTTP/1.1" 403 17006 "www.google.com" "Mozlila/5.0 (Linux; Android 7.0; SM-G892A Bulid/NRD90M; wv) AppleWebKit/537.36 (KHTML, like Gecko) Version/4.0 Chrome/60.0.3112.107 Moblie Safari/537.36"
2.58.56.196 - - [20/May/2026:02:33:41 +0000] "GET /wp-content/plugins/apikey/apikey.php?test=hello HTTP/1.1" 403 17006 "-" "Mozlila/5.0 (Linux; Android 7.0; SM-G892A Bulid/NRD90M; wv) AppleWebKit/537.36 (KHTML, like Gecko) Version/4.0 Chrome/60.0.3112.107 Moblie Safari/537.36"
2.58.56.196 - - [20/May/2026:02:33:41 +0000] "GET /wp-content/themes/seotheme/db.php?u HTTP/1.1" 403 17006 "www.google.com" "Mozlila/5.0 (Linux; Android 7.0; SM-G892A Bulid/NRD90M; wv) AppleWebKit/537.36 (KHTML, like Gecko) Version/4.0 Chrome/60.0.3112.107 Moblie Safari/537.36"
184.94.212.206 - - [20/May/2026:02:33:42 +0000] "POST /wp-cron.php?doing_wp_cron=1779244422.5659420490264892578125 HTTP/1.1" 200 - "-" "WordPress/6.9.4; https://verygreentea.com"
184.94.212.206 - - [20/May/2026:02:33:41 +0000] "POST /?wordfence_syncAttackData=1779244421.7213 HTTP/1.1" 200 - "-" "WordPress/6.9.4; https://verygreentea.com"
2.58.56.196 - - [20/May/2026:02:33:42 +0000] "POST /alfacgiapi/perl.alfa HTTP/1.1" 403 17006 "www.google.com" "Mozlila/5.0 (Linux; Android 7.0; SM-G892A Bulid/NRD90M; wv) AppleWebKit/537.36 (KHTML, like Gecko) Version/4.0 Chrome/60.0.3112.107 Moblie Safari/537.36"
2.58.56.196 - - [20/May/2026:02:33:42 +0000] "GET /plugins/content/apismtp/apismtp.php?test=hello HTTP/1.1" 403 17006 "-" "Mozlila/5.0 (Linux; Android 7.0; SM-G892A Bulid/NRD90M; wv) AppleWebKit/537.36 (KHTML, like Gecko) Version/4.0 Chrome/60.0.3112.107 Moblie Safari/537.36"
2.58.56.196 - - [20/May/2026:02:33:40 +0000] "POST /wp-plain.php HTTP/1.1" 404 37908 "www.google.com" "Mozilla/5.0 (Linux; Android 7.0; SM-G892A Bulid/NRD90M; wv) AppleWebKit/537.36 (KHTML, like Gecko) Version/4.0 Chrome/60.0.3112.107 Moblie Safari/537.36"
184.94.212.206 - - [20/May/2026:02:33:42 +0000] "POST /?wordfence_syncAttackData=1779244422.1618 HTTP/1.1" 200 14931 "-" "WordPress/6.9.4; https://verygreentea.com"
2.58.56.196 - - [20/May/2026:02:33:43 +0000] "GET /wp-content/plugins/apikey/apikey.php.suspected?test=hello HTTP/1.1" 403 17006 "-" "Mozlila/5.0 (Linux; Android 7.0; SM-G892A Bulid/NRD90M; wv) AppleWebKit/537.36 (KHTML, like Gecko) Version/4.0 Chrome/60.0.3112.107 Moblie Safari/537.36"
2.58.56.196 - - [20/May/2026:02:33:40 +0000] "GET /wp-content/plugins/fix/up.php HTTP/1.1" 404 38229 "-" "Mozilla/5.0 (Windows NT 10.0; Win64; x64) AppleWebKit/537.36 (KHTML, like Gecko) Chrome/85.0.4183.102 Safari/537.36"
2.58.56.196 - - [20/May/2026:02:33:43 +0000] "GET /plugins/content/apismtp/apismtp.php.suspected?test=hello HTTP/1.1" 403 17006 "-" "Mozlila/5.0 (Linux; Android 7.0; SM-G892A Bulid/NRD90M; wv) AppleWebKit/537.36 (KHTML, like Gecko) Version/4.0 Chrome/60.0.3112.107 Moblie Safari/537.36"
2.58.56.196 - - [20/May/2026:02:33:43 +0000] "GET /vwokallk.php?Fox=d3wL7 HTTP/1.1" 404 37918 "www.google.com" "Mozilla/5.0 (Linux; Android 7.0; SM-G892A Bulid/NRD90M; wv) AppleWebKit/537.36 (KHTML, like Gecko) Version/4.0 Chrome/60.0.3112.107 Moblie Safari/537.36"
184.94.212.206 - - [20/May/2026:02:42:30 +0000] "POST /wp-cron.php?doing_wp_cron=1779244950.5724349021911621093750 HTTP/1.1" 200 - "-" "WordPress/6.9.4; https://verygreentea.com"
184.94.212.206 - - [20/May/2026:02:42:29 +0000] "POST /?wordfence_syncAttackData=1779244949.5783 HTTP/1.1" 200 - "-" "WordPress/6.9.4; https://verygreentea.com"
57.141.2.71 - - [20/May/2026:02:42:28 +0000] "GET /super_advice_about_how_to_be_successful_with_weight_loss-jpg/ HTTP/1.1" 301 - "-" "meta-externalagent/1.1 (+https://developers.facebook.com/docs/sharing/webmasters/crawler)"
57.141.2.71 - - [20/May/2026:02:43:12 +0000] "GET /green-tea-extract/ HTTP/1.1" 200 19567 "-" "meta-externalagent/1.1 (+https://developers.facebook.com/docs/sharing/webmasters/crawler)"
57.141.2.24 - - [20/May/2026:02:43:14 +0000] "GET /wp-content/plugins/google-site-kit/dist/assets/js/googlesitekit-consent-mode-da15714e8829855bb7ce.js HTTP/1.1" 200 25462 "https://verygreentea.com/green-tea-extract/" "meta-externalagent/1.1 (+https://developers.facebook.com/docs/sharing/webmasters/crawler)"
57.141.2.63 - - [20/May/2026:02:43:14 +0000] "GET /green-tea-extract/?relatedposts=1 HTTP/1.1" 200 119 "https://verygreentea.com/green-tea-extract/" "meta-externalagent/1.1 (+https://developers.facebook.com/docs/sharing/webmasters/crawler)"
57.141.2.70 - - [20/May/2026:02:43:40 +0000] "GET /wp-content/uploads/2021/12/pexels-photo-7034704.jpeg HTTP/1.1" 200 172007 "https://verygreentea.com/green-tea-extract/" "meta-externalagent/1.1 (+https://developers.facebook.com/docs/sharing/webmasters/crawler)"
57.141.2.34 - - [20/May/2026:02:43:40 +0000] "GET /green-tea-extract/null HTTP/1.1" 404 10193 "https://verygreentea.com/green-tea-extract/" "meta-externalagent/1.1 (+https://developers.facebook.com/docs/sharing/webmasters/crawler)"
57.141.2.11 - - [20/May/2026:02:43:41 +0000] "GET /green-tea-extract/?share=twitter&nb=1 HTTP/1.1" 302 - "-" "meta-externalagent/1.1 (+https://developers.facebook.com/docs/sharing/webmasters/crawler)"
184.94.212.206 - - [20/May/2026:02:43:45 +0000] "POST /wp-cron.php?doing_wp_cron=1779245025.6323390007019042968750 HTTP/1.1" 200 - "-" "WordPress/6.9.4; https://verygreentea.com"
57.141.2.8 - - [20/May/2026:02:43:44 +0000] "GET /green-tea-extract/?share=reddit&nb=1 HTTP/1.1" 302 - "-" "meta-externalagent/1.1 (+https://developers.facebook.com/docs/sharing/webmasters/crawler)"
57.141.2.56 - - [20/May/2026:02:43:46 +0000] "GET /green-tea-extract/?share=pinterest&nb=1 HTTP/1.1" 302 - "-" "meta-externalagent/1.1 (+https://developers.facebook.com/docs/sharing/webmasters/crawler)"
57.141.2.62 - - [20/May/2026:02:43:48 +0000] "GET /green-tea-extract/?share=tumblr&nb=1 HTTP/1.1" 302 - "-" "meta-externalagent/1.1 (+https://developers.facebook.com/docs/sharing/webmasters/crawler)"
57.141.2.23 - - [20/May/2026:02:43:50 +0000] "GET /green-tea-extract/?share=facebook&nb=1 HTTP/1.1" 302 - "-" "meta-externalagent/1.1 (+https://developers.facebook.com/docs/sharing/webmasters/crawler)"
57.141.2.1 - - [20/May/2026:02:43:52 +0000] "GET /green-tea-extract/?share=tumblr&nb=1 HTTP/1.1" 302 - "-" "meta-externalagent/1.1 (+https://developers.facebook.com/docs/sharing/webmasters/crawler)"
57.141.2.71 - - [20/May/2026:02:43:54 +0000] "GET /green-tea-extract/?share=reddit&nb=1 HTTP/1.1" 302 - "-" "meta-externalagent/1.1 (+https://developers.facebook.com/docs/sharing/webmasters/crawler)"
57.141.2.48 - - [20/May/2026:02:43:56 +0000] "GET /green-tea-extract/?share=pinterest&nb=1 HTTP/1.1" 302 - "-" "meta-externalagent/1.1 (+https://developers.facebook.com/docs/sharing/webmasters/crawler)"
57.141.2.46 - - [20/May/2026:02:43:57 +0000] "GET /green-tea-extract/?share=facebook&nb=1 HTTP/1.1" 302 - "-" "meta-externalagent/1.1 (+https://developers.facebook.com/docs/sharing/webmasters/crawler)"
184.94.212.206 - - [20/May/2026:02:48:00 +0000] "POST /wp-cron.php?doing_wp_cron=1779245280.6941609382629394531250 HTTP/1.1" 200 - "-" "WordPress/6.9.4; https://verygreentea.com"
57.141.2.7 - - [20/May/2026:02:47:59 +0000] "GET /the-best-green-tea-for-weight-loss/ HTTP/1.1" 200 16505 "-" "meta-externalagent/1.1 (+https://developers.facebook.com/docs/sharing/webmasters/crawler)"
57.141.2.30 - - [20/May/2026:02:48:05 +0000] "GET /the-best-green-tea-for-weight-loss/?relatedposts=1 HTTP/1.1" 200 119 "https://verygreentea.com/the-best-green-tea-for-weight-loss/" "meta-externalagent/1.1 (+https://developers.facebook.com/docs/sharing/webmasters/crawler)"
57.141.2.30 - - [20/May/2026:02:48:31 +0000] "GET /wp-content/uploads/2020/02/brewing-matcha-tea-e1581949390421.jpg HTTP/1.1" 200 307688 "https://verygreentea.com/the-best-green-tea-for-weight-loss/" "meta-externalagent/1.1 (+https://developers.facebook.com/docs/sharing/webmasters/crawler)"
184.94.212.206 - - [20/May/2026:02:48:32 +0000] "POST /wp-cron.php?doing_wp_cron=1779245312.3794100284576416015625 HTTP/1.1" 200 - "-" "WordPress/6.9.4; https://verygreentea.com"
57.141.2.21 - - [20/May/2026:02:48:31 +0000] "GET /the-best-green-tea-for-weight-loss/null HTTP/1.1" 404 10199 "https://verygreentea.com/the-best-green-tea-for-weight-loss/" "meta-externalagent/1.1 (+https://developers.facebook.com/docs/sharing/webmasters/crawler)"
57.141.2.51 - - [20/May/2026:02:48:36 +0000] "GET /the-best-green-tea-for-weight-loss/?share=tumblr&nb=1 HTTP/1.1" 302 - "-" "meta-externalagent/1.1 (+https://developers.facebook.com/docs/sharing/webmasters/crawler)"
57.141.2.29 - - [20/May/2026:02:48:37 +0000] "GET /the-best-green-tea-for-weight-loss/?share=reddit&nb=1 HTTP/1.1" 302 - "-" "meta-externalagent/1.1 (+https://developers.facebook.com/docs/sharing/webmasters/crawler)"
57.141.2.29 - - [20/May/2026:02:48:40 +0000] "GET /the-best-green-tea-for-weight-loss/?share=pinterest&nb=1 HTTP/1.1" 302 - "-" "meta-externalagent/1.1 (+https://developers.facebook.com/docs/sharing/webmasters/crawler)"
57.141.2.57 - - [20/May/2026:02:48:42 +0000] "GET /the-best-green-tea-for-weight-loss/?share=facebook&nb=1 HTTP/1.1" 302 - "-" "meta-externalagent/1.1 (+https://developers.facebook.com/docs/sharing/webmasters/crawler)"
57.141.2.47 - - [20/May/2026:02:48:43 +0000] "GET /the-best-green-tea-for-weight-loss/?share=reddit&nb=1 HTTP/1.1" 302 - "-" "meta-externalagent/1.1 (+https://developers.facebook.com/docs/sharing/webmasters/crawler)"
57.141.2.11 - - [20/May/2026:02:48:45 +0000] "GET /the-best-green-tea-for-weight-loss/?share=pinterest&nb=1 HTTP/1.1" 302 - "-" "meta-externalagent/1.1 (+https://developers.facebook.com/docs/sharing/webmasters/crawler)"
57.141.2.67 - - [20/May/2026:02:48:47 +0000] "GET /the-best-green-tea-for-weight-loss/?share=twitter&nb=1 HTTP/1.1" 302 - "-" "meta-externalagent/1.1 (+https://developers.facebook.com/docs/sharing/webmasters/crawler)"
184.94.212.206 - - [20/May/2026:02:49:59 +0000] "POST /wp-cron.php?doing_wp_cron=1779245399.4670441150665283203125 HTTP/1.1" 200 - "-" "WordPress/6.9.4; https://verygreentea.com"
47.128.96.240 - - [20/May/2026:02:49:57 +0000] "GET /robots.txt HTTP/1.1" 200 142 "-" "Mozilla/5.0 (Linux; Android 5.0) AppleWebKit/537.36 (KHTML, like Gecko) Mobile Safari/537.36 (compatible; Bytespider; spider-feedback@bytedance.com)"
184.94.212.206 - - [20/May/2026:02:53:14 +0000] "POST /wp-cron.php?doing_wp_cron=1779245594.5784521102905273437500 HTTP/1.1" 200 - "-" "WordPress/6.9.4; https://verygreentea.com"
184.94.212.206 - - [20/May/2026:02:53:11 +0000] "GET / HTTP/1.1" 200 65174 "-" "Mozilla/5.0 (Windows NT 10.0; Win64; x64; rv:122.0) Gecko/20100101 Firefox/122.0"
104.194.9.138 - - [20/May/2026:02:54:38 +0000] "GET /x-cp-7tBBJmZU.php HTTP/1.1" 200 4063 "-" "Mozilla/5.0 (X11; Linux x86_64) AppleWebKit/537.36 (KHTML, like Gecko) Chrome/143.0.0.0 Safari/537.36"
184.94.212.206 - - [20/May/2026:03:01:34 +0000] "POST /wp-cron.php?doing_wp_cron=1779246094.7295060157775878906250 HTTP/1.1" 200 - "-" "WordPress/6.9.4; https://verygreentea.com"
44.223.116.149 - - [20/May/2026:03:01:33 +0000] "GET /robots.txt HTTP/1.1" 200 142 "-" "Mozilla/5.0 AppleWebKit/537.36 (KHTML, like Gecko; compatible; Amazonbot/0.1; +https://developer.amazon.com/support/amazonbot) Chrome/119.0.6045.214 Safari/537.36"
34.231.45.47 - - [20/May/2026:03:01:39 +0000] "GET /ultimate-hydration-for-energy-wellness-performance/ HTTP/1.1" 200 17232 "-" "Mozilla/5.0 AppleWebKit/537.36 (KHTML, like Gecko; compatible; Amazonbot/0.1; +https://developer.amazon.com/support/amazonbot) Chrome/119.0.6045.214 Safari/537.36"
52.2.226.16 - - [20/May/2026:03:01:59 +0000] "GET /robots.txt HTTP/1.1" 200 142 "-" "Mozilla/5.0 (Macintosh; Intel Mac OS X 10_10_1) AppleWebKit/600.2.5 (KHTML, like Gecko) Version/8.0.2 Safari/600.2.5 (Gort)"
184.94.212.206 - - [20/May/2026:03:07:50 +0000] "POST /wp-cron.php?doing_wp_cron=1779246470.3279149532318115234375 HTTP/1.1" 200 - "-" "WordPress/6.9.4; https://verygreentea.com"
150.109.230.210 - - [20/May/2026:03:07:48 +0000] "GET / HTTP/1.1" 301 - "http://www.verygreentea.com" "Mozilla/5.0 (iPhone; CPU iPhone OS 13_2_3 like Mac OS X) AppleWebKit/605.1.15 (KHTML, like Gecko) Version/13.0.3 Mobile/15E148 Safari/604.1"
150.109.230.210 - - [20/May/2026:03:07:51 +0000] "GET / HTTP/1.1" 200 15024 "https://www.verygreentea.com/" "Mozilla/5.0 (iPhone; CPU iPhone OS 13_2_3 like Mac OS X) AppleWebKit/605.1.15 (KHTML, like Gecko) Version/13.0.3 Mobile/15E148 Safari/604.1"
119.28.122.202 - - [20/May/2026:03:18:42 +0000] "GET / HTTP/1.1" 200 15024 "http://verygreentea.com" "Mozilla/5.0 (iPhone; CPU iPhone OS 13_2_3 like Mac OS X) AppleWebKit/605.1.15 (KHTML, like Gecko) Version/13.0.3 Mobile/15E148 Safari/604.1"
184.94.212.206 - - [20/May/2026:03:26:27 +0000] "POST /wp-cron.php?doing_wp_cron=1779247587.5624179840087890625000 HTTP/1.1" 200 - "-" "WordPress/6.9.4; https://verygreentea.com"
66.249.66.78 - - [20/May/2026:03:26:26 +0000] "GET /category/weight-loss/ HTTP/1.1" 200 12345 "-" "Mozilla/5.0 (Linux; Android 6.0.1; Nexus 5X Build/MMB29P) AppleWebKit/537.36 (KHTML, like Gecko) Chrome/148.0.7778.96 Mobile Safari/537.36 (compatible; Googlebot/2.1; +http://www.google.com/bot.html)"
66.249.66.41 - - [20/May/2026:03:26:34 +0000] "GET /wp-content/themes/magazine-pro/style.css?ver=3.2.4 HTTP/1.1" 200 8227 "https://verygreentea.com/category/weight-loss/" "Mozilla/5.0 (Linux; Android 6.0.1; Nexus 5X Build/MMB29P) AppleWebKit/537.36 (KHTML, like Gecko) Chrome/148.0.7778.96 Mobile Safari/537.36 (compatible; Googlebot/2.1; +http://www.google.com/bot.html)"
66.249.66.1 - - [20/May/2026:03:26:34 +0000] "GET /wp-content/themes/genesis/lib/js/menu/superfish.min.js?ver=1.7.10 HTTP/1.1" 200 1894 "https://verygreentea.com/category/weight-loss/" "Mozilla/5.0 (Linux; Android 6.0.1; Nexus 5X Build/MMB29P) AppleWebKit/537.36 (KHTML, like Gecko) Chrome/148.0.7778.96 Mobile Safari/537.36 (compatible; Googlebot/2.1; +http://www.google.com/bot.html)"
66.249.66.41 - - [20/May/2026:03:26:35 +0000] "GET /wp-content/themes/genesis/lib/js/skip-links.min.js?ver=3.6.2 HTTP/1.1" 200 238 "https://verygreentea.com/category/weight-loss/" "Mozilla/5.0 (Linux; Android 6.0.1; Nexus 5X Build/MMB29P) AppleWebKit/537.36 (KHTML, like Gecko) Chrome/148.0.7778.96 Mobile Safari/537.36 (compatible; Googlebot/2.1; +http://www.google.com/bot.html)"
66.249.66.160 - - [20/May/2026:03:26:37 +0000] "GET /wp-content/themes/magazine-pro/js/entry-date.js?ver=1.0.0 HTTP/1.1" 200 315 "https://verygreentea.com/category/weight-loss/" "Mozilla/5.0 (Linux; Android 6.0.1; Nexus 5X Build/MMB29P) AppleWebKit/537.36 (KHTML, like Gecko) Chrome/148.0.7778.96 Mobile Safari/537.36 (compatible; Googlebot/2.1; +http://www.google.com/bot.html)"
66.249.66.169 - - [20/May/2026:03:26:39 +0000] "GET /wp-content/themes/magazine-pro/js/responsive-menus.min.js?ver=3.2.4 HTTP/1.1" 200 1420 "https://verygreentea.com/category/weight-loss/" "Mozilla/5.0 (Linux; Android 6.0.1; Nexus 5X Build/MMB29P) AppleWebKit/537.36 (KHTML, like Gecko) Chrome/148.0.7778.96 Mobile Safari/537.36 (compatible; Googlebot/2.1; +http://www.google.com/bot.html)"
66.249.66.41 - - [20/May/2026:03:26:41 +0000] "GET /wp-content/plugins/google-site-kit/dist/assets/js/googlesitekit-consent-mode-da15714e8829855bb7ce.js HTTP/1.1" 200 25462 "https://verygreentea.com/category/weight-loss/" "Mozilla/5.0 (Linux; Android 6.0.1; Nexus 5X Build/MMB29P) AppleWebKit/537.36 (KHTML, like Gecko) Chrome/148.0.7778.96 Mobile Safari/537.36 (compatible; Googlebot/2.1; +http://www.google.com/bot.html)"
184.94.212.206 - - [20/May/2026:03:30:12 +0000] "POST /wp-cron.php?doing_wp_cron=1779247812.7185499668121337890625 HTTP/1.1" 200 - "-" "WordPress/6.9.4; https://verygreentea.com"
77.75.78.162 - - [20/May/2026:03:30:11 +0000] "GET /green-tea-benefits-of-weight-loss-and-more/ HTTP/1.1" 200 16087 "-" "Mozilla/5.0 (compatible; SeznamBot/4.0; +https://o-seznam.cz/napoveda/vyhledavani/en/seznambot-crawler/)"
216.73.216.184 - - [20/May/2026:03:31:16 +0000] "GET /robots.txt HTTP/1.1" 200 142 "-" "Mozilla/5.0 AppleWebKit/537.36 (KHTML, like Gecko; compatible; ClaudeBot/1.0; +claudebot@anthropic.com)"
216.73.216.184 - - [20/May/2026:03:31:18 +0000] "GET / HTTP/1.1" 200 14945 "-" "Mozilla/5.0 AppleWebKit/537.36 (KHTML, like Gecko; compatible; ClaudeBot/1.0; +claudebot@anthropic.com)"
157.180.59.87 - - [20/May/2026:03:31:43 +0000] "GET / HTTP/1.1" 200 14945 "-" "Mozilla/5.0 (compatible; WebTrackrCrawler/1.0; +https://affsignal.com/bot)"
157.180.59.87 - - [20/May/2026:03:31:52 +0000] "GET / HTTP/1.1" 200 14945 "-" "Mozilla/5.0 (compatible; WebTrackrCrawler/1.0; +https://affsignal.com/bot)"
184.94.212.206 - - [20/May/2026:03:42:35 +0000] "POST /wp-cron.php?doing_wp_cron=1779248555.9826900959014892578125 HTTP/1.1" 200 - "-" "WordPress/6.9.4; https://verygreentea.com"
43.173.1.57 - - [20/May/2026:03:42:34 +0000] "GET /references/ HTTP/1.1" 200 37728 "-" "Mozilla/5.0 (iPhone; CPU iPhone OS 13_2_3 like Mac OS X) AppleWebKit/605.1.15 (KHTML, like Gecko) Version/13.0.3 Mobile/15E148 Safari/604.1"
184.94.212.206 - - [20/May/2026:03:49:34 +0000] "POST /wp-cron.php?doing_wp_cron=1779248974.7291851043701171875000 HTTP/1.1" 200 - "-" "WordPress/6.9.4; https://verygreentea.com"
223.109.252.140 - - [20/May/2026:03:49:32 +0000] "GET / HTTP/1.1" 200 14945 "-" "Sogou web spider/4.0(+http://www.sogou.com/docs/help/webmasters.htm#07)"
184.94.212.206 - - [20/May/2026:03:51:00 +0000] "POST /wp-cron.php?doing_wp_cron=1779249060.6974229812622070312500 HTTP/1.1" 200 - "-" "WordPress/6.9.4; https://verygreentea.com"
82.156.116.86 - - [20/May/2026:03:50:59 +0000] "GET / HTTP/1.1" 301 - "http://www.verygreentea.com" "Mozilla/5.0 (iPhone; CPU iPhone OS 13_2_3 like Mac OS X) AppleWebKit/605.1.15 (KHTML, like Gecko) Version/13.0.3 Mobile/15E148 Safari/604.1"
82.156.116.86 - - [20/May/2026:03:51:02 +0000] "GET / HTTP/1.1" 200 15025 "https://www.verygreentea.com/" "Mozilla/5.0 (iPhone; CPU iPhone OS 13_2_3 like Mac OS X) AppleWebKit/605.1.15 (KHTML, like Gecko) Version/13.0.3 Mobile/15E148 Safari/604.1"
43.134.71.232 - - [20/May/2026:03:51:36 +0000] "GET /solid-advice-for-new-moms-trying-to-lose-weight/ HTTP/1.1" 200 16580 "-" "Mozilla/5.0 (iPhone; CPU iPhone OS 13_2_3 like Mac OS X) AppleWebKit/605.1.15 (KHTML, like Gecko) Version/13.0.3 Mobile/15E148 Safari/604.1"
184.94.212.206 - - [20/May/2026:04:01:56 +0000] "POST /wp-cron.php?doing_wp_cron=1779249716.6232550144195556640625 HTTP/1.1" 200 - "-" "WordPress/6.9.4; https://verygreentea.com"
57.141.2.31 - - [20/May/2026:04:01:55 +0000] "GET /great_advice_to_take_to_heart_as_you_begin_your_weight_loss_journey-jpg/ HTTP/1.1" 301 - "-" "meta-externalagent/1.1 (+https://developers.facebook.com/docs/sharing/webmasters/crawler)"
216.244.66.227 - - [20/May/2026:04:01:57 +0000] "GET /robots.txt HTTP/1.1" 200 271 "-" "Mozilla/5.0 (compatible; DotBot/1.2; +https://opensiteexplorer.org/dotbot; help@moz.com)"
184.94.212.206 - - [20/May/2026:04:06:42 +0000] "POST /wp-cron.php?doing_wp_cron=1779250002.1893019676208496093750 HTTP/1.1" 200 - "-" "WordPress/6.9.4; https://verygreentea.com"
216.244.66.227 - - [20/May/2026:04:06:40 +0000] "GET /contact-us/?share=pinterest HTTP/1.1" 302 - "-" "Mozilla/5.0 (compatible; DotBot/1.2; +https://opensiteexplorer.org/dotbot; help@moz.com)"
184.94.212.206 - - [20/May/2026:04:12:19 +0000] "POST /wp-cron.php?doing_wp_cron=1779250339.2167220115661621093750 HTTP/1.1" 200 - "-" "WordPress/6.9.4; https://verygreentea.com"
43.164.192.151 - - [20/May/2026:04:12:17 +0000] "GET /category/benefits/ HTTP/1.1" 200 14403 "-" "Mozilla/5.0 (iPhone; CPU iPhone OS 13_2_3 like Mac OS X) AppleWebKit/605.1.15 (KHTML, like Gecko) Version/13.0.3 Mobile/15E148 Safari/604.1"
43.173.176.146 - - [20/May/2026:04:16:10 +0000] "GET / HTTP/1.1" 200 15025 "http://verygreentea.com" "Mozilla/5.0 (Windows NT 10.0; Win64; x64) AppleWebKit/537.36 (KHTML, like Gecko) Chrome/105.0.0.0 Safari/537.3"
184.94.212.206 - - [20/May/2026:04:23:12 +0000] "POST /wp-cron.php?doing_wp_cron=1779250992.9803628921508789062500 HTTP/1.1" 200 - "-" "WordPress/6.9.4; https://verygreentea.com"
43.159.58.77 - - [20/May/2026:04:23:11 +0000] "GET /ultimate-hydration-for-energy-wellness-performance/ HTTP/1.1" 200 17307 "-" "Mozilla/5.0 (iPhone; CPU iPhone OS 13_2_3 like Mac OS X) AppleWebKit/605.1.15 (KHTML, like Gecko) Version/13.0.3 Mobile/15E148 Safari/604.1"
184.94.212.206 - - [20/May/2026:04:25:52 +0000] "POST /wp-cron.php?doing_wp_cron=1779251152.5351970195770263671875 HTTP/1.1" 200 - "-" "WordPress/6.9.4; https://verygreentea.com"
216.73.216.184 - - [20/May/2026:04:25:51 +0000] "GET /author/thesilentwhisperer/ HTTP/1.1" 200 14553 "-" "Mozilla/5.0 AppleWebKit/537.36 (KHTML, like Gecko; compatible; ClaudeBot/1.0; +claudebot@anthropic.com)"
216.73.216.184 - - [20/May/2026:04:25:55 +0000] "GET /getting-plenty-of-sleep-is-essential-to-weight-loss/ HTTP/1.1" 200 17762 "-" "Mozilla/5.0 AppleWebKit/537.36 (KHTML, like Gecko; compatible; ClaudeBot/1.0; +claudebot@anthropic.com)"
216.73.216.184 - - [20/May/2026:04:26:44 +0000] "GET /estrogen-balance-for-women-after-35/ HTTP/1.1" 200 17859 "-" "Mozilla/5.0 AppleWebKit/537.36 (KHTML, like Gecko; compatible; ClaudeBot/1.0; +claudebot@anthropic.com)"
184.94.212.206 - - [20/May/2026:04:27:15 +0000] "POST /wp-cron.php?doing_wp_cron=1779251235.6935229301452636718750 HTTP/1.1" 200 - "-" "WordPress/6.9.4; https://verygreentea.com"
216.73.216.184 - - [20/May/2026:04:27:14 +0000] "GET /eating-filling-foods-can-help-you-lose-weight/ HTTP/1.1" 200 17402 "-" "Mozilla/5.0 AppleWebKit/537.36 (KHTML, like Gecko; compatible; ClaudeBot/1.0; +claudebot@anthropic.com)"
216.73.216.184 - - [20/May/2026:04:27:15 +0000] "GET /multi-collagen-protein-benefits-after-35/ HTTP/1.1" 200 16573 "-" "Mozilla/5.0 AppleWebKit/537.36 (KHTML, like Gecko; compatible; ClaudeBot/1.0; +claudebot@anthropic.com)"
216.73.216.184 - - [20/May/2026:04:27:19 +0000] "GET /author/h0tn1ch3s/ HTTP/1.1" 200 14608 "-" "Mozilla/5.0 AppleWebKit/537.36 (KHTML, like Gecko; compatible; ClaudeBot/1.0; +claudebot@anthropic.com)"
57.141.2.58 - - [20/May/2026:04:28:26 +0000] "GET /tip_of_the_day_you_can_lose_that_weight_now-jpg/ HTTP/1.1" 301 - "-" "meta-externalagent/1.1 (+https://developers.facebook.com/docs/sharing/webmasters/crawler)"
184.94.212.206 - - [20/May/2026:04:31:18 +0000] "POST /wp-cron.php?doing_wp_cron=1779251478.2618849277496337890625 HTTP/1.1" 200 - "-" "WordPress/6.9.4; https://verygreentea.com"
14.169.178.127 - - [20/May/2026:04:31:16 +0000] "GET /the-best-green-tea-for-weight-loss/ HTTP/1.1" 200 16584 "-" "Mozilla/5.0 (Windows NT 10.0; Win64; x64) AppleWebKit/537.36 (KHTML, like Gecko) Chrome/129.0.0.0 Safari/537.36"
184.94.212.206 - - [20/May/2026:04:32:28 +0000] "POST /wp-cron.php?doing_wp_cron=1779251548.3263010978698730468750 HTTP/1.1" 200 - "-" "WordPress/6.9.4; https://verygreentea.com"
43.153.85.46 - - [20/May/2026:04:32:26 +0000] "GET /wp-json/oembed/1.0/embed?url=https%3A%2F%2Fverygreentea.com%2Freferences%2F&format=xml HTTP/1.1" 200 1177 "-" "Mozilla/5.0 (iPhone; CPU iPhone OS 13_2_3 like Mac OS X) AppleWebKit/605.1.15 (KHTML, like Gecko) Version/13.0.3 Mobile/15E148 Safari/604.1"
184.94.212.206 - - [20/May/2026:04:42:55 +0000] "POST /wp-cron.php?doing_wp_cron=1779252175.7421679496765136718750 HTTP/1.1" 200 - "-" "WordPress/6.9.4; https://verygreentea.com"
43.155.26.193 - - [20/May/2026:04:42:54 +0000] "GET /references/ HTTP/1.1" 200 37728 "-" "Mozilla/5.0 (iPhone; CPU iPhone OS 13_2_3 like Mac OS X) AppleWebKit/605.1.15 (KHTML, like Gecko) Version/13.0.3 Mobile/15E148 Safari/604.1"
110.249.202.112 - - [20/May/2026:04:44:04 +0000] "GET /robots.txt HTTP/1.1" 200 142 "-" "Mozilla/5.0 (Linux; Android 5.0) AppleWebKit/537.36 (KHTML, like Gecko) Mobile Safari/537.36 (compatible; Bytespider; https://zhanzhang.toutiao.com/)"
184.94.212.206 - - [20/May/2026:04:45:51 +0000] "POST /wp-cron.php?doing_wp_cron=1779252351.8811650276184082031250 HTTP/1.1" 200 - "-" "WordPress/6.9.4; https://verygreentea.com"
216.244.66.227 - - [20/May/2026:04:45:50 +0000] "GET /robots.txt HTTP/1.1" 200 271 "-" "Mozilla/5.0 (compatible; DotBot/1.2; +https://opensiteexplorer.org/dotbot; help@moz.com)"
184.94.212.206 - - [20/May/2026:04:50:28 +0000] "POST /wp-cron.php?doing_wp_cron=1779252628.0319180488586425781250 HTTP/1.1" 200 - "-" "WordPress/6.9.4; https://verygreentea.com"
216.244.66.227 - - [20/May/2026:04:50:20 +0000] "GET /tag/weight-loss/feed/ HTTP/1.1" 200 53741 "-" "Mozilla/5.0 (compatible; DotBot/1.2; +https://opensiteexplorer.org/dotbot; help@moz.com)"
184.94.212.206 - - [20/May/2026:04:51:02 +0000] "POST /wp-cron.php?doing_wp_cron=1779252662.5389659404754638671875 HTTP/1.1" 200 - "-" "WordPress/6.9.4; https://verygreentea.com"
216.244.66.227 - - [20/May/2026:04:51:01 +0000] "GET /weighing-the-pros-and-cons-of-dieting/?share=tumblr HTTP/1.1" 302 - "-" "Mozilla/5.0 (compatible; DotBot/1.2; +https://opensiteexplorer.org/dotbot; help@moz.com)"
216.244.66.227 - - [20/May/2026:04:51:33 +0000] "GET /weight-loss-calculator/?share=reddit HTTP/1.1" 302 - "-" "Mozilla/5.0 (compatible; DotBot/1.2; +https://opensiteexplorer.org/dotbot; help@moz.com)"
43.156.168.214 - - [20/May/2026:04:51:56 +0000] "GET /contact-us/ HTTP/1.1" 200 13549 "-" "Mozilla/5.0 (iPhone; CPU iPhone OS 13_2_3 like Mac OS X) AppleWebKit/605.1.15 (KHTML, like Gecko) Version/13.0.3 Mobile/15E148 Safari/604.1"
216.244.66.227 - - [20/May/2026:04:52:03 +0000] "GET /tag/fifteen-minutes/feed/ HTTP/1.1" 200 1214 "-" "Mozilla/5.0 (compatible; DotBot/1.2; +https://opensiteexplorer.org/dotbot; help@moz.com)"
184.94.212.206 - - [20/May/2026:04:52:33 +0000] "POST /wp-cron.php?doing_wp_cron=1779252753.1217091083526611328125 HTTP/1.1" 200 - "-" "WordPress/6.9.4; https://verygreentea.com"
216.244.66.227 - - [20/May/2026:04:52:32 +0000] "GET /tag/wheat-noodles/feed/ HTTP/1.1" 200 1204 "-" "Mozilla/5.0 (compatible; DotBot/1.2; +https://opensiteexplorer.org/dotbot; help@moz.com)"
54.89.151.252 - - [20/May/2026:04:56:01 +0000] "GET /ads.txt HTTP/1.1" 200 58 "-" "Mozilla/5.0 (Windows NT 10.0; Win64; x64) AppleWebKit/537.36 (KHTML, like Gecko) Chrome/124.0.0.0 Safari/537.36"
184.94.212.206 - - [20/May/2026:04:59:43 +0000] "POST /wp-cron.php?doing_wp_cron=1779253183.2965600490570068359375 HTTP/1.1" 200 - "-" "WordPress/6.9.4; https://verygreentea.com"
66.249.66.1 - - [20/May/2026:04:59:41 +0000] "GET /tag/losing-weight/ HTTP/1.1" 200 13359 "-" "Mozilla/5.0 (Linux; Android 6.0.1; Nexus 5X Build/MMB29P) AppleWebKit/537.36 (KHTML, like Gecko) Chrome/148.0.7778.96 Mobile Safari/537.36 (compatible; GoogleOther)"
66.249.66.78 - - [20/May/2026:04:59:48 +0000] "GET /wp-content/themes/magazine-pro/style.css?ver=3.2.4 HTTP/1.1" 200 8227 "https://verygreentea.com/tag/losing-weight/" "Mozilla/5.0 (Linux; Android 6.0.1; Nexus 5X Build/MMB29P) AppleWebKit/537.36 (KHTML, like Gecko) Chrome/148.0.7778.96 Mobile Safari/537.36 (compatible; GoogleOther)"
66.249.66.78 - - [20/May/2026:04:59:50 +0000] "GET /wp-content/themes/genesis/lib/js/menu/superfish.min.js?ver=1.7.10 HTTP/1.1" 200 1894 "https://verygreentea.com/tag/losing-weight/" "Mozilla/5.0 (Linux; Android 6.0.1; Nexus 5X Build/MMB29P) AppleWebKit/537.36 (KHTML, like Gecko) Chrome/148.0.7778.96 Mobile Safari/537.36 (compatible; GoogleOther)"
66.249.66.78 - - [20/May/2026:04:59:52 +0000] "GET /wp-content/themes/genesis/lib/js/menu/superfish.args.min.js?ver=3.6.2 HTTP/1.1" 200 124 "https://verygreentea.com/tag/losing-weight/" "Mozilla/5.0 (Linux; Android 6.0.1; Nexus 5X Build/MMB29P) AppleWebKit/537.36 (KHTML, like Gecko) Chrome/148.0.7778.96 Mobile Safari/537.36 (compatible; GoogleOther)"
66.249.66.15 - - [20/May/2026:04:59:54 +0000] "GET /wp-content/themes/magazine-pro/js/entry-date.js?ver=1.0.0 HTTP/1.1" 200 315 "https://verygreentea.com/tag/losing-weight/" "Mozilla/5.0 (Linux; Android 6.0.1; Nexus 5X Build/MMB29P) AppleWebKit/537.36 (KHTML, like Gecko) Chrome/148.0.7778.96 Mobile Safari/537.36 (compatible; GoogleOther)"
66.249.66.15 - - [20/May/2026:04:59:57 +0000] "GET /wp-content/themes/genesis/lib/js/skip-links.min.js?ver=3.6.2 HTTP/1.1" 200 238 "https://verygreentea.com/tag/losing-weight/" "Mozilla/5.0 (Linux; Android 6.0.1; Nexus 5X Build/MMB29P) AppleWebKit/537.36 (KHTML, like Gecko) Chrome/148.0.7778.96 Mobile Safari/537.36 (compatible; GoogleOther)"
66.249.66.202 - - [20/May/2026:04:59:59 +0000] "GET /wp-content/themes/magazine-pro/js/responsive-menus.min.js?ver=3.2.4 HTTP/1.1" 200 1420 "https://verygreentea.com/tag/losing-weight/" "Mozilla/5.0 (Linux; Android 6.0.1; Nexus 5X Build/MMB29P) AppleWebKit/537.36 (KHTML, like Gecko) Chrome/148.0.7778.96 Mobile Safari/537.36 (compatible; GoogleOther)"
66.249.66.160 - - [20/May/2026:05:00:02 +0000] "GET /wp-content/plugins/google-site-kit/dist/assets/js/googlesitekit-consent-mode-da15714e8829855bb7ce.js HTTP/1.1" 200 25462 "https://verygreentea.com/tag/losing-weight/" "Mozilla/5.0 (Linux; Android 6.0.1; Nexus 5X Build/MMB29P) AppleWebKit/537.36 (KHTML, like Gecko) Chrome/148.0.7778.96 Mobile Safari/537.36 (compatible; GoogleOther)"
66.249.66.2 - - [20/May/2026:05:00:04 +0000] "GET /wp-content/plugins/wp-consent-api/assets/js/wp-consent-api.min.js?ver=2.0.1 HTTP/1.1" 200 822 "https://verygreentea.com/tag/losing-weight/" "Mozilla/5.0 (Linux; Android 6.0.1; Nexus 5X Build/MMB29P) AppleWebKit/537.36 (KHTML, like Gecko) Chrome/148.0.7778.96 Mobile Safari/537.36 (compatible; GoogleOther)"
184.94.212.206 - - [20/May/2026:05:02:52 +0000] "POST /wp-cron.php?doing_wp_cron=1779253372.3003931045532226562500 HTTP/1.1" 200 - "-" "WordPress/6.9.4; https://verygreentea.com"
43.130.139.177 - - [20/May/2026:05:02:50 +0000] "GET /category/benefits/ HTTP/1.1" 200 14404 "-" "Mozilla/5.0 (iPhone; CPU iPhone OS 13_2_3 like Mac OS X) AppleWebKit/605.1.15 (KHTML, like Gecko) Version/13.0.3 Mobile/15E148 Safari/604.1"
3.91.89.222 - - [20/May/2026:05:07:35 +0000] "GET /ads.txt HTTP/1.1" 200 58 "-" "Mozilla/5.0 (Windows NT 10.0; Win64; x64) AppleWebKit/537.36 (KHTML, like Gecko) Chrome/124.0.0.0 Safari/537.36"
184.94.212.206 - - [20/May/2026:05:08:33 +0000] "POST /wp-cron.php?doing_wp_cron=1779253713.0705549716949462890625 HTTP/1.1" 200 - "-" "WordPress/6.9.4; https://verygreentea.com"
216.73.216.141 - - [20/May/2026:05:08:31 +0000] "GET /robots.txt HTTP/1.1" 200 142 "-" "Mozilla/5.0 AppleWebKit/537.36 (KHTML, like Gecko; compatible; ClaudeBot/1.0; +claudebot@anthropic.com)"
216.73.216.141 - - [20/May/2026:05:08:33 +0000] "GET /Multi-Collagen-Protein HTTP/1.1" 307 - "-" "Mozilla/5.0 AppleWebKit/537.36 (KHTML, like Gecko; compatible; ClaudeBot/1.0; +claudebot@anthropic.com)"
184.94.212.206 - - [20/May/2026:05:09:24 +0000] "POST /wp-cron.php?doing_wp_cron=1779253764.2453401088714599609375 HTTP/1.1" 200 - "-" "WordPress/6.9.4; https://verygreentea.com"
216.73.216.141 - - [20/May/2026:05:09:22 +0000] "GET /the-best-green-tea-for-weight-loss/ HTTP/1.1" 200 16506 "-" "Mozilla/5.0 AppleWebKit/537.36 (KHTML, like Gecko; compatible; ClaudeBot/1.0; +claudebot@anthropic.com)"
184.94.212.206 - - [20/May/2026:05:10:15 +0000] "POST /wp-cron.php?doing_wp_cron=1779253815.1157839298248291015625 HTTP/1.1" 200 - "-" "WordPress/6.9.4; https://verygreentea.com"
216.73.216.141 - - [20/May/2026:05:10:13 +0000] "GET /tag/weight-loss-goals/ HTTP/1.1" 200 12447 "-" "Mozilla/5.0 AppleWebKit/537.36 (KHTML, like Gecko; compatible; ClaudeBot/1.0; +claudebot@anthropic.com)"
216.73.216.141 - - [20/May/2026:05:10:38 +0000] "GET /author/thesilentwhisperer/feed/ HTTP/1.1" 200 11589 "-" "Mozilla/5.0 AppleWebKit/537.36 (KHTML, like Gecko; compatible; ClaudeBot/1.0; +claudebot@anthropic.com)"
216.73.216.141 - - [20/May/2026:05:10:45 +0000] "GET /weight-loss-calculator/ HTTP/1.1" 200 16071 "-" "Mozilla/5.0 AppleWebKit/537.36 (KHTML, like Gecko; compatible; ClaudeBot/1.0; +claudebot@anthropic.com)"
150.109.12.46 - - [20/May/2026:05:11:18 +0000] "GET /category/weight-loss-tips/ HTTP/1.1" 200 13766 "-" "Mozilla/5.0 (iPhone; CPU iPhone OS 13_2_3 like Mac OS X) AppleWebKit/605.1.15 (KHTML, like Gecko) Version/13.0.3 Mobile/15E148 Safari/604.1"
184.94.212.206 - - [20/May/2026:05:12:48 +0000] "POST /wp-cron.php?doing_wp_cron=1779253968.3150699138641357421875 HTTP/1.1" 200 - "-" "WordPress/6.9.4; https://verygreentea.com"
216.73.216.141 - - [20/May/2026:05:12:46 +0000] "GET /author/h0tn1ch3s/feed/ HTTP/1.1" 200 20376 "-" "Mozilla/5.0 AppleWebKit/537.36 (KHTML, like Gecko; compatible; ClaudeBot/1.0; +claudebot@anthropic.com)"
216.73.216.141 - - [20/May/2026:05:12:47 +0000] "GET /Estrogen HTTP/1.1" 307 - "-" "Mozilla/5.0 AppleWebKit/537.36 (KHTML, like Gecko; compatible; ClaudeBot/1.0; +claudebot@anthropic.com)"
216.73.216.141 - - [20/May/2026:05:13:02 +0000] "GET /estrogen-balance-for-women-after-35/feed/ HTTP/1.1" 200 447 "-" "Mozilla/5.0 AppleWebKit/537.36 (KHTML, like Gecko; compatible; ClaudeBot/1.0; +claudebot@anthropic.com)"
216.73.216.141 - - [20/May/2026:05:13:02 +0000] "GET /the-green-tea-and-weight-loss-connection/ HTTP/1.1" 200 16318 "-" "Mozilla/5.0 AppleWebKit/537.36 (KHTML, like Gecko; compatible; ClaudeBot/1.0; +claudebot@anthropic.com)"
176.65.139.229 - - [20/May/2026:05:13:43 +0000] "GET /.env HTTP/1.1" 404 37954 "-" "Mozilla/5.0 (Windows NT 10.0; Win64; x64) AppleWebKit/537.36 (KHTML, like Gecko) Chrome/147.0.0.0 Safari/537.36"
176.65.139.232 - - [20/May/2026:05:13:52 +0000] "GET /.env HTTP/1.1" 404 37900 "-" "Mozilla/5.0 (Windows NT 10.0; Win64; x64) AppleWebKit/537.36 (KHTML, like Gecko) Chrome/147.0.0.0 Safari/537.36"
184.94.212.206 - - [20/May/2026:05:21:53 +0000] "POST /wp-cron.php?doing_wp_cron=1779254512.9840939044952392578125 HTTP/1.1" 200 - "-" "WordPress/6.9.4; https://verygreentea.com"
145.223.130.170 - - [20/May/2026:05:21:51 +0000] "GET /green-tea-benefits-of-weight-loss-and-more/?share=tumblr HTTP/1.1" 302 - "-" "Mozilla/5.0 (Macintosh; Intel Mac OS X 10_15_7) AppleWebKit/537.36 (KHTML, like Gecko) Chrome/116.0.0.0 Safari/537.36"
184.94.212.206 - - [20/May/2026:05:22:22 +0000] "POST /wp-cron.php?doing_wp_cron=1779254541.6989130973815917968750 HTTP/1.1" 200 - "-" "WordPress/6.9.4; https://verygreentea.com"
43.166.7.113 - - [20/May/2026:05:22:20 +0000] "GET /ultimate-hydration-for-energy-wellness-performance/ HTTP/1.1" 200 17308 "-" "Mozilla/5.0 (iPhone; CPU iPhone OS 13_2_3 like Mac OS X) AppleWebKit/605.1.15 (KHTML, like Gecko) Version/13.0.3 Mobile/15E148 Safari/604.1"
103.168.67.107 - - [20/May/2026:05:23:40 +0000] "POST / HTTP/1.1" 200 14945 "-" "Mozilla/5.0 (Windows NT 10.0; Win64; x64) AppleWebKit/537.36"
103.168.67.107 - - [20/May/2026:05:23:42 +0000] "POST / HTTP/1.1" 200 14945 "-" "Mozilla/5.0 (Windows NT 10.0; Win64; x64) AppleWebKit/537.36"
184.94.212.206 - - [20/May/2026:05:24:37 +0000] "POST /wp-cron.php?doing_wp_cron=1779254677.3211081027984619140625 HTTP/1.1" 200 - "-" "WordPress/6.9.4; https://verygreentea.com"
45.190.9.127 - - [20/May/2026:05:24:35 +0000] "GET /tag/caloric-needs/ HTTP/1.1" 200 11779 "-" "Mozilla/5.0 (Macintosh; Intel Mac OS X 11_7_0) AppleWebKit/537.36 (KHTML, like Gecko) Chrome/134.0.6998.88 Safari/537.36"
184.94.212.206 - - [20/May/2026:05:29:21 +0000] "POST /wp-cron.php?doing_wp_cron=1779254961.8418040275573730468750 HTTP/1.1" 200 - "-" "WordPress/6.9.4; https://verygreentea.com"
216.244.66.227 - - [20/May/2026:05:29:20 +0000] "GET /robots.txt HTTP/1.1" 200 271 "-" "Mozilla/5.0 (compatible; DotBot/1.2; +https://opensiteexplorer.org/dotbot; help@moz.com)"
66.249.66.41 - - [20/May/2026:05:30:53 +0000] "GET /author/thesilentwhisperer/ HTTP/1.1" 200 14553 "-" "Mozilla/5.0 (Linux; Android 6.0.1; Nexus 5X Build/MMB29P) AppleWebKit/537.36 (KHTML, like Gecko) Chrome/148.0.7778.96 Mobile Safari/537.36 (compatible; Googlebot/2.1; +http://www.google.com/bot.html)"
43.159.132.207 - - [20/May/2026:05:31:48 +0000] "GET /references/embed/ HTTP/1.1" 200 6571 "-" "Mozilla/5.0 (iPhone; CPU iPhone OS 13_2_3 like Mac OS X) AppleWebKit/605.1.15 (KHTML, like Gecko) Version/13.0.3 Mobile/15E148 Safari/604.1"
184.94.212.206 - - [20/May/2026:05:33:41 +0000] "POST /wp-cron.php?doing_wp_cron=1779255221.8352179527282714843750 HTTP/1.1" 200 - "-" "WordPress/6.9.4; https://verygreentea.com"
103.168.67.107 - - [20/May/2026:05:33:40 +0000] "POST / HTTP/1.1" 200 14931 "-" "Mozilla/5.0 (Windows NT 10.0; Win64; x64) AppleWebKit/537.36"
103.168.67.107 - - [20/May/2026:05:33:42 +0000] "POST / HTTP/1.1" 200 14931 "-" "Mozilla/5.0 (Windows NT 10.0; Win64; x64) AppleWebKit/537.36"
184.94.212.206 - - [20/May/2026:05:34:33 +0000] "POST /wp-cron.php?doing_wp_cron=1779255273.8237218856811523437500 HTTP/1.1" 200 - "-" "WordPress/6.9.4; https://verygreentea.com"
216.244.66.227 - - [20/May/2026:05:34:32 +0000] "GET /tag/caloric-needs/feed/ HTTP/1.1" 200 1204 "-" "Mozilla/5.0 (compatible; DotBot/1.2; +https://opensiteexplorer.org/dotbot; help@moz.com)"
216.244.66.227 - - [20/May/2026:05:34:43 +0000] "GET /tag/really-add/feed/ HTTP/1.1" 200 1189 "-" "Mozilla/5.0 (compatible; DotBot/1.2; +https://opensiteexplorer.org/dotbot; help@moz.com)"
184.94.212.206 - - [20/May/2026:05:41:19 +0000] "POST /wp-cron.php?doing_wp_cron=1779255679.8354690074920654296875 HTTP/1.1" 200 - "-" "WordPress/6.9.4; https://verygreentea.com"
69.63.184.18 - - [20/May/2026:05:41:18 +0000] "GET /robots.txt HTTP/1.1" 200 271 "-" "facebookexternalhit/1.1 (+http://www.facebook.com/externalhit_uatext.php)"
184.94.212.206 - - [20/May/2026:05:42:42 +0000] "POST /wp-cron.php?doing_wp_cron=1779255762.3167870044708251953125 HTTP/1.1" 200 - "-" "WordPress/6.9.4; https://verygreentea.com"
129.226.95.137 - - [20/May/2026:05:42:40 +0000] "GET /references/ HTTP/1.1" 200 37728 "-" "Mozilla/5.0 (iPhone; CPU iPhone OS 13_2_3 like Mac OS X) AppleWebKit/605.1.15 (KHTML, like Gecko) Version/13.0.3 Mobile/15E148 Safari/604.1"
184.94.212.206 - - [20/May/2026:05:46:14 +0000] "POST /wp-cron.php?doing_wp_cron=1779255974.9048390388488769531250 HTTP/1.1" 200 - "-" "WordPress/6.9.4; https://verygreentea.com"
129.212.229.33 - - [20/May/2026:05:46:13 +0000] "GET /robots.txt HTTP/1.1" 200 142 "-" "Mozilla/5.0 (compatible; WellKnownBot/0.1; +https://well-known.dev/about/#bot)"
129.212.229.33 - - [20/May/2026:05:46:17 +0000] "GET /ads.txt HTTP/1.1" 200 58 "-" "Mozilla/5.0 (compatible; WellKnownBot/0.1; +https://well-known.dev/about/#bot)"
129.212.229.33 - - [20/May/2026:05:46:28 +0000] "GET /robots.txt HTTP/1.1" 301 - "-" "Mozilla/5.0 (compatible; WellKnownBot/0.1; +https://well-known.dev/about/#bot)"
129.212.229.33 - - [20/May/2026:05:46:30 +0000] "GET /robots.txt HTTP/1.1" 200 142 "-" "Mozilla/5.0 (compatible; WellKnownBot/0.1; +https://well-known.dev/about/#bot)"
