File: //home/primrwxj/access-logs/tophobbydrone.primemusicproductions.com-ssl_log
184.94.212.206 - - [19/May/2026:18:17:55 +0000] "POST /wp-cron.php?doing_wp_cron=1779214675.4181370735168457031250 HTTP/1.1" 200 - "-" "WordPress/6.9.4; https://tophobbydrone.com"
192.0.84.117 - - [19/May/2026:18:17:52 +0000] "HEAD / HTTP/1.1" 200 - "-" "jetmon/1.0 (Jetpack Site Uptime Monitor by WordPress.com)"
184.94.212.206 - - [19/May/2026:18:18:13 +0000] "GET /wp-json/jetpack/v4/sync/spawn-sync?time=1779214693&request_lock_id=9a7d19dd-6185-4134-af69-f6189c2f48d7 HTTP/1.1" 503 653 "-" "WordPress/6.9.4; https://tophobbydrone.com"
57.141.2.13 - - [19/May/2026:18:18:08 +0000] "GET /hobbies__everything_you_need_to_know_before_you_start-jpg/ HTTP/1.1" 301 - "-" "meta-externalagent/1.1 (+https://developers.facebook.com/docs/sharing/webmasters/crawler)"
184.94.212.206 - - [19/May/2026:18:18:14 +0000] "GET /?wp_scrape_key=ae47660916124b62568e8edb0d44210a&wp_scrape_nonce=1779214692 HTTP/1.1" 200 11173 "-" "WordPress/6.9.4; https://tophobbydrone.com"
184.94.212.206 - - [19/May/2026:18:18:20 +0000] "GET /?wp_scrape_key=e9f55dd8909610c37e7173992fd7c3ce&wp_scrape_nonce=1779214698 HTTP/1.1" 200 11173 "-" "WordPress/6.9.4; https://tophobbydrone.com"
184.94.212.206 - - [19/May/2026:18:18:26 +0000] "GET /?wp_scrape_key=f26fb70288ce53f87ce1f034c896da04&wp_scrape_nonce=1779214704 HTTP/1.1" 200 11170 "-" "WordPress/6.9.4; https://tophobbydrone.com"
184.94.212.206 - - [19/May/2026:18:18:31 +0000] "GET /?wp_scrape_key=7d855c17947494fe4275a5ea427dffe1&wp_scrape_nonce=1779214709 HTTP/1.1" 200 11169 "-" "WordPress/6.9.4; https://tophobbydrone.com"
184.94.212.206 - - [19/May/2026:18:18:35 +0000] "GET /?wp_scrape_key=f25e780f41aeaffce9784a871c086619&wp_scrape_nonce=1779214713 HTTP/1.1" 200 11170 "-" "WordPress/6.9.4; https://tophobbydrone.com"
184.94.212.206 - - [19/May/2026:18:18:41 +0000] "GET /?wp_scrape_key=3e06281ff6832d8b3417128d6dad42dd&wp_scrape_nonce=1779214719 HTTP/1.1" 200 11173 "-" "WordPress/6.9.4; https://tophobbydrone.com"
184.94.212.206 - - [19/May/2026:18:18:46 +0000] "GET /?wp_scrape_key=653030370a48d0e7c8402c956b6fd6d9&wp_scrape_nonce=1779214724 HTTP/1.1" 200 11172 "-" "WordPress/6.9.4; https://tophobbydrone.com"
184.94.212.206 - - [19/May/2026:18:18:52 +0000] "POST /wp-cron.php HTTP/1.1" 200 - "-" "WordPress/6.9.4; https://tophobbydrone.com"
184.94.212.206 - - [19/May/2026:18:18:52 +0000] "GET / HTTP/1.1" 200 11119 "-" "WordPress/6.9.4; https://tophobbydrone.com"
184.94.212.206 - - [19/May/2026:18:18:53 +0000] "GET / HTTP/1.1" 200 11119 "-" "WordPress/6.9.4; https://tophobbydrone.com"
184.94.212.206 - - [19/May/2026:18:18:56 +0000] "POST /wp-cron.php?doing_wp_cron=1779214736.3328690528869628906250 HTTP/1.1" 200 - "-" "WordPress/6.9.4; https://tophobbydrone.com"
184.94.212.206 - - [19/May/2026:18:18:55 +0000] "GET / HTTP/1.1" 200 11119 "-" "WordPress/6.9.4; https://tophobbydrone.com"
184.94.212.206 - - [19/May/2026:18:18:56 +0000] "GET / HTTP/1.1" 200 11119 "-" "WordPress/6.9.4; https://tophobbydrone.com"
184.94.212.206 - - [19/May/2026:18:18:57 +0000] "GET / HTTP/1.1" 200 11119 "-" "WordPress/6.9.4; https://tophobbydrone.com"
184.94.212.206 - - [19/May/2026:18:18:58 +0000] "GET /?timestamp=1779214738 HTTP/1.1" 200 11112 "-" "WordPress/6.9.4; https://tophobbydrone.com"
184.94.212.206 - - [19/May/2026:18:18:58 +0000] "GET /?timestamp=1779214738 HTTP/1.1" 200 11112 "-" "WordPress/6.9.4; https://tophobbydrone.com"
184.94.212.206 - - [19/May/2026:22:22:54 +0000] "POST /wp-cron.php?doing_wp_cron=1779229374.7487709522247314453125 HTTP/1.1" 200 - "-" "WordPress/6.9.4; https://tophobbydrone.com"
184.94.212.206 - - [19/May/2026:22:22:54 +0000] "GET /wp-json/jetpack/v4/sync/spawn-sync?time=1779229374 HTTP/1.1" 200 37 "-" "WordPress/6.9.4; https://tophobbydrone.com"
192.0.84.117 - - [19/May/2026:22:22:52 +0000] "HEAD / HTTP/1.1" 200 - "-" "jetmon/1.0 (Jetpack Site Uptime Monitor by WordPress.com)"
114.119.140.13 - - [19/May/2026:22:23:16 +0000] "GET /how-much-does-a-drone-cost?amp HTTP/1.1" 301 - "https://tophobbydrone.com/how-much-does-a-drone-cost?noamp=mobile" "Mozilla/5.0 (Linux; Android 7.0;) AppleWebKit/537.36 (HTML, like Gecko) Mobile Safari/537.36 (compatible; PetalBot;+https://webmaster.petalsearch.com/site/petalbot)"
114.119.140.13 - - [19/May/2026:22:23:19 +0000] "GET /how-much-does-a-drone-cost/?amp HTTP/1.1" 200 13212 "https://tophobbydrone.com/how-much-does-a-drone-cost?noamp=mobile" "Mozilla/5.0 (Linux; Android 7.0;) AppleWebKit/537.36 (HTML, like Gecko) Mobile Safari/537.36 (compatible; PetalBot;+https://webmaster.petalsearch.com/site/petalbot)"
40.77.167.101 - - [19/May/2026:22:23:52 +0000] "GET /robots.txt HTTP/1.1" 200 144 "-" "Mozilla/5.0 AppleWebKit/537.36 (KHTML, like Gecko; compatible; bingbot/2.0; +http://www.bing.com/bingbot.htm) Chrome/116.0.1938.76 Safari/537.36"
184.94.212.206 - - [19/May/2026:22:24:00 +0000] "GET /wp-json/jetpack/v4/sync/spawn-sync?time=1779229440&request_lock_id=2aa3cd2b-cfe2-4d3f-87b4-c45c0ae9a141 HTTP/1.1" 200 37 "-" "WordPress/6.9.4; https://tophobbydrone.com"
40.77.167.35 - - [19/May/2026:22:23:59 +0000] "GET /news-sitemap.xml HTTP/1.1" 200 310 "-" "Mozilla/5.0 AppleWebKit/537.36 (KHTML, like Gecko; compatible; bingbot/2.0; +http://www.bing.com/bingbot.htm) Chrome/116.0.1938.76 Safari/537.36"
40.77.167.101 - - [19/May/2026:22:24:27 +0000] "GET /robots.txt HTTP/1.1" 301 - "-" "Mozilla/5.0 AppleWebKit/537.36 (KHTML, like Gecko; compatible; bingbot/2.0; +http://www.bing.com/bingbot.htm) Chrome/116.0.1938.76 Safari/537.36"
184.94.212.206 - - [19/May/2026:22:24:28 +0000] "GET /wp-json/jetpack/v4/sync/spawn-sync?time=1779229468&request_lock_id=65160a94-e4a1-4b57-a335-497fb4ef7fea HTTP/1.1" 200 37 "-" "WordPress/6.9.4; https://tophobbydrone.com"
40.77.167.101 - - [19/May/2026:22:24:29 +0000] "GET /robots.txt HTTP/1.1" 200 144 "-" "Mozilla/5.0 AppleWebKit/537.36 (KHTML, like Gecko; compatible; bingbot/2.0; +http://www.bing.com/bingbot.htm) Chrome/116.0.1938.76 Safari/537.36"
207.46.13.63 - - [19/May/2026:22:24:37 +0000] "GET /sitemap.xml HTTP/1.1" 200 211 "-" "Mozilla/5.0 AppleWebKit/537.36 (KHTML, like Gecko; compatible; bingbot/2.0; +http://www.bing.com/bingbot.htm) Chrome/116.0.1938.76 Safari/537.36"
184.94.212.206 - - [19/May/2026:22:26:47 +0000] "POST /wp-cron.php?doing_wp_cron=1779229607.0774309635162353515625 HTTP/1.1" 200 - "-" "WordPress/6.9.4; https://tophobbydrone.com"
184.94.212.206 - - [19/May/2026:22:26:47 +0000] "GET /wp-json/jetpack/v4/sync/spawn-sync?time=1779229607&request_lock_id=fad2b14a-65ff-4d11-894b-111e579f0478 HTTP/1.1" 200 37 "-" "WordPress/6.9.4; https://tophobbydrone.com"
57.141.2.21 - - [19/May/2026:22:26:45 +0000] "GET /fun_hobby_advice_for_young_and_old_alike-jpg-4/ HTTP/1.1" 301 - "-" "meta-externalagent/1.1 (+https://developers.facebook.com/docs/sharing/webmasters/crawler)"
184.94.212.206 - - [19/May/2026:22:27:52 +0000] "GET /wp-json/jetpack/v4/sync/spawn-sync?time=1779229672&request_lock_id=71744d94-49d2-403a-a00f-40b85c569006 HTTP/1.1" 200 37 "-" "WordPress/6.9.4; https://tophobbydrone.com"
192.0.84.117 - - [19/May/2026:22:27:51 +0000] "HEAD / HTTP/1.1" 200 - "-" "jetmon/1.0 (Jetpack Site Uptime Monitor by WordPress.com)"
57.141.2.1 - - [19/May/2026:22:28:48 +0000] "GET /this_article_provides_all_you_need_to_know_about_hobbies-jpg/ HTTP/1.1" 301 - "-" "meta-externalagent/1.1 (+https://developers.facebook.com/docs/sharing/webmasters/crawler)"
57.141.2.24 - - [19/May/2026:22:29:10 +0000] "GET /hobby_ideas_and_tips_for_anyone_to_use-jpg-5/ HTTP/1.1" 301 - "-" "meta-externalagent/1.1 (+https://developers.facebook.com/docs/sharing/webmasters/crawler)"
184.94.212.206 - - [19/May/2026:22:32:51 +0000] "POST /wp-cron.php?doing_wp_cron=1779229971.1335489749908447265625 HTTP/1.1" 200 - "-" "WordPress/6.9.4; https://tophobbydrone.com"
52.167.144.171 - - [19/May/2026:22:32:49 +0000] "GET /sitemap_index.xml HTTP/1.1" 200 351 "-" "Mozilla/5.0 AppleWebKit/537.36 (KHTML, like Gecko; compatible; bingbot/2.0; +http://www.bing.com/bingbot.htm) Chrome/116.0.1938.76 Safari/537.36"
184.94.212.206 - - [19/May/2026:22:32:51 +0000] "GET /wp-json/jetpack/v4/sync/spawn-sync?time=1779229971&request_lock_id=42dbee0f-8599-4945-a520-e76d6de8f1d4 HTTP/1.1" 200 37 "-" "WordPress/6.9.4; https://tophobbydrone.com"
192.0.84.117 - - [19/May/2026:22:32:55 +0000] "HEAD / HTTP/1.1" 200 - "-" "jetmon/1.0 (Jetpack Site Uptime Monitor by WordPress.com)"
184.94.212.206 - - [19/May/2026:22:37:52 +0000] "POST /wp-cron.php?doing_wp_cron=1779230272.4883329868316650390625 HTTP/1.1" 200 - "-" "WordPress/6.9.4; https://tophobbydrone.com"
184.94.212.206 - - [19/May/2026:22:37:52 +0000] "GET /wp-json/jetpack/v4/sync/spawn-sync?time=1779230272&request_lock_id=22e86a84-613b-4265-8f45-38d95e643c5c HTTP/1.1" 200 37 "-" "WordPress/6.9.4; https://tophobbydrone.com"
192.0.84.117 - - [19/May/2026:22:37:51 +0000] "HEAD / HTTP/1.1" 200 - "-" "jetmon/1.0 (Jetpack Site Uptime Monitor by WordPress.com)"
184.94.212.206 - - [19/May/2026:22:42:54 +0000] "POST /wp-cron.php?doing_wp_cron=1779230574.6347808837890625000000 HTTP/1.1" 200 - "-" "WordPress/6.9.4; https://tophobbydrone.com"
184.94.212.206 - - [19/May/2026:22:42:54 +0000] "GET /wp-json/jetpack/v4/sync/spawn-sync?time=1779230574&request_lock_id=59de9cfa-345e-487d-a00c-ba0e1c2955b7 HTTP/1.1" 200 37 "-" "WordPress/6.9.4; https://tophobbydrone.com"
192.0.84.117 - - [19/May/2026:22:42:53 +0000] "HEAD / HTTP/1.1" 200 - "-" "jetmon/1.0 (Jetpack Site Uptime Monitor by WordPress.com)"
184.94.212.206 - - [19/May/2026:22:45:40 +0000] "POST /wp-cron.php?doing_wp_cron=1779230740.1269500255584716796875 HTTP/1.1" 200 - "-" "WordPress/6.9.4; https://tophobbydrone.com"
184.94.212.206 - - [19/May/2026:22:45:40 +0000] "GET /wp-json/jetpack/v4/sync/spawn-sync?time=1779230740&request_lock_id=4fc6c6ed-d3ef-47bd-ab12-480f8d0539fa HTTP/1.1" 200 37 "-" "WordPress/6.9.4; https://tophobbydrone.com"
114.119.133.134 - - [19/May/2026:22:45:38 +0000] "GET /ftc-statement/?share=twitter&noamp=mobile HTTP/1.1" 302 - "https://tophobbydrone.com/ftc-statement/?share=twitter&" "Mozilla/5.0 (Linux; Android 7.0;) AppleWebKit/537.36 (HTML, like Gecko) Mobile Safari/537.36 (compatible; PetalBot;+https://webmaster.petalsearch.com/site/petalbot)"
184.94.212.206 - - [19/May/2026:22:47:53 +0000] "GET /wp-json/jetpack/v4/sync/spawn-sync?time=1779230873&request_lock_id=4a7a6639-32ca-46fa-a9dc-207254cc9347 HTTP/1.1" 200 37 "-" "WordPress/6.9.4; https://tophobbydrone.com"
192.0.84.117 - - [19/May/2026:22:47:51 +0000] "HEAD / HTTP/1.1" 200 - "-" "jetmon/1.0 (Jetpack Site Uptime Monitor by WordPress.com)"
184.94.212.206 - - [19/May/2026:22:52:55 +0000] "POST /wp-cron.php?doing_wp_cron=1779231175.1981229782104492187500 HTTP/1.1" 200 - "-" "WordPress/6.9.4; https://tophobbydrone.com"
192.0.84.117 - - [19/May/2026:22:52:53 +0000] "HEAD / HTTP/1.1" 200 - "-" "jetmon/1.0 (Jetpack Site Uptime Monitor by WordPress.com)"
184.94.212.206 - - [19/May/2026:22:52:55 +0000] "GET /wp-json/jetpack/v4/sync/spawn-sync?time=1779231175&request_lock_id=b51459c5-424b-481a-b830-c157e42e1f8f HTTP/1.1" 200 37 "-" "WordPress/6.9.4; https://tophobbydrone.com"
184.94.212.206 - - [19/May/2026:22:57:52 +0000] "POST /wp-cron.php?doing_wp_cron=1779231472.2922890186309814453125 HTTP/1.1" 200 - "-" "WordPress/6.9.4; https://tophobbydrone.com"
184.94.212.206 - - [19/May/2026:22:57:52 +0000] "GET /wp-json/jetpack/v4/sync/spawn-sync?time=1779231472&request_lock_id=128f2f08-966b-45de-902f-42f52605e672 HTTP/1.1" 200 37 "-" "WordPress/6.9.4; https://tophobbydrone.com"
192.0.84.117 - - [19/May/2026:22:57:51 +0000] "HEAD / HTTP/1.1" 200 - "-" "jetmon/1.0 (Jetpack Site Uptime Monitor by WordPress.com)"
184.94.212.206 - - [19/May/2026:22:58:32 +0000] "POST /wp-cron.php?doing_wp_cron=1779231512.7741720676422119140625 HTTP/1.1" 200 - "-" "WordPress/6.9.4; https://tophobbydrone.com"
5.9.82.29 - - [19/May/2026:22:58:31 +0000] "GET /wp-json/wp/v2/users?_fields=slug&per_page=100&page=1 HTTP/1.1" 200 65 "-" "Mozilla/5.0 (Windows NT 10.0; Win64; x64) AppleWebKit/537.36 (KHTML, like Gecko) Chrome/133.0.0.0 Safari/537.36, Mozilla/5.0 (X11; Linux x86_64) AppleWebKit/537.36 (KHTML, like Gecko) Chrome/133.0.0.0 Safari/537.36"
150.60.181.111 - - [19/May/2026:22:58:32 +0000] "GET /?rest_route=/wp/v2/users&_fields=slug&per_page=100&page=1 HTTP/1.1" 200 65 "-" "Mozilla/5.0 (Windows NT 10.0; Win64; x64) AppleWebKit/537.36 (KHTML, like Gecko) Chrome/133.0.0.0 Safari/537.36, Mozilla/5.0 (Macintosh; Intel Mac OS X 10_15_7) AppleWebKit/537.36 (KHTML, like Gecko) Chrome/133.0.0.0 Safari/537.36"
188.245.167.140 - - [19/May/2026:22:58:39 +0000] "GET /feed/atom/ HTTP/1.1" 200 22592 "-" "Mozilla/5.0 (Windows NT 10.0; Win64; x64) AppleWebKit/537.36 (KHTML, like Gecko) Chrome/133.0.0.0 Safari/537.36, Mozilla/5.0 (Windows NT 10.0; Win64; x64) AppleWebKit/537.36 (KHTML, like Gecko) Chrome/133.0.0.0 Safari/537.36"
45.178.224.186 - - [19/May/2026:22:58:49 +0000] "GET /feed/rss/ HTTP/1.1" 301 - "-" "Mozilla/5.0 (Windows NT 10.0; Win64; x64) AppleWebKit/537.36 (KHTML, like Gecko) Chrome/133.0.0.0 Safari/537.36, Mozilla/5.0 (Windows NT 10.0; Win64; x64) AppleWebKit/537.36 (KHTML, like Gecko) Chrome/133.0.0.0 Safari/537.36 Edg/133.0.0.0"
184.94.212.206 - - [19/May/2026:22:59:22 +0000] "GET /wp-json/jetpack/v4/sync/spawn-sync?time=1779231562&request_lock_id=447ae784-d214-4cf8-b67b-0dc7b1994f9d HTTP/1.1" 200 37 "-" "WordPress/6.9.4; https://tophobbydrone.com"
172.105.236.7 - - [19/May/2026:22:59:22 +0000] "GET /sitemap_index.xml HTTP/1.1" 200 351 "-" "Mozilla/5.0 (Windows NT 10.0; Win64; x64) AppleWebKit/537.36 (KHTML, like Gecko) Chrome/133.0.0.0 Safari/537.36, Mozilla/5.0 (Windows NT 10.0; Win64; x64) AppleWebKit/537.36 (KHTML, like Gecko) Chrome/133.0.0.0 Safari/537.36"
64.22.104.200 - - [19/May/2026:22:59:40 +0000] "GET /?rest_route=/wp/v2/users&_jsonp=callback&per_page=100&_fields=id,slug HTTP/1.1" 200 88 "-" "Mozilla/5.0 (Windows NT 10.0; Win64; x64) AppleWebKit/537.36 (KHTML, like Gecko) Chrome/133.0.0.0 Safari/537.36, Mozilla/5.0 (Macintosh; Intel Mac OS X 10_15_7) AppleWebKit/537.36 (KHTML, like Gecko) Chrome/133.0.0.0 Safari/537.36"
184.94.212.206 - - [19/May/2026:22:59:41 +0000] "GET /wp-json/jetpack/v4/sync/spawn-sync?time=1779231581&request_lock_id=f46e4709-bc4d-419c-bdab-e130463d676a HTTP/1.1" 200 37 "-" "WordPress/6.9.4; https://tophobbydrone.com"
208.181.135.74 - - [19/May/2026:22:59:44 +0000] "POST /api/graphql HTTP/1.1" 404 9276 "-" "Mozilla/5.0 (Windows NT 10.0; Win64; x64) AppleWebKit/537.36 (KHTML, like Gecko) Chrome/133.0.0.0 Safari/537.36, Mozilla/5.0 (Macintosh; Intel Mac OS X 10_15_7) AppleWebKit/537.36 (KHTML, like Gecko) Chrome/133.0.0.0 Safari/537.36"
74.91.222.44 - - [19/May/2026:22:59:45 +0000] "POST /xmlrpc.php HTTP/1.1" 404 9318 "-" "Mozilla/5.0 (Windows NT 10.0; Win64; x64) AppleWebKit/537.36 (KHTML, like Gecko) Chrome/133.0.0.0 Safari/537.36, Mozilla/5.0 (Macintosh; Intel Mac OS X 10_15_7) AppleWebKit/537.36 (KHTML, like Gecko) Chrome/133.0.0.0 Safari/537.36"
216.10.251.191 - - [19/May/2026:23:00:12 +0000] "GET /?author=3 HTTP/1.1" 301 - "-" "Mozilla/5.0 (Windows NT 10.0; Win64; x64) AppleWebKit/537.36 (KHTML, like Gecko) Chrome/133.0.0.0 Safari/537.36, Mozilla/5.0 (Windows NT 10.0; Win64; x64) AppleWebKit/537.36 (KHTML, like Gecko) Chrome/133.0.0.0 Safari/537.36 Edg/133.0.0.0"
184.94.212.206 - - [19/May/2026:23:00:17 +0000] "POST /wp-cron.php?doing_wp_cron=1779231617.3785018920898437500000 HTTP/1.1" 200 - "-" "WordPress/6.9.4; https://tophobbydrone.com"
216.10.251.191 - - [19/May/2026:23:00:16 +0000] "GET /author/h0tn1ch3s/ HTTP/1.1" 200 25067 "-" "Mozilla/5.0 (Windows NT 10.0; Win64; x64) AppleWebKit/537.36 (KHTML, like Gecko) Chrome/133.0.0.0 Safari/537.36, Mozilla/5.0 (Windows NT 10.0; Win64; x64) AppleWebKit/537.36 (KHTML, like Gecko) Chrome/133.0.0.0 Safari/537.36 Edg/133.0.0.0"
78.46.92.235 - - [19/May/2026:23:00:28 +0000] "GET /?author=4 HTTP/1.1" 301 - "-" "Mozilla/5.0 (Windows NT 10.0; Win64; x64) AppleWebKit/537.36 (KHTML, like Gecko) Chrome/133.0.0.0 Safari/537.36, Mozilla/5.0 (X11; Linux x86_64) AppleWebKit/537.36 (KHTML, like Gecko) Chrome/133.0.0.0 Safari/537.36"
51.178.41.230 - - [19/May/2026:23:00:30 +0000] "GET /wp-json/ultimate-member/v1/users HTTP/1.1" 404 117 "-" "Mozilla/5.0 (Windows NT 10.0; Win64; x64) AppleWebKit/537.36 (KHTML, like Gecko) Chrome/133.0.0.0 Safari/537.36, Mozilla/5.0 (Macintosh; Intel Mac OS X 10_15_7) AppleWebKit/537.36 (KHTML, like Gecko) Chrome/133.0.0.0 Safari/537.36"
78.46.92.235 - - [19/May/2026:23:00:30 +0000] "GET /author/thesilentwhisperer/ HTTP/1.1" 200 16773 "-" "Mozilla/5.0 (Windows NT 10.0; Win64; x64) AppleWebKit/537.36 (KHTML, like Gecko) Chrome/133.0.0.0 Safari/537.36, Mozilla/5.0 (X11; Linux x86_64) AppleWebKit/537.36 (KHTML, like Gecko) Chrome/133.0.0.0 Safari/537.36"
184.94.212.206 - - [19/May/2026:23:00:57 +0000] "GET /wp-json/jetpack/v4/sync/spawn-sync?time=1779231657&request_lock_id=c09998c9-b284-4407-a171-9646b58daf69 HTTP/1.1" 200 37 "-" "WordPress/6.9.4; https://tophobbydrone.com"
144.91.104.202 - - [19/May/2026:23:00:56 +0000] "GET /wp-json/buddyboss/v1/members HTTP/1.1" 404 117 "-" "Mozilla/5.0 (Windows NT 10.0; Win64; x64) AppleWebKit/537.36 (KHTML, like Gecko) Chrome/133.0.0.0 Safari/537.36, Mozilla/5.0 (Macintosh; Intel Mac OS X 10_15_7) AppleWebKit/537.36 (KHTML, like Gecko) Chrome/133.0.0.0 Safari/537.36"
31.43.37.185 - - [19/May/2026:23:01:37 +0000] "GET /tag/entire-family/ HTTP/1.1" 200 9871 "-" "Mozilla/5.0 (Macintosh; Intel Mac OS X 12_2_1) AppleWebKit/537.36 (KHTML, like Gecko) Chrome/126.0.6478.55 Safari/537.36"
184.94.212.206 - - [19/May/2026:23:01:38 +0000] "GET /wp-json/jetpack/v4/sync/spawn-sync?time=1779231698&request_lock_id=ed28eda7-7ad2-46da-b6a7-db1d8b8ffa86 HTTP/1.1" 200 37 "-" "WordPress/6.9.4; https://tophobbydrone.com"
222.165.190.235 - - [19/May/2026:23:02:22 +0000] "GET /wp-json/bbp-api/v1/users HTTP/1.1" 404 117 "-" "Mozilla/5.0 (Windows NT 10.0; Win64; x64) AppleWebKit/537.36 (KHTML, like Gecko) Chrome/133.0.0.0 Safari/537.36, Mozilla/5.0 (Windows NT 10.0; Win64; x64) AppleWebKit/537.36 (KHTML, like Gecko) Chrome/133.0.0.0 Safari/537.36"
72.167.46.126 - - [19/May/2026:23:02:25 +0000] "GET /?author=13 HTTP/1.1" 404 9322 "-" "Mozilla/5.0 (Windows NT 10.0; Win64; x64) AppleWebKit/537.36 (KHTML, like Gecko) Chrome/133.0.0.0 Safari/537.36, Mozilla/5.0 (Windows NT 10.0; Win64; x64) AppleWebKit/537.36 (KHTML, like Gecko) Chrome/133.0.0.0 Safari/537.36"
51.104.44.27 - - [19/May/2026:23:02:34 +0000] "GET /wp-json/ldlms/v2/users HTTP/1.1" 404 117 "-" "Mozilla/5.0 (Windows NT 10.0; Win64; x64) AppleWebKit/537.36 (KHTML, like Gecko) Chrome/133.0.0.0 Safari/537.36, Mozilla/5.0 (Windows NT 10.0; Win64; x64) AppleWebKit/537.36 (KHTML, like Gecko) Chrome/133.0.0.0 Safari/537.36"
184.94.212.206 - - [19/May/2026:23:02:51 +0000] "GET /wp-json/jetpack/v4/sync/spawn-sync?time=1779231771&request_lock_id=76d6c636-0a8e-45ec-821a-41f4763a27aa HTTP/1.1" 200 37 "-" "WordPress/6.9.4; https://tophobbydrone.com"
93.39.85.202 - - [19/May/2026:23:02:50 +0000] "GET /wp-json/wp/v2/comments?per_page=100&_fields=author_name,author_url HTTP/1.1" 200 22 "-" "Mozilla/5.0 (Windows NT 10.0; Win64; x64) AppleWebKit/537.36 (KHTML, like Gecko) Chrome/133.0.0.0 Safari/537.36, Mozilla/5.0 (X11; Linux x86_64) AppleWebKit/537.36 (KHTML, like Gecko) Chrome/133.0.0.0 Safari/537.36"
192.0.84.117 - - [19/May/2026:23:02:55 +0000] "HEAD / HTTP/1.1" 200 - "-" "jetmon/1.0 (Jetpack Site Uptime Monitor by WordPress.com)"
184.94.212.206 - - [19/May/2026:23:02:56 +0000] "GET /wp-json/jetpack/v4/sync/spawn-sync?time=1779231776&request_lock_id=2ca0beb5-fb53-4697-8319-4b97490910e1 HTTP/1.1" 200 37 "-" "WordPress/6.9.4; https://tophobbydrone.com"
216.10.251.191 - - [19/May/2026:23:03:03 +0000] "GET /wp-json/wp/v2/media?per_page=50&_fields=author HTTP/1.1" 200 41 "-" "Mozilla/5.0 (Windows NT 10.0; Win64; x64) AppleWebKit/537.36 (KHTML, like Gecko) Chrome/133.0.0.0 Safari/537.36, Mozilla/5.0 (Windows NT 10.0; Win64; x64) AppleWebKit/537.36 (KHTML, like Gecko) Chrome/133.0.0.0 Safari/537.36"
38.95.35.74 - - [19/May/2026:23:03:03 +0000] "GET /?author=17 HTTP/1.1" 404 9323 "-" "Mozilla/5.0 (Windows NT 10.0; Win64; x64) AppleWebKit/537.36 (KHTML, like Gecko) Chrome/133.0.0.0 Safari/537.36, Mozilla/5.0 (Macintosh; Intel Mac OS X 10_15_7) AppleWebKit/537.36 (KHTML, like Gecko) Chrome/133.0.0.0 Safari/537.36"
92.205.188.156 - - [19/May/2026:23:03:12 +0000] "GET /?author=18 HTTP/1.1" 404 9323 "-" "Mozilla/5.0 (Windows NT 10.0; Win64; x64) AppleWebKit/537.36 (KHTML, like Gecko) Chrome/133.0.0.0 Safari/537.36, Mozilla/5.0 (X11; Linux x86_64) AppleWebKit/537.36 (KHTML, like Gecko) Chrome/133.0.0.0 Safari/537.36"
103.168.67.107 - - [19/May/2026:23:03:22 +0000] "POST / HTTP/1.1" 200 11071 "-" "Mozilla/5.0 (Windows NT 10.0; Win64; x64) AppleWebKit/537.36"
103.168.67.107 - - [19/May/2026:23:03:23 +0000] "POST / HTTP/1.1" 200 11071 "-" "Mozilla/5.0 (Windows NT 10.0; Win64; x64) AppleWebKit/537.36"
46.32.255.52 - - [19/May/2026:23:03:39 +0000] "POST /xmlrpc.php HTTP/1.1" 404 9318 "-" "Mozilla/5.0 (Windows NT 10.0; Win64; x64) AppleWebKit/537.36 (KHTML, like Gecko) Chrome/133.0.0.0 Safari/537.36, Mozilla/5.0 (X11; Linux x86_64) AppleWebKit/537.36 (KHTML, like Gecko) Chrome/133.0.0.0 Safari/537.36"
129.121.76.191 - - [19/May/2026:23:03:49 +0000] "GET /?author=22 HTTP/1.1" 404 9323 "-" "Mozilla/5.0 (Windows NT 10.0; Win64; x64) AppleWebKit/537.36 (KHTML, like Gecko) Chrome/133.0.0.0 Safari/537.36, Mozilla/5.0 (Macintosh; Intel Mac OS X 10_15_7) AppleWebKit/537.36 (KHTML, like Gecko) Chrome/133.0.0.0 Safari/537.36"
184.94.212.206 - - [19/May/2026:23:04:07 +0000] "GET /wp-json/jetpack/v4/sync/spawn-sync?time=1779231847&request_lock_id=fd6dcf23-3dc1-4f13-a68e-0299c1aaf249 HTTP/1.1" 200 37 "-" "WordPress/6.9.4; https://tophobbydrone.com"
46.32.255.52 - - [19/May/2026:23:04:06 +0000] "GET /?author=23 HTTP/1.1" 404 9322 "-" "Mozilla/5.0 (Windows NT 10.0; Win64; x64) AppleWebKit/537.36 (KHTML, like Gecko) Chrome/133.0.0.0 Safari/537.36, Mozilla/5.0 (Macintosh; Intel Mac OS X 10_15_7) AppleWebKit/537.36 (KHTML, like Gecko) Chrome/133.0.0.0 Safari/537.36"
157.90.191.190 - - [19/May/2026:23:04:31 +0000] "GET /?author=27 HTTP/1.1" 404 9323 "-" "Mozilla/5.0 (Windows NT 10.0; Win64; x64) AppleWebKit/537.36 (KHTML, like Gecko) Chrome/133.0.0.0 Safari/537.36, Mozilla/5.0 (Macintosh; Intel Mac OS X 10_15_7) AppleWebKit/537.36 (KHTML, like Gecko) Chrome/133.0.0.0 Safari/537.36"
184.94.212.206 - - [19/May/2026:23:04:32 +0000] "GET /wp-json/jetpack/v4/sync/spawn-sync?time=1779231872&request_lock_id=8f569221-5565-4a67-a0dc-0cf97ede7834 HTTP/1.1" 200 37 "-" "WordPress/6.9.4; https://tophobbydrone.com"
192.144.82.212 - - [19/May/2026:23:04:50 +0000] "GET /?author=28 HTTP/1.1" 404 9323 "-" "Mozilla/5.0 (Windows NT 10.0; Win64; x64) AppleWebKit/537.36 (KHTML, like Gecko) Chrome/133.0.0.0 Safari/537.36, Mozilla/5.0 (X11; Linux x86_64) AppleWebKit/537.36 (KHTML, like Gecko) Chrome/133.0.0.0 Safari/537.36"
144.91.104.202 - - [19/May/2026:23:05:12 +0000] "GET /?author=30 HTTP/1.1" 404 9323 "-" "Mozilla/5.0 (Windows NT 10.0; Win64; x64) AppleWebKit/537.36 (KHTML, like Gecko) Chrome/133.0.0.0 Safari/537.36, Mozilla/5.0 (Windows NT 10.0; Win64; x64) AppleWebKit/537.36 (KHTML, like Gecko) Chrome/133.0.0.0 Safari/537.36"
184.94.212.206 - - [19/May/2026:23:07:52 +0000] "POST /wp-cron.php?doing_wp_cron=1779232072.9407670497894287109375 HTTP/1.1" 200 - "-" "WordPress/6.9.4; https://tophobbydrone.com"
184.94.212.206 - - [19/May/2026:23:07:52 +0000] "GET /wp-json/jetpack/v4/sync/spawn-sync?time=1779232072&request_lock_id=5abff162-92b9-4074-9c6d-558b44b3c9e5 HTTP/1.1" 200 37 "-" "WordPress/6.9.4; https://tophobbydrone.com"
192.0.84.117 - - [19/May/2026:23:07:51 +0000] "HEAD / HTTP/1.1" 200 - "-" "jetmon/1.0 (Jetpack Site Uptime Monitor by WordPress.com)"
114.119.140.50 - - [19/May/2026:23:08:01 +0000] "GET /fly-like-a-pro-the-top-10-most-popular-hobby-drones-of-the-year-revealed/syma-x5uw-d-2?amp HTTP/1.1" 301 - "https://tophobbydrone.com/author/thesilentwhisperer?amp" "Mozilla/5.0 (Linux; Android 7.0;) AppleWebKit/537.36 (HTML, like Gecko) Mobile Safari/537.36 (compatible; PetalBot;+https://webmaster.petalsearch.com/site/petalbot)"
114.119.140.50 - - [19/May/2026:23:08:03 +0000] "GET /wp-content/uploads/2023/02/Syma-X5UW-D--e1677093367489.jpg HTTP/1.1" 200 11321 "https://tophobbydrone.com/author/thesilentwhisperer?amp" "Mozilla/5.0 (Linux; Android 7.0;) AppleWebKit/537.36 (HTML, like Gecko) Mobile Safari/537.36 (compatible; PetalBot;+https://webmaster.petalsearch.com/site/petalbot)"
192.0.84.117 - - [19/May/2026:23:12:51 +0000] "HEAD / HTTP/1.1" 200 - "-" "jetmon/1.0 (Jetpack Site Uptime Monitor by WordPress.com)"
184.94.212.206 - - [19/May/2026:23:15:52 +0000] "POST /wp-cron.php?doing_wp_cron=1779232552.3304998874664306640625 HTTP/1.1" 200 - "-" "WordPress/6.9.4; https://tophobbydrone.com"
77.75.76.166 - - [19/May/2026:23:15:51 +0000] "GET /robots.txt HTTP/1.1" 200 144 "-" "Mozilla/5.0 (compatible; SeznamBot/4.0; +https://o-seznam.cz/napoveda/vyhledavani/en/seznambot-crawler/)"
184.94.212.206 - - [19/May/2026:23:15:52 +0000] "GET /wp-json/jetpack/v4/sync/spawn-sync?time=1779232552&request_lock_id=60b6cb70-80f9-42b6-acc3-93f33a2a17df HTTP/1.1" 200 37 "-" "WordPress/6.9.4; https://tophobbydrone.com"
77.75.76.166 - - [19/May/2026:23:15:51 +0000] "GET /tag/dedicate-yourself/ HTTP/1.1" 200 13513 "-" "Mozilla/5.0 (compatible; SeznamBot/4.0; +https://o-seznam.cz/napoveda/vyhledavani/en/seznambot-crawler/)"
184.94.212.206 - - [19/May/2026:23:19:16 +0000] "GET /wp-json/jetpack/v4/sync/spawn-sync?time=1779232756&request_lock_id=02830876-cfcb-40c8-8aff-46b04ab0aee8 HTTP/1.1" 200 37 "-" "WordPress/6.9.4; https://tophobbydrone.com"
192.0.84.117 - - [19/May/2026:23:19:14 +0000] "HEAD / HTTP/1.1" 200 - "-" "jetmon/1.0 (Jetpack Site Uptime Monitor by WordPress.com)"
184.94.212.206 - - [19/May/2026:23:21:34 +0000] "POST /wp-cron.php?doing_wp_cron=1779232894.4927279949188232421875 HTTP/1.1" 200 - "-" "WordPress/6.9.4; https://tophobbydrone.com"
184.94.212.206 - - [19/May/2026:23:21:34 +0000] "GET /wp-json/jetpack/v4/sync/spawn-sync?time=1779232894&request_lock_id=9f0e6523-62fe-45b6-9015-8b8b0c397be5 HTTP/1.1" 200 37 "-" "WordPress/6.9.4; https://tophobbydrone.com"
74.7.241.185 - - [19/May/2026:23:21:33 +0000] "GET /robots.txt HTTP/1.1" 200 144 "-" "Mozilla/5.0 (Macintosh; Intel Mac OS X 10_15_7) AppleWebKit/537.36 (KHTML, like Gecko) Chrome/131.0.0.0 Safari/537.36; compatible; OAI-SearchBot/1.3; robots.txt; +https://openai.com/searchbot"
71.194.7.42 - - [19/May/2026:23:21:36 +0000] "GET / HTTP/1.1" 200 11119 "-" "Mozilla/5.0 (Macintosh; Intel Mac OS X 13.5; rv:131.0) Gecko/20100101 Firefox/131.0"
74.7.227.137 - - [19/May/2026:23:21:38 +0000] "GET /sitemap.xml HTTP/1.1" 200 211 "-" "Mozilla/5.0 AppleWebKit/537.36 (KHTML, like Gecko; compatible; GPTBot/1.3; +https://openai.com/gptbot)"
104.248.211.93 - - [19/May/2026:23:22:05 +0000] "GET / HTTP/1.1" 200 11118 "-" "Mozilla/5.0 (X11; Linux x86_64) AppleWebKit/537.36 (KHTML, like Gecko) Chrome/55.0.2883.87 Safari/537.36"
184.94.212.206 - - [19/May/2026:23:23:00 +0000] "GET /wp-json/jetpack/v4/sync/spawn-sync?time=1779232980 HTTP/1.1" 200 37 "-" "WordPress/6.9.4; https://tophobbydrone.com"
192.0.84.117 - - [19/May/2026:23:22:53 +0000] "HEAD / HTTP/1.1" 200 - "-" "jetmon/1.0 (Jetpack Site Uptime Monitor by WordPress.com)"
184.94.212.206 - - [19/May/2026:23:27:14 +0000] "POST /wp-cron.php?doing_wp_cron=1779233234.1011090278625488281250 HTTP/1.1" 200 - "-" "WordPress/6.9.4; https://tophobbydrone.com"
184.94.212.206 - - [19/May/2026:23:27:14 +0000] "GET /wp-json/jetpack/v4/sync/spawn-sync?time=1779233234&request_lock_id=aa506a71-3ab2-4c19-b90d-29fc7cc7e98c HTTP/1.1" 200 37 "-" "WordPress/6.9.4; https://tophobbydrone.com"
74.7.227.137 - - [19/May/2026:23:27:12 +0000] "GET /news-sitemap.xml HTTP/1.1" 200 310 "-" "Mozilla/5.0 AppleWebKit/537.36 (KHTML, like Gecko; compatible; GPTBot/1.3; +https://openai.com/gptbot)"
192.0.84.117 - - [19/May/2026:23:27:52 +0000] "HEAD / HTTP/1.1" 200 - "-" "jetmon/1.0 (Jetpack Site Uptime Monitor by WordPress.com)"
57.141.2.63 - - [19/May/2026:23:27:56 +0000] "GET /seeking_knowledge_about_hobbies_you_need_to_read_this_article-jpg/ HTTP/1.1" 301 - "-" "meta-externalagent/1.1 (+https://developers.facebook.com/docs/sharing/webmasters/crawler)"
184.94.212.206 - - [19/May/2026:23:30:26 +0000] "POST /wp-cron.php?doing_wp_cron=1779233426.1042420864105224609375 HTTP/1.1" 200 - "-" "WordPress/6.9.4; https://tophobbydrone.com"
184.94.212.206 - - [19/May/2026:23:30:26 +0000] "GET /wp-json/jetpack/v4/sync/spawn-sync?time=1779233426&request_lock_id=db87f3a6-485b-41be-9146-322ca12402e5 HTTP/1.1" 200 37 "-" "WordPress/6.9.4; https://tophobbydrone.com"
114.119.158.151 - - [19/May/2026:23:30:24 +0000] "GET /fly-like-a-pro-the-top-10-most-popular-hobby-drones-of-the-year-revealed/dji-phantom-4-pro-v2-0-4?amp HTTP/1.1" 301 - "https://tophobbydrone.com/author/thesilentwhisperer?amp" "Mozilla/5.0 (Linux; Android 7.0;) AppleWebKit/537.36 (HTML, like Gecko) Mobile Safari/537.36 (compatible; PetalBot;+https://webmaster.petalsearch.com/site/petalbot)"
114.119.158.151 - - [19/May/2026:23:30:27 +0000] "GET /wp-content/uploads/2023/02/DJI-Phantom-4-Pro-V2.0-1-3-e1677092463806.jpg HTTP/1.1" 200 6782 "https://tophobbydrone.com/author/thesilentwhisperer?amp" "Mozilla/5.0 (Linux; Android 7.0;) AppleWebKit/537.36 (HTML, like Gecko) Mobile Safari/537.36 (compatible; PetalBot;+https://webmaster.petalsearch.com/site/petalbot)"
184.94.212.206 - - [19/May/2026:23:32:55 +0000] "GET /wp-json/jetpack/v4/sync/spawn-sync?time=1779233575&request_lock_id=704e6bdd-5e98-4366-92e7-18c735f1049c HTTP/1.1" 200 37 "-" "WordPress/6.9.4; https://tophobbydrone.com"
192.0.84.117 - - [19/May/2026:23:32:53 +0000] "HEAD / HTTP/1.1" 200 - "-" "jetmon/1.0 (Jetpack Site Uptime Monitor by WordPress.com)"
184.94.212.206 - - [19/May/2026:23:37:54 +0000] "POST /wp-cron.php?doing_wp_cron=1779233874.7025699615478515625000 HTTP/1.1" 200 - "-" "WordPress/6.9.4; https://tophobbydrone.com"
184.94.212.206 - - [19/May/2026:23:37:54 +0000] "GET /wp-json/jetpack/v4/sync/spawn-sync?time=1779233874&request_lock_id=7c9df1e7-2525-4259-9b2e-ae3e2270d9e9 HTTP/1.1" 200 37 "-" "WordPress/6.9.4; https://tophobbydrone.com"
192.0.84.117 - - [19/May/2026:23:37:53 +0000] "HEAD / HTTP/1.1" 200 - "-" "jetmon/1.0 (Jetpack Site Uptime Monitor by WordPress.com)"
184.94.212.206 - - [19/May/2026:23:41:38 +0000] "POST /wp-cron.php?doing_wp_cron=1779234098.9572000503540039062500 HTTP/1.1" 200 - "-" "WordPress/6.9.4; https://tophobbydrone.com"
94.10.221.203 - - [19/May/2026:23:41:36 +0000] "GET /author/thesilentwhisperer/ HTTP/1.1" 200 16773 "-" "Mozilla/5.0 (Macintosh; Intel Mac OS X 12_3_1) AppleWebKit/537.36 (KHTML, like Gecko) Chrome/130.0.6723.191 Safari/537.36"
150.109.12.46 - - [19/May/2026:23:41:36 +0000] "GET / HTTP/1.1" 200 11119 "-" "Mozilla/5.0 (iPhone; CPU iPhone OS 13_2_3 like Mac OS X) AppleWebKit/605.1.15 (KHTML, like Gecko) Version/13.0.3 Mobile/15E148 Safari/604.1"
184.94.212.206 - - [19/May/2026:23:41:39 +0000] "GET /wp-json/jetpack/v4/sync/spawn-sync?time=1779234099&request_lock_id=75fc9405-869a-4e5c-8534-b463cb2cafaf HTTP/1.1" 200 37 "-" "WordPress/6.9.4; https://tophobbydrone.com"
184.94.212.206 - - [19/May/2026:23:42:55 +0000] "GET /wp-json/jetpack/v4/sync/spawn-sync?time=1779234175&request_lock_id=4ce47b55-4ca3-4aa9-81ac-df3df6ff7c07 HTTP/1.1" 200 37 "-" "WordPress/6.9.4; https://tophobbydrone.com"
192.0.84.117 - - [19/May/2026:23:42:54 +0000] "HEAD / HTTP/1.1" 200 - "-" "jetmon/1.0 (Jetpack Site Uptime Monitor by WordPress.com)"
184.94.212.206 - - [19/May/2026:23:47:54 +0000] "POST /wp-cron.php?doing_wp_cron=1779234474.1981348991394042968750 HTTP/1.1" 200 - "-" "WordPress/6.9.4; https://tophobbydrone.com"
184.94.212.206 - - [19/May/2026:23:47:54 +0000] "GET /wp-json/jetpack/v4/sync/spawn-sync?time=1779234474&request_lock_id=289ca5d4-9b19-4dbb-af17-f1574baa0347 HTTP/1.1" 200 37 "-" "WordPress/6.9.4; https://tophobbydrone.com"
192.0.84.117 - - [19/May/2026:23:47:52 +0000] "HEAD / HTTP/1.1" 200 - "-" "jetmon/1.0 (Jetpack Site Uptime Monitor by WordPress.com)"
114.119.140.50 - - [19/May/2026:23:52:46 +0000] "GET /fly-like-a-pro-the-top-10-most-popular-hobby-drones-of-the-year-revealed/?share=x HTTP/1.1" 302 - "https://tophobbydrone.com/author/thesilentwhisperer/?noamp=mobile" "Mozilla/5.0 (Linux; Android 7.0;) AppleWebKit/537.36 (HTML, like Gecko) Mobile Safari/537.36 (compatible; PetalBot;+https://webmaster.petalsearch.com/site/petalbot)"
192.0.84.117 - - [19/May/2026:23:52:51 +0000] "HEAD / HTTP/1.1" 200 - "-" "jetmon/1.0 (Jetpack Site Uptime Monitor by WordPress.com)"
184.94.212.206 - - [19/May/2026:23:53:58 +0000] "POST /wp-cron.php?doing_wp_cron=1779234838.7461709976196289062500 HTTP/1.1" 200 - "-" "WordPress/6.9.4; https://tophobbydrone.com"
103.168.67.107 - - [19/May/2026:23:53:57 +0000] "POST / HTTP/1.1" 200 11068 "-" "Mozilla/5.0 (Windows NT 10.0; Win64; x64) AppleWebKit/537.36"
184.94.212.206 - - [19/May/2026:23:53:58 +0000] "GET /wp-json/jetpack/v4/sync/spawn-sync?time=1779234838&request_lock_id=8f6d5b6c-a9e2-4163-9054-0ebc50fb09c4 HTTP/1.1" 200 37 "-" "WordPress/6.9.4; https://tophobbydrone.com"
103.168.67.107 - - [19/May/2026:23:54:01 +0000] "POST / HTTP/1.1" 200 11068 "-" "Mozilla/5.0 (Windows NT 10.0; Win64; x64) AppleWebKit/537.36"
184.94.212.206 - - [19/May/2026:23:55:41 +0000] "POST /wp-cron.php?doing_wp_cron=1779234941.8064188957214355468750 HTTP/1.1" 200 - "-" "WordPress/6.9.4; https://tophobbydrone.com"
77.75.76.166 - - [19/May/2026:23:55:40 +0000] "GET /tag/excellent-hobby/ HTTP/1.1" 200 9873 "-" "Mozilla/5.0 (compatible; SeznamBot/4.0; +https://o-seznam.cz/napoveda/vyhledavani/en/seznambot-crawler/)"
184.94.212.206 - - [19/May/2026:23:55:41 +0000] "GET /wp-json/jetpack/v4/sync/spawn-sync?time=1779234941&request_lock_id=025646a0-7f7d-495d-ba3b-e5be1709d324 HTTP/1.1" 200 37 "-" "WordPress/6.9.4; https://tophobbydrone.com"
184.94.212.206 - - [19/May/2026:23:57:54 +0000] "GET /wp-json/jetpack/v4/sync/spawn-sync?time=1779235074&request_lock_id=b5ed5b8c-afc1-4ad9-8513-045e2a5ad59f HTTP/1.1" 200 37 "-" "WordPress/6.9.4; https://tophobbydrone.com"
192.0.84.117 - - [19/May/2026:23:57:52 +0000] "HEAD / HTTP/1.1" 200 - "-" "jetmon/1.0 (Jetpack Site Uptime Monitor by WordPress.com)"
192.0.84.117 - - [20/May/2026:00:02:53 +0000] "HEAD / HTTP/1.1" 200 - "-" "jetmon/1.0 (Jetpack Site Uptime Monitor by WordPress.com)"
192.0.84.117 - - [20/May/2026:00:07:53 +0000] "HEAD / HTTP/1.1" 200 - "-" "jetmon/1.0 (Jetpack Site Uptime Monitor by WordPress.com)"
184.94.212.206 - - [20/May/2026:00:09:28 +0000] "POST /wp-cron.php?doing_wp_cron=1779235768.6899030208587646484375 HTTP/1.1" 200 - "-" "WordPress/6.9.4; https://tophobbydrone.com"
207.46.13.155 - - [20/May/2026:00:09:27 +0000] "GET /sitemap.xml HTTP/1.1" 200 211 "-" "Mozilla/5.0 AppleWebKit/537.36 (KHTML, like Gecko; compatible; bingbot/2.0; +http://www.bing.com/bingbot.htm) Chrome/116.0.1938.76 Safari/537.36"
184.94.212.206 - - [20/May/2026:00:09:28 +0000] "GET /wp-json/jetpack/v4/sync/spawn-sync?time=1779235768&request_lock_id=e41fc8d5-4961-4a33-8d39-e3b87edb8132 HTTP/1.1" 200 37 "-" "WordPress/6.9.4; https://tophobbydrone.com"
192.0.84.117 - - [20/May/2026:00:12:53 +0000] "HEAD / HTTP/1.1" 200 - "-" "jetmon/1.0 (Jetpack Site Uptime Monitor by WordPress.com)"
136.115.227.17 - - [20/May/2026:00:14:03 +0000] "GET / HTTP/1.1" 200 11119 "https://www.google.com/" "Mozilla/5.0 (Macintosh; Intel Mac OS X 10_15_7) AppleWebKit/537.36 (KHTML, like Gecko) Chrome/146.0.0.0 Safari/537.36"
136.115.227.17 - - [20/May/2026:00:14:03 +0000] "GET / HTTP/1.1" 301 - "https://www.google.com/" "Mozilla/5.0 (Macintosh; Intel Mac OS X 10_15_7) AppleWebKit/537.36 (KHTML, like Gecko) Chrome/146.0.0.0 Safari/537.36"
184.94.212.206 - - [20/May/2026:00:14:04 +0000] "GET /wp-json/jetpack/v4/sync/spawn-sync?time=1779236044&request_lock_id=fcdd7791-6132-499e-b093-1af9ae0a69de HTTP/1.1" 200 37 "-" "WordPress/6.9.4; https://tophobbydrone.com"
114.119.158.151 - - [20/May/2026:00:15:13 +0000] "GET /finding-the-easiest-drone-to-fly?share=x HTTP/1.1" 302 - "https://tophobbydrone.com/category/best-hobby-drones/page/2?noamp=mobile" "Mozilla/5.0 (Linux; Android 7.0;) AppleWebKit/537.36 (HTML, like Gecko) Mobile Safari/537.36 (compatible; PetalBot;+https://webmaster.petalsearch.com/site/petalbot)"
184.94.212.206 - - [20/May/2026:00:15:16 +0000] "POST /wp-cron.php?doing_wp_cron=1779236116.5374500751495361328125 HTTP/1.1" 200 - "-" "WordPress/6.9.4; https://tophobbydrone.com"
184.94.212.206 - - [20/May/2026:00:15:15 +0000] "GET /wp-json/jetpack/v4/sync/spawn-sync?time=1779236115&request_lock_id=a551aa1b-9ca2-403a-9e1d-1c1836d68426 HTTP/1.1" 200 37 "-" "WordPress/6.9.4; https://tophobbydrone.com"
184.94.212.206 - - [20/May/2026:00:17:54 +0000] "POST /wp-cron.php?doing_wp_cron=1779236274.9193899631500244140625 HTTP/1.1" 200 - "-" "WordPress/6.9.4; https://tophobbydrone.com"
184.94.212.206 - - [20/May/2026:00:17:54 +0000] "GET /wp-json/jetpack/v4/sync/spawn-sync?time=1779236274&request_lock_id=7155b858-db50-496f-8f34-8d04c6e5a876 HTTP/1.1" 200 37 "-" "WordPress/6.9.4; https://tophobbydrone.com"
192.0.84.117 - - [20/May/2026:00:17:53 +0000] "HEAD / HTTP/1.1" 200 - "-" "jetmon/1.0 (Jetpack Site Uptime Monitor by WordPress.com)"
184.94.212.206 - - [20/May/2026:00:22:54 +0000] "POST /wp-cron.php?doing_wp_cron=1779236574.0520229339599609375000 HTTP/1.1" 200 - "-" "WordPress/6.9.4; https://tophobbydrone.com"
184.94.212.206 - - [20/May/2026:00:22:54 +0000] "GET /wp-json/jetpack/v4/sync/spawn-sync?time=1779236574&request_lock_id=0a07075e-fa70-4274-837c-3aea45cf1bb1 HTTP/1.1" 200 37 "-" "WordPress/6.9.4; https://tophobbydrone.com"
192.0.84.117 - - [20/May/2026:00:22:52 +0000] "HEAD / HTTP/1.1" 200 - "-" "jetmon/1.0 (Jetpack Site Uptime Monitor by WordPress.com)"
184.94.212.206 - - [20/May/2026:00:27:58 +0000] "POST /wp-cron.php?doing_wp_cron=1779236878.5097498893737792968750 HTTP/1.1" 200 - "-" "WordPress/6.9.4; https://tophobbydrone.com"
184.94.212.206 - - [20/May/2026:00:27:58 +0000] "GET /wp-json/jetpack/v4/sync/spawn-sync?time=1779236878 HTTP/1.1" 200 37 "-" "WordPress/6.9.4; https://tophobbydrone.com"
192.0.84.117 - - [20/May/2026:00:27:57 +0000] "HEAD / HTTP/1.1" 200 - "-" "jetmon/1.0 (Jetpack Site Uptime Monitor by WordPress.com)"
192.0.84.117 - - [20/May/2026:00:32:50 +0000] "HEAD / HTTP/1.1" 200 - "-" "jetmon/1.0 (Jetpack Site Uptime Monitor by WordPress.com)"
184.94.212.206 - - [20/May/2026:00:33:46 +0000] "GET /wp-json/jetpack/v4/sync/spawn-sync?time=1779237226&request_lock_id=1319b540-3ebc-460a-8f7a-a4f764d05887 HTTP/1.1" 200 37 "-" "WordPress/6.9.4; https://tophobbydrone.com"
40.77.167.136 - - [20/May/2026:00:33:44 +0000] "GET /tag/skydio-2/ HTTP/1.1" 200 16488 "-" "Mozilla/5.0 AppleWebKit/537.36 (KHTML, like Gecko; compatible; bingbot/2.0; +http://www.bing.com/bingbot.htm) Chrome/116.0.1938.76 Safari/537.36"
184.94.212.206 - - [20/May/2026:00:37:33 +0000] "POST /wp-cron.php?doing_wp_cron=1779237453.3665599822998046875000 HTTP/1.1" 200 - "-" "WordPress/6.9.4; https://tophobbydrone.com"
184.94.212.206 - - [20/May/2026:00:37:33 +0000] "GET /wp-json/jetpack/v4/sync/spawn-sync?time=1779237453&request_lock_id=487dbf7e-bf78-4b8d-ad50-00602e4031fb HTTP/1.1" 200 37 "-" "WordPress/6.9.4; https://tophobbydrone.com"
114.119.158.151 - - [20/May/2026:00:37:31 +0000] "GET /finding-the-easiest-drone-to-fly/?share=twitter&noamp=mobile HTTP/1.1" 302 - "https://tophobbydrone.com/finding-the-easiest-drone-to-fly/?share=twitter&" "Mozilla/5.0 (Linux; Android 7.0;) AppleWebKit/537.36 (HTML, like Gecko) Mobile Safari/537.36 (compatible; PetalBot;+https://webmaster.petalsearch.com/site/petalbot)"
192.0.84.117 - - [20/May/2026:00:37:55 +0000] "HEAD / HTTP/1.1" 200 - "-" "jetmon/1.0 (Jetpack Site Uptime Monitor by WordPress.com)"
184.94.212.206 - - [20/May/2026:00:42:56 +0000] "POST /wp-cron.php?doing_wp_cron=1779237776.0964379310607910156250 HTTP/1.1" 200 - "-" "WordPress/6.9.4; https://tophobbydrone.com"
184.94.212.206 - - [20/May/2026:00:42:56 +0000] "GET /wp-json/jetpack/v4/sync/spawn-sync?time=1779237776&request_lock_id=522474a3-abe7-4e0c-b315-e305ac98facd HTTP/1.1" 200 37 "-" "WordPress/6.9.4; https://tophobbydrone.com"
192.0.84.117 - - [20/May/2026:00:42:54 +0000] "HEAD / HTTP/1.1" 200 - "-" "jetmon/1.0 (Jetpack Site Uptime Monitor by WordPress.com)"
184.94.212.206 - - [20/May/2026:00:47:53 +0000] "POST /wp-cron.php?doing_wp_cron=1779238073.6290390491485595703125 HTTP/1.1" 200 - "-" "WordPress/6.9.4; https://tophobbydrone.com"
184.94.212.206 - - [20/May/2026:00:47:53 +0000] "GET /wp-json/jetpack/v4/sync/spawn-sync?time=1779238073&request_lock_id=cf106911-8dc9-4698-9bb1-af19c4b6e203 HTTP/1.1" 200 37 "-" "WordPress/6.9.4; https://tophobbydrone.com"
192.0.84.117 - - [20/May/2026:00:47:52 +0000] "HEAD / HTTP/1.1" 200 - "-" "jetmon/1.0 (Jetpack Site Uptime Monitor by WordPress.com)"
184.94.212.206 - - [20/May/2026:00:52:53 +0000] "POST /wp-cron.php?doing_wp_cron=1779238373.6014719009399414062500 HTTP/1.1" 200 - "-" "WordPress/6.9.4; https://tophobbydrone.com"
184.94.212.206 - - [20/May/2026:00:52:53 +0000] "GET /wp-json/jetpack/v4/sync/spawn-sync?time=1779238373&request_lock_id=c8bc1412-1cc7-49de-b55a-4f89e94dc837 HTTP/1.1" 200 37 "-" "WordPress/6.9.4; https://tophobbydrone.com"
192.0.84.117 - - [20/May/2026:00:52:52 +0000] "HEAD / HTTP/1.1" 200 - "-" "jetmon/1.0 (Jetpack Site Uptime Monitor by WordPress.com)"
184.94.212.206 - - [20/May/2026:00:57:52 +0000] "POST /wp-cron.php?doing_wp_cron=1779238672.9405710697174072265625 HTTP/1.1" 200 - "-" "WordPress/6.9.4; https://tophobbydrone.com"
184.94.212.206 - - [20/May/2026:00:57:52 +0000] "GET /wp-json/jetpack/v4/sync/spawn-sync?time=1779238672&request_lock_id=ea513bbd-37e8-4937-b386-3232d84d62c2 HTTP/1.1" 200 37 "-" "WordPress/6.9.4; https://tophobbydrone.com"
192.0.84.117 - - [20/May/2026:00:57:51 +0000] "HEAD / HTTP/1.1" 200 - "-" "jetmon/1.0 (Jetpack Site Uptime Monitor by WordPress.com)"
184.94.212.206 - - [20/May/2026:00:59:45 +0000] "POST /wp-cron.php?doing_wp_cron=1779238785.1315300464630126953125 HTTP/1.1" 200 - "-" "WordPress/6.9.4; https://tophobbydrone.com"
57.141.2.67 - - [20/May/2026:00:59:43 +0000] "GET /when_you_need_a_new_hobby_you_need_some_advice-jpg/ HTTP/1.1" 301 - "-" "meta-externalagent/1.1 (+https://developers.facebook.com/docs/sharing/webmasters/crawler)"
184.94.212.206 - - [20/May/2026:00:59:45 +0000] "GET /wp-json/jetpack/v4/sync/spawn-sync?time=1779238785&request_lock_id=07641a63-3b0f-4649-be0f-e92a2b1f3602 HTTP/1.1" 200 37 "-" "WordPress/6.9.4; https://tophobbydrone.com"
184.94.212.206 - - [20/May/2026:01:04:27 +0000] "POST /wp-cron.php?doing_wp_cron=1779239067.3898169994354248046875 HTTP/1.1" 200 - "-" "WordPress/6.9.4; https://tophobbydrone.com"
192.0.84.117 - - [20/May/2026:01:04:15 +0000] "HEAD / HTTP/1.1" 200 - "-" "jetmon/1.0 (Jetpack Site Uptime Monitor by WordPress.com)"
184.94.212.206 - - [20/May/2026:01:04:27 +0000] "GET /wp-json/jetpack/v4/sync/spawn-sync?time=1779239067&request_lock_id=d30052d5-7bcf-4f3a-abca-f688c414fcc4 HTTP/1.1" 200 37 "-" "WordPress/6.9.4; https://tophobbydrone.com"
184.94.212.206 - - [20/May/2026:01:05:55 +0000] "POST /wp-cron.php?doing_wp_cron=1779239155.1688370704650878906250 HTTP/1.1" 200 - "-" "WordPress/6.9.4; https://tophobbydrone.com"
184.94.212.206 - - [20/May/2026:01:05:55 +0000] "GET /wp-json/jetpack/v4/sync/spawn-sync?time=1779239155&request_lock_id=2d461802-df2b-4f44-a58b-4fc70454948f HTTP/1.1" 200 37 "-" "WordPress/6.9.4; https://tophobbydrone.com"
77.75.76.171 - - [20/May/2026:01:05:51 +0000] "GET /tag/online-gaming/ HTTP/1.1" 200 9868 "-" "Mozilla/5.0 (compatible; SeznamBot/4.0; +https://o-seznam.cz/napoveda/vyhledavani/en/seznambot-crawler/)"
184.94.212.206 - - [20/May/2026:01:07:52 +0000] "POST /wp-cron.php?doing_wp_cron=1779239272.3026120662689208984375 HTTP/1.1" 200 - "-" "WordPress/6.9.4; https://tophobbydrone.com"
184.94.212.206 - - [20/May/2026:01:07:52 +0000] "GET /wp-json/jetpack/v4/sync/spawn-sync?time=1779239272&request_lock_id=05cd7ef1-5009-404a-ab07-1ad7faddc84f HTTP/1.1" 200 37 "-" "WordPress/6.9.4; https://tophobbydrone.com"
192.0.84.117 - - [20/May/2026:01:07:50 +0000] "HEAD / HTTP/1.1" 200 - "-" "jetmon/1.0 (Jetpack Site Uptime Monitor by WordPress.com)"
184.94.212.206 - - [20/May/2026:01:12:56 +0000] "POST /wp-cron.php?doing_wp_cron=1779239576.1519999504089355468750 HTTP/1.1" 200 - "-" "WordPress/6.9.4; https://tophobbydrone.com"
184.94.212.206 - - [20/May/2026:01:12:56 +0000] "GET /wp-json/jetpack/v4/sync/spawn-sync?time=1779239576&request_lock_id=f7430839-3fbe-47d4-b033-fbc2f78b50df HTTP/1.1" 200 37 "-" "WordPress/6.9.4; https://tophobbydrone.com"
192.0.84.117 - - [20/May/2026:01:12:54 +0000] "HEAD / HTTP/1.1" 200 - "-" "jetmon/1.0 (Jetpack Site Uptime Monitor by WordPress.com)"
184.94.212.206 - - [20/May/2026:01:17:43 +0000] "POST /wp-cron.php?doing_wp_cron=1779239863.0622980594635009765625 HTTP/1.1" 200 - "-" "WordPress/6.9.4; https://tophobbydrone.com"
184.94.212.206 - - [20/May/2026:01:17:43 +0000] "GET /wp-json/jetpack/v4/sync/spawn-sync?time=1779239863&request_lock_id=bb4e15ef-bfb4-43cf-9ff6-a18e509ec56e HTTP/1.1" 200 37 "-" "WordPress/6.9.4; https://tophobbydrone.com"
77.75.76.171 - - [20/May/2026:01:17:41 +0000] "GET /tag/jigsaw-puzzle/ HTTP/1.1" 200 9877 "-" "Mozilla/5.0 (compatible; SeznamBot/4.0; +https://o-seznam.cz/napoveda/vyhledavani/en/seznambot-crawler/)"
17.246.19.137 - - [20/May/2026:01:17:51 +0000] "GET /robots.txt HTTP/1.1" 200 144 "-" "Mozilla/5.0 (Macintosh; Intel Mac OS X 10_15_7) AppleWebKit/605.1.15 (KHTML, like Gecko) Version/17.4 Safari/605.1.15 (Applebot/0.1; +http://www.apple.com/go/applebot)"
17.246.19.137 - - [20/May/2026:01:17:52 +0000] "GET /fly-like-a-pro-the-top-10-most-popular-hobby-drones-of-the-year-revealed/dji-mini-2/ HTTP/1.1" 301 - "-" "Mozilla/5.0 (Macintosh; Intel Mac OS X 10_15_7) AppleWebKit/605.1.15 (KHTML, like Gecko) Version/17.4 Safari/605.1.15 (Applebot/0.1; +http://www.apple.com/go/applebot)"
17.246.19.137 - - [20/May/2026:01:17:53 +0000] "GET /wp-content/uploads/2023/02/DJI-Mini-2-e1677041429148.jpg HTTP/1.1" 200 6417 "-" "Mozilla/5.0 (Macintosh; Intel Mac OS X 10_15_7) AppleWebKit/605.1.15 (KHTML, like Gecko) Version/17.4 Safari/605.1.15 (Applebot/0.1; +http://www.apple.com/go/applebot)"
192.0.84.117 - - [20/May/2026:01:17:54 +0000] "HEAD / HTTP/1.1" 200 - "-" "jetmon/1.0 (Jetpack Site Uptime Monitor by WordPress.com)"
192.0.84.117 - - [20/May/2026:01:22:51 +0000] "HEAD / HTTP/1.1" 200 - "-" "jetmon/1.0 (Jetpack Site Uptime Monitor by WordPress.com)"
184.94.212.206 - - [20/May/2026:01:27:19 +0000] "POST /wp-cron.php?doing_wp_cron=1779240439.0002279281616210937500 HTTP/1.1" 200 - "-" "WordPress/6.9.4; https://tophobbydrone.com"
184.94.212.206 - - [20/May/2026:01:27:19 +0000] "GET /wp-json/jetpack/v4/sync/spawn-sync?time=1779240439&request_lock_id=4d6558a4-85d4-42a4-8a50-ae4e73f2b4f5 HTTP/1.1" 200 37 "-" "WordPress/6.9.4; https://tophobbydrone.com"
114.119.158.151 - - [20/May/2026:01:27:17 +0000] "GET /finding-a-build-your-own-drone-kit/?share=twitter&noamp=mobile HTTP/1.1" 302 - "https://tophobbydrone.com/finding-a-build-your-own-drone-kit/?share=twitter&" "Mozilla/5.0 (Linux; Android 7.0;) AppleWebKit/537.36 (HTML, like Gecko) Mobile Safari/537.36 (compatible; PetalBot;+https://webmaster.petalsearch.com/site/petalbot)"
192.0.84.117 - - [20/May/2026:01:28:05 +0000] "HEAD / HTTP/1.1" 200 - "-" "jetmon/1.0 (Jetpack Site Uptime Monitor by WordPress.com)"
184.94.212.206 - - [20/May/2026:01:32:52 +0000] "POST /wp-cron.php?doing_wp_cron=1779240772.4304349422454833984375 HTTP/1.1" 200 - "-" "WordPress/6.9.4; https://tophobbydrone.com"
184.94.212.206 - - [20/May/2026:01:32:52 +0000] "GET /wp-json/jetpack/v4/sync/spawn-sync?time=1779240772 HTTP/1.1" 200 37 "-" "WordPress/6.9.4; https://tophobbydrone.com"
192.0.84.117 - - [20/May/2026:01:32:51 +0000] "HEAD / HTTP/1.1" 200 - "-" "jetmon/1.0 (Jetpack Site Uptime Monitor by WordPress.com)"
184.94.212.206 - - [20/May/2026:01:37:56 +0000] "POST /wp-cron.php?doing_wp_cron=1779241076.2879199981689453125000 HTTP/1.1" 200 - "-" "WordPress/6.9.4; https://tophobbydrone.com"
184.94.212.206 - - [20/May/2026:01:37:56 +0000] "GET /wp-json/jetpack/v4/sync/spawn-sync?time=1779241076&request_lock_id=9ff5453c-9fc3-4658-bbd6-cb71a479580f HTTP/1.1" 200 37 "-" "WordPress/6.9.4; https://tophobbydrone.com"
192.0.84.117 - - [20/May/2026:01:37:54 +0000] "HEAD / HTTP/1.1" 200 - "-" "jetmon/1.0 (Jetpack Site Uptime Monitor by WordPress.com)"
184.94.212.206 - - [20/May/2026:01:42:56 +0000] "POST /wp-cron.php?doing_wp_cron=1779241376.5754890441894531250000 HTTP/1.1" 200 - "-" "WordPress/6.9.4; https://tophobbydrone.com"
192.0.84.117 - - [20/May/2026:01:42:53 +0000] "HEAD / HTTP/1.1" 200 - "-" "jetmon/1.0 (Jetpack Site Uptime Monitor by WordPress.com)"
184.94.212.206 - - [20/May/2026:01:42:56 +0000] "GET /wp-json/jetpack/v4/sync/spawn-sync?time=1779241376&request_lock_id=d6fe621e-94b9-4b2b-9715-8083ade36232 HTTP/1.1" 200 37 "-" "WordPress/6.9.4; https://tophobbydrone.com"
184.94.212.206 - - [20/May/2026:01:46:53 +0000] "POST /wp-cron.php?doing_wp_cron=1779241613.6086659431457519531250 HTTP/1.1" 200 - "-" "WordPress/6.9.4; https://tophobbydrone.com"
184.94.212.206 - - [20/May/2026:01:46:53 +0000] "GET /wp-json/jetpack/v4/sync/spawn-sync?time=1779241613&request_lock_id=e383cdbb-131d-4e6a-ad77-73bbd9fda4be HTTP/1.1" 200 37 "-" "WordPress/6.9.4; https://tophobbydrone.com"
20.214.164.104 - - [20/May/2026:01:46:52 +0000] "GET /1.php HTTP/1.1" 404 9320 "-" "Mozilla/5.0 (Windows NT 10.0; Win64; x64) AppleWebKit/537.36 (KHTML, like Gecko) Chrome/120.0.0.0 Safari/537.36"
20.214.164.104 - - [20/May/2026:01:46:54 +0000] "GET /2.php HTTP/1.1" 404 9319 "-" "Mozilla/5.0 (Windows NT 10.0; Win64; x64) AppleWebKit/537.36 (KHTML, like Gecko) Chrome/120.0.0.0 Safari/537.36"
