20.214.164.104 - - [20/May/2026:01:46:55 +0000] "GET /7.php HTTP/1.1" 404 9320 "-" "Mozilla/5.0 (Windows NT 10.0; Win64; x64) AppleWebKit/537.36 (KHTML, like Gecko) Chrome/120.0.0.0 Safari/537.36"
20.214.164.104 - - [20/May/2026:01:46:56 +0000] "GET /10.php HTTP/1.1" 404 9320 "-" "Mozilla/5.0 (Windows NT 10.0; Win64; x64) AppleWebKit/537.36 (KHTML, like Gecko) Chrome/120.0.0.0 Safari/537.36"
20.214.164.104 - - [20/May/2026:01:46:57 +0000] "GET /13.php HTTP/1.1" 404 9321 "-" "Mozilla/5.0 (Windows NT 10.0; Win64; x64) AppleWebKit/537.36 (KHTML, like Gecko) Chrome/120.0.0.0 Safari/537.36"
20.214.164.104 - - [20/May/2026:01:46:58 +0000] "GET /100.php HTTP/1.1" 404 9321 "-" "Mozilla/5.0 (Windows NT 10.0; Win64; x64) AppleWebKit/537.36 (KHTML, like Gecko) Chrome/120.0.0.0 Safari/537.36"
20.214.164.104 - - [20/May/2026:01:46:59 +0000] "GET /222.php HTTP/1.1" 404 9321 "-" "Mozilla/5.0 (Windows NT 10.0; Win64; x64) AppleWebKit/537.36 (KHTML, like Gecko) Chrome/120.0.0.0 Safari/537.36"
20.214.164.104 - - [20/May/2026:01:47:00 +0000] "GET /adminfuns.php HTTP/1.1" 404 9324 "-" "Mozilla/5.0 (Windows NT 10.0; Win64; x64) AppleWebKit/537.36 (KHTML, like Gecko) Chrome/120.0.0.0 Safari/537.36"
20.214.164.104 - - [20/May/2026:01:47:01 +0000] "GET /abcd.php HTTP/1.1" 404 9322 "-" "Mozilla/5.0 (Windows NT 10.0; Win64; x64) AppleWebKit/537.36 (KHTML, like Gecko) Chrome/120.0.0.0 Safari/537.36"
20.214.164.104 - - [20/May/2026:01:47:02 +0000] "GET /al.php HTTP/1.1" 404 9321 "-" "Mozilla/5.0 (Windows NT 10.0; Win64; x64) AppleWebKit/537.36 (KHTML, like Gecko) Chrome/120.0.0.0 Safari/537.36"
20.214.164.104 - - [20/May/2026:01:47:03 +0000] "GET /alfa.php HTTP/1.1" 404 9321 "-" "Mozilla/5.0 (Windows NT 10.0; Win64; x64) AppleWebKit/537.36 (KHTML, like Gecko) Chrome/120.0.0.0 Safari/537.36"
20.214.164.104 - - [20/May/2026:01:47:03 +0000] "GET /as.php HTTP/1.1" 404 9320 "-" "Mozilla/5.0 (Windows NT 10.0; Win64; x64) AppleWebKit/537.36 (KHTML, like Gecko) Chrome/120.0.0.0 Safari/537.36"
20.214.164.104 - - [20/May/2026:01:47:04 +0000] "GET /aa.php HTTP/1.1" 404 9320 "-" "Mozilla/5.0 (Windows NT 10.0; Win64; x64) AppleWebKit/537.36 (KHTML, like Gecko) Chrome/120.0.0.0 Safari/537.36"
20.214.164.104 - - [20/May/2026:01:47:05 +0000] "GET /abc.php HTTP/1.1" 404 9321 "-" "Mozilla/5.0 (Windows NT 10.0; Win64; x64) AppleWebKit/537.36 (KHTML, like Gecko) Chrome/120.0.0.0 Safari/537.36"
20.214.164.104 - - [20/May/2026:01:47:06 +0000] "GET /av.php HTTP/1.1" 404 9321 "-" "Mozilla/5.0 (Windows NT 10.0; Win64; x64) AppleWebKit/537.36 (KHTML, like Gecko) Chrome/120.0.0.0 Safari/537.36"
20.214.164.104 - - [20/May/2026:01:47:07 +0000] "GET /autoload_classmap.php HTTP/1.1" 404 9329 "-" "Mozilla/5.0 (Windows NT 10.0; Win64; x64) AppleWebKit/537.36 (KHTML, like Gecko) Chrome/120.0.0.0 Safari/537.36"
20.214.164.104 - - [20/May/2026:01:47:08 +0000] "GET /asus.php HTTP/1.1" 404 9322 "-" "Mozilla/5.0 (Windows NT 10.0; Win64; x64) AppleWebKit/537.36 (KHTML, like Gecko) Chrome/120.0.0.0 Safari/537.36"
20.214.164.104 - - [20/May/2026:01:47:09 +0000] "GET /about.php HTTP/1.1" 404 9321 "-" "Mozilla/5.0 (Windows NT 10.0; Win64; x64) AppleWebKit/537.36 (KHTML, like Gecko) Chrome/120.0.0.0 Safari/537.36"
20.214.164.104 - - [20/May/2026:01:47:10 +0000] "GET /atomlib.php HTTP/1.1" 404 9324 "-" "Mozilla/5.0 (Windows NT 10.0; Win64; x64) AppleWebKit/537.36 (KHTML, like Gecko) Chrome/120.0.0.0 Safari/537.36"
20.214.164.104 - - [20/May/2026:01:47:10 +0000] "GET /alfa-rex.php7 HTTP/1.1" 404 9327 "-" "Mozilla/5.0 (Windows NT 10.0; Win64; x64) AppleWebKit/537.36 (KHTML, like Gecko) Chrome/120.0.0.0 Safari/537.36"
20.214.164.104 - - [20/May/2026:01:47:11 +0000] "GET /b.php HTTP/1.1" 404 9320 "-" "Mozilla/5.0 (Windows NT 10.0; Win64; x64) AppleWebKit/537.36 (KHTML, like Gecko) Chrome/120.0.0.0 Safari/537.36"
20.214.164.104 - - [20/May/2026:01:47:12 +0000] "GET /buy.php HTTP/1.1" 404 9321 "-" "Mozilla/5.0 (Windows NT 10.0; Win64; x64) AppleWebKit/537.36 (KHTML, like Gecko) Chrome/120.0.0.0 Safari/537.36"
20.214.164.104 - - [20/May/2026:01:47:13 +0000] "GET /bless.php HTTP/1.1" 404 9322 "-" "Mozilla/5.0 (Windows NT 10.0; Win64; x64) AppleWebKit/537.36 (KHTML, like Gecko) Chrome/120.0.0.0 Safari/537.36"
20.214.164.104 - - [20/May/2026:01:47:14 +0000] "GET /class-t.api.php HTTP/1.1" 404 9326 "-" "Mozilla/5.0 (Windows NT 10.0; Win64; x64) AppleWebKit/537.36 (KHTML, like Gecko) Chrome/120.0.0.0 Safari/537.36"
20.214.164.104 - - [20/May/2026:01:47:15 +0000] "GET /cache.php HTTP/1.1" 404 9322 "-" "Mozilla/5.0 (Windows NT 10.0; Win64; x64) AppleWebKit/537.36 (KHTML, like Gecko) Chrome/120.0.0.0 Safari/537.36"
20.214.164.104 - - [20/May/2026:01:47:16 +0000] "GET /content.php HTTP/1.1" 404 9321 "-" "Mozilla/5.0 (Windows NT 10.0; Win64; x64) AppleWebKit/537.36 (KHTML, like Gecko) Chrome/120.0.0.0 Safari/537.36"
20.214.164.104 - - [20/May/2026:01:47:17 +0000] "GET /classwithtostring.php HTTP/1.1" 404 9326 "-" "Mozilla/5.0 (Windows NT 10.0; Win64; x64) AppleWebKit/537.36 (KHTML, like Gecko) Chrome/120.0.0.0 Safari/537.36"
20.214.164.104 - - [20/May/2026:01:47:18 +0000] "GET /css.php HTTP/1.1" 404 9321 "-" "Mozilla/5.0 (Windows NT 10.0; Win64; x64) AppleWebKit/537.36 (KHTML, like Gecko) Chrome/120.0.0.0 Safari/537.36"
20.214.164.104 - - [20/May/2026:01:47:19 +0000] "GET /chosen.php HTTP/1.1" 404 9323 "-" "Mozilla/5.0 (Windows NT 10.0; Win64; x64) AppleWebKit/537.36 (KHTML, like Gecko) Chrome/120.0.0.0 Safari/537.36"
20.214.164.104 - - [20/May/2026:01:47:20 +0000] "GET /doc.php HTTP/1.1" 404 9321 "-" "Mozilla/5.0 (Windows NT 10.0; Win64; x64) AppleWebKit/537.36 (KHTML, like Gecko) Chrome/120.0.0.0 Safari/537.36"
20.214.164.104 - - [20/May/2026:01:47:21 +0000] "GET /elp.php HTTP/1.1" 404 9321 "-" "Mozilla/5.0 (Windows NT 10.0; Win64; x64) AppleWebKit/537.36 (KHTML, like Gecko) Chrome/120.0.0.0 Safari/537.36"
20.214.164.104 - - [20/May/2026:01:47:22 +0000] "GET /Exception-class.php HTTP/1.1" 404 9326 "-" "Mozilla/5.0 (Windows NT 10.0; Win64; x64) AppleWebKit/537.36 (KHTML, like Gecko) Chrome/120.0.0.0 Safari/537.36"
20.214.164.104 - - [20/May/2026:01:47:23 +0000] "GET /ee.php HTTP/1.1" 404 9320 "-" "Mozilla/5.0 (Windows NT 10.0; Win64; x64) AppleWebKit/537.36 (KHTML, like Gecko) Chrome/120.0.0.0 Safari/537.36"
20.214.164.104 - - [20/May/2026:01:47:24 +0000] "GET /edit.php HTTP/1.1" 404 9322 "-" "Mozilla/5.0 (Windows NT 10.0; Win64; x64) AppleWebKit/537.36 (KHTML, like Gecko) Chrome/120.0.0.0 Safari/537.36"
20.214.164.104 - - [20/May/2026:01:47:25 +0000] "GET /f35.php HTTP/1.1" 404 9321 "-" "Mozilla/5.0 (Windows NT 10.0; Win64; x64) AppleWebKit/537.36 (KHTML, like Gecko) Chrome/120.0.0.0 Safari/537.36"
20.214.164.104 - - [20/May/2026:01:47:26 +0000] "GET /fff.php HTTP/1.1" 404 9321 "-" "Mozilla/5.0 (Windows NT 10.0; Win64; x64) AppleWebKit/537.36 (KHTML, like Gecko) Chrome/120.0.0.0 Safari/537.36"
20.214.164.104 - - [20/May/2026:01:47:26 +0000] "GET /ff1.php HTTP/1.1" 404 9321 "-" "Mozilla/5.0 (Windows NT 10.0; Win64; x64) AppleWebKit/537.36 (KHTML, like Gecko) Chrome/120.0.0.0 Safari/537.36"
20.214.164.104 - - [20/May/2026:01:47:27 +0000] "GET /flower.php HTTP/1.1" 404 9325 "-" "Mozilla/5.0 (Windows NT 10.0; Win64; x64) AppleWebKit/537.36 (KHTML, like Gecko) Chrome/120.0.0.0 Safari/537.36"
20.214.164.104 - - [20/May/2026:01:47:28 +0000] "GET /file.php HTTP/1.1" 404 9322 "-" "Mozilla/5.0 (Windows NT 10.0; Win64; x64) AppleWebKit/537.36 (KHTML, like Gecko) Chrome/120.0.0.0 Safari/537.36"
20.214.164.104 - - [20/May/2026:01:47:29 +0000] "GET /goods.php HTTP/1.1" 404 9322 "-" "Mozilla/5.0 (Windows NT 10.0; Win64; x64) AppleWebKit/537.36 (KHTML, like Gecko) Chrome/120.0.0.0 Safari/537.36"
20.214.164.104 - - [20/May/2026:01:47:30 +0000] "GET /g.php HTTP/1.1" 404 9320 "-" "Mozilla/5.0 (Windows NT 10.0; Win64; x64) AppleWebKit/537.36 (KHTML, like Gecko) Chrome/120.0.0.0 Safari/537.36"
20.214.164.104 - - [20/May/2026:01:47:31 +0000] "GET /hplfuns.php HTTP/1.1" 404 9324 "-" "Mozilla/5.0 (Windows NT 10.0; Win64; x64) AppleWebKit/537.36 (KHTML, like Gecko) Chrome/120.0.0.0 Safari/537.36"
20.214.164.104 - - [20/May/2026:01:47:32 +0000] "GET /ioxi-o.php HTTP/1.1" 404 9323 "-" "Mozilla/5.0 (Windows NT 10.0; Win64; x64) AppleWebKit/537.36 (KHTML, like Gecko) Chrome/120.0.0.0 Safari/537.36"
20.214.164.104 - - [20/May/2026:01:47:33 +0000] "GET /in.php HTTP/1.1" 404 9320 "-" "Mozilla/5.0 (Windows NT 10.0; Win64; x64) AppleWebKit/537.36 (KHTML, like Gecko) Chrome/120.0.0.0 Safari/537.36"
20.214.164.104 - - [20/May/2026:01:47:34 +0000] "GET /info.php HTTP/1.1" 404 9322 "-" "Mozilla/5.0 (Windows NT 10.0; Win64; x64) AppleWebKit/537.36 (KHTML, like Gecko) Chrome/120.0.0.0 Safari/537.36"
20.214.164.104 - - [20/May/2026:01:47:35 +0000] "GET /inputs.php HTTP/1.1" 404 9322 "-" "Mozilla/5.0 (Windows NT 10.0; Win64; x64) AppleWebKit/537.36 (KHTML, like Gecko) Chrome/120.0.0.0 Safari/537.36"
20.214.164.104 - - [20/May/2026:01:47:35 +0000] "GET /item.php HTTP/1.1" 404 9321 "-" "Mozilla/5.0 (Windows NT 10.0; Win64; x64) AppleWebKit/537.36 (KHTML, like Gecko) Chrome/120.0.0.0 Safari/537.36"
20.214.164.104 - - [20/May/2026:01:47:36 +0000] "GET /k.php HTTP/1.1" 404 9322 "-" "Mozilla/5.0 (Windows NT 10.0; Win64; x64) AppleWebKit/537.36 (KHTML, like Gecko) Chrome/120.0.0.0 Safari/537.36"
20.214.164.104 - - [20/May/2026:01:47:37 +0000] "GET /license.php HTTP/1.1" 404 9323 "-" "Mozilla/5.0 (Windows NT 10.0; Win64; x64) AppleWebKit/537.36 (KHTML, like Gecko) Chrome/120.0.0.0 Safari/537.36"
20.214.164.104 - - [20/May/2026:01:47:38 +0000] "GET /load.php HTTP/1.1" 404 9321 "-" "Mozilla/5.0 (Windows NT 10.0; Win64; x64) AppleWebKit/537.36 (KHTML, like Gecko) Chrome/120.0.0.0 Safari/537.36"
20.214.164.104 - - [20/May/2026:01:47:39 +0000] "GET /manager.php HTTP/1.1" 404 9322 "-" "Mozilla/5.0 (Windows NT 10.0; Win64; x64) AppleWebKit/537.36 (KHTML, like Gecko) Chrome/120.0.0.0 Safari/537.36"
20.214.164.104 - - [20/May/2026:01:47:40 +0000] "GET /media.php HTTP/1.1" 404 9321 "-" "Mozilla/5.0 (Windows NT 10.0; Win64; x64) AppleWebKit/537.36 (KHTML, like Gecko) Chrome/120.0.0.0 Safari/537.36"
20.214.164.104 - - [20/May/2026:01:47:41 +0000] "GET /mar.php HTTP/1.1" 404 9321 "-" "Mozilla/5.0 (Windows NT 10.0; Win64; x64) AppleWebKit/537.36 (KHTML, like Gecko) Chrome/120.0.0.0 Safari/537.36"
20.214.164.104 - - [20/May/2026:01:47:42 +0000] "GET /my1.php HTTP/1.1" 404 9321 "-" "Mozilla/5.0 (Windows NT 10.0; Win64; x64) AppleWebKit/537.36 (KHTML, like Gecko) Chrome/120.0.0.0 Safari/537.36"
20.214.164.104 - - [20/May/2026:01:47:43 +0000] "GET /mm.php HTTP/1.1" 404 9321 "-" "Mozilla/5.0 (Windows NT 10.0; Win64; x64) AppleWebKit/537.36 (KHTML, like Gecko) Chrome/120.0.0.0 Safari/537.36"
20.214.164.104 - - [20/May/2026:01:47:43 +0000] "GET /network.php HTTP/1.1" 404 9326 "-" "Mozilla/5.0 (Windows NT 10.0; Win64; x64) AppleWebKit/537.36 (KHTML, like Gecko) Chrome/120.0.0.0 Safari/537.36"
20.214.164.104 - - [20/May/2026:01:47:44 +0000] "GET /new.php HTTP/1.1" 404 9321 "-" "Mozilla/5.0 (Windows NT 10.0; Win64; x64) AppleWebKit/537.36 (KHTML, like Gecko) Chrome/120.0.0.0 Safari/537.36"
20.214.164.104 - - [20/May/2026:01:47:45 +0000] "GET /0x.php HTTP/1.1" 404 9321 "-" "Mozilla/5.0 (Windows NT 10.0; Win64; x64) AppleWebKit/537.36 (KHTML, like Gecko) Chrome/120.0.0.0 Safari/537.36"
20.214.164.104 - - [20/May/2026:01:47:46 +0000] "GET /0.php HTTP/1.1" 404 9319 "-" "Mozilla/5.0 (Windows NT 10.0; Win64; x64) AppleWebKit/537.36 (KHTML, like Gecko) Chrome/120.0.0.0 Safari/537.36"
20.214.164.104 - - [20/May/2026:01:47:47 +0000] "GET /oxshell.php HTTP/1.1" 404 9324 "-" "Mozilla/5.0 (Windows NT 10.0; Win64; x64) AppleWebKit/537.36 (KHTML, like Gecko) Chrome/120.0.0.0 Safari/537.36"
20.214.164.104 - - [20/May/2026:01:47:48 +0000] "GET /php8.php HTTP/1.1" 404 9322 "-" "Mozilla/5.0 (Windows NT 10.0; Win64; x64) AppleWebKit/537.36 (KHTML, like Gecko) Chrome/120.0.0.0 Safari/537.36"
20.214.164.104 - - [20/May/2026:01:47:49 +0000] "GET /p.php HTTP/1.1" 404 9319 "-" "Mozilla/5.0 (Windows NT 10.0; Win64; x64) AppleWebKit/537.36 (KHTML, like Gecko) Chrome/120.0.0.0 Safari/537.36"
20.214.164.104 - - [20/May/2026:01:47:50 +0000] "GET /php.php HTTP/1.1" 404 9321 "-" "Mozilla/5.0 (Windows NT 10.0; Win64; x64) AppleWebKit/537.36 (KHTML, like Gecko) Chrome/120.0.0.0 Safari/537.36"
192.0.84.117 - - [20/May/2026:01:47:50 +0000] "HEAD / HTTP/1.1" 200 - "-" "jetmon/1.0 (Jetpack Site Uptime Monitor by WordPress.com)"
20.214.164.104 - - [20/May/2026:01:47:51 +0000] "GET /past.php HTTP/1.1" 404 9322 "-" "Mozilla/5.0 (Windows NT 10.0; Win64; x64) AppleWebKit/537.36 (KHTML, like Gecko) Chrome/120.0.0.0 Safari/537.36"
20.214.164.104 - - [20/May/2026:01:47:52 +0000] "GET /root.php HTTP/1.1" 404 9322 "-" "Mozilla/5.0 (Windows NT 10.0; Win64; x64) AppleWebKit/537.36 (KHTML, like Gecko) Chrome/120.0.0.0 Safari/537.36"
20.214.164.104 - - [20/May/2026:01:47:53 +0000] "GET /r.php HTTP/1.1" 404 9320 "-" "Mozilla/5.0 (Windows NT 10.0; Win64; x64) AppleWebKit/537.36 (KHTML, like Gecko) Chrome/120.0.0.0 Safari/537.36"
184.94.212.206 - - [20/May/2026:01:47:54 +0000] "GET /wp-json/jetpack/v4/sync/spawn-sync?time=1779241674&request_lock_id=51c59bac-01c1-426f-9f9d-3df94455dcc0 HTTP/1.1" 200 37 "-" "WordPress/6.9.4; https://tophobbydrone.com"
20.214.164.104 - - [20/May/2026:01:47:54 +0000] "GET /sid3.php HTTP/1.1" 404 9322 "-" "Mozilla/5.0 (Windows NT 10.0; Win64; x64) AppleWebKit/537.36 (KHTML, like Gecko) Chrome/120.0.0.0 Safari/537.36"
20.214.164.104 - - [20/May/2026:01:47:55 +0000] "GET /ss.php HTTP/1.1" 404 9320 "-" "Mozilla/5.0 (Windows NT 10.0; Win64; x64) AppleWebKit/537.36 (KHTML, like Gecko) Chrome/120.0.0.0 Safari/537.36"
184.94.212.206 - - [20/May/2026:01:47:56 +0000] "GET /wp-json/jetpack/v4/sync/spawn-sync?time=1779241676&request_lock_id=a6f7afff-2a78-48e0-a326-9f46abc69e30 HTTP/1.1" 200 37 "-" "WordPress/6.9.4; https://tophobbydrone.com"
20.214.164.104 - - [20/May/2026:01:47:57 +0000] "GET /sts.php HTTP/1.1" 404 9321 "-" "Mozilla/5.0 (Windows NT 10.0; Win64; x64) AppleWebKit/537.36 (KHTML, like Gecko) Chrome/120.0.0.0 Safari/537.36"
20.214.164.104 - - [20/May/2026:01:47:58 +0000] "GET /shell.php HTTP/1.1" 404 9323 "-" "Mozilla/5.0 (Windows NT 10.0; Win64; x64) AppleWebKit/537.36 (KHTML, like Gecko) Chrome/120.0.0.0 Safari/537.36"
20.214.164.104 - - [20/May/2026:01:47:59 +0000] "GET /setup-config.php HTTP/1.1" 404 9326 "-" "Mozilla/5.0 (Windows NT 10.0; Win64; x64) AppleWebKit/537.36 (KHTML, like Gecko) Chrome/120.0.0.0 Safari/537.36"
20.214.164.104 - - [20/May/2026:01:48:00 +0000] "GET /t.php HTTP/1.1" 404 9319 "-" "Mozilla/5.0 (Windows NT 10.0; Win64; x64) AppleWebKit/537.36 (KHTML, like Gecko) Chrome/120.0.0.0 Safari/537.36"
20.214.164.104 - - [20/May/2026:01:48:01 +0000] "GET /up.php HTTP/1.1" 404 9320 "-" "Mozilla/5.0 (Windows NT 10.0; Win64; x64) AppleWebKit/537.36 (KHTML, like Gecko) Chrome/120.0.0.0 Safari/537.36"
20.214.164.104 - - [20/May/2026:01:48:02 +0000] "GET /ultra.php HTTP/1.1" 404 9322 "-" "Mozilla/5.0 (Windows NT 10.0; Win64; x64) AppleWebKit/537.36 (KHTML, like Gecko) Chrome/120.0.0.0 Safari/537.36"
20.214.164.104 - - [20/May/2026:01:48:03 +0000] "GET /vv.php HTTP/1.1" 404 9321 "-" "Mozilla/5.0 (Windows NT 10.0; Win64; x64) AppleWebKit/537.36 (KHTML, like Gecko) Chrome/120.0.0.0 Safari/537.36"
20.214.164.104 - - [20/May/2026:01:48:04 +0000] "GET /V5.php HTTP/1.1" 404 9323 "-" "Mozilla/5.0 (Windows NT 10.0; Win64; x64) AppleWebKit/537.36 (KHTML, like Gecko) Chrome/120.0.0.0 Safari/537.36"
20.214.164.104 - - [20/May/2026:01:48:05 +0000] "GET /wp-user.php HTTP/1.1" 404 9324 "-" "Mozilla/5.0 (Windows NT 10.0; Win64; x64) AppleWebKit/537.36 (KHTML, like Gecko) Chrome/120.0.0.0 Safari/537.36"
20.214.164.104 - - [20/May/2026:01:48:06 +0000] "GET /wp-blog.php HTTP/1.1" 404 9322 "-" "Mozilla/5.0 (Windows NT 10.0; Win64; x64) AppleWebKit/537.36 (KHTML, like Gecko) Chrome/120.0.0.0 Safari/537.36"
20.214.164.104 - - [20/May/2026:01:48:07 +0000] "GET /wp.php HTTP/1.1" 404 9321 "-" "Mozilla/5.0 (Windows NT 10.0; Win64; x64) AppleWebKit/537.36 (KHTML, like Gecko) Chrome/120.0.0.0 Safari/537.36"
20.214.164.104 - - [20/May/2026:01:48:08 +0000] "GET /worksec.php HTTP/1.1" 404 9326 "-" "Mozilla/5.0 (Windows NT 10.0; Win64; x64) AppleWebKit/537.36 (KHTML, like Gecko) Chrome/120.0.0.0 Safari/537.36"
20.214.164.104 - - [20/May/2026:01:48:09 +0000] "GET /wp-themes.php HTTP/1.1" 404 9322 "-" "Mozilla/5.0 (Windows NT 10.0; Win64; x64) AppleWebKit/537.36 (KHTML, like Gecko) Chrome/120.0.0.0 Safari/537.36"
20.214.164.104 - - [20/May/2026:01:48:09 +0000] "GET /wp-signin.php HTTP/1.1" 404 9325 "-" "Mozilla/5.0 (Windows NT 10.0; Win64; x64) AppleWebKit/537.36 (KHTML, like Gecko) Chrome/120.0.0.0 Safari/537.36"
20.214.164.104 - - [20/May/2026:01:48:10 +0000] "GET /wp-blog-header.php HTTP/1.1" 404 - "-" "Mozilla/5.0 (Windows NT 10.0; Win64; x64) AppleWebKit/537.36 (KHTML, like Gecko) Chrome/120.0.0.0 Safari/537.36"
20.214.164.104 - - [20/May/2026:01:48:11 +0000] "GET /wp-links-opml HTTP/1.1" 404 9324 "-" "Mozilla/5.0 (Windows NT 10.0; Win64; x64) AppleWebKit/537.36 (KHTML, like Gecko) Chrome/120.0.0.0 Safari/537.36"
20.214.164.104 - - [20/May/2026:01:48:12 +0000] "GET /ws.php HTTP/1.1" 404 9320 "-" "Mozilla/5.0 (Windows NT 10.0; Win64; x64) AppleWebKit/537.36 (KHTML, like Gecko) Chrome/120.0.0.0 Safari/537.36"
20.214.164.104 - - [20/May/2026:01:48:13 +0000] "GET /wsa.php HTTP/1.1" 404 9321 "-" "Mozilla/5.0 (Windows NT 10.0; Win64; x64) AppleWebKit/537.36 (KHTML, like Gecko) Chrome/120.0.0.0 Safari/537.36"
20.214.164.104 - - [20/May/2026:01:48:14 +0000] "GET /w.php HTTP/1.1" 404 9320 "-" "Mozilla/5.0 (Windows NT 10.0; Win64; x64) AppleWebKit/537.36 (KHTML, like Gecko) Chrome/120.0.0.0 Safari/537.36"
20.214.164.104 - - [20/May/2026:01:48:15 +0000] "GET /x.php HTTP/1.1" 404 9320 "-" "Mozilla/5.0 (Windows NT 10.0; Win64; x64) AppleWebKit/537.36 (KHTML, like Gecko) Chrome/120.0.0.0 Safari/537.36"
20.214.164.104 - - [20/May/2026:01:48:15 +0000] "GET /xx.php HTTP/1.1" 404 9321 "-" "Mozilla/5.0 (Windows NT 10.0; Win64; x64) AppleWebKit/537.36 (KHTML, like Gecko) Chrome/120.0.0.0 Safari/537.36"
20.214.164.104 - - [20/May/2026:01:48:16 +0000] "GET /xmlrpc.php HTTP/1.1" 404 9321 "-" "Mozilla/5.0 (Windows NT 10.0; Win64; x64) AppleWebKit/537.36 (KHTML, like Gecko) Chrome/120.0.0.0 Safari/537.36"
20.214.164.104 - - [20/May/2026:01:48:17 +0000] "GET /y.php HTTP/1.1" 404 9320 "-" "Mozilla/5.0 (Windows NT 10.0; Win64; x64) AppleWebKit/537.36 (KHTML, like Gecko) Chrome/120.0.0.0 Safari/537.36"
184.94.212.206 - - [20/May/2026:01:51:38 +0000] "POST /wp-cron.php?doing_wp_cron=1779241898.4222071170806884765625 HTTP/1.1" 200 - "-" "WordPress/6.9.4; https://tophobbydrone.com"
184.94.212.206 - - [20/May/2026:01:51:38 +0000] "GET /wp-json/jetpack/v4/sync/spawn-sync?time=1779241898&request_lock_id=e0a0a972-3c79-4789-9cae-2c65844080f8 HTTP/1.1" 200 37 "-" "WordPress/6.9.4; https://tophobbydrone.com"
45.230.58.207 - - [20/May/2026:01:51:36 +0000] "GET /when-you-want-to-learn-about-hobbies-read-this/?noamp=mobile HTTP/1.1" 200 16089 "-" "Mozilla/5.0 (Macintosh; Intel Mac OS X 10_15_4) AppleWebKit/537.36 (KHTML, like Gecko) Brave Chrome/84.0.4147.89 Safari/537.36"
114.119.145.7 - - [20/May/2026:01:52:10 +0000] "GET /finding-a-build-your-own-drone-kit/?amp HTTP/1.1" 200 13058 "https://tophobbydrone.com/finding-a-build-your-own-drone-kit/?amp" "Mozilla/5.0 (Linux; Android 7.0;) AppleWebKit/537.36 (HTML, like Gecko) Mobile Safari/537.36 (compatible; PetalBot;+https://webmaster.petalsearch.com/site/petalbot)"
184.94.212.206 - - [20/May/2026:01:52:55 +0000] "GET /wp-json/jetpack/v4/sync/spawn-sync?time=1779241975&request_lock_id=c5cc0d91-4a72-4c06-9d6a-56649aa7f9eb HTTP/1.1" 200 37 "-" "WordPress/6.9.4; https://tophobbydrone.com"
192.0.84.117 - - [20/May/2026:01:52:53 +0000] "HEAD / HTTP/1.1" 200 - "-" "jetmon/1.0 (Jetpack Site Uptime Monitor by WordPress.com)"
47.128.58.231 - - [20/May/2026:01:53:50 +0000] "GET /robots.txt HTTP/1.1" 200 144 "-" "Mozilla/5.0 (Linux; Android 5.0) AppleWebKit/537.36 (KHTML, like Gecko) Mobile Safari/537.36 (compatible; Bytespider; spider-feedback@bytedance.com)"
184.94.212.206 - - [20/May/2026:01:53:51 +0000] "GET /wp-json/jetpack/v4/sync/spawn-sync?time=1779242031&request_lock_id=d8109221-b51c-434e-93cc-9061de19a3f0 HTTP/1.1" 200 37 "-" "WordPress/6.9.4; https://tophobbydrone.com"
184.94.212.206 - - [20/May/2026:01:57:53 +0000] "POST /wp-cron.php?doing_wp_cron=1779242273.1466419696807861328125 HTTP/1.1" 200 - "-" "WordPress/6.9.4; https://tophobbydrone.com"
184.94.212.206 - - [20/May/2026:01:57:53 +0000] "GET /wp-json/jetpack/v4/sync/spawn-sync?time=1779242273&request_lock_id=4d28167b-9f1c-4f9e-8108-662a9476b400 HTTP/1.1" 200 37 "-" "WordPress/6.9.4; https://tophobbydrone.com"
192.0.84.117 - - [20/May/2026:01:57:51 +0000] "HEAD / HTTP/1.1" 200 - "-" "jetmon/1.0 (Jetpack Site Uptime Monitor by WordPress.com)"
184.94.212.206 - - [20/May/2026:02:02:56 +0000] "POST /wp-cron.php?doing_wp_cron=1779242576.5138239860534667968750 HTTP/1.1" 200 - "-" "WordPress/6.9.4; https://tophobbydrone.com"
184.94.212.206 - - [20/May/2026:02:02:56 +0000] "GET /wp-json/jetpack/v4/sync/spawn-sync?time=1779242576&request_lock_id=a2027d7f-b882-48e4-a882-321a7496bdea HTTP/1.1" 200 37 "-" "WordPress/6.9.4; https://tophobbydrone.com"
192.0.84.117 - - [20/May/2026:02:02:55 +0000] "HEAD / HTTP/1.1" 200 - "-" "jetmon/1.0 (Jetpack Site Uptime Monitor by WordPress.com)"
184.94.212.206 - - [20/May/2026:02:07:54 +0000] "POST /wp-cron.php?doing_wp_cron=1779242874.3289930820465087890625 HTTP/1.1" 200 - "-" "WordPress/6.9.4; https://tophobbydrone.com"
184.94.212.206 - - [20/May/2026:02:07:54 +0000] "GET /wp-json/jetpack/v4/sync/spawn-sync?time=1779242874&request_lock_id=445b5cfc-a0c5-4221-bd83-fce8aa750d7a HTTP/1.1" 200 37 "-" "WordPress/6.9.4; https://tophobbydrone.com"
192.0.84.117 - - [20/May/2026:02:07:53 +0000] "HEAD / HTTP/1.1" 200 - "-" "jetmon/1.0 (Jetpack Site Uptime Monitor by WordPress.com)"
184.94.212.206 - - [20/May/2026:02:12:53 +0000] "GET /wp-json/jetpack/v4/sync/spawn-sync?time=1779243173&request_lock_id=8c2a8bfc-5a88-41f7-b910-f23fee2592d5 HTTP/1.1" 200 37 "-" "WordPress/6.9.4; https://tophobbydrone.com"
192.0.84.117 - - [20/May/2026:02:12:52 +0000] "HEAD / HTTP/1.1" 200 - "-" "jetmon/1.0 (Jetpack Site Uptime Monitor by WordPress.com)"
184.94.212.206 - - [20/May/2026:02:15:13 +0000] "GET /wp-json/jetpack/v4/sync/spawn-sync?time=1779243313&request_lock_id=06ae5699-3f64-43ff-a35e-8e239c8f059f HTTP/1.1" 200 37 "-" "WordPress/6.9.4; https://tophobbydrone.com"
57.141.2.45 - - [20/May/2026:02:15:12 +0000] "GET /the_information_about_hobbies_in_this_article_is_priceless-jpg/ HTTP/1.1" 301 - "-" "meta-externalagent/1.1 (+https://developers.facebook.com/docs/sharing/webmasters/crawler)"
184.94.212.206 - - [20/May/2026:02:17:53 +0000] "POST /wp-cron.php?doing_wp_cron=1779243473.1467199325561523437500 HTTP/1.1" 200 - "-" "WordPress/6.9.4; https://tophobbydrone.com"
184.94.212.206 - - [20/May/2026:02:17:53 +0000] "GET /wp-json/jetpack/v4/sync/spawn-sync?time=1779243473&request_lock_id=e3cc85e3-01c5-4c42-84ec-0e51863c71ed HTTP/1.1" 200 37 "-" "WordPress/6.9.4; https://tophobbydrone.com"
192.0.84.117 - - [20/May/2026:02:17:51 +0000] "HEAD / HTTP/1.1" 200 - "-" "jetmon/1.0 (Jetpack Site Uptime Monitor by WordPress.com)"
184.94.212.206 - - [20/May/2026:02:22:52 +0000] "POST /wp-cron.php?doing_wp_cron=1779243772.2804870605468750000000 HTTP/1.1" 200 - "-" "WordPress/6.9.4; https://tophobbydrone.com"
184.94.212.206 - - [20/May/2026:02:22:52 +0000] "GET /wp-json/jetpack/v4/sync/spawn-sync?time=1779243772&request_lock_id=71576fea-bce6-480f-a1ba-c75c55faf22a HTTP/1.1" 200 37 "-" "WordPress/6.9.4; https://tophobbydrone.com"
192.0.84.117 - - [20/May/2026:02:22:50 +0000] "HEAD / HTTP/1.1" 200 - "-" "jetmon/1.0 (Jetpack Site Uptime Monitor by WordPress.com)"
114.119.140.13 - - [20/May/2026:02:24:59 +0000] "GET / HTTP/1.1" 200 11118 "https://tophobbydrone.com/" "Mozilla/5.0 (Linux; Android 7.0;) AppleWebKit/537.36 (HTML, like Gecko) Mobile Safari/537.36 (compatible; PetalBot;+https://webmaster.petalsearch.com/site/petalbot)"
184.94.212.206 - - [20/May/2026:02:25:01 +0000] "GET /wp-json/jetpack/v4/sync/spawn-sync?time=1779243901&request_lock_id=e6211f31-e2b5-4961-bb23-6d786f4e501d HTTP/1.1" 200 37 "-" "WordPress/6.9.4; https://tophobbydrone.com"
184.94.212.206 - - [20/May/2026:02:27:53 +0000] "GET /wp-json/jetpack/v4/sync/spawn-sync?time=1779244073&request_lock_id=6a03d2fa-fa9c-4ce6-98b7-f62c4a3a29c5 HTTP/1.1" 200 37 "-" "WordPress/6.9.4; https://tophobbydrone.com"
192.0.84.117 - - [20/May/2026:02:27:52 +0000] "HEAD / HTTP/1.1" 200 - "-" "jetmon/1.0 (Jetpack Site Uptime Monitor by WordPress.com)"
184.94.212.206 - - [20/May/2026:02:32:56 +0000] "POST /wp-cron.php?doing_wp_cron=1779244376.3098080158233642578125 HTTP/1.1" 200 - "-" "WordPress/6.9.4; https://tophobbydrone.com"
184.94.212.206 - - [20/May/2026:02:32:56 +0000] "GET /wp-json/jetpack/v4/sync/spawn-sync?time=1779244376 HTTP/1.1" 200 37 "-" "WordPress/6.9.4; https://tophobbydrone.com"
192.0.84.117 - - [20/May/2026:02:32:54 +0000] "HEAD / HTTP/1.1" 200 - "-" "jetmon/1.0 (Jetpack Site Uptime Monitor by WordPress.com)"
184.94.212.206 - - [20/May/2026:02:37:52 +0000] "POST /wp-cron.php?doing_wp_cron=1779244672.4014530181884765625000 HTTP/1.1" 200 - "-" "WordPress/6.9.4; https://tophobbydrone.com"
184.94.212.206 - - [20/May/2026:02:37:52 +0000] "GET /wp-json/jetpack/v4/sync/spawn-sync?time=1779244672&request_lock_id=6194b04e-cf0b-4387-bcb8-0a1c8418c4ec HTTP/1.1" 200 37 "-" "WordPress/6.9.4; https://tophobbydrone.com"
192.0.84.117 - - [20/May/2026:02:37:50 +0000] "HEAD / HTTP/1.1" 200 - "-" "jetmon/1.0 (Jetpack Site Uptime Monitor by WordPress.com)"
184.94.212.206 - - [20/May/2026:02:42:55 +0000] "POST /wp-cron.php?doing_wp_cron=1779244975.7252519130706787109375 HTTP/1.1" 200 - "-" "WordPress/6.9.4; https://tophobbydrone.com"
184.94.212.206 - - [20/May/2026:02:42:55 +0000] "GET /wp-json/jetpack/v4/sync/spawn-sync?time=1779244975&request_lock_id=f80f70fb-8c54-4115-8903-21c64ff75548 HTTP/1.1" 200 37 "-" "WordPress/6.9.4; https://tophobbydrone.com"
192.0.84.117 - - [20/May/2026:02:42:54 +0000] "HEAD / HTTP/1.1" 200 - "-" "jetmon/1.0 (Jetpack Site Uptime Monitor by WordPress.com)"
57.141.2.46 - - [20/May/2026:02:43:04 +0000] "GET /tips_and_tricks_about_hobbies_you_need-jpg-2/ HTTP/1.1" 301 - "-" "meta-externalagent/1.1 (+https://developers.facebook.com/docs/sharing/webmasters/crawler)"
184.94.212.206 - - [20/May/2026:02:45:11 +0000] "GET /wp-json/jetpack/v4/sync/spawn-sync?time=1779245111&request_lock_id=9438f5ca-12d1-4a93-8908-f71418fa59cc HTTP/1.1" 200 37 "-" "WordPress/6.9.4; https://tophobbydrone.com"
43.155.162.41 - - [20/May/2026:02:45:10 +0000] "GET / HTTP/1.1" 200 11118 "-" "Mozilla/5.0 (iPhone; CPU iPhone OS 13_2_3 like Mac OS X) AppleWebKit/605.1.15 (KHTML, like Gecko) Version/13.0.3 Mobile/15E148 Safari/604.1"
184.94.212.206 - - [20/May/2026:02:47:52 +0000] "POST /wp-cron.php?doing_wp_cron=1779245272.6890869140625000000000 HTTP/1.1" 200 - "-" "WordPress/6.9.4; https://tophobbydrone.com"
192.0.84.117 - - [20/May/2026:02:47:51 +0000] "HEAD / HTTP/1.1" 200 - "-" "jetmon/1.0 (Jetpack Site Uptime Monitor by WordPress.com)"
184.94.212.206 - - [20/May/2026:02:47:52 +0000] "GET /wp-json/jetpack/v4/sync/spawn-sync?time=1779245272&request_lock_id=b9fa0342-8d55-4985-9a1a-15d8614dbe0a HTTP/1.1" 200 37 "-" "WordPress/6.9.4; https://tophobbydrone.com"
184.94.212.206 - - [20/May/2026:02:52:51 +0000] "POST /wp-cron.php?doing_wp_cron=1779245571.5003900527954101562500 HTTP/1.1" 200 - "-" "WordPress/6.9.4; https://tophobbydrone.com"
192.0.84.117 - - [20/May/2026:02:52:50 +0000] "HEAD / HTTP/1.1" 200 - "-" "jetmon/1.0 (Jetpack Site Uptime Monitor by WordPress.com)"
184.94.212.206 - - [20/May/2026:02:52:51 +0000] "GET /wp-json/jetpack/v4/sync/spawn-sync?time=1779245571&request_lock_id=40051003-bdda-46e6-abbf-c592f2f3d026 HTTP/1.1" 200 37 "-" "WordPress/6.9.4; https://tophobbydrone.com"
57.141.2.49 - - [20/May/2026:02:52:55 +0000] "GET /look_at_this_before_taking_up_a_hobby-jpg/ HTTP/1.1" 301 - "-" "meta-externalagent/1.1 (+https://developers.facebook.com/docs/sharing/webmasters/crawler)"
104.194.9.138 - - [20/May/2026:02:54:46 +0000] "GET /x-cp-fCIeC92P.php HTTP/1.1" 200 4109 "-" "Mozilla/5.0 (X11; Linux x86_64) AppleWebKit/537.36 (KHTML, like Gecko) Chrome/143.0.0.0 Safari/537.36"
184.94.212.206 - - [20/May/2026:02:57:51 +0000] "POST /wp-cron.php?doing_wp_cron=1779245871.1808669567108154296875 HTTP/1.1" 200 - "-" "WordPress/6.9.4; https://tophobbydrone.com"
184.94.212.206 - - [20/May/2026:02:57:51 +0000] "GET /wp-json/jetpack/v4/sync/spawn-sync?time=1779245871&request_lock_id=6ba0a4b4-14ac-481c-9029-e30ee7c4d568 HTTP/1.1" 200 37 "-" "WordPress/6.9.4; https://tophobbydrone.com"
43.130.78.203 - - [20/May/2026:02:57:49 +0000] "GET /page/2/ HTTP/1.1" 200 11141 "-" "Mozilla/5.0 (iPhone; CPU iPhone OS 13_2_3 like Mac OS X) AppleWebKit/605.1.15 (KHTML, like Gecko) Version/13.0.3 Mobile/15E148 Safari/604.1"
192.0.84.117 - - [20/May/2026:02:57:52 +0000] "HEAD / HTTP/1.1" 200 - "-" "jetmon/1.0 (Jetpack Site Uptime Monitor by WordPress.com)"
184.94.212.206 - - [20/May/2026:03:02:57 +0000] "POST /wp-cron.php?doing_wp_cron=1779246177.3981740474700927734375 HTTP/1.1" 200 - "-" "WordPress/6.9.4; https://tophobbydrone.com"
184.94.212.206 - - [20/May/2026:03:02:57 +0000] "GET /wp-json/jetpack/v4/sync/spawn-sync?time=1779246177&request_lock_id=58c3c274-dca6-4825-ba95-2950bec7f05e HTTP/1.1" 200 37 "-" "WordPress/6.9.4; https://tophobbydrone.com"
192.0.84.117 - - [20/May/2026:03:02:56 +0000] "HEAD / HTTP/1.1" 200 - "-" "jetmon/1.0 (Jetpack Site Uptime Monitor by WordPress.com)"
184.94.212.206 - - [20/May/2026:03:06:48 +0000] "POST /wp-cron.php?doing_wp_cron=1779246408.9030261039733886718750 HTTP/1.1" 200 - "-" "WordPress/6.9.4; https://tophobbydrone.com"
184.94.212.206 - - [20/May/2026:03:06:48 +0000] "GET /wp-json/jetpack/v4/sync/spawn-sync?time=1779246408&request_lock_id=40d7230b-665c-40aa-98a9-146ffa40dc06 HTTP/1.1" 200 37 "-" "WordPress/6.9.4; https://tophobbydrone.com"
57.141.2.63 - - [20/May/2026:03:06:47 +0000] "GET /want_to_learn_about_hobbies_this_article_will_teach_you-jpg/ HTTP/1.1" 301 - "-" "meta-externalagent/1.1 (+https://developers.facebook.com/docs/sharing/webmasters/crawler)"
184.94.212.206 - - [20/May/2026:03:07:55 +0000] "GET /wp-json/jetpack/v4/sync/spawn-sync?time=1779246475&request_lock_id=fb50277b-3609-462c-bb07-f158e0251d75 HTTP/1.1" 200 37 "-" "WordPress/6.9.4; https://tophobbydrone.com"
192.0.84.117 - - [20/May/2026:03:07:54 +0000] "HEAD / HTTP/1.1" 200 - "-" "jetmon/1.0 (Jetpack Site Uptime Monitor by WordPress.com)"
195.178.110.242 - - [20/May/2026:03:09:05 +0000] "GET /wp-content/plugins/smtp-mailer/readme.txt HTTP/1.1" 404 39093 "https://www.tophobbydrone.primemusicproductions.com/wp-login.php" "Mozilla/5.0 (Macintosh; Intel Mac OS X 10_15_7) AppleWebKit/605.1.15 (KHTML, like Gecko) Version/17.5 Safari/605.1.15"
184.94.212.206 - - [20/May/2026:03:09:07 +0000] "GET /wp-json/jetpack/v4/sync/spawn-sync?time=1779246547&request_lock_id=23334e9c-489a-40f1-9afb-859926412a6d HTTP/1.1" 200 37 "-" "WordPress/6.9.4; https://tophobbydrone.com"
184.94.212.206 - - [20/May/2026:03:11:41 +0000] "POST /wp-cron.php?doing_wp_cron=1779246700.9823780059814453125000 HTTP/1.1" 200 - "-" "WordPress/6.9.4; https://tophobbydrone.com"
184.94.212.206 - - [20/May/2026:03:11:41 +0000] "GET /wp-json/jetpack/v4/sync/spawn-sync?time=1779246701&request_lock_id=07462b39-b8e6-4639-ad09-4a721559eb87 HTTP/1.1" 200 37 "-" "WordPress/6.9.4; https://tophobbydrone.com"
57.141.2.60 - - [20/May/2026:03:11:39 +0000] "GET /thinking_about_getting_into_a_hobby_read_this-jpg/ HTTP/1.1" 301 - "-" "meta-externalagent/1.1 (+https://developers.facebook.com/docs/sharing/webmasters/crawler)"
184.94.212.206 - - [20/May/2026:03:12:51 +0000] "GET /wp-json/jetpack/v4/sync/spawn-sync?time=1779246771&request_lock_id=f26970db-155d-41f0-8ea5-accf1ae52803 HTTP/1.1" 200 37 "-" "WordPress/6.9.4; https://tophobbydrone.com"
192.0.84.117 - - [20/May/2026:03:12:49 +0000] "HEAD / HTTP/1.1" 200 - "-" "jetmon/1.0 (Jetpack Site Uptime Monitor by WordPress.com)"
114.119.158.151 - - [20/May/2026:03:14:57 +0000] "GET /diy-drone-kit-options-can-save-you-money?share=x& HTTP/1.1" 302 - "https://tophobbydrone.com/author/h0tn1ch3s/page/2?amp" "Mozilla/5.0 (Linux; Android 7.0;) AppleWebKit/537.36 (HTML, like Gecko) Mobile Safari/537.36 (compatible; PetalBot;+https://webmaster.petalsearch.com/site/petalbot)"
184.94.212.206 - - [20/May/2026:03:14:58 +0000] "GET /wp-json/jetpack/v4/sync/spawn-sync?time=1779246898&request_lock_id=95daa780-b31a-4e3c-9ad7-a453d7c97851 HTTP/1.1" 200 37 "-" "WordPress/6.9.4; https://tophobbydrone.com"
184.94.212.206 - - [20/May/2026:03:15:22 +0000] "POST /wp-cron.php?doing_wp_cron=1779246922.1486380100250244140625 HTTP/1.1" 200 - "-" "WordPress/6.9.4; https://tophobbydrone.com"
103.168.67.107 - - [20/May/2026:03:15:20 +0000] "POST / HTTP/1.1" 200 11071 "-" "Mozilla/5.0 (Windows NT 10.0; Win64; x64) AppleWebKit/537.36"
103.168.67.107 - - [20/May/2026:03:15:22 +0000] "POST / HTTP/1.1" 200 11071 "-" "Mozilla/5.0 (Windows NT 10.0; Win64; x64) AppleWebKit/537.36"
192.0.84.117 - - [20/May/2026:03:17:56 +0000] "HEAD / HTTP/1.1" 200 - "-" "jetmon/1.0 (Jetpack Site Uptime Monitor by WordPress.com)"
184.94.212.206 - - [20/May/2026:03:17:56 +0000] "GET /wp-json/jetpack/v4/sync/spawn-sync?time=1779247076&request_lock_id=fbcca518-8e85-4550-9926-e6815900fb12 HTTP/1.1" 200 37 "-" "WordPress/6.9.4; https://tophobbydrone.com"
77.75.76.162 - - [20/May/2026:03:17:54 +0000] "GET /tag/hobby-tips/ HTTP/1.1" 200 9865 "-" "Mozilla/5.0 (compatible; SeznamBot/4.0; +https://o-seznam.cz/napoveda/vyhledavani/en/seznambot-crawler/)"
184.94.212.206 - - [20/May/2026:03:22:59 +0000] "POST /wp-cron.php?doing_wp_cron=1779247377.8968949317932128906250 HTTP/1.1" 200 - "-" "WordPress/6.9.4; https://tophobbydrone.com"
184.94.212.206 - - [20/May/2026:03:22:59 +0000] "GET /wp-json/jetpack/v4/sync/spawn-sync?time=1779247379&request_lock_id=72382def-79a8-4ed6-84ba-4d6cd090b3dd HTTP/1.1" 200 37 "-" "WordPress/6.9.4; https://tophobbydrone.com"
192.0.84.117 - - [20/May/2026:03:22:56 +0000] "HEAD / HTTP/1.1" 200 - "-" "jetmon/1.0 (Jetpack Site Uptime Monitor by WordPress.com)"
184.94.212.206 - - [20/May/2026:03:27:49 +0000] "POST /wp-cron.php?doing_wp_cron=1779247669.9757330417633056640625 HTTP/1.1" 200 - "-" "WordPress/6.9.4; https://tophobbydrone.com"
192.0.84.117 - - [20/May/2026:03:27:48 +0000] "HEAD / HTTP/1.1" 200 - "-" "jetmon/1.0 (Jetpack Site Uptime Monitor by WordPress.com)"
184.94.212.206 - - [20/May/2026:03:27:50 +0000] "GET /wp-json/jetpack/v4/sync/spawn-sync?time=1779247670&request_lock_id=e447d21e-3ea5-4dd9-954d-69cd17f453c1 HTTP/1.1" 200 37 "-" "WordPress/6.9.4; https://tophobbydrone.com"
184.94.212.206 - - [20/May/2026:03:31:44 +0000] "POST /wp-cron.php?doing_wp_cron=1779247904.0547239780426025390625 HTTP/1.1" 200 - "-" "WordPress/6.9.4; https://tophobbydrone.com"
157.180.59.87 - - [20/May/2026:03:31:42 +0000] "GET / HTTP/1.1" 200 11119 "-" "Mozilla/5.0 (compatible; WebTrackrCrawler/1.0; +https://affsignal.com/bot)"
184.94.212.206 - - [20/May/2026:03:31:44 +0000] "GET /wp-json/jetpack/v4/sync/spawn-sync?time=1779247904&request_lock_id=8a815935-eeb0-4848-90d0-3dbd75ca0c2f HTTP/1.1" 200 37 "-" "WordPress/6.9.4; https://tophobbydrone.com"
157.180.59.87 - - [20/May/2026:03:31:52 +0000] "GET / HTTP/1.1" 200 11119 "-" "Mozilla/5.0 (compatible; WebTrackrCrawler/1.0; +https://affsignal.com/bot)"
184.94.212.206 - - [20/May/2026:03:32:53 +0000] "GET /wp-json/jetpack/v4/sync/spawn-sync?time=1779247972&request_lock_id=221c15e2-695f-4e23-b1ad-b3d598d18589 HTTP/1.1" 200 37 "-" "WordPress/6.9.4; https://tophobbydrone.com"
192.0.84.117 - - [20/May/2026:03:32:51 +0000] "HEAD / HTTP/1.1" 200 - "-" "jetmon/1.0 (Jetpack Site Uptime Monitor by WordPress.com)"
184.94.212.206 - - [20/May/2026:03:37:12 +0000] "POST /wp-cron.php?doing_wp_cron=1779248232.0021529197692871093750 HTTP/1.1" 200 - "-" "WordPress/6.9.4; https://tophobbydrone.com"
184.94.212.206 - - [20/May/2026:03:37:12 +0000] "GET /wp-json/jetpack/v4/sync/spawn-sync?time=1779248232 HTTP/1.1" 200 37 "-" "WordPress/6.9.4; https://tophobbydrone.com"
43.165.67.31 - - [20/May/2026:03:37:10 +0000] "GET /hobbies-are-what-make-people-who-they-are-2/ HTTP/1.1" 200 14284 "-" "Mozilla/5.0 (iPhone; CPU iPhone OS 13_2_3 like Mac OS X) AppleWebKit/605.1.15 (KHTML, like Gecko) Version/13.0.3 Mobile/15E148 Safari/604.1"
192.0.84.117 - - [20/May/2026:03:37:52 +0000] "HEAD / HTTP/1.1" 200 - "-" "jetmon/1.0 (Jetpack Site Uptime Monitor by WordPress.com)"
184.94.212.206 - - [20/May/2026:03:38:34 +0000] "GET /wp-json/jetpack/v4/sync/spawn-sync?time=1779248314&request_lock_id=4dccff79-75d1-4de6-b64b-a142e94965d1 HTTP/1.1" 200 37 "-" "WordPress/6.9.4; https://tophobbydrone.com"
57.141.2.23 - - [20/May/2026:03:38:33 +0000] "GET /easy_steps_that_will_help_you_on_your_way_to_a_new_hobby-jpg/ HTTP/1.1" 301 - "-" "meta-externalagent/1.1 (+https://developers.facebook.com/docs/sharing/webmasters/crawler)"
114.119.155.153 - - [20/May/2026:03:39:36 +0000] "GET /diy-drone-kit-options-can-save-you-money/?share=twitter HTTP/1.1" 302 - "https://tophobbydrone.com/category/diy-kits/" "Mozilla/5.0 (Linux; Android 7.0;) AppleWebKit/537.36 (HTML, like Gecko) Mobile Safari/537.36 (compatible; PetalBot;+https://webmaster.petalsearch.com/site/petalbot)"
184.94.212.206 - - [20/May/2026:03:39:38 +0000] "GET /wp-json/jetpack/v4/sync/spawn-sync?time=1779248378&request_lock_id=aede9ebf-6eb6-4a8f-89f2-a9ead04e8d3e HTTP/1.1" 200 37 "-" "WordPress/6.9.4; https://tophobbydrone.com"
184.94.212.206 - - [20/May/2026:03:40:41 +0000] "POST /wp-cron.php?doing_wp_cron=1779248441.2868399620056152343750 HTTP/1.1" 200 - "-" "WordPress/6.9.4; https://tophobbydrone.com"
184.94.212.206 - - [20/May/2026:03:40:41 +0000] "GET /wp-json/jetpack/v4/sync/spawn-sync?time=1779248441&request_lock_id=06e887de-ed00-45c3-93a0-3e7a71e0832c HTTP/1.1" 200 37 "-" "WordPress/6.9.4; https://tophobbydrone.com"
216.73.216.103 - - [20/May/2026:03:40:39 +0000] "GET /robots.txt HTTP/1.1" 200 144 "-" "Mozilla/5.0 AppleWebKit/537.36 (KHTML, like Gecko; compatible; ClaudeBot/1.0; +claudebot@anthropic.com)"
216.73.216.103 - - [20/May/2026:03:40:42 +0000] "GET / HTTP/1.1" 200 11118 "-" "Mozilla/5.0 AppleWebKit/537.36 (KHTML, like Gecko; compatible; ClaudeBot/1.0; +claudebot@anthropic.com)"
192.0.84.117 - - [20/May/2026:03:42:49 +0000] "HEAD / HTTP/1.1" 200 - "-" "jetmon/1.0 (Jetpack Site Uptime Monitor by WordPress.com)"
184.94.212.206 - - [20/May/2026:03:42:51 +0000] "GET /wp-json/jetpack/v4/sync/spawn-sync?time=1779248571&request_lock_id=c68dfffc-b8d8-4c92-b959-5af5af0c23b6 HTTP/1.1" 200 37 "-" "WordPress/6.9.4; https://tophobbydrone.com"
184.94.212.206 - - [20/May/2026:03:46:59 +0000] "POST /wp-cron.php?doing_wp_cron=1779248819.2973740100860595703125 HTTP/1.1" 200 - "-" "WordPress/6.9.4; https://tophobbydrone.com"
43.131.243.61 - - [20/May/2026:03:46:57 +0000] "GET /fly-like-a-pro-the-top-10-most-popular-hobby-drones-of-the-year-revealed/ HTTP/1.1" 200 18437 "-" "Mozilla/5.0 (iPhone; CPU iPhone OS 13_2_3 like Mac OS X) AppleWebKit/605.1.15 (KHTML, like Gecko) Version/13.0.3 Mobile/15E148 Safari/604.1"
184.94.212.206 - - [20/May/2026:03:46:59 +0000] "GET /wp-json/jetpack/v4/sync/spawn-sync?time=1779248819&request_lock_id=b2f22097-0060-4b9c-8881-278d3d8bafce HTTP/1.1" 200 37 "-" "WordPress/6.9.4; https://tophobbydrone.com"
17.22.237.89 - - [20/May/2026:03:47:05 +0000] "GET /robots.txt HTTP/1.1" 200 144 "-" "Mozilla/5.0 (Macintosh; Intel Mac OS X 10_15_7) AppleWebKit/605.1.15 (KHTML, like Gecko) Version/17.4 Safari/605.1.15 (Applebot/0.1; +http://www.apple.com/go/applebot)"
17.22.237.89 - - [20/May/2026:03:47:06 +0000] "GET /fun_hobby_advice_for_young_and_old_alike-jpg-4/ HTTP/1.1" 301 - "-" "Mozilla/5.0 (Macintosh; Intel Mac OS X 10_15_7) AppleWebKit/605.1.15 (KHTML, like Gecko) Version/17.4 Safari/605.1.15 (Applebot/0.1; +http://www.apple.com/go/applebot)"
17.22.237.89 - - [20/May/2026:03:47:08 +0000] "GET /wp-content/uploads/2020/05/fun_hobby_advice_for_young_and_old_alike-1.jpg HTTP/1.1" 200 25191 "-" "Mozilla/5.0 (Macintosh; Intel Mac OS X 10_15_7) AppleWebKit/605.1.15 (KHTML, like Gecko) Version/17.4 Safari/605.1.15 (Applebot/0.1; +http://www.apple.com/go/applebot)"
192.0.84.117 - - [20/May/2026:03:47:52 +0000] "HEAD / HTTP/1.1" 200 - "-" "jetmon/1.0 (Jetpack Site Uptime Monitor by WordPress.com)"
184.94.212.206 - - [20/May/2026:03:52:56 +0000] "POST /wp-cron.php?doing_wp_cron=1779249176.1722669601440429687500 HTTP/1.1" 200 - "-" "WordPress/6.9.4; https://tophobbydrone.com"
192.0.84.117 - - [20/May/2026:03:52:54 +0000] "HEAD / HTTP/1.1" 200 - "-" "jetmon/1.0 (Jetpack Site Uptime Monitor by WordPress.com)"
184.94.212.206 - - [20/May/2026:03:52:56 +0000] "GET /wp-json/jetpack/v4/sync/spawn-sync?time=1779249176&request_lock_id=c2b2b50a-9e73-4d92-b182-6c47a5d53d4e HTTP/1.1" 200 37 "-" "WordPress/6.9.4; https://tophobbydrone.com"
184.94.212.206 - - [20/May/2026:03:57:07 +0000] "POST /wp-cron.php?doing_wp_cron=1779249427.6794309616088867187500 HTTP/1.1" 200 - "-" "WordPress/6.9.4; https://tophobbydrone.com"
43.159.143.190 - - [20/May/2026:03:57:06 +0000] "GET /capturing-amazing-aerial-photos-and-videos/ HTTP/1.1" 200 15145 "-" "Mozilla/5.0 (iPhone; CPU iPhone OS 13_2_3 like Mac OS X) AppleWebKit/605.1.15 (KHTML, like Gecko) Version/13.0.3 Mobile/15E148 Safari/604.1"
184.94.212.206 - - [20/May/2026:03:57:07 +0000] "GET /wp-json/jetpack/v4/sync/spawn-sync?time=1779249427&request_lock_id=fb213639-865b-4504-97b4-0ea539591c99 HTTP/1.1" 200 37 "-" "WordPress/6.9.4; https://tophobbydrone.com"
192.0.84.117 - - [20/May/2026:03:57:49 +0000] "HEAD / HTTP/1.1" 200 - "-" "jetmon/1.0 (Jetpack Site Uptime Monitor by WordPress.com)"
184.94.212.206 - - [20/May/2026:04:01:46 +0000] "POST /wp-cron.php?doing_wp_cron=1779249706.2001020908355712890625 HTTP/1.1" 200 - "-" "WordPress/6.9.4; https://tophobbydrone.com"
184.94.212.206 - - [20/May/2026:04:01:46 +0000] "GET /wp-json/jetpack/v4/sync/spawn-sync?time=1779249706&request_lock_id=5b4f2dcf-8b7a-4ba0-b3cc-5bf1e502dd8a HTTP/1.1" 200 37 "-" "WordPress/6.9.4; https://tophobbydrone.com"
57.141.2.62 - - [20/May/2026:04:01:44 +0000] "GET /planning_your_way_to_start_a_new_hobby-jpg/ HTTP/1.1" 301 - "-" "meta-externalagent/1.1 (+https://developers.facebook.com/docs/sharing/webmasters/crawler)"
184.94.212.206 - - [20/May/2026:04:02:51 +0000] "GET /wp-json/jetpack/v4/sync/spawn-sync?time=1779249771&request_lock_id=00d3f9ed-73c9-4074-a7f0-068878e71583 HTTP/1.1" 200 37 "-" "WordPress/6.9.4; https://tophobbydrone.com"
192.0.84.117 - - [20/May/2026:04:02:50 +0000] "HEAD / HTTP/1.1" 200 - "-" "jetmon/1.0 (Jetpack Site Uptime Monitor by WordPress.com)"
114.119.146.219 - - [20/May/2026:04:04:29 +0000] "GET /copyright-dcma-notice?share=facebook& HTTP/1.1" 302 - "https://tophobbydrone.com/copyright-dcma-notice?amp" "Mozilla/5.0 (Linux; Android 7.0;) AppleWebKit/537.36 (HTML, like Gecko) Mobile Safari/537.36 (compatible; PetalBot;+https://webmaster.petalsearch.com/site/petalbot)"
184.94.212.206 - - [20/May/2026:04:04:31 +0000] "GET /wp-json/jetpack/v4/sync/spawn-sync?time=1779249870&request_lock_id=eb22ba29-91da-40c6-92ea-de777a693737 HTTP/1.1" 200 37 "-" "WordPress/6.9.4; https://tophobbydrone.com"
184.94.212.206 - - [20/May/2026:04:07:51 +0000] "POST /wp-cron.php?doing_wp_cron=1779250071.0934579372406005859375 HTTP/1.1" 200 - "-" "WordPress/6.9.4; https://tophobbydrone.com"
192.0.84.117 - - [20/May/2026:04:07:49 +0000] "HEAD / HTTP/1.1" 200 - "-" "jetmon/1.0 (Jetpack Site Uptime Monitor by WordPress.com)"
184.94.212.206 - - [20/May/2026:04:07:51 +0000] "GET /wp-json/jetpack/v4/sync/spawn-sync?time=1779250071&request_lock_id=76696c67-87ee-41b2-92ec-386e4d80219c HTTP/1.1" 200 37 "-" "WordPress/6.9.4; https://tophobbydrone.com"
184.94.212.206 - - [20/May/2026:04:12:53 +0000] "POST /wp-cron.php?doing_wp_cron=1779250373.4054970741271972656250 HTTP/1.1" 200 - "-" "WordPress/6.9.4; https://tophobbydrone.com"
184.94.212.206 - - [20/May/2026:04:12:53 +0000] "GET /wp-json/jetpack/v4/sync/spawn-sync?time=1779250373&request_lock_id=76f5e21f-8717-4cdf-b667-a4fd7a57665e HTTP/1.1" 200 37 "-" "WordPress/6.9.4; https://tophobbydrone.com"
192.0.84.117 - - [20/May/2026:04:12:52 +0000] "HEAD / HTTP/1.1" 200 - "-" "jetmon/1.0 (Jetpack Site Uptime Monitor by WordPress.com)"
192.0.84.117 - - [20/May/2026:04:17:55 +0000] "HEAD / HTTP/1.1" 200 - "-" "jetmon/1.0 (Jetpack Site Uptime Monitor by WordPress.com)"
184.94.212.206 - - [20/May/2026:04:19:35 +0000] "GET /wp-json/jetpack/v4/sync/spawn-sync?time=1779250775&request_lock_id=62824398-fa06-4750-8e1c-44b6d44a07a3 HTTP/1.1" 200 37 "-" "WordPress/6.9.4; https://tophobbydrone.com"
216.73.216.103 - - [20/May/2026:04:19:34 +0000] "GET /feed/ HTTP/1.1" 200 22659 "-" "Mozilla/5.0 AppleWebKit/537.36 (KHTML, like Gecko; compatible; ClaudeBot/1.0; +claudebot@anthropic.com)"
216.73.216.103 - - [20/May/2026:04:19:38 +0000] "GET /privacy-policy/ HTTP/1.1" 200 13435 "-" "Mozilla/5.0 AppleWebKit/537.36 (KHTML, like Gecko; compatible; ClaudeBot/1.0; +claudebot@anthropic.com)"
216.73.216.103 - - [20/May/2026:04:19:38 +0000] "GET /hobbies-are-what-make-people-who-they-are-2/ HTTP/1.1" 200 14255 "-" "Mozilla/5.0 AppleWebKit/537.36 (KHTML, like Gecko; compatible; ClaudeBot/1.0; +claudebot@anthropic.com)"
184.94.212.206 - - [20/May/2026:04:19:39 +0000] "GET /wp-json/jetpack/v4/sync/spawn-sync?time=1779250779&request_lock_id=19516032-aea1-4dcf-b128-01fda632c479 HTTP/1.1" 200 37 "-" "WordPress/6.9.4; https://tophobbydrone.com"
216.73.216.103 - - [20/May/2026:04:19:40 +0000] "GET /about/ HTTP/1.1" 200 11661 "-" "Mozilla/5.0 AppleWebKit/537.36 (KHTML, like Gecko; compatible; ClaudeBot/1.0; +claudebot@anthropic.com)"
216.73.216.103 - - [20/May/2026:04:19:40 +0000] "GET /wp-login.php HTTP/1.1" 200 2259 "-" "Mozilla/5.0 AppleWebKit/537.36 (KHTML, like Gecko; compatible; ClaudeBot/1.0; +claudebot@anthropic.com)"
216.73.216.103 - - [20/May/2026:04:20:29 +0000] "GET /page/2/ HTTP/1.1" 200 11141 "-" "Mozilla/5.0 AppleWebKit/537.36 (KHTML, like Gecko; compatible; ClaudeBot/1.0; +claudebot@anthropic.com)"
184.94.212.206 - - [20/May/2026:04:22:09 +0000] "POST /wp-cron.php?doing_wp_cron=1779250929.2478189468383789062500 HTTP/1.1" 200 - "-" "WordPress/6.9.4; https://tophobbydrone.com"
216.73.216.103 - - [20/May/2026:04:22:07 +0000] "GET /fly-like-a-pro-the-top-10-most-popular-hobby-drones-of-the-year-revealed/ HTTP/1.1" 200 18410 "-" "Mozilla/5.0 AppleWebKit/537.36 (KHTML, like Gecko; compatible; ClaudeBot/1.0; +claudebot@anthropic.com)"
216.73.216.103 - - [20/May/2026:04:22:08 +0000] "GET /adsense-disclaimer/ HTTP/1.1" 200 11735 "-" "Mozilla/5.0 AppleWebKit/537.36 (KHTML, like Gecko; compatible; ClaudeBot/1.0; +claudebot@anthropic.com)"
184.94.212.206 - - [20/May/2026:04:22:09 +0000] "GET /wp-json/jetpack/v4/sync/spawn-sync?time=1779250929&request_lock_id=d795fc5d-6e62-42e8-a668-005a785788c8 HTTP/1.1" 200 37 "-" "WordPress/6.9.4; https://tophobbydrone.com"
216.73.216.103 - - [20/May/2026:04:22:29 +0000] "GET /author/thesilentwhisperer/ HTTP/1.1" 200 16771 "-" "Mozilla/5.0 AppleWebKit/537.36 (KHTML, like Gecko; compatible; ClaudeBot/1.0; +claudebot@anthropic.com)"
192.0.84.117 - - [20/May/2026:04:22:51 +0000] "HEAD / HTTP/1.1" 200 - "-" "jetmon/1.0 (Jetpack Site Uptime Monitor by WordPress.com)"
184.94.212.206 - - [20/May/2026:04:22:51 +0000] "GET /wp-json/jetpack/v4/sync/spawn-sync?time=1779250971&request_lock_id=c434fd26-d89f-45a7-83ea-70365cfe1d46 HTTP/1.1" 200 37 "-" "WordPress/6.9.4; https://tophobbydrone.com"
216.73.216.103 - - [20/May/2026:04:24:01 +0000] "GET /author/h0tn1ch3s/ HTTP/1.1" 200 25067 "-" "Mozilla/5.0 AppleWebKit/537.36 (KHTML, like Gecko; compatible; ClaudeBot/1.0; +claudebot@anthropic.com)"
216.73.216.103 - - [20/May/2026:04:24:00 +0000] "GET /anti-spam-policy/ HTTP/1.1" 200 11890 "-" "Mozilla/5.0 AppleWebKit/537.36 (KHTML, like Gecko; compatible; ClaudeBot/1.0; +claudebot@anthropic.com)"
184.94.212.206 - - [20/May/2026:04:24:02 +0000] "GET /wp-json/jetpack/v4/sync/spawn-sync?time=1779251042&request_lock_id=47efff6e-3adb-4886-b879-45776cb57bec HTTP/1.1" 200 37 "-" "WordPress/6.9.4; https://tophobbydrone.com"
184.94.212.206 - - [20/May/2026:04:26:25 +0000] "POST /wp-cron.php?doing_wp_cron=1779251185.1860349178314208984375 HTTP/1.1" 200 - "-" "WordPress/6.9.4; https://tophobbydrone.com"
124.156.206.78 - - [20/May/2026:04:26:23 +0000] "GET /category/drone-photography-and-videography/ HTTP/1.1" 200 13571 "-" "Mozilla/5.0 (iPhone; CPU iPhone OS 13_2_3 like Mac OS X) AppleWebKit/605.1.15 (KHTML, like Gecko) Version/13.0.3 Mobile/15E148 Safari/604.1"
103.168.67.107 - - [20/May/2026:04:27:40 +0000] "POST / HTTP/1.1" 200 11068 "-" "Mozilla/5.0 (Windows NT 10.0; Win64; x64) AppleWebKit/537.36"
103.168.67.107 - - [20/May/2026:04:27:48 +0000] "POST / HTTP/1.1" 200 11068 "-" "Mozilla/5.0 (Windows NT 10.0; Win64; x64) AppleWebKit/537.36"
192.0.84.117 - - [20/May/2026:04:27:50 +0000] "HEAD / HTTP/1.1" 200 - "-" "jetmon/1.0 (Jetpack Site Uptime Monitor by WordPress.com)"
77.75.77.54 - - [20/May/2026:04:28:15 +0000] "GET /tag/drone-reviews/ HTTP/1.1" 200 16487 "-" "Mozilla/5.0 (compatible; SeznamBot/4.0; +https://o-seznam.cz/napoveda/vyhledavani/en/seznambot-crawler/)"
114.119.146.109 - - [20/May/2026:04:29:29 +0000] "GET /copyright-dcma-notice?noamp=mobile HTTP/1.1" 301 - "https://tophobbydrone.com/copyright-dcma-notice?amp" "Mozilla/5.0 (Linux; Android 7.0;) AppleWebKit/537.36 (HTML, like Gecko) Mobile Safari/537.36 (compatible; PetalBot;+https://webmaster.petalsearch.com/site/petalbot)"
184.94.212.206 - - [20/May/2026:04:32:53 +0000] "POST /wp-cron.php?doing_wp_cron=1779251573.4757950305938720703125 HTTP/1.1" 200 - "-" "WordPress/6.9.4; https://tophobbydrone.com"
192.0.84.117 - - [20/May/2026:04:32:52 +0000] "HEAD / HTTP/1.1" 200 - "-" "jetmon/1.0 (Jetpack Site Uptime Monitor by WordPress.com)"
