43.133.139.6 - - [20/May/2026:04:37:20 +0000] "GET /terms-of-use/ HTTP/1.1" 200 12544 "-" "Mozilla/5.0 (iPhone; CPU iPhone OS 13_2_3 like Mac OS X) AppleWebKit/605.1.15 (KHTML, like Gecko) Version/13.0.3 Mobile/15E148 Safari/604.1"
192.0.84.117 - - [20/May/2026:04:37:48 +0000] "HEAD / HTTP/1.1" 200 - "-" "jetmon/1.0 (Jetpack Site Uptime Monitor by WordPress.com)"
184.94.212.206 - - [20/May/2026:04:42:52 +0000] "POST /wp-cron.php?doing_wp_cron=1779252172.6457850933074951171875 HTTP/1.1" 200 - "-" "WordPress/6.9.4; https://tophobbydrone.com"
192.0.84.117 - - [20/May/2026:04:42:51 +0000] "HEAD / HTTP/1.1" 200 - "-" "jetmon/1.0 (Jetpack Site Uptime Monitor by WordPress.com)"
184.94.212.206 - - [20/May/2026:04:47:01 +0000] "POST /wp-cron.php?doing_wp_cron=1779252421.6278619766235351562500 HTTP/1.1" 200 - "-" "WordPress/6.9.4; https://tophobbydrone.com"
150.109.230.210 - - [20/May/2026:04:47:00 +0000] "GET /fly-like-a-pro-the-top-10-most-popular-hobby-drones-of-the-year-revealed/ HTTP/1.1" 200 18411 "-" "Mozilla/5.0 (iPhone; CPU iPhone OS 13_2_3 like Mac OS X) AppleWebKit/605.1.15 (KHTML, like Gecko) Version/13.0.3 Mobile/15E148 Safari/604.1"
192.0.84.117 - - [20/May/2026:04:47:51 +0000] "HEAD / HTTP/1.1" 200 - "-" "jetmon/1.0 (Jetpack Site Uptime Monitor by WordPress.com)"
192.0.84.117 - - [20/May/2026:04:52:51 +0000] "HEAD / HTTP/1.1" 200 - "-" "jetmon/1.0 (Jetpack Site Uptime Monitor by WordPress.com)"
184.94.212.206 - - [20/May/2026:04:54:16 +0000] "POST /wp-cron.php?doing_wp_cron=1779252856.4163680076599121093750 HTTP/1.1" 200 - "-" "WordPress/6.9.4; https://tophobbydrone.com"
114.119.146.219 - - [20/May/2026:04:54:15 +0000] "GET /copyright-dcma-notice/?share=x& HTTP/1.1" 302 - "https://tophobbydrone.com/copyright-dcma-notice?amp" "Mozilla/5.0 (Linux; Android 7.0;) AppleWebKit/537.36 (HTML, like Gecko) Mobile Safari/537.36 (compatible; PetalBot;+https://webmaster.petalsearch.com/site/petalbot)"
184.94.212.206 - - [20/May/2026:04:57:32 +0000] "POST /wp-cron.php?doing_wp_cron=1779253052.6008920669555664062500 HTTP/1.1" 200 - "-" "WordPress/6.9.4; https://tophobbydrone.com"
43.166.242.189 - - [20/May/2026:04:57:30 +0000] "GET /capturing-amazing-aerial-photos-and-videos/ HTTP/1.1" 200 15116 "-" "Mozilla/5.0 (iPhone; CPU iPhone OS 13_2_3 like Mac OS X) AppleWebKit/605.1.15 (KHTML, like Gecko) Version/13.0.3 Mobile/15E148 Safari/604.1"
192.0.84.117 - - [20/May/2026:04:57:55 +0000] "HEAD / HTTP/1.1" 200 - "-" "jetmon/1.0 (Jetpack Site Uptime Monitor by WordPress.com)"
184.94.212.206 - - [20/May/2026:05:00:58 +0000] "POST /wp-cron.php?doing_wp_cron=1779253258.0284340381622314453125 HTTP/1.1" 200 - "-" "WordPress/6.9.4; https://tophobbydrone.com"
57.141.2.57 - - [20/May/2026:05:00:56 +0000] "GET /the_information_about_hobbies_in_this_article_is_priceless-jpg-2/ HTTP/1.1" 301 - "-" "meta-externalagent/1.1 (+https://developers.facebook.com/docs/sharing/webmasters/crawler)"
192.0.84.117 - - [20/May/2026:05:02:51 +0000] "HEAD / HTTP/1.1" 200 - "-" "jetmon/1.0 (Jetpack Site Uptime Monitor by WordPress.com)"
184.94.212.206 - - [20/May/2026:05:07:53 +0000] "POST /wp-cron.php?doing_wp_cron=1779253673.6501419544219970703125 HTTP/1.1" 200 - "-" "WordPress/6.9.4; https://tophobbydrone.com"
192.0.84.117 - - [20/May/2026:05:07:52 +0000] "HEAD / HTTP/1.1" 200 - "-" "jetmon/1.0 (Jetpack Site Uptime Monitor by WordPress.com)"
216.73.216.103 - - [20/May/2026:05:09:23 +0000] "GET /robots.txt HTTP/1.1" 200 144 "-" "Mozilla/5.0 AppleWebKit/537.36 (KHTML, like Gecko; compatible; ClaudeBot/1.0; +claudebot@anthropic.com)"
216.73.216.103 - - [20/May/2026:05:09:24 +0000] "GET /category/diy-kits/ HTTP/1.1" 200 13366 "-" "Mozilla/5.0 AppleWebKit/537.36 (KHTML, like Gecko; compatible; ClaudeBot/1.0; +claudebot@anthropic.com)"
216.73.216.103 - - [20/May/2026:05:09:25 +0000] "GET /wp-login.php?action=lostpassword HTTP/1.1" 200 1515 "-" "Mozilla/5.0 AppleWebKit/537.36 (KHTML, like Gecko; compatible; ClaudeBot/1.0; +claudebot@anthropic.com)"
216.73.216.103 - - [20/May/2026:05:09:25 +0000] "GET /page/3/ HTTP/1.1" 200 11135 "-" "Mozilla/5.0 AppleWebKit/537.36 (KHTML, like Gecko; compatible; ClaudeBot/1.0; +claudebot@anthropic.com)"
216.73.216.103 - - [20/May/2026:05:09:47 +0000] "GET /author/h0tn1ch3s/page/2/ HTTP/1.1" 200 21471 "-" "Mozilla/5.0 AppleWebKit/537.36 (KHTML, like Gecko; compatible; ClaudeBot/1.0; +claudebot@anthropic.com)"
216.73.216.103 - - [20/May/2026:05:09:47 +0000] "GET /author/h0tn1ch3s/feed/ HTTP/1.1" 200 19522 "-" "Mozilla/5.0 AppleWebKit/537.36 (KHTML, like Gecko; compatible; ClaudeBot/1.0; +claudebot@anthropic.com)"
216.73.216.103 - - [20/May/2026:05:09:48 +0000] "GET /category/best-hobby-drones/ HTTP/1.1" 200 27627 "-" "Mozilla/5.0 AppleWebKit/537.36 (KHTML, like Gecko; compatible; ClaudeBot/1.0; +claudebot@anthropic.com)"
184.94.212.206 - - [20/May/2026:05:10:19 +0000] "POST /wp-cron.php?doing_wp_cron=1779253819.1155180931091308593750 HTTP/1.1" 200 - "-" "WordPress/6.9.4; https://tophobbydrone.com"
216.73.216.103 - - [20/May/2026:05:10:18 +0000] "GET /category/drone-photography-and-videography/ HTTP/1.1" 200 13571 "-" "Mozilla/5.0 AppleWebKit/537.36 (KHTML, like Gecko; compatible; ClaudeBot/1.0; +claudebot@anthropic.com)"
216.73.216.103 - - [20/May/2026:05:10:18 +0000] "GET /author/h0tn1ch3s/page/3/ HTTP/1.1" 200 14159 "-" "Mozilla/5.0 AppleWebKit/537.36 (KHTML, like Gecko; compatible; ClaudeBot/1.0; +claudebot@anthropic.com)"
216.73.216.103 - - [20/May/2026:05:10:19 +0000] "GET /author/thesilentwhisperer/feed/ HTTP/1.1" 200 5405 "-" "Mozilla/5.0 AppleWebKit/537.36 (KHTML, like Gecko; compatible; ClaudeBot/1.0; +claudebot@anthropic.com)"
216.73.216.103 - - [20/May/2026:05:10:36 +0000] "GET /fly-like-a-pro-the-top-10-most-popular-hobby-drones-of-the-year-revealed/skydio-2/ HTTP/1.1" 301 - "-" "Mozilla/5.0 AppleWebKit/537.36 (KHTML, like Gecko; compatible; ClaudeBot/1.0; +claudebot@anthropic.com)"
216.73.216.103 - - [20/May/2026:05:10:37 +0000] "GET /wp-content/uploads/2023/02/Skydio-2-e1677096223255.jpg HTTP/1.1" 200 6352 "https://tophobbydrone.com/fly-like-a-pro-the-top-10-most-popular-hobby-drones-of-the-year-revealed/skydio-2/" "Mozilla/5.0 AppleWebKit/537.36 (KHTML, like Gecko; compatible; ClaudeBot/1.0; +claudebot@anthropic.com)"
216.73.216.103 - - [20/May/2026:05:10:37 +0000] "GET /fly-like-a-pro-the-top-10-most-popular-hobby-drones-of-the-year-revealed/feed/ HTTP/1.1" 200 486 "-" "Mozilla/5.0 AppleWebKit/537.36 (KHTML, like Gecko; compatible; ClaudeBot/1.0; +claudebot@anthropic.com)"
216.73.216.103 - - [20/May/2026:05:10:38 +0000] "GET /benefit-from-the-following-helpful-hobby-advice/ HTTP/1.1" 200 13619 "-" "Mozilla/5.0 AppleWebKit/537.36 (KHTML, like Gecko; compatible; ClaudeBot/1.0; +claudebot@anthropic.com)"
216.73.216.103 - - [20/May/2026:05:10:58 +0000] "GET /fly-like-a-pro-the-top-10-most-popular-hobby-drones-of-the-year-revealed/skydio-2-3/ HTTP/1.1" 301 - "-" "Mozilla/5.0 AppleWebKit/537.36 (KHTML, like Gecko; compatible; ClaudeBot/1.0; +claudebot@anthropic.com)"
216.73.216.103 - - [20/May/2026:05:10:58 +0000] "GET /wp-content/uploads/2023/02/Skydio-2-1-1-e1677096257304.jpg HTTP/1.1" 200 8689 "https://tophobbydrone.com/fly-like-a-pro-the-top-10-most-popular-hobby-drones-of-the-year-revealed/skydio-2-3/" "Mozilla/5.0 AppleWebKit/537.36 (KHTML, like Gecko; compatible; ClaudeBot/1.0; +claudebot@anthropic.com)"
216.73.216.103 - - [20/May/2026:05:10:58 +0000] "GET /fly-like-a-pro-the-top-10-most-popular-hobby-drones-of-the-year-revealed/dji-mini-2/ HTTP/1.1" 301 - "-" "Mozilla/5.0 AppleWebKit/537.36 (KHTML, like Gecko; compatible; ClaudeBot/1.0; +claudebot@anthropic.com)"
216.73.216.103 - - [20/May/2026:05:10:59 +0000] "GET /wp-content/uploads/2023/02/DJI-Mini-2-e1677041429148.jpg HTTP/1.1" 200 6417 "https://tophobbydrone.com/fly-like-a-pro-the-top-10-most-popular-hobby-drones-of-the-year-revealed/dji-mini-2/" "Mozilla/5.0 AppleWebKit/537.36 (KHTML, like Gecko; compatible; ClaudeBot/1.0; +claudebot@anthropic.com)"
216.73.216.103 - - [20/May/2026:05:10:59 +0000] "GET /fly-like-a-pro-the-top-10-most-popular-hobby-drones-of-the-year-revealed/skydio-2-2/ HTTP/1.1" 301 - "-" "Mozilla/5.0 AppleWebKit/537.36 (KHTML, like Gecko; compatible; ClaudeBot/1.0; +claudebot@anthropic.com)"
216.73.216.103 - - [20/May/2026:05:11:00 +0000] "GET /wp-content/uploads/2023/02/Skydio-2--e1677096249290.jpg HTTP/1.1" 200 11867 "https://tophobbydrone.com/fly-like-a-pro-the-top-10-most-popular-hobby-drones-of-the-year-revealed/skydio-2-2/" "Mozilla/5.0 AppleWebKit/537.36 (KHTML, like Gecko; compatible; ClaudeBot/1.0; +claudebot@anthropic.com)"
216.73.216.103 - - [20/May/2026:05:11:05 +0000] "GET /fly-like-a-pro-the-top-10-most-popular-hobby-drones-of-the-year-revealed/dji-phantom-4-pro-v2-0/ HTTP/1.1" 301 - "-" "Mozilla/5.0 AppleWebKit/537.36 (KHTML, like Gecko; compatible; ClaudeBot/1.0; +claudebot@anthropic.com)"
216.73.216.103 - - [20/May/2026:05:11:06 +0000] "GET /wp-content/uploads/2023/02/DJI-Phantom-4-Pro-V2.0--e1677092439958.jpg HTTP/1.1" 200 5430 "https://tophobbydrone.com/fly-like-a-pro-the-top-10-most-popular-hobby-drones-of-the-year-revealed/dji-phantom-4-pro-v2-0/" "Mozilla/5.0 AppleWebKit/537.36 (KHTML, like Gecko; compatible; ClaudeBot/1.0; +claudebot@anthropic.com)"
216.73.216.103 - - [20/May/2026:05:11:06 +0000] "GET /fly-like-a-pro-the-top-10-most-popular-hobby-drones-of-the-year-revealed/dji-mini-2-8/ HTTP/1.1" 301 - "-" "Mozilla/5.0 AppleWebKit/537.36 (KHTML, like Gecko; compatible; ClaudeBot/1.0; +claudebot@anthropic.com)"
216.73.216.103 - - [20/May/2026:05:11:07 +0000] "GET /wp-content/uploads/2023/02/DJI-Mini-2-3-e1677041282816.jpg HTTP/1.1" 200 13286 "https://tophobbydrone.com/fly-like-a-pro-the-top-10-most-popular-hobby-drones-of-the-year-revealed/dji-mini-2-8/" "Mozilla/5.0 AppleWebKit/537.36 (KHTML, like Gecko; compatible; ClaudeBot/1.0; +claudebot@anthropic.com)"
216.73.216.103 - - [20/May/2026:05:11:08 +0000] "GET /fly-like-a-pro-the-top-10-most-popular-hobby-drones-of-the-year-revealed/dji-mini-2-7/ HTTP/1.1" 301 - "-" "Mozilla/5.0 AppleWebKit/537.36 (KHTML, like Gecko; compatible; ClaudeBot/1.0; +claudebot@anthropic.com)"
216.73.216.103 - - [20/May/2026:05:11:09 +0000] "GET /wp-content/uploads/2023/02/DJI-Mini-2-2-e1677041312494.jpg HTTP/1.1" 200 6982 "https://tophobbydrone.com/fly-like-a-pro-the-top-10-most-popular-hobby-drones-of-the-year-revealed/dji-mini-2-7/" "Mozilla/5.0 AppleWebKit/537.36 (KHTML, like Gecko; compatible; ClaudeBot/1.0; +claudebot@anthropic.com)"
216.73.216.103 - - [20/May/2026:05:11:26 +0000] "GET /fly-like-a-pro-the-top-10-most-popular-hobby-drones-of-the-year-revealed/dji-phantom-4-pro-v2-0-4/ HTTP/1.1" 301 - "-" "Mozilla/5.0 AppleWebKit/537.36 (KHTML, like Gecko; compatible; ClaudeBot/1.0; +claudebot@anthropic.com)"
216.73.216.103 - - [20/May/2026:05:11:27 +0000] "GET /wp-content/uploads/2023/02/DJI-Phantom-4-Pro-V2.0-1-3-e1677092463806.jpg HTTP/1.1" 200 6782 "https://tophobbydrone.com/fly-like-a-pro-the-top-10-most-popular-hobby-drones-of-the-year-revealed/dji-phantom-4-pro-v2-0-4/" "Mozilla/5.0 AppleWebKit/537.36 (KHTML, like Gecko; compatible; ClaudeBot/1.0; +claudebot@anthropic.com)"
216.73.216.103 - - [20/May/2026:05:11:27 +0000] "GET /fly-like-a-pro-the-top-10-most-popular-hobby-drones-of-the-year-revealed/yuneec-typhoon-h-plus/ HTTP/1.1" 301 - "-" "Mozilla/5.0 AppleWebKit/537.36 (KHTML, like Gecko; compatible; ClaudeBot/1.0; +claudebot@anthropic.com)"
216.73.216.103 - - [20/May/2026:05:11:28 +0000] "GET /wp-content/uploads/2023/02/Yuneec-Typhoon-H-Plus-e1677095575294.jpg HTTP/1.1" 200 12125 "https://tophobbydrone.com/fly-like-a-pro-the-top-10-most-popular-hobby-drones-of-the-year-revealed/yuneec-typhoon-h-plus/" "Mozilla/5.0 AppleWebKit/537.36 (KHTML, like Gecko; compatible; ClaudeBot/1.0; +claudebot@anthropic.com)"
216.73.216.103 - - [20/May/2026:05:11:27 +0000] "GET /fly-like-a-pro-the-top-10-most-popular-hobby-drones-of-the-year-revealed/dji-phantom-4-pro-v2-0-2/ HTTP/1.1" 301 - "-" "Mozilla/5.0 AppleWebKit/537.36 (KHTML, like Gecko; compatible; ClaudeBot/1.0; +claudebot@anthropic.com)"
216.73.216.103 - - [20/May/2026:05:11:28 +0000] "GET /wp-content/uploads/2023/02/DJI-Phantom-4-Pro-V2.0-1-1-e1677092447870.jpg HTTP/1.1" 200 4615 "https://tophobbydrone.com/fly-like-a-pro-the-top-10-most-popular-hobby-drones-of-the-year-revealed/dji-phantom-4-pro-v2-0-2/" "Mozilla/5.0 AppleWebKit/537.36 (KHTML, like Gecko; compatible; ClaudeBot/1.0; +claudebot@anthropic.com)"
216.73.216.103 - - [20/May/2026:05:11:34 +0000] "GET /fly-like-a-pro-the-top-10-most-popular-hobby-drones-of-the-year-revealed/holy-stone-hs100d/ HTTP/1.1" 301 - "-" "Mozilla/5.0 AppleWebKit/537.36 (KHTML, like Gecko; compatible; ClaudeBot/1.0; +claudebot@anthropic.com)"
216.73.216.103 - - [20/May/2026:05:11:35 +0000] "GET /wp-content/uploads/2023/02/Holy-Stone-HS100D-e1677094465793.jpg HTTP/1.1" 200 23763 "https://tophobbydrone.com/fly-like-a-pro-the-top-10-most-popular-hobby-drones-of-the-year-revealed/holy-stone-hs100d/" "Mozilla/5.0 AppleWebKit/537.36 (KHTML, like Gecko; compatible; ClaudeBot/1.0; +claudebot@anthropic.com)"
216.73.216.103 - - [20/May/2026:05:11:35 +0000] "GET /fly-like-a-pro-the-top-10-most-popular-hobby-drones-of-the-year-revealed/yuneec-typhoon-h-plus-2/ HTTP/1.1" 301 - "-" "Mozilla/5.0 AppleWebKit/537.36 (KHTML, like Gecko; compatible; ClaudeBot/1.0; +claudebot@anthropic.com)"
216.73.216.103 - - [20/May/2026:05:11:36 +0000] "GET /wp-content/uploads/2023/02/Yuneec-Typhoon-H-Plus--e1677095589388.jpg HTTP/1.1" 200 8986 "https://tophobbydrone.com/fly-like-a-pro-the-top-10-most-popular-hobby-drones-of-the-year-revealed/yuneec-typhoon-h-plus-2/" "Mozilla/5.0 AppleWebKit/537.36 (KHTML, like Gecko; compatible; ClaudeBot/1.0; +claudebot@anthropic.com)"
216.73.216.103 - - [20/May/2026:05:12:00 +0000] "GET /fly-like-a-pro-the-top-10-most-popular-hobby-drones-of-the-year-revealed/yuneec-typhoon-h-plus-3/ HTTP/1.1" 301 - "-" "Mozilla/5.0 AppleWebKit/537.36 (KHTML, like Gecko; compatible; ClaudeBot/1.0; +claudebot@anthropic.com)"
216.73.216.103 - - [20/May/2026:05:12:01 +0000] "GET /wp-content/uploads/2023/02/Yuneec-Typhoon-H-Plus-1-1-e1677095608129.jpg HTTP/1.1" 200 8182 "https://tophobbydrone.com/fly-like-a-pro-the-top-10-most-popular-hobby-drones-of-the-year-revealed/yuneec-typhoon-h-plus-3/" "Mozilla/5.0 AppleWebKit/537.36 (KHTML, like Gecko; compatible; ClaudeBot/1.0; +claudebot@anthropic.com)"
216.73.216.103 - - [20/May/2026:05:12:01 +0000] "GET /fly-like-a-pro-the-top-10-most-popular-hobby-drones-of-the-year-revealed/holy-stone-hs100d-2/ HTTP/1.1" 301 - "-" "Mozilla/5.0 AppleWebKit/537.36 (KHTML, like Gecko; compatible; ClaudeBot/1.0; +claudebot@anthropic.com)"
216.73.216.103 - - [20/May/2026:05:12:02 +0000] "GET /wp-content/uploads/2023/02/Holy-Stone-HS100D--e1677094479872.jpg HTTP/1.1" 200 14562 "https://tophobbydrone.com/fly-like-a-pro-the-top-10-most-popular-hobby-drones-of-the-year-revealed/holy-stone-hs100d-2/" "Mozilla/5.0 AppleWebKit/537.36 (KHTML, like Gecko; compatible; ClaudeBot/1.0; +claudebot@anthropic.com)"
216.73.216.103 - - [20/May/2026:05:12:23 +0000] "GET /fly-like-a-pro-the-top-10-most-popular-hobby-drones-of-the-year-revealed/autel-robotics-evo-ii/ HTTP/1.1" 301 - "-" "Mozilla/5.0 AppleWebKit/537.36 (KHTML, like Gecko; compatible; ClaudeBot/1.0; +claudebot@anthropic.com)"
216.73.216.103 - - [20/May/2026:05:12:25 +0000] "GET /wp-content/uploads/2023/02/Autel-Robotics-EVO-II-e1677092971720.jpg HTTP/1.1" 200 8441 "https://tophobbydrone.com/fly-like-a-pro-the-top-10-most-popular-hobby-drones-of-the-year-revealed/autel-robotics-evo-ii/" "Mozilla/5.0 AppleWebKit/537.36 (KHTML, like Gecko; compatible; ClaudeBot/1.0; +claudebot@anthropic.com)"
216.73.216.103 - - [20/May/2026:05:12:25 +0000] "GET /fly-like-a-pro-the-top-10-most-popular-hobby-drones-of-the-year-revealed/holy-stone-hs100d-3/ HTTP/1.1" 301 - "-" "Mozilla/5.0 AppleWebKit/537.36 (KHTML, like Gecko; compatible; ClaudeBot/1.0; +claudebot@anthropic.com)"
216.73.216.103 - - [20/May/2026:05:12:26 +0000] "GET /wp-content/uploads/2023/02/Holy-Stone-HS100D-1-e1677094496963.jpg HTTP/1.1" 200 15100 "https://tophobbydrone.com/fly-like-a-pro-the-top-10-most-popular-hobby-drones-of-the-year-revealed/holy-stone-hs100d-3/" "Mozilla/5.0 AppleWebKit/537.36 (KHTML, like Gecko; compatible; ClaudeBot/1.0; +claudebot@anthropic.com)"
216.73.216.103 - - [20/May/2026:05:12:33 +0000] "GET /fly-like-a-pro-the-top-10-most-popular-hobby-drones-of-the-year-revealed/autel-robotics-evo-ii-6/ HTTP/1.1" 301 - "-" "Mozilla/5.0 AppleWebKit/537.36 (KHTML, like Gecko; compatible; ClaudeBot/1.0; +claudebot@anthropic.com)"
216.73.216.103 - - [20/May/2026:05:12:34 +0000] "GET /wp-content/uploads/2023/02/Autel-Robotics-EVO-II-1-e1677093049312.jpg HTTP/1.1" 200 13422 "https://tophobbydrone.com/fly-like-a-pro-the-top-10-most-popular-hobby-drones-of-the-year-revealed/autel-robotics-evo-ii-6/" "Mozilla/5.0 AppleWebKit/537.36 (KHTML, like Gecko; compatible; ClaudeBot/1.0; +claudebot@anthropic.com)"
216.73.216.103 - - [20/May/2026:05:12:34 +0000] "GET /fly-like-a-pro-the-top-10-most-popular-hobby-drones-of-the-year-revealed/autel-robotics-evo-ii-7/ HTTP/1.1" 301 - "-" "Mozilla/5.0 AppleWebKit/537.36 (KHTML, like Gecko; compatible; ClaudeBot/1.0; +claudebot@anthropic.com)"
216.73.216.103 - - [20/May/2026:05:12:35 +0000] "GET /wp-content/uploads/2023/02/Autel-Robotics-EVO-II-1-4-e1677093067433.jpg HTTP/1.1" 200 11426 "https://tophobbydrone.com/fly-like-a-pro-the-top-10-most-popular-hobby-drones-of-the-year-revealed/autel-robotics-evo-ii-7/" "Mozilla/5.0 AppleWebKit/537.36 (KHTML, like Gecko; compatible; ClaudeBot/1.0; +claudebot@anthropic.com)"
216.73.216.103 - - [20/May/2026:05:12:42 +0000] "GET /fly-like-a-pro-the-top-10-most-popular-hobby-drones-of-the-year-revealed/dji-mavic-air-2-3/ HTTP/1.1" 301 - "-" "Mozilla/5.0 AppleWebKit/537.36 (KHTML, like Gecko; compatible; ClaudeBot/1.0; +claudebot@anthropic.com)"
216.73.216.103 - - [20/May/2026:05:12:44 +0000] "GET /wp-content/uploads/2023/02/DJI-Mavic-Air-2-1-1-scaled-e1676997427737.jpg HTTP/1.1" 200 26078 "https://tophobbydrone.com/fly-like-a-pro-the-top-10-most-popular-hobby-drones-of-the-year-revealed/dji-mavic-air-2-3/" "Mozilla/5.0 AppleWebKit/537.36 (KHTML, like Gecko; compatible; ClaudeBot/1.0; +claudebot@anthropic.com)"
216.73.216.103 - - [20/May/2026:05:12:44 +0000] "GET /fly-like-a-pro-the-top-10-most-popular-hobby-drones-of-the-year-revealed/dji-mavic-air-2/ HTTP/1.1" 301 - "-" "Mozilla/5.0 AppleWebKit/537.36 (KHTML, like Gecko; compatible; ClaudeBot/1.0; +claudebot@anthropic.com)"
216.73.216.103 - - [20/May/2026:05:12:45 +0000] "GET /wp-content/uploads/2023/02/DJI-Mavic-Air-2-scaled-e1676997371570.jpg HTTP/1.1" 200 22293 "https://tophobbydrone.com/fly-like-a-pro-the-top-10-most-popular-hobby-drones-of-the-year-revealed/dji-mavic-air-2/" "Mozilla/5.0 AppleWebKit/537.36 (KHTML, like Gecko; compatible; ClaudeBot/1.0; +claudebot@anthropic.com)"
192.0.84.117 - - [20/May/2026:05:12:51 +0000] "HEAD / HTTP/1.1" 200 - "-" "jetmon/1.0 (Jetpack Site Uptime Monitor by WordPress.com)"
216.73.216.103 - - [20/May/2026:05:13:09 +0000] "GET /fly-like-a-pro-the-top-10-most-popular-hobby-drones-of-the-year-revealed/powervision-powereye-drone-3/ HTTP/1.1" 301 - "-" "Mozilla/5.0 AppleWebKit/537.36 (KHTML, like Gecko; compatible; ClaudeBot/1.0; +claudebot@anthropic.com)"
216.73.216.103 - - [20/May/2026:05:13:10 +0000] "GET /wp-content/uploads/2023/02/PowerVision-PowerEye-Drone-e1677096073165.jpg HTTP/1.1" 200 7845 "https://tophobbydrone.com/fly-like-a-pro-the-top-10-most-popular-hobby-drones-of-the-year-revealed/powervision-powereye-drone-3/" "Mozilla/5.0 AppleWebKit/537.36 (KHTML, like Gecko; compatible; ClaudeBot/1.0; +claudebot@anthropic.com)"
216.73.216.103 - - [20/May/2026:05:13:10 +0000] "GET /fly-like-a-pro-the-top-10-most-popular-hobby-drones-of-the-year-revealed/powervision-powereye-drone-2/ HTTP/1.1" 301 - "-" "Mozilla/5.0 AppleWebKit/537.36 (KHTML, like Gecko; compatible; ClaudeBot/1.0; +claudebot@anthropic.com)"
216.73.216.103 - - [20/May/2026:05:13:10 +0000] "GET /wp-content/uploads/2023/02/PowerVision-PowerEye-Drone-1-1-e1677096067417.jpg HTTP/1.1" 200 10397 "https://tophobbydrone.com/fly-like-a-pro-the-top-10-most-popular-hobby-drones-of-the-year-revealed/powervision-powereye-drone-2/" "Mozilla/5.0 AppleWebKit/537.36 (KHTML, like Gecko; compatible; ClaudeBot/1.0; +claudebot@anthropic.com)"
216.73.216.103 - - [20/May/2026:05:13:22 +0000] "GET /fly-like-a-pro-the-top-10-most-popular-hobby-drones-of-the-year-revealed/syma-x5uw-d-2/ HTTP/1.1" 301 - "-" "Mozilla/5.0 AppleWebKit/537.36 (KHTML, like Gecko; compatible; ClaudeBot/1.0; +claudebot@anthropic.com)"
216.73.216.103 - - [20/May/2026:05:13:23 +0000] "GET /wp-content/uploads/2023/02/Syma-X5UW-D--e1677093367489.jpg HTTP/1.1" 200 11321 "https://tophobbydrone.com/fly-like-a-pro-the-top-10-most-popular-hobby-drones-of-the-year-revealed/syma-x5uw-d-2/" "Mozilla/5.0 AppleWebKit/537.36 (KHTML, like Gecko; compatible; ClaudeBot/1.0; +claudebot@anthropic.com)"
216.73.216.103 - - [20/May/2026:05:13:22 +0000] "GET /fly-like-a-pro-the-top-10-most-popular-hobby-drones-of-the-year-revealed/syma-x5uw-d/ HTTP/1.1" 301 - "-" "Mozilla/5.0 AppleWebKit/537.36 (KHTML, like Gecko; compatible; ClaudeBot/1.0; +claudebot@anthropic.com)"
216.73.216.103 - - [20/May/2026:05:13:23 +0000] "GET /wp-content/uploads/2023/02/Syma-X5UW-D-e1677093350679.jpg HTTP/1.1" 200 7900 "https://tophobbydrone.com/fly-like-a-pro-the-top-10-most-popular-hobby-drones-of-the-year-revealed/syma-x5uw-d/" "Mozilla/5.0 AppleWebKit/537.36 (KHTML, like Gecko; compatible; ClaudeBot/1.0; +claudebot@anthropic.com)"
216.73.216.103 - - [20/May/2026:05:13:28 +0000] "GET /fly-like-a-pro-the-top-10-most-popular-hobby-drones-of-the-year-revealed/parrot-anafi-usa-3/ HTTP/1.1" 301 - "-" "Mozilla/5.0 AppleWebKit/537.36 (KHTML, like Gecko; compatible; ClaudeBot/1.0; +claudebot@anthropic.com)"
216.73.216.103 - - [20/May/2026:05:13:29 +0000] "GET /wp-content/uploads/2023/02/Parrot-Anafi-USA-1-1-e1677096531516.jpg HTTP/1.1" 200 9842 "https://tophobbydrone.com/fly-like-a-pro-the-top-10-most-popular-hobby-drones-of-the-year-revealed/parrot-anafi-usa-3/" "Mozilla/5.0 AppleWebKit/537.36 (KHTML, like Gecko; compatible; ClaudeBot/1.0; +claudebot@anthropic.com)"
216.73.216.103 - - [20/May/2026:05:13:29 +0000] "GET /fly-like-a-pro-the-top-10-most-popular-hobby-drones-of-the-year-revealed/parrot-anafi-usa-2/ HTTP/1.1" 301 - "-" "Mozilla/5.0 AppleWebKit/537.36 (KHTML, like Gecko; compatible; ClaudeBot/1.0; +claudebot@anthropic.com)"
216.73.216.103 - - [20/May/2026:05:13:30 +0000] "GET /wp-content/uploads/2023/02/Parrot-Anafi-USA--e1677096523408.jpg HTTP/1.1" 200 9506 "https://tophobbydrone.com/fly-like-a-pro-the-top-10-most-popular-hobby-drones-of-the-year-revealed/parrot-anafi-usa-2/" "Mozilla/5.0 AppleWebKit/537.36 (KHTML, like Gecko; compatible; ClaudeBot/1.0; +claudebot@anthropic.com)"
216.73.216.103 - - [20/May/2026:05:13:35 +0000] "GET /fly-like-a-pro-the-top-10-most-popular-hobby-drones-of-the-year-revealed/parrot-anafi-usa/ HTTP/1.1" 301 - "-" "Mozilla/5.0 AppleWebKit/537.36 (KHTML, like Gecko; compatible; ClaudeBot/1.0; +claudebot@anthropic.com)"
216.73.216.103 - - [20/May/2026:05:13:36 +0000] "GET /wp-content/uploads/2023/02/Parrot-Anafi-USA-e1677096513574.jpg HTTP/1.1" 200 11131 "https://tophobbydrone.com/fly-like-a-pro-the-top-10-most-popular-hobby-drones-of-the-year-revealed/parrot-anafi-usa/" "Mozilla/5.0 AppleWebKit/537.36 (KHTML, like Gecko; compatible; ClaudeBot/1.0; +claudebot@anthropic.com)"
216.73.216.103 - - [20/May/2026:05:13:35 +0000] "GET /fly-like-a-pro-the-top-10-most-popular-hobby-drones-of-the-year-revealed/syma-x5uw-d-4/ HTTP/1.1" 301 - "-" "Mozilla/5.0 AppleWebKit/537.36 (KHTML, like Gecko; compatible; ClaudeBot/1.0; +claudebot@anthropic.com)"
216.73.216.103 - - [20/May/2026:05:13:36 +0000] "GET /wp-content/uploads/2023/02/Syma-X5UW-D-1-e1677093391346.jpg HTTP/1.1" 200 8838 "https://tophobbydrone.com/fly-like-a-pro-the-top-10-most-popular-hobby-drones-of-the-year-revealed/syma-x5uw-d-4/" "Mozilla/5.0 AppleWebKit/537.36 (KHTML, like Gecko; compatible; ClaudeBot/1.0; +claudebot@anthropic.com)"
176.65.139.234 - - [20/May/2026:05:13:46 +0000] "GET /.env HTTP/1.1" 404 38754 "-" "Mozilla/5.0 (Windows NT 10.0; Win64; x64) AppleWebKit/537.36 (KHTML, like Gecko) Chrome/147.0.0.0 Safari/537.36"
176.65.139.234 - - [20/May/2026:05:13:53 +0000] "GET /.env HTTP/1.1" 404 38699 "-" "Mozilla/5.0 (Windows NT 10.0; Win64; x64) AppleWebKit/537.36 (KHTML, like Gecko) Chrome/147.0.0.0 Safari/537.36"
216.73.216.103 - - [20/May/2026:05:14:31 +0000] "GET /fly-like-a-pro-the-top-10-most-popular-hobby-drones-of-the-year-revealed/dji-mavic-air-2-4/ HTTP/1.1" 301 - "-" "Mozilla/5.0 AppleWebKit/537.36 (KHTML, like Gecko; compatible; ClaudeBot/1.0; +claudebot@anthropic.com)"
216.73.216.103 - - [20/May/2026:05:14:32 +0000] "GET /wp-content/uploads/2023/02/DJI-Mavic-Air-2-1-2-scaled-e1676997473670.jpg HTTP/1.1" 200 26590 "https://tophobbydrone.com/fly-like-a-pro-the-top-10-most-popular-hobby-drones-of-the-year-revealed/dji-mavic-air-2-4/" "Mozilla/5.0 AppleWebKit/537.36 (KHTML, like Gecko; compatible; ClaudeBot/1.0; +claudebot@anthropic.com)"
216.73.216.103 - - [20/May/2026:05:14:31 +0000] "GET /fly-like-a-pro-the-top-10-most-popular-hobby-drones-of-the-year-revealed/powervision-powereye-drone/ HTTP/1.1" 301 - "-" "Mozilla/5.0 AppleWebKit/537.36 (KHTML, like Gecko; compatible; ClaudeBot/1.0; +claudebot@anthropic.com)"
216.73.216.103 - - [20/May/2026:05:14:32 +0000] "GET /wp-content/uploads/2023/02/PowerVision-PowerEye-Drone--e1677096049869.jpg HTTP/1.1" 200 14860 "https://tophobbydrone.com/fly-like-a-pro-the-top-10-most-popular-hobby-drones-of-the-year-revealed/powervision-powereye-drone/" "Mozilla/5.0 AppleWebKit/537.36 (KHTML, like Gecko; compatible; ClaudeBot/1.0; +claudebot@anthropic.com)"
192.0.84.117 - - [20/May/2026:05:17:51 +0000] "HEAD / HTTP/1.1" 200 - "-" "jetmon/1.0 (Jetpack Site Uptime Monitor by WordPress.com)"
114.119.146.219 - - [20/May/2026:05:19:07 +0000] "GET /contact-us?share=facebook& HTTP/1.1" 302 - "https://tophobbydrone.com/contact-us?amp" "Mozilla/5.0 (Linux; Android 7.0;) AppleWebKit/537.36 (HTML, like Gecko) Mobile Safari/537.36 (compatible; PetalBot;+https://webmaster.petalsearch.com/site/petalbot)"
184.94.212.206 - - [20/May/2026:05:22:52 +0000] "POST /wp-cron.php?doing_wp_cron=1779254572.2511889934539794921875 HTTP/1.1" 200 - "-" "WordPress/6.9.4; https://tophobbydrone.com"
192.0.84.117 - - [20/May/2026:05:22:50 +0000] "HEAD / HTTP/1.1" 200 - "-" "jetmon/1.0 (Jetpack Site Uptime Monitor by WordPress.com)"
184.94.212.206 - - [20/May/2026:05:27:35 +0000] "POST /wp-cron.php?doing_wp_cron=1779254855.7275431156158447265625 HTTP/1.1" 200 - "-" "WordPress/6.9.4; https://tophobbydrone.com"
57.141.2.5 - - [20/May/2026:05:27:34 +0000] "GET /want_to_learn_a_new_hobby_read_this_first-jpg-2/ HTTP/1.1" 301 - "-" "meta-externalagent/1.1 (+https://developers.facebook.com/docs/sharing/webmasters/crawler)"
192.0.84.117 - - [20/May/2026:05:27:50 +0000] "HEAD / HTTP/1.1" 200 - "-" "jetmon/1.0 (Jetpack Site Uptime Monitor by WordPress.com)"
184.94.212.206 - - [20/May/2026:05:30:20 +0000] "POST /wp-cron.php?doing_wp_cron=1779255020.9099960327148437500000 HTTP/1.1" 200 - "-" "WordPress/6.9.4; https://tophobbydrone.com"
57.141.2.20 - - [20/May/2026:05:30:19 +0000] "GET /want_to_get_into_a_hobby_read_on-jpg/ HTTP/1.1" 301 - "-" "meta-externalagent/1.1 (+https://developers.facebook.com/docs/sharing/webmasters/crawler)"
192.0.84.117 - - [20/May/2026:05:32:52 +0000] "HEAD / HTTP/1.1" 200 - "-" "jetmon/1.0 (Jetpack Site Uptime Monitor by WordPress.com)"
184.94.212.206 - - [20/May/2026:05:36:18 +0000] "POST /wp-cron.php?doing_wp_cron=1779255378.0205938816070556640625 HTTP/1.1" 200 - "-" "WordPress/6.9.4; https://tophobbydrone.com"
172.232.7.86 - - [20/May/2026:05:36:16 +0000] "HEAD / HTTP/1.1" 200 - "-" "Mozilla/5.0 (compatible; SSL-Checker/1.0)"
77.75.76.170 - - [20/May/2026:05:37:22 +0000] "GET /tag/fun-hobby/ HTTP/1.1" 200 18434 "-" "Mozilla/5.0 (compatible; SeznamBot/4.0; +https://o-seznam.cz/napoveda/vyhledavani/en/seznambot-crawler/)"
192.0.84.117 - - [20/May/2026:05:37:50 +0000] "HEAD / HTTP/1.1" 200 - "-" "jetmon/1.0 (Jetpack Site Uptime Monitor by WordPress.com)"
184.94.212.206 - - [20/May/2026:05:42:52 +0000] "POST /wp-cron.php?doing_wp_cron=1779255772.0556559562683105468750 HTTP/1.1" 200 - "-" "WordPress/6.9.4; https://tophobbydrone.com"
192.0.84.117 - - [20/May/2026:05:42:50 +0000] "HEAD / HTTP/1.1" 200 - "-" "jetmon/1.0 (Jetpack Site Uptime Monitor by WordPress.com)"
114.119.155.153 - - [20/May/2026:05:44:00 +0000] "GET /category/diy-kits/ HTTP/1.1" 200 13366 "https://tophobbydrone.com/ftc-statement?noamp=mobile" "Mozilla/5.0 (Linux; Android 7.0;) AppleWebKit/537.36 (HTML, like Gecko) Mobile Safari/537.36 (compatible; PetalBot;+https://webmaster.petalsearch.com/site/petalbot)"
47.128.58.43 - - [20/May/2026:05:44:08 +0000] "GET /robots.txt HTTP/1.1" 200 144 "-" "Mozilla/5.0 (Linux; Android 5.0) AppleWebKit/537.36 (KHTML, like Gecko) Mobile Safari/537.36 (compatible; Bytespider; spider-feedback@bytedance.com)"
184.94.212.206 - - [20/May/2026:05:47:52 +0000] "POST /wp-cron.php?doing_wp_cron=1779256072.4096789360046386718750 HTTP/1.1" 200 - "-" "WordPress/6.9.4; https://tophobbydrone.com"
192.0.84.117 - - [20/May/2026:05:47:51 +0000] "HEAD / HTTP/1.1" 200 - "-" "jetmon/1.0 (Jetpack Site Uptime Monitor by WordPress.com)"
57.141.2.10 - - [20/May/2026:05:50:11 +0000] "GET /advice_about_hobbies_that_will_help_anyone-jpg/ HTTP/1.1" 301 - "-" "meta-externalagent/1.1 (+https://developers.facebook.com/docs/sharing/webmasters/crawler)"
184.94.212.206 - - [20/May/2026:05:52:01 +0000] "POST /wp-cron.php?doing_wp_cron=1779256321.4198150634765625000000 HTTP/1.1" 200 - "-" "WordPress/6.9.4; https://tophobbydrone.com"
57.141.2.8 - - [20/May/2026:05:51:59 +0000] "GET /what_goes_into_working_at_a_hobby-jpg/ HTTP/1.1" 301 - "-" "meta-externalagent/1.1 (+https://developers.facebook.com/docs/sharing/webmasters/crawler)"
192.0.84.117 - - [20/May/2026:05:52:50 +0000] "HEAD / HTTP/1.1" 200 - "-" "jetmon/1.0 (Jetpack Site Uptime Monitor by WordPress.com)"
77.75.76.170 - - [20/May/2026:05:54:19 +0000] "GET /tag/cost/ HTTP/1.1" 200 12349 "-" "Mozilla/5.0 (compatible; SeznamBot/4.0; +https://o-seznam.cz/napoveda/vyhledavani/en/seznambot-crawler/)"
216.73.216.103 - - [20/May/2026:05:54:34 +0000] "GET /category/best-hobby-drones/page/2/ HTTP/1.1" 200 21383 "-" "Mozilla/5.0 AppleWebKit/537.36 (KHTML, like Gecko; compatible; ClaudeBot/1.0; +claudebot@anthropic.com)"
216.73.216.103 - - [20/May/2026:05:55:04 +0000] "GET /diy-drone-kit-options-can-save-you-money/ HTTP/1.1" 200 12993 "-" "Mozilla/5.0 AppleWebKit/537.36 (KHTML, like Gecko; compatible; ClaudeBot/1.0; +claudebot@anthropic.com)"
184.94.212.206 - - [20/May/2026:05:56:05 +0000] "POST /wp-cron.php?doing_wp_cron=1779256565.9030420780181884765625 HTTP/1.1" 200 - "-" "WordPress/6.9.4; https://tophobbydrone.com"
216.73.216.103 - - [20/May/2026:05:56:04 +0000] "GET /category/drone-photography-and-videography/feed/ HTTP/1.1" 200 3048 "-" "Mozilla/5.0 AppleWebKit/537.36 (KHTML, like Gecko; compatible; ClaudeBot/1.0; +claudebot@anthropic.com)"
216.73.216.103 - - [20/May/2026:05:56:04 +0000] "GET /well-teach-you-all-kinds-of-things-about-hobbies-2/ HTTP/1.1" 200 13912 "-" "Mozilla/5.0 AppleWebKit/537.36 (KHTML, like Gecko; compatible; ClaudeBot/1.0; +claudebot@anthropic.com)"
216.73.216.103 - - [20/May/2026:05:56:55 +0000] "GET /how-much-does-a-drone-cost/ HTTP/1.1" 200 13187 "-" "Mozilla/5.0 AppleWebKit/537.36 (KHTML, like Gecko; compatible; ClaudeBot/1.0; +claudebot@anthropic.com)"
216.73.216.103 - - [20/May/2026:05:57:14 +0000] "GET /finding-the-easiest-drone-to-fly/ HTTP/1.1" 200 13217 "-" "Mozilla/5.0 AppleWebKit/537.36 (KHTML, like Gecko; compatible; ClaudeBot/1.0; +claudebot@anthropic.com)"
216.73.216.103 - - [20/May/2026:05:57:31 +0000] "GET /tips-for-making-the-most-of-your-hobby-time-3/ HTTP/1.1" 200 13687 "-" "Mozilla/5.0 AppleWebKit/537.36 (KHTML, like Gecko; compatible; ClaudeBot/1.0; +claudebot@anthropic.com)"
216.73.216.103 - - [20/May/2026:05:57:49 +0000] "GET /tips-for-choosing-hobby-drones/ HTTP/1.1" 200 13384 "-" "Mozilla/5.0 AppleWebKit/537.36 (KHTML, like Gecko; compatible; ClaudeBot/1.0; +claudebot@anthropic.com)"
192.0.84.117 - - [20/May/2026:05:57:56 +0000] "HEAD / HTTP/1.1" 200 - "-" "jetmon/1.0 (Jetpack Site Uptime Monitor by WordPress.com)"
184.94.212.206 - - [20/May/2026:05:58:36 +0000] "POST /wp-cron.php?doing_wp_cron=1779256716.9419000148773193359375 HTTP/1.1" 200 - "-" "WordPress/6.9.4; https://tophobbydrone.com"
216.73.216.103 - - [20/May/2026:05:58:36 +0000] "GET /category/diy-kits/feed/ HTTP/1.1" 200 3324 "-" "Mozilla/5.0 AppleWebKit/537.36 (KHTML, like Gecko; compatible; ClaudeBot/1.0; +claudebot@anthropic.com)"
216.73.216.103 - - [20/May/2026:05:58:35 +0000] "GET /category/best-hobby-drones/feed/ HTTP/1.1" 200 22141 "-" "Mozilla/5.0 AppleWebKit/537.36 (KHTML, like Gecko; compatible; ClaudeBot/1.0; +claudebot@anthropic.com)"
184.94.212.206 - - [20/May/2026:06:01:18 +0000] "POST /wp-cron.php?doing_wp_cron=1779256878.1933970451354980468750 HTTP/1.1" 200 - "-" "WordPress/6.9.4; https://tophobbydrone.com"
57.141.2.12 - - [20/May/2026:06:01:16 +0000] "GET /why_you_should_begin_enjoying_a_hobby-jpg/ HTTP/1.1" 301 - "-" "meta-externalagent/1.1 (+https://developers.facebook.com/docs/sharing/webmasters/crawler)"
192.0.84.117 - - [20/May/2026:06:02:49 +0000] "HEAD / HTTP/1.1" 200 - "-" "jetmon/1.0 (Jetpack Site Uptime Monitor by WordPress.com)"
184.94.212.206 - - [20/May/2026:06:07:53 +0000] "POST /wp-cron.php?doing_wp_cron=1779257273.1373159885406494140625 HTTP/1.1" 200 - "-" "WordPress/6.9.4; https://tophobbydrone.com"
192.0.84.117 - - [20/May/2026:06:07:52 +0000] "HEAD / HTTP/1.1" 200 - "-" "jetmon/1.0 (Jetpack Site Uptime Monitor by WordPress.com)"
114.119.140.50 - - [20/May/2026:06:08:54 +0000] "GET /category/best-hobby-drones?noamp=mobile HTTP/1.1" 301 - "https://tophobbydrone.com/category/best-hobby-drones/page/2?noamp=mobile" "Mozilla/5.0 (Linux; Android 7.0;) AppleWebKit/537.36 (HTML, like Gecko) Mobile Safari/537.36 (compatible; PetalBot;+https://webmaster.petalsearch.com/site/petalbot)"
114.119.140.50 - - [20/May/2026:06:09:15 +0000] "GET /category/best-hobby-drones/?noamp=mobile HTTP/1.1" 200 27640 "https://tophobbydrone.com/category/best-hobby-drones/page/2?noamp=mobile" "Mozilla/5.0 (Linux; Android 7.0;) AppleWebKit/537.36 (HTML, like Gecko) Mobile Safari/537.36 (compatible; PetalBot;+https://webmaster.petalsearch.com/site/petalbot)"
192.0.84.117 - - [20/May/2026:06:12:51 +0000] "HEAD / HTTP/1.1" 200 - "-" "jetmon/1.0 (Jetpack Site Uptime Monitor by WordPress.com)"
184.94.212.206 - - [20/May/2026:06:17:51 +0000] "POST /wp-cron.php?doing_wp_cron=1779257871.4189569950103759765625 HTTP/1.1" 200 - "-" "WordPress/6.9.4; https://tophobbydrone.com"
192.0.84.117 - - [20/May/2026:06:17:49 +0000] "HEAD / HTTP/1.1" 200 - "-" "jetmon/1.0 (Jetpack Site Uptime Monitor by WordPress.com)"
222.252.21.237 - - [20/May/2026:06:19:11 +0000] "GET /adsense-disclaimer/?share=facebook HTTP/1.1" 302 - "-" "Mozilla/5.0 (Macintosh; Intel Mac OS X 10_12_6) AppleWebKit/537.36 (KHTML, like Gecko) Chrome/61.0.3163.79 Safari/537.36"
192.0.84.117 - - [20/May/2026:06:23:03 +0000] "HEAD / HTTP/1.1" 200 - "-" "jetmon/1.0 (Jetpack Site Uptime Monitor by WordPress.com)"
123.26.0.238 - - [20/May/2026:06:23:21 +0000] "GET /tips-for-making-the-most-of-your-hobby-time-3/ HTTP/1.1" 200 13657 "-" "Mozilla/5.0 (Windows NT 10.0; Win64; x64) AppleWebKit/537.36 (KHTML, like Gecko) Chrome/80.0.3987.122 Safari/537.36"
184.94.212.206 - - [20/May/2026:06:27:54 +0000] "POST /wp-cron.php?doing_wp_cron=1779258474.3797659873962402343750 HTTP/1.1" 200 - "-" "WordPress/6.9.4; https://tophobbydrone.com"
192.0.84.117 - - [20/May/2026:06:27:52 +0000] "HEAD / HTTP/1.1" 200 - "-" "jetmon/1.0 (Jetpack Site Uptime Monitor by WordPress.com)"
184.94.212.206 - - [20/May/2026:06:32:11 +0000] "POST /wp-cron.php?doing_wp_cron=1779258731.4775888919830322265625 HTTP/1.1" 200 - "-" "WordPress/6.9.4; https://tophobbydrone.com"
57.141.2.23 - - [20/May/2026:06:32:10 +0000] "GET /headerlogo1/ HTTP/1.1" 301 - "-" "meta-externalagent/1.1 (+https://developers.facebook.com/docs/sharing/webmasters/crawler)"
192.0.84.117 - - [20/May/2026:06:32:52 +0000] "HEAD / HTTP/1.1" 200 - "-" "jetmon/1.0 (Jetpack Site Uptime Monitor by WordPress.com)"
114.119.140.50 - - [20/May/2026:06:34:12 +0000] "GET /category/best-hobby-drones/page/2?amp HTTP/1.1" 301 - "https://tophobbydrone.com/category/best-hobby-drones/page/2?noamp=mobile" "Mozilla/5.0 (Linux; Android 7.0;) AppleWebKit/537.36 (HTML, like Gecko) Mobile Safari/537.36 (compatible; PetalBot;+https://webmaster.petalsearch.com/site/petalbot)"
114.119.140.50 - - [20/May/2026:06:34:21 +0000] "GET /category/best-hobby-drones/page/2/?amp HTTP/1.1" 200 21391 "https://tophobbydrone.com/category/best-hobby-drones/page/2?noamp=mobile" "Mozilla/5.0 (Linux; Android 7.0;) AppleWebKit/537.36 (HTML, like Gecko) Mobile Safari/537.36 (compatible; PetalBot;+https://webmaster.petalsearch.com/site/petalbot)"
184.94.212.206 - - [20/May/2026:06:37:55 +0000] "POST /wp-cron.php?doing_wp_cron=1779259075.0920701026916503906250 HTTP/1.1" 200 - "-" "WordPress/6.9.4; https://tophobbydrone.com"
192.0.84.117 - - [20/May/2026:06:37:53 +0000] "HEAD / HTTP/1.1" 200 - "-" "jetmon/1.0 (Jetpack Site Uptime Monitor by WordPress.com)"
184.94.212.206 - - [20/May/2026:06:42:52 +0000] "POST /wp-cron.php?doing_wp_cron=1779259372.6122100353240966796875 HTTP/1.1" 200 - "-" "WordPress/6.9.4; https://tophobbydrone.com"
192.0.84.117 - - [20/May/2026:06:42:51 +0000] "HEAD / HTTP/1.1" 200 - "-" "jetmon/1.0 (Jetpack Site Uptime Monitor by WordPress.com)"
192.0.112.18 - - [20/May/2026:06:45:14 +0000] "GET /wp-content/uploads/2023/02/Syma-X5UW-D--e1677093367489.jpg HTTP/1.1" 200 11321 "-" "Photon/1.0"
184.94.212.206 - - [20/May/2026:06:47:55 +0000] "POST /wp-cron.php?doing_wp_cron=1779259675.1677761077880859375000 HTTP/1.1" 200 - "-" "WordPress/6.9.4; https://tophobbydrone.com"
192.0.84.117 - - [20/May/2026:06:47:53 +0000] "HEAD / HTTP/1.1" 200 - "-" "jetmon/1.0 (Jetpack Site Uptime Monitor by WordPress.com)"
184.94.212.206 - - [20/May/2026:06:50:24 +0000] "POST /wp-cron.php?doing_wp_cron=1779259824.1050560474395751953125 HTTP/1.1" 200 - "-" "WordPress/6.9.4; https://tophobbydrone.com"
85.208.96.207 - - [20/May/2026:06:50:22 +0000] "GET /robots.txt HTTP/1.1" 200 144 "-" "Mozilla/5.0 (compatible; SemrushBot/7~bl; +http://www.semrush.com/bot.html)"
85.208.96.205 - - [20/May/2026:06:50:24 +0000] "GET /tag/household-items/ HTTP/1.1" 200 9869 "-" "Mozilla/5.0 (compatible; SemrushBot/7~bl; +http://www.semrush.com/bot.html)"
184.94.212.206 - - [20/May/2026:06:52:52 +0000] "POST /wp-cron.php?doing_wp_cron=1779259972.4661550521850585937500 HTTP/1.1" 200 - "-" "WordPress/6.9.4; https://tophobbydrone.com"
192.0.84.117 - - [20/May/2026:06:52:51 +0000] "HEAD / HTTP/1.1" 200 - "-" "jetmon/1.0 (Jetpack Site Uptime Monitor by WordPress.com)"
195.234.109.160 - - [20/May/2026:06:57:08 +0000] "GET /wp-content/uploads/2020/02/Fav.png HTTP/1.1" 200 2212 "-" "Photon/1.0"
184.94.212.206 - - [20/May/2026:06:57:54 +0000] "POST /wp-cron.php?doing_wp_cron=1779260274.8135120868682861328125 HTTP/1.1" 200 - "-" "WordPress/6.9.4; https://tophobbydrone.com"
192.0.84.117 - - [20/May/2026:06:57:53 +0000] "HEAD / HTTP/1.1" 200 - "-" "jetmon/1.0 (Jetpack Site Uptime Monitor by WordPress.com)"
184.94.212.206 - - [20/May/2026:06:58:40 +0000] "POST /wp-cron.php?doing_wp_cron=1779260319.9891209602355957031250 HTTP/1.1" 200 - "-" "WordPress/6.9.4; https://tophobbydrone.com"
114.119.155.153 - - [20/May/2026:06:58:38 +0000] "GET /category/best-hobby-drones/page/2/ HTTP/1.1" 200 21383 "https://tophobbydrone.com/category/best-hobby-drones/page/2/" "Mozilla/5.0 (Linux; Android 7.0;) AppleWebKit/537.36 (HTML, like Gecko) Mobile Safari/537.36 (compatible; PetalBot;+https://webmaster.petalsearch.com/site/petalbot)"
192.0.84.117 - - [20/May/2026:07:02:53 +0000] "HEAD / HTTP/1.1" 200 - "-" "jetmon/1.0 (Jetpack Site Uptime Monitor by WordPress.com)"
167.235.153.71 - - [20/May/2026:07:03:51 +0000] "GET / HTTP/1.1" 200 11118 "-" "Mozilla/5.0 (X11; Linux x86_64; rv:131.0) Gecko/20100101 Firefox/131.0"
167.235.153.71 - - [20/May/2026:07:03:53 +0000] "GET /robots.txt HTTP/1.1" 200 144 "-" "Mozilla/5.0 (Macintosh; Intel Mac OS X 14.5; rv:133.0) Gecko/20100101 Firefox/133.0"
167.235.153.71 - - [20/May/2026:07:03:54 +0000] "GET /sitemap.xml HTTP/1.1" 200 304 "-" "Mozilla/5.0 (Macintosh; Intel Mac OS X 14_5) AppleWebKit/537.36 (KHTML, like Gecko) Chrome/130.0.0.0 Safari/537.36"
184.94.212.206 - - [20/May/2026:07:08:00 +0000] "POST /wp-cron.php?doing_wp_cron=1779260880.0117850303649902343750 HTTP/1.1" 200 - "-" "WordPress/6.9.4; https://tophobbydrone.com"
192.0.84.117 - - [20/May/2026:07:07:58 +0000] "HEAD / HTTP/1.1" 200 - "-" "jetmon/1.0 (Jetpack Site Uptime Monitor by WordPress.com)"
192.0.84.117 - - [20/May/2026:07:12:49 +0000] "HEAD / HTTP/1.1" 200 - "-" "jetmon/1.0 (Jetpack Site Uptime Monitor by WordPress.com)"
57.141.2.65 - - [20/May/2026:07:13:27 +0000] "GET /want_a_new_hobby_check_this_out-jpg/ HTTP/1.1" 301 - "-" "meta-externalagent/1.1 (+https://developers.facebook.com/docs/sharing/webmasters/crawler)"
184.94.212.206 - - [20/May/2026:07:17:53 +0000] "POST /wp-cron.php?doing_wp_cron=1779261473.7374229431152343750000 HTTP/1.1" 200 - "-" "WordPress/6.9.4; https://tophobbydrone.com"
192.0.84.117 - - [20/May/2026:07:17:52 +0000] "HEAD / HTTP/1.1" 200 - "-" "jetmon/1.0 (Jetpack Site Uptime Monitor by WordPress.com)"
184.94.212.206 - - [20/May/2026:07:21:50 +0000] "POST /wp-cron.php?doing_wp_cron=1779261710.5148429870605468750000 HTTP/1.1" 200 - "-" "WordPress/6.9.4; https://tophobbydrone.com"
57.141.2.42 - - [20/May/2026:07:21:49 +0000] "GET /considering_a_hobby_here_are_some_tips-jpg-2/ HTTP/1.1" 301 - "-" "meta-externalagent/1.1 (+https://developers.facebook.com/docs/sharing/webmasters/crawler)"
192.0.84.117 - - [20/May/2026:07:22:50 +0000] "HEAD / HTTP/1.1" 200 - "-" "jetmon/1.0 (Jetpack Site Uptime Monitor by WordPress.com)"
114.119.145.7 - - [20/May/2026:07:23:31 +0000] "GET /capturing-amazing-aerial-photos-and-videos/?share=twitter& HTTP/1.1" 302 - "https://tophobbydrone.com/capturing-amazing-aerial-photos-and-videos/?share=twitter" "Mozilla/5.0 (Linux; Android 7.0;) AppleWebKit/537.36 (HTML, like Gecko) Mobile Safari/537.36 (compatible; PetalBot;+https://webmaster.petalsearch.com/site/petalbot)"
184.94.212.206 - - [20/May/2026:07:25:47 +0000] "POST /wp-cron.php?doing_wp_cron=1779261947.0255210399627685546875 HTTP/1.1" 200 - "-" "WordPress/6.9.4; https://tophobbydrone.com"
57.141.2.56 - - [20/May/2026:07:25:45 +0000] "GET /locating_information_about_hobbies_has_brought_you_to_the_right_place-jpg-2/ HTTP/1.1" 301 - "-" "meta-externalagent/1.1 (+https://developers.facebook.com/docs/sharing/webmasters/crawler)"
192.0.84.117 - - [20/May/2026:07:27:54 +0000] "HEAD / HTTP/1.1" 200 - "-" "jetmon/1.0 (Jetpack Site Uptime Monitor by WordPress.com)"
184.94.212.206 - - [20/May/2026:07:30:40 +0000] "POST /wp-cron.php?doing_wp_cron=1779262240.5050060749053955078125 HTTP/1.1" 200 - "-" "WordPress/6.9.4; https://tophobbydrone.com"
57.141.2.62 - - [20/May/2026:07:30:39 +0000] "GET /wondering_what_type_of_hobby_would_be_best_for_you_read_these_tips-jpg/ HTTP/1.1" 301 - "-" "meta-externalagent/1.1 (+https://developers.facebook.com/docs/sharing/webmasters/crawler)"
192.0.84.117 - - [20/May/2026:07:32:57 +0000] "HEAD / HTTP/1.1" 200 - "-" "jetmon/1.0 (Jetpack Site Uptime Monitor by WordPress.com)"
184.94.212.206 - - [20/May/2026:07:37:56 +0000] "POST /wp-cron.php?doing_wp_cron=1779262676.6032340526580810546875 HTTP/1.1" 200 - "-" "WordPress/6.9.4; https://tophobbydrone.com"
192.0.84.117 - - [20/May/2026:07:37:55 +0000] "HEAD / HTTP/1.1" 200 - "-" "jetmon/1.0 (Jetpack Site Uptime Monitor by WordPress.com)"
57.141.2.13 - - [20/May/2026:07:39:13 +0000] "GET /simple_steps_to_help_you_better_understand_hobbies-jpg-2/ HTTP/1.1" 301 - "-" "meta-externalagent/1.1 (+https://developers.facebook.com/docs/sharing/webmasters/crawler)"
103.168.67.107 - - [20/May/2026:07:40:03 +0000] "POST / HTTP/1.1" 200 11071 "-" "Mozilla/5.0 (Windows NT 10.0; Win64; x64) AppleWebKit/537.36"
103.168.67.107 - - [20/May/2026:07:40:04 +0000] "POST / HTTP/1.1" 200 11071 "-" "Mozilla/5.0 (Windows NT 10.0; Win64; x64) AppleWebKit/537.36"
184.94.212.206 - - [20/May/2026:07:42:53 +0000] "POST /wp-cron.php?doing_wp_cron=1779262973.7470378875732421875000 HTTP/1.1" 200 - "-" "WordPress/6.9.4; https://tophobbydrone.com"
192.0.84.117 - - [20/May/2026:07:42:52 +0000] "HEAD / HTTP/1.1" 200 - "-" "jetmon/1.0 (Jetpack Site Uptime Monitor by WordPress.com)"
77.75.78.162 - - [20/May/2026:07:43:20 +0000] "GET /author/thesilentwhisperer/ HTTP/1.1" 200 16773 "-" "Mozilla/5.0 (compatible; SeznamBot/4.0; +https://o-seznam.cz/napoveda/vyhledavani/en/seznambot-crawler/)"