47.128.55.231 - - [20/May/2026:02:51:58 +0000] "GET /tag/local-police/?amp HTTP/1.1" 200 15054 "-" "Mozilla/5.0 (compatible; Bytespider; spider-feedback@bytedance.com) AppleWebKit/537.36 (KHTML, like Gecko) Chrome/70.0.0.0 Safari/537.36"
192.0.88.51 - - [20/May/2026:02:52:57 +0000] "GET /wp-content/uploads/2020/05/home_improvement_tips_to_use_on_your_next_project.jpg HTTP/1.1" 200 27864 "-" "Photon/1.0"
184.94.212.206 - - [20/May/2026:02:53:20 +0000] "POST /wp-cron.php?doing_wp_cron=1779245600.7889029979705810546875 HTTP/1.1" 200 - "-" "WordPress/6.9.4; https://smarthomediscovery.com"
184.94.212.206 - - [20/May/2026:02:53:17 +0000] "GET / HTTP/1.1" 200 97552 "-" "Mozilla/5.0 (Windows NT 10.0; Win64; x64; rv:122.0) Gecko/20100101 Firefox/122.0"
104.194.9.138 - - [20/May/2026:02:54:33 +0000] "GET /x-cp-JDgZoE2Z.php HTTP/1.1" 200 4119 "-" "Mozilla/5.0 (X11; Linux x86_64) AppleWebKit/537.36 (KHTML, like Gecko) Chrome/143.0.0.0 Safari/537.36"
184.94.212.206 - - [20/May/2026:02:54:34 +0000] "POST /wp-cron.php?doing_wp_cron=1779245674.5912549495697021484375 HTTP/1.1" 200 - "-" "WordPress/6.9.4; https://smarthomediscovery.com"
192.0.84.117 - - [20/May/2026:02:54:33 +0000] "HEAD / HTTP/1.1" 200 - "-" "jetmon/1.0 (Jetpack Site Uptime Monitor by WordPress.com)"
184.94.212.206 - - [20/May/2026:02:56:01 +0000] "POST /wp-cron.php?doing_wp_cron=1779245761.5220289230346679687500 HTTP/1.1" 200 - "-" "WordPress/6.9.4; https://smarthomediscovery.com"
47.128.55.240 - - [20/May/2026:02:56:00 +0000] "GET /successful-ideas-for-improving-the-look-of-your-home/ HTTP/1.1" 301 - "-" "Mozilla/5.0 (compatible; Bytespider; spider-feedback@bytedance.com) AppleWebKit/537.36 (KHTML, like Gecko) Chrome/70.0.0.0 Safari/537.36"
47.128.55.240 - - [20/May/2026:02:56:04 +0000] "GET /successful-ideas-for-improving-the-look-of-your-home/ HTTP/1.1" 200 21443 "-" "Mozilla/5.0 (compatible; Bytespider; spider-feedback@bytedance.com) AppleWebKit/537.36 (KHTML, like Gecko) Chrome/70.0.0.0 Safari/537.36"
43.153.67.21 - - [20/May/2026:02:57:58 +0000] "GET /reviews/ HTTP/1.1" 200 14952 "-" "Mozilla/5.0 (iPhone; CPU iPhone OS 13_2_3 like Mac OS X) AppleWebKit/605.1.15 (KHTML, like Gecko) Version/13.0.3 Mobile/15E148 Safari/604.1"
184.94.212.206 - - [20/May/2026:02:59:33 +0000] "POST /wp-cron.php?doing_wp_cron=1779245973.6375319957733154296875 HTTP/1.1" 200 - "-" "WordPress/6.9.4; https://smarthomediscovery.com"
192.0.84.117 - - [20/May/2026:02:59:32 +0000] "HEAD / HTTP/1.1" 200 - "-" "jetmon/1.0 (Jetpack Site Uptime Monitor by WordPress.com)"
47.128.55.213 - - [20/May/2026:02:59:55 +0000] "GET /answers-for-your-home-security-questions-are-all-right-here/ HTTP/1.1" 301 - "-" "Mozilla/5.0 (compatible; Bytespider; spider-feedback@bytedance.com) AppleWebKit/537.36 (KHTML, like Gecko) Chrome/70.0.0.0 Safari/537.36"
47.128.55.213 - - [20/May/2026:02:59:58 +0000] "GET /answers-for-your-home-security-questions-are-all-right-here/ HTTP/1.1" 200 21484 "-" "Mozilla/5.0 (compatible; Bytespider; spider-feedback@bytedance.com) AppleWebKit/537.36 (KHTML, like Gecko) Chrome/70.0.0.0 Safari/537.36"
47.128.55.213 - - [20/May/2026:03:00:00 +0000] "GET /wp-content/themes/magazine-pro/style.css?ver=3.2.4 HTTP/1.1" 200 8227 "https://smarthomediscovery.com/answers-for-your-home-security-questions-are-all-right-here/" "Mozilla/5.0 (compatible; Bytespider; spider-feedback@bytedance.com) AppleWebKit/537.36 (KHTML, like Gecko) Chrome/70.0.0.0 Safari/537.36"
184.94.212.206 - - [20/May/2026:03:01:08 +0000] "POST /wp-cron.php?doing_wp_cron=1779246068.1861369609832763671875 HTTP/1.1" 200 - "-" "WordPress/6.9.4; https://smarthomediscovery.com"
77.75.76.162 - - [20/May/2026:03:01:06 +0000] "GET /tag/real-estate-investors/ HTTP/1.1" 200 14200 "-" "Mozilla/5.0 (compatible; SeznamBot/4.0; +https://o-seznam.cz/napoveda/vyhledavani/en/seznambot-crawler/)"
184.94.212.206 - - [20/May/2026:03:04:06 +0000] "POST /wp-cron.php?doing_wp_cron=1779246246.6234838962554931640625 HTTP/1.1" 200 - "-" "WordPress/6.9.4; https://smarthomediscovery.com"
47.128.55.235 - - [20/May/2026:03:04:05 +0000] "GET /how-to-use-video-for-your-home-security/?nb=1&share=x HTTP/1.1" 302 - "-" "Mozilla/5.0 (compatible; Bytespider; spider-feedback@bytedance.com) AppleWebKit/537.36 (KHTML, like Gecko) Chrome/70.0.0.0 Safari/537.36"
192.0.84.117 - - [20/May/2026:03:04:33 +0000] "HEAD / HTTP/1.1" 200 - "-" "jetmon/1.0 (Jetpack Site Uptime Monitor by WordPress.com)"
136.124.35.204 - - [20/May/2026:03:05:42 +0000] "GET /ads.txt HTTP/1.1" 200 58 "-" "IAB-Tech-Lab"
184.94.212.206 - - [20/May/2026:03:06:48 +0000] "POST /wp-cron.php?doing_wp_cron=1779246408.4424619674682617187500 HTTP/1.1" 200 - "-" "WordPress/6.9.4; https://smarthomediscovery.com"
114.119.153.38 - - [20/May/2026:03:06:46 +0000] "GET /valuable-home-security-tips-and-tricks-for-you/?amp HTTP/1.1" 301 - "https://www.smarthomediscovery.com/tag/security-systems/?amp" "Mozilla/5.0 (Linux; Android 7.0;) AppleWebKit/537.36 (HTML, like Gecko) Mobile Safari/537.36 (compatible; PetalBot;+https://webmaster.petalsearch.com/site/petalbot)"
114.119.153.38 - - [20/May/2026:03:06:49 +0000] "GET /valuable-home-security-tips-and-tricks-for-you/?amp HTTP/1.1" 200 22628 "https://www.smarthomediscovery.com/tag/security-systems/?amp" "Mozilla/5.0 (Linux; Android 7.0;) AppleWebKit/537.36 (HTML, like Gecko) Mobile Safari/537.36 (compatible; PetalBot;+https://webmaster.petalsearch.com/site/petalbot)"
43.165.67.31 - - [20/May/2026:03:07:58 +0000] "GET /anti-spam-policy/?share=x HTTP/1.1" 302 - "-" "Mozilla/5.0 (iPhone; CPU iPhone OS 13_2_3 like Mac OS X) AppleWebKit/605.1.15 (KHTML, like Gecko) Version/13.0.3 Mobile/15E148 Safari/604.1"
184.174.112.48 - - [20/May/2026:03:08:00 +0000] "GET / HTTP/1.1" 301 - "-" "Mozilla/5.0 (iPhone; CPU iPhone OS 17_2_1 like Mac OS X) AppleWebKit/605.1.15 (KHTML, like Gecko) Version/17.2 Mobile/15E148 Safari/604.1"
184.174.112.48 - - [20/May/2026:03:08:01 +0000] "GET / HTTP/1.1" 200 16516 "https://www.smarthomediscovery.com/" "Mozilla/5.0 (iPhone; CPU iPhone OS 17_2_1 like Mac OS X) AppleWebKit/605.1.15 (KHTML, like Gecko) Version/17.2 Mobile/15E148 Safari/604.1"
184.174.112.48 - - [20/May/2026:03:08:04 +0000] "GET /get-the-best-home-security-advice-here-2/ HTTP/1.1" 301 - "https://smarthomediscovery.com/" "Mozilla/5.0 (iPhone; CPU iPhone OS 17_2_1 like Mac OS X) AppleWebKit/605.1.15 (KHTML, like Gecko) Version/17.2 Mobile/15E148 Safari/604.1"
184.174.112.48 - - [20/May/2026:03:08:05 +0000] "GET /get-the-best-home-security-advice-here-2/ HTTP/1.1" 200 22121 "https://smarthomediscovery.com/" "Mozilla/5.0 (iPhone; CPU iPhone OS 17_2_1 like Mac OS X) AppleWebKit/605.1.15 (KHTML, like Gecko) Version/17.2 Mobile/15E148 Safari/604.1"
195.234.109.62 - - [20/May/2026:03:08:12 +0000] "GET /wp-content/uploads/2020/06/get_the_best_home_security_advice_here.jpg HTTP/1.1" 200 40829 "-" "Photon/1.0"
69.113.65.113 - - [20/May/2026:03:08:12 +0000] "GET /wp-content/themes/magazine-pro/style.css?ver=3.2.4 HTTP/1.1" 200 8227 "https://smarthomediscovery.com/" "Mozilla/5.0 (iPhone; CPU iPhone OS 17_0_1 like Mac OS X) AppleWebKit/605.1.15 (KHTML, like Gecko) Version/17.0 Mobile/15E148 Safari/604.1"
184.94.212.206 - - [20/May/2026:03:09:36 +0000] "POST /wp-cron.php?doing_wp_cron=1779246576.0024130344390869140625 HTTP/1.1" 200 - "-" "WordPress/6.9.4; https://smarthomediscovery.com"
192.0.84.117 - - [20/May/2026:03:09:34 +0000] "HEAD / HTTP/1.1" 200 - "-" "jetmon/1.0 (Jetpack Site Uptime Monitor by WordPress.com)"
184.94.212.206 - - [20/May/2026:03:11:52 +0000] "POST /wp-cron.php?doing_wp_cron=1779246712.3509759902954101562500 HTTP/1.1" 200 - "-" "WordPress/6.9.4; https://smarthomediscovery.com"
47.128.55.209 - - [20/May/2026:03:11:50 +0000] "GET /feel-safe-in-your-home-after-reading-this/ HTTP/1.1" 301 - "-" "Mozilla/5.0 (Linux; Android 5.0) AppleWebKit/537.36 (KHTML, like Gecko) Mobile Safari/537.36 (compatible; Bytespider; spider-feedback@bytedance.com)"
77.75.78.162 - - [20/May/2026:03:11:53 +0000] "GET /home-security-tips-to-keep-you-protected/ HTTP/1.1" 200 22472 "-" "Mozilla/5.0 (compatible; SeznamBot/4.0; +https://o-seznam.cz/napoveda/vyhledavani/en/seznambot-crawler/)"
47.128.55.209 - - [20/May/2026:03:11:54 +0000] "GET /feel-safe-in-your-home-after-reading-this/ HTTP/1.1" 200 21676 "-" "Mozilla/5.0 (Linux; Android 5.0) AppleWebKit/537.36 (KHTML, like Gecko) Mobile Safari/537.36 (compatible; Bytespider; spider-feedback@bytedance.com)"
47.128.55.209 - - [20/May/2026:03:11:55 +0000] "GET /wp-content/themes/magazine-pro/style.css?ver=3.2.4 HTTP/1.1" 200 8227 "https://smarthomediscovery.com/feel-safe-in-your-home-after-reading-this/" "Mozilla/5.0 (Linux; Android 5.0) AppleWebKit/537.36 (KHTML, like Gecko) Mobile Safari/537.36 (compatible; Bytespider; spider-feedback@bytedance.com)"
47.128.55.250 - - [20/May/2026:03:11:57 +0000] "GET /is-your-home-boring-try-these-home-improvement-tips-for-success/?amp HTTP/1.1" 301 - "-" "Mozilla/5.0 (Linux; Android 5.0) AppleWebKit/537.36 (KHTML, like Gecko) Mobile Safari/537.36 (compatible; Bytespider; spider-feedback@bytedance.com)"
47.128.55.250 - - [20/May/2026:03:11:59 +0000] "GET /is-your-home-boring-try-these-home-improvement-tips-for-success/?amp HTTP/1.1" 200 21853 "-" "Mozilla/5.0 (Linux; Android 5.0) AppleWebKit/537.36 (KHTML, like Gecko) Mobile Safari/537.36 (compatible; Bytespider; spider-feedback@bytedance.com)"
47.128.55.250 - - [20/May/2026:03:12:01 +0000] "GET /wp-content/themes/magazine-pro/style.css?ver=3.2.4 HTTP/1.1" 200 8227 "https://smarthomediscovery.com/is-your-home-boring-try-these-home-improvement-tips-for-success/?amp" "Mozilla/5.0 (Linux; Android 5.0) AppleWebKit/537.36 (KHTML, like Gecko) Mobile Safari/537.36 (compatible; Bytespider; spider-feedback@bytedance.com)"
184.94.212.206 - - [20/May/2026:03:14:35 +0000] "POST /wp-cron.php?doing_wp_cron=1779246875.9802289009094238281250 HTTP/1.1" 200 - "-" "WordPress/6.9.4; https://smarthomediscovery.com"
192.0.84.117 - - [20/May/2026:03:14:34 +0000] "HEAD / HTTP/1.1" 200 - "-" "jetmon/1.0 (Jetpack Site Uptime Monitor by WordPress.com)"
184.94.212.206 - - [20/May/2026:03:15:52 +0000] "POST /wp-cron.php?doing_wp_cron=1779246952.9645919799804687500000 HTTP/1.1" 200 - "-" "WordPress/6.9.4; https://smarthomediscovery.com"
47.128.55.2 - - [20/May/2026:03:15:51 +0000] "GET /anti-spam-policy/ HTTP/1.1" 301 - "-" "Mozilla/5.0 (Linux; Android 5.0) AppleWebKit/537.36 (KHTML, like Gecko) Mobile Safari/537.36 (compatible; Bytespider; spider-feedback@bytedance.com)"
184.94.212.206 - - [20/May/2026:03:15:55 +0000] "POST /wp-cron.php?doing_wp_cron=1779246955.6053099632263183593750 HTTP/1.1" 200 - "-" "WordPress/6.9.4; https://smarthomediscovery.com"
47.128.55.2 - - [20/May/2026:03:15:54 +0000] "GET /anti-spam-policy/ HTTP/1.1" 200 15903 "-" "Mozilla/5.0 (Linux; Android 5.0) AppleWebKit/537.36 (KHTML, like Gecko) Mobile Safari/537.36 (compatible; Bytespider; spider-feedback@bytedance.com)"
47.128.55.2 - - [20/May/2026:03:15:56 +0000] "GET /wp-content/themes/magazine-pro/style.css?ver=3.2.4 HTTP/1.1" 200 8227 "https://smarthomediscovery.com/anti-spam-policy/" "Mozilla/5.0 (Linux; Android 5.0) AppleWebKit/537.36 (KHTML, like Gecko) Mobile Safari/537.36 (compatible; Bytespider; spider-feedback@bytedance.com)"
47.128.55.2 - - [20/May/2026:03:15:57 +0000] "GET /wp-content/plugins/simple-social-icons/css/style.css?ver=4.0.0 HTTP/1.1" 200 461 "https://smarthomediscovery.com/anti-spam-policy/" "Mozilla/5.0 (Linux; Android 5.0) AppleWebKit/537.36 (KHTML, like Gecko) Mobile Safari/537.36 (compatible; Bytespider; spider-feedback@bytedance.com)"
47.128.55.244 - - [20/May/2026:03:15:57 +0000] "GET /solid-information-about-home-security-which-is-easy-to-understand/ HTTP/1.1" 301 - "-" "Mozilla/5.0 (Linux; Android 5.0) AppleWebKit/537.36 (KHTML, like Gecko) Mobile Safari/537.36 (compatible; Bytespider; spider-feedback@bytedance.com)"
47.128.55.244 - - [20/May/2026:03:15:59 +0000] "GET /solid-information-about-home-security-which-is-easy-to-understand/ HTTP/1.1" 200 22076 "-" "Mozilla/5.0 (Linux; Android 5.0) AppleWebKit/537.36 (KHTML, like Gecko) Mobile Safari/537.36 (compatible; Bytespider; spider-feedback@bytedance.com)"
184.94.212.206 - - [20/May/2026:03:18:17 +0000] "POST /wp-cron.php?doing_wp_cron=1779247097.4569449424743652343750 HTTP/1.1" 200 - "-" "WordPress/6.9.4; https://smarthomediscovery.com"
43.162.114.69 - - [20/May/2026:03:18:15 +0000] "GET /author/h0tn1ch3s/ HTTP/1.1" 200 17460 "-" "Mozilla/5.0 (iPhone; CPU iPhone OS 13_2_3 like Mac OS X) AppleWebKit/605.1.15 (KHTML, like Gecko) Version/13.0.3 Mobile/15E148 Safari/604.1"
45.12.3.48 - - [20/May/2026:03:19:16 +0000] "GET / HTTP/1.1" 200 16516 "-" "Mozilla/5.0 (Windows NT 10.0; Win64; x64; rv:81.0) Gecko/20100101 Firefox/81.0"
192.0.84.117 - - [20/May/2026:03:19:34 +0000] "HEAD / HTTP/1.1" 200 - "-" "jetmon/1.0 (Jetpack Site Uptime Monitor by WordPress.com)"
47.128.55.199 - - [20/May/2026:03:20:12 +0000] "GET /robots.txt HTTP/1.1" 301 - "-" "Mozilla/5.0 (Linux; Android 5.0) AppleWebKit/537.36 (KHTML, like Gecko) Mobile Safari/537.36 (compatible; Bytespider; spider-feedback@bytedance.com)"
47.128.55.199 - - [20/May/2026:03:20:16 +0000] "GET /robots.txt HTTP/1.1" 200 150 "-" "Mozilla/5.0 (Linux; Android 5.0) AppleWebKit/537.36 (KHTML, like Gecko) Mobile Safari/537.36 (compatible; Bytespider; spider-feedback@bytedance.com)"
184.94.212.206 - - [20/May/2026:03:24:27 +0000] "POST /wp-cron.php?doing_wp_cron=1779247467.7748100757598876953125 HTTP/1.1" 200 - "-" "WordPress/6.9.4; https://smarthomediscovery.com"
216.73.216.68 - - [20/May/2026:03:24:26 +0000] "GET /robots.txt HTTP/1.1" 200 150 "-" "Mozilla/5.0 AppleWebKit/537.36 (KHTML, like Gecko; compatible; ClaudeBot/1.0; +claudebot@anthropic.com)"
216.73.216.68 - - [20/May/2026:03:24:27 +0000] "GET / HTTP/1.1" 200 16516 "-" "Mozilla/5.0 AppleWebKit/537.36 (KHTML, like Gecko; compatible; ClaudeBot/1.0; +claudebot@anthropic.com)"
192.0.84.117 - - [20/May/2026:03:24:33 +0000] "HEAD / HTTP/1.1" 200 - "-" "jetmon/1.0 (Jetpack Site Uptime Monitor by WordPress.com)"
184.94.212.206 - - [20/May/2026:03:26:57 +0000] "POST /wp-cron.php?doing_wp_cron=1779247617.4400210380554199218750 HTTP/1.1" 200 - "-" "WordPress/6.9.4; https://smarthomediscovery.com"
43.159.63.116 - - [20/May/2026:03:26:55 +0000] "GET /comparison-charts/ HTTP/1.1" 200 14967 "-" "Mozilla/5.0 (iPhone; CPU iPhone OS 13_2_3 like Mac OS X) AppleWebKit/605.1.15 (KHTML, like Gecko) Version/13.0.3 Mobile/15E148 Safari/604.1"
47.128.55.20 - - [20/May/2026:03:27:49 +0000] "GET /blog/ HTTP/1.1" 200 14926 "-" "Mozilla/5.0 (Linux; Android 5.0) AppleWebKit/537.36 (KHTML, like Gecko) Mobile Safari/537.36 (compatible; Bytespider; spider-feedback@bytedance.com)"
184.94.212.206 - - [20/May/2026:03:29:34 +0000] "POST /wp-cron.php?doing_wp_cron=1779247774.5578789710998535156250 HTTP/1.1" 200 - "-" "WordPress/6.9.4; https://smarthomediscovery.com"
192.0.84.117 - - [20/May/2026:03:29:33 +0000] "HEAD / HTTP/1.1" 200 - "-" "jetmon/1.0 (Jetpack Site Uptime Monitor by WordPress.com)"
43.173.173.56 - - [20/May/2026:03:29:37 +0000] "GET /fantastic-advice-on-how-to-make-your-home-security-better/ HTTP/1.1" 200 22279 "-" "Mozilla/5.0 (Windows NT 10.0; Win64; x64) AppleWebKit/537.36 (KHTML, like Gecko) Chrome/131.0.0.0 Safari/537.36"
43.173.178.129 - - [20/May/2026:03:29:58 +0000] "GET /fantastic-advice-on-how-to-make-your-home-security-better/ HTTP/1.1" 200 22246 "-" "Mozilla/5.0 (Windows NT 10.0; Win64; x64) AppleWebKit/537.36 (KHTML, like Gecko) Chrome/116.0.0.0 Safari/537.36"
184.94.212.206 - - [20/May/2026:03:31:29 +0000] "POST /wp-cron.php?doing_wp_cron=1779247889.4205238819122314453125 HTTP/1.1" 200 - "-" "WordPress/6.9.4; https://smarthomediscovery.com"
157.180.59.87 - - [20/May/2026:03:31:27 +0000] "GET / HTTP/1.1" 200 16516 "-" "Mozilla/5.0 (compatible; WebTrackrCrawler/1.0; +https://affsignal.com/bot)"
157.180.59.87 - - [20/May/2026:03:31:36 +0000] "GET /create-your-perfect-environment-with-these-home-improvement-tips-and-tricks/ HTTP/1.1" 200 22085 "-" "Mozilla/5.0 (compatible; WebTrackrCrawler/1.0; +https://affsignal.com/bot)"
157.180.59.87 - - [20/May/2026:03:31:36 +0000] "GET /home-improvement-has-never-been-this-easy-before/ HTTP/1.1" 200 22433 "-" "Mozilla/5.0 (compatible; WebTrackrCrawler/1.0; +https://affsignal.com/bot)"
157.180.59.87 - - [20/May/2026:03:31:36 +0000] "GET /how-to-improve-your-home-the-easy-way/ HTTP/1.1" 200 22579 "-" "Mozilla/5.0 (compatible; WebTrackrCrawler/1.0; +https://affsignal.com/bot)"
157.180.59.87 - - [20/May/2026:03:31:41 +0000] "GET /quick-and-easy-ways-to-increase-the-worth-of-your-home/ HTTP/1.1" 200 22040 "-" "Mozilla/5.0 (compatible; WebTrackrCrawler/1.0; +https://affsignal.com/bot)"
157.180.59.87 - - [20/May/2026:03:31:41 +0000] "GET /keep-this-advice-in-mind-when-improving-your-home/ HTTP/1.1" 200 22376 "-" "Mozilla/5.0 (compatible; WebTrackrCrawler/1.0; +https://affsignal.com/bot)"
157.180.59.87 - - [20/May/2026:03:31:41 +0000] "GET /is-your-home-boring-try-these-home-improvement-tips-for-success/ HTTP/1.1" 200 21810 "-" "Mozilla/5.0 (compatible; WebTrackrCrawler/1.0; +https://affsignal.com/bot)"
157.180.59.87 - - [20/May/2026:03:31:47 +0000] "GET /simple-home-improvement-tips-for-every-homeowner/ HTTP/1.1" 200 21962 "-" "Mozilla/5.0 (compatible; WebTrackrCrawler/1.0; +https://affsignal.com/bot)"
157.180.59.87 - - [20/May/2026:03:31:47 +0000] "GET /tips-for-before-you-start-a-home-improvement-project/ HTTP/1.1" 200 21801 "-" "Mozilla/5.0 (compatible; WebTrackrCrawler/1.0; +https://affsignal.com/bot)"
157.180.59.87 - - [20/May/2026:03:31:47 +0000] "GET /smart-home-devices-and-technologies/ HTTP/1.1" 200 24023 "-" "Mozilla/5.0 (compatible; WebTrackrCrawler/1.0; +https://affsignal.com/bot)"
47.128.55.45 - - [20/May/2026:03:31:49 +0000] "GET /helpful-advice-for-investing-in-real-estate/ HTTP/1.1" 301 - "-" "Mozilla/5.0 (compatible; Bytespider; spider-feedback@bytedance.com) AppleWebKit/537.36 (KHTML, like Gecko) Chrome/70.0.0.0 Safari/537.36"
157.180.59.87 - - [20/May/2026:03:31:51 +0000] "GET /adsense-disclaimer/ HTTP/1.1" 200 15749 "-" "Mozilla/5.0 (compatible; WebTrackrCrawler/1.0; +https://affsignal.com/bot)"
47.128.55.45 - - [20/May/2026:03:31:52 +0000] "GET /helpful-advice-for-investing-in-real-estate/ HTTP/1.1" 200 21057 "-" "Mozilla/5.0 (compatible; Bytespider; spider-feedback@bytedance.com) AppleWebKit/537.36 (KHTML, like Gecko) Chrome/70.0.0.0 Safari/537.36"
157.180.59.87 - - [20/May/2026:03:31:51 +0000] "GET /anti-spam-policy/ HTTP/1.1" 200 15904 "-" "Mozilla/5.0 (compatible; WebTrackrCrawler/1.0; +https://affsignal.com/bot)"
157.180.59.87 - - [20/May/2026:03:31:52 +0000] "GET /author/h0tn1ch3s/ HTTP/1.1" 200 17460 "-" "Mozilla/5.0 (compatible; WebTrackrCrawler/1.0; +https://affsignal.com/bot)"
157.180.59.87 - - [20/May/2026:03:31:57 +0000] "GET /blog/ HTTP/1.1" 200 14925 "-" "Mozilla/5.0 (compatible; WebTrackrCrawler/1.0; +https://affsignal.com/bot)"
157.180.59.87 - - [20/May/2026:03:31:58 +0000] "GET /comparison-charts/ HTTP/1.1" 200 14969 "-" "Mozilla/5.0 (compatible; WebTrackrCrawler/1.0; +https://affsignal.com/bot)"
157.180.59.87 - - [20/May/2026:03:31:58 +0000] "GET /category/touch-table/ HTTP/1.1" 200 14031 "-" "Mozilla/5.0 (compatible; WebTrackrCrawler/1.0; +https://affsignal.com/bot)"
157.180.59.87 - - [20/May/2026:03:32:01 +0000] "GET /category/review/ HTTP/1.1" 200 13882 "-" "Mozilla/5.0 (compatible; WebTrackrCrawler/1.0; +https://affsignal.com/bot)"
157.180.59.87 - - [20/May/2026:03:32:01 +0000] "GET /copyright-dcma-notice/ HTTP/1.1" 200 17881 "-" "Mozilla/5.0 (compatible; WebTrackrCrawler/1.0; +https://affsignal.com/bot)"
157.180.59.87 - - [20/May/2026:03:32:01 +0000] "GET /contact-us/ HTTP/1.1" 200 20026 "-" "Mozilla/5.0 (compatible; WebTrackrCrawler/1.0; +https://affsignal.com/bot)"
157.180.59.87 - - [20/May/2026:03:32:04 +0000] "GET /how-to-guides/ HTTP/1.1" 200 14952 "-" "Mozilla/5.0 (compatible; WebTrackrCrawler/1.0; +https://affsignal.com/bot)"
157.180.59.87 - - [20/May/2026:03:32:04 +0000] "GET /ftc-statement/ HTTP/1.1" 200 15478 "-" "Mozilla/5.0 (compatible; WebTrackrCrawler/1.0; +https://affsignal.com/bot)"
157.180.59.87 - - [20/May/2026:03:32:04 +0000] "GET /good-home-security-advice-you-should-know-about/ HTTP/1.1" 200 21465 "-" "Mozilla/5.0 (compatible; WebTrackrCrawler/1.0; +https://affsignal.com/bot)"
157.180.59.87 - - [20/May/2026:03:32:06 +0000] "GET /members/ HTTP/1.1" 200 13645 "-" "Mozilla/5.0 (compatible; WebTrackrCrawler/1.0; +https://affsignal.com/bot)"
157.180.59.87 - - [20/May/2026:03:32:06 +0000] "GET /news/ HTTP/1.1" 200 14948 "-" "Mozilla/5.0 (compatible; WebTrackrCrawler/1.0; +https://affsignal.com/bot)"
157.180.59.87 - - [20/May/2026:03:32:06 +0000] "GET /privacy-policy/ HTTP/1.1" 200 17466 "-" "Mozilla/5.0 (compatible; WebTrackrCrawler/1.0; +https://affsignal.com/bot)"
157.180.59.87 - - [20/May/2026:03:32:12 +0000] "GET /category/essentials/ HTTP/1.1" 200 16758 "-" "Mozilla/5.0 (compatible; WebTrackrCrawler/1.0; +https://affsignal.com/bot)"
157.180.59.87 - - [20/May/2026:03:32:12 +0000] "GET /product-recommendations/ HTTP/1.1" 200 14968 "-" "Mozilla/5.0 (compatible; WebTrackrCrawler/1.0; +https://affsignal.com/bot)"
157.180.59.87 - - [20/May/2026:03:32:12 +0000] "GET /category/professional-installation/ HTTP/1.1" 200 17728 "-" "Mozilla/5.0 (compatible; WebTrackrCrawler/1.0; +https://affsignal.com/bot)"
157.180.59.87 - - [20/May/2026:03:32:26 +0000] "GET /support/ HTTP/1.1" 200 14947 "-" "Mozilla/5.0 (compatible; WebTrackrCrawler/1.0; +https://affsignal.com/bot)"
157.180.59.87 - - [20/May/2026:03:32:26 +0000] "GET /reviews/ HTTP/1.1" 200 14952 "-" "Mozilla/5.0 (compatible; WebTrackrCrawler/1.0; +https://affsignal.com/bot)"
157.180.59.87 - - [20/May/2026:03:32:36 +0000] "GET /terms-of-use/ HTTP/1.1" 200 16534 "-" "Mozilla/5.0 (compatible; WebTrackrCrawler/1.0; +https://affsignal.com/bot)"
157.180.59.87 - - [20/May/2026:03:32:45 +0000] "GET /tips-and-tricks/ HTTP/1.1" 200 14937 "-" "Mozilla/5.0 (compatible; WebTrackrCrawler/1.0; +https://affsignal.com/bot)"
184.94.212.206 - - [20/May/2026:03:33:22 +0000] "POST /wp-cron.php?doing_wp_cron=1779248002.9449479579925537109375 HTTP/1.1" 200 - "-" "WordPress/6.9.4; https://smarthomediscovery.com"
157.180.59.87 - - [20/May/2026:03:33:21 +0000] "GET /want-to-know-more-about-home-improvement/ HTTP/1.1" 200 21627 "-" "Mozilla/5.0 (compatible; WebTrackrCrawler/1.0; +https://affsignal.com/bot)"
157.180.59.87 - - [20/May/2026:03:33:21 +0000] "GET /voice-controlled-lighting-automation/ HTTP/1.1" 200 29401 "-" "Mozilla/5.0 (compatible; WebTrackrCrawler/1.0; +https://affsignal.com/bot)"
157.180.59.87 - - [20/May/2026:03:33:21 +0000] "GET /wp-login.php HTTP/1.1" 200 3932 "-" "Mozilla/5.0 (compatible; WebTrackrCrawler/1.0; +https://affsignal.com/bot)"
157.180.59.87 - - [20/May/2026:03:33:28 +0000] "GET / HTTP/1.1" 200 16516 "-" "Mozilla/5.0 (compatible; WebTrackrCrawler/1.0; +https://affsignal.com/bot)"
192.0.84.117 - - [20/May/2026:03:34:34 +0000] "HEAD / HTTP/1.1" 200 - "-" "jetmon/1.0 (Jetpack Site Uptime Monitor by WordPress.com)"
184.94.212.206 - - [20/May/2026:03:35:52 +0000] "POST /wp-cron.php?doing_wp_cron=1779248152.5194079875946044921875 HTTP/1.1" 200 - "-" "WordPress/6.9.4; https://smarthomediscovery.com"
47.128.55.248 - - [20/May/2026:03:35:51 +0000] "GET /take-a-look-at-these-great-home-security-tips/?share=x HTTP/1.1" 302 - "-" "Mozilla/5.0 (compatible; Bytespider; spider-feedback@bytedance.com) AppleWebKit/537.36 (KHTML, like Gecko) Chrome/70.0.0.0 Safari/537.36"
184.94.212.206 - - [20/May/2026:03:38:00 +0000] "POST /wp-cron.php?doing_wp_cron=1779248280.2134280204772949218750 HTTP/1.1" 200 - "-" "WordPress/6.9.4; https://smarthomediscovery.com"
216.73.216.68 - - [20/May/2026:03:37:58 +0000] "GET /robots.txt HTTP/1.1" 301 - "-" "Mozilla/5.0 AppleWebKit/537.36 (KHTML, like Gecko; compatible; ClaudeBot/1.0; +claudebot@anthropic.com)"
216.73.216.68 - - [20/May/2026:03:38:00 +0000] "GET /robots.txt HTTP/1.1" 200 150 "https://www.smarthomediscovery.com/robots.txt" "Mozilla/5.0 AppleWebKit/537.36 (KHTML, like Gecko; compatible; ClaudeBot/1.0; +claudebot@anthropic.com)"
216.73.216.68 - - [20/May/2026:03:38:01 +0000] "GET / HTTP/1.1" 301 - "-" "Mozilla/5.0 AppleWebKit/537.36 (KHTML, like Gecko; compatible; ClaudeBot/1.0; +claudebot@anthropic.com)"
216.73.216.68 - - [20/May/2026:03:38:02 +0000] "GET / HTTP/1.1" 200 16516 "https://www.smarthomediscovery.com/" "Mozilla/5.0 AppleWebKit/537.36 (KHTML, like Gecko; compatible; ClaudeBot/1.0; +claudebot@anthropic.com)"
184.94.212.206 - - [20/May/2026:03:38:23 +0000] "POST /wp-cron.php?doing_wp_cron=1779248303.5911810398101806640625 HTTP/1.1" 200 - "-" "WordPress/6.9.4; https://smarthomediscovery.com"
43.160.225.169 - - [20/May/2026:03:38:22 +0000] "GET /product-recommendations/ HTTP/1.1" 200 14968 "-" "Mozilla/5.0 (iPhone; CPU iPhone OS 13_2_3 like Mac OS X) AppleWebKit/605.1.15 (KHTML, like Gecko) Version/13.0.3 Mobile/15E148 Safari/604.1"
66.249.66.162 - - [20/May/2026:03:39:29 +0000] "GET /news/ HTTP/1.1" 200 14949 "-" "Mozilla/5.0 (Linux; Android 6.0.1; Nexus 5X Build/MMB29P) AppleWebKit/537.36 (KHTML, like Gecko) Chrome/148.0.7778.96 Mobile Safari/537.36 (compatible; Googlebot/2.1; +http://www.google.com/bot.html)"
192.0.84.117 - - [20/May/2026:03:39:32 +0000] "HEAD / HTTP/1.1" 200 - "-" "jetmon/1.0 (Jetpack Site Uptime Monitor by WordPress.com)"
66.249.66.76 - - [20/May/2026:03:39:35 +0000] "GET /wp-content/themes/magazine-pro/style.css?ver=3.2.4 HTTP/1.1" 200 8227 "https://smarthomediscovery.com/news/" "Mozilla/5.0 (Linux; Android 6.0.1; Nexus 5X Build/MMB29P) AppleWebKit/537.36 (KHTML, like Gecko) Chrome/148.0.7778.96 Mobile Safari/537.36 (compatible; Googlebot/2.1; +http://www.google.com/bot.html)"
66.249.66.45 - - [20/May/2026:03:39:36 +0000] "GET /wp-content/themes/magazine-pro/js/entry-date.js?ver=1.0.0 HTTP/1.1" 200 315 "https://smarthomediscovery.com/news/" "Mozilla/5.0 (Linux; Android 6.0.1; Nexus 5X Build/MMB29P) AppleWebKit/537.36 (KHTML, like Gecko) Chrome/148.0.7778.96 Mobile Safari/537.36 (compatible; Googlebot/2.1; +http://www.google.com/bot.html)"
66.249.66.162 - - [20/May/2026:03:39:37 +0000] "GET /wp-content/themes/genesis/lib/js/menu/superfish.args.min.js?ver=3.6.2 HTTP/1.1" 200 124 "https://smarthomediscovery.com/news/" "Mozilla/5.0 (Linux; Android 6.0.1; Nexus 5X Build/MMB29P) AppleWebKit/537.36 (KHTML, like Gecko) Chrome/148.0.7778.96 Mobile Safari/537.36 (compatible; Googlebot/2.1; +http://www.google.com/bot.html)"
47.128.55.201 - - [20/May/2026:03:40:09 +0000] "GET /blog/page/4/ HTTP/1.1" 301 - "-" "Mozilla/5.0 (Linux; Android 5.0) AppleWebKit/537.36 (KHTML, like Gecko) Mobile Safari/537.36 (compatible; Bytespider; spider-feedback@bytedance.com)"
114.119.139.25 - - [20/May/2026:03:40:11 +0000] "GET /useful-information-for-keeping-your-house-and-valuables-secure HTTP/1.1" 301 - "https://www.smarthomediscovery.com/useful-information-for-keeping-your-house-and-valuables-secure" "Mozilla/5.0 (Linux; Android 7.0;) AppleWebKit/537.36 (HTML, like Gecko) Mobile Safari/537.36 (compatible; PetalBot;+https://webmaster.petalsearch.com/site/petalbot)"
114.119.139.25 - - [20/May/2026:03:40:13 +0000] "GET /useful-information-for-keeping-your-house-and-valuables-secure/ HTTP/1.1" 200 22397 "https://www.smarthomediscovery.com/useful-information-for-keeping-your-house-and-valuables-secure" "Mozilla/5.0 (Linux; Android 7.0;) AppleWebKit/537.36 (HTML, like Gecko) Mobile Safari/537.36 (compatible; PetalBot;+https://webmaster.petalsearch.com/site/petalbot)"
184.94.212.206 - - [20/May/2026:03:40:18 +0000] "POST /wp-cron.php?doing_wp_cron=1779248418.8134329319000244140625 HTTP/1.1" 200 - "-" "WordPress/6.9.4; https://smarthomediscovery.com"
47.128.55.201 - - [20/May/2026:03:40:17 +0000] "GET /blog/page/4/ HTTP/1.1" 200 14920 "-" "Mozilla/5.0 (Linux; Android 5.0) AppleWebKit/537.36 (KHTML, like Gecko) Mobile Safari/537.36 (compatible; Bytespider; spider-feedback@bytedance.com)"
77.75.76.162 - - [20/May/2026:03:42:11 +0000] "GET /check-out-these-good-home-security-tips/ HTTP/1.1" 200 22402 "-" "Mozilla/5.0 (compatible; SeznamBot/4.0; +https://o-seznam.cz/napoveda/vyhledavani/en/seznambot-crawler/)"
184.94.212.206 - - [20/May/2026:03:43:55 +0000] "POST /wp-cron.php?doing_wp_cron=1779248635.7835280895233154296875 HTTP/1.1" 200 - "-" "WordPress/6.9.4; https://smarthomediscovery.com"
47.128.55.224 - - [20/May/2026:03:43:54 +0000] "GET /blog/ HTTP/1.1" 301 - "-" "Mozilla/5.0 (Linux; Android 5.0) AppleWebKit/537.36 (KHTML, like Gecko) Mobile Safari/537.36 (compatible; Bytespider; spider-feedback@bytedance.com)"
47.128.55.224 - - [20/May/2026:03:43:59 +0000] "GET /blog/ HTTP/1.1" 200 14926 "-" "Mozilla/5.0 (Linux; Android 5.0) AppleWebKit/537.36 (KHTML, like Gecko) Mobile Safari/537.36 (compatible; Bytespider; spider-feedback@bytedance.com)"
85.208.96.207 - - [20/May/2026:03:44:18 +0000] "GET /robots.txt HTTP/1.1" 200 150 "-" "Mozilla/5.0 (compatible; SemrushBot/7~bl; +http://www.semrush.com/bot.html)"
185.191.171.13 - - [20/May/2026:03:44:19 +0000] "GET /tag/security-system/page/4/ HTTP/1.1" 200 17244 "-" "Mozilla/5.0 (compatible; SemrushBot/7~bl; +http://www.semrush.com/bot.html)"
192.0.84.117 - - [20/May/2026:03:44:32 +0000] "HEAD / HTTP/1.1" 200 - "-" "jetmon/1.0 (Jetpack Site Uptime Monitor by WordPress.com)"
184.94.212.206 - - [20/May/2026:03:46:09 +0000] "POST /wp-cron.php?doing_wp_cron=1779248769.5543839931488037109375 HTTP/1.1" 200 - "-" "WordPress/6.9.4; https://smarthomediscovery.com"
110.249.201.93 - - [20/May/2026:03:46:08 +0000] "GET /robots.txt HTTP/1.1" 301 - "-" "Mozilla/5.0 (Linux; Android 5.0) AppleWebKit/537.36 (KHTML, like Gecko) Mobile Safari/537.36 (compatible; Bytespider; https://zhanzhang.toutiao.com/)"
110.249.201.57 - - [20/May/2026:03:46:11 +0000] "GET /robots.txt HTTP/1.1" 200 150 "-" "Mozilla/5.0 (Linux; Android 5.0) AppleWebKit/537.36 (KHTML, like Gecko) Mobile Safari/537.36 (compatible; Bytespider; https://zhanzhang.toutiao.com/)"
184.94.212.206 - - [20/May/2026:03:47:54 +0000] "POST /wp-cron.php?doing_wp_cron=1779248874.3796029090881347656250 HTTP/1.1" 200 - "-" "WordPress/6.9.4; https://smarthomediscovery.com"
47.128.55.238 - - [20/May/2026:03:47:52 +0000] "GET /professional-smart-home-installation-benefits/ HTTP/1.1" 301 - "-" "Mozilla/5.0 (compatible; Bytespider; spider-feedback@bytedance.com) AppleWebKit/537.36 (KHTML, like Gecko) Chrome/70.0.0.0 Safari/537.36"
47.128.55.238 - - [20/May/2026:03:47:56 +0000] "GET /professional-smart-home-installation-benefits/ HTTP/1.1" 200 23547 "-" "Mozilla/5.0 (compatible; Bytespider; spider-feedback@bytedance.com) AppleWebKit/537.36 (KHTML, like Gecko) Chrome/70.0.0.0 Safari/537.36"
47.128.55.238 - - [20/May/2026:03:47:58 +0000] "GET /wp-content/plugins/simple-social-icons/css/style.css?ver=4.0.0 HTTP/1.1" 200 461 "https://smarthomediscovery.com/professional-smart-home-installation-benefits/" "Mozilla/5.0 (compatible; Bytespider; spider-feedback@bytedance.com) AppleWebKit/537.36 (KHTML, like Gecko) Chrome/70.0.0.0 Safari/537.36"
184.94.212.206 - - [20/May/2026:03:49:35 +0000] "POST /wp-cron.php?doing_wp_cron=1779248975.3866260051727294921875 HTTP/1.1" 200 - "-" "WordPress/6.9.4; https://smarthomediscovery.com"
192.0.84.117 - - [20/May/2026:03:49:33 +0000] "HEAD / HTTP/1.1" 200 - "-" "jetmon/1.0 (Jetpack Site Uptime Monitor by WordPress.com)"
184.94.212.206 - - [20/May/2026:03:51:44 +0000] "POST /wp-cron.php?doing_wp_cron=1779249104.3875548839569091796875 HTTP/1.1" 200 - "-" "WordPress/6.9.4; https://smarthomediscovery.com"
216.73.216.68 - - [20/May/2026:03:51:42 +0000] "GET /tips-for-before-you-start-a-home-improvement-project/ HTTP/1.1" 200 21769 "-" "Mozilla/5.0 AppleWebKit/537.36 (KHTML, like Gecko; compatible; ClaudeBot/1.0; +claudebot@anthropic.com)"
47.128.55.199 - - [20/May/2026:03:51:54 +0000] "GET /home-security-tips-you-must-know/?nb=1&share=x HTTP/1.1" 302 - "-" "Mozilla/5.0 (compatible; Bytespider; spider-feedback@bytedance.com) AppleWebKit/537.36 (KHTML, like Gecko) Chrome/70.0.0.0 Safari/537.36"
216.73.216.68 - - [20/May/2026:03:52:00 +0000] "GET /contact-us/ HTTP/1.1" 200 20032 "-" "Mozilla/5.0 AppleWebKit/537.36 (KHTML, like Gecko; compatible; ClaudeBot/1.0; +claudebot@anthropic.com)"
216.73.216.68 - - [20/May/2026:03:52:18 +0000] "GET /reviews/ HTTP/1.1" 200 14952 "-" "Mozilla/5.0 AppleWebKit/537.36 (KHTML, like Gecko; compatible; ClaudeBot/1.0; +claudebot@anthropic.com)"
184.94.212.206 - - [20/May/2026:03:53:30 +0000] "POST /wp-cron.php?doing_wp_cron=1779249210.6112740039825439453125 HTTP/1.1" 200 - "-" "WordPress/6.9.4; https://smarthomediscovery.com"
216.73.216.68 - - [20/May/2026:03:53:29 +0000] "GET /xmlrpc.php HTTP/1.1" 404 11608 "-" "Mozilla/5.0 AppleWebKit/537.36 (KHTML, like Gecko; compatible; ClaudeBot/1.0; +claudebot@anthropic.com)"
216.73.216.68 - - [20/May/2026:03:53:29 +0000] "GET /feed/ HTTP/1.1" 200 21603 "-" "Mozilla/5.0 AppleWebKit/537.36 (KHTML, like Gecko; compatible; ClaudeBot/1.0; +claudebot@anthropic.com)"
216.73.216.68 - - [20/May/2026:03:53:39 +0000] "GET /want-to-know-more-about-home-improvement/ HTTP/1.1" 200 21626 "-" "Mozilla/5.0 AppleWebKit/537.36 (KHTML, like Gecko; compatible; ClaudeBot/1.0; +claudebot@anthropic.com)"
192.0.84.117 - - [20/May/2026:03:54:34 +0000] "HEAD / HTTP/1.1" 200 - "-" "jetmon/1.0 (Jetpack Site Uptime Monitor by WordPress.com)"
184.94.212.206 - - [20/May/2026:03:55:56 +0000] "POST /wp-cron.php?doing_wp_cron=1779249356.3581368923187255859375 HTTP/1.1" 200 - "-" "WordPress/6.9.4; https://smarthomediscovery.com"
47.128.55.211 - - [20/May/2026:03:55:54 +0000] "GET /tag/security-companies/?noamp=mobile HTTP/1.1" 301 - "-" "Mozilla/5.0 (compatible; Bytespider; spider-feedback@bytedance.com) AppleWebKit/537.36 (KHTML, like Gecko) Chrome/70.0.0.0 Safari/537.36"
47.128.55.211 - - [20/May/2026:03:55:57 +0000] "GET /tag/security-companies/?noamp=mobile HTTP/1.1" 200 14976 "-" "Mozilla/5.0 (compatible; Bytespider; spider-feedback@bytedance.com) AppleWebKit/537.36 (KHTML, like Gecko) Chrome/70.0.0.0 Safari/537.36"
118.179.5.232 - - [20/May/2026:03:56:27 +0000] "GET /support/?amp HTTP/1.1" 200 14948 "-" "Mozilla/5.0 (Macintosh; Intel Mac OS X 10_10_5) AppleWebKit/537.36 (KHTML, like Gecko) Brave Chrome/86.0.4240.75 Safari/537.36"
184.94.212.206 - - [20/May/2026:03:59:36 +0000] "POST /wp-cron.php?doing_wp_cron=1779249576.7880079746246337890625 HTTP/1.1" 200 - "-" "WordPress/6.9.4; https://smarthomediscovery.com"
192.0.84.117 - - [20/May/2026:03:59:35 +0000] "HEAD / HTTP/1.1" 200 - "-" "jetmon/1.0 (Jetpack Site Uptime Monitor by WordPress.com)"
47.128.55.211 - - [20/May/2026:03:59:56 +0000] "GET /tag/feel-comfortable/?noamp=mobile HTTP/1.1" 200 14323 "-" "Mozilla/5.0 (compatible; Bytespider; spider-feedback@bytedance.com) AppleWebKit/537.36 (KHTML, like Gecko) Chrome/70.0.0.0 Safari/537.36"
47.128.55.211 - - [20/May/2026:03:59:57 +0000] "GET /wp-content/plugins/simple-social-icons/css/style.css?ver=4.0.0 HTTP/1.1" 200 461 "https://smarthomediscovery.com/tag/feel-comfortable/?noamp=mobile" "Mozilla/5.0 (compatible; Bytespider; spider-feedback@bytedance.com) AppleWebKit/537.36 (KHTML, like Gecko) Chrome/70.0.0.0 Safari/537.36"
184.94.212.206 - - [20/May/2026:04:03:54 +0000] "POST /wp-cron.php?doing_wp_cron=1779249834.1032340526580810546875 HTTP/1.1" 200 - "-" "WordPress/6.9.4; https://smarthomediscovery.com"
145.223.130.15 - - [20/May/2026:04:03:52 +0000] "GET /are-you-looking-for-good-tips-about-home-security-check-this-out/?share=facebook&%3Bamp= HTTP/1.1" 302 - "-" "Mozilla/5.0 (Macintosh; Intel Mac OS X 13_5) AppleWebKit/605.1.15 (KHTML, like Gecko) Version/17.0 Safari/184.1"
154.3.163.130 - - [20/May/2026:04:04:26 +0000] "GET / HTTP/1.1" 301 - "-" "Mozilla/5.0 (Android 13; Mobile; rv:98.0) Gecko/98.0 Firefox/98.0"
154.3.163.130 - - [20/May/2026:04:04:28 +0000] "GET / HTTP/1.1" 200 16516 "https://www.smarthomediscovery.com/" "Mozilla/5.0 (Android 13; Mobile; rv:98.0) Gecko/98.0 Firefox/98.0"
154.3.163.130 - - [20/May/2026:04:04:31 +0000] "GET /tips-to-help-you-find-the-right-home-security-strategy/ HTTP/1.1" 301 - "https://smarthomediscovery.com/" "Mozilla/5.0 (Android 13; Mobile; rv:98.0) Gecko/98.0 Firefox/98.0"
145.223.131.244 - - [20/May/2026:04:04:32 +0000] "GET /advice-all-homeowners-should-know-about-home-security/?amp= HTTP/1.1" 200 22242 "-" "Mozilla/5.0 (Macintosh; Intel Mac OS X 13_5) AppleWebKit/605.1.15 (KHTML, like Gecko) Version/17.0 Safari/260.1"
154.3.163.130 - - [20/May/2026:04:04:32 +0000] "GET /tips-to-help-you-find-the-right-home-security-strategy/ HTTP/1.1" 200 22248 "https://smarthomediscovery.com/" "Mozilla/5.0 (Android 13; Mobile; rv:98.0) Gecko/98.0 Firefox/98.0"
192.0.84.117 - - [20/May/2026:04:04:36 +0000] "HEAD / HTTP/1.1" 200 - "-" "jetmon/1.0 (Jetpack Site Uptime Monitor by WordPress.com)"
192.0.100.154 - - [20/May/2026:04:04:38 +0000] "GET /wp-content/uploads/2020/07/tips_to_help_you_find_the_right_home_security_strategy.jpg HTTP/1.1" 200 77213 "-" "Photon/1.0"
77.75.77.54 - - [20/May/2026:04:04:53 +0000] "GET /product-recommendations/ HTTP/1.1" 200 14968 "-" "Mozilla/5.0 (compatible; SeznamBot/4.0; +https://o-seznam.cz/napoveda/vyhledavani/en/seznambot-crawler/)"
184.94.212.206 - - [20/May/2026:04:07:58 +0000] "POST /wp-cron.php?doing_wp_cron=1779250078.0466439723968505859375 HTTP/1.1" 200 - "-" "WordPress/6.9.4; https://smarthomediscovery.com"
47.128.55.231 - - [20/May/2026:04:07:56 +0000] "GET /solid-information-about-home-security-which-is-easy-to-understand/?nb=1&share=x HTTP/1.1" 302 - "-" "Mozilla/5.0 (compatible; Bytespider; spider-feedback@bytedance.com) AppleWebKit/537.36 (KHTML, like Gecko) Chrome/70.0.0.0 Safari/537.36"
184.94.212.206 - - [20/May/2026:04:09:35 +0000] "POST /wp-cron.php?doing_wp_cron=1779250175.8701879978179931640625 HTTP/1.1" 200 - "-" "WordPress/6.9.4; https://smarthomediscovery.com"
145.223.130.188 - - [20/May/2026:04:09:34 +0000] "GET /everything-you-must-know-about-home-security/?share=facebook HTTP/1.1" 302 - "-" "Mozilla/5.0 (Macintosh; Intel Mac OS X 10_15_7) AppleWebKit/537.36 (KHTML, like Gecko) Chrome/116.0.0.0 Safari/537.36"
192.0.84.117 - - [20/May/2026:04:09:37 +0000] "HEAD / HTTP/1.1" 200 - "-" "jetmon/1.0 (Jetpack Site Uptime Monitor by WordPress.com)"
145.223.130.186 - - [20/May/2026:04:09:54 +0000] "GET /improve-your-home-security-with-these-outstanding-tips/?share=x HTTP/1.1" 302 - "-" "Mozilla/5.0 (Macintosh; Intel Mac OS X 13_5) AppleWebKit/605.1.15 (KHTML, like Gecko) Version/17.0 Safari/184.1"
184.94.212.206 - - [20/May/2026:04:11:58 +0000] "POST /wp-cron.php?doing_wp_cron=1779250318.6319320201873779296875 HTTP/1.1" 200 - "-" "WordPress/6.9.4; https://smarthomediscovery.com"
47.128.55.199 - - [20/May/2026:04:11:57 +0000] "GET /home-security-advice-straight-from-the-experts/?nb=1&share=x HTTP/1.1" 302 - "-" "Mozilla/5.0 (compatible; Bytespider; spider-feedback@bytedance.com) AppleWebKit/537.36 (KHTML, like Gecko) Chrome/70.0.0.0 Safari/537.36"
57.141.2.15 - - [20/May/2026:04:13:04 +0000] "GET /how_to_approach_home_security_in_todays_world-jpg/ HTTP/1.1" 301 - "-" "meta-externalagent/1.1 (+https://developers.facebook.com/docs/sharing/webmasters/crawler)"
184.94.212.206 - - [20/May/2026:04:13:28 +0000] "POST /wp-cron.php?doing_wp_cron=1779250408.0108931064605712890625 HTTP/1.1" 200 - "-" "WordPress/6.9.4; https://smarthomediscovery.com"
114.119.137.128 - - [20/May/2026:04:13:27 +0000] "GET /tips-to-make-your-home-a-better-place-to-live/?share=x HTTP/1.1" 302 - "https://www.smarthomediscovery.com/tips-to-make-your-home-a-better-place-to-live/?noamp=mobile" "Mozilla/5.0 (Linux; Android 7.0;) AppleWebKit/537.36 (HTML, like Gecko) Mobile Safari/537.36 (compatible; PetalBot;+https://webmaster.petalsearch.com/site/petalbot)"
192.0.84.117 - - [20/May/2026:04:14:35 +0000] "HEAD / HTTP/1.1" 200 - "-" "jetmon/1.0 (Jetpack Site Uptime Monitor by WordPress.com)"
184.94.212.206 - - [20/May/2026:04:15:59 +0000] "POST /wp-cron.php?doing_wp_cron=1779250559.2945671081542968750000 HTTP/1.1" 200 - "-" "WordPress/6.9.4; https://smarthomediscovery.com"
47.128.55.29 - - [20/May/2026:04:15:57 +0000] "GET /if-youre-seeking-out-the-best-secrets-about-real-estate-investing-read-this/?nb=1&noamp=mobile&share=x HTTP/1.1" 302 - "-" "Mozilla/5.0 (compatible; Bytespider; spider-feedback@bytedance.com) AppleWebKit/537.36 (KHTML, like Gecko) Chrome/70.0.0.0 Safari/537.36"
180.191.120.95 - - [20/May/2026:04:19:02 +0000] "POST /wp-comments-post.php HTTP/1.1" 500 1077 "-" "Mozilla/5.0 (Windows NT 10.0; Win64; x64) AppleWebKit/537.36 (KHTML, like Gecko) Chrome/120.0.0.0 Safari/537.36"
180.191.120.95 - - [20/May/2026:04:19:04 +0000] "POST /wp-comments-post.php HTTP/1.1" 500 1078 "-" "Mozilla/5.0 (Windows NT 10.0; Win64; x64) AppleWebKit/537.36 (KHTML, like Gecko) Chrome/120.0.0.0 Safari/537.36"
192.0.84.117 - - [20/May/2026:04:19:34 +0000] "HEAD / HTTP/1.1" 200 - "-" "jetmon/1.0 (Jetpack Site Uptime Monitor by WordPress.com)"
47.128.55.211 - - [20/May/2026:04:20:01 +0000] "GET /author/h0tn1ch3s/page/8/?noamp=mobile HTTP/1.1" 301 - "-" "Mozilla/5.0 (compatible; Bytespider; spider-feedback@bytedance.com) AppleWebKit/537.36 (KHTML, like Gecko) Chrome/70.0.0.0 Safari/537.36"
47.128.55.211 - - [20/May/2026:04:20:04 +0000] "GET /author/h0tn1ch3s/page/8/?noamp=mobile HTTP/1.1" 200 17590 "-" "Mozilla/5.0 (compatible; Bytespider; spider-feedback@bytedance.com) AppleWebKit/537.36 (KHTML, like Gecko) Chrome/70.0.0.0 Safari/537.36"
47.128.55.211 - - [20/May/2026:04:20:07 +0000] "GET /wp-content/themes/magazine-pro/style.css?ver=3.2.4 HTTP/1.1" 200 8227 "https://smarthomediscovery.com/author/h0tn1ch3s/page/8/?noamp=mobile" "Mozilla/5.0 (compatible; Bytespider; spider-feedback@bytedance.com) AppleWebKit/537.36 (KHTML, like Gecko) Chrome/70.0.0.0 Safari/537.36"
184.94.212.206 - - [20/May/2026:04:21:35 +0000] "POST /wp-cron.php?doing_wp_cron=1779250895.3802409172058105468750 HTTP/1.1" 200 - "-" "WordPress/6.9.4; https://smarthomediscovery.com"
216.73.216.68 - - [20/May/2026:04:21:33 +0000] "GET /tag/improvement-projects/ HTTP/1.1" 200 14882 "-" "Mozilla/5.0 AppleWebKit/537.36 (KHTML, like Gecko; compatible; ClaudeBot/1.0; +claudebot@anthropic.com)"
184.94.212.206 - - [20/May/2026:04:21:55 +0000] "POST /wp-cron.php?doing_wp_cron=1779250915.5363409519195556640625 HTTP/1.1" 200 - "-" "WordPress/6.9.4; https://smarthomediscovery.com"
216.73.216.68 - - [20/May/2026:04:21:54 +0000] "GET /tag/window-treatments/ HTTP/1.1" 200 14088 "-" "Mozilla/5.0 AppleWebKit/537.36 (KHTML, like Gecko; compatible; ClaudeBot/1.0; +claudebot@anthropic.com)"
184.94.212.206 - - [20/May/2026:04:23:50 +0000] "POST /wp-cron.php?doing_wp_cron=1779251030.2999429702758789062500 HTTP/1.1" 200 - "-" "WordPress/6.9.4; https://smarthomediscovery.com"
47.128.55.206 - - [20/May/2026:04:23:48 +0000] "GET /useful-information-for-keeping-your-house-and-valuables-secure/ HTTP/1.1" 301 - "-" "Mozilla/5.0 (Linux; Android 5.0) AppleWebKit/537.36 (KHTML, like Gecko) Mobile Safari/537.36 (compatible; Bytespider; spider-feedback@bytedance.com)"
47.128.55.206 - - [20/May/2026:04:23:51 +0000] "GET /useful-information-for-keeping-your-house-and-valuables-secure/ HTTP/1.1" 200 22362 "-" "Mozilla/5.0 (Linux; Android 5.0) AppleWebKit/537.36 (KHTML, like Gecko) Mobile Safari/537.36 (compatible; Bytespider; spider-feedback@bytedance.com)"
47.128.55.32 - - [20/May/2026:04:24:00 +0000] "GET /home-improvement-tips-to-use-on-your-next-project/?nb=1&noamp=mobile&share=x HTTP/1.1" 302 - "-" "Mozilla/5.0 (compatible; Bytespider; spider-feedback@bytedance.com) AppleWebKit/537.36 (KHTML, like Gecko) Chrome/70.0.0.0 Safari/537.36"
192.0.84.117 - - [20/May/2026:04:24:35 +0000] "HEAD / HTTP/1.1" 200 - "-" "jetmon/1.0 (Jetpack Site Uptime Monitor by WordPress.com)"
184.94.212.206 - - [20/May/2026:04:27:53 +0000] "POST /wp-cron.php?doing_wp_cron=1779251273.0392301082611083984375 HTTP/1.1" 200 - "-" "WordPress/6.9.4; https://smarthomediscovery.com"
47.128.55.225 - - [20/May/2026:04:27:51 +0000] "GET /tips-for-having-a-great-home-security-system/?nb=1&share=x HTTP/1.1" 302 - "-" "Mozilla/5.0 (compatible; Bytespider; spider-feedback@bytedance.com) AppleWebKit/537.36 (KHTML, like Gecko) Chrome/70.0.0.0 Safari/537.36"
47.128.55.40 - - [20/May/2026:04:28:00 +0000] "GET /want-to-know-more-about-home-improvement/?nb=1&noamp=mobile&share=x HTTP/1.1" 302 - "-" "Mozilla/5.0 (compatible; Bytespider; spider-feedback@bytedance.com) AppleWebKit/537.36 (KHTML, like Gecko) Chrome/70.0.0.0 Safari/537.36"
184.94.212.206 - - [20/May/2026:04:29:40 +0000] "POST /wp-cron.php?doing_wp_cron=1779251380.4608750343322753906250 HTTP/1.1" 200 - "-" "WordPress/6.9.4; https://smarthomediscovery.com"
192.0.84.117 - - [20/May/2026:04:29:38 +0000] "HEAD / HTTP/1.1" 200 - "-" "jetmon/1.0 (Jetpack Site Uptime Monitor by WordPress.com)"
184.94.212.206 - - [20/May/2026:04:31:34 +0000] "POST /wp-cron.php?doing_wp_cron=1779251494.4917230606079101562500 HTTP/1.1" 200 - "-" "WordPress/6.9.4; https://smarthomediscovery.com"
145.223.130.108 - - [20/May/2026:04:31:32 +0000] "GET /if-youre-seeking-out-the-best-secrets-about-real-estate-investing-read-this/?share=x HTTP/1.1" 302 - "-" "Mozilla/5.0 (Macintosh; Intel Mac OS X 10_15_7) AppleWebKit/537.36 (KHTML, like Gecko) Chrome/116.0.0.0 Safari/537.36"
47.128.55.199 - - [20/May/2026:04:31:51 +0000] "GET /fantastic-advice-on-how-to-make-your-home-security-better/?noamp=mobile HTTP/1.1" 301 - "-" "Mozilla/5.0 (compatible; Bytespider; spider-feedback@bytedance.com) AppleWebKit/537.36 (KHTML, like Gecko) Chrome/70.0.0.0 Safari/537.36"
47.128.55.199 - - [20/May/2026:04:31:54 +0000] "GET /fantastic-advice-on-how-to-make-your-home-security-better/?noamp=mobile HTTP/1.1" 200 22267 "-" "Mozilla/5.0 (compatible; Bytespider; spider-feedback@bytedance.com) AppleWebKit/537.36 (KHTML, like Gecko) Chrome/70.0.0.0 Safari/537.36"
47.128.55.217 - - [20/May/2026:04:32:03 +0000] "GET /look-after-your-home-with-these-awesome-home-security-tips/ HTTP/1.1" 301 - "-" "Mozilla/5.0 (Linux; Android 5.0) AppleWebKit/537.36 (KHTML, like Gecko) Mobile Safari/537.36 (compatible; Bytespider; spider-feedback@bytedance.com)"
47.128.55.217 - - [20/May/2026:04:32:05 +0000] "GET /look-after-your-home-with-these-awesome-home-security-tips/ HTTP/1.1" 200 22253 "-" "Mozilla/5.0 (Linux; Android 5.0) AppleWebKit/537.36 (KHTML, like Gecko) Mobile Safari/537.36 (compatible; Bytespider; spider-feedback@bytedance.com)"
14.226.47.228 - - [20/May/2026:04:32:31 +0000] "GET /advice-all-homeowners-should-know-about-home-security/ HTTP/1.1" 200 22199 "-" "Mozilla/5.0 (Windows NT 10.0; WOW64) AppleWebKit/537.36 (KHTML, like Gecko) Chrome/87.0.4280.66 Safari/537.36"
184.94.212.206 - - [20/May/2026:04:34:37 +0000] "POST /wp-cron.php?doing_wp_cron=1779251677.7741899490356445312500 HTTP/1.1" 200 - "-" "WordPress/6.9.4; https://smarthomediscovery.com"
192.0.84.117 - - [20/May/2026:04:34:36 +0000] "HEAD / HTTP/1.1" 200 - "-" "jetmon/1.0 (Jetpack Site Uptime Monitor by WordPress.com)"
184.94.212.206 - - [20/May/2026:04:39:08 +0000] "POST /wp-cron.php?doing_wp_cron=1779251948.0146129131317138671875 HTTP/1.1" 200 - "-" "WordPress/6.9.4; https://smarthomediscovery.com"
77.75.77.54 - - [20/May/2026:04:39:06 +0000] "GET /tag/hiding-spots/ HTTP/1.1" 200 13989 "-" "Mozilla/5.0 (compatible; SeznamBot/4.0; +https://o-seznam.cz/napoveda/vyhledavani/en/seznambot-crawler/)"
192.0.84.117 - - [20/May/2026:04:39:38 +0000] "HEAD / HTTP/1.1" 200 - "-" "jetmon/1.0 (Jetpack Site Uptime Monitor by WordPress.com)"
47.128.55.51 - - [20/May/2026:04:39:47 +0000] "GET /news/ HTTP/1.1" 301 - "-" "Mozilla/5.0 (Linux; Android 5.0) AppleWebKit/537.36 (KHTML, like Gecko) Mobile Safari/537.36 (compatible; Bytespider; spider-feedback@bytedance.com)"
47.128.55.51 - - [20/May/2026:04:39:50 +0000] "GET /news/ HTTP/1.1" 200 14949 "-" "Mozilla/5.0 (Linux; Android 5.0) AppleWebKit/537.36 (KHTML, like Gecko) Mobile Safari/537.36 (compatible; Bytespider; spider-feedback@bytedance.com)"
184.94.212.206 - - [20/May/2026:04:44:02 +0000] "POST /wp-cron.php?doing_wp_cron=1779252242.4039039611816406250000 HTTP/1.1" 200 - "-" "WordPress/6.9.4; https://smarthomediscovery.com"
47.128.55.250 - - [20/May/2026:04:44:00 +0000] "GET /tag/exterior-doors/?noamp=mobile HTTP/1.1" 301 - "-" "Mozilla/5.0 (Linux; Android 5.0) AppleWebKit/537.36 (KHTML, like Gecko) Mobile Safari/537.36 (compatible; Bytespider; spider-feedback@bytedance.com)"
47.128.55.250 - - [20/May/2026:04:44:05 +0000] "GET /tag/exterior-doors/?noamp=mobile HTTP/1.1" 200 13915 "-" "Mozilla/5.0 (Linux; Android 5.0) AppleWebKit/537.36 (KHTML, like Gecko) Mobile Safari/537.36 (compatible; Bytespider; spider-feedback@bytedance.com)"
47.128.55.250 - - [20/May/2026:04:44:09 +0000] "GET /wp-content/themes/magazine-pro/style.css?ver=3.2.4 HTTP/1.1" 200 8227 "https://smarthomediscovery.com/tag/exterior-doors/?noamp=mobile" "Mozilla/5.0 (Linux; Android 5.0) AppleWebKit/537.36 (KHTML, like Gecko) Mobile Safari/537.36 (compatible; Bytespider; spider-feedback@bytedance.com)"
47.128.55.250 - - [20/May/2026:04:44:10 +0000] "GET /wp-content/plugins/simple-social-icons/css/style.css?ver=4.0.0 HTTP/1.1" 200 461 "https://smarthomediscovery.com/tag/exterior-doors/?noamp=mobile" "Mozilla/5.0 (Linux; Android 5.0) AppleWebKit/537.36 (KHTML, like Gecko) Mobile Safari/537.36 (compatible; Bytespider; spider-feedback@bytedance.com)"
192.0.84.117 - - [20/May/2026:04:44:42 +0000] "HEAD / HTTP/1.1" 200 - "-" "jetmon/1.0 (Jetpack Site Uptime Monitor by WordPress.com)"
184.94.212.206 - - [20/May/2026:04:47:19 +0000] "POST /wp-cron.php?doing_wp_cron=1779252439.1275649070739746093750 HTTP/1.1" 200 - "-" "WordPress/6.9.4; https://smarthomediscovery.com"
