File: //home/primrwxj/access-logs/smarthomediscovery.primemusicproductions.com-ssl_log
66.249.66.13 - - [19/May/2026:18:17:52 +0000] "GET /robots.txt HTTP/1.1" 200 150 "-" "Mozilla/5.0 (compatible; Googlebot/2.1; +http://www.google.com/bot.html)"
184.94.212.206 - - [19/May/2026:18:18:15 +0000] "GET /wp-json/jetpack/v4/sync/spawn-sync?time=1779214694&request_lock_id=5c196399-cb24-405e-8686-e345f55ac96e HTTP/1.1" 503 655 "-" "WordPress/6.9.4; https://smarthomediscovery.com"
184.94.212.206 - - [19/May/2026:18:18:10 +0000] "GET /?wp_scrape_key=57923fffba402a2dbb58816d0d746730&wp_scrape_nonce=1779214688 HTTP/1.1" 200 16613 "-" "WordPress/6.9.4; https://smarthomediscovery.com"
184.94.212.206 - - [19/May/2026:18:18:18 +0000] "GET /?wp_scrape_key=3d2c5db45da9858dd70c6f8604e6a9cc&wp_scrape_nonce=1779214696 HTTP/1.1" 200 16614 "-" "WordPress/6.9.4; https://smarthomediscovery.com"
184.94.212.206 - - [19/May/2026:18:18:24 +0000] "GET /?wp_scrape_key=b6e7837fd82be43e7529bfbf090f9ae7&wp_scrape_nonce=1779214702 HTTP/1.1" 200 16611 "-" "WordPress/6.9.4; https://smarthomediscovery.com"
184.94.212.206 - - [19/May/2026:18:18:30 +0000] "GET /?wp_scrape_key=0cd94cdd494d320e9fa2f1aea6df8422&wp_scrape_nonce=1779214708 HTTP/1.1" 200 16611 "-" "WordPress/6.9.4; https://smarthomediscovery.com"
184.94.212.206 - - [19/May/2026:18:18:36 +0000] "GET /?wp_scrape_key=3cd6c5b7d3408fae8c49c3764d7f43c7&wp_scrape_nonce=1779214714 HTTP/1.1" 200 16612 "-" "WordPress/6.9.4; https://smarthomediscovery.com"
184.94.212.206 - - [19/May/2026:18:18:40 +0000] "GET /?wp_scrape_key=a6ee8e14f5e6836c0a1a4e7e33482f79&wp_scrape_nonce=1779214718 HTTP/1.1" 200 16611 "-" "WordPress/6.9.4; https://smarthomediscovery.com"
184.94.212.206 - - [19/May/2026:18:18:44 +0000] "GET /?wp_scrape_key=0da97e95383f775cfb7f9b89c4026fd7&wp_scrape_nonce=1779214722 HTTP/1.1" 200 16612 "-" "WordPress/6.9.4; https://smarthomediscovery.com"
184.94.212.206 - - [19/May/2026:18:18:51 +0000] "POST /wp-cron.php?doing_wp_cron=1779214731.3602180480957031250000 HTTP/1.1" 200 - "-" "WordPress/6.9.4; https://smarthomediscovery.com"
184.94.212.206 - - [19/May/2026:18:18:50 +0000] "GET /?wp_scrape_key=cfceb9d291b07714d705137225c8798a&wp_scrape_nonce=1779214728 HTTP/1.1" 200 16612 "-" "WordPress/6.9.4; https://smarthomediscovery.com"
184.94.212.206 - - [19/May/2026:18:18:55 +0000] "GET /?wp_scrape_key=e3e7c8744c2bcf5a9054d89edc61eff0&wp_scrape_nonce=1779214732 HTTP/1.1" 200 16612 "-" "WordPress/6.9.4; https://smarthomediscovery.com"
184.94.212.206 - - [19/May/2026:18:18:59 +0000] "GET /?wp_scrape_key=3551e14e55906082dff6550fef3155e8&wp_scrape_nonce=1779214737 HTTP/1.1" 200 16612 "-" "WordPress/6.9.4; https://smarthomediscovery.com"
184.94.212.206 - - [19/May/2026:22:19:15 +0000] "POST /wp-cron.php?doing_wp_cron=1779229155.9031701087951660156250 HTTP/1.1" 200 - "-" "WordPress/6.9.4; https://smarthomediscovery.com"
184.94.212.206 - - [19/May/2026:22:19:15 +0000] "GET /wp-json/jetpack/v4/sync/spawn-sync?time=1779229155 HTTP/1.1" 200 37 "-" "WordPress/6.9.4; https://smarthomediscovery.com"
47.128.55.246 - - [19/May/2026:22:19:15 +0000] "GET /learn-what-the-professionals-dont-want-you-to-know-about-home-security/?nb=1&noamp=mobile&share=x HTTP/1.1" 302 - "-" "Mozilla/5.0 (compatible; Bytespider; spider-feedback@bytedance.com) AppleWebKit/537.36 (KHTML, like Gecko) Chrome/70.0.0.0 Safari/537.36"
184.94.212.206 - - [19/May/2026:22:19:17 +0000] "GET / HTTP/1.1" 200 97552 "-" "-"
184.94.212.206 - - [19/May/2026:22:19:18 +0000] "POST /wp-cron.php HTTP/1.1" 200 - "-" "WordPress/6.9.4; https://smarthomediscovery.com"
184.94.212.206 - - [19/May/2026:22:19:18 +0000] "GET / HTTP/1.1" 200 16515 "-" "WordPress/6.9.4; https://smarthomediscovery.com"
184.94.212.206 - - [19/May/2026:22:19:19 +0000] "GET / HTTP/1.1" 200 16516 "-" "WordPress/6.9.4; https://smarthomediscovery.com"
184.94.212.206 - - [19/May/2026:22:19:20 +0000] "GET / HTTP/1.1" 200 16516 "-" "WordPress/6.9.4; https://smarthomediscovery.com"
184.94.212.206 - - [19/May/2026:22:19:21 +0000] "GET /?timestamp=1779229161 HTTP/1.1" 200 16531 "-" "WordPress/6.9.4; https://smarthomediscovery.com"
184.94.212.206 - - [19/May/2026:22:19:22 +0000] "GET /?timestamp=1779229162 HTTP/1.1" 200 16532 "-" "WordPress/6.9.4; https://smarthomediscovery.com"
184.94.212.206 - - [19/May/2026:22:19:23 +0000] "GET /wp-login.php?timestamp=1779229163 HTTP/1.1" 200 3654 "-" "WordPress/6.9.4; https://smarthomediscovery.com"
192.0.84.117 - - [19/May/2026:22:19:35 +0000] "HEAD / HTTP/1.1" 200 - "-" "jetmon/1.0 (Jetpack Site Uptime Monitor by WordPress.com)"
184.94.212.206 - - [19/May/2026:22:20:50 +0000] "GET /wp-json/jetpack/v4/sync/spawn-sync?time=1779229250&request_lock_id=a84a2b3e-71aa-4716-98f7-00503c69f1fa HTTP/1.1" 200 37 "-" "WordPress/6.9.4; https://smarthomediscovery.com"
66.249.66.162 - - [19/May/2026:22:20:53 +0000] "GET /ads.txt HTTP/1.1" 200 58 "-" "Google-adstxt"
184.94.212.206 - - [19/May/2026:22:23:19 +0000] "POST /wp-cron.php?doing_wp_cron=1779229399.7571458816528320312500 HTTP/1.1" 200 - "-" "WordPress/6.9.4; https://smarthomediscovery.com"
47.128.55.208 - - [19/May/2026:22:23:18 +0000] "GET /get-on-top-of-your-home-security-with-these-tips/ HTTP/1.1" 301 - "-" "Mozilla/5.0 (compatible; Bytespider; spider-feedback@bytedance.com) AppleWebKit/537.36 (KHTML, like Gecko) Chrome/70.0.0.0 Safari/537.36"
47.128.55.208 - - [19/May/2026:22:23:21 +0000] "GET /get-on-top-of-your-home-security-with-these-tips/ HTTP/1.1" 200 22024 "-" "Mozilla/5.0 (compatible; Bytespider; spider-feedback@bytedance.com) AppleWebKit/537.36 (KHTML, like Gecko) Chrome/70.0.0.0 Safari/537.36"
47.128.55.208 - - [19/May/2026:22:23:23 +0000] "GET /wp-content/themes/magazine-pro/style.css?ver=3.2.4 HTTP/1.1" 200 8227 "https://smarthomediscovery.com/get-on-top-of-your-home-security-with-these-tips/" "Mozilla/5.0 (compatible; Bytespider; spider-feedback@bytedance.com) AppleWebKit/537.36 (KHTML, like Gecko) Chrome/70.0.0.0 Safari/537.36"
47.128.55.208 - - [19/May/2026:22:23:23 +0000] "GET /wp-content/plugins/simple-social-icons/css/style.css?ver=4.0.0 HTTP/1.1" 200 461 "https://smarthomediscovery.com/get-on-top-of-your-home-security-with-these-tips/" "Mozilla/5.0 (compatible; Bytespider; spider-feedback@bytedance.com) AppleWebKit/537.36 (KHTML, like Gecko) Chrome/70.0.0.0 Safari/537.36"
82.31.91.169 - - [19/May/2026:22:24:30 +0000] "GET /tag/an-excellent/?amp HTTP/1.1" 200 13978 "-" "Mozilla/5.0 (Macintosh; U; PPC Mac OS X; en) AppleWebKit/418.9 (KHTML, like Gecko) Safari/419.3"
192.0.84.117 - - [19/May/2026:22:24:37 +0000] "HEAD / HTTP/1.1" 200 - "-" "jetmon/1.0 (Jetpack Site Uptime Monitor by WordPress.com)"
184.94.212.206 - - [19/May/2026:22:27:15 +0000] "POST /wp-cron.php?doing_wp_cron=1779229635.8291249275207519531250 HTTP/1.1" 200 - "-" "WordPress/6.9.4; https://smarthomediscovery.com"
114.119.157.177 - - [19/May/2026:22:27:14 +0000] "GET /well-answer-your-pressing-questions-about-real-estate-investing-today/?amp HTTP/1.1" 301 - "https://www.smarthomediscovery.com/real-estate-investing-is-fun-to-learn-about/?amp" "Mozilla/5.0 (Linux; Android 7.0;) AppleWebKit/537.36 (HTML, like Gecko) Mobile Safari/537.36 (compatible; PetalBot;+https://webmaster.petalsearch.com/site/petalbot)"
114.119.157.177 - - [19/May/2026:22:27:17 +0000] "GET /well-answer-your-pressing-questions-about-real-estate-investing-today/?amp HTTP/1.1" 200 21401 "https://www.smarthomediscovery.com/real-estate-investing-is-fun-to-learn-about/?amp" "Mozilla/5.0 (Linux; Android 7.0;) AppleWebKit/537.36 (HTML, like Gecko) Mobile Safari/537.36 (compatible; PetalBot;+https://webmaster.petalsearch.com/site/petalbot)"
47.128.55.226 - - [19/May/2026:22:27:40 +0000] "GET /blog/page/33/ HTTP/1.1" 301 - "-" "Mozilla/5.0 (Linux; Android 5.0) AppleWebKit/537.36 (KHTML, like Gecko) Mobile Safari/537.36 (compatible; Bytespider; spider-feedback@bytedance.com)"
47.128.55.226 - - [19/May/2026:22:27:56 +0000] "GET /blog/page/33/ HTTP/1.1" 200 14922 "-" "Mozilla/5.0 (Linux; Android 5.0) AppleWebKit/537.36 (KHTML, like Gecko) Mobile Safari/537.36 (compatible; Bytespider; spider-feedback@bytedance.com)"
47.128.55.226 - - [19/May/2026:22:28:07 +0000] "GET /wp-content/plugins/simple-social-icons/css/style.css?ver=4.0.0 HTTP/1.1" 200 461 "https://smarthomediscovery.com/blog/page/33/" "Mozilla/5.0 (Linux; Android 5.0) AppleWebKit/537.36 (KHTML, like Gecko) Mobile Safari/537.36 (compatible; Bytespider; spider-feedback@bytedance.com)"
47.128.55.226 - - [19/May/2026:22:28:07 +0000] "GET /wp-content/themes/magazine-pro/style.css?ver=3.2.4 HTTP/1.1" 200 8227 "https://smarthomediscovery.com/blog/page/33/" "Mozilla/5.0 (Linux; Android 5.0) AppleWebKit/537.36 (KHTML, like Gecko) Mobile Safari/537.36 (compatible; Bytespider; spider-feedback@bytedance.com)"
184.94.212.206 - - [19/May/2026:22:28:13 +0000] "POST /wp-cron.php?doing_wp_cron=1779229693.8733808994293212890625 HTTP/1.1" 200 - "-" "WordPress/6.9.4; https://smarthomediscovery.com"
57.141.2.38 - - [19/May/2026:22:28:13 +0000] "GET /tag/credit-card/ HTTP/1.1" 200 91264 "-" "meta-externalagent/1.1 (+https://developers.facebook.com/docs/sharing/webmasters/crawler)"
77.75.76.163 - - [19/May/2026:22:28:32 +0000] "GET /robots.txt HTTP/1.1" 200 150 "-" "Mozilla/5.0 (compatible; SeznamBot/4.0; +https://o-seznam.cz/napoveda/vyhledavani/en/seznambot-crawler/)"
77.75.76.163 - - [19/May/2026:22:28:32 +0000] "GET /simple-home-improvement-tips-for-every-homeowner/ HTTP/1.1" 200 21996 "-" "Mozilla/5.0 (compatible; SeznamBot/4.0; +https://o-seznam.cz/napoveda/vyhledavani/en/seznambot-crawler/)"
192.0.84.117 - - [19/May/2026:22:29:33 +0000] "HEAD / HTTP/1.1" 200 - "-" "jetmon/1.0 (Jetpack Site Uptime Monitor by WordPress.com)"
184.94.212.206 - - [19/May/2026:22:31:17 +0000] "POST /wp-cron.php?doing_wp_cron=1779229877.8348970413208007812500 HTTP/1.1" 200 - "-" "WordPress/6.9.4; https://smarthomediscovery.com"
47.128.55.46 - - [19/May/2026:22:31:16 +0000] "GET /feel-safe-in-your-home-after-reading-this/ HTTP/1.1" 200 21707 "-" "Mozilla/5.0 (Linux; Android 5.0) AppleWebKit/537.36 (KHTML, like Gecko) Mobile Safari/537.36 (compatible; Bytespider; spider-feedback@bytedance.com)"
47.128.55.46 - - [19/May/2026:22:31:18 +0000] "GET /wp-content/themes/magazine-pro/style.css?ver=3.2.4 HTTP/1.1" 200 8227 "https://smarthomediscovery.com/feel-safe-in-your-home-after-reading-this/" "Mozilla/5.0 (Linux; Android 5.0) AppleWebKit/537.36 (KHTML, like Gecko) Mobile Safari/537.36 (compatible; Bytespider; spider-feedback@bytedance.com)"
47.128.55.46 - - [19/May/2026:22:31:18 +0000] "GET /wp-content/plugins/simple-social-icons/css/style.css?ver=4.0.0 HTTP/1.1" 200 461 "https://smarthomediscovery.com/feel-safe-in-your-home-after-reading-this/" "Mozilla/5.0 (Linux; Android 5.0) AppleWebKit/537.36 (KHTML, like Gecko) Mobile Safari/537.36 (compatible; Bytespider; spider-feedback@bytedance.com)"
145.223.132.44 - - [19/May/2026:22:31:29 +0000] "GET /take-command-of-the-security-within-your-home/?share=x HTTP/1.1" 302 - "-" "Mozilla/5.0 (iPhone; CPU iPhone OS 17_0 like Mac OS X) AppleWebKit/605.1.15 (KHTML, like Gecko) Version/17.0 Mobile/15E148 Safari/172.1"
184.94.212.206 - - [19/May/2026:22:33:18 +0000] "POST /wp-cron.php?doing_wp_cron=1779229998.1637918949127197265625 HTTP/1.1" 200 - "-" "WordPress/6.9.4; https://smarthomediscovery.com"
17.241.75.248 - - [19/May/2026:22:33:16 +0000] "GET /robots.txt HTTP/1.1" 200 150 "-" "Mozilla/5.0 (Macintosh; Intel Mac OS X 10_15_7) AppleWebKit/605.1.15 (KHTML, like Gecko) Version/17.4 Safari/605.1.15 (Applebot/0.1; +http://www.apple.com/go/applebot)"
17.241.75.248 - - [19/May/2026:22:33:18 +0000] "GET /tips-to-help-you-find-the-right-home-security-strategy/ HTTP/1.1" 200 22281 "-" "Mozilla/5.0 (Macintosh; Intel Mac OS X 10_15_7) AppleWebKit/605.1.15 (KHTML, like Gecko) Version/17.4 Safari/605.1.15 (Applebot/0.1; +http://www.apple.com/go/applebot)"
185.191.171.19 - - [19/May/2026:22:34:26 +0000] "GET /robots.txt HTTP/1.1" 200 150 "-" "Mozilla/5.0 (compatible; SemrushBot/7~bl; +http://www.semrush.com/bot.html)"
85.208.96.211 - - [19/May/2026:22:34:27 +0000] "GET /tag/mature-plants/ HTTP/1.1" 200 13824 "-" "Mozilla/5.0 (compatible; SemrushBot/7~bl; +http://www.semrush.com/bot.html)"
192.0.84.117 - - [19/May/2026:22:34:34 +0000] "HEAD / HTTP/1.1" 200 - "-" "jetmon/1.0 (Jetpack Site Uptime Monitor by WordPress.com)"
85.208.96.193 - - [19/May/2026:22:34:36 +0000] "GET /sitemap.xml HTTP/1.1" 200 303 "-" "Mozilla/5.0 (compatible; SemrushBot/7~bl; +http://www.semrush.com/bot.html)"
85.208.96.197 - - [19/May/2026:22:34:38 +0000] "GET /news-sitemap.xml HTTP/1.1" 200 314 "-" "Mozilla/5.0 (compatible; SemrushBot/7~bl; +http://www.semrush.com/bot.html)"
85.208.96.197 - - [19/May/2026:22:34:40 +0000] "GET /sitemap_index.xml HTTP/1.1" 200 347 "-" "Mozilla/5.0 (compatible; SemrushBot/7~bl; +http://www.semrush.com/bot.html)"
185.191.171.10 - - [19/May/2026:22:34:42 +0000] "GET /post_tag-sitemap.xml HTTP/1.1" 200 2366 "-" "Mozilla/5.0 (compatible; SemrushBot/7~bl; +http://www.semrush.com/bot.html)"
185.191.171.10 - - [19/May/2026:22:34:44 +0000] "GET /category-sitemap.xml HTTP/1.1" 200 454 "-" "Mozilla/5.0 (compatible; SemrushBot/7~bl; +http://www.semrush.com/bot.html)"
85.208.96.197 - - [19/May/2026:22:34:47 +0000] "GET /page-sitemap.xml HTTP/1.1" 200 651 "-" "Mozilla/5.0 (compatible; SemrushBot/7~bl; +http://www.semrush.com/bot.html)"
85.208.96.197 - - [19/May/2026:22:34:49 +0000] "GET /post-sitemap.xml HTTP/1.1" 200 8240 "-" "Mozilla/5.0 (compatible; SemrushBot/7~bl; +http://www.semrush.com/bot.html)"
85.208.96.197 - - [19/May/2026:22:34:51 +0000] "GET /image-sitemap-1.xml HTTP/1.1" 200 6935 "-" "Mozilla/5.0 (compatible; SemrushBot/7~bl; +http://www.semrush.com/bot.html)"
85.208.96.197 - - [19/May/2026:22:34:53 +0000] "GET /sitemap-1.xml HTTP/1.1" 200 4727 "-" "Mozilla/5.0 (compatible; SemrushBot/7~bl; +http://www.semrush.com/bot.html)"
47.128.55.249 - - [19/May/2026:22:35:33 +0000] "GET /blog/page/19/ HTTP/1.1" 301 - "-" "Mozilla/5.0 (Linux; Android 5.0) AppleWebKit/537.36 (KHTML, like Gecko) Mobile Safari/537.36 (compatible; Bytespider; spider-feedback@bytedance.com)"
184.94.212.206 - - [19/May/2026:22:35:44 +0000] "POST /wp-cron.php?doing_wp_cron=1779230144.7383689880371093750000 HTTP/1.1" 200 - "-" "WordPress/6.9.4; https://smarthomediscovery.com"
47.128.55.249 - - [19/May/2026:22:35:43 +0000] "GET /blog/page/19/ HTTP/1.1" 200 14922 "-" "Mozilla/5.0 (Linux; Android 5.0) AppleWebKit/537.36 (KHTML, like Gecko) Mobile Safari/537.36 (compatible; Bytespider; spider-feedback@bytedance.com)"
47.128.55.249 - - [19/May/2026:22:35:48 +0000] "GET /wp-content/themes/magazine-pro/style.css?ver=3.2.4 HTTP/1.1" 200 8227 "https://smarthomediscovery.com/blog/page/19/" "Mozilla/5.0 (Linux; Android 5.0) AppleWebKit/537.36 (KHTML, like Gecko) Mobile Safari/537.36 (compatible; Bytespider; spider-feedback@bytedance.com)"
17.241.227.232 - - [19/May/2026:22:38:59 +0000] "GET /wp-content/themes/magazine-pro/style.css?ver=3.2.4 HTTP/1.1" 200 8227 "https://smarthomediscovery.com/tips-to-help-you-find-the-right-home-security-strategy/" "Mozilla/5.0 (Macintosh; Intel Mac OS X 10_15_7) AppleWebKit/605.1.15 (KHTML, like Gecko) Version/17.4 Safari/605.1.15 (Applebot/0.1; +http://www.apple.com/go/applebot)"
17.241.227.250 - - [19/May/2026:22:39:05 +0000] "GET /wp-content/themes/genesis/lib/js/menu/superfish.args.min.js?ver=3.6.2 HTTP/1.1" 200 124 "https://smarthomediscovery.com/tips-to-help-you-find-the-right-home-security-strategy/" "Mozilla/5.0 (Macintosh; Intel Mac OS X 10_15_7) AppleWebKit/605.1.15 (KHTML, like Gecko) Version/17.4 Safari/605.1.15 (Applebot/0.1; +http://www.apple.com/go/applebot)"
17.241.227.50 - - [19/May/2026:22:39:08 +0000] "GET /wp-content/themes/magazine-pro/js/responsive-menus.min.js?ver=3.2.4 HTTP/1.1" 200 1420 "https://smarthomediscovery.com/tips-to-help-you-find-the-right-home-security-strategy/" "Mozilla/5.0 (Macintosh; Intel Mac OS X 10_15_7) AppleWebKit/605.1.15 (KHTML, like Gecko) Version/17.4 Safari/605.1.15 (Applebot/0.1; +http://www.apple.com/go/applebot)"
17.241.227.250 - - [19/May/2026:22:39:08 +0000] "GET /wp-content/plugins/google-site-kit/dist/assets/js/googlesitekit-consent-mode-da15714e8829855bb7ce.js HTTP/1.1" 200 25462 "https://smarthomediscovery.com/tips-to-help-you-find-the-right-home-security-strategy/" "Mozilla/5.0 (Macintosh; Intel Mac OS X 10_15_7) AppleWebKit/605.1.15 (KHTML, like Gecko) Version/17.4 Safari/605.1.15 (Applebot/0.1; +http://www.apple.com/go/applebot)"
17.241.227.50 - - [19/May/2026:22:39:10 +0000] "GET /wp-content/plugins/wp-consent-api/assets/js/wp-consent-api.min.js?ver=2.0.1 HTTP/1.1" 200 822 "https://smarthomediscovery.com/tips-to-help-you-find-the-right-home-security-strategy/" "Mozilla/5.0 (Macintosh; Intel Mac OS X 10_15_7) AppleWebKit/605.1.15 (KHTML, like Gecko) Version/17.4 Safari/605.1.15 (Applebot/0.1; +http://www.apple.com/go/applebot)"
17.241.75.61 - - [19/May/2026:22:39:12 +0000] "GET /wp-content/plugins/jetpack/_inc/blocks/subscriptions/view.js?minify=false&ver=15.8 HTTP/1.1" 200 2286 "https://smarthomediscovery.com/tips-to-help-you-find-the-right-home-security-strategy/" "Mozilla/5.0 (Macintosh; Intel Mac OS X 10_15_7) AppleWebKit/605.1.15 (KHTML, like Gecko) Version/17.4 Safari/605.1.15 (Applebot/0.1; +http://www.apple.com/go/applebot)"
17.241.227.251 - - [19/May/2026:22:39:18 +0000] "GET /wp-includes/js/wp-emoji-release.min.js?ver=3ecf1c9d7f7353354cb882e5d4788626 HTTP/1.1" 200 5375 "https://smarthomediscovery.com/tips-to-help-you-find-the-right-home-security-strategy/" "Mozilla/5.0 (Macintosh; Intel Mac OS X 10_15_7) AppleWebKit/605.1.15 (KHTML, like Gecko) Version/17.4 Safari/605.1.15 (Applebot/0.1; +http://www.apple.com/go/applebot)"
184.94.212.206 - - [19/May/2026:22:39:18 +0000] "POST /wp-cron.php?doing_wp_cron=1779230358.6273000240325927734375 HTTP/1.1" 200 - "-" "WordPress/6.9.4; https://smarthomediscovery.com"
17.241.75.17 - - [19/May/2026:22:39:17 +0000] "GET /tips-to-help-you-find-the-right-home-security-strategy/?relatedposts=1 HTTP/1.1" 200 1153 "https://smarthomediscovery.com/tips-to-help-you-find-the-right-home-security-strategy/" "Mozilla/5.0 (Macintosh; Intel Mac OS X 10_15_7) AppleWebKit/605.1.15 (KHTML, like Gecko) Version/17.4 Safari/605.1.15 (Applebot/0.1; +http://www.apple.com/go/applebot)"
47.128.55.194 - - [19/May/2026:22:39:25 +0000] "GET /keeping-safe-with-these-home-security-tips/?nb=1&noamp=mobile&share=x HTTP/1.1" 302 - "-" "Mozilla/5.0 (Linux; Android 5.0) AppleWebKit/537.36 (KHTML, like Gecko) Mobile Safari/537.36 (compatible; Bytespider; spider-feedback@bytedance.com)"
192.0.84.117 - - [19/May/2026:22:39:35 +0000] "HEAD / HTTP/1.1" 200 - "-" "jetmon/1.0 (Jetpack Site Uptime Monitor by WordPress.com)"
77.75.76.163 - - [19/May/2026:22:39:38 +0000] "GET /helping-you-figure-out-home-security-with-these-simple-tips/ HTTP/1.1" 200 21335 "-" "Mozilla/5.0 (compatible; SeznamBot/4.0; +https://o-seznam.cz/napoveda/vyhledavani/en/seznambot-crawler/)"
184.94.212.206 - - [19/May/2026:22:43:18 +0000] "POST /wp-cron.php?doing_wp_cron=1779230598.6665849685668945312500 HTTP/1.1" 200 - "-" "WordPress/6.9.4; https://smarthomediscovery.com"
47.128.55.228 - - [19/May/2026:22:43:17 +0000] "GET /learn-what-you-need-to-know-about-home-security/?noamp=mobile HTTP/1.1" 301 - "-" "Mozilla/5.0 (Linux; Android 5.0) AppleWebKit/537.36 (KHTML, like Gecko) Mobile Safari/537.36 (compatible; Bytespider; spider-feedback@bytedance.com)"
47.128.55.228 - - [19/May/2026:22:43:19 +0000] "GET /learn-what-you-need-to-know-about-home-security/?noamp=mobile HTTP/1.1" 200 22209 "-" "Mozilla/5.0 (Linux; Android 5.0) AppleWebKit/537.36 (KHTML, like Gecko) Mobile Safari/537.36 (compatible; Bytespider; spider-feedback@bytedance.com)"
47.128.55.228 - - [19/May/2026:22:43:21 +0000] "GET /wp-content/themes/magazine-pro/style.css?ver=3.2.4 HTTP/1.1" 200 8227 "https://smarthomediscovery.com/learn-what-you-need-to-know-about-home-security/?noamp=mobile" "Mozilla/5.0 (Linux; Android 5.0) AppleWebKit/537.36 (KHTML, like Gecko) Mobile Safari/537.36 (compatible; Bytespider; spider-feedback@bytedance.com)"
192.0.84.117 - - [19/May/2026:22:44:32 +0000] "HEAD / HTTP/1.1" 200 - "-" "jetmon/1.0 (Jetpack Site Uptime Monitor by WordPress.com)"
184.94.212.206 - - [19/May/2026:22:47:19 +0000] "POST /wp-cron.php?doing_wp_cron=1779230839.9710440635681152343750 HTTP/1.1" 200 - "-" "WordPress/6.9.4; https://smarthomediscovery.com"
47.128.55.192 - - [19/May/2026:22:47:18 +0000] "GET /look-after-your-home-with-this-nice-home-security-advice/?noamp=mobile HTTP/1.1" 301 - "-" "Mozilla/5.0 (Linux; Android 5.0) AppleWebKit/537.36 (KHTML, like Gecko) Mobile Safari/537.36 (compatible; Bytespider; spider-feedback@bytedance.com)"
47.128.55.192 - - [19/May/2026:22:47:21 +0000] "GET /look-after-your-home-with-this-nice-home-security-advice/?noamp=mobile HTTP/1.1" 200 21989 "-" "Mozilla/5.0 (Linux; Android 5.0) AppleWebKit/537.36 (KHTML, like Gecko) Mobile Safari/537.36 (compatible; Bytespider; spider-feedback@bytedance.com)"
47.128.55.192 - - [19/May/2026:22:47:22 +0000] "GET /wp-content/themes/magazine-pro/style.css?ver=3.2.4 HTTP/1.1" 200 8227 "https://smarthomediscovery.com/look-after-your-home-with-this-nice-home-security-advice/?noamp=mobile" "Mozilla/5.0 (Linux; Android 5.0) AppleWebKit/537.36 (KHTML, like Gecko) Mobile Safari/537.36 (compatible; Bytespider; spider-feedback@bytedance.com)"
47.128.55.192 - - [19/May/2026:22:47:23 +0000] "GET /wp-content/plugins/simple-social-icons/css/style.css?ver=4.0.0 HTTP/1.1" 200 461 "https://smarthomediscovery.com/look-after-your-home-with-this-nice-home-security-advice/?noamp=mobile" "Mozilla/5.0 (Linux; Android 5.0) AppleWebKit/537.36 (KHTML, like Gecko) Mobile Safari/537.36 (compatible; Bytespider; spider-feedback@bytedance.com)"
184.94.212.206 - - [19/May/2026:22:49:35 +0000] "POST /wp-cron.php?doing_wp_cron=1779230975.8437500000000000000000 HTTP/1.1" 200 - "-" "WordPress/6.9.4; https://smarthomediscovery.com"
192.0.84.117 - - [19/May/2026:22:49:34 +0000] "HEAD / HTTP/1.1" 200 - "-" "jetmon/1.0 (Jetpack Site Uptime Monitor by WordPress.com)"
192.0.100.131 - - [19/May/2026:22:49:55 +0000] "GET /wp-content/uploads/2020/06/advice_all_homeowners_should_know_about_home_security.jpg HTTP/1.1" 200 22792 "-" "Photon/1.0"
184.94.212.206 - - [19/May/2026:22:51:22 +0000] "POST /wp-cron.php?doing_wp_cron=1779231082.4979519844055175781250 HTTP/1.1" 200 - "-" "WordPress/6.9.4; https://smarthomediscovery.com"
47.128.55.237 - - [19/May/2026:22:51:21 +0000] "GET /is-your-home-protected-what-you-should-know/ HTTP/1.1" 301 - "-" "Mozilla/5.0 (Linux; Android 5.0) AppleWebKit/537.36 (KHTML, like Gecko) Mobile Safari/537.36 (compatible; Bytespider; spider-feedback@bytedance.com)"
47.128.55.237 - - [19/May/2026:22:51:24 +0000] "GET /is-your-home-protected-what-you-should-know/ HTTP/1.1" 200 22545 "-" "Mozilla/5.0 (Linux; Android 5.0) AppleWebKit/537.36 (KHTML, like Gecko) Mobile Safari/537.36 (compatible; Bytespider; spider-feedback@bytedance.com)"
47.128.55.237 - - [19/May/2026:22:51:26 +0000] "GET /wp-content/plugins/simple-social-icons/css/style.css?ver=4.0.0 HTTP/1.1" 200 461 "https://smarthomediscovery.com/is-your-home-protected-what-you-should-know/" "Mozilla/5.0 (Linux; Android 5.0) AppleWebKit/537.36 (KHTML, like Gecko) Mobile Safari/537.36 (compatible; Bytespider; spider-feedback@bytedance.com)"
184.94.212.206 - - [19/May/2026:22:54:34 +0000] "POST /wp-cron.php?doing_wp_cron=1779231274.6987740993499755859375 HTTP/1.1" 200 - "-" "WordPress/6.9.4; https://smarthomediscovery.com"
192.0.84.117 - - [19/May/2026:22:54:33 +0000] "HEAD / HTTP/1.1" 200 - "-" "jetmon/1.0 (Jetpack Site Uptime Monitor by WordPress.com)"
184.94.212.206 - - [19/May/2026:22:55:24 +0000] "POST /wp-cron.php?doing_wp_cron=1779231324.3642570972442626953125 HTTP/1.1" 200 - "-" "WordPress/6.9.4; https://smarthomediscovery.com"
38.133.80.148 - - [19/May/2026:22:55:22 +0000] "GET / HTTP/1.1" 301 - "-" "Mozilla/5.0 (Linux; Android 10; K) AppleWebKit/537.36 (KHTML, like Gecko) Chrome/126.0.0.0 Mobile Safari/537.36 EdgA/126.0.0.0"
38.133.80.148 - - [19/May/2026:22:55:25 +0000] "GET / HTTP/1.1" 200 16516 "https://www.smarthomediscovery.com/" "Mozilla/5.0 (Linux; Android 10; K) AppleWebKit/537.36 (KHTML, like Gecko) Chrome/126.0.0.0 Mobile Safari/537.36 EdgA/126.0.0.0"
38.133.80.148 - - [19/May/2026:22:55:28 +0000] "GET /is-your-home-truly-secure-check-out-these-ideas/ HTTP/1.1" 301 - "https://smarthomediscovery.com/" "Mozilla/5.0 (Linux; Android 10; K) AppleWebKit/537.36 (KHTML, like Gecko) Chrome/126.0.0.0 Mobile Safari/537.36 EdgA/126.0.0.0"
38.133.80.148 - - [19/May/2026:22:55:30 +0000] "GET /is-your-home-truly-secure-check-out-these-ideas/ HTTP/1.1" 200 22657 "https://smarthomediscovery.com/" "Mozilla/5.0 (Linux; Android 10; K) AppleWebKit/537.36 (KHTML, like Gecko) Chrome/126.0.0.0 Mobile Safari/537.36 EdgA/126.0.0.0"
195.234.109.44 - - [19/May/2026:22:55:37 +0000] "GET /wp-content/uploads/2020/03/is_your_home_truly_secure_check_out_these_ideas.jpg HTTP/1.1" 200 96955 "-" "Photon/1.0"
184.94.212.206 - - [19/May/2026:22:58:18 +0000] "POST /wp-cron.php?doing_wp_cron=1779231498.3327529430389404296875 HTTP/1.1" 200 - "-" "WordPress/6.9.4; https://smarthomediscovery.com"
52.167.144.54 - - [19/May/2026:22:58:16 +0000] "GET /robots.txt HTTP/1.1" 301 - "-" "Mozilla/5.0 AppleWebKit/537.36 (KHTML, like Gecko; compatible; bingbot/2.0; +http://www.bing.com/bingbot.htm) Chrome/116.0.1938.76 Safari/537.36"
52.167.144.54 - - [19/May/2026:22:58:18 +0000] "GET /robots.txt HTTP/1.1" 200 150 "-" "Mozilla/5.0 AppleWebKit/537.36 (KHTML, like Gecko; compatible; bingbot/2.0; +http://www.bing.com/bingbot.htm) Chrome/116.0.1938.76 Safari/537.36"
40.77.167.116 - - [19/May/2026:22:58:24 +0000] "GET /sitemap_index.xml HTTP/1.1" 200 347 "-" "Mozilla/5.0 AppleWebKit/537.36 (KHTML, like Gecko; compatible; bingbot/2.0; +http://www.bing.com/bingbot.htm) Chrome/116.0.1938.76 Safari/537.36"
47.128.55.220 - - [19/May/2026:22:59:20 +0000] "GET /open-the-can-of-worms-about-home-security/?noamp=mobile HTTP/1.1" 301 - "-" "Mozilla/5.0 (Linux; Android 5.0) AppleWebKit/537.36 (KHTML, like Gecko) Mobile Safari/537.36 (compatible; Bytespider; spider-feedback@bytedance.com)"
47.128.55.220 - - [19/May/2026:22:59:24 +0000] "GET /open-the-can-of-worms-about-home-security/?noamp=mobile HTTP/1.1" 200 21552 "-" "Mozilla/5.0 (Linux; Android 5.0) AppleWebKit/537.36 (KHTML, like Gecko) Mobile Safari/537.36 (compatible; Bytespider; spider-feedback@bytedance.com)"
192.0.84.117 - - [19/May/2026:22:59:33 +0000] "HEAD / HTTP/1.1" 200 - "-" "jetmon/1.0 (Jetpack Site Uptime Monitor by WordPress.com)"
184.94.212.206 - - [19/May/2026:23:00:37 +0000] "POST /wp-cron.php?doing_wp_cron=1779231637.6364710330963134765625 HTTP/1.1" 200 - "-" "WordPress/6.9.4; https://smarthomediscovery.com"
114.119.137.128 - - [19/May/2026:23:00:36 +0000] "GET /well-answer-your-pressing-questions-about-real-estate-investing-today-2/?amp HTTP/1.1" 301 - "https://www.smarthomediscovery.com/winning-ideas-for-real-estate-investing-hopefuls/?amp" "Mozilla/5.0 (Linux; Android 7.0;) AppleWebKit/537.36 (HTML, like Gecko) Mobile Safari/537.36 (compatible; PetalBot;+https://webmaster.petalsearch.com/site/petalbot)"
114.119.137.128 - - [19/May/2026:23:00:40 +0000] "GET /well-answer-your-pressing-questions-about-real-estate-investing-today-2/?amp HTTP/1.1" 200 21693 "https://www.smarthomediscovery.com/winning-ideas-for-real-estate-investing-hopefuls/?amp" "Mozilla/5.0 (Linux; Android 7.0;) AppleWebKit/537.36 (HTML, like Gecko) Mobile Safari/537.36 (compatible; PetalBot;+https://webmaster.petalsearch.com/site/petalbot)"
184.94.212.206 - - [19/May/2026:23:03:26 +0000] "POST /wp-cron.php?doing_wp_cron=1779231806.0885949134826660156250 HTTP/1.1" 200 - "-" "WordPress/6.9.4; https://smarthomediscovery.com"
47.128.55.229 - - [19/May/2026:23:03:24 +0000] "GET /tag/professional/?noamp=mobile HTTP/1.1" 301 - "-" "Mozilla/5.0 (Linux; Android 5.0) AppleWebKit/537.36 (KHTML, like Gecko) Mobile Safari/537.36 (compatible; Bytespider; spider-feedback@bytedance.com)"
47.128.55.229 - - [19/May/2026:23:03:28 +0000] "GET /tag/professional/?noamp=mobile HTTP/1.1" 200 13921 "-" "Mozilla/5.0 (Linux; Android 5.0) AppleWebKit/537.36 (KHTML, like Gecko) Mobile Safari/537.36 (compatible; Bytespider; spider-feedback@bytedance.com)"
192.0.84.117 - - [19/May/2026:23:04:33 +0000] "HEAD / HTTP/1.1" 200 - "-" "jetmon/1.0 (Jetpack Site Uptime Monitor by WordPress.com)"
184.94.212.206 - - [19/May/2026:23:05:41 +0000] "POST /wp-cron.php?doing_wp_cron=1779231941.1328449249267578125000 HTTP/1.1" 200 - "-" "WordPress/6.9.4; https://smarthomediscovery.com"
40.77.167.126 - - [19/May/2026:23:05:39 +0000] "GET /keep-this-advice-in-mind-when-improving-your-home/how_to_improve_your_home_the_easy_way.jpg HTTP/1.1" 301 - "-" "Mozilla/5.0 AppleWebKit/537.36 (KHTML, like Gecko; compatible; bingbot/2.0; +http://www.bing.com/bingbot.htm) Chrome/116.0.1938.76 Safari/537.36"
52.167.144.54 - - [19/May/2026:23:05:43 +0000] "GET /robots.txt HTTP/1.1" 200 150 "-" "Mozilla/5.0 AppleWebKit/537.36 (KHTML, like Gecko; compatible; bingbot/2.0; +http://www.bing.com/bingbot.htm) Chrome/116.0.1938.76 Safari/537.36"
52.167.144.213 - - [19/May/2026:23:05:48 +0000] "GET /wp-content/uploads/2021/01/how_to_improve_your_home_the_easy_way.jpg HTTP/1.1" 200 28740 "-" "Mozilla/5.0 AppleWebKit/537.36 (KHTML, like Gecko; compatible; bingbot/2.0; +http://www.bing.com/bingbot.htm) Chrome/116.0.1938.76 Safari/537.36"
184.94.212.206 - - [19/May/2026:23:07:22 +0000] "POST /wp-cron.php?doing_wp_cron=1779232042.9355618953704833984375 HTTP/1.1" 200 - "-" "WordPress/6.9.4; https://smarthomediscovery.com"
47.128.55.37 - - [19/May/2026:23:07:21 +0000] "GET /secure-your-valuable-property-with-these-home-security-tips/?nb=1&noamp=mobile&share=x HTTP/1.1" 302 - "-" "Mozilla/5.0 (Linux; Android 5.0) AppleWebKit/537.36 (KHTML, like Gecko) Mobile Safari/537.36 (compatible; Bytespider; spider-feedback@bytedance.com)"
184.94.212.206 - - [19/May/2026:23:09:34 +0000] "POST /wp-cron.php?doing_wp_cron=1779232173.9911370277404785156250 HTTP/1.1" 200 - "-" "WordPress/6.9.4; https://smarthomediscovery.com"
192.0.84.117 - - [19/May/2026:23:09:32 +0000] "HEAD / HTTP/1.1" 200 - "-" "jetmon/1.0 (Jetpack Site Uptime Monitor by WordPress.com)"
184.94.212.206 - - [19/May/2026:23:11:28 +0000] "POST /wp-cron.php?doing_wp_cron=1779232288.2548439502716064453125 HTTP/1.1" 200 - "-" "WordPress/6.9.4; https://smarthomediscovery.com"
47.128.55.46 - - [19/May/2026:23:11:26 +0000] "GET /great-things-to-think-about-when-improving-your-home/?amp HTTP/1.1" 301 - "-" "Mozilla/5.0 (Linux; Android 5.0) AppleWebKit/537.36 (KHTML, like Gecko) Mobile Safari/537.36 (compatible; Bytespider; spider-feedback@bytedance.com)"
47.128.55.46 - - [19/May/2026:23:11:32 +0000] "GET /great-things-to-think-about-when-improving-your-home/?amp HTTP/1.1" 200 21327 "-" "Mozilla/5.0 (Linux; Android 5.0) AppleWebKit/537.36 (KHTML, like Gecko) Mobile Safari/537.36 (compatible; Bytespider; spider-feedback@bytedance.com)"
184.94.212.206 - - [19/May/2026:23:14:40 +0000] "POST /wp-cron.php?doing_wp_cron=1779232480.3724570274353027343750 HTTP/1.1" 200 - "-" "WordPress/6.9.4; https://smarthomediscovery.com"
192.0.84.117 - - [19/May/2026:23:14:38 +0000] "HEAD / HTTP/1.1" 200 - "-" "jetmon/1.0 (Jetpack Site Uptime Monitor by WordPress.com)"
184.94.212.206 - - [19/May/2026:23:15:29 +0000] "POST /wp-cron.php?doing_wp_cron=1779232529.6745939254760742187500 HTTP/1.1" 200 - "-" "WordPress/6.9.4; https://smarthomediscovery.com"
47.128.55.198 - - [19/May/2026:23:15:28 +0000] "GET /tips-for-your-home-security-needs/ HTTP/1.1" 301 - "-" "Mozilla/5.0 (Linux; Android 5.0) AppleWebKit/537.36 (KHTML, like Gecko) Mobile Safari/537.36 (compatible; Bytespider; spider-feedback@bytedance.com)"
47.128.55.198 - - [19/May/2026:23:15:33 +0000] "GET /tips-for-your-home-security-needs/ HTTP/1.1" 200 21654 "-" "Mozilla/5.0 (Linux; Android 5.0) AppleWebKit/537.36 (KHTML, like Gecko) Mobile Safari/537.36 (compatible; Bytespider; spider-feedback@bytedance.com)"
184.94.212.206 - - [19/May/2026:23:16:20 +0000] "POST /wp-cron.php?doing_wp_cron=1779232580.7568550109863281250000 HTTP/1.1" 200 - "-" "WordPress/6.9.4; https://smarthomediscovery.com"
43.159.135.203 - - [19/May/2026:23:16:19 +0000] "GET / HTTP/1.1" 200 16516 "-" "Mozilla/5.0 (iPhone; CPU iPhone OS 13_2_3 like Mac OS X) AppleWebKit/605.1.15 (KHTML, like Gecko) Version/13.0.3 Mobile/15E148 Safari/604.1"
184.94.212.206 - - [19/May/2026:23:19:08 +0000] "POST /wp-cron.php?doing_wp_cron=1779232748.2339611053466796875000 HTTP/1.1" 200 - "-" "WordPress/6.9.4; https://smarthomediscovery.com"
57.141.2.29 - - [19/May/2026:23:19:06 +0000] "GET /home_improvement_tips_you_cant_afford_to_miss-jpg/ HTTP/1.1" 301 - "-" "meta-externalagent/1.1 (+https://developers.facebook.com/docs/sharing/webmasters/crawler)"
47.128.55.208 - - [19/May/2026:23:19:23 +0000] "GET /tag/valuable-items/?noamp=mobile HTTP/1.1" 301 - "-" "Mozilla/5.0 (compatible; Bytespider; spider-feedback@bytedance.com) AppleWebKit/537.36 (KHTML, like Gecko) Chrome/70.0.0.0 Safari/537.36"
47.128.55.208 - - [19/May/2026:23:19:25 +0000] "GET /tag/valuable-items/?noamp=mobile HTTP/1.1" 200 16085 "-" "Mozilla/5.0 (compatible; Bytespider; spider-feedback@bytedance.com) AppleWebKit/537.36 (KHTML, like Gecko) Chrome/70.0.0.0 Safari/537.36"
192.0.84.117 - - [19/May/2026:23:19:35 +0000] "HEAD / HTTP/1.1" 200 - "-" "jetmon/1.0 (Jetpack Site Uptime Monitor by WordPress.com)"
66.187.11.2 - - [19/May/2026:23:19:36 +0000] "GET /is-your-home-truly-secure-check-out-these-ideas/ HTTP/1.1" 301 - "-" "Mozilla/5.0 (Linux; Android 5.0; SM-G900P Build/LRX21T) AppleWebKit/537.36 (KHTML, like Gecko) Chrome/42.0.4256.1549 Mobile Safari/537.36"
14.177.200.220 - - [19/May/2026:23:19:41 +0000] "GET /is-your-home-truly-secure-check-out-these-ideas/ HTTP/1.1" 200 22616 "-" "Mozilla/5.0 (Linux; Android 5.0; SM-G900P Build/LRX21T) AppleWebKit/537.36 (KHTML, like Gecko) Chrome/42.0.4256.1549 Mobile Safari/537.36"
192.0.113.177 - - [19/May/2026:23:19:51 +0000] "GET /wp-content/uploads/2020/03/is_your_home_truly_secure_check_out_these_ideas.jpg HTTP/1.1" 200 96955 "-" "Photon/1.0"
184.94.212.206 - - [19/May/2026:23:23:18 +0000] "POST /wp-cron.php?doing_wp_cron=1779232998.8092510700225830078125 HTTP/1.1" 200 - "-" "WordPress/6.9.4; https://smarthomediscovery.com"
47.128.55.46 - - [19/May/2026:23:23:17 +0000] "GET /learn-all-about-home-security-in-this-article/ HTTP/1.1" 200 21540 "-" "Mozilla/5.0 (compatible; Bytespider; spider-feedback@bytedance.com) AppleWebKit/537.36 (KHTML, like Gecko) Chrome/70.0.0.0 Safari/537.36"
47.128.55.46 - - [19/May/2026:23:23:20 +0000] "GET /wp-content/plugins/simple-social-icons/css/style.css?ver=4.0.0 HTTP/1.1" 200 461 "https://smarthomediscovery.com/learn-all-about-home-security-in-this-article/" "Mozilla/5.0 (compatible; Bytespider; spider-feedback@bytedance.com) AppleWebKit/537.36 (KHTML, like Gecko) Chrome/70.0.0.0 Safari/537.36"
192.0.84.117 - - [19/May/2026:23:24:36 +0000] "HEAD / HTTP/1.1" 200 - "-" "jetmon/1.0 (Jetpack Site Uptime Monitor by WordPress.com)"
104.28.162.232 - - [19/May/2026:23:25:06 +0000] "GET / HTTP/1.1" 200 16515 "-" "Mozilla/5.0 (Windows NT 10.0; Win64; x64) AppleWebKit/537.36 (KHTML, like Gecko) Chrome/145.0.7632.6 Safari/537.36"
104.28.162.232 - - [19/May/2026:23:25:07 +0000] "GET /wp-content/themes/magazine-pro/style.css?ver=3.2.4 HTTP/1.1" 200 8227 "https://smarthomediscovery.com/" "Mozilla/5.0 (X11; Linux x86_64) AppleWebKit/537.36 (KHTML, like Gecko) Chrome/145.0.0.0 Safari/537.36"
104.28.162.232 - - [19/May/2026:23:25:08 +0000] "GET /wp-content/plugins/simple-social-icons/css/style.css?ver=4.0.0 HTTP/1.1" 200 461 "https://smarthomediscovery.com/" "Mozilla/5.0 (X11; Linux x86_64) AppleWebKit/537.36 (KHTML, like Gecko) Chrome/145.0.0.0 Safari/537.36"
104.28.162.232 - - [19/May/2026:23:25:08 +0000] "GET /wp-content/plugins/jetpack/_inc/blocks/subscriptions/view.css?minify=false&ver=15.8 HTTP/1.1" 200 1072 "https://smarthomediscovery.com/" "Mozilla/5.0 (X11; Linux x86_64) AppleWebKit/537.36 (KHTML, like Gecko) Chrome/145.0.0.0 Safari/537.36"
104.28.162.232 - - [19/May/2026:23:25:08 +0000] "GET /wp-content/themes/magazine-pro/js/entry-date.js?ver=1.0.0 HTTP/1.1" 200 315 "https://smarthomediscovery.com/" "Mozilla/5.0 (X11; Linux x86_64) AppleWebKit/537.36 (KHTML, like Gecko) Chrome/145.0.0.0 Safari/537.36"
104.28.162.232 - - [19/May/2026:23:25:08 +0000] "GET /wp-content/themes/genesis/lib/js/menu/superfish.min.js?ver=1.7.10 HTTP/1.1" 200 1894 "https://smarthomediscovery.com/" "Mozilla/5.0 (X11; Linux x86_64) AppleWebKit/537.36 (KHTML, like Gecko) Chrome/145.0.0.0 Safari/537.36"
104.28.162.232 - - [19/May/2026:23:25:08 +0000] "GET /wp-content/themes/genesis/lib/js/menu/superfish.args.min.js?ver=3.6.2 HTTP/1.1" 200 124 "https://smarthomediscovery.com/" "Mozilla/5.0 (X11; Linux x86_64) AppleWebKit/537.36 (KHTML, like Gecko) Chrome/145.0.0.0 Safari/537.36"
104.28.162.232 - - [19/May/2026:23:25:08 +0000] "GET /wp-content/themes/genesis/lib/js/skip-links.min.js?ver=3.6.2 HTTP/1.1" 200 238 "https://smarthomediscovery.com/" "Mozilla/5.0 (X11; Linux x86_64) AppleWebKit/537.36 (KHTML, like Gecko) Chrome/145.0.0.0 Safari/537.36"
104.28.162.232 - - [19/May/2026:23:25:08 +0000] "GET /wp-content/themes/magazine-pro/js/responsive-menus.min.js?ver=3.2.4 HTTP/1.1" 200 1420 "https://smarthomediscovery.com/" "Mozilla/5.0 (X11; Linux x86_64) AppleWebKit/537.36 (KHTML, like Gecko) Chrome/145.0.0.0 Safari/537.36"
104.28.162.232 - - [19/May/2026:23:25:08 +0000] "GET /wp-content/plugins/wp-consent-api/assets/js/wp-consent-api.min.js?ver=2.0.1 HTTP/1.1" 200 822 "https://smarthomediscovery.com/" "Mozilla/5.0 (X11; Linux x86_64) AppleWebKit/537.36 (KHTML, like Gecko) Chrome/145.0.0.0 Safari/537.36"
104.28.162.232 - - [19/May/2026:23:25:08 +0000] "GET /wp-content/plugins/google-site-kit/dist/assets/js/googlesitekit-consent-mode-da15714e8829855bb7ce.js HTTP/1.1" 200 25462 "https://smarthomediscovery.com/" "Mozilla/5.0 (X11; Linux x86_64) AppleWebKit/537.36 (KHTML, like Gecko) Chrome/145.0.0.0 Safari/537.36"
104.28.162.232 - - [19/May/2026:23:25:08 +0000] "GET /wp-content/plugins/jetpack/_inc/blocks/subscriptions/view.js?minify=false&ver=15.8 HTTP/1.1" 200 2286 "https://smarthomediscovery.com/" "Mozilla/5.0 (X11; Linux x86_64) AppleWebKit/537.36 (KHTML, like Gecko) Chrome/145.0.0.0 Safari/537.36"
184.94.212.206 - - [19/May/2026:23:27:12 +0000] "POST /wp-cron.php?doing_wp_cron=1779233232.4433751106262207031250 HTTP/1.1" 200 - "-" "WordPress/6.9.4; https://smarthomediscovery.com"
85.208.96.193 - - [19/May/2026:23:27:10 +0000] "GET /tag/2real-estate/ HTTP/1.1" 200 13938 "-" "Mozilla/5.0 (compatible; SemrushBot/7~bl; +http://www.semrush.com/bot.html)"
184.94.212.206 - - [19/May/2026:23:29:34 +0000] "POST /wp-cron.php?doing_wp_cron=1779233374.2421219348907470703125 HTTP/1.1" 200 - "-" "WordPress/6.9.4; https://smarthomediscovery.com"
192.0.84.117 - - [19/May/2026:23:29:32 +0000] "HEAD / HTTP/1.1" 200 - "-" "jetmon/1.0 (Jetpack Site Uptime Monitor by WordPress.com)"
184.94.212.206 - - [19/May/2026:23:30:21 +0000] "POST /wp-cron.php?doing_wp_cron=1779233421.5411920547485351562500 HTTP/1.1" 200 - "-" "WordPress/6.9.4; https://smarthomediscovery.com"
43.133.41.88 - - [19/May/2026:23:30:19 +0000] "GET / HTTP/1.1" 200 16516 "-" "Mozilla/5.0 (iPhone; CPU iPhone OS 13_2_3 like Mac OS X) AppleWebKit/605.1.15 (KHTML, like Gecko) Version/13.0.3 Mobile/15E148 Safari/604.1"
184.94.212.206 - - [19/May/2026:23:33:59 +0000] "POST /wp-cron.php?doing_wp_cron=1779233639.7403719425201416015625 HTTP/1.1" 200 - "-" "WordPress/6.9.4; https://smarthomediscovery.com"
114.119.137.128 - - [19/May/2026:23:33:58 +0000] "GET /well-answer-your-pressing-questions-about-real-estate-investing-today-2 HTTP/1.1" 301 - "https://www.smarthomediscovery.com/well-answer-your-pressing-questions-about-real-estate-investing-today-2" "Mozilla/5.0 (Linux; Android 7.0;) AppleWebKit/537.36 (HTML, like Gecko) Mobile Safari/537.36 (compatible; PetalBot;+https://webmaster.petalsearch.com/site/petalbot)"
114.119.137.128 - - [19/May/2026:23:34:00 +0000] "GET /well-answer-your-pressing-questions-about-real-estate-investing-today-2/ HTTP/1.1" 200 21656 "https://www.smarthomediscovery.com/well-answer-your-pressing-questions-about-real-estate-investing-today-2" "Mozilla/5.0 (Linux; Android 7.0;) AppleWebKit/537.36 (HTML, like Gecko) Mobile Safari/537.36 (compatible; PetalBot;+https://webmaster.petalsearch.com/site/petalbot)"
192.0.84.117 - - [19/May/2026:23:34:34 +0000] "HEAD / HTTP/1.1" 200 - "-" "jetmon/1.0 (Jetpack Site Uptime Monitor by WordPress.com)"
47.128.55.4 - - [19/May/2026:23:35:14 +0000] "GET /improve-your-home-security-with-these-tips/ HTTP/1.1" 301 - "-" "Mozilla/5.0 (compatible; Bytespider; spider-feedback@bytedance.com) AppleWebKit/537.36 (KHTML, like Gecko) Chrome/70.0.0.0 Safari/537.36"
184.94.212.206 - - [19/May/2026:23:35:19 +0000] "POST /wp-cron.php?doing_wp_cron=1779233719.2654409408569335937500 HTTP/1.1" 200 - "-" "WordPress/6.9.4; https://smarthomediscovery.com"
47.128.55.4 - - [19/May/2026:23:35:18 +0000] "GET /improve-your-home-security-with-these-tips/ HTTP/1.1" 200 22165 "-" "Mozilla/5.0 (compatible; Bytespider; spider-feedback@bytedance.com) AppleWebKit/537.36 (KHTML, like Gecko) Chrome/70.0.0.0 Safari/537.36"
47.128.55.4 - - [19/May/2026:23:35:20 +0000] "GET /wp-content/plugins/simple-social-icons/css/style.css?ver=4.0.0 HTTP/1.1" 200 461 "https://smarthomediscovery.com/improve-your-home-security-with-these-tips/" "Mozilla/5.0 (compatible; Bytespider; spider-feedback@bytedance.com) AppleWebKit/537.36 (KHTML, like Gecko) Chrome/70.0.0.0 Safari/537.36"
184.94.212.206 - - [19/May/2026:23:38:23 +0000] "POST /wp-cron.php?doing_wp_cron=1779233903.9536828994750976562500 HTTP/1.1" 200 - "-" "WordPress/6.9.4; https://smarthomediscovery.com"
115.148.49.178 - - [19/May/2026:23:38:22 +0000] "GET /adsense-disclaimer/ HTTP/1.1" 200 15750 "-" "Mozilla/5.0 (Macintosh; Intel Mac OS X 10_15_7) AppleWebKit/537.36 (KHTML, like Gecko) Chrome/140.0.0.0 Safari/537.36"
77.75.76.166 - - [19/May/2026:23:38:33 +0000] "GET /what-you-need-to-do-to-invest-in-real-estate-2/ HTTP/1.1" 200 21024 "-" "Mozilla/5.0 (compatible; SeznamBot/4.0; +https://o-seznam.cz/napoveda/vyhledavani/en/seznambot-crawler/)"
47.128.55.244 - - [19/May/2026:23:39:15 +0000] "GET /tips-to-keep-your-home-secure/?nb=1&noamp=mobile&share=x HTTP/1.1" 302 - "-" "Mozilla/5.0 (compatible; Bytespider; spider-feedback@bytedance.com) AppleWebKit/537.36 (KHTML, like Gecko) Chrome/70.0.0.0 Safari/537.36"
192.0.84.117 - - [19/May/2026:23:39:32 +0000] "HEAD / HTTP/1.1" 200 - "-" "jetmon/1.0 (Jetpack Site Uptime Monitor by WordPress.com)"
147.182.139.155 - - [19/May/2026:23:40:05 +0000] "GET /tips-for-having-a-great-home-security-system/how_to_improve_your_home_the_easy_way.jpg HTTP/1.1" 301 - "https://smarthomediscovery.com/" "Mozilla/5.0 (Windows NT 10.0; Win64; x64) AppleWebKit/537.36 (KHTML, like Gecko) Chrome/131.0.0.0 Safari/537.36"
147.182.139.155 - - [19/May/2026:23:40:09 +0000] "GET /wp-content/uploads/2021/01/how_to_improve_your_home_the_easy_way.jpg HTTP/1.1" 200 28740 "https://smarthomediscovery.com/" "Mozilla/5.0 (Windows NT 10.0; Win64; x64) AppleWebKit/537.36 (KHTML, like Gecko) Chrome/131.0.0.0 Safari/537.36"
184.94.212.206 - - [19/May/2026:23:41:30 +0000] "POST /wp-cron.php?doing_wp_cron=1779234090.9180159568786621093750 HTTP/1.1" 200 - "-" "WordPress/6.9.4; https://smarthomediscovery.com"
43.133.66.51 - - [19/May/2026:23:41:29 +0000] "GET / HTTP/1.1" 200 16516 "-" "Mozilla/5.0 (iPhone; CPU iPhone OS 13_2_3 like Mac OS X) AppleWebKit/605.1.15 (KHTML, like Gecko) Version/13.0.3 Mobile/15E148 Safari/604.1"
184.94.212.206 - - [19/May/2026:23:43:17 +0000] "POST /wp-cron.php?doing_wp_cron=1779234197.2123548984527587890625 HTTP/1.1" 200 - "-" "WordPress/6.9.4; https://smarthomediscovery.com"
47.128.55.240 - - [19/May/2026:23:43:15 +0000] "GET /check-out-these-good-home-security-tips/?nb=1&share=x HTTP/1.1" 302 - "-" "Mozilla/5.0 (compatible; Bytespider; spider-feedback@bytedance.com) AppleWebKit/537.36 (KHTML, like Gecko) Chrome/70.0.0.0 Safari/537.36"
118.107.44.96 - - [19/May/2026:23:44:01 +0000] "GET / HTTP/1.1" 200 16516 "-" "Mozilla/5.0 (Macintosh; Intel Mac OS X 10_15_7) AppleWebKit/537.36 (KHTML, like Gecko) Chrome/146.0.0.0 Safari/537.36"
118.107.44.123 - - [19/May/2026:23:44:04 +0000] "GET / HTTP/1.1" 200 16516 "-" "Mozilla/5.0 (Windows NT 10.0; Win64; x64; rv:148.0) Gecko/20100101 Firefox/148.0"
118.107.44.120 - - [19/May/2026:23:44:06 +0000] "GET /wp-json/wp/v2/users/ HTTP/1.1" 401 128 "-" "Mozilla/5.0 (Macintosh; Intel Mac OS X 10_15_7) AppleWebKit/537.36 (KHTML, like Gecko) Chrome/146.0.0.0 Safari/537.36 Edg/146.0.0.0"
103.161.130.157 - - [19/May/2026:23:44:06 +0000] "POST /wp-comments-post.php HTTP/1.1" 500 1079 "-" "Mozilla/5.0 (Windows NT 10.0; Win64; x64) AppleWebKit/537.36 (KHTML, like Gecko) Chrome/120.0.0.0 Safari/537.36"
103.161.130.157 - - [19/May/2026:23:44:08 +0000] "POST /wp-comments-post.php HTTP/1.1" 500 1078 "-" "Mozilla/5.0 (Windows NT 10.0; Win64; x64) AppleWebKit/537.36 (KHTML, like Gecko) Chrome/120.0.0.0 Safari/537.36"
118.107.44.89 - - [19/May/2026:23:44:09 +0000] "GET /wp-json/wp/v2/users/ HTTP/1.1" 401 128 "https://duckduckgo.com/?q=hosting+comparison%!(EXTRA string=hosting+comparison)" "Mozilla/5.0 (Windows NT 10.0; Win64; x64) AppleWebKit/537.36 (KHTML, like Gecko) Chrome/145.0.0.0 Safari/537.36"
118.107.44.96 - - [19/May/2026:23:44:11 +0000] "GET /?rest_route=/wp/v2/users HTTP/1.1" 401 128 "-" "Mozilla/5.0 (Windows NT 10.0; Win64; x64) AppleWebKit/537.36 (KHTML, like Gecko) Chrome/146.0.0.0 Safari/537.36 Edg/146.0.0.0"
118.107.44.89 - - [19/May/2026:23:44:13 +0000] "GET /?rest_route=/wp/v2/users HTTP/1.1" 401 128 "https://www.bing.com/search?q=how+to+create+a+website%!(EXTRA string=how+to+create+a+website)" "Mozilla/5.0 (Windows NT 10.0; Win64; x64) AppleWebKit/537.36 (KHTML, like Gecko) Chrome/145.0.0.0 Safari/537.36"
118.107.44.116 - - [19/May/2026:23:44:15 +0000] "GET /?author=1 HTTP/1.1" 500 1072 "https://www.pinterest.com/" "Mozilla/5.0 (Macintosh; Intel Mac OS X 10_15_7) AppleWebKit/605.1.15 (KHTML, like Gecko) Version/26.4 Safari/605.1.15"
118.107.44.76 - - [19/May/2026:23:44:17 +0000] "GET /?author=2 HTTP/1.1" 500 1072 "https://twitter.com/" "Mozilla/5.0 (Windows NT 10.0; Win64; x64) AppleWebKit/537.36 (KHTML, like Gecko) Chrome/146.0.0.0 Safari/537.36"
118.107.44.120 - - [19/May/2026:23:44:19 +0000] "GET /?author=3 HTTP/1.1" 500 1072 "https://www.google.com/" "Mozilla/5.0 (Windows NT 10.0; Win64; x64) AppleWebKit/537.36 (KHTML, like Gecko) Chrome/146.0.0.0 Safari/537.36 Edg/146.0.0.0"
118.107.44.122 - - [19/May/2026:23:44:21 +0000] "GET /?author=4 HTTP/1.1" 500 1072 "https://duckduckgo.com/?q=web+development%!(EXTRA string=web+development)" "Mozilla/5.0 (Windows NT 10.0; Win64; x64) AppleWebKit/537.36 (KHTML, like Gecko) Chrome/146.0.0.0 Safari/537.36 Edg/146.0.0.0"
118.107.44.89 - - [19/May/2026:23:44:22 +0000] "GET /?author=5 HTTP/1.1" 500 1072 "https://search.yahoo.com/search?p=wp+security%!(EXTRA string=wp+security)" "Mozilla/5.0 (Windows NT 10.0; Win64; x64) AppleWebKit/537.36 (KHTML, like Gecko) Chrome/146.0.0.0 Safari/537.36 Edg/146.0.0.0"
118.107.44.122 - - [19/May/2026:23:44:24 +0000] "HEAD /xmlrpc.php HTTP/1.1" 404 - "https://www.instagram.com/" "Mozilla/5.0 (Macintosh; Intel Mac OS X 10_15_7) AppleWebKit/537.36 (KHTML, like Gecko) Chrome/146.0.0.0 Safari/537.36"
118.107.44.122 - - [19/May/2026:23:44:26 +0000] "GET /wp-content/plugins/wp-file-upload/readme.txt HTTP/1.1" 404 11619 "https://www.pinterest.com/" "Mozilla/5.0 (Macintosh; Intel Mac OS X 14.7; rv:149.0) Gecko/20100101 Firefox/149.0"
118.107.44.123 - - [19/May/2026:23:44:26 +0000] "POST /wp-content/plugins/wp-automatic/inc/csv.php HTTP/1.1" 404 11573 "https://t.co/" "Mozilla/5.0 (X11; Linux x86_64; rv:149.0) Gecko/20100101 Firefox/149.0"
118.107.44.89 - - [19/May/2026:23:44:26 +0000] "GET /wp-content/plugins/s2member/readme.txt HTTP/1.1" 404 11616 "https://search.yahoo.com/search?p=wp+security%!(EXTRA string=wp+security)" "Mozilla/5.0 (Windows NT 10.0; Win64; x64) AppleWebKit/537.36 (KHTML, like Gecko) Chrome/146.0.0.0 Safari/537.36"
118.107.44.116 - - [19/May/2026:23:44:26 +0000] "GET /wp-content/plugins/indeed-wp-superbackup/readme.txt HTTP/1.1" 404 11624 "-" "Mozilla/5.0 (Windows NT 10.0; Win64; x64) AppleWebKit/537.36 (KHTML, like Gecko) Chrome/146.0.0.0 Safari/537.36"
118.107.44.96 - - [19/May/2026:23:44:26 +0000] "POST /wp-admin/admin-ajax.php HTTP/1.1" 400 21 "https://www.reddit.com/" "Mozilla/5.0 (Windows NT 10.0; Win64; x64) AppleWebKit/537.36 (KHTML, like Gecko) Chrome/146.0.0.0 Safari/537.36 Edg/146.0.0.0"
118.107.44.79 - - [19/May/2026:23:44:26 +0000] "GET /wp-content/plugins/essential-addons-for-elementor-lite/readme.txt HTTP/1.1" 404 11630 "https://www.bing.com/search?q=blog+post%!(EXTRA string=blog+post)" "Mozilla/5.0 (Macintosh; Intel Mac OS X 10_15_7) AppleWebKit/537.36 (KHTML, like Gecko) Chrome/146.0.0.0 Safari/537.36 Edg/146.0.0.0"
118.107.44.116 - - [19/May/2026:23:44:29 +0000] "GET / HTTP/1.1" 200 16516 "https://duckduckgo.com/?q=blog+post%!(EXTRA string=blog+post)" "Mozilla/5.0 (Windows NT 10.0; Win64; x64) AppleWebKit/537.36 (KHTML, like Gecko) Chrome/146.0.0.0 Safari/537.36"
118.107.44.122 - - [19/May/2026:23:44:31 +0000] "HEAD /xmlrpc.php HTTP/1.1" 404 - "https://www.bing.com/search?q=wordpress+plugins%!(EXTRA string=wordpress+plugins)" "Mozilla/5.0 (Macintosh; Intel Mac OS X 10_15_7) AppleWebKit/537.36 (KHTML, like Gecko) Chrome/146.0.0.0 Safari/537.36"
118.107.44.122 - - [19/May/2026:23:44:32 +0000] "GET /wp-login.php HTTP/1.1" 200 4389 "https://duckduckgo.com/?q=content+management+system%!(EXTRA string=content+management+system)" "Mozilla/5.0 (X11; Linux x86_64; rv:148.0) Gecko/20100101 Firefox/148.0"
