File: //home/primrwxj/access-logs/hampersbypj.primemusicproductions.com
184.94.212.206 - - [19/May/2026:23:28:45 +0000] "POST /wp-cron.php?doing_wp_cron=1779233325.3635520935058593750000 HTTP/1.1" 200 - "-" "WordPress/6.9.4; https://hampersbypj.com"
52.167.144.59 - - [19/May/2026:23:28:43 +0000] "GET /robots.txt HTTP/1.1" 200 174 "-" "Mozilla/5.0 AppleWebKit/537.36 (KHTML, like Gecko; compatible; bingbot/2.0; +http://www.bing.com/bingbot.htm) Chrome/116.0.1938.76 Safari/537.36"
184.94.212.206 - - [19/May/2026:23:28:49 +0000] "POST /wp-cron.php?doing_wp_cron=1779233329.8737170696258544921875 HTTP/1.1" 200 - "-" "WordPress/6.9.4; https://hampersbypj.com"
40.77.167.18 - - [19/May/2026:23:28:48 +0000] "GET /sitemap.xml.gz HTTP/1.1" 301 - "-" "Mozilla/5.0 AppleWebKit/537.36 (KHTML, like Gecko; compatible; bingbot/2.0; +http://www.bing.com/bingbot.htm) Chrome/116.0.1938.76 Safari/537.36"
184.94.212.206 - - [19/May/2026:23:28:52 +0000] "POST /wp-cron.php?doing_wp_cron=1779233332.7699489593505859375000 HTTP/1.1" 200 - "-" "WordPress/6.9.4; https://hampersbypj.com"
40.77.167.18 - - [19/May/2026:23:28:51 +0000] "GET /sitemap.xml HTTP/1.1" 301 - "-" "Mozilla/5.0 AppleWebKit/537.36 (KHTML, like Gecko; compatible; bingbot/2.0; +http://www.bing.com/bingbot.htm) Chrome/116.0.1938.76 Safari/537.36"
184.94.212.206 - - [19/May/2026:23:54:04 +0000] "POST /wp-cron.php?doing_wp_cron=1779234844.7766139507293701171875 HTTP/1.1" 200 - "-" "WordPress/6.9.4; https://hampersbypj.com"
43.130.102.7 - - [19/May/2026:23:54:03 +0000] "GET / HTTP/1.1" 200 10255 "-" "Mozilla/5.0 (iPhone; CPU iPhone OS 13_2_3 like Mac OS X) AppleWebKit/605.1.15 (KHTML, like Gecko) Version/13.0.3 Mobile/15E148 Safari/604.1"
184.94.212.206 - - [20/May/2026:00:09:54 +0000] "POST /wp-cron.php?doing_wp_cron=1779235794.8489470481872558593750 HTTP/1.1" 200 - "-" "WordPress/6.9.4; https://hampersbypj.com"
43.165.167.69 - - [20/May/2026:00:09:53 +0000] "GET / HTTP/1.1" 200 10254 "-" "Mozilla/5.0 (iPhone; CPU iPhone OS 13_2_3 like Mac OS X) AppleWebKit/605.1.15 (KHTML, like Gecko) Version/13.0.3 Mobile/15E148 Safari/604.1"
43.131.23.154 - - [20/May/2026:00:17:57 +0000] "GET /wp-content/plugins/woocommerce/assets/fonts/cardo_normal_400.woff2 HTTP/1.1" 200 144525 "-" "Mozilla/5.0 (iPhone; CPU iPhone OS 13_2_3 like Mac OS X) AppleWebKit/605.1.15 (KHTML, like Gecko) Version/13.0.3 Mobile/15E148 Safari/604.1"
43.128.104.75 - - [20/May/2026:00:37:32 +0000] "GET /wp-content/plugins/woocommerce/assets/fonts/Inter-VariableFont_slnt,wght.woff2 HTTP/1.1" 200 326064 "-" "Mozilla/5.0 (iPhone; CPU iPhone OS 13_2_3 like Mac OS X) AppleWebKit/605.1.15 (KHTML, like Gecko) Version/13.0.3 Mobile/15E148 Safari/604.1"
184.94.212.206 - - [20/May/2026:01:00:07 +0000] "GET /.well-known/acme-challenge/1JVYYLAXB7KNJVA8PYS19-8J2TVM_5JV HTTP/1.1" 200 64 "-" "Cpanel-HTTP-Client/1.0"
184.94.212.206 - - [20/May/2026:01:00:08 +0000] "GET /.well-known/acme-challenge/C5HO0TFZISI8P0NUCPBZYE38FBLV-3-G HTTP/1.1" 200 64 "-" "Cpanel-HTTP-Client/1.0"
184.94.212.206 - - [20/May/2026:01:00:08 +0000] "GET /.well-known/acme-challenge/8ASMJADXMZ21MMOHXAMVOMGMJF1EWTTV HTTP/1.1" 200 64 "-" "Cpanel-HTTP-Client/1.0"
184.94.212.206 - - [20/May/2026:01:00:08 +0000] "GET /.well-known/acme-challenge/PU-_2-UDO9TQCO29ZFABHC0P10Q3JZDA HTTP/1.1" 200 64 "-" "Cpanel-HTTP-Client/1.0"
184.94.212.206 - - [20/May/2026:01:00:09 +0000] "GET /.well-known/acme-challenge/CKKHTWA2QLSRW807-O0B99N-H58NBBMF HTTP/1.1" 200 64 "-" "Cpanel-HTTP-Client/1.0"
184.94.212.206 - - [20/May/2026:01:00:09 +0000] "GET /.well-known/acme-challenge/N5C6Z7SC2U-YAR743-2Y6JLE4I3G60IL HTTP/1.1" 200 64 "-" "Cpanel-HTTP-Client/1.0"
184.94.212.206 - - [20/May/2026:01:00:11 +0000] "GET /.well-known/acme-challenge/07P0GH5TK6AYJSX-JJ2_PMICDX1XY0E7 HTTP/1.1" 200 64 "-" "Cpanel-HTTP-Client/1.0"
184.94.212.206 - - [20/May/2026:01:00:11 +0000] "GET /.well-known/acme-challenge/A53SE7FXYEIKQU_P8WLEBVCJ0_KD12P- HTTP/1.1" 200 64 "-" "Cpanel-HTTP-Client/1.0"
184.94.212.206 - - [20/May/2026:01:00:14 +0000] "GET /.well-known/acme-challenge/3TLAD24_WAPVKSRS3VOH9N7WS-M83P3N HTTP/1.1" 200 64 "-" "Cpanel-HTTP-Client/1.0"
184.94.212.206 - - [20/May/2026:01:00:14 +0000] "GET /.well-known/acme-challenge/U7G8DPC6J_H3AZ21GLUH_3IATQ4-SJ-1 HTTP/1.1" 200 64 "-" "Cpanel-HTTP-Client/1.0"
107.173.210.100 - - [20/May/2026:01:01:38 +0000] "HEAD / HTTP/1.1" 200 - "-" "python-httpx/0.28.1"
138.199.15.177 - - [20/May/2026:01:02:37 +0000] "GET / HTTP/1.1" 500 1004 "-" "Mozilla/5.0 (Macintosh; Intel Mac OS X 10_15_7) AppleWebKit/537.36 (KHTML, like Gecko) Chrome/146.0.0.0 Safari/537.36"
138.199.15.177 - - [20/May/2026:01:02:39 +0000] "GET /favicon.ico HTTP/1.1" 503 428 "-" "Mozilla/5.0 (Macintosh; Intel Mac OS X 10_15_7) AppleWebKit/537.36 (KHTML, like Gecko) Chrome/146.0.0.0 Safari/537.36"
184.94.212.206 - - [20/May/2026:01:04:31 +0000] "POST /wp-cron.php?doing_wp_cron=1779239071.7980079650878906250000 HTTP/1.1" 200 - "-" "WordPress/6.9.4; https://hampersbypj.com"
34.72.176.129 - - [20/May/2026:01:04:26 +0000] "GET / HTTP/1.1" 200 10261 "-" "Mozilla/5.0 (X11; Linux x86_64) AppleWebKit/537.36 (KHTML, like Gecko) Chrome/125.0.0.0 Safari/537.36"
34.123.170.104 - - [20/May/2026:01:04:32 +0000] "GET /wp-content/themes/botiga/assets/css/woocommerce.min.css?ver=2.4.4 HTTP/1.1" 200 23172 "http://www.hampersbypj.primemusicproductions.com/" "Mozilla/5.0 (X11; Linux x86_64) AppleWebKit/537.36 (KHTML, like Gecko) Chrome/125.0.0.0 Safari/537.36"
34.122.147.229 - - [20/May/2026:01:04:32 +0000] "GET /wp-includes/css/dist/block-library/style.min.css?ver=6.9.4 HTTP/1.1" 200 15916 "http://www.hampersbypj.primemusicproductions.com/" "Mozilla/5.0 (X11; Linux x86_64) AppleWebKit/537.36 (KHTML, like Gecko) Chrome/125.0.0.0 Safari/537.36"
34.122.147.229 - - [20/May/2026:01:04:32 +0000] "GET /wp-content/plugins/woocommerce/assets/client/blocks/wc-blocks.css?ver=wc-10.7.0 HTTP/1.1" 200 2618 "http://www.hampersbypj.primemusicproductions.com/" "Mozilla/5.0 (X11; Linux x86_64) AppleWebKit/537.36 (KHTML, like Gecko) Chrome/125.0.0.0 Safari/537.36"
34.122.147.229 - - [20/May/2026:01:04:33 +0000] "GET /wp-content/plugins/contact-form-7/includes/css/styles.css?ver=6.1.6 HTTP/1.1" 200 1036 "http://www.hampersbypj.primemusicproductions.com/" "Mozilla/5.0 (X11; Linux x86_64) AppleWebKit/537.36 (KHTML, like Gecko) Chrome/125.0.0.0 Safari/537.36"
34.122.147.229 - - [20/May/2026:01:04:33 +0000] "GET /wp-content/plugins/complianz-gdpr/assets/css/cookieblocker.min.css?ver=1776710389 HTTP/1.1" 200 723 "http://www.hampersbypj.primemusicproductions.com/" "Mozilla/5.0 (X11; Linux x86_64) AppleWebKit/537.36 (KHTML, like Gecko) Chrome/125.0.0.0 Safari/537.36"
34.72.176.129 - - [20/May/2026:01:04:33 +0000] "GET /wp-content/themes/botiga/assets/css/botiga-bhfb.min.css?ver=2.4.4 HTTP/1.1" 200 2201 "http://www.hampersbypj.primemusicproductions.com/" "Mozilla/5.0 (X11; Linux x86_64) AppleWebKit/537.36 (KHTML, like Gecko) Chrome/125.0.0.0 Safari/537.36"
34.72.176.129 - - [20/May/2026:01:04:33 +0000] "GET /wp-content/themes/botiga/assets/css/styles.min.css?ver=2.4.4 HTTP/1.1" 200 23731 "http://www.hampersbypj.primemusicproductions.com/" "Mozilla/5.0 (X11; Linux x86_64) AppleWebKit/537.36 (KHTML, like Gecko) Chrome/125.0.0.0 Safari/537.36"
34.122.147.229 - - [20/May/2026:01:04:33 +0000] "GET /wp-content/uploads/botiga/custom-styles.css?ver=1776969042 HTTP/1.1" 200 7257 "http://www.hampersbypj.primemusicproductions.com/" "Mozilla/5.0 (X11; Linux x86_64) AppleWebKit/537.36 (KHTML, like Gecko) Chrome/125.0.0.0 Safari/537.36"
34.123.170.104 - - [20/May/2026:01:04:33 +0000] "GET /wp-content/themes/botiga/style.css?ver=2.4.4 HTTP/1.1" 200 879 "http://www.hampersbypj.primemusicproductions.com/" "Mozilla/5.0 (X11; Linux x86_64) AppleWebKit/537.36 (KHTML, like Gecko) Chrome/125.0.0.0 Safari/537.36"
34.72.176.129 - - [20/May/2026:01:04:33 +0000] "GET /wp-includes/js/jquery/jquery.min.js?ver=3.7.1 HTTP/1.1" 200 30368 "http://www.hampersbypj.primemusicproductions.com/" "Mozilla/5.0 (X11; Linux x86_64) AppleWebKit/537.36 (KHTML, like Gecko) Chrome/125.0.0.0 Safari/537.36"
34.122.147.229 - - [20/May/2026:01:04:33 +0000] "GET /wp-includes/js/jquery/jquery-migrate.min.js?ver=3.4.1 HTTP/1.1" 200 4872 "http://www.hampersbypj.primemusicproductions.com/" "Mozilla/5.0 (X11; Linux x86_64) AppleWebKit/537.36 (KHTML, like Gecko) Chrome/125.0.0.0 Safari/537.36"
34.123.170.104 - - [20/May/2026:01:04:33 +0000] "GET /wp-content/plugins/woocommerce/assets/js/jquery-blockui/jquery.blockUI.min.js?ver=2.7.0-wc.10.7.0 HTTP/1.1" 200 3537 "http://www.hampersbypj.primemusicproductions.com/" "Mozilla/5.0 (X11; Linux x86_64) AppleWebKit/537.36 (KHTML, like Gecko) Chrome/125.0.0.0 Safari/537.36"
34.123.170.104 - - [20/May/2026:01:04:33 +0000] "GET /wp-content/plugins/woocommerce/assets/js/js-cookie/js.cookie.min.js?ver=2.1.4-wc.10.7.0 HTTP/1.1" 200 833 "http://www.hampersbypj.primemusicproductions.com/" "Mozilla/5.0 (X11; Linux x86_64) AppleWebKit/537.36 (KHTML, like Gecko) Chrome/125.0.0.0 Safari/537.36"
34.123.170.104 - - [20/May/2026:01:04:33 +0000] "GET /wp-content/themes/botiga/assets/js/custom.min.js?ver=2.4.4 HTTP/1.1" 200 9025 "http://www.hampersbypj.primemusicproductions.com/" "Mozilla/5.0 (X11; Linux x86_64) AppleWebKit/537.36 (KHTML, like Gecko) Chrome/125.0.0.0 Safari/537.36"
34.72.176.129 - - [20/May/2026:01:04:33 +0000] "GET /wp-content/themes/botiga/assets/js/botiga-gallery.min.js?ver=2.4.4 HTTP/1.1" 200 886 "http://www.hampersbypj.primemusicproductions.com/" "Mozilla/5.0 (X11; Linux x86_64) AppleWebKit/537.36 (KHTML, like Gecko) Chrome/125.0.0.0 Safari/537.36"
34.72.176.129 - - [20/May/2026:01:04:33 +0000] "GET /wp-includes/js/dist/hooks.min.js?ver=dd5603f07f9220ed27f1 HTTP/1.1" 200 1941 "http://www.hampersbypj.primemusicproductions.com/" "Mozilla/5.0 (X11; Linux x86_64) AppleWebKit/537.36 (KHTML, like Gecko) Chrome/125.0.0.0 Safari/537.36"
34.72.176.129 - - [20/May/2026:01:04:33 +0000] "GET /wp-includes/js/dist/i18n.min.js?ver=c26c3dc7bed366793375 HTTP/1.1" 200 2229 "http://www.hampersbypj.primemusicproductions.com/" "Mozilla/5.0 (X11; Linux x86_64) AppleWebKit/537.36 (KHTML, like Gecko) Chrome/125.0.0.0 Safari/537.36"
34.72.176.129 - - [20/May/2026:01:04:33 +0000] "GET /wp-content/plugins/contact-form-7/includes/swv/js/index.js?ver=6.1.6 HTTP/1.1" 200 3503 "http://www.hampersbypj.primemusicproductions.com/" "Mozilla/5.0 (X11; Linux x86_64) AppleWebKit/537.36 (KHTML, like Gecko) Chrome/125.0.0.0 Safari/537.36"
34.72.176.129 - - [20/May/2026:01:04:33 +0000] "GET /wp-content/plugins/contact-form-7/includes/js/index.js?ver=6.1.6 HTTP/1.1" 200 4265 "http://www.hampersbypj.primemusicproductions.com/" "Mozilla/5.0 (X11; Linux x86_64) AppleWebKit/537.36 (KHTML, like Gecko) Chrome/125.0.0.0 Safari/537.36"
34.72.176.129 - - [20/May/2026:01:04:33 +0000] "GET /wp-content/plugins/woocommerce/assets/js/frontend/woocommerce.min.js?ver=10.7.0 HTTP/1.1" 200 1532 "http://www.hampersbypj.primemusicproductions.com/" "Mozilla/5.0 (X11; Linux x86_64) AppleWebKit/537.36 (KHTML, like Gecko) Chrome/125.0.0.0 Safari/537.36"
34.123.170.104 - - [20/May/2026:01:04:34 +0000] "GET /wp-content/plugins/google-site-kit/dist/assets/js/googlesitekit-consent-mode-da15714e8829855bb7ce.js HTTP/1.1" 200 25462 "http://www.hampersbypj.primemusicproductions.com/" "Mozilla/5.0 (X11; Linux x86_64) AppleWebKit/537.36 (KHTML, like Gecko) Chrome/125.0.0.0 Safari/537.36"
34.123.170.104 - - [20/May/2026:01:04:34 +0000] "GET /wp-content/plugins/woocommerce/assets/js/sourcebuster/sourcebuster.min.js?ver=10.7.0 HTTP/1.1" 200 4807 "http://www.hampersbypj.primemusicproductions.com/" "Mozilla/5.0 (X11; Linux x86_64) AppleWebKit/537.36 (KHTML, like Gecko) Chrome/125.0.0.0 Safari/537.36"
34.123.170.104 - - [20/May/2026:01:04:34 +0000] "GET /wp-content/plugins/woocommerce/assets/js/frontend/order-attribution.min.js?ver=10.7.0 HTTP/1.1" 200 1150 "http://www.hampersbypj.primemusicproductions.com/" "Mozilla/5.0 (X11; Linux x86_64) AppleWebKit/537.36 (KHTML, like Gecko) Chrome/125.0.0.0 Safari/537.36"
34.72.176.129 - - [20/May/2026:01:04:36 +0000] "GET /wp-content/plugins/wp-consent-api/assets/js/wp-consent-api.min.js?ver=2.0.1 HTTP/1.1" 200 822 "http://www.hampersbypj.primemusicproductions.com/" "Mozilla/5.0 (X11; Linux x86_64) AppleWebKit/537.36 (KHTML, like Gecko) Chrome/125.0.0.0 Safari/537.36"
34.72.176.129 - - [20/May/2026:01:04:36 +0000] "GET /wp-content/plugins/woocommerce/assets/js/frontend/wp-consent-api-integration.min.js?ver=10.7.0 HTTP/1.1" 200 240 "http://www.hampersbypj.primemusicproductions.com/" "Mozilla/5.0 (X11; Linux x86_64) AppleWebKit/537.36 (KHTML, like Gecko) Chrome/125.0.0.0 Safari/537.36"
34.122.147.229 - - [20/May/2026:01:04:37 +0000] "GET /wp-content/plugins/google-site-kit/dist/assets/js/googlesitekit-events-provider-contact-form-7-08e8756782316cb65854.js HTTP/1.1" 200 1236 "http://www.hampersbypj.primemusicproductions.com/" "Mozilla/5.0 (X11; Linux x86_64) AppleWebKit/537.36 (KHTML, like Gecko) Chrome/125.0.0.0 Safari/537.36"
34.72.176.129 - - [20/May/2026:01:04:37 +0000] "GET /wp-content/plugins/woocommerce/assets/js/frontend/cart-fragments.min.js?ver=10.7.0 HTTP/1.1" 200 1045 "http://www.hampersbypj.primemusicproductions.com/" "Mozilla/5.0 (X11; Linux x86_64) AppleWebKit/537.36 (KHTML, like Gecko) Chrome/125.0.0.0 Safari/537.36"
34.123.170.104 - - [20/May/2026:01:04:37 +0000] "GET /wp-content/plugins/google-site-kit/dist/assets/js/googlesitekit-events-provider-woocommerce-a5f72561d6cdf416147d.js HTTP/1.1" 200 923 "http://www.hampersbypj.primemusicproductions.com/" "Mozilla/5.0 (X11; Linux x86_64) AppleWebKit/537.36 (KHTML, like Gecko) Chrome/125.0.0.0 Safari/537.36"
34.122.147.229 - - [20/May/2026:01:04:37 +0000] "GET /wp-content/plugins/woocommerce/assets/js/frontend/add-to-cart.min.js?ver=10.7.0 HTTP/1.1" 200 1439 "http://www.hampersbypj.primemusicproductions.com/" "Mozilla/5.0 (X11; Linux x86_64) AppleWebKit/537.36 (KHTML, like Gecko) Chrome/125.0.0.0 Safari/537.36"
34.122.147.229 - - [20/May/2026:01:04:40 +0000] "GET /wp-includes/js/wp-emoji-release.min.js?ver=6.9.4 HTTP/1.1" 200 5375 "http://www.hampersbypj.primemusicproductions.com/" "Mozilla/5.0 (X11; Linux x86_64) AppleWebKit/537.36 (KHTML, like Gecko) Chrome/125.0.0.0 Safari/537.36"
184.94.212.206 - - [20/May/2026:01:05:00 +0000] "POST /wp-cron.php?doing_wp_cron=1779239100.5575919151306152343750 HTTP/1.1" 200 - "-" "WordPress/6.9.4; https://hampersbypj.com"
34.122.147.229 - - [20/May/2026:01:04:42 +0000] "POST /?wc-ajax=get_refreshed_fragments HTTP/1.1" 200 503 "http://www.hampersbypj.primemusicproductions.com/" "Mozilla/5.0 (X11; Linux x86_64) AppleWebKit/537.36 (KHTML, like Gecko) Chrome/125.0.0.0 Safari/537.36"
34.122.147.229 - - [20/May/2026:01:05:13 +0000] "GET / HTTP/1.1" 200 10261 "-" "Mozilla/5.0 (X11; Linux x86_64) AppleWebKit/537.36 (KHTML, like Gecko) Chrome/125.0.0.0 Safari/537.36"
34.122.147.229 - - [20/May/2026:01:05:20 +0000] "GET /wp-content/themes/botiga/assets/css/woocommerce.min.css?ver=2.4.4 HTTP/1.1" 200 23172 "http://www.hampersbypj.primemusicproductions.com/" "Mozilla/5.0 (X11; Linux x86_64) AppleWebKit/537.36 (KHTML, like Gecko) Chrome/125.0.0.0 Safari/537.36"
34.122.147.229 - - [20/May/2026:01:05:20 +0000] "GET /wp-includes/css/dist/block-library/style.min.css?ver=6.9.4 HTTP/1.1" 200 15916 "http://www.hampersbypj.primemusicproductions.com/" "Mozilla/5.0 (X11; Linux x86_64) AppleWebKit/537.36 (KHTML, like Gecko) Chrome/125.0.0.0 Safari/537.36"
34.122.147.229 - - [20/May/2026:01:05:20 +0000] "GET /wp-content/plugins/woocommerce/assets/client/blocks/wc-blocks.css?ver=wc-10.7.0 HTTP/1.1" 200 2618 "http://www.hampersbypj.primemusicproductions.com/" "Mozilla/5.0 (X11; Linux x86_64) AppleWebKit/537.36 (KHTML, like Gecko) Chrome/125.0.0.0 Safari/537.36"
34.123.170.104 - - [20/May/2026:01:05:20 +0000] "GET /wp-content/plugins/contact-form-7/includes/css/styles.css?ver=6.1.6 HTTP/1.1" 200 1036 "http://www.hampersbypj.primemusicproductions.com/" "Mozilla/5.0 (X11; Linux x86_64) AppleWebKit/537.36 (KHTML, like Gecko) Chrome/125.0.0.0 Safari/537.36"
104.197.69.115 - - [20/May/2026:01:05:20 +0000] "GET /wp-content/plugins/complianz-gdpr/assets/css/cookieblocker.min.css?ver=1776710389 HTTP/1.1" 200 723 "http://www.hampersbypj.primemusicproductions.com/" "Mozilla/5.0 (X11; Linux x86_64) AppleWebKit/537.36 (KHTML, like Gecko) Chrome/125.0.0.0 Safari/537.36"
104.197.69.115 - - [20/May/2026:01:05:20 +0000] "GET /wp-content/themes/botiga/assets/css/botiga-bhfb.min.css?ver=2.4.4 HTTP/1.1" 200 2201 "http://www.hampersbypj.primemusicproductions.com/" "Mozilla/5.0 (X11; Linux x86_64) AppleWebKit/537.36 (KHTML, like Gecko) Chrome/125.0.0.0 Safari/537.36"
104.197.69.115 - - [20/May/2026:01:05:20 +0000] "GET /wp-content/themes/botiga/assets/css/styles.min.css?ver=2.4.4 HTTP/1.1" 200 23731 "http://www.hampersbypj.primemusicproductions.com/" "Mozilla/5.0 (X11; Linux x86_64) AppleWebKit/537.36 (KHTML, like Gecko) Chrome/125.0.0.0 Safari/537.36"
104.197.69.115 - - [20/May/2026:01:05:20 +0000] "GET /wp-content/uploads/botiga/custom-styles.css?ver=1776969042 HTTP/1.1" 200 7257 "http://www.hampersbypj.primemusicproductions.com/" "Mozilla/5.0 (X11; Linux x86_64) AppleWebKit/537.36 (KHTML, like Gecko) Chrome/125.0.0.0 Safari/537.36"
104.197.69.115 - - [20/May/2026:01:05:20 +0000] "GET /wp-content/themes/botiga/style.css?ver=2.4.4 HTTP/1.1" 200 879 "http://www.hampersbypj.primemusicproductions.com/" "Mozilla/5.0 (X11; Linux x86_64) AppleWebKit/537.36 (KHTML, like Gecko) Chrome/125.0.0.0 Safari/537.36"
34.123.170.104 - - [20/May/2026:01:05:20 +0000] "GET /wp-includes/js/jquery/jquery.min.js?ver=3.7.1 HTTP/1.1" 200 30368 "http://www.hampersbypj.primemusicproductions.com/" "Mozilla/5.0 (X11; Linux x86_64) AppleWebKit/537.36 (KHTML, like Gecko) Chrome/125.0.0.0 Safari/537.36"
34.122.147.229 - - [20/May/2026:01:05:21 +0000] "GET /wp-includes/js/jquery/jquery-migrate.min.js?ver=3.4.1 HTTP/1.1" 200 4872 "http://www.hampersbypj.primemusicproductions.com/" "Mozilla/5.0 (X11; Linux x86_64) AppleWebKit/537.36 (KHTML, like Gecko) Chrome/125.0.0.0 Safari/537.36"
34.122.147.229 - - [20/May/2026:01:05:21 +0000] "GET /wp-content/plugins/woocommerce/assets/js/jquery-blockui/jquery.blockUI.min.js?ver=2.7.0-wc.10.7.0 HTTP/1.1" 200 3537 "http://www.hampersbypj.primemusicproductions.com/" "Mozilla/5.0 (X11; Linux x86_64) AppleWebKit/537.36 (KHTML, like Gecko) Chrome/125.0.0.0 Safari/537.36"
34.122.147.229 - - [20/May/2026:01:05:21 +0000] "GET /wp-content/plugins/woocommerce/assets/js/js-cookie/js.cookie.min.js?ver=2.1.4-wc.10.7.0 HTTP/1.1" 200 833 "http://www.hampersbypj.primemusicproductions.com/" "Mozilla/5.0 (X11; Linux x86_64) AppleWebKit/537.36 (KHTML, like Gecko) Chrome/125.0.0.0 Safari/537.36"
34.122.147.229 - - [20/May/2026:01:05:21 +0000] "GET /wp-content/themes/botiga/assets/js/custom.min.js?ver=2.4.4 HTTP/1.1" 200 9025 "http://www.hampersbypj.primemusicproductions.com/" "Mozilla/5.0 (X11; Linux x86_64) AppleWebKit/537.36 (KHTML, like Gecko) Chrome/125.0.0.0 Safari/537.36"
34.123.170.104 - - [20/May/2026:01:05:21 +0000] "GET /wp-content/themes/botiga/assets/js/botiga-gallery.min.js?ver=2.4.4 HTTP/1.1" 200 886 "http://www.hampersbypj.primemusicproductions.com/" "Mozilla/5.0 (X11; Linux x86_64) AppleWebKit/537.36 (KHTML, like Gecko) Chrome/125.0.0.0 Safari/537.36"
104.197.69.115 - - [20/May/2026:01:05:21 +0000] "GET /wp-includes/js/dist/hooks.min.js?ver=dd5603f07f9220ed27f1 HTTP/1.1" 200 1941 "http://www.hampersbypj.primemusicproductions.com/" "Mozilla/5.0 (X11; Linux x86_64) AppleWebKit/537.36 (KHTML, like Gecko) Chrome/125.0.0.0 Safari/537.36"
34.123.170.104 - - [20/May/2026:01:05:21 +0000] "GET /wp-includes/js/dist/i18n.min.js?ver=c26c3dc7bed366793375 HTTP/1.1" 200 2229 "http://www.hampersbypj.primemusicproductions.com/" "Mozilla/5.0 (X11; Linux x86_64) AppleWebKit/537.36 (KHTML, like Gecko) Chrome/125.0.0.0 Safari/537.36"
34.122.147.229 - - [20/May/2026:01:05:21 +0000] "GET /wp-content/plugins/contact-form-7/includes/swv/js/index.js?ver=6.1.6 HTTP/1.1" 200 3503 "http://www.hampersbypj.primemusicproductions.com/" "Mozilla/5.0 (X11; Linux x86_64) AppleWebKit/537.36 (KHTML, like Gecko) Chrome/125.0.0.0 Safari/537.36"
34.123.170.104 - - [20/May/2026:01:05:21 +0000] "GET /wp-content/plugins/contact-form-7/includes/js/index.js?ver=6.1.6 HTTP/1.1" 200 4265 "http://www.hampersbypj.primemusicproductions.com/" "Mozilla/5.0 (X11; Linux x86_64) AppleWebKit/537.36 (KHTML, like Gecko) Chrome/125.0.0.0 Safari/537.36"
34.123.170.104 - - [20/May/2026:01:05:21 +0000] "GET /wp-content/plugins/woocommerce/assets/js/frontend/woocommerce.min.js?ver=10.7.0 HTTP/1.1" 200 1532 "http://www.hampersbypj.primemusicproductions.com/" "Mozilla/5.0 (X11; Linux x86_64) AppleWebKit/537.36 (KHTML, like Gecko) Chrome/125.0.0.0 Safari/537.36"
34.122.147.229 - - [20/May/2026:01:05:21 +0000] "GET /wp-content/plugins/google-site-kit/dist/assets/js/googlesitekit-consent-mode-da15714e8829855bb7ce.js HTTP/1.1" 200 25462 "http://www.hampersbypj.primemusicproductions.com/" "Mozilla/5.0 (X11; Linux x86_64) AppleWebKit/537.36 (KHTML, like Gecko) Chrome/125.0.0.0 Safari/537.36"
34.123.170.104 - - [20/May/2026:01:05:21 +0000] "GET /wp-content/plugins/woocommerce/assets/js/sourcebuster/sourcebuster.min.js?ver=10.7.0 HTTP/1.1" 200 4807 "http://www.hampersbypj.primemusicproductions.com/" "Mozilla/5.0 (X11; Linux x86_64) AppleWebKit/537.36 (KHTML, like Gecko) Chrome/125.0.0.0 Safari/537.36"
34.123.170.104 - - [20/May/2026:01:05:21 +0000] "GET /wp-content/plugins/woocommerce/assets/js/frontend/order-attribution.min.js?ver=10.7.0 HTTP/1.1" 200 1150 "http://www.hampersbypj.primemusicproductions.com/" "Mozilla/5.0 (X11; Linux x86_64) AppleWebKit/537.36 (KHTML, like Gecko) Chrome/125.0.0.0 Safari/537.36"
34.123.170.104 - - [20/May/2026:01:05:21 +0000] "GET /wp-content/plugins/wp-consent-api/assets/js/wp-consent-api.min.js?ver=2.0.1 HTTP/1.1" 200 822 "http://www.hampersbypj.primemusicproductions.com/" "Mozilla/5.0 (X11; Linux x86_64) AppleWebKit/537.36 (KHTML, like Gecko) Chrome/125.0.0.0 Safari/537.36"
34.123.170.104 - - [20/May/2026:01:05:21 +0000] "GET /wp-content/plugins/woocommerce/assets/js/frontend/wp-consent-api-integration.min.js?ver=10.7.0 HTTP/1.1" 200 240 "http://www.hampersbypj.primemusicproductions.com/" "Mozilla/5.0 (X11; Linux x86_64) AppleWebKit/537.36 (KHTML, like Gecko) Chrome/125.0.0.0 Safari/537.36"
34.122.147.229 - - [20/May/2026:01:05:26 +0000] "GET /wp-content/plugins/woocommerce/assets/js/frontend/add-to-cart.min.js?ver=10.7.0 HTTP/1.1" 200 1439 "http://www.hampersbypj.primemusicproductions.com/" "Mozilla/5.0 (X11; Linux x86_64) AppleWebKit/537.36 (KHTML, like Gecko) Chrome/125.0.0.0 Safari/537.36"
34.122.147.229 - - [20/May/2026:01:05:27 +0000] "GET /wp-content/plugins/google-site-kit/dist/assets/js/googlesitekit-events-provider-contact-form-7-08e8756782316cb65854.js HTTP/1.1" 200 1236 "http://www.hampersbypj.primemusicproductions.com/" "Mozilla/5.0 (X11; Linux x86_64) AppleWebKit/537.36 (KHTML, like Gecko) Chrome/125.0.0.0 Safari/537.36"
34.122.147.229 - - [20/May/2026:01:05:27 +0000] "GET /wp-content/plugins/google-site-kit/dist/assets/js/googlesitekit-events-provider-woocommerce-a5f72561d6cdf416147d.js HTTP/1.1" 200 923 "http://www.hampersbypj.primemusicproductions.com/" "Mozilla/5.0 (X11; Linux x86_64) AppleWebKit/537.36 (KHTML, like Gecko) Chrome/125.0.0.0 Safari/537.36"
34.122.147.229 - - [20/May/2026:01:05:27 +0000] "GET /wp-content/plugins/woocommerce/assets/js/frontend/cart-fragments.min.js?ver=10.7.0 HTTP/1.1" 200 1045 "http://www.hampersbypj.primemusicproductions.com/" "Mozilla/5.0 (X11; Linux x86_64) AppleWebKit/537.36 (KHTML, like Gecko) Chrome/125.0.0.0 Safari/537.36"
205.169.39.30 - - [20/May/2026:01:05:53 +0000] "GET / HTTP/1.1" 200 10261 "-" "Mozilla/5.0 (Windows NT 10.0; Win64; x64) AppleWebKit/537.36 (KHTML, like Gecko) Chrome/117.0.5938.132 Safari/537.36"
205.169.39.30 - - [20/May/2026:01:05:55 +0000] "GET /wp-content/plugins/contact-form-7/includes/css/styles.css?ver=6.1.6 HTTP/1.1" 200 1036 "http://www.hampersbypj.primemusicproductions.com/" "Mozilla/5.0 (Windows NT 10.0; Win64; x64) AppleWebKit/537.36 (KHTML, like Gecko) Chrome/117.0.5938.132 Safari/537.36"
205.169.39.30 - - [20/May/2026:01:05:55 +0000] "GET /wp-content/plugins/woocommerce/assets/client/blocks/wc-blocks.css?ver=wc-10.7.0 HTTP/1.1" 200 2618 "http://www.hampersbypj.primemusicproductions.com/" "Mozilla/5.0 (Windows NT 10.0; Win64; x64) AppleWebKit/537.36 (KHTML, like Gecko) Chrome/117.0.5938.132 Safari/537.36"
205.169.39.30 - - [20/May/2026:01:05:55 +0000] "GET /wp-content/themes/botiga/assets/css/woocommerce.min.css?ver=2.4.4 HTTP/1.1" 200 23172 "http://www.hampersbypj.primemusicproductions.com/" "Mozilla/5.0 (Windows NT 10.0; Win64; x64) AppleWebKit/537.36 (KHTML, like Gecko) Chrome/117.0.5938.132 Safari/537.36"
205.169.39.30 - - [20/May/2026:01:05:55 +0000] "GET /wp-includes/css/dist/block-library/style.min.css?ver=6.9.4 HTTP/1.1" 200 15916 "http://www.hampersbypj.primemusicproductions.com/" "Mozilla/5.0 (Windows NT 10.0; Win64; x64) AppleWebKit/537.36 (KHTML, like Gecko) Chrome/117.0.5938.132 Safari/537.36"
205.169.39.30 - - [20/May/2026:01:05:55 +0000] "GET /wp-content/plugins/complianz-gdpr/assets/css/cookieblocker.min.css?ver=1776710389 HTTP/1.1" 200 723 "http://www.hampersbypj.primemusicproductions.com/" "Mozilla/5.0 (Windows NT 10.0; Win64; x64) AppleWebKit/537.36 (KHTML, like Gecko) Chrome/117.0.5938.132 Safari/537.36"
205.169.39.30 - - [20/May/2026:01:05:55 +0000] "GET /wp-content/themes/botiga/assets/css/botiga-bhfb.min.css?ver=2.4.4 HTTP/1.1" 200 2201 "http://www.hampersbypj.primemusicproductions.com/" "Mozilla/5.0 (Windows NT 10.0; Win64; x64) AppleWebKit/537.36 (KHTML, like Gecko) Chrome/117.0.5938.132 Safari/537.36"
205.169.39.30 - - [20/May/2026:01:05:55 +0000] "GET /wp-content/themes/botiga/assets/css/styles.min.css?ver=2.4.4 HTTP/1.1" 200 23731 "http://www.hampersbypj.primemusicproductions.com/" "Mozilla/5.0 (Windows NT 10.0; Win64; x64) AppleWebKit/537.36 (KHTML, like Gecko) Chrome/117.0.5938.132 Safari/537.36"
205.169.39.30 - - [20/May/2026:01:05:55 +0000] "GET /wp-content/uploads/botiga/custom-styles.css?ver=1776969042 HTTP/1.1" 200 7257 "http://www.hampersbypj.primemusicproductions.com/" "Mozilla/5.0 (Windows NT 10.0; Win64; x64) AppleWebKit/537.36 (KHTML, like Gecko) Chrome/117.0.5938.132 Safari/537.36"
205.169.39.30 - - [20/May/2026:01:05:55 +0000] "GET /wp-content/themes/botiga/style.css?ver=2.4.4 HTTP/1.1" 200 879 "http://www.hampersbypj.primemusicproductions.com/" "Mozilla/5.0 (Windows NT 10.0; Win64; x64) AppleWebKit/537.36 (KHTML, like Gecko) Chrome/117.0.5938.132 Safari/537.36"
205.169.39.30 - - [20/May/2026:01:05:55 +0000] "GET /wp-includes/js/jquery/jquery.min.js?ver=3.7.1 HTTP/1.1" 200 30368 "http://www.hampersbypj.primemusicproductions.com/" "Mozilla/5.0 (Windows NT 10.0; Win64; x64) AppleWebKit/537.36 (KHTML, like Gecko) Chrome/117.0.5938.132 Safari/537.36"
205.169.39.30 - - [20/May/2026:01:05:55 +0000] "GET /wp-includes/js/jquery/jquery-migrate.min.js?ver=3.4.1 HTTP/1.1" 200 4872 "http://www.hampersbypj.primemusicproductions.com/" "Mozilla/5.0 (Windows NT 10.0; Win64; x64) AppleWebKit/537.36 (KHTML, like Gecko) Chrome/117.0.5938.132 Safari/537.36"
205.169.39.30 - - [20/May/2026:01:05:55 +0000] "GET /wp-content/plugins/woocommerce/assets/js/jquery-blockui/jquery.blockUI.min.js?ver=2.7.0-wc.10.7.0 HTTP/1.1" 200 3537 "http://www.hampersbypj.primemusicproductions.com/" "Mozilla/5.0 (Windows NT 10.0; Win64; x64) AppleWebKit/537.36 (KHTML, like Gecko) Chrome/117.0.5938.132 Safari/537.36"
205.169.39.30 - - [20/May/2026:01:05:55 +0000] "GET /wp-content/plugins/woocommerce/assets/js/js-cookie/js.cookie.min.js?ver=2.1.4-wc.10.7.0 HTTP/1.1" 200 833 "http://www.hampersbypj.primemusicproductions.com/" "Mozilla/5.0 (Windows NT 10.0; Win64; x64) AppleWebKit/537.36 (KHTML, like Gecko) Chrome/117.0.5938.132 Safari/537.36"
205.169.39.30 - - [20/May/2026:01:05:55 +0000] "GET /wp-content/themes/botiga/assets/js/custom.min.js?ver=2.4.4 HTTP/1.1" 200 9025 "http://www.hampersbypj.primemusicproductions.com/" "Mozilla/5.0 (Windows NT 10.0; Win64; x64) AppleWebKit/537.36 (KHTML, like Gecko) Chrome/117.0.5938.132 Safari/537.36"
205.169.39.30 - - [20/May/2026:01:05:55 +0000] "GET /wp-content/themes/botiga/assets/js/botiga-gallery.min.js?ver=2.4.4 HTTP/1.1" 200 886 "http://www.hampersbypj.primemusicproductions.com/" "Mozilla/5.0 (Windows NT 10.0; Win64; x64) AppleWebKit/537.36 (KHTML, like Gecko) Chrome/117.0.5938.132 Safari/537.36"
205.169.39.30 - - [20/May/2026:01:05:55 +0000] "GET /wp-includes/js/dist/i18n.min.js?ver=c26c3dc7bed366793375 HTTP/1.1" 200 2229 "http://www.hampersbypj.primemusicproductions.com/" "Mozilla/5.0 (Windows NT 10.0; Win64; x64) AppleWebKit/537.36 (KHTML, like Gecko) Chrome/117.0.5938.132 Safari/537.36"
205.169.39.30 - - [20/May/2026:01:05:55 +0000] "GET /wp-includes/js/dist/hooks.min.js?ver=dd5603f07f9220ed27f1 HTTP/1.1" 200 1941 "http://www.hampersbypj.primemusicproductions.com/" "Mozilla/5.0 (Windows NT 10.0; Win64; x64) AppleWebKit/537.36 (KHTML, like Gecko) Chrome/117.0.5938.132 Safari/537.36"
205.169.39.30 - - [20/May/2026:01:05:55 +0000] "GET /wp-content/plugins/contact-form-7/includes/swv/js/index.js?ver=6.1.6 HTTP/1.1" 200 3503 "http://www.hampersbypj.primemusicproductions.com/" "Mozilla/5.0 (Windows NT 10.0; Win64; x64) AppleWebKit/537.36 (KHTML, like Gecko) Chrome/117.0.5938.132 Safari/537.36"
205.169.39.30 - - [20/May/2026:01:05:55 +0000] "GET /wp-content/plugins/contact-form-7/includes/js/index.js?ver=6.1.6 HTTP/1.1" 200 4265 "http://www.hampersbypj.primemusicproductions.com/" "Mozilla/5.0 (Windows NT 10.0; Win64; x64) AppleWebKit/537.36 (KHTML, like Gecko) Chrome/117.0.5938.132 Safari/537.36"
205.169.39.30 - - [20/May/2026:01:05:55 +0000] "GET /wp-content/plugins/woocommerce/assets/js/frontend/woocommerce.min.js?ver=10.7.0 HTTP/1.1" 200 1532 "http://www.hampersbypj.primemusicproductions.com/" "Mozilla/5.0 (Windows NT 10.0; Win64; x64) AppleWebKit/537.36 (KHTML, like Gecko) Chrome/117.0.5938.132 Safari/537.36"
205.169.39.30 - - [20/May/2026:01:05:55 +0000] "GET /wp-content/plugins/google-site-kit/dist/assets/js/googlesitekit-consent-mode-da15714e8829855bb7ce.js HTTP/1.1" 200 25462 "http://www.hampersbypj.primemusicproductions.com/" "Mozilla/5.0 (Windows NT 10.0; Win64; x64) AppleWebKit/537.36 (KHTML, like Gecko) Chrome/117.0.5938.132 Safari/537.36"
205.169.39.30 - - [20/May/2026:01:05:55 +0000] "GET /wp-content/plugins/woocommerce/assets/js/sourcebuster/sourcebuster.min.js?ver=10.7.0 HTTP/1.1" 200 4807 "http://www.hampersbypj.primemusicproductions.com/" "Mozilla/5.0 (Windows NT 10.0; Win64; x64) AppleWebKit/537.36 (KHTML, like Gecko) Chrome/117.0.5938.132 Safari/537.36"
205.169.39.30 - - [20/May/2026:01:05:55 +0000] "GET /wp-content/plugins/woocommerce/assets/js/frontend/order-attribution.min.js?ver=10.7.0 HTTP/1.1" 200 1150 "http://www.hampersbypj.primemusicproductions.com/" "Mozilla/5.0 (Windows NT 10.0; Win64; x64) AppleWebKit/537.36 (KHTML, like Gecko) Chrome/117.0.5938.132 Safari/537.36"
205.169.39.30 - - [20/May/2026:01:05:55 +0000] "GET /wp-content/plugins/wp-consent-api/assets/js/wp-consent-api.min.js?ver=2.0.1 HTTP/1.1" 200 822 "http://www.hampersbypj.primemusicproductions.com/" "Mozilla/5.0 (Windows NT 10.0; Win64; x64) AppleWebKit/537.36 (KHTML, like Gecko) Chrome/117.0.5938.132 Safari/537.36"
205.169.39.30 - - [20/May/2026:01:05:55 +0000] "GET /wp-content/plugins/woocommerce/assets/js/frontend/wp-consent-api-integration.min.js?ver=10.7.0 HTTP/1.1" 200 240 "http://www.hampersbypj.primemusicproductions.com/" "Mozilla/5.0 (Windows NT 10.0; Win64; x64) AppleWebKit/537.36 (KHTML, like Gecko) Chrome/117.0.5938.132 Safari/537.36"
205.169.39.30 - - [20/May/2026:01:05:55 +0000] "GET /wp-content/plugins/woocommerce/assets/js/frontend/add-to-cart.min.js?ver=10.7.0 HTTP/1.1" 200 1439 "http://www.hampersbypj.primemusicproductions.com/" "Mozilla/5.0 (Windows NT 10.0; Win64; x64) AppleWebKit/537.36 (KHTML, like Gecko) Chrome/117.0.5938.132 Safari/537.36"
205.169.39.30 - - [20/May/2026:01:05:55 +0000] "GET /wp-content/plugins/google-site-kit/dist/assets/js/googlesitekit-events-provider-contact-form-7-08e8756782316cb65854.js HTTP/1.1" 200 1236 "http://www.hampersbypj.primemusicproductions.com/" "Mozilla/5.0 (Windows NT 10.0; Win64; x64) AppleWebKit/537.36 (KHTML, like Gecko) Chrome/117.0.5938.132 Safari/537.36"
205.169.39.30 - - [20/May/2026:01:05:55 +0000] "GET /wp-content/plugins/google-site-kit/dist/assets/js/googlesitekit-events-provider-woocommerce-a5f72561d6cdf416147d.js HTTP/1.1" 200 923 "http://www.hampersbypj.primemusicproductions.com/" "Mozilla/5.0 (Windows NT 10.0; Win64; x64) AppleWebKit/537.36 (KHTML, like Gecko) Chrome/117.0.5938.132 Safari/537.36"
205.169.39.30 - - [20/May/2026:01:05:55 +0000] "GET /wp-content/plugins/woocommerce/assets/js/frontend/cart-fragments.min.js?ver=10.7.0 HTTP/1.1" 200 1045 "http://www.hampersbypj.primemusicproductions.com/" "Mozilla/5.0 (Windows NT 10.0; Win64; x64) AppleWebKit/537.36 (KHTML, like Gecko) Chrome/117.0.5938.132 Safari/537.36"
205.169.39.30 - - [20/May/2026:01:05:57 +0000] "GET /wp-includes/js/wp-emoji-release.min.js?ver=6.9.4 HTTP/1.1" 200 5375 "http://www.hampersbypj.primemusicproductions.com/" "Mozilla/5.0 (Windows NT 10.0; Win64; x64) AppleWebKit/537.36 (KHTML, like Gecko) Chrome/117.0.5938.132 Safari/537.36"
205.169.39.30 - - [20/May/2026:01:05:56 +0000] "POST /?wc-ajax=get_refreshed_fragments HTTP/1.1" 200 503 "http://www.hampersbypj.primemusicproductions.com/" "Mozilla/5.0 (Windows NT 10.0; Win64; x64) AppleWebKit/537.36 (KHTML, like Gecko) Chrome/117.0.5938.132 Safari/537.36"
184.94.212.206 - - [20/May/2026:01:08:08 +0000] "POST /wp-cron.php?doing_wp_cron=1779239288.9643690586090087890625 HTTP/1.1" 200 - "-" "WordPress/6.9.4; https://hampersbypj.com"
34.116.230.35 - - [20/May/2026:01:08:07 +0000] "GET / HTTP/1.1" 200 10261 "-" "Mozilla/5.0 (iPhone13,2; U; CPU iPhone OS 14_0 like Mac OS X) AppleWebKit/602.1.50 (KHTML, like Gecko) Version/10.0 Mobile/15E148 Safari/602.1"
34.116.230.35 - - [20/May/2026:01:08:13 +0000] "GET /wp-content/themes/botiga/assets/css/woocommerce.min.css?ver=2.4.4 HTTP/1.1" 200 23172 "http://www.hampersbypj.primemusicproductions.com/" "Mozilla/5.0 (iPhone13,2; U; CPU iPhone OS 14_0 like Mac OS X) AppleWebKit/602.1.50 (KHTML, like Gecko) Version/10.0 Mobile/15E148 Safari/602.1"
34.116.230.35 - - [20/May/2026:01:08:13 +0000] "GET /wp-includes/css/dist/block-library/style.min.css?ver=6.9.4 HTTP/1.1" 200 15916 "http://www.hampersbypj.primemusicproductions.com/" "Mozilla/5.0 (iPhone13,2; U; CPU iPhone OS 14_0 like Mac OS X) AppleWebKit/602.1.50 (KHTML, like Gecko) Version/10.0 Mobile/15E148 Safari/602.1"
34.116.230.35 - - [20/May/2026:01:08:14 +0000] "GET /wp-content/plugins/woocommerce/assets/client/blocks/wc-blocks.css?ver=wc-10.7.0 HTTP/1.1" 200 2618 "http://www.hampersbypj.primemusicproductions.com/" "Mozilla/5.0 (iPhone13,2; U; CPU iPhone OS 14_0 like Mac OS X) AppleWebKit/602.1.50 (KHTML, like Gecko) Version/10.0 Mobile/15E148 Safari/602.1"
34.116.230.35 - - [20/May/2026:01:08:14 +0000] "GET /wp-content/plugins/contact-form-7/includes/css/styles.css?ver=6.1.6 HTTP/1.1" 200 1036 "http://www.hampersbypj.primemusicproductions.com/" "Mozilla/5.0 (iPhone13,2; U; CPU iPhone OS 14_0 like Mac OS X) AppleWebKit/602.1.50 (KHTML, like Gecko) Version/10.0 Mobile/15E148 Safari/602.1"
34.116.230.35 - - [20/May/2026:01:08:14 +0000] "GET /wp-content/plugins/complianz-gdpr/assets/css/cookieblocker.min.css?ver=1776710389 HTTP/1.1" 200 723 "http://www.hampersbypj.primemusicproductions.com/" "Mozilla/5.0 (iPhone13,2; U; CPU iPhone OS 14_0 like Mac OS X) AppleWebKit/602.1.50 (KHTML, like Gecko) Version/10.0 Mobile/15E148 Safari/602.1"
34.116.230.35 - - [20/May/2026:01:08:14 +0000] "GET /wp-content/themes/botiga/assets/css/botiga-bhfb.min.css?ver=2.4.4 HTTP/1.1" 200 2201 "http://www.hampersbypj.primemusicproductions.com/" "Mozilla/5.0 (iPhone13,2; U; CPU iPhone OS 14_0 like Mac OS X) AppleWebKit/602.1.50 (KHTML, like Gecko) Version/10.0 Mobile/15E148 Safari/602.1"
34.116.230.35 - - [20/May/2026:01:08:14 +0000] "GET /wp-content/themes/botiga/assets/css/styles.min.css?ver=2.4.4 HTTP/1.1" 200 23731 "http://www.hampersbypj.primemusicproductions.com/" "Mozilla/5.0 (iPhone13,2; U; CPU iPhone OS 14_0 like Mac OS X) AppleWebKit/602.1.50 (KHTML, like Gecko) Version/10.0 Mobile/15E148 Safari/602.1"
34.116.230.35 - - [20/May/2026:01:08:15 +0000] "GET /wp-content/uploads/botiga/custom-styles.css?ver=1776969042 HTTP/1.1" 200 7257 "http://www.hampersbypj.primemusicproductions.com/" "Mozilla/5.0 (iPhone13,2; U; CPU iPhone OS 14_0 like Mac OS X) AppleWebKit/602.1.50 (KHTML, like Gecko) Version/10.0 Mobile/15E148 Safari/602.1"
34.116.230.35 - - [20/May/2026:01:08:15 +0000] "GET /wp-content/themes/botiga/style.css?ver=2.4.4 HTTP/1.1" 200 879 "http://www.hampersbypj.primemusicproductions.com/" "Mozilla/5.0 (iPhone13,2; U; CPU iPhone OS 14_0 like Mac OS X) AppleWebKit/602.1.50 (KHTML, like Gecko) Version/10.0 Mobile/15E148 Safari/602.1"
34.116.230.35 - - [20/May/2026:01:08:15 +0000] "GET /wp-includes/js/jquery/jquery.min.js?ver=3.7.1 HTTP/1.1" 200 30368 "http://www.hampersbypj.primemusicproductions.com/" "Mozilla/5.0 (iPhone13,2; U; CPU iPhone OS 14_0 like Mac OS X) AppleWebKit/602.1.50 (KHTML, like Gecko) Version/10.0 Mobile/15E148 Safari/602.1"
34.116.230.35 - - [20/May/2026:01:08:16 +0000] "GET /wp-includes/js/jquery/jquery-migrate.min.js?ver=3.4.1 HTTP/1.1" 200 4872 "http://www.hampersbypj.primemusicproductions.com/" "Mozilla/5.0 (iPhone13,2; U; CPU iPhone OS 14_0 like Mac OS X) AppleWebKit/602.1.50 (KHTML, like Gecko) Version/10.0 Mobile/15E148 Safari/602.1"
34.116.230.35 - - [20/May/2026:01:08:16 +0000] "GET /wp-content/plugins/woocommerce/assets/js/jquery-blockui/jquery.blockUI.min.js?ver=2.7.0-wc.10.7.0 HTTP/1.1" 200 3537 "http://www.hampersbypj.primemusicproductions.com/" "Mozilla/5.0 (iPhone13,2; U; CPU iPhone OS 14_0 like Mac OS X) AppleWebKit/602.1.50 (KHTML, like Gecko) Version/10.0 Mobile/15E148 Safari/602.1"
34.116.230.35 - - [20/May/2026:01:08:16 +0000] "GET /wp-content/plugins/woocommerce/assets/js/js-cookie/js.cookie.min.js?ver=2.1.4-wc.10.7.0 HTTP/1.1" 200 833 "http://www.hampersbypj.primemusicproductions.com/" "Mozilla/5.0 (iPhone13,2; U; CPU iPhone OS 14_0 like Mac OS X) AppleWebKit/602.1.50 (KHTML, like Gecko) Version/10.0 Mobile/15E148 Safari/602.1"
34.116.230.35 - - [20/May/2026:01:08:16 +0000] "GET /wp-content/themes/botiga/assets/js/custom.min.js?ver=2.4.4 HTTP/1.1" 200 9025 "http://www.hampersbypj.primemusicproductions.com/" "Mozilla/5.0 (iPhone13,2; U; CPU iPhone OS 14_0 like Mac OS X) AppleWebKit/602.1.50 (KHTML, like Gecko) Version/10.0 Mobile/15E148 Safari/602.1"
34.116.230.35 - - [20/May/2026:01:08:16 +0000] "GET /wp-content/themes/botiga/assets/js/botiga-gallery.min.js?ver=2.4.4 HTTP/1.1" 200 886 "http://www.hampersbypj.primemusicproductions.com/" "Mozilla/5.0 (iPhone13,2; U; CPU iPhone OS 14_0 like Mac OS X) AppleWebKit/602.1.50 (KHTML, like Gecko) Version/10.0 Mobile/15E148 Safari/602.1"
34.116.230.35 - - [20/May/2026:01:08:16 +0000] "GET /wp-includes/js/dist/hooks.min.js?ver=dd5603f07f9220ed27f1 HTTP/1.1" 200 1941 "http://www.hampersbypj.primemusicproductions.com/" "Mozilla/5.0 (iPhone13,2; U; CPU iPhone OS 14_0 like Mac OS X) AppleWebKit/602.1.50 (KHTML, like Gecko) Version/10.0 Mobile/15E148 Safari/602.1"
34.116.230.35 - - [20/May/2026:01:08:16 +0000] "GET /wp-includes/js/dist/i18n.min.js?ver=c26c3dc7bed366793375 HTTP/1.1" 200 2229 "http://www.hampersbypj.primemusicproductions.com/" "Mozilla/5.0 (iPhone13,2; U; CPU iPhone OS 14_0 like Mac OS X) AppleWebKit/602.1.50 (KHTML, like Gecko) Version/10.0 Mobile/15E148 Safari/602.1"
34.116.230.35 - - [20/May/2026:01:08:17 +0000] "GET /wp-content/plugins/contact-form-7/includes/swv/js/index.js?ver=6.1.6 HTTP/1.1" 200 3503 "http://www.hampersbypj.primemusicproductions.com/" "Mozilla/5.0 (iPhone13,2; U; CPU iPhone OS 14_0 like Mac OS X) AppleWebKit/602.1.50 (KHTML, like Gecko) Version/10.0 Mobile/15E148 Safari/602.1"
34.116.230.35 - - [20/May/2026:01:08:17 +0000] "GET /wp-content/plugins/contact-form-7/includes/js/index.js?ver=6.1.6 HTTP/1.1" 200 4265 "http://www.hampersbypj.primemusicproductions.com/" "Mozilla/5.0 (iPhone13,2; U; CPU iPhone OS 14_0 like Mac OS X) AppleWebKit/602.1.50 (KHTML, like Gecko) Version/10.0 Mobile/15E148 Safari/602.1"
34.116.230.35 - - [20/May/2026:01:08:17 +0000] "GET /wp-content/plugins/woocommerce/assets/js/frontend/woocommerce.min.js?ver=10.7.0 HTTP/1.1" 200 1532 "http://www.hampersbypj.primemusicproductions.com/" "Mozilla/5.0 (iPhone13,2; U; CPU iPhone OS 14_0 like Mac OS X) AppleWebKit/602.1.50 (KHTML, like Gecko) Version/10.0 Mobile/15E148 Safari/602.1"
34.116.230.35 - - [20/May/2026:01:08:17 +0000] "GET /wp-content/plugins/google-site-kit/dist/assets/js/googlesitekit-consent-mode-da15714e8829855bb7ce.js HTTP/1.1" 200 25462 "http://www.hampersbypj.primemusicproductions.com/" "Mozilla/5.0 (iPhone13,2; U; CPU iPhone OS 14_0 like Mac OS X) AppleWebKit/602.1.50 (KHTML, like Gecko) Version/10.0 Mobile/15E148 Safari/602.1"
34.116.230.35 - - [20/May/2026:01:08:17 +0000] "GET /wp-content/plugins/woocommerce/assets/js/sourcebuster/sourcebuster.min.js?ver=10.7.0 HTTP/1.1" 200 4807 "http://www.hampersbypj.primemusicproductions.com/" "Mozilla/5.0 (iPhone13,2; U; CPU iPhone OS 14_0 like Mac OS X) AppleWebKit/602.1.50 (KHTML, like Gecko) Version/10.0 Mobile/15E148 Safari/602.1"
34.116.230.35 - - [20/May/2026:01:08:17 +0000] "GET /wp-content/plugins/woocommerce/assets/js/frontend/order-attribution.min.js?ver=10.7.0 HTTP/1.1" 200 1150 "http://www.hampersbypj.primemusicproductions.com/" "Mozilla/5.0 (iPhone13,2; U; CPU iPhone OS 14_0 like Mac OS X) AppleWebKit/602.1.50 (KHTML, like Gecko) Version/10.0 Mobile/15E148 Safari/602.1"
34.116.230.35 - - [20/May/2026:01:08:17 +0000] "GET /wp-content/plugins/wp-consent-api/assets/js/wp-consent-api.min.js?ver=2.0.1 HTTP/1.1" 200 822 "http://www.hampersbypj.primemusicproductions.com/" "Mozilla/5.0 (iPhone13,2; U; CPU iPhone OS 14_0 like Mac OS X) AppleWebKit/602.1.50 (KHTML, like Gecko) Version/10.0 Mobile/15E148 Safari/602.1"
34.116.230.35 - - [20/May/2026:01:08:19 +0000] "GET /wp-content/plugins/woocommerce/assets/js/frontend/wp-consent-api-integration.min.js?ver=10.7.0 HTTP/1.1" 200 240 "http://www.hampersbypj.primemusicproductions.com/" "Mozilla/5.0 (iPhone13,2; U; CPU iPhone OS 14_0 like Mac OS X) AppleWebKit/602.1.50 (KHTML, like Gecko) Version/10.0 Mobile/15E148 Safari/602.1"
34.116.230.35 - - [20/May/2026:01:08:19 +0000] "GET /wp-content/plugins/woocommerce/assets/js/frontend/add-to-cart.min.js?ver=10.7.0 HTTP/1.1" 200 1439 "http://www.hampersbypj.primemusicproductions.com/" "Mozilla/5.0 (iPhone13,2; U; CPU iPhone OS 14_0 like Mac OS X) AppleWebKit/602.1.50 (KHTML, like Gecko) Version/10.0 Mobile/15E148 Safari/602.1"
34.116.230.35 - - [20/May/2026:01:08:20 +0000] "GET /wp-content/plugins/google-site-kit/dist/assets/js/googlesitekit-events-provider-contact-form-7-08e8756782316cb65854.js HTTP/1.1" 200 1236 "http://www.hampersbypj.primemusicproductions.com/" "Mozilla/5.0 (iPhone13,2; U; CPU iPhone OS 14_0 like Mac OS X) AppleWebKit/602.1.50 (KHTML, like Gecko) Version/10.0 Mobile/15E148 Safari/602.1"
34.116.230.35 - - [20/May/2026:01:08:20 +0000] "GET /wp-content/plugins/google-site-kit/dist/assets/js/googlesitekit-events-provider-woocommerce-a5f72561d6cdf416147d.js HTTP/1.1" 200 923 "http://www.hampersbypj.primemusicproductions.com/" "Mozilla/5.0 (iPhone13,2; U; CPU iPhone OS 14_0 like Mac OS X) AppleWebKit/602.1.50 (KHTML, like Gecko) Version/10.0 Mobile/15E148 Safari/602.1"
34.116.230.35 - - [20/May/2026:01:08:20 +0000] "GET /wp-content/plugins/woocommerce/assets/js/frontend/cart-fragments.min.js?ver=10.7.0 HTTP/1.1" 200 1045 "http://www.hampersbypj.primemusicproductions.com/" "Mozilla/5.0 (iPhone13,2; U; CPU iPhone OS 14_0 like Mac OS X) AppleWebKit/602.1.50 (KHTML, like Gecko) Version/10.0 Mobile/15E148 Safari/602.1"
34.116.230.35 - - [20/May/2026:01:08:22 +0000] "GET /wp-includes/js/wp-emoji-release.min.js?ver=6.9.4 HTTP/1.1" 200 5375 "http://www.hampersbypj.primemusicproductions.com/" "Mozilla/5.0 (iPhone13,2; U; CPU iPhone OS 14_0 like Mac OS X) AppleWebKit/602.1.50 (KHTML, like Gecko) Version/10.0 Mobile/15E148 Safari/602.1"
34.116.230.35 - - [20/May/2026:01:08:26 +0000] "POST /?wc-ajax=get_refreshed_fragments HTTP/1.1" 200 503 "http://www.hampersbypj.primemusicproductions.com/" "Mozilla/5.0 (iPhone13,2; U; CPU iPhone OS 14_0 like Mac OS X) AppleWebKit/602.1.50 (KHTML, like Gecko) Version/10.0 Mobile/15E148 Safari/602.1"
184.94.212.206 - - [20/May/2026:01:31:51 +0000] "POST /wp-cron.php?doing_wp_cron=1779240711.8118979930877685546875 HTTP/1.1" 200 - "-" "WordPress/6.9.4; https://hampersbypj.com"
91.231.89.39 - - [20/May/2026:01:31:50 +0000] "GET / HTTP/1.1" 200 52831 "-" "Mozilla/5.0 (X11; Ubuntu; Linux x86_64; rv:134.0) Gecko/20100101 Firefox/134.0"
91.231.89.126 - - [20/May/2026:01:36:12 +0000] "GET /wp-content/plugins/woocommerce/assets/fonts/star.svg HTTP/1.1" 200 929 "-" "Mozilla/5.0 (X11; Ubuntu; Linux x86_64; rv:134.0) Gecko/20100101 Firefox/134.0"
184.94.212.206 - - [20/May/2026:01:36:52 +0000] "POST /wp-cron.php?doing_wp_cron=1779241012.9927480220794677734375 HTTP/1.1" 200 - "-" "WordPress/6.9.4; https://hampersbypj.com"
91.231.89.34 - - [20/May/2026:01:36:51 +0000] "GET /wp-content/plugins/woocommerce/assets/fonts/WooCommerce.eot HTTP/1.1" 301 - "-" "Mozilla/5.0 (X11; Ubuntu; Linux x86_64; rv:134.0) Gecko/20100101 Firefox/134.0"
91.231.89.36 - - [20/May/2026:01:37:21 +0000] "GET /wp-content/plugins/woocommerce/assets/fonts/WooCommerce.ttf HTTP/1.1" 200 14748 "-" "Mozilla/5.0 (X11; Ubuntu; Linux x86_64; rv:134.0) Gecko/20100101 Firefox/134.0"
91.231.89.37 - - [20/May/2026:01:37:25 +0000] "GET /wp-content/plugins/woocommerce/assets/fonts/star.eot HTTP/1.1" 301 - "-" "Mozilla/5.0 (X11; Ubuntu; Linux x86_64; rv:134.0) Gecko/20100101 Firefox/134.0"
91.231.89.127 - - [20/May/2026:01:37:28 +0000] "GET /wp-content/plugins/woocommerce/assets/fonts/WooCommerce.woff HTTP/1.1" 200 8084 "-" "Mozilla/5.0 (X11; Ubuntu; Linux x86_64; rv:134.0) Gecko/20100101 Firefox/134.0"
184.94.212.206 - - [20/May/2026:01:38:07 +0000] "POST /wp-cron.php?doing_wp_cron=1779241087.4186360836029052734375 HTTP/1.1" 200 - "-" "WordPress/6.9.4; https://hampersbypj.com"
91.231.89.39 - - [20/May/2026:01:38:05 +0000] "GET /wp-content/plugins/woocommerce/assets/fonts/star.eot? HTTP/1.1" 301 - "-" "Mozilla/5.0 (X11; Ubuntu; Linux x86_64; rv:134.0) Gecko/20100101 Firefox/134.0"
91.231.89.120 - - [20/May/2026:01:38:30 +0000] "GET /wp-content/plugins/woocommerce/assets/fonts/star.woff HTTP/1.1" 200 1304 "-" "Mozilla/5.0 (X11; Ubuntu; Linux x86_64; rv:134.0) Gecko/20100101 Firefox/134.0"
91.231.89.127 - - [20/May/2026:01:38:33 +0000] "GET /wp-content/plugins/woocommerce/assets/fonts/star.ttf HTTP/1.1" 200 1512 "-" "Mozilla/5.0 (X11; Ubuntu; Linux x86_64; rv:134.0) Gecko/20100101 Firefox/134.0"
184.94.212.206 - - [20/May/2026:01:39:15 +0000] "POST /wp-cron.php?doing_wp_cron=1779241155.5569479465484619140625 HTTP/1.1" 200 - "-" "WordPress/6.9.4; https://hampersbypj.com"
91.231.89.32 - - [20/May/2026:01:39:14 +0000] "GET /wp-content/plugins/woocommerce/assets/fonts/ HTTP/1.1" 301 - "-" "Mozilla/5.0 (X11; Ubuntu; Linux x86_64; rv:134.0) Gecko/20100101 Firefox/134.0"
184.94.212.206 - - [20/May/2026:02:10:06 +0000] "POST /wp-cron.php?doing_wp_cron=1779243006.0798709392547607421875 HTTP/1.1" 200 - "-" "WordPress/6.9.4; https://hampersbypj.com"
43.153.208.32 - - [20/May/2026:02:10:01 +0000] "GET / HTTP/1.1" 301 - "-" "Mozilla/5.0 (iPhone; CPU iPhone OS 13_2_3 like Mac OS X) AppleWebKit/605.1.15 (KHTML, like Gecko) Version/13.0.3 Mobile/15E148 Safari/604.1"
43.153.208.32 - - [20/May/2026:02:10:07 +0000] "GET / HTTP/1.1" 200 10254 "http://www.hampersbypj.com" "Mozilla/5.0 (iPhone; CPU iPhone OS 13_2_3 like Mac OS X) AppleWebKit/605.1.15 (KHTML, like Gecko) Version/13.0.3 Mobile/15E148 Safari/604.1"
184.94.212.206 - - [20/May/2026:02:45:38 +0000] "POST /wp-cron.php?doing_wp_cron=1779245138.2075619697570800781250 HTTP/1.1" 200 - "-" "WordPress/6.9.4; https://hampersbypj.com"
43.135.142.37 - - [20/May/2026:02:45:36 +0000] "GET / HTTP/1.1" 200 10255 "-" "Mozilla/5.0 (iPhone; CPU iPhone OS 13_2_3 like Mac OS X) AppleWebKit/605.1.15 (KHTML, like Gecko) Version/13.0.3 Mobile/15E148 Safari/604.1"
184.94.212.206 - - [20/May/2026:03:18:11 +0000] "POST /wp-cron.php?doing_wp_cron=1779247091.4847168922424316406250 HTTP/1.1" 200 - "-" "WordPress/6.9.4; https://hampersbypj.com"
138.117.14.252 - - [20/May/2026:03:18:09 +0000] "GET /wp-json/wp/v2/posts HTTP/1.1" 200 680 "-" "Mozilla/5.0 (Windows NT 10.0; Win64; x64) AppleWebKit/537.36 (KHTML, like Gecko) Chrome/120.0.0.0 Safari/537.36"
83.168.74.163 - - [20/May/2026:03:18:11 +0000] "GET //wp-json/wp/v2/posts HTTP/1.0" 200 680 "-" "Mozilla/5.0 (Windows NT 10.0; Win64; x64) AppleWebKit/537.36 (KHTML, like Gecko) Chrome/120.0.0.0 Safari/537.36"
184.94.212.206 - - [20/May/2026:03:33:24 +0000] "POST /wp-cron.php?doing_wp_cron=1779248004.5445799827575683593750 HTTP/1.1" 200 - "-" "WordPress/6.9.4; https://hampersbypj.com"
87.236.176.154 - - [20/May/2026:03:33:23 +0000] "GET / HTTP/1.1" 200 10255 "-" "Mozilla/5.0 (compatible; InternetMeasurement/1.0; +https://internet-measurement.com/)"
184.94.212.206 - - [20/May/2026:04:03:21 +0000] "POST /wp-cron.php?doing_wp_cron=1779249801.6665589809417724609375 HTTP/1.1" 200 - "-" "WordPress/6.9.4; https://hampersbypj.com"
13.231.95.107 - - [20/May/2026:04:03:19 +0000] "GET /wp-json/wp/v2/posts HTTP/1.1" 200 680 "-" "Mozilla/5.0 (Windows NT 10.0; Win64; x64) AppleWebKit/537.36 (KHTML, like Gecko) Chrome/120.0.0.0 Safari/537.36"
184.94.212.206 - - [20/May/2026:04:04:11 +0000] "POST /wp-cron.php?doing_wp_cron=1779249851.3861548900604248046875 HTTP/1.1" 200 - "-" "WordPress/6.9.4; https://hampersbypj.com"
