File: //home/primrwxj/access-logs/eyemovementdesensitizationandreprocessing.primemusicproductions.com
66.249.66.40 - - [19/May/2026:18:18:02 +0000] "GET /robots.txt HTTP/1.1" 200 151 "-" "Mozilla/5.0 (compatible; Googlebot/2.1; +http://www.google.com/bot.html)"
66.249.66.40 - - [19/May/2026:22:21:02 +0000] "GET /robots.txt HTTP/1.1" 200 151 "-" "Mozilla/5.0 (compatible; Googlebot/2.1; +http://www.google.com/bot.html)"
2.58.56.55 - - [19/May/2026:22:21:06 +0000] "GET /txets.php HTTP/1.1" 301 - "-" "Mozilla/5.0 (Windows NT 10.0; Win64; x64) AppleWebKit/537.36 (KHTML, like Gecko) Chrome/91.0.4472.124 Safari/537.36"
2.58.56.55 - - [19/May/2026:22:21:10 +0000] "GET /wp-content/txets.php HTTP/1.1" 301 - "-" "Mozilla/5.0 (Windows NT 10.0; Win64; x64) AppleWebKit/537.36 (KHTML, like Gecko) Chrome/91.0.4472.124 Safari/537.36"
2.58.56.55 - - [19/May/2026:22:21:12 +0000] "GET /wp-includes/widgets/txets.php HTTP/1.1" 301 - "-" "Mozilla/5.0 (Windows NT 10.0; Win64; x64) AppleWebKit/537.36 (KHTML, like Gecko) Chrome/91.0.4472.124 Safari/537.36"
2.58.56.55 - - [19/May/2026:22:21:13 +0000] "GET /wp-includes/rest-api/txets.php HTTP/1.1" 301 - "-" "Mozilla/5.0 (Windows NT 10.0; Win64; x64) AppleWebKit/537.36 (KHTML, like Gecko) Chrome/91.0.4472.124 Safari/537.36"
2.58.56.55 - - [19/May/2026:22:21:15 +0000] "GET /wp-includes/blocks/post-template/txets.php HTTP/1.1" 301 - "-" "Mozilla/5.0 (Windows NT 10.0; Win64; x64) AppleWebKit/537.36 (KHTML, like Gecko) Chrome/91.0.4472.124 Safari/537.36"
2.58.56.55 - - [19/May/2026:22:21:16 +0000] "GET /wp-admin/txets.php HTTP/1.1" 301 - "-" "Mozilla/5.0 (Windows NT 10.0; Win64; x64) AppleWebKit/537.36 (KHTML, like Gecko) Chrome/91.0.4472.124 Safari/537.36"
2.58.56.55 - - [19/May/2026:22:21:18 +0000] "GET /wp-includes/txets.php HTTP/1.1" 301 - "-" "Mozilla/5.0 (Windows NT 10.0; Win64; x64) AppleWebKit/537.36 (KHTML, like Gecko) Chrome/91.0.4472.124 Safari/537.36"
2.58.56.55 - - [19/May/2026:22:21:19 +0000] "GET /schallfuns.php HTTP/1.1" 301 - "-" "Mozilla/5.0 (Windows NT 10.0; Win64; x64) AppleWebKit/537.36 (KHTML, like Gecko) Chrome/91.0.4472.124 Safari/537.36"
2.58.56.55 - - [19/May/2026:22:21:20 +0000] "GET /postnews.php HTTP/1.1" 301 - "-" "Mozilla/5.0 (Windows NT 10.0; Win64; x64) AppleWebKit/537.36 (KHTML, like Gecko) Chrome/91.0.4472.124 Safari/537.36"
66.249.66.41 - - [19/May/2026:22:24:03 +0000] "GET /ads.txt HTTP/1.1" 200 58 "-" "Google-adstxt"
146.56.204.198 - - [19/May/2026:22:26:16 +0000] "GET /admin/lib/webuploader/0.1.5/server/preview.php HTTP/1.1" 301 - "-" "Mozilla/5.0 (Windows NT 10.0; WOW64; rv:48.0) Gecko/20100101 Firefox/48.0"
146.56.204.198 - - [19/May/2026:22:29:06 +0000] "GET /lib/webuploader/0.1.5/server/preview.php HTTP/1.1" 301 - "-" "Mozilla/5.0 (Windows NT 10.0; WOW64; rv:48.0) Gecko/20100101 Firefox/48.0"
54.236.1.13 - - [19/May/2026:22:37:28 +0000] "GET /EMDR/emdr/rapid-trauma-resolution/?1297450129 HTTP/1.1" 301 - "-" "Mozilla/5.0 (compatible; Pinterestbot/1.0; +http://www.pinterest.com/bot.html)"
184.94.212.206 - - [19/May/2026:22:52:41 +0000] "POST /wp-cron.php?doing_wp_cron=1779231161.0664010047912597656250 HTTP/1.1" 200 - "-" "WordPress/6.9.4; https://eyemovementdesensitizationandreprocessing.com"
120.240.178.237 - - [19/May/2026:22:52:39 +0000] "GET /wp-content/uploads/2012/11/emdr.jpg HTTP/1.1" 301 - "https://eyemovementdesensitizationandreprocessing.com/2024/11/02/separation-anxiety-disorder/" "Mozilla/5.0 (Windows NT 10.0; Win64; x64) AppleWebKit/537.36 (KHTML, like Gecko) Chrome/143.0.0.0 Safari/537.36"
209.99.189.98 - - [19/May/2026:23:10:09 +0000] "GET /images/images/cache.php HTTP/1.1" 403 6627 "www.google.com" "Mozlila/5.0 (Linux; Android 7.0; SM-G892A Bulid/NRD90M; wv) AppleWebKit/537.36 (KHTML, like Gecko) Version/4.0 Chrome/60.0.3112.107 Moblie Safari/537.36"
54.236.1.54 - - [19/May/2026:23:10:10 +0000] "GET /2011/10/31/facing-life-issues-depressed/?1273844074 HTTP/1.1" 301 - "-" "Mozilla/5.0 (compatible; Pinterestbot/1.0; +http://www.pinterest.com/bot.html)"
184.94.212.206 - - [19/May/2026:23:10:44 +0000] "POST /wp-cron.php?doing_wp_cron=1779232244.0721819400787353515625 HTTP/1.1" 200 - "-" "WordPress/6.9.4; https://eyemovementdesensitizationandreprocessing.com"
43.128.69.143 - - [19/May/2026:23:10:42 +0000] "GET / HTTP/1.1" 301 - "-" "Mozilla/5.0 (iPhone; CPU iPhone OS 13_2_3 like Mac OS X) AppleWebKit/605.1.15 (KHTML, like Gecko) Version/13.0.3 Mobile/15E148 Safari/604.1"
43.128.69.143 - - [19/May/2026:23:10:46 +0000] "GET / HTTP/1.1" 200 65712 "http://www.eyemovementdesensitizationandreprocessing.com" "Mozilla/5.0 (iPhone; CPU iPhone OS 13_2_3 like Mac OS X) AppleWebKit/605.1.15 (KHTML, like Gecko) Version/13.0.3 Mobile/15E148 Safari/604.1"
54.236.1.52 - - [19/May/2026:23:11:57 +0000] "GET /page/2/?1156108784 HTTP/1.1" 200 68124 "-" "Mozilla/5.0 (compatible; Pinterestbot/1.0; +http://www.pinterest.com/bot.html)"
184.94.212.206 - - [19/May/2026:23:15:29 +0000] "POST /wp-cron.php?doing_wp_cron=1779232529.0507678985595703125000 HTTP/1.1" 200 - "-" "WordPress/6.9.4; https://eyemovementdesensitizationandreprocessing.com"
54.236.1.51 - - [19/May/2026:23:15:27 +0000] "GET /page/3/?1087128516 HTTP/1.1" 200 67529 "-" "Mozilla/5.0 (compatible; Pinterestbot/1.0; +http://www.pinterest.com/bot.html)"
184.94.212.206 - - [19/May/2026:23:16:26 +0000] "POST /wp-cron.php?doing_wp_cron=1779232586.1364500522613525390625 HTTP/1.1" 200 - "-" "WordPress/6.9.4; https://eyemovementdesensitizationandreprocessing.com"
146.56.204.198 - - [19/May/2026:23:16:24 +0000] "GET /Public/h-ui/lib/webuploader/0.1.5/server/preview.php HTTP/1.1" 301 - "-" "Mozilla/5.0 (Windows NT 10.0; WOW64; rv:48.0) Gecko/20100101 Firefox/48.0"
184.94.212.206 - - [19/May/2026:23:19:33 +0000] "POST /wp-cron.php?doing_wp_cron=1779232773.0339870452880859375000 HTTP/1.1" 200 - "-" "WordPress/6.9.4; https://eyemovementdesensitizationandreprocessing.com"
54.236.1.13 - - [19/May/2026:23:19:31 +0000] "GET /EMDR/emdr/rapid-trauma-resolution/page/2/?1190603051 HTTP/1.1" 301 - "-" "Mozilla/5.0 (compatible; Pinterestbot/1.0; +http://www.pinterest.com/bot.html)"
184.94.212.206 - - [19/May/2026:23:29:45 +0000] "POST /wp-cron.php?doing_wp_cron=1779233385.5407040119171142578125 HTTP/1.1" 200 - "-" "WordPress/6.9.4; https://eyemovementdesensitizationandreprocessing.com"
37.59.21.100 - - [19/May/2026:23:29:44 +0000] "GET /emdr/feed/ HTTP/1.1" 200 423 "-" "Mozilla/5.0 (X11; Linux i686) AppleWebKit/537.36 (KHTML, like Gecko) Chrome/30.0.1599.66 Safari/537.36"
47.128.57.82 - - [19/May/2026:23:30:05 +0000] "GET /robots.txt HTTP/1.1" 301 - "-" "Mozilla/5.0 (Linux; Android 5.0) AppleWebKit/537.36 (KHTML, like Gecko) Mobile Safari/537.36 (compatible; Bytespider; spider-feedback@bytedance.com)"
47.128.57.82 - - [19/May/2026:23:30:06 +0000] "GET /robots.txt HTTP/1.1" 200 151 "-" "Mozilla/5.0 (Linux; Android 5.0) AppleWebKit/537.36 (KHTML, like Gecko) Mobile Safari/537.36 (compatible; Bytespider; spider-feedback@bytedance.com)"
184.94.212.206 - - [19/May/2026:23:35:18 +0000] "POST /wp-cron.php?doing_wp_cron=1779233718.9816401004791259765625 HTTP/1.1" 200 - "-" "WordPress/6.9.4; https://eyemovementdesensitizationandreprocessing.com"
54.236.1.52 - - [19/May/2026:23:35:17 +0000] "GET /emdr-side-effects/?1208175273 HTTP/1.1" 301 - "-" "Mozilla/5.0 (compatible; Pinterestbot/1.0; +http://www.pinterest.com/bot.html)"
184.94.212.206 - - [19/May/2026:23:40:02 +0000] "POST /wp-cron.php?doing_wp_cron=1779234002.4600160121917724609375 HTTP/1.1" 200 - "-" "WordPress/6.9.4; https://eyemovementdesensitizationandreprocessing.com"
216.244.66.244 - - [19/May/2026:23:40:00 +0000] "GET /robots.txt HTTP/1.1" 200 304 "-" "Mozilla/5.0 (compatible; DotBot/1.2; +https://opensiteexplorer.org/dotbot; help@moz.com)"
216.244.66.244 - - [19/May/2026:23:50:32 +0000] "GET /2024/04/18/additional-and-supplemental-treatments-for-ptsd/?share=facebook HTTP/1.1" 301 - "-" "Mozilla/5.0 (compatible; DotBot/1.2; +https://opensiteexplorer.org/dotbot; help@moz.com)"
184.94.212.206 - - [19/May/2026:23:54:04 +0000] "POST /wp-cron.php?doing_wp_cron=1779234844.9047520160675048828125 HTTP/1.1" 200 - "-" "WordPress/6.9.4; https://eyemovementdesensitizationandreprocessing.com"
54.236.1.53 - - [19/May/2026:23:54:03 +0000] "GET /2017/10/12/styles-of-assistive-tools-for-curing-stuttering-and-trauma/?1127198787 HTTP/1.1" 301 - "-" "Mozilla/5.0 (compatible; Pinterestbot/1.0; +http://www.pinterest.com/bot.html)"
184.94.212.206 - - [20/May/2026:00:04:56 +0000] "POST /wp-cron.php?doing_wp_cron=1779235496.2016270160675048828125 HTTP/1.1" 200 - "-" "WordPress/6.9.4; https://eyemovementdesensitizationandreprocessing.com"
36.226.114.204 - - [20/May/2026:00:04:54 +0000] "GET / HTTP/1.1" 200 65712 "-" "Mozilla/5.0 (Macintosh; Intel Mac OS X 12_5) AppleWebKit/605.1.15 (KHTML, like Gecko) Version/15.4 Safari/605.1.15"
36.226.114.204 - - [20/May/2026:00:05:02 +0000] "GET /wp-login.php?action=register HTTP/1.1" 302 - "http://eyemovementdesensitizationandreprocessing.com" "Mozilla/5.0 (Windows NT 6.3; Win64; x64) AppleWebKit/537.36 (KHTML, like Gecko) Chrome/103.0.0.0 Safari/537.36"
146.174.185.241 - - [20/May/2026:00:05:12 +0000] "GET /tag/define-emdr/ HTTP/1.1" 301 - "-" "Mozilla/5.0 (Windows NT 10.0; Win64; x64) AppleWebKit/537.36 (KHTML, like Gecko) Chrome/128.0.6613.36 Safari/537.36"
184.94.212.206 - - [20/May/2026:00:09:21 +0000] "POST /wp-cron.php?doing_wp_cron=1779235761.8148379325866699218750 HTTP/1.1" 200 - "-" "WordPress/6.9.4; https://eyemovementdesensitizationandreprocessing.com"
180.191.120.70 - - [20/May/2026:00:09:19 +0000] "GET /wp-json/wp/v2/posts HTTP/1.1" 200 26232 "-" "Mozilla/5.0 (Windows NT 10.0; Win64; x64) AppleWebKit/537.36 (KHTML, like Gecko) Chrome/120.0.0.0 Safari/537.36"
184.94.212.206 - - [20/May/2026:00:10:33 +0000] "POST /wp-cron.php?doing_wp_cron=1779235833.0635221004486083984375 HTTP/1.1" 200 - "-" "WordPress/6.9.4; https://eyemovementdesensitizationandreprocessing.com"
192.0.89.97 - - [20/May/2026:00:10:31 +0000] "GET /feed/ HTTP/1.1" 200 24204 "-" "wp.com feedbot/1.0 (+https://wp.com;subscribers=17;feed-id=81430179)"
192.0.89.97 - - [20/May/2026:00:10:49 +0000] "GET /feed HTTP/1.1" 301 - "-" "wp.com feedbot/1.0 (+https://wp.com;subscribers=17;feed-id=81430179)"
192.0.89.97 - - [20/May/2026:00:10:50 +0000] "GET /feed/ HTTP/1.1" 200 24204 "-" "wp.com feedbot/1.0 (+https://wp.com;subscribers=17;feed-id=81430179)"
79.127.129.231 - - [20/May/2026:00:12:21 +0000] "GET / HTTP/1.1" 200 211946 "-" "Mozilla/5.0 (Windows NT 10.0; Win64; x64) AppleWebKit/537.36 (KHTML, like Gecko) Chrome/88.0.4240.193 Safari/537.36"
79.127.129.231 - - [20/May/2026:00:12:24 +0000] "GET /?author=1 HTTP/1.1" 403 211953 "-" "Mozilla/5.0 (Windows NT 10.0; Win64; x64) AppleWebKit/537.36 (KHTML, like Gecko) Chrome/88.0.4240.193 Safari/537.36"
79.127.129.231 - - [20/May/2026:00:12:25 +0000] "GET /?author=2 HTTP/1.1" 403 211953 "-" "Mozilla/5.0 (Windows NT 10.0; Win64; x64) AppleWebKit/537.36 (KHTML, like Gecko) Chrome/88.0.4240.193 Safari/537.36"
79.127.129.231 - - [20/May/2026:00:12:27 +0000] "GET /?author=3 HTTP/1.1" 403 211953 "-" "Mozilla/5.0 (Windows NT 10.0; Win64; x64) AppleWebKit/537.36 (KHTML, like Gecko) Chrome/88.0.4240.193 Safari/537.36"
79.127.129.231 - - [20/May/2026:00:12:29 +0000] "GET /wp-json/wp/v2/users/ HTTP/1.1" 401 108 "-" "Mozilla/5.0 (Windows NT 10.0; Win64; x64) AppleWebKit/537.36 (KHTML, like Gecko) Chrome/88.0.4240.193 Safari/537.36"
79.127.129.231 - - [20/May/2026:00:12:31 +0000] "GET /wp-json/oembed/1.0/embed?url=http://eyemovementdesensitizationandreprocessing.com HTTP/1.1" 404 73 "-" "Mozilla/5.0 (Windows NT 10.0; Win64; x64) AppleWebKit/537.36 (KHTML, like Gecko) Chrome/88.0.4240.193 Safari/537.36"
79.127.129.231 - - [20/May/2026:00:12:32 +0000] "POST /xmlrpc.php HTTP/1.1" 301 - "-" "Mozilla/5.0 (Windows NT 10.0; Win64; x64) AppleWebKit/537.36 (KHTML, like Gecko) Chrome/88.0.4240.193 Safari/537.36"
74.249.173.207 - - [20/May/2026:00:31:29 +0000] "GET /wp-content/plugins/hellopress/wp_filemanager.php HTTP/1.1" 301 - "-" "-"
74.249.173.207 - - [20/May/2026:00:31:31 +0000] "GET /r.php HTTP/1.1" 301 - "-" "-"
74.249.173.207 - - [20/May/2026:00:31:34 +0000] "GET /ight.php HTTP/1.1" 301 - "-" "-"
74.249.173.207 - - [20/May/2026:00:31:36 +0000] "GET /wpns.php HTTP/1.1" 301 - "-" "-"
74.249.173.207 - - [20/May/2026:00:31:38 +0000] "GET /er.php HTTP/1.1" 301 - "-" "-"
74.249.173.207 - - [20/May/2026:00:31:41 +0000] "GET /sql.php HTTP/1.1" 301 - "-" "-"
74.249.173.207 - - [20/May/2026:00:31:43 +0000] "GET /lang/es.php HTTP/1.1" 301 - "-" "-"
74.249.173.207 - - [20/May/2026:00:31:45 +0000] "GET /getir.php HTTP/1.1" 301 - "-" "-"
74.249.173.207 - - [20/May/2026:00:31:48 +0000] "GET /core/init.php HTTP/1.1" 301 - "-" "-"
74.249.173.207 - - [20/May/2026:00:31:51 +0000] "GET /aa.php HTTP/1.1" 301 - "-" "-"
74.249.173.207 - - [20/May/2026:00:31:53 +0000] "GET /xmrlpc.php HTTP/1.1" 301 - "-" "-"
74.249.173.207 - - [20/May/2026:00:31:56 +0000] "GET /class.php HTTP/1.1" 301 - "-" "-"
74.249.173.207 - - [20/May/2026:00:31:58 +0000] "GET /goods.php HTTP/1.1" 301 - "-" "-"
74.249.173.207 - - [20/May/2026:00:32:00 +0000] "GET /info.php HTTP/1.1" 301 - "-" "-"
74.249.173.207 - - [20/May/2026:00:32:03 +0000] "GET /as.php HTTP/1.1" 301 - "-" "-"
74.249.173.207 - - [20/May/2026:00:32:05 +0000] "GET /aw.php HTTP/1.1" 301 - "-" "-"
74.249.173.207 - - [20/May/2026:00:32:09 +0000] "GET /bb.php HTTP/1.1" 301 - "-" "-"
74.249.173.207 - - [20/May/2026:00:32:11 +0000] "GET /about.php HTTP/1.1" 301 - "-" "-"
74.249.173.207 - - [20/May/2026:00:32:13 +0000] "GET /222.php HTTP/1.1" 301 - "-" "-"
74.249.173.207 - - [20/May/2026:00:32:16 +0000] "GET /test1.php HTTP/1.1" 301 - "-" "-"
74.249.173.207 - - [20/May/2026:00:32:18 +0000] "GET /wp-mail.php HTTP/1.1" 403 2520 "-" "-"
74.249.173.207 - - [20/May/2026:00:32:19 +0000] "GET /wp.php HTTP/1.1" 301 - "-" "-"
74.249.173.207 - - [20/May/2026:00:32:21 +0000] "GET /adminfuns.php HTTP/1.1" 301 - "-" "-"
74.249.173.207 - - [20/May/2026:00:32:24 +0000] "GET /php8.php HTTP/1.1" 301 - "-" "-"
74.249.173.207 - - [20/May/2026:00:32:26 +0000] "GET /ioxi-o.php HTTP/1.1" 301 - "-" "-"
74.249.173.207 - - [20/May/2026:00:32:28 +0000] "GET /edit.php HTTP/1.1" 301 - "-" "-"
74.249.173.207 - - [20/May/2026:00:32:30 +0000] "GET /sid3.php HTTP/1.1" 301 - "-" "-"
74.249.173.207 - - [20/May/2026:00:32:33 +0000] "GET /load.php HTTP/1.1" 301 - "-" "-"
74.249.173.207 - - [20/May/2026:00:32:35 +0000] "GET /166.php HTTP/1.1" 301 - "-" "-"
184.94.212.206 - - [20/May/2026:00:32:38 +0000] "POST /wp-cron.php?doing_wp_cron=1779237158.2495720386505126953125 HTTP/1.1" 200 - "-" "WordPress/6.9.4; https://eyemovementdesensitizationandreprocessing.com"
74.249.173.207 - - [20/May/2026:00:32:37 +0000] "GET /test.php HTTP/1.1" 301 - "-" "-"
74.249.173.207 - - [20/May/2026:00:32:39 +0000] "GET /phpinfo/info.php HTTP/1.1" 301 - "-" "-"
74.249.173.207 - - [20/May/2026:00:32:41 +0000] "GET /wp-the.php HTTP/1.1" 301 - "-" "-"
74.249.173.207 - - [20/May/2026:00:32:43 +0000] "GET /CDX2.php HTTP/1.1" 301 - "-" "-"
74.249.173.207 - - [20/May/2026:00:32:46 +0000] "GET /profile.php HTTP/1.1" 301 - "-" "-"
74.249.173.207 - - [20/May/2026:00:32:48 +0000] "GET /ws80.php HTTP/1.1" 301 - "-" "-"
74.249.173.207 - - [20/May/2026:00:32:50 +0000] "GET /a4.php HTTP/1.1" 301 - "-" "-"
74.249.173.207 - - [20/May/2026:00:32:53 +0000] "GET /app.php HTTP/1.1" 301 - "-" "-"
74.249.173.207 - - [20/May/2026:00:32:55 +0000] "GET /buy.php HTTP/1.1" 301 - "-" "-"
74.249.173.207 - - [20/May/2026:00:32:57 +0000] "GET /core.php HTTP/1.1" 301 - "-" "-"
74.249.173.207 - - [20/May/2026:00:32:59 +0000] "GET /lock360.php HTTP/1.1" 301 - "-" "-"
74.249.173.207 - - [20/May/2026:00:33:02 +0000] "GET /bc.php HTTP/1.1" 301 - "-" "-"
74.249.173.207 - - [20/May/2026:00:33:04 +0000] "GET /av.php HTTP/1.1" 301 - "-" "-"
74.249.173.207 - - [20/May/2026:00:33:06 +0000] "GET /casp1.php HTTP/1.1" 301 - "-" "-"
74.249.173.207 - - [20/May/2026:00:33:08 +0000] "GET /file6.php HTTP/1.1" 301 - "-" "-"
74.249.173.207 - - [20/May/2026:00:33:11 +0000] "GET /xs.php HTTP/1.1" 301 - "-" "-"
74.249.173.207 - - [20/May/2026:00:33:13 +0000] "GET /xxa.php HTTP/1.1" 301 - "-" "-"
74.249.173.207 - - [20/May/2026:00:33:15 +0000] "GET /index0.php HTTP/1.1" 301 - "-" "-"
74.249.173.207 - - [20/May/2026:00:33:17 +0000] "GET /wp-kz.php HTTP/1.1" 301 - "-" "-"
74.249.173.207 - - [20/May/2026:00:33:20 +0000] "GET /19.php HTTP/1.1" 301 - "-" "-"
74.249.173.207 - - [20/May/2026:00:33:22 +0000] "GET /11.php HTTP/1.1" 301 - "-" "-"
74.249.173.207 - - [20/May/2026:00:33:24 +0000] "GET /w.php HTTP/1.1" 301 - "-" "-"
74.249.173.207 - - [20/May/2026:00:33:27 +0000] "GET /ws78.php HTTP/1.1" 301 - "-" "-"
74.249.173.207 - - [20/May/2026:00:33:29 +0000] "GET /xxx.php HTTP/1.1" 301 - "-" "-"
74.249.173.207 - - [20/May/2026:00:33:31 +0000] "GET /a7.php HTTP/1.1" 301 - "-" "-"
74.249.173.207 - - [20/May/2026:00:33:33 +0000] "GET /BDKR28WP.php HTTP/1.1" 301 - "-" "-"
184.94.212.206 - - [20/May/2026:00:33:37 +0000] "POST /wp-cron.php?doing_wp_cron=1779237217.0630419254302978515625 HTTP/1.1" 200 - "-" "WordPress/6.9.4; https://eyemovementdesensitizationandreprocessing.com"
74.249.173.207 - - [20/May/2026:00:33:36 +0000] "GET /a1.php HTTP/1.1" 301 - "-" "-"
74.249.173.207 - - [20/May/2026:00:33:38 +0000] "GET /d.php HTTP/1.1" 301 - "-" "-"
74.249.173.207 - - [20/May/2026:00:33:40 +0000] "GET /xff.php HTTP/1.1" 301 - "-" "-"
74.249.173.207 - - [20/May/2026:00:33:42 +0000] "GET /bal.php HTTP/1.1" 301 - "-" "-"
74.249.173.207 - - [20/May/2026:00:33:45 +0000] "GET /xltt.php HTTP/1.1" 301 - "-" "-"
184.94.212.206 - - [20/May/2026:00:33:48 +0000] "POST /wp-cron.php?doing_wp_cron=1779237228.1115810871124267578125 HTTP/1.1" 200 - "-" "WordPress/6.9.4; https://eyemovementdesensitizationandreprocessing.com"
74.249.173.207 - - [20/May/2026:00:33:47 +0000] "GET /son.php HTTP/1.1" 301 - "-" "-"
74.249.173.207 - - [20/May/2026:00:33:49 +0000] "GET /doc.php HTTP/1.1" 301 - "-" "-"
74.249.173.207 - - [20/May/2026:00:33:51 +0000] "GET /zo.php HTTP/1.1" 301 - "-" "-"
74.249.173.207 - - [20/May/2026:00:33:54 +0000] "GET /xper1.php HTTP/1.1" 301 - "-" "-"
74.249.173.207 - - [20/May/2026:00:33:56 +0000] "GET /tiny.php HTTP/1.1" 301 - "-" "-"
74.249.173.207 - - [20/May/2026:00:33:59 +0000] "GET /s1.php HTTP/1.1" 301 - "-" "-"
74.249.173.207 - - [20/May/2026:00:34:01 +0000] "GET /de.php HTTP/1.1" 301 - "-" "-"
74.249.173.207 - - [20/May/2026:00:34:04 +0000] "GET /1a.php HTTP/1.1" 301 - "-" "-"
74.249.173.207 - - [20/May/2026:00:34:06 +0000] "GET /2.php HTTP/1.1" 301 - "-" "-"
74.249.173.207 - - [20/May/2026:00:34:09 +0000] "GET /f35.php HTTP/1.1" 301 - "-" "-"
74.249.173.207 - - [20/May/2026:00:34:12 +0000] "GET /sky.php HTTP/1.1" 301 - "-" "-"
74.249.173.207 - - [20/May/2026:00:34:15 +0000] "GET /man.php HTTP/1.1" 301 - "-" "-"
74.249.173.207 - - [20/May/2026:00:34:18 +0000] "GET /ms-edit.php HTTP/1.1" 301 - "-" "-"
74.249.173.207 - - [20/May/2026:00:34:20 +0000] "GET /7.php HTTP/1.1" 301 - "-" "-"
74.249.173.207 - - [20/May/2026:00:34:23 +0000] "GET /pp.php HTTP/1.1" 301 - "-" "-"
74.249.173.207 - - [20/May/2026:00:34:25 +0000] "GET /mar.php HTTP/1.1" 301 - "-" "-"
74.249.173.207 - - [20/May/2026:00:34:27 +0000] "GET /themes.php HTTP/1.1" 301 - "-" "-"
74.249.173.207 - - [20/May/2026:00:34:30 +0000] "GET /acp.php HTTP/1.1" 301 - "-" "-"
74.249.173.207 - - [20/May/2026:00:34:32 +0000] "GET /zdd.php HTTP/1.1" 301 - "-" "-"
74.249.173.207 - - [20/May/2026:00:34:35 +0000] "GET /link.php HTTP/1.1" 301 - "-" "-"
184.94.212.206 - - [20/May/2026:00:34:38 +0000] "POST /wp-cron.php?doing_wp_cron=1779237278.1428248882293701171875 HTTP/1.1" 200 - "-" "WordPress/6.9.4; https://eyemovementdesensitizationandreprocessing.com"
74.249.173.207 - - [20/May/2026:00:34:37 +0000] "GET /sallu.php HTTP/1.1" 301 - "-" "-"
74.249.173.207 - - [20/May/2026:00:34:39 +0000] "GET /aboute.php HTTP/1.1" 301 - "-" "-"
74.249.173.207 - - [20/May/2026:00:34:41 +0000] "GET /ayk.php HTTP/1.1" 301 - "-" "-"
74.249.173.207 - - [20/May/2026:00:34:43 +0000] "GET /one.php HTTP/1.1" 301 - "-" "-"
74.249.173.207 - - [20/May/2026:00:34:46 +0000] "GET /tx79.php HTTP/1.1" 301 - "-" "-"
74.249.173.207 - - [20/May/2026:00:34:48 +0000] "GET /wp-class.php HTTP/1.1" 301 - "-" "-"
74.249.173.207 - - [20/May/2026:00:34:50 +0000] "GET /8.php HTTP/1.1" 301 - "-" "-"
74.249.173.207 - - [20/May/2026:00:34:52 +0000] "GET /options.php HTTP/1.1" 301 - "-" "-"
74.249.173.207 - - [20/May/2026:00:34:55 +0000] "GET /f5.php HTTP/1.1" 301 - "-" "-"
74.249.173.207 - - [20/May/2026:00:34:57 +0000] "GET /alpha.php HTTP/1.1" 301 - "-" "-"
74.249.173.207 - - [20/May/2026:00:34:59 +0000] "GET /son1.php HTTP/1.1" 301 - "-" "-"
74.249.173.207 - - [20/May/2026:00:35:01 +0000] "GET /ggb.php HTTP/1.1" 301 - "-" "-"
74.249.173.207 - - [20/May/2026:00:35:04 +0000] "GET /amxloxxr.php HTTP/1.1" 301 - "-" "-"
74.249.173.207 - - [20/May/2026:00:35:06 +0000] "GET /ss.php HTTP/1.1" 301 - "-" "-"
74.249.173.207 - - [20/May/2026:00:35:09 +0000] "GET /sadcut1.php HTTP/1.1" 301 - "-" "-"
74.249.173.207 - - [20/May/2026:00:35:11 +0000] "GET /rh.php HTTP/1.1" 301 - "-" "-"
74.249.173.207 - - [20/May/2026:00:35:13 +0000] "GET /99.php HTTP/1.1" 301 - "-" "-"
74.249.173.207 - - [20/May/2026:00:35:16 +0000] "GET /layout.php HTTP/1.1" 301 - "-" "-"
74.249.173.207 - - [20/May/2026:00:35:18 +0000] "GET /12.php HTTP/1.1" 301 - "-" "-"
74.249.173.207 - - [20/May/2026:00:35:20 +0000] "GET /fs.php HTTP/1.1" 301 - "-" "-"
74.249.173.207 - - [20/May/2026:00:35:22 +0000] "GET /aaa.php HTTP/1.1" 301 - "-" "-"
74.249.173.207 - - [20/May/2026:00:35:25 +0000] "GET /Ov-Simple1.php HTTP/1.1" 301 - "-" "-"
74.249.173.207 - - [20/May/2026:00:35:27 +0000] "GET /a5.php HTTP/1.1" 301 - "-" "-"
74.249.173.207 - - [20/May/2026:00:35:30 +0000] "GET /hplfuns.php HTTP/1.1" 301 - "-" "-"
74.249.173.207 - - [20/May/2026:00:35:32 +0000] "GET /bolt.php HTTP/1.1" 301 - "-" "-"
74.249.173.207 - - [20/May/2026:00:35:34 +0000] "GET /inputs.php HTTP/1.1" 301 - "-" "-"
74.249.173.207 - - [20/May/2026:00:35:37 +0000] "GET /file2.php HTTP/1.1" 301 - "-" "-"
74.249.173.207 - - [20/May/2026:00:35:39 +0000] "GET /index/function.php HTTP/1.1" 301 - "-" "-"
74.249.173.207 - - [20/May/2026:00:35:41 +0000] "GET /wk/index.php HTTP/1.1" 301 - "-" "-"
74.249.173.207 - - [20/May/2026:00:35:42 +0000] "GET /wk/ HTTP/1.1" 301 - "-" "-"
74.249.173.207 - - [20/May/2026:00:35:44 +0000] "GET /alfa.php HTTP/1.1" 301 - "-" "-"
74.249.173.207 - - [20/May/2026:00:35:46 +0000] "GET /wp-theme.php HTTP/1.1" 301 - "-" "-"
74.249.173.207 - - [20/May/2026:00:35:48 +0000] "GET /wp-file.php HTTP/1.1" 301 - "-" "-"
74.249.173.207 - - [20/May/2026:00:35:51 +0000] "GET /default.php HTTP/1.1" 301 - "-" "-"
74.249.173.207 - - [20/May/2026:00:35:53 +0000] "GET /mah.php HTTP/1.1" 301 - "-" "-"
74.249.173.207 - - [20/May/2026:00:35:55 +0000] "GET /plugins.php HTTP/1.1" 301 - "-" "-"
74.249.173.207 - - [20/May/2026:00:35:57 +0000] "GET /sf.php HTTP/1.1" 301 - "-" "-"
74.249.173.207 - - [20/May/2026:00:36:00 +0000] "GET /a.php HTTP/1.1" 301 - "-" "-"
74.249.173.207 - - [20/May/2026:00:36:02 +0000] "GET /k.php HTTP/1.1" 301 - "-" "-"
74.249.173.207 - - [20/May/2026:00:36:04 +0000] "GET /ini.php HTTP/1.1" 301 - "-" "-"
74.249.173.207 - - [20/May/2026:00:36:06 +0000] "GET /ca4.php HTTP/1.1" 301 - "-" "-"
74.249.173.207 - - [20/May/2026:00:36:09 +0000] "GET /wp-admin/includes/index.php HTTP/1.1" 301 - "-" "-"
74.249.173.207 - - [20/May/2026:00:36:10 +0000] "GET /wp-admin/includes/ HTTP/1.1" 301 - "-" "-"
74.249.173.207 - - [20/May/2026:00:36:12 +0000] "GET /wp-info.php HTTP/1.1" 301 - "-" "-"
74.249.173.207 - - [20/May/2026:00:36:14 +0000] "GET /init.php HTTP/1.1" 301 - "-" "-"
74.249.173.207 - - [20/May/2026:00:36:16 +0000] "GET /100.php HTTP/1.1" 301 - "-" "-"
74.249.173.207 - - [20/May/2026:00:36:19 +0000] "GET /fm.php HTTP/1.1" 301 - "-" "-"
74.249.173.207 - - [20/May/2026:00:36:21 +0000] "GET /z.ph HTTP/1.1" 301 - "-" "-"
5.255.231.66 - - [20/May/2026:00:56:28 +0000] "GET /robots.txt HTTP/1.1" 200 304 "-" "Mozilla/5.0 (compatible; YandexBot/3.0; +http://yandex.com/bots)"
87.250.224.111 - - [20/May/2026:00:56:30 +0000] "GET /wp-content/uploads/2014/03/emdr_ptsd_education.gif HTTP/1.1" 301 - "-" "Mozilla/5.0 (compatible; YandexImages/3.0; +http://yandex.com/bots)"
115.224.185.74 - - [20/May/2026:00:56:30 +0000] "GET /wp-content/uploads/2012/06/Bipolar_Disorder1-300x145.jpg HTTP/1.1" 301 - "https://eyemovementdesensitizationandreprocessing.com/2025/01/18/bipolar-disorder/" "Mozilla/5.0 (Windows NT 10.0; Win64; x64) AppleWebKit/537.36 (KHTML, like Gecko) Chrome/143.0.0.0 Safari/537.36"
27.22.119.239 - - [20/May/2026:00:56:31 +0000] "GET /wp-content/uploads/2012/06/Bipolar_Disorder1-300x145.jpg HTTP/1.1" 301 - "https://eyemovementdesensitizationandreprocessing.com/2025/01/18/bipolar-disorder/" "Mozilla/5.0 (Windows NT 10.0; Win64; x64) AppleWebKit/537.36 (KHTML, like Gecko) Chrome/143.0.0.0 Safari/537.36"
169.159.128.176 - - [20/May/2026:01:12:20 +0000] "GET /wp-json/wp/v2/posts HTTP/1.1" 200 26232 "-" "Mozilla/5.0 (Windows NT 10.0; Win64; x64) AppleWebKit/537.36 (KHTML, like Gecko) Chrome/120.0.0.0 Safari/537.36"
184.94.212.206 - - [20/May/2026:01:13:33 +0000] "POST /wp-cron.php?doing_wp_cron=1779239613.5754399299621582031250 HTTP/1.1" 200 - "-" "WordPress/6.9.4; https://eyemovementdesensitizationandreprocessing.com"
192.0.82.193 - - [20/May/2026:01:13:31 +0000] "GET /feed/ HTTP/1.1" 200 24204 "-" "wp.com feedbot/1.0 (+https://wp.com;subscribers=17;feed-id=81430179)"
184.94.212.206 - - [20/May/2026:01:13:53 +0000] "POST /wp-cron.php?doing_wp_cron=1779239633.2460439205169677734375 HTTP/1.1" 200 - "-" "WordPress/6.9.4; https://eyemovementdesensitizationandreprocessing.com"
192.0.82.193 - - [20/May/2026:01:13:52 +0000] "GET /feed HTTP/1.1" 301 - "-" "wp.com feedbot/1.0 (+https://wp.com;subscribers=17;feed-id=81430179)"
192.0.82.193 - - [20/May/2026:01:13:53 +0000] "GET /feed/ HTTP/1.1" 200 24204 "-" "wp.com feedbot/1.0 (+https://wp.com;subscribers=17;feed-id=81430179)"
184.94.212.206 - - [20/May/2026:01:19:46 +0000] "POST /wp-cron.php?doing_wp_cron=1779239986.6237969398498535156250 HTTP/1.1" 200 - "-" "WordPress/6.9.4; https://eyemovementdesensitizationandreprocessing.com"
13.218.169.169 - - [20/May/2026:01:19:45 +0000] "GET / HTTP/1.1" 200 65712 "-" "Pixalate.com/1.0"
13.218.169.169 - - [20/May/2026:01:19:47 +0000] "GET / HTTP/1.1" 200 65712 "-" "Pixalate.com/1.0"
13.218.169.169 - - [20/May/2026:01:19:52 +0000] "GET / HTTP/1.1" 200 65712 "-" "Pixalate.com/1.0"
184.94.212.206 - - [20/May/2026:01:40:06 +0000] "POST /wp-cron.php?doing_wp_cron=1779241206.0468978881835937500000 HTTP/1.1" 200 - "-" "WordPress/6.9.4; https://eyemovementdesensitizationandreprocessing.com"
163.204.216.15 - - [20/May/2026:01:40:04 +0000] "GET / HTTP/1.1" 301 - "https://www.whole-search.com/cache/Google/eyemovementdesensitizationandreprocessing.com?q=Google+global+ranking+site%3Awww.whole-search.com" "Mozilla/5.0 (Windows NT 6.2) AppleWebKit/537.36 (KHTML, like Gecko) Chrome/28.0.1464.0 Safari/537.36"
163.204.216.15 - - [20/May/2026:01:40:07 +0000] "GET / HTTP/1.1" 200 211946 "https://www.whole-search.com/cache/Google/eyemovementdesensitizationandreprocessing.com?q=Google+global+ranking+site%3Awww.whole-search.com" "Mozilla/5.0 (Windows NT 6.2) AppleWebKit/537.36 (KHTML, like Gecko) Chrome/28.0.1464.0 Safari/537.36"
184.94.212.206 - - [20/May/2026:01:55:41 +0000] "POST /wp-cron.php?doing_wp_cron=1779242141.8336889743804931640625 HTTP/1.1" 200 - "-" "WordPress/6.9.4; https://eyemovementdesensitizationandreprocessing.com"
43.130.3.122 - - [20/May/2026:01:55:40 +0000] "GET / HTTP/1.1" 200 65712 "-" "Mozilla/5.0 (iPhone; CPU iPhone OS 13_2_3 like Mac OS X) AppleWebKit/605.1.15 (KHTML, like Gecko) Version/13.0.3 Mobile/15E148 Safari/604.1"
184.94.212.206 - - [20/May/2026:02:03:05 +0000] "POST /wp-cron.php?doing_wp_cron=1779242585.7938399314880371093750 HTTP/1.1" 200 - "-" "WordPress/6.9.4; https://eyemovementdesensitizationandreprocessing.com"
120.240.178.155 - - [20/May/2026:02:03:04 +0000] "GET /robots.txt HTTP/1.1" 200 151 "-" "Mozilla/5.0 (Windows NT 10.0; Win64; x64) AppleWebKit/537.36 (KHTML, like Gecko) Chrome/90.0.3543.124 Safari/537.36"
184.94.212.206 - - [20/May/2026:02:08:24 +0000] "POST /wp-cron.php?doing_wp_cron=1779242904.2359299659729003906250 HTTP/1.1" 200 - "-" "WordPress/6.9.4; https://eyemovementdesensitizationandreprocessing.com"
114.119.140.66 - - [20/May/2026:02:08:22 +0000] "GET / HTTP/1.1" 200 65712 "http://eyemovementdesensitizationandreprocessing.com/" "Mozilla/5.0 (Linux; Android 7.0;) AppleWebKit/537.36 (HTML, like Gecko) Mobile Safari/537.36 (compatible; PetalBot;+https://webmaster.petalsearch.com/site/petalbot)"
184.94.212.206 - - [20/May/2026:02:18:09 +0000] "POST /wp-cron.php?doing_wp_cron=1779243489.8791339397430419921875 HTTP/1.1" 200 - "-" "WordPress/6.9.4; https://eyemovementdesensitizationandreprocessing.com"
192.0.118.212 - - [20/May/2026:02:18:08 +0000] "GET /wp-content/uploads/2013/06/relaxation_therapy.jpg HTTP/1.1" 301 - "-" "Photon/1.0"
66.249.66.42 - - [20/May/2026:02:24:06 +0000] "GET /ads.txt HTTP/1.1" 304 - "-" "Google-adstxt"
148.251.11.147 - - [20/May/2026:02:33:25 +0000] "GET /robots.txt HTTP/1.1" 200 151 "-" "serpstatbot/2.1 (advanced backlink tracking bot; https://serpstatbot.com/; abuse@serpstatbot.com)"
148.251.11.147 - - [20/May/2026:02:33:26 +0000] "GET / HTTP/1.1" 200 65712 "-" "serpstatbot/2.1 (advanced backlink tracking bot; https://serpstatbot.com/; abuse@serpstatbot.com)"
184.94.212.206 - - [20/May/2026:02:33:51 +0000] "POST /wp-cron.php?doing_wp_cron=1779244431.3602769374847412109375 HTTP/1.1" 200 - "-" "WordPress/6.9.4; https://eyemovementdesensitizationandreprocessing.com"
148.251.11.147 - - [20/May/2026:02:33:50 +0000] "GET / HTTP/1.1" 200 65712 "-" "serpstatbot/2.1 (advanced backlink tracking bot; https://serpstatbot.com/; abuse@serpstatbot.com)"
148.251.11.147 - - [20/May/2026:02:34:14 +0000] "GET /contact/ HTTP/1.1" 200 66783 "-" "serpstatbot/2.1 (advanced backlink tracking bot; https://serpstatbot.com/; abuse@serpstatbot.com)"
184.94.212.206 - - [20/May/2026:02:34:41 +0000] "POST /wp-cron.php?doing_wp_cron=1779244481.8920600414276123046875 HTTP/1.1" 200 - "-" "WordPress/6.9.4; https://eyemovementdesensitizationandreprocessing.com"
148.251.11.147 - - [20/May/2026:02:34:40 +0000] "GET /disclaimer/ HTTP/1.1" 200 64357 "-" "serpstatbot/2.1 (advanced backlink tracking bot; https://serpstatbot.com/; abuse@serpstatbot.com)"
148.251.11.147 - - [20/May/2026:02:35:09 +0000] "GET /site-map/ HTTP/1.1" 200 66610 "-" "serpstatbot/2.1 (advanced backlink tracking bot; https://serpstatbot.com/; abuse@serpstatbot.com)"
148.251.11.147 - - [20/May/2026:02:35:34 +0000] "GET /success-stories/ HTTP/1.1" 200 69818 "-" "serpstatbot/2.1 (advanced backlink tracking bot; https://serpstatbot.com/; abuse@serpstatbot.com)"
192.178.11.102 - - [20/May/2026:02:41:03 +0000] "GET / HTTP/1.1" 200 65712 "-" "Google-Display-Ads-Bot"
184.94.212.206 - - [20/May/2026:02:47:29 +0000] "POST /wp-cron.php?doing_wp_cron=1779245249.4407749176025390625000 HTTP/1.1" 200 - "-" "WordPress/6.9.4; https://eyemovementdesensitizationandreprocessing.com"
124.221.140.98 - - [20/May/2026:02:47:28 +0000] "GET / HTTP/1.1" 200 65712 "-" "Mozilla/5.0 (iPhone; CPU iPhone OS 13_2_3 like Mac OS X) AppleWebKit/605.1.15 (KHTML, like Gecko) Version/13.0.3 Mobile/15E148 Safari/604.1"
183.207.45.108 - - [20/May/2026:02:50:58 +0000] "GET / HTTP/1.1" 200 211946 "-" "Mozilla/5.0 (Windows NT 10.0; Win64; x64) AppleWebKit/537.36 (KHTML, like Gecko) Chrome/59.0.3071.104 Safari/537.36"
91.232.39.32 - - [20/May/2026:03:20:00 +0000] "GET /mental-health-2/mental-health-treatments/emdr/for-panic-attacks/dont-let-stress-get-you-down-try-these-tips/ HTTP/1.1" 301 - "-" "Mozilla/5.0 (Macintosh; Intel Mac OS X 14_6_1) AppleWebKit/537.36 (KHTML, like Gecko) Chrome/131.0.6778.204 Safari/537.36"
101.42.46.71 - - [20/May/2026:03:30:32 +0000] "GET / HTTP/1.1" 200 65712 "-" "Mozilla/5.0 (iPhone; CPU iPhone OS 13_2_3 like Mac OS X) AppleWebKit/605.1.15 (KHTML, like Gecko) Version/13.0.3 Mobile/15E148 Safari/604.1"
178.130.41.157 - - [20/May/2026:03:33:31 +0000] "GET /wp-json/wp/v2/posts HTTP/1.1" 200 26232 "-" "Mozilla/5.0 (Windows NT 10.0; Win64; x64) AppleWebKit/537.36 (KHTML, like Gecko) Chrome/120.0.0.0 Safari/537.36"
184.94.212.206 - - [20/May/2026:03:34:29 +0000] "POST /wp-cron.php?doing_wp_cron=1779248069.9729449748992919921875 HTTP/1.1" 200 - "-" "WordPress/6.9.4; https://eyemovementdesensitizationandreprocessing.com"
13.208.242.80 - - [20/May/2026:03:34:28 +0000] "GET /wp-json/wp/v2/posts HTTP/1.1" 200 26232 "-" "Mozilla/5.0 (Windows NT 10.0; Win64; x64) AppleWebKit/537.36 (KHTML, like Gecko) Chrome/120.0.0.0 Safari/537.36"
192.0.91.149 - - [20/May/2026:03:34:40 +0000] "GET /feed/ HTTP/1.1" 200 24204 "-" "wp.com feedbot/1.0 (+https://wp.com;subscribers=17;feed-id=81430179)"
192.0.91.149 - - [20/May/2026:03:35:03 +0000] "GET /feed HTTP/1.1" 301 - "-" "wp.com feedbot/1.0 (+https://wp.com;subscribers=17;feed-id=81430179)"
192.0.91.149 - - [20/May/2026:03:35:05 +0000] "GET /feed/ HTTP/1.1" 200 24204 "-" "wp.com feedbot/1.0 (+https://wp.com;subscribers=17;feed-id=81430179)"
37.59.21.100 - - [20/May/2026:03:38:02 +0000] "GET /2016/10/02/va-compensation/feed/ HTTP/1.1" 200 434 "-" "Mozilla/5.0 (X11; Linux i686) AppleWebKit/537.36 (KHTML, like Gecko) Chrome/30.0.1599.66 Safari/537.36"
98.84.133.57 - - [20/May/2026:03:47:24 +0000] "GET / HTTP/1.1" 200 65712 "-" "Pixalate.com/1.0"
98.84.133.57 - - [20/May/2026:03:47:26 +0000] "GET / HTTP/1.1" 200 65712 "-" "Pixalate.com/1.0"
98.84.133.57 - - [20/May/2026:03:47:30 +0000] "GET / HTTP/1.1" 200 65712 "-" "Pixalate.com/1.0"
184.94.212.206 - - [20/May/2026:03:59:16 +0000] "POST /wp-cron.php?doing_wp_cron=1779249556.7958009243011474609375 HTTP/1.1" 200 - "-" "WordPress/6.9.4; https://eyemovementdesensitizationandreprocessing.com"
43.164.0.96 - - [20/May/2026:03:59:15 +0000] "GET / HTTP/1.1" 301 - "-" "Mozilla/5.0 (iPhone; CPU iPhone OS 13_2_3 like Mac OS X) AppleWebKit/605.1.15 (KHTML, like Gecko) Version/13.0.3 Mobile/15E148 Safari/604.1"
184.94.212.206 - - [20/May/2026:03:59:22 +0000] "POST /wp-cron.php?doing_wp_cron=1779249562.7273681163787841796875 HTTP/1.1" 200 - "-" "WordPress/6.9.4; https://eyemovementdesensitizationandreprocessing.com"
43.164.0.96 - - [20/May/2026:03:59:21 +0000] "GET / HTTP/1.1" 200 65712 "http://www.eyemovementdesensitizationandreprocessing.com" "Mozilla/5.0 (iPhone; CPU iPhone OS 13_2_3 like Mac OS X) AppleWebKit/605.1.15 (KHTML, like Gecko) Version/13.0.3 Mobile/15E148 Safari/604.1"
184.94.212.206 - - [20/May/2026:04:00:46 +0000] "POST /wp-cron.php?doing_wp_cron=1779249646.6716270446777343750000 HTTP/1.1" 200 - "-" "WordPress/6.9.4; https://eyemovementdesensitizationandreprocessing.com"
148.251.11.147 - - [20/May/2026:04:00:45 +0000] "GET /2011/10/31/facing-life-issues-depressed/ HTTP/1.1" 301 - "-" "serpstatbot/2.1 (advanced backlink tracking bot; https://serpstatbot.com/; abuse@serpstatbot.com)"
148.251.11.147 - - [20/May/2026:04:01:11 +0000] "GET /2011/11/09/anxiety-disorder-and-changed-lives/ HTTP/1.1" 301 - "-" "serpstatbot/2.1 (advanced backlink tracking bot; https://serpstatbot.com/; abuse@serpstatbot.com)"
184.94.212.206 - - [20/May/2026:04:01:39 +0000] "POST /wp-cron.php?doing_wp_cron=1779249699.7582099437713623046875 HTTP/1.1" 200 - "-" "WordPress/6.9.4; https://eyemovementdesensitizationandreprocessing.com"
148.251.11.147 - - [20/May/2026:04:01:38 +0000] "GET /2011/12/07/diagnosing-mental-health/ HTTP/1.1" 301 - "-" "serpstatbot/2.1 (advanced backlink tracking bot; https://serpstatbot.com/; abuse@serpstatbot.com)"
148.251.11.147 - - [20/May/2026:04:02:04 +0000] "GET /2017/07/12/define-emdr/ HTTP/1.1" 301 - "-" "serpstatbot/2.1 (advanced backlink tracking bot; https://serpstatbot.com/; abuse@serpstatbot.com)"
148.251.11.147 - - [20/May/2026:04:02:32 +0000] "GET /2017/07/30/drug-alcohol-recovery-emdr-approach/ HTTP/1.1" 301 - "-" "serpstatbot/2.1 (advanced backlink tracking bot; https://serpstatbot.com/; abuse@serpstatbot.com)"
184.94.212.206 - - [20/May/2026:04:02:59 +0000] "POST /wp-cron.php?doing_wp_cron=1779249779.3464200496673583984375 HTTP/1.1" 200 - "-" "WordPress/6.9.4; https://eyemovementdesensitizationandreprocessing.com"
148.251.11.147 - - [20/May/2026:04:02:58 +0000] "GET /2017/11/01/emdr-therapy/ HTTP/1.1" 301 - "-" "serpstatbot/2.1 (advanced backlink tracking bot; https://serpstatbot.com/; abuse@serpstatbot.com)"
148.251.11.147 - - [20/May/2026:04:03:24 +0000] "GET /general-health-topics/va-disability-compensation-codes/ HTTP/1.1" 301 - "-" "serpstatbot/2.1 (advanced backlink tracking bot; https://serpstatbot.com/; abuse@serpstatbot.com)"
184.94.212.206 - - [20/May/2026:04:08:07 +0000] "POST /wp-cron.php?doing_wp_cron=1779250087.7402739524841308593750 HTTP/1.1" 200 - "-" "WordPress/6.9.4; https://eyemovementdesensitizationandreprocessing.com"
148.251.11.147 - - [20/May/2026:04:08:06 +0000] "GET /2011/11/09/anxiety-disorder-and-changed-lives/depression/ HTTP/1.1" 301 - "-" "serpstatbot/2.1 (advanced backlink tracking bot; https://serpstatbot.com/; abuse@serpstatbot.com)"
184.94.212.206 - - [20/May/2026:04:19:56 +0000] "POST /wp-cron.php?doing_wp_cron=1779250796.4652218818664550781250 HTTP/1.1" 200 - "-" "WordPress/6.9.4; https://eyemovementdesensitizationandreprocessing.com"
120.240.178.169 - - [20/May/2026:04:19:55 +0000] "GET /wp-content/uploads/2013/07/MiddlexEarxInfection-300x195.jpg HTTP/1.1" 301 - "https://eyemovementdesensitizationandreprocessing.com/2024/11/04/inner-ear-infection-and-trauma-associated-symptoms/" "Mozilla/5.0 (Windows NT 10.0; Win64; x64) AppleWebKit/537.36 (KHTML, like Gecko) Chrome/143.0.0.0 Safari/537.36"
184.94.212.206 - - [20/May/2026:04:21:38 +0000] "POST /wp-cron.php?doing_wp_cron=1779250898.1048080921173095703125 HTTP/1.1" 200 - "-" "WordPress/6.9.4; https://eyemovementdesensitizationandreprocessing.com"
148.251.11.147 - - [20/May/2026:04:21:36 +0000] "GET /wp-content/uploads/2015/03/Defusing-PTSD-National-Geographic-Channel.flv HTTP/1.1" 301 - "-" "serpstatbot/2.1 (advanced backlink tracking bot; https://serpstatbot.com/; abuse@serpstatbot.com)"
148.251.11.147 - - [20/May/2026:04:22:09 +0000] "GET /success-stories HTTP/1.1" 301 - "-" "serpstatbot/2.1 (advanced backlink tracking bot; https://serpstatbot.com/; abuse@serpstatbot.com)"
184.94.212.206 - - [20/May/2026:04:22:41 +0000] "POST /wp-cron.php?doing_wp_cron=1779250961.4170379638671875000000 HTTP/1.1" 200 - "-" "WordPress/6.9.4; https://eyemovementdesensitizationandreprocessing.com"
148.251.11.147 - - [20/May/2026:04:22:40 +0000] "GET /general-health-topics/ HTTP/1.1" 301 - "-" "serpstatbot/2.1 (advanced backlink tracking bot; https://serpstatbot.com/; abuse@serpstatbot.com)"
148.251.11.147 - - [20/May/2026:04:23:13 +0000] "GET /emdr/ HTTP/1.1" 301 - "-" "serpstatbot/2.1 (advanced backlink tracking bot; https://serpstatbot.com/; abuse@serpstatbot.com)"
184.94.212.206 - - [20/May/2026:04:23:41 +0000] "POST /wp-cron.php?doing_wp_cron=1779251021.2844240665435791015625 HTTP/1.1" 200 - "-" "WordPress/6.9.4; https://eyemovementdesensitizationandreprocessing.com"
148.251.11.147 - - [20/May/2026:04:23:40 +0000] "GET /emdr-side-effects/ HTTP/1.1" 301 - "-" "serpstatbot/2.1 (advanced backlink tracking bot; https://serpstatbot.com/; abuse@serpstatbot.com)"
184.94.212.206 - - [20/May/2026:04:24:11 +0000] "POST /wp-cron.php?doing_wp_cron=1779251051.2563040256500244140625 HTTP/1.1" 200 - "-" "WordPress/6.9.4; https://eyemovementdesensitizationandreprocessing.com"
148.251.11.147 - - [20/May/2026:04:24:10 +0000] "GET /emdr-and-anxiety/ HTTP/1.1" 301 - "-" "serpstatbot/2.1 (advanced backlink tracking bot; https://serpstatbot.com/; abuse@serpstatbot.com)"
184.94.212.206 - - [20/May/2026:04:24:43 +0000] "POST /wp-cron.php?doing_wp_cron=1779251083.8558959960937500000000 HTTP/1.1" 200 - "-" "WordPress/6.9.4; https://eyemovementdesensitizationandreprocessing.com"
148.251.11.147 - - [20/May/2026:04:24:42 +0000] "GET /What-is-EMDR?-0 HTTP/1.1" 301 - "-" "serpstatbot/2.1 (advanced backlink tracking bot; https://serpstatbot.com/; abuse@serpstatbot.com)"
148.251.11.147 - - [20/May/2026:04:25:13 +0000] "GET /2017/11/20/ptsd-assistance/ HTTP/1.1" 301 - "-" "serpstatbot/2.1 (advanced backlink tracking bot; https://serpstatbot.com/; abuse@serpstatbot.com)"
184.94.212.206 - - [20/May/2026:04:25:44 +0000] "POST /wp-cron.php?doing_wp_cron=1779251144.4539680480957031250000 HTTP/1.1" 200 - "-" "WordPress/6.9.4; https://eyemovementdesensitizationandreprocessing.com"
148.251.11.147 - - [20/May/2026:04:25:43 +0000] "GET /2017/11/20/major-depressive-disorders/ HTTP/1.1" 301 - "-" "serpstatbot/2.1 (advanced backlink tracking bot; https://serpstatbot.com/; abuse@serpstatbot.com)"
148.251.11.147 - - [20/May/2026:04:26:09 +0000] "GET /2017/11/16/alternative-workouts-you-should-consider-during-and-after-trauma/ HTTP/1.1" 301 - "-" "serpstatbot/2.1 (advanced backlink tracking bot; https://serpstatbot.com/; abuse@serpstatbot.com)"
184.94.212.206 - - [20/May/2026:04:26:38 +0000] "POST /wp-cron.php?doing_wp_cron=1779251198.1899039745330810546875 HTTP/1.1" 200 - "-" "WordPress/6.9.4; https://eyemovementdesensitizationandreprocessing.com"
148.251.11.147 - - [20/May/2026:04:26:37 +0000] "GET /2017/11/07/best-depression-treatment/ HTTP/1.1" 301 - "-" "serpstatbot/2.1 (advanced backlink tracking bot; https://serpstatbot.com/; abuse@serpstatbot.com)"
192.0.103.42 - - [20/May/2026:04:26:54 +0000] "HEAD / HTTP/1.1" 200 - "-" "jetmon/1.0 (Jetpack Site Uptime Monitor by WordPress.com)"
148.251.11.147 - - [20/May/2026:04:27:06 +0000] "GET /2017/10/17/diagnosing-mental-health/ HTTP/1.1" 301 - "-" "serpstatbot/2.1 (advanced backlink tracking bot; https://serpstatbot.com/; abuse@serpstatbot.com)"
184.94.212.206 - - [20/May/2026:04:27:39 +0000] "POST /wp-cron.php?doing_wp_cron=1779251259.2224340438842773437500 HTTP/1.1" 200 - "-" "WordPress/6.9.4; https://eyemovementdesensitizationandreprocessing.com"
148.251.11.147 - - [20/May/2026:04:27:38 +0000] "GET /2017/08/27/drug-alcohol-rehab/ HTTP/1.1" 301 - "-" "serpstatbot/2.1 (advanced backlink tracking bot; https://serpstatbot.com/; abuse@serpstatbot.com)"
148.251.11.147 - - [20/May/2026:04:28:08 +0000] "GET /2013/06/24/anxiety-treatment-therapy-that-combats-stress/ HTTP/1.1" 301 - "-" "serpstatbot/2.1 (advanced backlink tracking bot; https://serpstatbot.com/; abuse@serpstatbot.com)"
184.94.212.206 - - [20/May/2026:04:28:37 +0000] "POST /wp-cron.php?doing_wp_cron=1779251317.1088120937347412109375 HTTP/1.1" 200 - "-" "WordPress/6.9.4; https://eyemovementdesensitizationandreprocessing.com"
148.251.11.147 - - [20/May/2026:04:28:35 +0000] "GET /2013/06/23/relaxation-therapy/ HTTP/1.1" 301 - "-" "serpstatbot/2.1 (advanced backlink tracking bot; https://serpstatbot.com/; abuse@serpstatbot.com)"
148.251.11.147 - - [20/May/2026:04:29:05 +0000] "GET /2013/06/10/anxiety-attack-symptom/ HTTP/1.1" 301 - "-" "serpstatbot/2.1 (advanced backlink tracking bot; https://serpstatbot.com/; abuse@serpstatbot.com)"
184.94.212.206 - - [20/May/2026:04:29:34 +0000] "POST /wp-cron.php?doing_wp_cron=1779251374.9585640430450439453125 HTTP/1.1" 200 - "-" "WordPress/6.9.4; https://eyemovementdesensitizationandreprocessing.com"
148.251.11.147 - - [20/May/2026:04:29:33 +0000] "GET /2013/03/03/strategies-to-assist-you-in-coping-with-adrenal-fatigue/ HTTP/1.1" 301 - "-" "serpstatbot/2.1 (advanced backlink tracking bot; https://serpstatbot.com/; abuse@serpstatbot.com)"
184.94.212.206 - - [20/May/2026:04:30:04 +0000] "POST /wp-cron.php?doing_wp_cron=1779251404.3752379417419433593750 HTTP/1.1" 200 - "-" "WordPress/6.9.4; https://eyemovementdesensitizationandreprocessing.com"
148.251.11.147 - - [20/May/2026:04:30:02 +0000] "GET /2012/12/19/major-depressive-disorders/ HTTP/1.1" 301 - "-" "serpstatbot/2.1 (advanced backlink tracking bot; https://serpstatbot.com/; abuse@serpstatbot.com)"
148.251.11.147 - - [20/May/2026:04:30:31 +0000] "GET /2012/06/21/an-anxiety-attack-the-triggers-of-behavioral-aberration/ HTTP/1.1" 301 - "-" "serpstatbot/2.1 (advanced backlink tracking bot; https://serpstatbot.com/; abuse@serpstatbot.com)"
148.251.11.147 - - [20/May/2026:04:30:59 +0000] "GET /2011/11/29/alternative-workouts-you-should-consider-during-and-after-trauma/ HTTP/1.1" 301 - "-" "serpstatbot/2.1 (advanced backlink tracking bot; https://serpstatbot.com/; abuse@serpstatbot.com)"
120.240.178.222 - - [20/May/2026:04:30:59 +0000] "GET /wp-content/uploads/2012/11/ear_cutaway-300x241.jpg HTTP/1.1" 301 - "https://eyemovementdesensitizationandreprocessing.com/2025/01/23/how-to-prevent-or-cure-tinnitus/" "Mozilla/5.0 (Windows NT 10.0; Win64; x64) AppleWebKit/537.36 (KHTML, like Gecko) Chrome/143.0.0.0 Safari/537.36"
148.251.11.147 - - [20/May/2026:04:31:55 +0000] "GET /emdr-equipment/ HTTP/1.1" 301 - "-" "serpstatbot/2.1 (advanced backlink tracking bot; https://serpstatbot.com/; abuse@serpstatbot.com)"
148.251.11.147 - - [20/May/2026:04:32:21 +0000] "GET /2012/06/14/improve-your-health-with-your-emotions/ HTTP/1.1" 301 - "-" "serpstatbot/2.1 (advanced backlink tracking bot; https://serpstatbot.com/; abuse@serpstatbot.com)"
184.94.212.206 - - [20/May/2026:04:34:30 +0000] "POST /wp-cron.php?doing_wp_cron=1779251670.9192299842834472656250 HTTP/1.1" 200 - "-" "WordPress/6.9.4; https://eyemovementdesensitizationandreprocessing.com"
13.125.240.195 - - [20/May/2026:04:34:29 +0000] "GET /wp-json/wp/v2/posts HTTP/1.1" 200 26232 "-" "Mozilla/5.0 (Windows NT 10.0; Win64; x64) AppleWebKit/537.36 (KHTML, like Gecko) Chrome/120.0.0.0 Safari/537.36"
184.94.212.206 - - [20/May/2026:04:35:41 +0000] "POST /wp-cron.php?doing_wp_cron=1779251741.4308700561523437500000 HTTP/1.1" 200 - "-" "WordPress/6.9.4; https://eyemovementdesensitizationandreprocessing.com"
192.0.91.24 - - [20/May/2026:04:35:40 +0000] "GET /feed/ HTTP/1.1" 200 24204 "-" "wp.com feedbot/1.0 (+https://wp.com;subscribers=17;feed-id=81430179)"
184.94.212.206 - - [20/May/2026:04:38:46 +0000] "POST /wp-cron.php?doing_wp_cron=1779251926.5552740097045898437500 HTTP/1.1" 200 - "-" "WordPress/6.9.4; https://eyemovementdesensitizationandreprocessing.com"
182.52.100.102 - - [20/May/2026:04:38:45 +0000] "GET /wp-json/wp/v2/posts HTTP/1.1" 200 26232 "-" "Mozilla/5.0 (Windows NT 10.0; Win64; x64) AppleWebKit/537.36 (KHTML, like Gecko) Chrome/120.0.0.0 Safari/537.36"
148.251.11.147 - - [20/May/2026:04:38:52 +0000] "GET /2011/11/12/the-many-faces-and-causes-depression-taking-a-closer-look/ HTTP/1.1" 301 - "-" "serpstatbot/2.1 (advanced backlink tracking bot; https://serpstatbot.com/; abuse@serpstatbot.com)"
184.94.212.206 - - [20/May/2026:04:40:54 +0000] "POST /wp-cron.php?doing_wp_cron=1779252054.0237450599670410156250 HTTP/1.1" 200 - "-" "WordPress/6.9.4; https://eyemovementdesensitizationandreprocessing.com"
192.0.88.43 - - [20/May/2026:04:40:52 +0000] "GET /feed/ HTTP/1.1" 200 24204 "-" "wp.com feedbot/1.0 (+https://wp.com;subscribers=17;feed-id=81430179)"
148.251.11.147 - - [20/May/2026:04:41:06 +0000] "GET /2011/11/21/temperament-trauma-and-anger/ HTTP/1.1" 301 - "-" "serpstatbot/2.1 (advanced backlink tracking bot; https://serpstatbot.com/; abuse@serpstatbot.com)"
184.94.212.206 - - [20/May/2026:04:41:45 +0000] "POST /wp-cron.php?doing_wp_cron=1779252105.6814270019531250000000 HTTP/1.1" 200 - "-" "WordPress/6.9.4; https://eyemovementdesensitizationandreprocessing.com"
148.251.11.147 - - [20/May/2026:04:41:44 +0000] "GET /2017/11/22/getting-quality-sleep-at-night/ HTTP/1.1" 301 - "-" "serpstatbot/2.1 (advanced backlink tracking bot; https://serpstatbot.com/; abuse@serpstatbot.com)"
148.251.11.147 - - [20/May/2026:04:42:19 +0000] "GET /depression-and-emdr-does-it-really-work-2/ HTTP/1.1" 301 - "-" "serpstatbot/2.1 (advanced backlink tracking bot; https://serpstatbot.com/; abuse@serpstatbot.com)"
184.94.212.206 - - [20/May/2026:04:42:54 +0000] "POST /wp-cron.php?doing_wp_cron=1779252174.9513471126556396484375 HTTP/1.1" 200 - "-" "WordPress/6.9.4; https://eyemovementdesensitizationandreprocessing.com"
148.251.11.147 - - [20/May/2026:04:42:53 +0000] "GET /depression-and-emdr-does-it-really-work/ HTTP/1.1" 301 - "-" "serpstatbot/2.1 (advanced backlink tracking bot; https://serpstatbot.com/; abuse@serpstatbot.com)"
148.251.11.147 - - [20/May/2026:04:43:30 +0000] "GET /emdr-side-effects/emdr/ HTTP/1.1" 301 - "-" "serpstatbot/2.1 (advanced backlink tracking bot; https://serpstatbot.com/; abuse@serpstatbot.com)"
184.94.212.206 - - [20/May/2026:04:44:02 +0000] "POST /wp-cron.php?doing_wp_cron=1779252242.3432290554046630859375 HTTP/1.1" 200 - "-" "WordPress/6.9.4; https://eyemovementdesensitizationandreprocessing.com"
148.251.11.147 - - [20/May/2026:04:44:00 +0000] "GET /emdr-therapist-training/ HTTP/1.1" 301 - "-" "serpstatbot/2.1 (advanced backlink tracking bot; https://serpstatbot.com/; abuse@serpstatbot.com)"
184.94.212.206 - - [20/May/2026:04:49:01 +0000] "POST /wp-cron.php?doing_wp_cron=1779252541.1523079872131347656250 HTTP/1.1" 200 - "-" "WordPress/6.9.4; https://eyemovementdesensitizationandreprocessing.com"
148.251.11.147 - - [20/May/2026:04:48:59 +0000] "GET /2016/06/26/get-over-shyness/ HTTP/1.1" 301 - "-" "serpstatbot/2.1 (advanced backlink tracking bot; https://serpstatbot.com/; abuse@serpstatbot.com)"
184.94.212.206 - - [20/May/2026:04:49:56 +0000] "POST /wp-cron.php?doing_wp_cron=1779252596.4748198986053466796875 HTTP/1.1" 200 - "-" "WordPress/6.9.4; https://eyemovementdesensitizationandreprocessing.com"
148.251.11.147 - - [20/May/2026:04:49:55 +0000] "GET /2014/03/21/social-anxiety-disorder/ HTTP/1.1" 301 - "-" "serpstatbot/2.1 (advanced backlink tracking bot; https://serpstatbot.com/; abuse@serpstatbot.com)"
148.251.11.147 - - [20/May/2026:04:50:30 +0000] "GET /2012/06/21/how-to-distinguish-bipolar-disorder-behavior/ HTTP/1.1" 301 - "-" "serpstatbot/2.1 (advanced backlink tracking bot; https://serpstatbot.com/; abuse@serpstatbot.com)"
