184.94.212.206 - - [20/May/2026:04:51:00 +0000] "POST /wp-cron.php?doing_wp_cron=1779252660.0463330745697021484375 HTTP/1.1" 200 - "-" "WordPress/6.9.4; https://eyemovementdesensitizationandreprocessing.com"
148.251.11.147 - - [20/May/2026:04:50:58 +0000] "GET /2013/02/26/using-brain-supplements/ HTTP/1.1" 301 - "-" "serpstatbot/2.1 (advanced backlink tracking bot; https://serpstatbot.com/; abuse@serpstatbot.com)"
192.0.103.42 - - [20/May/2026:04:51:53 +0000] "HEAD / HTTP/1.1" 200 - "-" "jetmon/1.0 (Jetpack Site Uptime Monitor by WordPress.com)"
148.251.11.147 - - [20/May/2026:04:53:18 +0000] "GET /panic-attacks-and-how-to-stop-them/ HTTP/1.1" 301 - "-" "serpstatbot/2.1 (advanced backlink tracking bot; https://serpstatbot.com/; abuse@serpstatbot.com)"
184.94.212.206 - - [20/May/2026:04:53:44 +0000] "POST /wp-cron.php?doing_wp_cron=1779252824.7343719005584716796875 HTTP/1.1" 200 - "-" "WordPress/6.9.4; https://eyemovementdesensitizationandreprocessing.com"
148.251.11.147 - - [20/May/2026:04:53:43 +0000] "GET /2012/11/30/ptsd-assistance/ HTTP/1.1" 301 - "-" "serpstatbot/2.1 (advanced backlink tracking bot; https://serpstatbot.com/; abuse@serpstatbot.com)"
47.128.57.94 - - [20/May/2026:05:06:11 +0000] "GET /robots.txt HTTP/1.1" 301 - "-" "Mozilla/5.0 (Linux; Android 5.0) AppleWebKit/537.36 (KHTML, like Gecko) Mobile Safari/537.36 (compatible; Bytespider; spider-feedback@bytedance.com)"
47.128.57.94 - - [20/May/2026:05:06:12 +0000] "GET /robots.txt HTTP/1.1" 200 151 "-" "Mozilla/5.0 (Linux; Android 5.0) AppleWebKit/537.36 (KHTML, like Gecko) Mobile Safari/537.36 (compatible; Bytespider; spider-feedback@bytedance.com)"
216.73.216.131 - - [20/May/2026:05:07:28 +0000] "GET /robots.txt HTTP/1.1" 200 151 "-" "Mozilla/5.0 AppleWebKit/537.36 (KHTML, like Gecko; compatible; ClaudeBot/1.0; +claudebot@anthropic.com)"
216.73.216.131 - - [20/May/2026:05:07:29 +0000] "GET /2017/07/12/define-emdr/ HTTP/1.1" 301 - "-" "Mozilla/5.0 AppleWebKit/537.36 (KHTML, like Gecko; compatible; ClaudeBot/1.0; +claudebot@anthropic.com)"
184.94.212.206 - - [20/May/2026:05:07:54 +0000] "POST /wp-cron.php?doing_wp_cron=1779253674.9552199840545654296875 HTTP/1.1" 200 - "-" "WordPress/6.9.4; https://eyemovementdesensitizationandreprocessing.com"
216.73.216.131 - - [20/May/2026:05:07:53 +0000] "GET /general-health-topics/va-disability-compensation-codes/ HTTP/1.1" 301 - "-" "Mozilla/5.0 AppleWebKit/537.36 (KHTML, like Gecko; compatible; ClaudeBot/1.0; +claudebot@anthropic.com)"
216.73.216.131 - - [20/May/2026:05:08:29 +0000] "GET /2017/07/30/drug-alcohol-recovery-emdr-approach/ HTTP/1.1" 301 - "-" "Mozilla/5.0 AppleWebKit/537.36 (KHTML, like Gecko; compatible; ClaudeBot/1.0; +claudebot@anthropic.com)"
216.73.216.131 - - [20/May/2026:05:10:05 +0000] "GET /emdr-and-anxiety/ HTTP/1.1" 301 - "-" "Mozilla/5.0 AppleWebKit/537.36 (KHTML, like Gecko; compatible; ClaudeBot/1.0; +claudebot@anthropic.com)"
216.73.216.131 - - [20/May/2026:05:10:08 +0000] "GET /2017/11/01/emdr-therapy/ HTTP/1.1" 301 - "-" "Mozilla/5.0 AppleWebKit/537.36 (KHTML, like Gecko; compatible; ClaudeBot/1.0; +claudebot@anthropic.com)"
184.94.212.206 - - [20/May/2026:05:39:00 +0000] "POST /wp-cron.php?doing_wp_cron=1779255540.3920300006866455078125 HTTP/1.1" 200 - "-" "WordPress/6.9.4; https://eyemovementdesensitizationandreprocessing.com"
157.55.39.222 - - [20/May/2026:05:38:58 +0000] "GET /robots.txt HTTP/1.1" 200 151 "-" "Mozilla/5.0 AppleWebKit/537.36 (KHTML, like Gecko; compatible; bingbot/2.0; +http://www.bing.com/bingbot.htm) Chrome/116.0.1938.76 Safari/537.36"
207.46.13.128 - - [20/May/2026:05:39:08 +0000] "GET /wp-content/uploads/2014/03/emdr_ptsd_education.gif HTTP/1.1" 301 - "-" "Mozilla/5.0 AppleWebKit/537.36 (KHTML, like Gecko; compatible; bingbot/2.0; +http://www.bing.com/bingbot.htm) Chrome/116.0.1938.76 Safari/537.36"
184.94.212.206 - - [20/May/2026:05:48:20 +0000] "POST /wp-cron.php?doing_wp_cron=1779256100.8119950294494628906250 HTTP/1.1" 200 - "-" "WordPress/6.9.4; https://eyemovementdesensitizationandreprocessing.com"
165.254.125.173 - - [20/May/2026:05:48:18 +0000] "GET /wp-json/wp/v2/posts HTTP/1.1" 200 26232 "-" "Mozilla/5.0 (Windows NT 10.0; Win64; x64) AppleWebKit/537.36 (KHTML, like Gecko) Chrome/120.0.0.0 Safari/537.36"
192.0.89.239 - - [20/May/2026:05:49:32 +0000] "GET /feed/ HTTP/1.1" 200 24204 "-" "wp.com feedbot/1.0 (+https://wp.com;subscribers=17;feed-id=81430179)"
184.94.212.206 - - [20/May/2026:05:50:12 +0000] "POST /wp-cron.php?doing_wp_cron=1779256212.4561650753021240234375 HTTP/1.1" 200 - "-" "WordPress/6.9.4; https://eyemovementdesensitizationandreprocessing.com"
192.0.89.239 - - [20/May/2026:05:50:10 +0000] "GET /feed HTTP/1.1" 301 - "-" "wp.com feedbot/1.0 (+https://wp.com;subscribers=17;feed-id=81430179)"
192.0.89.239 - - [20/May/2026:05:50:12 +0000] "GET /feed/ HTTP/1.1" 200 24204 "-" "wp.com feedbot/1.0 (+https://wp.com;subscribers=17;feed-id=81430179)"
64.89.161.160 - - [20/May/2026:05:54:28 +0000] "GET /public/plugins/elfinder/connectors/php/connector.php HTTP/1.1" 403 17006 "-" "ALittle Client"
146.174.184.56 - - [20/May/2026:06:00:28 +0000] "GET /tag/emdr-therapy-reviews/ HTTP/1.1" 301 - "-" "Mozilla/5.0 (Macintosh; Intel Mac OS X 15.2; rv:128.0) Gecko/20100101 Firefox/128.0"
184.94.212.206 - - [20/May/2026:06:02:06 +0000] "POST /wp-cron.php?doing_wp_cron=1779256926.3618071079254150390625 HTTP/1.1" 200 - "-" "WordPress/6.9.4; https://eyemovementdesensitizationandreprocessing.com"
119.160.169.65 - - [20/May/2026:06:02:05 +0000] "GET http://eyemovementdesensitizationandreprocessing.com/2017/07/30/drug-alcohol-recovery-emdr-approach/ HTTP/1.1" 301 - "-" "Mozilla/5.0 (Windows NT 6.1; Win64; x64) AppleWebKit/537.36 (KHTML, like Gecko) Chrome/88.0.4324.190 Safari/537.36"
184.94.212.206 - - [20/May/2026:06:03:48 +0000] "POST /wp-cron.php?doing_wp_cron=1779257028.1925530433654785156250 HTTP/1.1" 200 - "-" "WordPress/6.9.4; https://eyemovementdesensitizationandreprocessing.com"
45.228.150.32 - - [20/May/2026:06:03:46 +0000] "GET /wp-content/uploads/2017/08/drug_and_alcohol_rehab-300x200.jpeg HTTP/1.1" 301 - "https://eyemovementdesensitizationandreprocessing.com/2024/12/23/drug-alcohol-rehab/" "Mozilla/5.0 (Windows NT 6.1; Win64; x64; rv:25.0) Gecko/20100101 Firefox/25.0"
184.94.212.206 - - [20/May/2026:06:09:24 +0000] "POST /wp-cron.php?doing_wp_cron=1779257364.4623069763183593750000 HTTP/1.1" 200 - "-" "WordPress/6.9.4; https://eyemovementdesensitizationandreprocessing.com"
183.207.48.167 - - [20/May/2026:06:09:23 +0000] "GET / HTTP/1.1" 200 65712 "-" "Mozilla/5.0 (Windows NT 10.0; Win64; x64) AppleWebKit/537.36 (KHTML, like Gecko) Chrome/107.0.0.0 Safari/537.36"
183.207.48.167 - - [20/May/2026:06:09:25 +0000] "GET /wp-content/plugins/wp-consent-api/assets/js/wp-consent-api.min.js?ver=2.0.1 HTTP/1.1" 200 822 "-" "Mozilla/5.0 (Windows NT 10.0; Win64; x64) AppleWebKit/537.36 (KHTML, like Gecko) Chrome/107.0.0.0 Safari/537.36"
183.207.48.167 - - [20/May/2026:06:09:25 +0000] "GET /wp-content/cache/autoptimize/js/autoptimize_single_036d13798bc47458fe7325ee211befd7.js?ver=3.3.2 HTTP/1.1" 200 544 "-" "Mozilla/5.0 (Windows NT 10.0; Win64; x64) AppleWebKit/537.36 (KHTML, like Gecko) Chrome/107.0.0.0 Safari/537.36"
183.207.48.167 - - [20/May/2026:06:09:25 +0000] "GET /wp-includes/js/quicktags.min.js?ver=6.9.4 HTTP/1.1" 200 3509 "-" "Mozilla/5.0 (Windows NT 10.0; Win64; x64) AppleWebKit/537.36 (KHTML, like Gecko) Chrome/107.0.0.0 Safari/537.36"
183.207.48.167 - - [20/May/2026:06:09:25 +0000] "GET /wp-content/cache/autoptimize/js/autoptimize_single_77d1299514691463d239e9e1cdbc31ad.js HTTP/1.1" 200 25462 "-" "Mozilla/5.0 (Windows NT 10.0; Win64; x64) AppleWebKit/537.36 (KHTML, like Gecko) Chrome/107.0.0.0 Safari/537.36"
183.207.48.167 - - [20/May/2026:06:09:25 +0000] "GET /wp-content/cache/autoptimize/js/autoptimize_single_55151f8efda5b8c72150b9d28794e1ba.js?ver=20160720 HTTP/1.1" 200 418 "-" "Mozilla/5.0 (Windows NT 10.0; Win64; x64) AppleWebKit/537.36 (KHTML, like Gecko) Chrome/107.0.0.0 Safari/537.36"
183.207.48.167 - - [20/May/2026:06:09:26 +0000] "GET /wp-content/cache/autoptimize/js/autoptimize_single_61caf6e2f693a88ed96e1b413b90bb41.js?ver=20160720 HTTP/1.1" 200 983 "-" "Mozilla/5.0 (Windows NT 10.0; Win64; x64) AppleWebKit/537.36 (KHTML, like Gecko) Chrome/107.0.0.0 Safari/537.36"
183.207.48.167 - - [20/May/2026:06:09:26 +0000] "GET /wp-content/cache/autoptimize/js/autoptimize_single_93d421fd7576b0ca9c359ffe2fa16113.js?ver=20170823 HTTP/1.1" 200 282 "-" "Mozilla/5.0 (Windows NT 10.0; Win64; x64) AppleWebKit/537.36 (KHTML, like Gecko) Chrome/107.0.0.0 Safari/537.36"
183.207.48.167 - - [20/May/2026:06:09:26 +0000] "GET /wp-content/cache/autoptimize/js/autoptimize_single_49493316c090bb3d7cca5bc09031037c.js?ver=20170823 HTTP/1.1" 200 707 "-" "Mozilla/5.0 (Windows NT 10.0; Win64; x64) AppleWebKit/537.36 (KHTML, like Gecko) Chrome/107.0.0.0 Safari/537.36"
183.207.48.167 - - [20/May/2026:06:09:26 +0000] "GET /wp-content/plugins/convertkit/resources/frontend/js/dist/frontend.min.js?ver=3.3.2 HTTP/1.1" 200 2170 "-" "Mozilla/5.0 (Windows NT 10.0; Win64; x64) AppleWebKit/537.36 (KHTML, like Gecko) Chrome/107.0.0.0 Safari/537.36"
183.207.48.167 - - [20/May/2026:06:09:27 +0000] "GET /wp-includes/js/jquery/jquery-migrate.min.js?ver=3.4.1 HTTP/1.1" 200 4872 "-" "Mozilla/5.0 (Windows NT 10.0; Win64; x64) AppleWebKit/537.36 (KHTML, like Gecko) Chrome/107.0.0.0 Safari/537.36"
183.207.48.167 - - [20/May/2026:06:09:27 +0000] "GET /wp-includes/js/jquery/jquery.min.js?ver=3.7.1 HTTP/1.1" 200 30368 "-" "Mozilla/5.0 (Windows NT 10.0; Win64; x64) AppleWebKit/537.36 (KHTML, like Gecko) Chrome/107.0.0.0 Safari/537.36"
183.207.48.167 - - [20/May/2026:06:09:32 +0000] "GET /wp-content/cache/autoptimize/css/autoptimize_single_5ac76ff0435be87dbba399ce02f45de7.css?ver=3.3.2 HTTP/1.1" 200 209 "-" "Mozilla/5.0 (Windows NT 10.0; Win64; x64) AppleWebKit/537.36 (KHTML, like Gecko) Chrome/107.0.0.0 Safari/537.36"
183.207.48.167 - - [20/May/2026:06:09:32 +0000] "GET /wp-content/cache/autoptimize/css/autoptimize_single_c283f2b6073fc6f524fabcd271f19a0a.css?ver=6.9.4 HTTP/1.1" 200 7388 "-" "Mozilla/5.0 (Windows NT 10.0; Win64; x64) AppleWebKit/537.36 (KHTML, like Gecko) Chrome/107.0.0.0 Safari/537.36"
183.207.48.167 - - [20/May/2026:06:09:33 +0000] "GET /wp-content/themes/flatmagazinews/css/font-awesome.min.css?ver=6.9.4 HTTP/1.1" 200 7053 "-" "Mozilla/5.0 (Windows NT 10.0; Win64; x64) AppleWebKit/537.36 (KHTML, like Gecko) Chrome/107.0.0.0 Safari/537.36"
183.207.48.167 - - [20/May/2026:06:09:33 +0000] "GET /wp-content/cache/autoptimize/css/autoptimize_single_79ffbba301459d20d667989ccf44baa1.css?ver=6.9.4 HTTP/1.1" 200 7975 "-" "Mozilla/5.0 (Windows NT 10.0; Win64; x64) AppleWebKit/537.36 (KHTML, like Gecko) Chrome/107.0.0.0 Safari/537.36"
183.207.48.167 - - [20/May/2026:06:09:33 +0000] "GET /wp-content/plugins/complianz-gdpr/assets/css/cookieblocker.min.css?ver=1776716510 HTTP/1.1" 200 723 "-" "Mozilla/5.0 (Windows NT 10.0; Win64; x64) AppleWebKit/537.36 (KHTML, like Gecko) Chrome/107.0.0.0 Safari/537.36"
183.207.48.167 - - [20/May/2026:06:09:33 +0000] "GET /wp-content/cache/autoptimize/css/autoptimize_single_4a822672bcae75a01eefbe6fdf884db4.css?ver=3.3.2 HTTP/1.1" 200 2242 "-" "Mozilla/5.0 (Windows NT 10.0; Win64; x64) AppleWebKit/537.36 (KHTML, like Gecko) Chrome/107.0.0.0 Safari/537.36"
183.207.48.167 - - [20/May/2026:06:09:53 +0000] "GET /success-stories HTTP/1.1" 301 - "-" "Mozilla/5.0 (Windows NT 10.0; Win64; x64) AppleWebKit/537.36 (KHTML, like Gecko) Chrome/107.0.0.0 Safari/537.36"
183.207.48.167 - - [20/May/2026:06:09:55 +0000] "GET /success-stories/ HTTP/1.1" 200 69819 "-" "Mozilla/5.0 (Windows NT 10.0; Win64; x64) AppleWebKit/537.36 (KHTML, like Gecko) Chrome/107.0.0.0 Safari/537.36"
183.207.48.167 - - [20/May/2026:06:11:32 +0000] "GET / HTTP/1.1" 200 65712 "-" "Mozilla/5.0 (Windows NT 10.0; Win64; x64) AppleWebKit/537.36 (KHTML, like Gecko) Chrome/107.0.0.0 Safari/537.36"
184.94.212.206 - - [20/May/2026:06:11:39 +0000] "POST /wp-cron.php?doing_wp_cron=1779257499.0894639492034912109375 HTTP/1.1" 200 - "-" "WordPress/6.9.4; https://eyemovementdesensitizationandreprocessing.com"
183.207.48.167 - - [20/May/2026:06:11:37 +0000] "GET / HTTP/1.1" 200 65712 "-" "Mozilla/5.0 (Windows NT 10.0; Win64; x64) AppleWebKit/537.36 (KHTML, like Gecko) Chrome/107.0.0.0 Safari/537.36"
183.207.48.167 - - [20/May/2026:06:11:41 +0000] "GET /wp-content/themes/modern-storytelling/images/bg-img.jpg HTTP/1.1" 200 219601 "-" "Mozilla/5.0 (Windows NT 10.0; Win64; x64) AppleWebKit/537.36 (KHTML, like Gecko) Chrome/107.0.0.0 Safari/537.36"
183.207.48.167 - - [20/May/2026:06:11:44 +0000] "GET /wp-includes/js/'+o+' HTTP/1.1" 301 - "-" "Mozilla/5.0 (Windows NT 10.0; Win64; x64) AppleWebKit/537.36 (KHTML, like Gecko) Chrome/107.0.0.0 Safari/537.36"
183.207.48.167 - - [20/May/2026:06:11:45 +0000] "GET /wp-includes/js/+o+ HTTP/1.1" 301 - "-" "Mozilla/5.0 (Windows NT 10.0; Win64; x64) AppleWebKit/537.36 (KHTML, like Gecko) Chrome/107.0.0.0 Safari/537.36"
183.207.48.167 - - [20/May/2026:06:12:13 +0000] "GET /contact/ HTTP/1.1" 200 66783 "-" "Mozilla/5.0 (Windows NT 10.0; Win64; x64) AppleWebKit/537.36 (KHTML, like Gecko) Chrome/107.0.0.0 Safari/537.36"
183.207.48.167 - - [20/May/2026:06:12:16 +0000] "GET /disclaimer/ HTTP/1.1" 200 64356 "-" "Mozilla/5.0 (Windows NT 10.0; Win64; x64) AppleWebKit/537.36 (KHTML, like Gecko) Chrome/107.0.0.0 Safari/537.36"
183.207.48.167 - - [20/May/2026:06:12:18 +0000] "GET /site-map/ HTTP/1.1" 200 66610 "-" "Mozilla/5.0 (Windows NT 10.0; Win64; x64) AppleWebKit/537.36 (KHTML, like Gecko) Chrome/107.0.0.0 Safari/537.36"
183.207.48.167 - - [20/May/2026:06:12:20 +0000] "GET /emdr-and-anxiety/ HTTP/1.1" 301 - "-" "Mozilla/5.0 (Windows NT 10.0; Win64; x64) AppleWebKit/537.36 (KHTML, like Gecko) Chrome/107.0.0.0 Safari/537.36"
183.207.48.167 - - [20/May/2026:06:12:25 +0000] "GET /depression-and-emdr-does-it-really-work-2/ HTTP/1.1" 301 - "-" "Mozilla/5.0 (Windows NT 10.0; Win64; x64) AppleWebKit/537.36 (KHTML, like Gecko) Chrome/107.0.0.0 Safari/537.36"
183.207.48.167 - - [20/May/2026:06:12:30 +0000] "GET /2017/07/30/drug-alcohol-recovery-emdr-approach/ HTTP/1.1" 301 - "-" "Mozilla/5.0 (Windows NT 10.0; Win64; x64) AppleWebKit/537.36 (KHTML, like Gecko) Chrome/107.0.0.0 Safari/537.36"
184.94.212.206 - - [20/May/2026:06:12:39 +0000] "POST /wp-cron.php?doing_wp_cron=1779257559.6676928997039794921875 HTTP/1.1" 200 - "-" "WordPress/6.9.4; https://eyemovementdesensitizationandreprocessing.com"
183.207.48.167 - - [20/May/2026:06:12:38 +0000] "GET /2017/11/01/emdr-therapy/ HTTP/1.1" 301 - "-" "Mozilla/5.0 (Windows NT 10.0; Win64; x64) AppleWebKit/537.36 (KHTML, like Gecko) Chrome/107.0.0.0 Safari/537.36"
183.207.48.167 - - [20/May/2026:06:12:42 +0000] "GET /emdr-side-effects/ HTTP/1.1" 301 - "-" "Mozilla/5.0 (Windows NT 10.0; Win64; x64) AppleWebKit/537.36 (KHTML, like Gecko) Chrome/107.0.0.0 Safari/537.36"
183.207.48.167 - - [20/May/2026:06:12:47 +0000] "GET /2017/07/12/define-emdr/ HTTP/1.1" 301 - "-" "Mozilla/5.0 (Windows NT 10.0; Win64; x64) AppleWebKit/537.36 (KHTML, like Gecko) Chrome/107.0.0.0 Safari/537.36"
183.207.48.167 - - [20/May/2026:06:12:51 +0000] "GET /general-health-topics/va-disability-compensation-codes/ HTTP/1.1" 301 - "-" "Mozilla/5.0 (Windows NT 10.0; Win64; x64) AppleWebKit/537.36 (KHTML, like Gecko) Chrome/107.0.0.0 Safari/537.36"
66.249.66.197 - - [20/May/2026:06:24:52 +0000] "GET /ads.txt HTTP/1.1" 200 58 "-" "Google-adstxt"
101.33.80.42 - - [20/May/2026:06:24:50 +0000] "GET / HTTP/1.1" 200 65712 "-" "Mozilla/5.0 (iPhone; CPU iPhone OS 13_2_3 like Mac OS X) AppleWebKit/605.1.15 (KHTML, like Gecko) Version/13.0.3 Mobile/15E148 Safari/604.1"
192.0.113.146 - - [20/May/2026:06:26:21 +0000] "GET /wp-content/uploads/2013/02/Health_Topics.jpg HTTP/1.1" 301 - "-" "Photon/1.0"
184.94.212.206 - - [20/May/2026:06:29:40 +0000] "POST /wp-cron.php?doing_wp_cron=1779258580.3178019523620605468750 HTTP/1.1" 200 - "-" "WordPress/6.9.4; https://eyemovementdesensitizationandreprocessing.com"
37.59.21.100 - - [20/May/2026:06:29:38 +0000] "GET /atom HTTP/1.1" 301 - "-" "Mozilla/5.0 (X11; Linux i686) AppleWebKit/537.36 (KHTML, like Gecko) Chrome/30.0.1599.66 Safari/537.36"
37.59.21.100 - - [20/May/2026:06:29:40 +0000] "GET /feed/atom/ HTTP/1.1" 200 24172 "-" "Mozilla/5.0 (X11; Linux i686) AppleWebKit/537.36 (KHTML, like Gecko) Chrome/30.0.1599.66 Safari/537.36"
45.229.30.203 - - [20/May/2026:06:30:24 +0000] "GET /tag/emdr-francine-shapiro/ HTTP/1.1" 301 - "-" "Mozilla/5.0 (Windows NT 10.0; Win64; x64; rv:127.0) Gecko/20100101 Firefox/127.0"
110.249.202.89 - - [20/May/2026:06:36:59 +0000] "GET /robots.txt HTTP/1.1" 301 - "-" "Mozilla/5.0 (Linux; Android 5.0) AppleWebKit/537.36 (KHTML, like Gecko) Mobile Safari/537.36 (compatible; Bytespider; https://zhanzhang.toutiao.com/)"
110.249.202.194 - - [20/May/2026:06:37:02 +0000] "GET /robots.txt HTTP/1.1" 200 151 "-" "Mozilla/5.0 (Linux; Android 5.0) AppleWebKit/537.36 (KHTML, like Gecko) Mobile Safari/537.36 (compatible; Bytespider; https://zhanzhang.toutiao.com/)"
184.94.212.206 - - [20/May/2026:06:45:26 +0000] "POST /wp-cron.php?doing_wp_cron=1779259526.5527849197387695312500 HTTP/1.1" 200 - "-" "WordPress/6.9.4; https://eyemovementdesensitizationandreprocessing.com"
14.173.239.12 - - [20/May/2026:06:45:24 +0000] "GET /tag/emdr-shapiro/ HTTP/1.1" 301 - "-" "Mozilla/5.0 (Macintosh; Intel Mac OS X 13_3_1) AppleWebKit/537.36 (KHTML, like Gecko) Chrome/131.0.6778.139 Safari/537.36"
184.94.212.206 - - [20/May/2026:06:47:28 +0000] "POST /wp-cron.php?doing_wp_cron=1779259648.3094670772552490234375 HTTP/1.1" 200 - "-" "WordPress/6.9.4; https://eyemovementdesensitizationandreprocessing.com"
207.46.13.116 - - [20/May/2026:06:47:26 +0000] "GET /wp-content/uploads/2012/11/emdr.jpg HTTP/1.1" 301 - "-" "Mozilla/5.0 AppleWebKit/537.36 (KHTML, like Gecko; compatible; bingbot/2.0; +http://www.bing.com/bingbot.htm) Chrome/116.0.1938.76 Safari/537.36"
184.94.212.206 - - [20/May/2026:06:48:02 +0000] "POST /wp-cron.php?doing_wp_cron=1779259682.6965029239654541015625 HTTP/1.1" 200 - "-" "WordPress/6.9.4; https://eyemovementdesensitizationandreprocessing.com"
66.249.66.40 - - [20/May/2026:06:48:01 +0000] "GET /wp-content/uploads/2016/02/veteran_home.jpg HTTP/1.1" 301 - "-" "Googlebot-Image/1.0"
159.223.182.136 - - [20/May/2026:07:02:22 +0000] "GET /wp-content/plugins/burst-statistics/readme.txt HTTP/1.1" 403 6627 "-" "Mozlila/5.0 (Linux; Android 7.0; SM-G892A Bulid/NRD90M; wv) AppleWebKit/537.36 (KHTML, like Gecko) Version/4.0 Chrome/60.0.3112.107 Moblie Safari/537.36"
146.70.184.111 - - [20/May/2026:07:12:24 +0000] "GET / HTTP/1.1" 200 211946 "-" "Mozilla/5.0 (Windows NT 10.0; Win64; x64) AppleWebKit/537.36 (KHTML, like Gecko) Chrome/95.0.4638.69 Safari/537.36"
146.70.184.111 - - [20/May/2026:07:12:26 +0000] "GET /wp-includes/ID3/license.txt HTTP/1.1" 301 - "-" "Mozilla/5.0 (Windows NT 10.0; Win64; x64) AppleWebKit/537.36 (KHTML, like Gecko) Chrome/95.0.4638.69 Safari/537.36"
184.94.212.206 - - [20/May/2026:07:13:51 +0000] "POST /wp-cron.php?doing_wp_cron=1779261231.5874691009521484375000 HTTP/1.1" 200 - "-" "WordPress/6.9.4; https://eyemovementdesensitizationandreprocessing.com"
37.59.21.100 - - [20/May/2026:07:13:49 +0000] "GET /emdr-side-effects/feed/ HTTP/1.1" 200 433 "-" "Mozilla/5.0 (X11; Linux i686) AppleWebKit/537.36 (KHTML, like Gecko) Chrome/30.0.1599.66 Safari/537.36"
184.94.212.206 - - [20/May/2026:07:21:31 +0000] "POST /wp-cron.php?doing_wp_cron=1779261691.7173180580139160156250 HTTP/1.1" 200 - "-" "WordPress/6.9.4; https://eyemovementdesensitizationandreprocessing.com"
157.55.39.13 - - [20/May/2026:07:21:30 +0000] "GET /2012/06/14/improve-your-health-with-your-emotions/ HTTP/1.1" 301 - "-" "Mozilla/5.0 AppleWebKit/537.36 (KHTML, like Gecko; compatible; bingbot/2.0; +http://www.bing.com/bingbot.htm) Chrome/116.0.1938.76 Safari/537.36"
184.94.212.206 - - [20/May/2026:07:30:37 +0000] "POST /wp-cron.php?doing_wp_cron=1779262237.5788590908050537109375 HTTP/1.1" 200 - "-" "WordPress/6.9.4; https://eyemovementdesensitizationandreprocessing.com"
220.181.51.118 - - [20/May/2026:07:30:35 +0000] "GET /robots.txt HTTP/1.1" 200 151 "-" "Mozilla/5.0 (Windows NT 10.0; WOW64) AppleWebKit/537.36 (KHTML, like Gecko) Chrome/48.0.2564.116 Safari/537.36"