MOON
Server: Apache
System: Linux server1.primemusicproductions.com 4.18.0-477.27.2.el8_8.x86_64 #1 SMP Fri Sep 29 08:21:01 EDT 2023 x86_64
User: primrwxj (1001)
PHP: 8.3.3
Disabled: NONE
Upload Files
File: //home/primrwxj/access-logs/cryptocurrencyaccess.primemusicproductions.com-ssl_log
66.249.66.39 - - [19/May/2026:18:18:01 +0000] "GET /robots.txt HTTP/1.1" 200 134 "-" "Mozilla/5.0 (compatible; Googlebot/2.1; +http://www.google.com/bot.html)"
184.94.212.206 - - [19/May/2026:18:18:50 +0000] "GET / HTTP/1.1" 200 63778 "-" "WordPress/6.9.4; http://cryptocurrencyaccess.com"
184.94.212.206 - - [19/May/2026:18:18:51 +0000] "GET / HTTP/1.1" 200 64267 "-" "WordPress/6.9.4; http://cryptocurrencyaccess.com"
184.94.212.206 - - [19/May/2026:22:20:09 +0000] "POST /wp-cron.php?doing_wp_cron=1779229209.0631790161132812500000 HTTP/1.1" 200 - "-" "WordPress/6.9.4; https://cryptocurrencyaccess.com"
184.94.212.206 - - [19/May/2026:22:20:09 +0000] "POST /wp-cron.php?doing_wp_cron=1779229209.2810559272766113281250 HTTP/1.1" 200 - "-" "WordPress/6.9.4; https://cryptocurrencyaccess.com"
120.240.178.222 - - [19/May/2026:22:20:07 +0000] "GET /wp-content/plugins/cryptocurrency-price-ticker-widget/assets/coin-logos/ethereum.svg HTTP/1.1" 404 50934 "https://cryptocurrencyaccess.com/bitcoin/?amp" "Mozilla/5.0 (Windows NT 10.0; Win64; x64) AppleWebKit/537.36 (KHTML, like Gecko) Chrome/143.0.0.0 Safari/537.36"
184.94.212.206 - - [19/May/2026:22:20:10 +0000] "POST /wp-admin/admin-ajax.php?action=wordfence_testAjax HTTP/1.1" 200 32 "-" "WordPress/6.9.4; https://cryptocurrencyaccess.com"
184.94.212.206 - - [19/May/2026:22:20:26 +0000] "POST /wp-cron.php?doing_wp_cron=1779229226.0659770965576171875000 HTTP/1.1" 200 - "-" "WordPress/6.9.4; https://cryptocurrencyaccess.com"
184.94.212.206 - - [19/May/2026:22:20:25 +0000] "GET /.user.ini HTTP/1.1" 404 50121 "-" "WordPress/6.9.4; https://cryptocurrencyaccess.com"
184.94.212.206 - - [19/May/2026:22:20:11 +0000] "GET /wp-admin/admin-ajax.php?action=wordfence_doScan&isFork=0&scanMode=standard&cronKey=5fcc2b960aa0f64cb1698b31b318ccbc&signature=b90bdb4953dd423d1f2b12fd9e2b57626977daa5fcdafb2a80d178158628f9c1 HTTP/1.1" 200 - "-" "WordPress/6.9.4; https://cryptocurrencyaccess.com"
184.94.212.206 - - [19/May/2026:22:21:03 +0000] "POST /wp-cron.php?doing_wp_cron=1779229263.8335978984832763671875 HTTP/1.1" 200 - "-" "WordPress/6.9.4; https://cryptocurrencyaccess.com"
66.249.66.39 - - [19/May/2026:22:21:01 +0000] "GET /robots.txt HTTP/1.1" 200 134 "-" "Mozilla/5.0 (compatible; Googlebot/2.1; +http://www.google.com/bot.html)"
184.94.212.206 - - [19/May/2026:22:21:16 +0000] "POST /wp-cron.php?doing_wp_cron=1779229276.2198119163513183593750 HTTP/1.1" 200 - "-" "WordPress/6.9.4; https://cryptocurrencyaccess.com"
184.94.212.206 - - [19/May/2026:22:20:43 +0000] "GET /wp-admin/admin-ajax.php?action=wordfence_doScan&isFork=1&scanMode=standard&cronKey=34b5d6076f4cbe5934ce1a6c29082833&signature=9ef24b7cb4fb478a811b76279baa4c901e078d8728dea6ee1fd244c5923c4cf1 HTTP/1.1" 200 - "-" "WordPress/6.9.4; https://cryptocurrencyaccess.com"
184.94.212.206 - - [19/May/2026:22:21:15 +0000] "GET /wp-admin/admin-ajax.php?action=wordfence_doScan&isFork=1&scanMode=standard&cronKey=e9f4e5f988c591bb4773dafbf471d25f&signature=01de7f68c1939a9d0fe648d3995b5c2f964df4897bbc8fa5e65b3e3b405c168e HTTP/1.1" 200 - "-" "WordPress/6.9.4; https://cryptocurrencyaccess.com"
184.94.212.206 - - [19/May/2026:22:22:21 +0000] "POST /wp-cron.php?doing_wp_cron=1779229341.5482869148254394531250 HTTP/1.1" 200 - "-" "WordPress/6.9.4; https://cryptocurrencyaccess.com"
184.94.212.206 - - [19/May/2026:22:21:47 +0000] "GET /wp-admin/admin-ajax.php?action=wordfence_doScan&isFork=1&scanMode=standard&cronKey=2d818b69a0f6c8feb8a2c406aacd540e&signature=0c6ff665c08f5652a1bd7d9d5ccaeae5da1b8eae9f6ad7279f25306a1cf24c9c HTTP/1.1" 200 - "-" "WordPress/6.9.4; https://cryptocurrencyaccess.com"
184.94.212.206 - - [19/May/2026:22:22:20 +0000] "GET /wp-admin/admin-ajax.php?action=wordfence_doScan&isFork=1&scanMode=standard&cronKey=212d2ec4f9c241104ffdd6a1ad69548a&signature=b3db6d3515e749ba227669ab7616cc22bf2d8a31621935d9d99e00a39c65af28 HTTP/1.1" 200 - "-" "WordPress/6.9.4; https://cryptocurrencyaccess.com"
66.249.66.41 - - [19/May/2026:22:24:01 +0000] "GET /ads.txt HTTP/1.1" 200 58 "-" "Google-adstxt"
184.94.212.206 - - [19/May/2026:22:27:16 +0000] "POST /wp-cron.php?doing_wp_cron=1779229636.5503079891204833984375 HTTP/1.1" 200 - "-" "WordPress/6.9.4; https://cryptocurrencyaccess.com"
57.141.2.13 - - [19/May/2026:22:27:15 +0000] "GET /tips-to-greater-wealth-through-forex-trading/ HTTP/1.1" 200 64149 "-" "meta-externalagent/1.1 (+https://developers.facebook.com/docs/sharing/webmasters/crawler)"
57.141.2.25 - - [19/May/2026:22:27:16 +0000] "GET /wp-content/uploads/2020/04/tips_to_greater_wealth_through_forex_trading.jpg HTTP/1.1" 200 63745 "https://cryptocurrencyaccess.com/tips-to-greater-wealth-through-forex-trading/" "meta-externalagent/1.1 (+https://developers.facebook.com/docs/sharing/webmasters/crawler)"
57.141.2.7 - - [19/May/2026:22:27:16 +0000] "GET /wp-content/themes/astra/assets/css/minified/main.min.css?ver=4.13.2 HTTP/1.1" 200 8683 "https://cryptocurrencyaccess.com/tips-to-greater-wealth-through-forex-trading/" "meta-externalagent/1.1 (+https://developers.facebook.com/docs/sharing/webmasters/crawler)"
57.141.2.40 - - [19/May/2026:22:27:16 +0000] "GET /wp-content/plugins/complianz-gdpr/assets/css/cookieblocker.min.css?ver=1741710170 HTTP/1.1" 200 723 "https://cryptocurrencyaccess.com/tips-to-greater-wealth-through-forex-trading/" "meta-externalagent/1.1 (+https://developers.facebook.com/docs/sharing/webmasters/crawler)"
57.141.2.46 - - [19/May/2026:22:27:17 +0000] "GET /wp-content/uploads/2025/08/cropped-cryptocurrencyaccess_LOGO-2-323x65.png HTTP/1.1" 200 27305 "https://cryptocurrencyaccess.com/tips-to-greater-wealth-through-forex-trading/" "meta-externalagent/1.1 (+https://developers.facebook.com/docs/sharing/webmasters/crawler)"
57.141.2.4 - - [19/May/2026:22:27:17 +0000] "GET /wp-includes/css/dist/block-library/style.min.css?ver=6.9.4 HTTP/1.1" 200 15916 "https://cryptocurrencyaccess.com/tips-to-greater-wealth-through-forex-trading/" "meta-externalagent/1.1 (+https://developers.facebook.com/docs/sharing/webmasters/crawler)"
57.141.2.52 - - [19/May/2026:22:27:17 +0000] "GET /wp-content/plugins/google-site-kit/dist/assets/js/googlesitekit-consent-mode-da15714e8829855bb7ce.js HTTP/1.1" 200 25462 "https://cryptocurrencyaccess.com/tips-to-greater-wealth-through-forex-trading/" "meta-externalagent/1.1 (+https://developers.facebook.com/docs/sharing/webmasters/crawler)"
57.141.2.22 - - [19/May/2026:22:27:17 +0000] "GET /wp-content/plugins/ad-inserter/js/sponsors.js?ver=2.8.15 HTTP/1.1" 200 21 "https://cryptocurrencyaccess.com/tips-to-greater-wealth-through-forex-trading/" "meta-externalagent/1.1 (+https://developers.facebook.com/docs/sharing/webmasters/crawler)"
57.141.2.70 - - [19/May/2026:22:27:17 +0000] "GET /wp-content/themes/astra/assets/js/minified/frontend.min.js?ver=4.13.2 HTTP/1.1" 200 5944 "https://cryptocurrencyaccess.com/tips-to-greater-wealth-through-forex-trading/" "meta-externalagent/1.1 (+https://developers.facebook.com/docs/sharing/webmasters/crawler)"
57.141.2.35 - - [19/May/2026:22:27:17 +0000] "GET /wp-content/plugins/wp-consent-api/assets/js/wp-consent-api.min.js?ver=2.0.1 HTTP/1.1" 200 822 "https://cryptocurrencyaccess.com/tips-to-greater-wealth-through-forex-trading/" "meta-externalagent/1.1 (+https://developers.facebook.com/docs/sharing/webmasters/crawler)"
57.141.2.64 - - [19/May/2026:22:27:17 +0000] "GET /wp-content/plugins/ad-inserter/images/ads.png HTTP/1.1" 200 95 "https://cryptocurrencyaccess.com/tips-to-greater-wealth-through-forex-trading/" "meta-externalagent/1.1 (+https://developers.facebook.com/docs/sharing/webmasters/crawler)"
57.141.2.52 - - [19/May/2026:22:27:17 +0000] "GET /wp-content/plugins/ad-inserter/js/300x250.js?ver=2.8.15 HTTP/1.1" 200 25 "https://cryptocurrencyaccess.com/tips-to-greater-wealth-through-forex-trading/" "meta-externalagent/1.1 (+https://developers.facebook.com/docs/sharing/webmasters/crawler)"
57.141.2.60 - - [19/May/2026:22:27:17 +0000] "GET /wp-content/plugins/ad-inserter/js/banner.js?ver=2.8.15 HTTP/1.1" 200 24 "https://cryptocurrencyaccess.com/tips-to-greater-wealth-through-forex-trading/" "meta-externalagent/1.1 (+https://developers.facebook.com/docs/sharing/webmasters/crawler)"
57.141.2.60 - - [19/May/2026:22:27:17 +0000] "GET /wp-content/plugins/ad-inserter/js/ads.js?ver=2.8.15 HTTP/1.1" 200 118 "https://cryptocurrencyaccess.com/tips-to-greater-wealth-through-forex-trading/" "meta-externalagent/1.1 (+https://developers.facebook.com/docs/sharing/webmasters/crawler)"
57.141.2.56 - - [19/May/2026:22:27:18 +0000] "GET /wp-includes/js/wp-emoji-release.min.js?ver=6.9.4 HTTP/1.1" 200 5375 "https://cryptocurrencyaccess.com/tips-to-greater-wealth-through-forex-trading/" "meta-externalagent/1.1 (+https://developers.facebook.com/docs/sharing/webmasters/crawler)"
57.141.2.54 - - [19/May/2026:22:27:19 +0000] "GET /wp-content/uploads/2025/08/cropped-cropped-cryptocurrencyaccess_LOGO-32x32.png HTTP/1.1" 200 1649 "https://cryptocurrencyaccess.com/tips-to-greater-wealth-through-forex-trading/" "meta-externalagent/1.1 (+https://developers.facebook.com/docs/sharing/webmasters/crawler)"
184.94.212.206 - - [19/May/2026:22:37:24 +0000] "POST /wp-cron.php?doing_wp_cron=1779230244.8905749320983886718750 HTTP/1.1" 200 - "-" "WordPress/6.9.4; https://cryptocurrencyaccess.com"
103.168.67.107 - - [19/May/2026:22:37:23 +0000] "POST / HTTP/1.1" 200 64253 "-" "Mozilla/5.0 (Windows NT 10.0; Win64; x64) AppleWebKit/537.36"
103.168.67.107 - - [19/May/2026:22:37:25 +0000] "POST / HTTP/1.1" 200 64181 "-" "Mozilla/5.0 (Windows NT 10.0; Win64; x64) AppleWebKit/537.36"
184.94.212.206 - - [19/May/2026:22:47:30 +0000] "POST /wp-cron.php?doing_wp_cron=1779230849.9916269779205322265625 HTTP/1.1" 200 - "-" "WordPress/6.9.4; https://cryptocurrencyaccess.com"
79.107.57.252 - - [19/May/2026:22:47:28 +0000] "GET / HTTP/1.1" 200 53180 "-" "Mozilla/5.0 (Windows NT 10.0; Win64; x64; rv:122.0) Gecko/20100101 Firefox/122.0"
116.202.235.23 - - [19/May/2026:23:03:32 +0000] "GET /robots.txt HTTP/1.1" 200 134 "-" "Mozilla/5.0 (compatible; SERankingBacklinksBot/1.0; +https://seranking.com/backlinks-crawler)"
170.106.113.235 - - [19/May/2026:23:03:32 +0000] "GET / HTTP/1.1" 200 63961 "-" "Mozilla/5.0 (iPhone; CPU iPhone OS 13_2_3 like Mac OS X) AppleWebKit/605.1.15 (KHTML, like Gecko) Version/13.0.3 Mobile/15E148 Safari/604.1"
116.202.235.23 - - [19/May/2026:23:03:34 +0000] "GET /tag/valuable-information/ HTTP/1.1" 200 60428 "-" "Mozilla/5.0 (compatible; SERankingBacklinksBot/1.0; +https://seranking.com/backlinks-crawler)"
116.202.235.23 - - [19/May/2026:23:03:38 +0000] "GET /tag/foreign-exchange-market/ HTTP/1.1" 200 63078 "-" "Mozilla/5.0 (compatible; SERankingBacklinksBot/1.0; +https://seranking.com/backlinks-crawler)"
116.202.235.23 - - [19/May/2026:23:03:50 +0000] "GET /tag/foreign-currency-exchange/ HTTP/1.1" 200 60392 "-" "Mozilla/5.0 (compatible; SERankingBacklinksBot/1.0; +https://seranking.com/backlinks-crawler)"
116.202.235.23 - - [19/May/2026:23:04:19 +0000] "GET /category/cryptocurrency-types/page/4/ HTTP/1.1" 200 62554 "-" "Mozilla/5.0 (compatible; SERankingBacklinksBot/1.0; +https://seranking.com/backlinks-crawler)"
116.202.235.23 - - [19/May/2026:23:04:29 +0000] "GET /category/cryptocurrency-types/page/5/ HTTP/1.1" 200 62902 "-" "Mozilla/5.0 (compatible; SERankingBacklinksBot/1.0; +https://seranking.com/backlinks-crawler)"
184.94.212.206 - - [19/May/2026:23:35:00 +0000] "POST /wp-cron.php?doing_wp_cron=1779233700.6358489990234375000000 HTTP/1.1" 200 - "-" "WordPress/6.9.4; https://cryptocurrencyaccess.com"
202.76.170.46 - - [19/May/2026:23:34:59 +0000] "GET /robots.txt HTTP/1.1" 200 134 "-" "Mozilla/5.0 (Windows NT 10.0; Win64; x64) AppleWebKit/537.36 (KHTML, like Gecko) Chrome/127.0.6533.120 Safari/537.36"
184.94.212.206 - - [19/May/2026:23:47:19 +0000] "POST /wp-cron.php?doing_wp_cron=1779234439.8685069084167480468750 HTTP/1.1" 200 - "-" "WordPress/6.9.4; https://cryptocurrencyaccess.com"
69.165.67.176 - - [19/May/2026:23:47:18 +0000] "GET /index.php?rest_route=/wp/v2/posts&per_page=100&_fields=id%2Ccomment_status&page=1 HTTP/1.1" 200 244 "https://mail.cryptocurrencyaccess.com" "Mozilla/5.0 (iPhone; CPU iPhone OS 18_3_2 like Mac OS X) AppleWebKit/605.1.15 (KHTML, like Gecko) Version/18.3.1 Mobile/15E148 Safari/604.1"
69.165.67.176 - - [19/May/2026:23:47:20 +0000] "POST /wp-comments-post.php HTTP/1.1" 302 - "https://mail.cryptocurrencyaccess.com" "Mozilla/5.0 (iPhone; CPU iPhone OS 18_3_2 like Mac OS X) AppleWebKit/605.1.15 (KHTML, like Gecko) Version/18.3.1 Mobile/15E148 Safari/604.1"
69.165.67.176 - - [19/May/2026:23:47:21 +0000] "GET /index.php?rest_route=/wp/v2/comments&post=253&search=idkilat289 HTTP/1.1" 200 22 "https://mail.cryptocurrencyaccess.com" "Mozilla/5.0 (iPhone; CPU iPhone OS 18_3_2 like Mac OS X) AppleWebKit/605.1.15 (KHTML, like Gecko) Version/18.3.1 Mobile/15E148 Safari/604.1"
69.165.67.176 - - [19/May/2026:23:47:22 +0000] "POST /wp-comments-post.php HTTP/1.1" 429 1090 "https://mail.cryptocurrencyaccess.com" "Mozilla/5.0 (iPhone; CPU iPhone OS 18_3_2 like Mac OS X) AppleWebKit/605.1.15 (KHTML, like Gecko) Version/18.3.1 Mobile/15E148 Safari/604.1"
69.165.67.176 - - [19/May/2026:23:47:28 +0000] "POST /wp-comments-post.php HTTP/1.1" 429 1090 "https://mail.cryptocurrencyaccess.com" "Mozilla/5.0 (iPhone; CPU iPhone OS 18_3_2 like Mac OS X) AppleWebKit/605.1.15 (KHTML, like Gecko) Version/18.3.1 Mobile/15E148 Safari/604.1"
69.165.67.176 - - [19/May/2026:23:47:40 +0000] "POST /wp-comments-post.php HTTP/1.1" 302 - "https://mail.cryptocurrencyaccess.com" "Mozilla/5.0 (iPhone; CPU iPhone OS 18_3_2 like Mac OS X) AppleWebKit/605.1.15 (KHTML, like Gecko) Version/18.3.1 Mobile/15E148 Safari/604.1"
69.165.67.176 - - [19/May/2026:23:47:41 +0000] "GET /index.php?rest_route=/wp/v2/comments&post=253&search=vipganer29 HTTP/1.1" 200 22 "https://mail.cryptocurrencyaccess.com" "Mozilla/5.0 (iPhone; CPU iPhone OS 18_3_2 like Mac OS X) AppleWebKit/605.1.15 (KHTML, like Gecko) Version/18.3.1 Mobile/15E148 Safari/604.1"
69.165.67.176 - - [19/May/2026:23:47:42 +0000] "POST /wp-comments-post.php HTTP/1.1" 429 1090 "https://mail.cryptocurrencyaccess.com" "Mozilla/5.0 (iPhone; CPU iPhone OS 18_3_2 like Mac OS X) AppleWebKit/605.1.15 (KHTML, like Gecko) Version/18.3.1 Mobile/15E148 Safari/604.1"
69.165.67.176 - - [19/May/2026:23:47:48 +0000] "POST /wp-comments-post.php HTTP/1.1" 429 1090 "https://mail.cryptocurrencyaccess.com" "Mozilla/5.0 (iPhone; CPU iPhone OS 18_3_2 like Mac OS X) AppleWebKit/605.1.15 (KHTML, like Gecko) Version/18.3.1 Mobile/15E148 Safari/604.1"
184.94.212.206 - - [19/May/2026:23:48:01 +0000] "POST /wp-cron.php?doing_wp_cron=1779234481.1924080848693847656250 HTTP/1.1" 200 - "-" "WordPress/6.9.4; https://cryptocurrencyaccess.com"
69.165.67.176 - - [19/May/2026:23:48:00 +0000] "POST /wp-comments-post.php HTTP/1.1" 302 - "https://mail.cryptocurrencyaccess.com" "Mozilla/5.0 (iPhone; CPU iPhone OS 18_3_2 like Mac OS X) AppleWebKit/605.1.15 (KHTML, like Gecko) Version/18.3.1 Mobile/15E148 Safari/604.1"
69.165.67.176 - - [19/May/2026:23:48:01 +0000] "GET /index.php?rest_route=/wp/v2/comments&post=253&search=1xbet001 HTTP/1.1" 200 22 "https://mail.cryptocurrencyaccess.com" "Mozilla/5.0 (iPhone; CPU iPhone OS 18_3_2 like Mac OS X) AppleWebKit/605.1.15 (KHTML, like Gecko) Version/18.3.1 Mobile/15E148 Safari/604.1"
69.165.67.176 - - [19/May/2026:23:48:02 +0000] "POST /wp-comments-post.php HTTP/1.1" 429 1090 "https://mail.cryptocurrencyaccess.com" "Mozilla/5.0 (iPhone; CPU iPhone OS 18_3_2 like Mac OS X) AppleWebKit/605.1.15 (KHTML, like Gecko) Version/18.3.1 Mobile/15E148 Safari/604.1"
184.94.212.206 - - [19/May/2026:23:48:10 +0000] "POST /wp-cron.php?doing_wp_cron=1779234490.2692420482635498046875 HTTP/1.1" 200 - "-" "WordPress/6.9.4; https://cryptocurrencyaccess.com"
69.165.67.176 - - [19/May/2026:23:48:09 +0000] "POST /wp-comments-post.php HTTP/1.1" 429 1090 "https://mail.cryptocurrencyaccess.com" "Mozilla/5.0 (iPhone; CPU iPhone OS 18_3_2 like Mac OS X) AppleWebKit/605.1.15 (KHTML, like Gecko) Version/18.3.1 Mobile/15E148 Safari/604.1"
69.165.67.176 - - [19/May/2026:23:48:20 +0000] "POST /wp-comments-post.php HTTP/1.1" 302 - "https://mail.cryptocurrencyaccess.com" "Mozilla/5.0 (iPhone; CPU iPhone OS 18_3_2 like Mac OS X) AppleWebKit/605.1.15 (KHTML, like Gecko) Version/18.3.1 Mobile/15E148 Safari/604.1"
69.165.67.176 - - [19/May/2026:23:48:22 +0000] "GET /index.php?rest_route=/wp/v2/comments&post=34&search=phbmy00 HTTP/1.1" 200 22 "https://mail.cryptocurrencyaccess.com" "Mozilla/5.0 (iPhone; CPU iPhone OS 18_3_2 like Mac OS X) AppleWebKit/605.1.15 (KHTML, like Gecko) Version/18.3.1 Mobile/15E148 Safari/604.1"
69.165.67.176 - - [19/May/2026:23:48:23 +0000] "POST /wp-comments-post.php HTTP/1.1" 429 1090 "https://mail.cryptocurrencyaccess.com" "Mozilla/5.0 (iPhone; CPU iPhone OS 18_3_2 like Mac OS X) AppleWebKit/605.1.15 (KHTML, like Gecko) Version/18.3.1 Mobile/15E148 Safari/604.1"
69.165.67.176 - - [19/May/2026:23:48:29 +0000] "POST /wp-comments-post.php HTTP/1.1" 429 1090 "https://mail.cryptocurrencyaccess.com" "Mozilla/5.0 (iPhone; CPU iPhone OS 18_3_2 like Mac OS X) AppleWebKit/605.1.15 (KHTML, like Gecko) Version/18.3.1 Mobile/15E148 Safari/604.1"
69.165.67.176 - - [19/May/2026:23:48:41 +0000] "POST /wp-comments-post.php HTTP/1.1" 302 - "https://mail.cryptocurrencyaccess.com" "Mozilla/5.0 (iPhone; CPU iPhone OS 18_3_2 like Mac OS X) AppleWebKit/605.1.15 (KHTML, like Gecko) Version/18.3.1 Mobile/15E148 Safari/604.1"
69.165.67.176 - - [19/May/2026:23:48:42 +0000] "GET /index.php?rest_route=/wp/v2/comments&post=34&search=maxwin77login HTTP/1.1" 200 22 "https://mail.cryptocurrencyaccess.com" "Mozilla/5.0 (iPhone; CPU iPhone OS 18_3_2 like Mac OS X) AppleWebKit/605.1.15 (KHTML, like Gecko) Version/18.3.1 Mobile/15E148 Safari/604.1"
69.165.67.176 - - [19/May/2026:23:48:43 +0000] "POST /wp-comments-post.php HTTP/1.1" 429 1090 "https://mail.cryptocurrencyaccess.com" "Mozilla/5.0 (iPhone; CPU iPhone OS 18_3_2 like Mac OS X) AppleWebKit/605.1.15 (KHTML, like Gecko) Version/18.3.1 Mobile/15E148 Safari/604.1"
69.165.67.176 - - [19/May/2026:23:48:49 +0000] "POST /wp-comments-post.php HTTP/1.1" 429 1090 "https://mail.cryptocurrencyaccess.com" "Mozilla/5.0 (iPhone; CPU iPhone OS 18_3_2 like Mac OS X) AppleWebKit/605.1.15 (KHTML, like Gecko) Version/18.3.1 Mobile/15E148 Safari/604.1"
69.165.67.176 - - [19/May/2026:23:49:01 +0000] "POST /wp-comments-post.php HTTP/1.1" 302 - "https://mail.cryptocurrencyaccess.com" "Mozilla/5.0 (iPhone; CPU iPhone OS 18_3_2 like Mac OS X) AppleWebKit/605.1.15 (KHTML, like Gecko) Version/18.3.1 Mobile/15E148 Safari/604.1"
69.165.67.176 - - [19/May/2026:23:49:02 +0000] "GET /index.php?rest_route=/wp/v2/comments&post=34&search=idambyargacor HTTP/1.1" 200 22 "https://mail.cryptocurrencyaccess.com" "Mozilla/5.0 (iPhone; CPU iPhone OS 18_3_2 like Mac OS X) AppleWebKit/605.1.15 (KHTML, like Gecko) Version/18.3.1 Mobile/15E148 Safari/604.1"
69.165.67.176 - - [19/May/2026:23:49:03 +0000] "POST /wp-comments-post.php HTTP/1.1" 429 1090 "https://mail.cryptocurrencyaccess.com" "Mozilla/5.0 (iPhone; CPU iPhone OS 18_3_2 like Mac OS X) AppleWebKit/605.1.15 (KHTML, like Gecko) Version/18.3.1 Mobile/15E148 Safari/604.1"
69.165.67.176 - - [19/May/2026:23:49:10 +0000] "POST /wp-comments-post.php HTTP/1.1" 429 1090 "https://mail.cryptocurrencyaccess.com" "Mozilla/5.0 (iPhone; CPU iPhone OS 18_3_2 like Mac OS X) AppleWebKit/605.1.15 (KHTML, like Gecko) Version/18.3.1 Mobile/15E148 Safari/604.1"
69.165.67.176 - - [19/May/2026:23:49:21 +0000] "POST /wp-comments-post.php HTTP/1.1" 302 - "https://mail.cryptocurrencyaccess.com" "Mozilla/5.0 (iPhone; CPU iPhone OS 18_3_2 like Mac OS X) AppleWebKit/605.1.15 (KHTML, like Gecko) Version/18.3.1 Mobile/15E148 Safari/604.1"
69.165.67.176 - - [19/May/2026:23:49:22 +0000] "GET /index.php?rest_route=/wp/v2/comments&post=32&search=dewa33login HTTP/1.1" 200 22 "https://mail.cryptocurrencyaccess.com" "Mozilla/5.0 (iPhone; CPU iPhone OS 18_3_2 like Mac OS X) AppleWebKit/605.1.15 (KHTML, like Gecko) Version/18.3.1 Mobile/15E148 Safari/604.1"
69.165.67.176 - - [19/May/2026:23:49:23 +0000] "POST /wp-comments-post.php HTTP/1.1" 429 1090 "https://mail.cryptocurrencyaccess.com" "Mozilla/5.0 (iPhone; CPU iPhone OS 18_3_2 like Mac OS X) AppleWebKit/605.1.15 (KHTML, like Gecko) Version/18.3.1 Mobile/15E148 Safari/604.1"
69.165.67.176 - - [19/May/2026:23:49:30 +0000] "POST /wp-comments-post.php HTTP/1.1" 429 1090 "https://mail.cryptocurrencyaccess.com" "Mozilla/5.0 (iPhone; CPU iPhone OS 18_3_2 like Mac OS X) AppleWebKit/605.1.15 (KHTML, like Gecko) Version/18.3.1 Mobile/15E148 Safari/604.1"
69.165.67.176 - - [19/May/2026:23:49:41 +0000] "POST /wp-comments-post.php HTTP/1.1" 302 - "https://mail.cryptocurrencyaccess.com" "Mozilla/5.0 (iPhone; CPU iPhone OS 18_3_2 like Mac OS X) AppleWebKit/605.1.15 (KHTML, like Gecko) Version/18.3.1 Mobile/15E148 Safari/604.1"
69.165.67.176 - - [19/May/2026:23:49:43 +0000] "GET /index.php?rest_route=/wp/v2/comments&post=32&search=idbahagia777 HTTP/1.1" 200 22 "https://mail.cryptocurrencyaccess.com" "Mozilla/5.0 (iPhone; CPU iPhone OS 18_3_2 like Mac OS X) AppleWebKit/605.1.15 (KHTML, like Gecko) Version/18.3.1 Mobile/15E148 Safari/604.1"
69.165.67.176 - - [19/May/2026:23:49:44 +0000] "POST /wp-comments-post.php HTTP/1.1" 429 1090 "https://mail.cryptocurrencyaccess.com" "Mozilla/5.0 (iPhone; CPU iPhone OS 18_3_2 like Mac OS X) AppleWebKit/605.1.15 (KHTML, like Gecko) Version/18.3.1 Mobile/15E148 Safari/604.1"
69.165.67.176 - - [19/May/2026:23:49:50 +0000] "POST /wp-comments-post.php HTTP/1.1" 429 1090 "https://mail.cryptocurrencyaccess.com" "Mozilla/5.0 (iPhone; CPU iPhone OS 18_3_2 like Mac OS X) AppleWebKit/605.1.15 (KHTML, like Gecko) Version/18.3.1 Mobile/15E148 Safari/604.1"
69.165.67.176 - - [19/May/2026:23:50:02 +0000] "POST /wp-comments-post.php HTTP/1.1" 302 - "https://mail.cryptocurrencyaccess.com" "Mozilla/5.0 (iPhone; CPU iPhone OS 18_3_2 like Mac OS X) AppleWebKit/605.1.15 (KHTML, like Gecko) Version/18.3.1 Mobile/15E148 Safari/604.1"
69.165.67.176 - - [19/May/2026:23:50:03 +0000] "GET /index.php?rest_route=/wp/v2/comments&post=32&search=30jilislot HTTP/1.1" 200 22 "https://mail.cryptocurrencyaccess.com" "Mozilla/5.0 (iPhone; CPU iPhone OS 18_3_2 like Mac OS X) AppleWebKit/605.1.15 (KHTML, like Gecko) Version/18.3.1 Mobile/15E148 Safari/604.1"
103.168.67.107 - - [20/May/2026:00:00:06 +0000] "POST / HTTP/1.1" 200 64263 "-" "Mozilla/5.0 (Windows NT 10.0; Win64; x64) AppleWebKit/537.36"
103.168.67.107 - - [20/May/2026:00:00:06 +0000] "POST / HTTP/1.1" 200 63908 "-" "Mozilla/5.0 (Windows NT 10.0; Win64; x64) AppleWebKit/537.36"
103.168.67.107 - - [20/May/2026:00:00:09 +0000] "POST / HTTP/1.1" 200 64125 "-" "Mozilla/5.0 (Windows NT 10.0; Win64; x64) AppleWebKit/537.36"
103.168.67.107 - - [20/May/2026:00:00:09 +0000] "POST / HTTP/1.1" 200 64407 "-" "Mozilla/5.0 (Windows NT 10.0; Win64; x64) AppleWebKit/537.36"
184.94.212.206 - - [20/May/2026:00:03:45 +0000] "POST /wp-cron.php?doing_wp_cron=1779235425.6025140285491943359375 HTTP/1.1" 200 - "-" "WordPress/6.9.4; https://cryptocurrencyaccess.com"
42.112.228.43 - - [20/May/2026:00:03:43 +0000] "GET /tag/foreign-exchange-trading/page/3/ HTTP/1.1" 200 63235 "-" "Mozilla/5.0 (Macintosh; Intel Mac OS X 11.4; rv:129.0) Gecko/20100101 Firefox/129.0"
184.94.212.206 - - [20/May/2026:00:24:37 +0000] "POST /wp-cron.php?doing_wp_cron=1779236677.4072198867797851562500 HTTP/1.1" 200 - "-" "WordPress/6.9.4; https://cryptocurrencyaccess.com"
184.94.212.206 - - [20/May/2026:00:24:37 +0000] "POST /wp-cron.php?doing_wp_cron=1779236677.5570011138916015625000 HTTP/1.1" 200 - "-" "WordPress/6.9.4; https://cryptocurrencyaccess.com"
119.132.110.166 - - [20/May/2026:00:24:35 +0000] "GET /wp-content/plugins/cryptocurrency-price-ticker-widget/assets/coin-logos/usd-coin.svg HTTP/1.1" 404 50641 "https://cryptocurrencyaccess.com/bitcoin/?amp" "Mozilla/5.0 (Windows NT 10.0; Win64; x64) AppleWebKit/537.36 (KHTML, like Gecko) Chrome/143.0.0.0 Safari/537.36"
184.94.212.206 - - [20/May/2026:00:27:00 +0000] "POST /wp-cron.php?doing_wp_cron=1779236820.1676690578460693359375 HTTP/1.1" 200 - "-" "WordPress/6.9.4; https://cryptocurrencyaccess.com"
74.7.244.38 - - [20/May/2026:00:26:58 +0000] "GET /robots.txt HTTP/1.1" 200 134 "-" "Mozilla/5.0 (Macintosh; Intel Mac OS X 10_15_7) AppleWebKit/537.36 (KHTML, like Gecko) Chrome/131.0.0.0 Safari/537.36; compatible; OAI-SearchBot/1.3; robots.txt; +https://openai.com/searchbot"
116.179.32.133 - - [20/May/2026:00:29:32 +0000] "GET /adsense-disclaimer/ HTTP/1.1" 200 60873 "-" "Mozilla/5.0 (compatible; Baiduspider/2.0; +http://www.baidu.com/search/spider.html)"
184.94.212.206 - - [20/May/2026:01:29:15 +0000] "POST /wp-cron.php?doing_wp_cron=1779240555.9356529712677001953125 HTTP/1.1" 200 - "-" "WordPress/6.9.4; https://cryptocurrencyaccess.com"
184.94.212.206 - - [20/May/2026:01:29:16 +0000] "POST /wp-cron.php?doing_wp_cron=1779240556.0861630439758300781250 HTTP/1.1" 200 - "-" "WordPress/6.9.4; https://cryptocurrencyaccess.com"
114.119.139.110 - - [20/May/2026:01:29:14 +0000] "GET / HTTP/1.1" 200 63975 "https://cryptocurrencyaccess.com/" "Mozilla/5.0 (Linux; Android 7.0;) AppleWebKit/537.36 (HTML, like Gecko) Mobile Safari/537.36 (compatible; PetalBot;+https://webmaster.petalsearch.com/site/petalbot)"
77.75.76.171 - - [20/May/2026:01:45:55 +0000] "GET /category/guides/ HTTP/1.1" 200 60406 "-" "Mozilla/5.0 (compatible; SeznamBot/4.0; +https://o-seznam.cz/napoveda/vyhledavani/en/seznambot-crawler/)"
77.75.76.171 - - [20/May/2026:01:45:54 +0000] "GET /robots.txt HTTP/1.1" 200 134 "-" "Mozilla/5.0 (compatible; SeznamBot/4.0; +https://o-seznam.cz/napoveda/vyhledavani/en/seznambot-crawler/)"
184.94.212.206 - - [20/May/2026:01:49:32 +0000] "POST /wp-cron.php?doing_wp_cron=1779241772.0026249885559082031250 HTTP/1.1" 200 - "-" "WordPress/6.9.4; https://cryptocurrencyaccess.com"
43.165.4.2 - - [20/May/2026:01:49:30 +0000] "GET /sp-500-market-index/ HTTP/1.1" 200 65552 "-" "Mozilla/5.0 (iPhone; CPU iPhone OS 13_2_3 like Mac OS X) AppleWebKit/605.1.15 (KHTML, like Gecko) Version/13.0.3 Mobile/15E148 Safari/604.1"
184.94.212.206 - - [20/May/2026:02:06:00 +0000] "POST /wp-cron.php?doing_wp_cron=1779242760.6863329410552978515625 HTTP/1.1" 200 - "-" "WordPress/6.9.4; https://cryptocurrencyaccess.com"
85.208.96.197 - - [20/May/2026:02:05:59 +0000] "GET /successful-ideas-that-the-pros-use-to-succeed-in-the-foreign-exchange-market/ HTTP/1.1" 200 65155 "-" "Mozilla/5.0 (compatible; SemrushBot/7~bl; +http://www.semrush.com/bot.html)"
66.249.66.164 - - [20/May/2026:02:24:04 +0000] "GET /ads.txt HTTP/1.1" 304 - "-" "Google-adstxt"
184.94.212.206 - - [20/May/2026:02:29:28 +0000] "POST /wp-cron.php?doing_wp_cron=1779244168.7652471065521240234375 HTTP/1.1" 200 - "-" "WordPress/6.9.4; https://cryptocurrencyaccess.com"
184.94.212.206 - - [20/May/2026:02:29:28 +0000] "POST /wp-cron.php?doing_wp_cron=1779244168.9424231052398681640625 HTTP/1.1" 200 - "-" "WordPress/6.9.4; https://cryptocurrencyaccess.com"
45.156.128.149 - - [20/May/2026:02:29:27 +0000] "GET / HTTP/1.1" 200 64005 "-" "Mozilla/5.0 AppleWebKit/537.36 (KHTML, like Gecko) Chrome/123.0.6312.86 Safari/537.36"
45.156.128.148 - - [20/May/2026:02:29:59 +0000] "GET /favicon.ico HTTP/1.1" 302 - "-" "Mozilla/5.0 AppleWebKit/537.36 (KHTML, like Gecko) Chrome/123.0.6312.86 Safari/537.36"
45.156.128.148 - - [20/May/2026:02:30:00 +0000] "GET /wp-content/uploads/2025/08/cropped-cropped-cryptocurrencyaccess_LOGO-32x32.png HTTP/1.1" 200 1649 "-" "Mozilla/5.0 AppleWebKit/537.36 (KHTML, like Gecko) Chrome/123.0.6312.86 Safari/537.36"
45.156.128.148 - - [20/May/2026:02:30:02 +0000] "GET / HTTP/1.1" 200 64459 "-" "Mozilla/5.0 AppleWebKit/537.36 (KHTML, like Gecko) Chrome/123.0.6312.86 Safari/537.36"
45.156.128.151 - - [20/May/2026:02:30:05 +0000] "GET /aspera/faspex/ HTTP/1.1" 404 50068 "-" "Mozilla/5.0 AppleWebKit/537.36 (KHTML, like Gecko) Chrome/123.0.6312.86 Safari/537.36"
45.156.128.151 - - [20/May/2026:02:30:07 +0000] "GET /admin/ HTTP/1.1" 302 - "-" "Mozilla/5.0 AppleWebKit/537.36 (KHTML, like Gecko) Chrome/123.0.6312.86 Safari/537.36"
45.156.128.150 - - [20/May/2026:02:30:09 +0000] "GET /identity HTTP/1.1" 404 50171 "-" "Mozilla/5.0 AppleWebKit/537.36 (KHTML, like Gecko) Chrome/123.0.6312.86 Safari/537.36"
45.156.128.148 - - [20/May/2026:02:30:19 +0000] "GET / HTTP/1.1" 200 64301 "-" "Mozilla/5.0 AppleWebKit/537.36 (KHTML, like Gecko) Chrome/123.0.6312.86 Safari/537.36"
45.156.128.149 - - [20/May/2026:02:30:21 +0000] "GET /showLogin.cc HTTP/1.1" 404 50271 "-" "Mozilla/5.0 AppleWebKit/537.36 (KHTML, like Gecko) Chrome/123.0.6312.86 Safari/537.36"
45.156.128.148 - - [20/May/2026:02:30:31 +0000] "GET /static/historypage.js HTTP/1.1" 404 50265 "-" "Mozilla/5.0 AppleWebKit/537.36 (KHTML, like Gecko) Chrome/123.0.6312.86 Safari/537.36"
45.156.128.148 - - [20/May/2026:02:30:44 +0000] "GET /index.jsp HTTP/1.1" 404 49988 "-" "Mozilla/5.0 AppleWebKit/537.36 (KHTML, like Gecko) Chrome/123.0.6312.86 Safari/537.36"
45.156.128.148 - - [20/May/2026:02:30:52 +0000] "GET /api/session/properties HTTP/1.1" 404 50838 "-" "Mozilla/5.0 AppleWebKit/537.36 (KHTML, like Gecko) Chrome/123.0.6312.86 Safari/537.36"
45.156.128.149 - - [20/May/2026:02:31:02 +0000] "GET /console HTTP/1.1" 404 50107 "-" "Mozilla/5.0 AppleWebKit/537.36 (KHTML, like Gecko) Chrome/123.0.6312.86 Safari/537.36"
184.94.212.206 - - [20/May/2026:02:31:15 +0000] "POST /wp-cron.php?doing_wp_cron=1779244275.1259169578552246093750 HTTP/1.1" 200 - "-" "WordPress/6.9.4; https://cryptocurrencyaccess.com"
45.156.128.150 - - [20/May/2026:02:31:14 +0000] "GET /cf_scripts/scripts/ajax/ckeditor/ckeditor.js HTTP/1.1" 404 50494 "-" "Mozilla/5.0 AppleWebKit/537.36 (KHTML, like Gecko) Chrome/123.0.6312.86 Safari/537.36"
45.156.128.151 - - [20/May/2026:02:31:16 +0000] "GET /sitecore/shell/sitecore.version.xml HTTP/1.1" 404 50949 "-" "Mozilla/5.0 AppleWebKit/537.36 (KHTML, like Gecko) Chrome/123.0.6312.86 Safari/537.36"
45.156.128.149 - - [20/May/2026:02:31:34 +0000] "GET /favicon-32x32.png HTTP/1.1" 404 49849 "-" "Mozilla/5.0 AppleWebKit/537.36 (KHTML, like Gecko) Chrome/123.0.6312.86 Safari/537.36"
45.156.128.148 - - [20/May/2026:02:31:37 +0000] "GET /favicon.ico HTTP/1.1" 302 - "-" "Mozilla/5.0 AppleWebKit/537.36 (KHTML, like Gecko) Chrome/123.0.6312.86 Safari/537.36"
45.156.128.148 - - [20/May/2026:02:31:38 +0000] "GET /wp-content/uploads/2025/08/cropped-cropped-cryptocurrencyaccess_LOGO-32x32.png HTTP/1.1" 200 1649 "https://cryptocurrencyaccess.com/favicon.ico" "Mozilla/5.0 AppleWebKit/537.36 (KHTML, like Gecko) Chrome/123.0.6312.86 Safari/537.36"
45.156.128.148 - - [20/May/2026:02:31:49 +0000] "GET /js/NewWindow_2_all.js HTTP/1.1" 404 50062 "-" "Mozilla/5.0 AppleWebKit/537.36 (KHTML, like Gecko) Chrome/123.0.6312.86 Safari/537.36"
45.156.128.148 - - [20/May/2026:02:31:51 +0000] "GET /zabbix/favicon.ico HTTP/1.1" 404 50167 "-" "Mozilla/5.0 AppleWebKit/537.36 (KHTML, like Gecko) Chrome/123.0.6312.86 Safari/537.36"
45.156.128.151 - - [20/May/2026:02:32:24 +0000] "GET /solr/ HTTP/1.1" 404 50422 "-" "Mozilla/5.0 AppleWebKit/537.36 (KHTML, like Gecko) Chrome/123.0.6312.86 Safari/537.36"
45.156.128.148 - - [20/May/2026:02:32:35 +0000] "GET /login HTTP/1.1" 302 - "-" "Mozilla/5.0 AppleWebKit/537.36 (KHTML, like Gecko) Chrome/123.0.6312.86 Safari/537.36"
45.156.128.148 - - [20/May/2026:02:32:36 +0000] "GET /wp-login.php HTTP/1.1" 200 2420 "https://cryptocurrencyaccess.com/login" "Mozilla/5.0 AppleWebKit/537.36 (KHTML, like Gecko) Chrome/123.0.6312.86 Safari/537.36"
45.156.128.151 - - [20/May/2026:02:32:47 +0000] "HEAD /icons/sphere1.png HTTP/1.1" 404 - "-" "Mozilla/5.0 AppleWebKit/537.36 (KHTML, like Gecko) Chrome/123.0.6312.86 Safari/537.36"
45.156.128.148 - - [20/May/2026:02:32:49 +0000] "GET /WebInterface/ HTTP/1.1" 404 50109 "-" "Mozilla/5.0 AppleWebKit/537.36 (KHTML, like Gecko) Chrome/123.0.6312.86 Safari/537.36"
184.94.212.206 - - [20/May/2026:02:32:54 +0000] "POST /wp-cron.php?doing_wp_cron=1779244374.6903409957885742187500 HTTP/1.1" 200 - "-" "WordPress/6.9.4; https://cryptocurrencyaccess.com"
45.156.128.150 - - [20/May/2026:02:32:53 +0000] "GET /sugar_version.json HTTP/1.1" 404 50273 "-" "Mozilla/5.0 AppleWebKit/537.36 (KHTML, like Gecko) Chrome/123.0.6312.86 Safari/537.36"
45.156.128.150 - - [20/May/2026:02:33:05 +0000] "GET /license.txt HTTP/1.1" 404 50283 "-" "Mozilla/5.0 AppleWebKit/537.36 (KHTML, like Gecko) Chrome/123.0.6312.86 Safari/537.36"
184.94.212.206 - - [20/May/2026:02:33:35 +0000] "POST /wp-cron.php?doing_wp_cron=1779244415.1819269657135009765625 HTTP/1.1" 200 - "-" "WordPress/6.9.4; https://cryptocurrencyaccess.com"
45.156.128.151 - - [20/May/2026:02:33:34 +0000] "GET /wp-json HTTP/1.1" 200 21493 "-" "Mozilla/5.0 AppleWebKit/537.36 (KHTML, like Gecko) Chrome/123.0.6312.86 Safari/537.36"
184.94.212.206 - - [20/May/2026:02:33:45 +0000] "POST /?wordfence_syncAttackData=1779244425.6248 HTTP/1.1" 200 - "-" "WordPress/6.9.4; https://cryptocurrencyaccess.com"
45.156.128.149 - - [20/May/2026:02:33:45 +0000] "GET /wp-content/plugins/wp-video-lightbox/readme.txt HTTP/1.1" 404 50543 "-" "Mozilla/5.0 AppleWebKit/537.36 (KHTML, like Gecko) Chrome/123.0.6312.86 Safari/537.36"
45.156.128.149 - - [20/May/2026:02:33:52 +0000] "GET /wp-content/plugins/wp-fastest-cache/readme.txt HTTP/1.1" 404 50967 "-" "Mozilla/5.0 AppleWebKit/537.36 (KHTML, like Gecko) Chrome/123.0.6312.86 Safari/537.36"
184.94.212.206 - - [20/May/2026:02:34:01 +0000] "POST /?wordfence_syncAttackData=1779244441.0416 HTTP/1.1" 200 - "-" "WordPress/6.9.4; https://cryptocurrencyaccess.com"
45.156.128.150 - - [20/May/2026:02:34:00 +0000] "GET /wp-content/plugins/fancy-product-designer/readme.txt HTTP/1.1" 404 50668 "-" "Mozilla/5.0 AppleWebKit/537.36 (KHTML, like Gecko) Chrome/123.0.6312.86 Safari/537.36"
45.156.128.150 - - [20/May/2026:02:34:08 +0000] "GET /wp-content/plugins/wordpress-database-reset/readme.txt HTTP/1.1" 404 50618 "-" "Mozilla/5.0 AppleWebKit/537.36 (KHTML, like Gecko) Chrome/123.0.6312.86 Safari/537.36"
184.94.212.206 - - [20/May/2026:02:34:24 +0000] "POST /?wordfence_syncAttackData=1779244464.1483 HTTP/1.1" 200 - "-" "WordPress/6.9.4; https://cryptocurrencyaccess.com"
45.156.128.148 - - [20/May/2026:02:34:23 +0000] "GET /wp-content/plugins/wp-central/readme.txt HTTP/1.1" 404 50754 "-" "Mozilla/5.0 AppleWebKit/537.36 (KHTML, like Gecko) Chrome/123.0.6312.86 Safari/537.36"
184.94.212.206 - - [20/May/2026:02:34:39 +0000] "POST /?wordfence_syncAttackData=1779244479.6486 HTTP/1.1" 200 - "-" "WordPress/6.9.4; https://cryptocurrencyaccess.com"
45.156.128.149 - - [20/May/2026:02:34:39 +0000] "GET /wp-content/plugins/wp-user-avatar/readme.txt HTTP/1.1" 404 50751 "-" "Mozilla/5.0 AppleWebKit/537.36 (KHTML, like Gecko) Chrome/123.0.6312.86 Safari/537.36"
184.94.212.206 - - [20/May/2026:02:34:49 +0000] "POST /?wordfence_syncAttackData=1779244489.3398 HTTP/1.1" 200 - "-" "WordPress/6.9.4; https://cryptocurrencyaccess.com"
45.156.128.148 - - [20/May/2026:02:34:48 +0000] "GET /wp-content/plugins/elementor/readme.txt HTTP/1.1" 404 50912 "-" "Mozilla/5.0 AppleWebKit/537.36 (KHTML, like Gecko) Chrome/123.0.6312.86 Safari/537.36"
45.156.128.148 - - [20/May/2026:02:34:56 +0000] "GET /wp-content/plugins/code-snippets/readme.txt HTTP/1.1" 404 50851 "-" "Mozilla/5.0 AppleWebKit/537.36 (KHTML, like Gecko) Chrome/123.0.6312.86 Safari/537.36"
184.94.212.206 - - [20/May/2026:02:35:10 +0000] "POST /?wordfence_syncAttackData=1779244510.4941 HTTP/1.1" 200 - "-" "WordPress/6.9.4; https://cryptocurrencyaccess.com"
45.156.128.149 - - [20/May/2026:02:35:09 +0000] "GET /wp-content/plugins/bbpress/readme.txt HTTP/1.1" 404 50687 "-" "Mozilla/5.0 AppleWebKit/537.36 (KHTML, like Gecko) Chrome/123.0.6312.86 Safari/537.36"
184.94.212.206 - - [20/May/2026:02:35:36 +0000] "POST /?wordfence_syncAttackData=1779244536.6307 HTTP/1.1" 200 - "-" "WordPress/6.9.4; https://cryptocurrencyaccess.com"
45.156.128.149 - - [20/May/2026:02:35:36 +0000] "GET /wp-content/plugins/optinmonster/readme.txt HTTP/1.1" 404 50551 "-" "Mozilla/5.0 AppleWebKit/537.36 (KHTML, like Gecko) Chrome/123.0.6312.86 Safari/537.36"
184.94.212.206 - - [20/May/2026:02:35:49 +0000] "POST /?wordfence_syncAttackData=1779244549.1389 HTTP/1.1" 200 - "-" "WordPress/6.9.4; https://cryptocurrencyaccess.com"
45.156.128.149 - - [20/May/2026:02:35:48 +0000] "GET /wp-content/plugins/iwp-client/readme.txt HTTP/1.1" 404 50688 "-" "Mozilla/5.0 AppleWebKit/537.36 (KHTML, like Gecko) Chrome/123.0.6312.86 Safari/537.36"
184.94.212.206 - - [20/May/2026:02:35:58 +0000] "POST /?wordfence_syncAttackData=1779244558.0671 HTTP/1.1" 200 - "-" "WordPress/6.9.4; https://cryptocurrencyaccess.com"
45.156.128.151 - - [20/May/2026:02:35:57 +0000] "GET /wp-content/plugins/wpschoolpress/readme.txt HTTP/1.1" 404 50814 "-" "Mozilla/5.0 AppleWebKit/537.36 (KHTML, like Gecko) Chrome/123.0.6312.86 Safari/537.36"
184.94.212.206 - - [20/May/2026:02:36:09 +0000] "POST /wp-cron.php?doing_wp_cron=1779244569.0099709033966064453125 HTTP/1.1" 200 - "-" "WordPress/6.9.4; https://cryptocurrencyaccess.com"
184.94.212.206 - - [20/May/2026:02:36:08 +0000] "POST /?wordfence_syncAttackData=1779244568.2006 HTTP/1.1" 200 - "-" "WordPress/6.9.4; https://cryptocurrencyaccess.com"
45.156.128.148 - - [20/May/2026:02:36:07 +0000] "GET /wp-content/plugins/kingcomposer/readme.txt HTTP/1.1" 404 50869 "-" "Mozilla/5.0 AppleWebKit/537.36 (KHTML, like Gecko) Chrome/123.0.6312.86 Safari/537.36"
184.94.212.206 - - [20/May/2026:02:36:31 +0000] "POST /?wordfence_syncAttackData=1779244591.2956 HTTP/1.1" 200 - "-" "WordPress/6.9.4; https://cryptocurrencyaccess.com"
45.156.128.150 - - [20/May/2026:02:36:30 +0000] "GET /wp-content/plugins/wp-time-capsule/readme.txt HTTP/1.1" 404 50765 "-" "Mozilla/5.0 AppleWebKit/537.36 (KHTML, like Gecko) Chrome/123.0.6312.86 Safari/537.36"
45.156.128.150 - - [20/May/2026:02:36:45 +0000] "GET /wp-content/plugins/disable-comments/readme.txt HTTP/1.1" 404 50393 "-" "Mozilla/5.0 AppleWebKit/537.36 (KHTML, like Gecko) Chrome/123.0.6312.86 Safari/537.36"
45.156.128.151 - - [20/May/2026:02:37:00 +0000] "GET /Telerik.Web.UI.WebResource.axd?type=rau HTTP/1.1" 500 1004 "-" "Mozilla/5.0 AppleWebKit/537.36 (KHTML, like Gecko) Chrome/123.0.6312.86 Safari/537.36"
45.156.128.148 - - [20/May/2026:02:36:45 +0000] "GET /wp-content/plugins/ewww-image-optimizer/readme.txt HTTP/1.1" 500 1046 "-" "Mozilla/5.0 AppleWebKit/537.36 (KHTML, like Gecko) Chrome/123.0.6312.86 Safari/537.36"
45.156.128.149 - - [20/May/2026:02:36:45 +0000] "GET /wp-content/plugins/contact-form-7/readme.txt HTTP/1.1" 500 1046 "-" "Mozilla/5.0 AppleWebKit/537.36 (KHTML, like Gecko) Chrome/123.0.6312.86 Safari/537.36"
45.156.128.149 - - [20/May/2026:02:36:45 +0000] "GET /wp-content/plugins/autoptimize/readme.txt HTTP/1.1" 500 1046 "-" "Mozilla/5.0 AppleWebKit/537.36 (KHTML, like Gecko) Chrome/123.0.6312.86 Safari/537.36"
45.156.128.149 - - [20/May/2026:02:36:45 +0000] "GET /wp-content/plugins/limit-login-attempts-reloaded/readme.txt HTTP/1.1" 500 1046 "-" "Mozilla/5.0 AppleWebKit/537.36 (KHTML, like Gecko) Chrome/123.0.6312.86 Safari/537.36"
45.156.128.151 - - [20/May/2026:02:36:45 +0000] "GET /wp-content/plugins/akismet/readme.txt HTTP/1.1" 500 1046 "-" "Mozilla/5.0 AppleWebKit/537.36 (KHTML, like Gecko) Chrome/123.0.6312.86 Safari/537.36"
45.156.128.151 - - [20/May/2026:02:36:45 +0000] "GET /wp-content/plugins/redux-framework/readme.txt HTTP/1.1" 500 1046 "-" "Mozilla/5.0 AppleWebKit/537.36 (KHTML, like Gecko) Chrome/123.0.6312.86 Safari/537.36"
45.156.128.149 - - [20/May/2026:02:36:45 +0000] "GET /wp-content/plugins/loginizer/readme.txt HTTP/1.1" 500 1046 "-" "Mozilla/5.0 AppleWebKit/537.36 (KHTML, like Gecko) Chrome/123.0.6312.86 Safari/537.36"
45.156.128.151 - - [20/May/2026:02:36:45 +0000] "GET /wp-content/plugins/redirection/readme.txt HTTP/1.1" 500 1046 "-" "Mozilla/5.0 AppleWebKit/537.36 (KHTML, like Gecko) Chrome/123.0.6312.86 Safari/537.36"
184.94.212.206 - - [20/May/2026:02:36:50 +0000] "POST /?wordfence_syncAttackData=1779244609.6614 HTTP/1.1" 500 1046 "-" "WordPress/6.9.4; https://cryptocurrencyaccess.com"
45.156.128.150 - - [20/May/2026:02:36:45 +0000] "GET /wp-content/plugins/google-analytics-for-wordpress/readme.txt HTTP/1.1" 500 1046 "-" "Mozilla/5.0 AppleWebKit/537.36 (KHTML, like Gecko) Chrome/123.0.6312.86 Safari/537.36"
184.94.212.206 - - [20/May/2026:02:36:48 +0000] "POST /?wordfence_syncAttackData=1779244608.6674 HTTP/1.1" 500 1046 "-" "WordPress/6.9.4; https://cryptocurrencyaccess.com"
45.156.128.148 - - [20/May/2026:02:36:45 +0000] "GET /wp-content/plugins/coming-soon/readme.txt HTTP/1.1" 500 1046 "-" "Mozilla/5.0 AppleWebKit/537.36 (KHTML, like Gecko) Chrome/123.0.6312.86 Safari/537.36"
45.156.128.148 - - [20/May/2026:02:36:45 +0000] "GET /wp-content/plugins/all-in-one-seo-pack/readme.txt HTTP/1.1" 500 1046 "-" "Mozilla/5.0 AppleWebKit/537.36 (KHTML, like Gecko) Chrome/123.0.6312.86 Safari/537.36"
45.156.128.149 - - [20/May/2026:02:36:45 +0000] "GET /wp-content/plugins/w3-total-cache/readme.txt HTTP/1.1" 500 1046 "-" "Mozilla/5.0 AppleWebKit/537.36 (KHTML, like Gecko) Chrome/123.0.6312.86 Safari/537.36"
45.156.128.150 - - [20/May/2026:02:36:45 +0000] "GET /wp-content/plugins/really-simple-ssl/readme.txt HTTP/1.1" 500 1046 "-" "Mozilla/5.0 AppleWebKit/537.36 (KHTML, like Gecko) Chrome/123.0.6312.86 Safari/537.36"
184.94.212.206 - - [20/May/2026:02:36:47 +0000] "POST /?wordfence_syncAttackData=1779244607.6496 HTTP/1.1" 500 1046 "-" "WordPress/6.9.4; https://cryptocurrencyaccess.com"
45.156.128.150 - - [20/May/2026:02:36:45 +0000] "GET /wp-content/plugins/wp-optimize/readme.txt HTTP/1.1" 500 1046 "-" "Mozilla/5.0 AppleWebKit/537.36 (KHTML, like Gecko) Chrome/123.0.6312.86 Safari/537.36"
45.156.128.151 - - [20/May/2026:02:36:45 +0000] "GET /wp-content/plugins/wordpress-seo/readme.txt HTTP/1.1" 500 1046 "-" "Mozilla/5.0 AppleWebKit/537.36 (KHTML, like Gecko) Chrome/123.0.6312.86 Safari/537.36"
45.156.128.150 - - [20/May/2026:02:36:45 +0000] "GET /wp-content/plugins/woocommerce/readme.txt HTTP/1.1" 500 1046 "-" "Mozilla/5.0 AppleWebKit/537.36 (KHTML, like Gecko) Chrome/123.0.6312.86 Safari/537.36"
45.156.128.148 - - [20/May/2026:02:36:45 +0000] "GET /wp-content/plugins/wordfence/readme.txt HTTP/1.1" 500 1046 "-" "Mozilla/5.0 AppleWebKit/537.36 (KHTML, like Gecko) Chrome/123.0.6312.86 Safari/537.36"
45.156.128.150 - - [20/May/2026:02:36:45 +0000] "GET /wp-content/plugins/insert-headers-and-footers/readme.txt HTTP/1.1" 500 1046 "-" "Mozilla/5.0 AppleWebKit/537.36 (KHTML, like Gecko) Chrome/123.0.6312.86 Safari/537.36"
45.156.128.148 - - [20/May/2026:02:36:45 +0000] "GET /wp-content/plugins/updraftplus/readme.txt HTTP/1.1" 500 1046 "-" "Mozilla/5.0 AppleWebKit/537.36 (KHTML, like Gecko) Chrome/123.0.6312.86 Safari/537.36"
184.94.212.206 - - [20/May/2026:02:36:51 +0000] "POST /?wordfence_syncAttackData=1779244611.2373 HTTP/1.1" 500 1046 "-" "WordPress/6.9.4; https://cryptocurrencyaccess.com"
45.156.128.151 - - [20/May/2026:02:36:45 +0000] "GET /wp-content/plugins/ultimate-addons-for-gutenberg/readme.txt HTTP/1.1" 500 1046 "-" "Mozilla/5.0 AppleWebKit/537.36 (KHTML, like Gecko) Chrome/123.0.6312.86 Safari/537.36"
45.156.128.150 - - [20/May/2026:02:36:45 +0000] "GET /wp-content/plugins/wp-file-manager/readme.txt HTTP/1.1" 500 1046 "-" "Mozilla/5.0 AppleWebKit/537.36 (KHTML, like Gecko) Chrome/123.0.6312.86 Safari/537.36"
45.156.128.148 - - [20/May/2026:02:36:45 +0000] "GET /wp-content/plugins/hostinger/readme.txt HTTP/1.1" 500 1046 "-" "Mozilla/5.0 AppleWebKit/537.36 (KHTML, like Gecko) Chrome/123.0.6312.86 Safari/537.36"
45.156.128.150 - - [20/May/2026:02:36:45 +0000] "GET /wp-content/plugins/all-in-one-wp-migration/readme.txt HTTP/1.1" 500 1046 "-" "Mozilla/5.0 AppleWebKit/537.36 (KHTML, like Gecko) Chrome/123.0.6312.86 Safari/537.36"
45.156.128.151 - - [20/May/2026:02:36:45 +0000] "GET /wp-content/plugins/duplicate-post/readme.txt HTTP/1.1" 500 1046 "-" "Mozilla/5.0 AppleWebKit/537.36 (KHTML, like Gecko) Chrome/123.0.6312.86 Safari/537.36"
45.156.128.149 - - [20/May/2026:02:36:45 +0000] "GET /wp-content/plugins/advanced-custom-fields/readme.txt HTTP/1.1" 500 1046 "-" "Mozilla/5.0 AppleWebKit/537.36 (KHTML, like Gecko) Chrome/123.0.6312.86 Safari/537.36"
184.94.212.206 - - [20/May/2026:02:36:48 +0000] "POST /?wordfence_syncAttackData=1779244608.6367 HTTP/1.1" 500 1046 "-" "WordPress/6.9.4; https://cryptocurrencyaccess.com"
184.94.212.206 - - [20/May/2026:02:36:50 +0000] "POST /?wordfence_syncAttackData=1779244610.6554 HTTP/1.1" 500 1046 "-" "WordPress/6.9.4; https://cryptocurrencyaccess.com"
45.156.128.151 - - [20/May/2026:02:36:45 +0000] "GET /wp-content/plugins/essential-addons-for-elementor-lite/readme.txt HTTP/1.1" 500 1046 "-" "Mozilla/5.0 AppleWebKit/537.36 (KHTML, like Gecko) Chrome/123.0.6312.86 Safari/537.36"
45.156.128.148 - - [20/May/2026:02:36:45 +0000] "GET /wp-content/plugins/litespeed-cache/readme.txt HTTP/1.1" 500 1046 "-" "Mozilla/5.0 AppleWebKit/537.36 (KHTML, like Gecko) Chrome/123.0.6312.86 Safari/537.36"
45.156.128.150 - - [20/May/2026:02:36:45 +0000] "GET /wp-content/plugins/sg-security/readme.txt HTTP/1.1" 500 1046 "-" "Mozilla/5.0 AppleWebKit/537.36 (KHTML, like Gecko) Chrome/123.0.6312.86 Safari/537.36"
184.94.212.206 - - [20/May/2026:02:36:51 +0000] "POST /?wordfence_syncAttackData=1779244611.0724 HTTP/1.1" 500 1046 "-" "WordPress/6.9.4; https://cryptocurrencyaccess.com"
45.156.128.148 - - [20/May/2026:02:36:45 +0000] "GET /wp-content/plugins/duplicate-page/readme.txt HTTP/1.1" 500 1046 "-" "Mozilla/5.0 AppleWebKit/537.36 (KHTML, like Gecko) Chrome/123.0.6312.86 Safari/537.36"
45.156.128.151 - - [20/May/2026:02:36:45 +0000] "GET /wp-content/plugins/google-site-kit/readme.txt HTTP/1.1" 500 1046 "-" "Mozilla/5.0 AppleWebKit/537.36 (KHTML, like Gecko) Chrome/123.0.6312.86 Safari/537.36"
45.156.128.151 - - [20/May/2026:02:36:45 +0000] "GET /wp-content/plugins/envato-elements/readme.txt HTTP/1.1" 500 1046 "-" "Mozilla/5.0 AppleWebKit/537.36 (KHTML, like Gecko) Chrome/123.0.6312.86 Safari/537.36"
45.156.128.148 - - [20/May/2026:02:36:45 +0000] "GET /wp-content/plugins/smart-slider-3/readme.txt HTTP/1.1" 500 1046 "-" "Mozilla/5.0 AppleWebKit/537.36 (KHTML, like Gecko) Chrome/123.0.6312.86 Safari/537.36"
45.156.128.150 - - [20/May/2026:02:36:45 +0000] "GET /wp-content/plugins/better-search-replace/readme.txt HTTP/1.1" 500 1046 "-" "Mozilla/5.0 AppleWebKit/537.36 (KHTML, like Gecko) Chrome/123.0.6312.86 Safari/537.36"
45.156.128.150 - - [20/May/2026:02:36:45 +0000] "GET /wp-content/plugins/wps-hide-login/readme.txt HTTP/1.1" 500 1046 "-" "Mozilla/5.0 AppleWebKit/537.36 (KHTML, like Gecko) Chrome/123.0.6312.86 Safari/537.36"
45.156.128.149 - - [20/May/2026:02:36:45 +0000] "GET /wp-content/plugins/seo-by-rank-math/readme.txt HTTP/1.1" 500 1046 "-" "Mozilla/5.0 AppleWebKit/537.36 (KHTML, like Gecko) Chrome/123.0.6312.86 Safari/537.36"
45.156.128.151 - - [20/May/2026:02:36:45 +0000] "GET /wp-content/plugins/wp-super-cache/readme.txt HTTP/1.1" 500 1046 "-" "Mozilla/5.0 AppleWebKit/537.36 (KHTML, like Gecko) Chrome/123.0.6312.86 Safari/537.36"
45.156.128.151 - - [20/May/2026:02:36:45 +0000] "GET /wp-content/plugins/svg-support/readme.txt HTTP/1.1" 500 1046 "-" "Mozilla/5.0 AppleWebKit/537.36 (KHTML, like Gecko) Chrome/123.0.6312.86 Safari/537.36"
45.156.128.149 - - [20/May/2026:02:36:45 +0000] "GET /wp-content/plugins/mailchimp-for-wp/readme.txt HTTP/1.1" 500 1046 "-" "Mozilla/5.0 AppleWebKit/537.36 (KHTML, like Gecko) Chrome/123.0.6312.86 Safari/537.36"
184.94.212.206 - - [20/May/2026:02:36:51 +0000] "POST /?wordfence_syncAttackData=1779244610.9238 HTTP/1.1" 500 1046 "-" "WordPress/6.9.4; https://cryptocurrencyaccess.com"
45.156.128.150 - - [20/May/2026:02:36:45 +0000] "GET /wp-content/plugins/duplicator/readme.txt HTTP/1.1" 500 1046 "-" "Mozilla/5.0 AppleWebKit/537.36 (KHTML, like Gecko) Chrome/123.0.6312.86 Safari/537.36"
45.156.128.149 - - [20/May/2026:02:36:45 +0000] "GET /wp-content/plugins/all-in-one-wp-security-and-firewall/readme.txt HTTP/1.1" 404 50756 "-" "Mozilla/5.0 AppleWebKit/537.36 (KHTML, like Gecko) Chrome/123.0.6312.86 Safari/537.36"
45.156.128.151 - - [20/May/2026:02:36:45 +0000] "GET /wp-content/plugins/header-footer-elementor/readme.txt HTTP/1.1" 500 1030 "-" "Mozilla/5.0 AppleWebKit/537.36 (KHTML, like Gecko) Chrome/123.0.6312.86 Safari/537.36"
45.156.128.148 - - [20/May/2026:02:36:45 +0000] "GET /wp-content/plugins/astra-sites/readme.txt HTTP/1.1" 500 1046 "-" "Mozilla/5.0 AppleWebKit/537.36 (KHTML, like Gecko) Chrome/123.0.6312.86 Safari/537.36"
45.156.128.150 - - [20/May/2026:02:36:45 +0000] "GET /wp-content/plugins/better-wp-security/readme.txt HTTP/1.1" 404 50700 "-" "Mozilla/5.0 AppleWebKit/537.36 (KHTML, like Gecko) Chrome/123.0.6312.86 Safari/537.36"
45.156.128.149 - - [20/May/2026:02:36:45 +0000] "GET /wp-content/plugins/complianz-gdpr/readme.txt HTTP/1.1" 500 1030 "-" "Mozilla/5.0 AppleWebKit/537.36 (KHTML, like Gecko) Chrome/123.0.6312.86 Safari/537.36"
45.156.128.150 - - [20/May/2026:02:36:45 +0000] "GET /wp-content/plugins/wpforms-lite/readme.txt HTTP/1.1" 500 1030 "-" "Mozilla/5.0 AppleWebKit/537.36 (KHTML, like Gecko) Chrome/123.0.6312.86 Safari/537.36"
45.156.128.148 - - [20/May/2026:02:36:45 +0000] "GET /wp-content/plugins/jetpack/readme.txt HTTP/1.1" 500 1046 "-" "Mozilla/5.0 AppleWebKit/537.36 (KHTML, like Gecko) Chrome/123.0.6312.86 Safari/537.36"
45.156.128.150 - - [20/May/2026:02:37:05 +0000] "GET / HTTP/1.1" 200 64451 "-" "Mozilla/5.0 AppleWebKit/537.36 (KHTML, like Gecko) Chrome/123.0.6312.86 Safari/537.36"
45.156.128.148 - - [20/May/2026:02:37:08 +0000] "GET /login.do HTTP/1.1" 404 50322 "-" "Mozilla/5.0 AppleWebKit/537.36 (KHTML, like Gecko) Chrome/123.0.6312.86 Safari/537.36"
