184.94.212.206 - - [20/May/2026:02:49:43 +0000] "POST /wp-cron.php?doing_wp_cron=1779245383.6177461147308349609375 HTTP/1.1" 200 - "-" "WordPress/6.9.4; https://articlebinder.com"
192.0.91.228 - - [20/May/2026:02:49:42 +0000] "HEAD / HTTP/1.1" 200 - "-" "jetmon/1.0 (Jetpack Site Uptime Monitor by WordPress.com)"
184.94.212.206 - - [20/May/2026:02:53:18 +0000] "POST /wp-cron.php?doing_wp_cron=1779245598.3808469772338867187500 HTTP/1.1" 200 - "-" "WordPress/6.9.4; https://articlebinder.com"
184.94.212.206 - - [20/May/2026:02:53:16 +0000] "GET / HTTP/1.1" 200 38877 "-" "Mozilla/5.0 (Windows NT 10.0; Win64; x64; rv:122.0) Gecko/20100101 Firefox/122.0"
104.194.9.138 - - [20/May/2026:02:54:23 +0000] "GET /x-cp-ghClOK3y.php HTTP/1.1" 200 3919 "-" "Mozilla/5.0 (X11; Linux x86_64) AppleWebKit/537.36 (KHTML, like Gecko) Chrome/143.0.0.0 Safari/537.36"
184.94.212.206 - - [20/May/2026:02:54:40 +0000] "POST /wp-cron.php?doing_wp_cron=1779245680.7574779987335205078125 HTTP/1.1" 200 - "-" "WordPress/6.9.4; https://articlebinder.com"
192.0.91.228 - - [20/May/2026:02:54:40 +0000] "HEAD / HTTP/1.1" 200 - "-" "jetmon/1.0 (Jetpack Site Uptime Monitor by WordPress.com)"
43.157.20.63 - - [20/May/2026:02:55:56 +0000] "GET /blog/self-publishing/trackback/ HTTP/1.1" 302 - "-" "Mozilla/5.0 (iPhone; CPU iPhone OS 13_2_3 like Mac OS X) AppleWebKit/605.1.15 (KHTML, like Gecko) Version/13.0.3 Mobile/15E148 Safari/604.1"
43.157.20.63 - - [20/May/2026:02:55:58 +0000] "GET /blog/self-publishing/ HTTP/1.1" 200 10584 "https://articlebinder.com/blog/self-publishing/trackback/" "Mozilla/5.0 (iPhone; CPU iPhone OS 13_2_3 like Mac OS X) AppleWebKit/605.1.15 (KHTML, like Gecko) Version/13.0.3 Mobile/15E148 Safari/604.1"
184.94.212.206 - - [20/May/2026:02:59:09 +0000] "POST /wp-cron.php?doing_wp_cron=1779245949.9287600517272949218750 HTTP/1.1" 200 - "-" "WordPress/6.9.4; https://articlebinder.com"
118.24.135.34 - - [20/May/2026:02:59:08 +0000] "GET /home/ HTTP/1.1" 200 8879 "-" "Mozilla/5.0 (iPhone; CPU iPhone OS 13_2_3 like Mac OS X) AppleWebKit/605.1.15 (KHTML, like Gecko) Version/13.0.3 Mobile/15E148 Safari/604.1"
184.94.212.206 - - [20/May/2026:02:59:42 +0000] "POST /wp-cron.php?doing_wp_cron=1779245982.9222381114959716796875 HTTP/1.1" 200 - "-" "WordPress/6.9.4; https://articlebinder.com"
192.0.91.228 - - [20/May/2026:02:59:42 +0000] "HEAD / HTTP/1.1" 200 - "-" "jetmon/1.0 (Jetpack Site Uptime Monitor by WordPress.com)"
184.94.212.206 - - [20/May/2026:03:04:42 +0000] "POST /wp-cron.php?doing_wp_cron=1779246282.4849250316619873046875 HTTP/1.1" 200 - "-" "WordPress/6.9.4; https://articlebinder.com"
192.0.91.228 - - [20/May/2026:03:04:41 +0000] "HEAD / HTTP/1.1" 200 - "-" "jetmon/1.0 (Jetpack Site Uptime Monitor by WordPress.com)"
18.61.192.253 - - [20/May/2026:03:05:15 +0000] "GET /wp-login.php HTTP/1.1" 200 2589 "-" "Mozilla/5.0 (Windows NT 10.0; Win64; x64) AppleWebKit/537.36 (KHTML, like Gecko) Chrome/120.0.0.0 Safari/537.36"
18.61.192.253 - - [20/May/2026:03:05:17 +0000] "POST /wp-login.php HTTP/1.1" 401 1413 "https://articlebinder.com/wp-login.php" "Mozilla/5.0 (Windows NT 10.0; Win64; x64) AppleWebKit/537.36 (KHTML, like Gecko) Chrome/120.0.0.0 Safari/537.36"
124.156.225.181 - - [20/May/2026:03:05:55 +0000] "GET / HTTP/1.1" 200 9504 "-" "Mozilla/5.0 (iPhone; CPU iPhone OS 13_2_3 like Mac OS X) AppleWebKit/605.1.15 (KHTML, like Gecko) Version/13.0.3 Mobile/15E148 Safari/604.1"
129.211.229.121 - - [20/May/2026:03:07:52 +0000] "GET /blog/ HTTP/1.1" 200 8851 "-" "Mozilla/5.0 (iPhone; CPU iPhone OS 13_2_3 like Mac OS X) AppleWebKit/605.1.15 (KHTML, like Gecko) Version/13.0.3 Mobile/15E148 Safari/604.1"
184.94.212.206 - - [20/May/2026:03:09:43 +0000] "POST /wp-cron.php?doing_wp_cron=1779246583.0285849571228027343750 HTTP/1.1" 200 - "-" "WordPress/6.9.4; https://articlebinder.com"
192.0.91.228 - - [20/May/2026:03:09:41 +0000] "HEAD / HTTP/1.1" 200 - "-" "jetmon/1.0 (Jetpack Site Uptime Monitor by WordPress.com)"
184.94.212.206 - - [20/May/2026:03:14:43 +0000] "POST /wp-cron.php?doing_wp_cron=1779246883.3584499359130859375000 HTTP/1.1" 200 - "-" "WordPress/6.9.4; https://articlebinder.com"
192.0.91.228 - - [20/May/2026:03:14:42 +0000] "HEAD / HTTP/1.1" 200 - "-" "jetmon/1.0 (Jetpack Site Uptime Monitor by WordPress.com)"
165.22.116.110 - - [20/May/2026:03:15:49 +0000] "GET /wp-login.php HTTP/1.1" 200 4365 "-" "Mozilla/5.0 (Windows NT 10.0; Win64; x64) AppleWebKit/537.36 (KHTML, like Gecko) Chrome/120.0.0.0 Safari/537.36"
43.153.85.46 - - [20/May/2026:03:15:51 +0000] "GET /wp-json/ HTTP/1.1" 200 33887 "-" "Mozilla/5.0 (iPhone; CPU iPhone OS 13_2_3 like Mac OS X) AppleWebKit/605.1.15 (KHTML, like Gecko) Version/13.0.3 Mobile/15E148 Safari/604.1"
184.94.212.206 - - [20/May/2026:03:19:38 +0000] "POST /wp-cron.php?doing_wp_cron=1779247178.1782760620117187500000 HTTP/1.1" 200 - "-" "WordPress/6.9.4; https://articlebinder.com"
57.141.2.7 - - [20/May/2026:03:19:37 +0000] "GET /cropped-logo-png/ HTTP/1.1" 301 - "-" "meta-externalagent/1.1 (+https://developers.facebook.com/docs/sharing/webmasters/crawler)"
192.0.91.228 - - [20/May/2026:03:19:43 +0000] "HEAD / HTTP/1.1" 200 - "-" "jetmon/1.0 (Jetpack Site Uptime Monitor by WordPress.com)"
152.53.111.131 - - [20/May/2026:03:23:22 +0000] "GET /wp-login.php HTTP/1.1" 200 4364 "-" "Mozilla/5.0 (Windows NT 10.0; Win64; x64) AppleWebKit/537.36 (KHTML, like Gecko) Chrome/120.0.0.0 Safari/537.36"
184.94.212.206 - - [20/May/2026:03:24:41 +0000] "POST /wp-cron.php?doing_wp_cron=1779247481.2849509716033935546875 HTTP/1.1" 200 - "-" "WordPress/6.9.4; https://articlebinder.com"
192.0.91.228 - - [20/May/2026:03:24:40 +0000] "HEAD / HTTP/1.1" 200 - "-" "jetmon/1.0 (Jetpack Site Uptime Monitor by WordPress.com)"
91.84.124.42 - - [20/May/2026:03:26:29 +0000] "GET /blog/business-intelligence/ HTTP/1.0" 200 73060 "https://articlebinder.com/blog/business-intelligence/" "Mozilla/5.0 (Windows NT 10.0; Win64; x64) AppleWebKit/537.36 (KHTML, like Gecko) Chrome/131.0.0.0 Safari/537.36"
91.84.124.42 - - [20/May/2026:03:26:30 +0000] "POST /blog/business-intelligence/ HTTP/1.0" 200 72987 "https://articlebinder.com/blog/business-intelligence/" "Mozilla/5.0 (Windows NT 10.0; Win64; x64) AppleWebKit/537.36 (KHTML, like Gecko) Chrome/131.0.0.0 Safari/537.36"
184.94.212.206 - - [20/May/2026:03:29:42 +0000] "POST /wp-cron.php?doing_wp_cron=1779247782.2135810852050781250000 HTTP/1.1" 200 - "-" "WordPress/6.9.4; https://articlebinder.com"
192.0.91.228 - - [20/May/2026:03:29:41 +0000] "HEAD / HTTP/1.1" 200 - "-" "jetmon/1.0 (Jetpack Site Uptime Monitor by WordPress.com)"
184.94.212.206 - - [20/May/2026:03:34:43 +0000] "POST /wp-cron.php?doing_wp_cron=1779248083.2305150032043457031250 HTTP/1.1" 200 - "-" "WordPress/6.9.4; https://articlebinder.com"
192.0.91.228 - - [20/May/2026:03:34:42 +0000] "HEAD / HTTP/1.1" 200 - "-" "jetmon/1.0 (Jetpack Site Uptime Monitor by WordPress.com)"
43.156.250.82 - - [20/May/2026:03:36:37 +0000] "GET /?p=322 HTTP/1.1" 301 - "-" "Mozilla/5.0 (iPhone; CPU iPhone OS 13_2_3 like Mac OS X) AppleWebKit/605.1.15 (KHTML, like Gecko) Version/13.0.3 Mobile/15E148 Safari/604.1"
43.156.250.82 - - [20/May/2026:03:36:40 +0000] "GET /blog/self-reflection/ HTTP/1.1" 200 12638 "https://articlebinder.com/?p=322" "Mozilla/5.0 (iPhone; CPU iPhone OS 13_2_3 like Mac OS X) AppleWebKit/605.1.15 (KHTML, like Gecko) Version/13.0.3 Mobile/15E148 Safari/604.1"
66.249.66.193 - - [20/May/2026:03:37:28 +0000] "GET /blog/business-intelligence/ HTTP/1.1" 200 17161 "-" "Mozilla/5.0 (Linux; Android 6.0.1; Nexus 5X Build/MMB29P) AppleWebKit/537.36 (KHTML, like Gecko) Chrome/148.0.7778.96 Mobile Safari/537.36 (compatible; Googlebot/2.1; +http://www.google.com/bot.html)"
66.249.66.194 - - [20/May/2026:03:37:36 +0000] "GET /blog/business-intelligence/?relatedposts=1 HTTP/1.1" 200 119 "https://articlebinder.com/blog/business-intelligence/" "Mozilla/5.0 (Linux; Android 6.0.1; Nexus 5X Build/MMB29P) AppleWebKit/537.36 (KHTML, like Gecko) Chrome/148.0.7778.96 Mobile Safari/537.36 (compatible; Googlebot/2.1; +http://www.google.com/bot.html)"
184.94.212.206 - - [20/May/2026:03:39:44 +0000] "POST /wp-cron.php?doing_wp_cron=1779248384.3202879428863525390625 HTTP/1.1" 200 - "-" "WordPress/6.9.4; https://articlebinder.com"
192.0.91.228 - - [20/May/2026:03:39:43 +0000] "HEAD / HTTP/1.1" 200 - "-" "jetmon/1.0 (Jetpack Site Uptime Monitor by WordPress.com)"
176.95.46.127 - - [20/May/2026:03:42:01 +0000] "GET /wp-login.php HTTP/1.1" 200 4364 "-" "Mozilla/5.0 (Windows NT 10.0; Win64; x64) AppleWebKit/537.36 (KHTML, like Gecko) Chrome/120.0.0.0 Safari/537.36"
184.94.212.206 - - [20/May/2026:03:44:42 +0000] "POST /wp-cron.php?doing_wp_cron=1779248682.6430380344390869140625 HTTP/1.1" 200 - "-" "WordPress/6.9.4; https://articlebinder.com"
192.0.91.228 - - [20/May/2026:03:44:41 +0000] "HEAD / HTTP/1.1" 200 - "-" "jetmon/1.0 (Jetpack Site Uptime Monitor by WordPress.com)"
43.133.187.11 - - [20/May/2026:03:45:39 +0000] "GET /?p=155 HTTP/1.1" 301 - "-" "Mozilla/5.0 (iPhone; CPU iPhone OS 13_2_3 like Mac OS X) AppleWebKit/605.1.15 (KHTML, like Gecko) Version/13.0.3 Mobile/15E148 Safari/604.1"
43.133.187.11 - - [20/May/2026:03:45:42 +0000] "GET /blog/business-intelligence/ HTTP/1.1" 200 17161 "https://articlebinder.com/?p=155" "Mozilla/5.0 (iPhone; CPU iPhone OS 13_2_3 like Mac OS X) AppleWebKit/605.1.15 (KHTML, like Gecko) Version/13.0.3 Mobile/15E148 Safari/604.1"
192.3.24.135 - - [20/May/2026:03:47:03 +0000] "POST /index.php/wp-json/litespeed/v1/cdn_status HTTP/1.1" 404 117 "https://articlebinder.com:443/wp-admin/update.php?action=upload-plugin" "Mozilla/5.0 (Windows NT 10.0; Win64; x64; rv:128.0) Gecko/20100101 Firefox/128.0"
118.70.190.36 - - [20/May/2026:03:48:45 +0000] "GET /wp-login.php HTTP/1.1" 200 4363 "-" "Mozilla/5.0 (Macintosh; Intel Mac OS X 11_7_10) AppleWebKit/537.36 (KHTML, like Gecko) Chrome/133.0.0.0 Safari/537.36"
118.70.190.36 - - [20/May/2026:03:48:47 +0000] "POST /wp-login.php HTTP/1.1" 200 4363 "https://articlebinder.com/wp-login.php" "Mozilla/5.0 (Macintosh; Intel Mac OS X 11_7_10) AppleWebKit/537.36 (KHTML, like Gecko) Chrome/133.0.0.0 Safari/537.36"
184.94.212.206 - - [20/May/2026:03:49:43 +0000] "POST /wp-cron.php?doing_wp_cron=1779248983.0432989597320556640625 HTTP/1.1" 200 - "-" "WordPress/6.9.4; https://articlebinder.com"
192.0.91.228 - - [20/May/2026:03:49:41 +0000] "HEAD / HTTP/1.1" 200 - "-" "jetmon/1.0 (Jetpack Site Uptime Monitor by WordPress.com)"
184.94.212.206 - - [20/May/2026:03:54:43 +0000] "POST /wp-cron.php?doing_wp_cron=1779249283.5486550331115722656250 HTTP/1.1" 200 - "-" "WordPress/6.9.4; https://articlebinder.com"
192.0.91.228 - - [20/May/2026:03:54:42 +0000] "HEAD / HTTP/1.1" 200 - "-" "jetmon/1.0 (Jetpack Site Uptime Monitor by WordPress.com)"
106.52.49.148 - - [20/May/2026:03:55:16 +0000] "GET /home/?share=reddit HTTP/1.1" 302 - "-" "Mozilla/5.0 (iPhone; CPU iPhone OS 13_2_3 like Mac OS X) AppleWebKit/605.1.15 (KHTML, like Gecko) Version/13.0.3 Mobile/15E148 Safari/604.1"
43.157.53.115 - - [20/May/2026:03:56:11 +0000] "GET /wp-json/oembed/1.0/embed?url=https%3A%2F%2Farticlebinder.com%2Fblog%2Fself-publishing%2F&format=xml HTTP/1.1" 200 1325 "-" "Mozilla/5.0 (iPhone; CPU iPhone OS 13_2_3 like Mac OS X) AppleWebKit/605.1.15 (KHTML, like Gecko) Version/13.0.3 Mobile/15E148 Safari/604.1"
37.97.245.185 - - [20/May/2026:03:56:37 +0000] "GET /wp-login.php HTTP/1.1" 200 4364 "-" "Mozilla/5.0 (Windows NT 10.0; Win64; x64) AppleWebKit/537.36 (KHTML, like Gecko) Chrome/120.0.0.0 Safari/537.36"
5.255.98.161 - - [20/May/2026:03:58:00 +0000] "GET / HTTP/1.1" 200 9505 "-" "Mozilla/5.0 (Macintosh; Intel Mac OS X 10.15; rv:150.0) Gecko/20100101 Firefox/150.0"
184.94.212.206 - - [20/May/2026:03:59:44 +0000] "POST /wp-cron.php?doing_wp_cron=1779249584.5352180004119873046875 HTTP/1.1" 200 - "-" "WordPress/6.9.4; https://articlebinder.com"
192.0.91.228 - - [20/May/2026:03:59:43 +0000] "HEAD / HTTP/1.1" 200 - "-" "jetmon/1.0 (Jetpack Site Uptime Monitor by WordPress.com)"
216.73.216.254 - - [20/May/2026:04:02:49 +0000] "GET /robots.txt HTTP/1.1" 200 142 "-" "Mozilla/5.0 AppleWebKit/537.36 (KHTML, like Gecko; compatible; ClaudeBot/1.0; +claudebot@anthropic.com)"
216.73.216.254 - - [20/May/2026:04:02:50 +0000] "GET / HTTP/1.1" 200 9504 "-" "Mozilla/5.0 AppleWebKit/537.36 (KHTML, like Gecko; compatible; ClaudeBot/1.0; +claudebot@anthropic.com)"
184.94.212.206 - - [20/May/2026:04:04:17 +0000] "POST /wp-cron.php?doing_wp_cron=1779249857.4620749950408935546875 HTTP/1.1" 200 - "-" "WordPress/6.9.4; https://articlebinder.com"
43.156.43.123 - - [20/May/2026:04:04:16 +0000] "GET / HTTP/1.1" 200 9503 "-" "Mozilla/5.0 (iPhone; CPU iPhone OS 13_2_3 like Mac OS X) AppleWebKit/605.1.15 (KHTML, like Gecko) Version/13.0.3 Mobile/15E148 Safari/604.1"
184.94.212.206 - - [20/May/2026:04:04:40 +0000] "POST /wp-cron.php?doing_wp_cron=1779249880.8596251010894775390625 HTTP/1.1" 200 - "-" "WordPress/6.9.4; https://articlebinder.com"
192.0.91.228 - - [20/May/2026:04:04:40 +0000] "HEAD / HTTP/1.1" 200 - "-" "jetmon/1.0 (Jetpack Site Uptime Monitor by WordPress.com)"
184.94.212.206 - - [20/May/2026:04:09:43 +0000] "POST /wp-cron.php?doing_wp_cron=1779250183.6235320568084716796875 HTTP/1.1" 200 - "-" "WordPress/6.9.4; https://articlebinder.com"
192.0.91.228 - - [20/May/2026:04:09:42 +0000] "HEAD / HTTP/1.1" 200 - "-" "jetmon/1.0 (Jetpack Site Uptime Monitor by WordPress.com)"
184.94.212.206 - - [20/May/2026:04:14:41 +0000] "POST /wp-cron.php?doing_wp_cron=1779250481.8043270111083984375000 HTTP/1.1" 200 - "-" "WordPress/6.9.4; https://articlebinder.com"
192.0.91.228 - - [20/May/2026:04:14:40 +0000] "HEAD / HTTP/1.1" 200 - "-" "jetmon/1.0 (Jetpack Site Uptime Monitor by WordPress.com)"
43.166.224.244 - - [20/May/2026:04:15:57 +0000] "GET /blog/self-reflection/image/ HTTP/1.1" 301 - "-" "Mozilla/5.0 (iPhone; CPU iPhone OS 13_2_3 like Mac OS X) AppleWebKit/605.1.15 (KHTML, like Gecko) Version/13.0.3 Mobile/15E148 Safari/604.1"
43.166.224.244 - - [20/May/2026:04:16:01 +0000] "GET /wp-content/uploads/2024/10/image.png HTTP/1.1" 200 966069 "https://articlebinder.com/blog/self-reflection/image/" "Mozilla/5.0 (iPhone; CPU iPhone OS 13_2_3 like Mac OS X) AppleWebKit/605.1.15 (KHTML, like Gecko) Version/13.0.3 Mobile/15E148 Safari/604.1"
184.94.212.206 - - [20/May/2026:04:19:44 +0000] "POST /wp-cron.php?doing_wp_cron=1779250783.9950211048126220703125 HTTP/1.1" 200 - "-" "WordPress/6.9.4; https://articlebinder.com"
192.0.91.228 - - [20/May/2026:04:19:42 +0000] "HEAD / HTTP/1.1" 200 - "-" "jetmon/1.0 (Jetpack Site Uptime Monitor by WordPress.com)"
192.42.116.14 - - [20/May/2026:04:21:00 +0000] "GET / HTTP/1.1" 200 9504 "-" "Mozilla/5.0 (iPhone; CPU iPhone OS 18_7 like Mac OS X) AppleWebKit/605.1.15 (KHTML, like Gecko) Version/26.4 Mobile/15E148 Safari/604.1"
185.207.107.130 - - [20/May/2026:04:21:05 +0000] "GET /en/ HTTP/1.1" 404 5398 "-" "Mozilla/5.0 (iPhone; CPU iPhone OS 18_7 like Mac OS X) AppleWebKit/605.1.15 (KHTML, like Gecko) Version/26.4 Mobile/15E148 Safari/604.1"
184.94.212.206 - - [20/May/2026:04:24:24 +0000] "POST /wp-cron.php?doing_wp_cron=1779251064.6203510761260986328125 HTTP/1.1" 200 - "-" "WordPress/6.9.4; https://articlebinder.com"
192.42.116.65 - - [20/May/2026:04:24:23 +0000] "GET / HTTP/1.1" 200 9505 "-" "Mozilla/5.0 (Linux; Android 10; K) AppleWebKit/537.36 (KHTML, like Gecko) Chrome/147.0.0.0 Mobile Safari/537.36"
107.189.6.232 - - [20/May/2026:04:24:27 +0000] "GET /en/ HTTP/1.1" 404 5400 "-" "Mozilla/5.0 (Linux; Android 10; K) AppleWebKit/537.36 (KHTML, like Gecko) Chrome/147.0.0.0 Mobile Safari/537.36"
124.156.206.78 - - [20/May/2026:04:24:33 +0000] "GET /blog/emdr-side-effects/pexels-photo-4100428/ HTTP/1.1" 301 - "-" "Mozilla/5.0 (iPhone; CPU iPhone OS 13_2_3 like Mac OS X) AppleWebKit/605.1.15 (KHTML, like Gecko) Version/13.0.3 Mobile/15E148 Safari/604.1"
124.156.206.78 - - [20/May/2026:04:24:36 +0000] "GET /wp-content/uploads/2021/11/pexels-photo-4100428.jpeg HTTP/1.1" 200 167651 "https://articlebinder.com/blog/emdr-side-effects/pexels-photo-4100428/" "Mozilla/5.0 (iPhone; CPU iPhone OS 13_2_3 like Mac OS X) AppleWebKit/605.1.15 (KHTML, like Gecko) Version/13.0.3 Mobile/15E148 Safari/604.1"
184.94.212.206 - - [20/May/2026:04:24:42 +0000] "POST /wp-cron.php?doing_wp_cron=1779251082.0701069831848144531250 HTTP/1.1" 200 - "-" "WordPress/6.9.4; https://articlebinder.com"
192.0.91.228 - - [20/May/2026:04:24:41 +0000] "HEAD / HTTP/1.1" 200 - "-" "jetmon/1.0 (Jetpack Site Uptime Monitor by WordPress.com)"
198.38.94.18 - - [20/May/2026:04:28:08 +0000] "GET /wp-login.php HTTP/1.1" 200 4363 "-" "Mozilla/5.0 (Windows NT 10.0; Win64; x64) AppleWebKit/537.36 (KHTML, like Gecko) Chrome/120.0.0.0 Safari/537.36"
184.94.212.206 - - [20/May/2026:04:29:41 +0000] "POST /wp-cron.php?doing_wp_cron=1779251381.4612259864807128906250 HTTP/1.1" 200 - "-" "WordPress/6.9.4; https://articlebinder.com"
192.0.91.228 - - [20/May/2026:04:29:40 +0000] "HEAD / HTTP/1.1" 200 - "-" "jetmon/1.0 (Jetpack Site Uptime Monitor by WordPress.com)"
184.94.212.206 - - [20/May/2026:04:34:43 +0000] "POST /wp-cron.php?doing_wp_cron=1779251683.7742619514465332031250 HTTP/1.1" 200 - "-" "WordPress/6.9.4; https://articlebinder.com"
192.0.91.228 - - [20/May/2026:04:34:42 +0000] "HEAD / HTTP/1.1" 200 - "-" "jetmon/1.0 (Jetpack Site Uptime Monitor by WordPress.com)"
43.156.51.128 - - [20/May/2026:04:34:48 +0000] "GET /blog/self-reflection/ HTTP/1.1" 200 12638 "-" "Mozilla/5.0 (iPhone; CPU iPhone OS 13_2_3 like Mac OS X) AppleWebKit/605.1.15 (KHTML, like Gecko) Version/13.0.3 Mobile/15E148 Safari/604.1"
184.94.212.206 - - [20/May/2026:04:39:39 +0000] "POST /wp-cron.php?doing_wp_cron=1779251979.3563709259033203125000 HTTP/1.1" 200 - "-" "WordPress/6.9.4; https://articlebinder.com"
192.0.91.228 - - [20/May/2026:04:39:38 +0000] "HEAD / HTTP/1.1" 200 - "-" "jetmon/1.0 (Jetpack Site Uptime Monitor by WordPress.com)"
93.91.250.88 - - [20/May/2026:04:42:48 +0000] "GET /wp-login.php HTTP/1.1" 200 4362 "-" "Mozilla/5.0 (Windows NT 10.0; Win64; x64) AppleWebKit/537.36 (KHTML, like Gecko) Chrome/120.0.0.0 Safari/537.36"
184.94.212.206 - - [20/May/2026:04:44:43 +0000] "POST /wp-cron.php?doing_wp_cron=1779252283.0961720943450927734375 HTTP/1.1" 200 - "-" "WordPress/6.9.4; https://articlebinder.com"
192.0.91.228 - - [20/May/2026:04:44:41 +0000] "HEAD / HTTP/1.1" 200 - "-" "jetmon/1.0 (Jetpack Site Uptime Monitor by WordPress.com)"
49.51.166.228 - - [20/May/2026:04:44:51 +0000] "GET /wp-json/oembed/1.0/embed?url=https%3A%2F%2Farticlebinder.com%2Fblog%2Fbusiness-intelligence%2F HTTP/1.1" 200 1230 "-" "Mozilla/5.0 (iPhone; CPU iPhone OS 13_2_3 like Mac OS X) AppleWebKit/605.1.15 (KHTML, like Gecko) Version/13.0.3 Mobile/15E148 Safari/604.1"
184.94.212.206 - - [20/May/2026:04:46:03 +0000] "POST /wp-cron.php?doing_wp_cron=1779252363.0313470363616943359375 HTTP/1.1" 200 - "-" "WordPress/6.9.4; https://articlebinder.com"
46.224.234.158 - - [20/May/2026:04:48:21 +0000] "GET /wp-login.php HTTP/1.1" 200 4364 "-" "Mozilla/5.0 (Windows NT 10.0; Win64; x64) AppleWebKit/537.36 (KHTML, like Gecko) Chrome/120.0.0.0 Safari/537.36"
184.94.212.206 - - [20/May/2026:04:49:40 +0000] "POST /wp-cron.php?doing_wp_cron=1779252580.8448009490966796875000 HTTP/1.1" 200 - "-" "WordPress/6.9.4; https://articlebinder.com"
192.0.91.228 - - [20/May/2026:04:49:39 +0000] "HEAD / HTTP/1.1" 200 - "-" "jetmon/1.0 (Jetpack Site Uptime Monitor by WordPress.com)"
184.94.212.206 - - [20/May/2026:04:50:58 +0000] "POST /wp-cron.php?doing_wp_cron=1779252658.0133988857269287109375 HTTP/1.1" 200 - "-" "WordPress/6.9.4; https://articlebinder.com"
184.94.212.206 - - [20/May/2026:04:54:43 +0000] "POST /wp-cron.php?doing_wp_cron=1779252883.5910630226135253906250 HTTP/1.1" 200 - "-" "WordPress/6.9.4; https://articlebinder.com"
192.0.91.228 - - [20/May/2026:04:54:42 +0000] "HEAD / HTTP/1.1" 200 - "-" "jetmon/1.0 (Jetpack Site Uptime Monitor by WordPress.com)"
101.32.239.179 - - [20/May/2026:04:55:45 +0000] "GET /blog/self-publishing/embed/ HTTP/1.1" 200 6398 "-" "Mozilla/5.0 (iPhone; CPU iPhone OS 13_2_3 like Mac OS X) AppleWebKit/605.1.15 (KHTML, like Gecko) Version/13.0.3 Mobile/15E148 Safari/604.1"
184.94.212.206 - - [20/May/2026:04:59:43 +0000] "POST /wp-cron.php?doing_wp_cron=1779253183.5343000888824462890625 HTTP/1.1" 200 - "-" "WordPress/6.9.4; https://articlebinder.com"
192.0.91.228 - - [20/May/2026:04:59:42 +0000] "HEAD / HTTP/1.1" 200 - "-" "jetmon/1.0 (Jetpack Site Uptime Monitor by WordPress.com)"
103.168.66.141 - - [20/May/2026:05:00:02 +0000] "POST / HTTP/1.1" 200 9458 "-" "Mozilla/5.0 (Windows NT 10.0; Win64; x64) AppleWebKit/537.36"
103.168.66.141 - - [20/May/2026:05:00:04 +0000] "POST / HTTP/1.1" 200 9458 "-" "Mozilla/5.0 (Windows NT 10.0; Win64; x64) AppleWebKit/537.36"
195.178.110.104 - - [20/May/2026:05:00:15 +0000] "POST / HTTP/1.1" 200 9456 "-" "Mozilla/5.0 (Windows NT 10.0; Win64; x64) AppleWebKit/537.36"
184.94.212.206 - - [20/May/2026:05:04:40 +0000] "POST /wp-cron.php?doing_wp_cron=1779253480.6251010894775390625000 HTTP/1.1" 200 - "-" "WordPress/6.9.4; https://articlebinder.com"
192.0.91.228 - - [20/May/2026:05:04:39 +0000] "HEAD / HTTP/1.1" 200 - "-" "jetmon/1.0 (Jetpack Site Uptime Monitor by WordPress.com)"
170.106.82.209 - - [20/May/2026:05:05:40 +0000] "GET /blog/business-intelligence/trackback/ HTTP/1.1" 302 - "-" "Mozilla/5.0 (iPhone; CPU iPhone OS 13_2_3 like Mac OS X) AppleWebKit/605.1.15 (KHTML, like Gecko) Version/13.0.3 Mobile/15E148 Safari/604.1"
170.106.82.209 - - [20/May/2026:05:05:45 +0000] "GET /blog/business-intelligence/ HTTP/1.1" 200 17159 "https://articlebinder.com/blog/business-intelligence/trackback/" "Mozilla/5.0 (iPhone; CPU iPhone OS 13_2_3 like Mac OS X) AppleWebKit/605.1.15 (KHTML, like Gecko) Version/13.0.3 Mobile/15E148 Safari/604.1"
217.174.152.96 - - [20/May/2026:05:06:03 +0000] "GET /wp-login.php HTTP/1.1" 200 4363 "-" "Mozilla/5.0 (Windows NT 10.0; WOW64) AppleWebKit/537.36 (KHTML, like Gecko) Chrome/133.0.0.0 Safari/537.36"
217.174.152.96 - - [20/May/2026:05:06:05 +0000] "POST /wp-login.php HTTP/1.1" 200 4363 "https://articlebinder.com/wp-login.php" "Mozilla/5.0 (Windows NT 10.0; WOW64) AppleWebKit/537.36 (KHTML, like Gecko) Chrome/133.0.0.0 Safari/537.36"
184.94.212.206 - - [20/May/2026:05:09:40 +0000] "POST /wp-cron.php?doing_wp_cron=1779253780.8073110580444335937500 HTTP/1.1" 200 - "-" "WordPress/6.9.4; https://articlebinder.com"
192.0.91.228 - - [20/May/2026:05:09:39 +0000] "HEAD / HTTP/1.1" 200 - "-" "jetmon/1.0 (Jetpack Site Uptime Monitor by WordPress.com)"
184.94.212.206 - - [20/May/2026:05:13:50 +0000] "POST /wp-cron.php?doing_wp_cron=1779254030.5439538955688476562500 HTTP/1.1" 200 - "-" "WordPress/6.9.4; https://articlebinder.com"
66.249.66.41 - - [20/May/2026:05:13:46 +0000] "GET /index.php HTTP/1.1" 301 - "-" "Mozilla/5.0 (Linux; Android 6.0.1; Nexus 5X Build/MMB29P) AppleWebKit/537.36 (KHTML, like Gecko) Chrome/148.0.7778.96 Mobile Safari/537.36 (compatible; Googlebot/2.1; +http://www.google.com/bot.html)"
66.249.66.41 - - [20/May/2026:05:13:52 +0000] "GET / HTTP/1.1" 200 9504 "-" "Mozilla/5.0 (Linux; Android 6.0.1; Nexus 5X Build/MMB29P) AppleWebKit/537.36 (KHTML, like Gecko) Chrome/148.0.7778.96 Mobile Safari/537.36 (compatible; Googlebot/2.1; +http://www.google.com/bot.html)"
66.249.66.40 - - [20/May/2026:05:13:56 +0000] "GET /wp-content/themes/the-bootstrap-blog/inc/bootstrap/js/popper.min.js HTTP/1.1" 200 6831 "https://articlebinder.com/" "Mozilla/5.0 (Linux; Android 6.0.1; Nexus 5X Build/MMB29P) AppleWebKit/537.36 (KHTML, like Gecko) Chrome/148.0.7778.96 Mobile Safari/537.36 (compatible; Googlebot/2.1; +http://www.google.com/bot.html)"
66.249.66.5 - - [20/May/2026:05:13:58 +0000] "GET /wp-content/themes/the-bootstrap-blog/inc/bootstrap/css/bootstrap.min.css HTTP/1.1" 200 24070 "https://articlebinder.com/" "Mozilla/5.0 (Linux; Android 6.0.1; Nexus 5X Build/MMB29P) AppleWebKit/537.36 (KHTML, like Gecko) Chrome/148.0.7778.96 Mobile Safari/537.36 (compatible; Googlebot/2.1; +http://www.google.com/bot.html)"
66.249.66.69 - - [20/May/2026:05:14:01 +0000] "GET /wp-content/themes/the-bootstrap-blog/style.css?ver=0.1.4.4 HTTP/1.1" 200 3090 "https://articlebinder.com/" "Mozilla/5.0 (Linux; Android 6.0.1; Nexus 5X Build/MMB29P) AppleWebKit/537.36 (KHTML, like Gecko) Chrome/148.0.7778.96 Mobile Safari/537.36 (compatible; Googlebot/2.1; +http://www.google.com/bot.html)"
66.249.66.164 - - [20/May/2026:05:14:03 +0000] "GET /wp-content/themes/the-bootstrap-blog/inc/bootstrap/js/bootstrap.min.js HTTP/1.1" 200 14934 "https://articlebinder.com/" "Mozilla/5.0 (Linux; Android 6.0.1; Nexus 5X Build/MMB29P) AppleWebKit/537.36 (KHTML, like Gecko) Chrome/148.0.7778.96 Mobile Safari/537.36 (compatible; Googlebot/2.1; +http://www.google.com/bot.html)"
184.94.212.206 - - [20/May/2026:05:14:40 +0000] "POST /wp-cron.php?doing_wp_cron=1779254080.9614069461822509765625 HTTP/1.1" 200 - "-" "WordPress/6.9.4; https://articlebinder.com"
192.0.91.228 - - [20/May/2026:05:14:39 +0000] "HEAD / HTTP/1.1" 200 - "-" "jetmon/1.0 (Jetpack Site Uptime Monitor by WordPress.com)"
49.12.84.240 - - [20/May/2026:05:15:10 +0000] "GET /wp-login.php HTTP/1.1" 200 4363 "-" "Mozilla/5.0 (Windows NT 10.0; Win64; x64) AppleWebKit/537.36 (KHTML, like Gecko) Chrome/120.0.0.0 Safari/537.36"
43.160.225.169 - - [20/May/2026:05:16:04 +0000] "GET /blog/business-intelligence/the-benefits-of-business-intelligence/ HTTP/1.1" 301 - "-" "Mozilla/5.0 (iPhone; CPU iPhone OS 13_2_3 like Mac OS X) AppleWebKit/605.1.15 (KHTML, like Gecko) Version/13.0.3 Mobile/15E148 Safari/604.1"
43.160.225.169 - - [20/May/2026:05:16:07 +0000] "GET /wp-content/uploads/2021/11/The-Benefits-of-Business-Intelligence.png HTTP/1.1" 200 320177 "https://articlebinder.com/blog/business-intelligence/the-benefits-of-business-intelligence/" "Mozilla/5.0 (iPhone; CPU iPhone OS 13_2_3 like Mac OS X) AppleWebKit/605.1.15 (KHTML, like Gecko) Version/13.0.3 Mobile/15E148 Safari/604.1"
184.94.212.206 - - [20/May/2026:05:19:44 +0000] "POST /wp-cron.php?doing_wp_cron=1779254384.5191481113433837890625 HTTP/1.1" 200 - "-" "WordPress/6.9.4; https://articlebinder.com"
192.0.91.228 - - [20/May/2026:05:19:43 +0000] "HEAD / HTTP/1.1" 200 - "-" "jetmon/1.0 (Jetpack Site Uptime Monitor by WordPress.com)"
184.94.212.206 - - [20/May/2026:05:24:46 +0000] "POST /wp-cron.php?doing_wp_cron=1779254686.7734200954437255859375 HTTP/1.1" 200 - "-" "WordPress/6.9.4; https://articlebinder.com"
192.0.91.228 - - [20/May/2026:05:24:46 +0000] "HEAD / HTTP/1.1" 200 - "-" "jetmon/1.0 (Jetpack Site Uptime Monitor by WordPress.com)"
35.168.16.231 - - [20/May/2026:05:26:41 +0000] "GET /wp-login.php HTTP/1.1" 200 4363 "-" "Mozilla/5.0 (Macintosh; Intel Mac OS X 10_15_7) AppleWebKit/537.36 (KHTML, like Gecko) Chrome/133.0.0.0 Safari/537.36"
35.168.16.231 - - [20/May/2026:05:26:43 +0000] "POST /wp-login.php HTTP/1.1" 200 4363 "https://articlebinder.com/wp-login.php" "Mozilla/5.0 (Macintosh; Intel Mac OS X 10_15_7) AppleWebKit/537.36 (KHTML, like Gecko) Chrome/133.0.0.0 Safari/537.36"
184.94.212.206 - - [20/May/2026:05:29:42 +0000] "POST /wp-cron.php?doing_wp_cron=1779254982.7707440853118896484375 HTTP/1.1" 200 - "-" "WordPress/6.9.4; https://articlebinder.com"
192.0.91.228 - - [20/May/2026:05:29:41 +0000] "HEAD / HTTP/1.1" 200 - "-" "jetmon/1.0 (Jetpack Site Uptime Monitor by WordPress.com)"
184.94.212.206 - - [20/May/2026:05:34:44 +0000] "POST /wp-cron.php?doing_wp_cron=1779255284.3501460552215576171875 HTTP/1.1" 200 - "-" "WordPress/6.9.4; https://articlebinder.com"
192.0.91.228 - - [20/May/2026:05:34:43 +0000] "HEAD / HTTP/1.1" 200 - "-" "jetmon/1.0 (Jetpack Site Uptime Monitor by WordPress.com)"
184.94.212.206 - - [20/May/2026:05:39:45 +0000] "POST /wp-cron.php?doing_wp_cron=1779255585.6529269218444824218750 HTTP/1.1" 200 - "-" "WordPress/6.9.4; https://articlebinder.com"
192.0.91.228 - - [20/May/2026:05:39:44 +0000] "HEAD / HTTP/1.1" 200 - "-" "jetmon/1.0 (Jetpack Site Uptime Monitor by WordPress.com)"
18.61.192.253 - - [20/May/2026:05:40:42 +0000] "GET /wp-login.php HTTP/1.1" 200 2589 "-" "Mozilla/5.0 (Windows NT 10.0; Win64; x64) AppleWebKit/537.36 (KHTML, like Gecko) Chrome/120.0.0.0 Safari/537.36"
18.61.192.253 - - [20/May/2026:05:40:44 +0000] "POST /wp-login.php HTTP/1.1" 401 1414 "https://articlebinder.com/wp-login.php" "Mozilla/5.0 (Windows NT 10.0; Win64; x64) AppleWebKit/537.36 (KHTML, like Gecko) Chrome/120.0.0.0 Safari/537.36"
184.94.212.206 - - [20/May/2026:05:44:13 +0000] "POST /wp-cron.php?doing_wp_cron=1779255853.5401160717010498046875 HTTP/1.1" 200 - "-" "WordPress/6.9.4; https://articlebinder.com"
104.210.140.133 - - [20/May/2026:05:44:12 +0000] "GET /robots.txt HTTP/1.1" 200 142 "-" "Mozilla/5.0 (Macintosh; Intel Mac OS X 10_15_7) AppleWebKit/537.36 (KHTML, like Gecko) Chrome/131.0.0.0 Safari/537.36; compatible; OAI-SearchBot/1.0; +https://openai.com/searchbot"
184.94.212.206 - - [20/May/2026:05:44:44 +0000] "POST /wp-cron.php?doing_wp_cron=1779255884.2343220710754394531250 HTTP/1.1" 200 - "-" "WordPress/6.9.4; https://articlebinder.com"
192.0.91.228 - - [20/May/2026:05:44:43 +0000] "HEAD / HTTP/1.1" 200 - "-" "jetmon/1.0 (Jetpack Site Uptime Monitor by WordPress.com)"
150.95.111.4 - - [20/May/2026:05:49:13 +0000] "GET /wp-login.php HTTP/1.1" 200 4362 "-" "Mozilla/5.0 (Windows NT 10.0; Win64; x64) AppleWebKit/537.36 (KHTML, like Gecko) Chrome/120.0.0.0 Safari/537.36"
184.94.212.206 - - [20/May/2026:05:49:42 +0000] "POST /wp-cron.php?doing_wp_cron=1779256182.6936500072479248046875 HTTP/1.1" 200 - "-" "WordPress/6.9.4; https://articlebinder.com"
192.0.91.228 - - [20/May/2026:05:49:41 +0000] "HEAD / HTTP/1.1" 200 - "-" "jetmon/1.0 (Jetpack Site Uptime Monitor by WordPress.com)"
184.94.212.206 - - [20/May/2026:05:54:43 +0000] "POST /wp-cron.php?doing_wp_cron=1779256483.9364950656890869140625 HTTP/1.1" 200 - "-" "WordPress/6.9.4; https://articlebinder.com"
192.0.91.228 - - [20/May/2026:05:54:42 +0000] "HEAD / HTTP/1.1" 200 - "-" "jetmon/1.0 (Jetpack Site Uptime Monitor by WordPress.com)"
184.94.212.206 - - [20/May/2026:05:59:41 +0000] "POST /wp-cron.php?doing_wp_cron=1779256781.8653299808502197265625 HTTP/1.1" 200 - "-" "WordPress/6.9.4; https://articlebinder.com"
192.0.91.228 - - [20/May/2026:05:59:40 +0000] "HEAD / HTTP/1.1" 200 - "-" "jetmon/1.0 (Jetpack Site Uptime Monitor by WordPress.com)"
138.68.243.214 - - [20/May/2026:06:01:49 +0000] "GET /wp-login.php HTTP/1.1" 200 4365 "-" "Mozilla/5.0 (Windows NT 10.0; Win64; x64) AppleWebKit/537.36 (KHTML, like Gecko) Chrome/120.0.0.0 Safari/537.36"
184.94.212.206 - - [20/May/2026:06:04:39 +0000] "POST /wp-cron.php?doing_wp_cron=1779257079.2993719577789306640625 HTTP/1.1" 200 - "-" "WordPress/6.9.4; https://articlebinder.com"
192.0.91.228 - - [20/May/2026:06:04:38 +0000] "HEAD / HTTP/1.1" 200 - "-" "jetmon/1.0 (Jetpack Site Uptime Monitor by WordPress.com)"
188.245.66.85 - - [20/May/2026:06:07:37 +0000] "GET /blog-verify HTTP/1.1" 404 19914 "-" "Mozilla/5.0 (Macintosh; Intel Mac OS X 10_15_7) AppleWebKit/537.36 (KHTML, like Gecko) Chrome/148.0.0.0 Safari/537.36"
188.245.66.85 - - [20/May/2026:06:07:40 +0000] "GET /blog-verify HTTP/1.1" 404 19969 "-" "Mozilla/5.0 (Macintosh; Intel Mac OS X 10_15_7) AppleWebKit/537.36 (KHTML, like Gecko) Chrome/149.0.0.0 Safari/537.36"
184.94.212.206 - - [20/May/2026:06:09:43 +0000] "POST /wp-cron.php?doing_wp_cron=1779257383.7221031188964843750000 HTTP/1.1" 200 - "-" "WordPress/6.9.4; https://articlebinder.com"
192.0.91.228 - - [20/May/2026:06:09:42 +0000] "HEAD / HTTP/1.1" 200 - "-" "jetmon/1.0 (Jetpack Site Uptime Monitor by WordPress.com)"
184.94.212.206 - - [20/May/2026:06:13:01 +0000] "POST /wp-cron.php?doing_wp_cron=1779257581.1844151020050048828125 HTTP/1.1" 200 - "-" "WordPress/6.9.4; https://articlebinder.com"
103.168.66.141 - - [20/May/2026:06:13:00 +0000] "POST / HTTP/1.1" 200 9458 "-" "Mozilla/5.0 (Windows NT 10.0; Win64; x64) AppleWebKit/537.36"
103.168.66.141 - - [20/May/2026:06:13:00 +0000] "POST / HTTP/1.1" 200 9456 "-" "Mozilla/5.0 (Windows NT 10.0; Win64; x64) AppleWebKit/537.36"
103.168.66.141 - - [20/May/2026:06:13:01 +0000] "POST / HTTP/1.1" 200 9458 "-" "Mozilla/5.0 (Windows NT 10.0; Win64; x64) AppleWebKit/537.36"
103.168.66.141 - - [20/May/2026:06:13:01 +0000] "POST / HTTP/1.1" 200 9456 "-" "Mozilla/5.0 (Windows NT 10.0; Win64; x64) AppleWebKit/537.36"
184.94.212.206 - - [20/May/2026:06:14:41 +0000] "POST /wp-cron.php?doing_wp_cron=1779257681.9012908935546875000000 HTTP/1.1" 200 - "-" "WordPress/6.9.4; https://articlebinder.com"
192.0.91.228 - - [20/May/2026:06:14:40 +0000] "HEAD / HTTP/1.1" 200 - "-" "jetmon/1.0 (Jetpack Site Uptime Monitor by WordPress.com)"
188.245.66.85 - - [20/May/2026:06:18:05 +0000] "GET /?wmo_hc=k7Hx9mQp2wRt HTTP/1.1" 200 38877 "-" "Mozilla/5.0 (X11; Linux x86_64) AppleWebKit/537.36 (KHTML, like Gecko) Chrome/149.0.0.0 Safari/537.36"
188.245.66.85 - - [20/May/2026:06:18:08 +0000] "GET /?wmo_hc=k7Hx9mQp2wRt HTTP/1.1" 200 38932 "-" "Mozilla/5.0 (X11; Linux x86_64; rv:150.0) Gecko/20100101 Firefox/150.0"
184.94.212.206 - - [20/May/2026:06:19:44 +0000] "POST /wp-cron.php?doing_wp_cron=1779257984.6138889789581298828125 HTTP/1.1" 200 - "-" "WordPress/6.9.4; https://articlebinder.com"
192.0.91.228 - - [20/May/2026:06:19:43 +0000] "HEAD / HTTP/1.1" 200 - "-" "jetmon/1.0 (Jetpack Site Uptime Monitor by WordPress.com)"
193.42.61.12 - - [20/May/2026:06:24:41 +0000] "GET /wp-login.php HTTP/1.1" 200 4362 "-" "Mozilla/5.0 (Windows NT 10.0; Win64; x64) AppleWebKit/537.36 (KHTML, like Gecko) Chrome/120.0.0.0 Safari/537.36"
184.94.212.206 - - [20/May/2026:06:24:51 +0000] "POST /wp-cron.php?doing_wp_cron=1779258291.7378239631652832031250 HTTP/1.1" 200 - "-" "WordPress/6.9.4; https://articlebinder.com"
192.0.91.228 - - [20/May/2026:06:24:49 +0000] "HEAD / HTTP/1.1" 200 - "-" "jetmon/1.0 (Jetpack Site Uptime Monitor by WordPress.com)"
123.207.84.151 - - [20/May/2026:06:26:19 +0000] "GET /wp-json/wp/v2/users/me HTTP/1.1" 401 102 "-" "Mozilla/5.0 (X11; Fedora; Linux x86_64) AppleWebKit/537.36 (KHTML, like Gecko) Chrome/133.0.0.0 Safari/537.36"
162.241.2.250 - - [20/May/2026:06:27:26 +0000] "GET /wp-login.php HTTP/1.1" 200 4363 "-" "Mozilla/5.0 (Windows NT 10.0; Win64; x64) AppleWebKit/537.36 (KHTML, like Gecko) Chrome/120.0.0.0 Safari/537.36"
184.94.212.206 - - [20/May/2026:06:29:44 +0000] "POST /wp-cron.php?doing_wp_cron=1779258584.1943900585174560546875 HTTP/1.1" 200 - "-" "WordPress/6.9.4; https://articlebinder.com"
192.0.91.228 - - [20/May/2026:06:29:43 +0000] "HEAD / HTTP/1.1" 200 - "-" "jetmon/1.0 (Jetpack Site Uptime Monitor by WordPress.com)"
207.148.65.68 - - [20/May/2026:06:33:00 +0000] "GET /wp-login.php?redirect_to=https%3A%2F%2Farticlebinder.com%2Fblog%2Femdr-side-effects%2F HTTP/1.1" 200 2637 "http://articlebinder.com/blog/emdr-side-effects/" "Mozilla/5.0 (Windows NT 6.3; Win64; x64) AppleWebKit/537.36 (KHTML, like Gecko) Chrome/103.0.0.0 Safari/537.36"
207.148.65.68 - - [20/May/2026:06:33:02 +0000] "GET /wp-login.php?action=jetpack-sso&redirect_to=https%3A%2F%2Farticlebinder.com%2Fblog%2Femdr-side-effects%2F HTTP/1.1" 302 - "https://articlebinder.com/wp-login.php?redirect_to=https%3A%2F%2Farticlebinder.com%2Fblog%2Femdr-side-effects%2F" "Mozilla/5.0 (Windows NT 6.3; Win64; x64) AppleWebKit/537.36 (KHTML, like Gecko) Chrome/103.0.0.0 Safari/537.36"
66.249.66.195 - - [20/May/2026:06:33:11 +0000] "GET /home/ HTTP/1.1" 200 8879 "-" "Mozilla/5.0 (Linux; Android 6.0.1; Nexus 5X Build/MMB29P) AppleWebKit/537.36 (KHTML, like Gecko) Chrome/148.0.7778.96 Mobile Safari/537.36 (compatible; Googlebot/2.1; +http://www.google.com/bot.html)"
184.94.212.206 - - [20/May/2026:06:34:43 +0000] "POST /wp-cron.php?doing_wp_cron=1779258883.9318230152130126953125 HTTP/1.1" 200 - "-" "WordPress/6.9.4; https://articlebinder.com"
192.0.91.228 - - [20/May/2026:06:34:42 +0000] "HEAD / HTTP/1.1" 200 - "-" "jetmon/1.0 (Jetpack Site Uptime Monitor by WordPress.com)"
52.167.144.171 - - [20/May/2026:06:36:17 +0000] "GET /blog/ HTTP/1.1" 200 8851 "-" "Mozilla/5.0 AppleWebKit/537.36 (KHTML, like Gecko; compatible; bingbot/2.0; +http://www.bing.com/bingbot.htm) Chrome/116.0.1938.76 Safari/537.36"
184.94.212.206 - - [20/May/2026:06:39:41 +0000] "POST /wp-cron.php?doing_wp_cron=1779259181.4155158996582031250000 HTTP/1.1" 200 - "-" "WordPress/6.9.4; https://articlebinder.com"
192.0.91.228 - - [20/May/2026:06:39:40 +0000] "HEAD / HTTP/1.1" 200 - "-" "jetmon/1.0 (Jetpack Site Uptime Monitor by WordPress.com)"
184.94.212.206 - - [20/May/2026:06:44:43 +0000] "POST /wp-cron.php?doing_wp_cron=1779259483.7771511077880859375000 HTTP/1.1" 200 - "-" "WordPress/6.9.4; https://articlebinder.com"
192.0.91.228 - - [20/May/2026:06:44:42 +0000] "HEAD / HTTP/1.1" 200 - "-" "jetmon/1.0 (Jetpack Site Uptime Monitor by WordPress.com)"
103.91.67.202 - - [20/May/2026:06:45:59 +0000] "GET /wp-login.php HTTP/1.1" 200 4364 "-" "Mozilla/5.0 (X11; Ubuntu; Linux x86_64; rv:133.0) Gecko/20100101 Firefox/133.0"
103.91.67.202 - - [20/May/2026:06:46:01 +0000] "POST /wp-login.php HTTP/1.1" 200 4364 "https://articlebinder.com/wp-login.php" "Mozilla/5.0 (X11; Ubuntu; Linux x86_64; rv:133.0) Gecko/20100101 Firefox/133.0"
184.94.212.206 - - [20/May/2026:06:49:45 +0000] "POST /wp-cron.php?doing_wp_cron=1779259785.6068909168243408203125 HTTP/1.1" 200 - "-" "WordPress/6.9.4; https://articlebinder.com"
192.0.91.228 - - [20/May/2026:06:49:44 +0000] "HEAD / HTTP/1.1" 200 - "-" "jetmon/1.0 (Jetpack Site Uptime Monitor by WordPress.com)"
184.94.212.206 - - [20/May/2026:06:53:16 +0000] "POST /wp-cron.php?doing_wp_cron=1779259996.4892699718475341796875 HTTP/1.1" 200 - "-" "WordPress/6.9.4; https://articlebinder.com"
185.241.208.136 - - [20/May/2026:06:53:15 +0000] "GET / HTTP/1.1" 200 9504 "-" "Mozilla/5.0 (Linux; Android 14; Pixel 8) AppleWebKit/537.36 (KHTML, like Gecko) Chrome/124.0.0.0 Mobile Safari/537.36"
185.241.208.136 - - [20/May/2026:06:53:17 +0000] "GET /readme.html HTTP/1.1" 404 5404 "-" "Mozilla/5.0 (Linux; Android 14; Pixel 8) AppleWebKit/537.36 (KHTML, like Gecko) Chrome/124.0.0.0 Mobile Safari/537.36"
185.241.208.136 - - [20/May/2026:06:53:18 +0000] "GET /?feed=rss2 HTTP/1.1" 301 - "-" "Mozilla/5.0 (Linux; Android 14; Pixel 8) AppleWebKit/537.36 (KHTML, like Gecko) Chrome/124.0.0.0 Mobile Safari/537.36"
185.241.208.136 - - [20/May/2026:06:53:19 +0000] "GET /feed/ HTTP/1.1" 200 1798 "-" "Mozilla/5.0 (Linux; Android 14; Pixel 8) AppleWebKit/537.36 (KHTML, like Gecko) Chrome/124.0.0.0 Mobile Safari/537.36"
185.241.208.136 - - [20/May/2026:06:53:20 +0000] "GET /wp-content/plugins/jetpack/readme.txt HTTP/1.1" 404 5407 "-" "Mozilla/5.0 (Linux; Android 14; Pixel 8) AppleWebKit/537.36 (KHTML, like Gecko) Chrome/124.0.0.0 Mobile Safari/537.36"
184.94.212.206 - - [20/May/2026:06:54:44 +0000] "POST /wp-cron.php?doing_wp_cron=1779260084.4864490032196044921875 HTTP/1.1" 200 - "-" "WordPress/6.9.4; https://articlebinder.com"
192.0.91.228 - - [20/May/2026:06:54:43 +0000] "HEAD / HTTP/1.1" 200 - "-" "jetmon/1.0 (Jetpack Site Uptime Monitor by WordPress.com)"
165.140.159.164 - - [20/May/2026:06:58:42 +0000] "GET /wp-login.php HTTP/1.1" 200 4366 "-" "Mozilla/5.0 (Windows NT 10.0; Win64; x64) AppleWebKit/537.36 (KHTML, like Gecko) Chrome/120.0.0.0 Safari/537.36"
184.94.212.206 - - [20/May/2026:06:59:44 +0000] "POST /wp-cron.php?doing_wp_cron=1779260384.6182210445404052734375 HTTP/1.1" 200 - "-" "WordPress/6.9.4; https://articlebinder.com"
192.0.91.228 - - [20/May/2026:06:59:43 +0000] "HEAD / HTTP/1.1" 200 - "-" "jetmon/1.0 (Jetpack Site Uptime Monitor by WordPress.com)"
184.94.212.206 - - [20/May/2026:07:04:47 +0000] "POST /wp-cron.php?doing_wp_cron=1779260687.5569589138031005859375 HTTP/1.1" 200 - "-" "WordPress/6.9.4; https://articlebinder.com"
192.0.91.228 - - [20/May/2026:07:04:46 +0000] "HEAD / HTTP/1.1" 200 - "-" "jetmon/1.0 (Jetpack Site Uptime Monitor by WordPress.com)"
31.24.155.180 - - [20/May/2026:07:05:24 +0000] "GET /wp-login.php HTTP/1.1" 200 4364 "-" "Mozilla/5.0 (Windows NT 10.0; WOW64) AppleWebKit/537.36 (KHTML, like Gecko) Chrome/133.0.0.0 Safari/537.36"
31.24.155.180 - - [20/May/2026:07:05:25 +0000] "POST /wp-login.php HTTP/1.1" 200 4364 "https://articlebinder.com/wp-login.php" "Mozilla/5.0 (Windows NT 10.0; WOW64) AppleWebKit/537.36 (KHTML, like Gecko) Chrome/133.0.0.0 Safari/537.36"
184.94.212.206 - - [20/May/2026:07:09:44 +0000] "POST /wp-cron.php?doing_wp_cron=1779260984.7565279006958007812500 HTTP/1.1" 200 - "-" "WordPress/6.9.4; https://articlebinder.com"
192.0.91.228 - - [20/May/2026:07:09:43 +0000] "HEAD / HTTP/1.1" 200 - "-" "jetmon/1.0 (Jetpack Site Uptime Monitor by WordPress.com)"
184.94.212.206 - - [20/May/2026:07:14:42 +0000] "POST /wp-cron.php?doing_wp_cron=1779261282.8694300651550292968750 HTTP/1.1" 200 - "-" "WordPress/6.9.4; https://articlebinder.com"
192.0.91.228 - - [20/May/2026:07:14:41 +0000] "HEAD / HTTP/1.1" 200 - "-" "jetmon/1.0 (Jetpack Site Uptime Monitor by WordPress.com)"
163.223.13.54 - - [20/May/2026:07:16:23 +0000] "GET /wp-login.php HTTP/1.1" 200 4363 "-" "Mozilla/5.0 (Windows NT 10.0; Win64; x64) AppleWebKit/537.36 (KHTML, like Gecko) Chrome/120.0.0.0 Safari/537.36"
184.94.212.206 - - [20/May/2026:07:19:44 +0000] "POST /wp-cron.php?doing_wp_cron=1779261584.3568871021270751953125 HTTP/1.1" 200 - "-" "WordPress/6.9.4; https://articlebinder.com"
192.0.91.228 - - [20/May/2026:07:19:43 +0000] "HEAD / HTTP/1.1" 200 - "-" "jetmon/1.0 (Jetpack Site Uptime Monitor by WordPress.com)"
137.220.224.18 - - [20/May/2026:07:21:58 +0000] "GET / HTTP/1.1" 200 9504 "https://t.co/" "Mozilla/5.0 (Macintosh; Intel Mac OS X 10_15_7) AppleWebKit/537.36 (KHTML, like Gecko) Chrome/146.0.0.0 Safari/537.36"
137.220.224.18 - - [20/May/2026:07:22:23 +0000] "GET /xmlrpc.php HTTP/1.1" 404 5399 "-" "Mozilla/5.0 (Macintosh; Intel Mac OS X 10_15_7) AppleWebKit/605.1.15 (KHTML, like Gecko) Version/26.3.1 Safari/605.1.15"
184.94.212.206 - - [20/May/2026:07:24:45 +0000] "POST /wp-cron.php?doing_wp_cron=1779261885.7939629554748535156250 HTTP/1.1" 200 - "-" "WordPress/6.9.4; https://articlebinder.com"
192.0.91.228 - - [20/May/2026:07:24:44 +0000] "HEAD / HTTP/1.1" 200 - "-" "jetmon/1.0 (Jetpack Site Uptime Monitor by WordPress.com)"
44.242.10.134 - - [20/May/2026:07:25:53 +0000] "GET /wp-login.php HTTP/1.1" 200 4363 "-" "Mozilla/5.0 (Macintosh; Intel Mac OS X 10_15_7) AppleWebKit/537.36 (KHTML, like Gecko) Chrome/133.0.0.0 Safari/537.36"
44.242.10.134 - - [20/May/2026:07:25:55 +0000] "POST /wp-login.php HTTP/1.1" 200 4363 "https://articlebinder.com/wp-login.php" "Mozilla/5.0 (Macintosh; Intel Mac OS X 10_15_7) AppleWebKit/537.36 (KHTML, like Gecko) Chrome/133.0.0.0 Safari/537.36"
184.94.212.206 - - [20/May/2026:07:28:17 +0000] "POST /wp-cron.php?doing_wp_cron=1779262097.3098709583282470703125 HTTP/1.1" 200 - "-" "WordPress/6.9.4; https://articlebinder.com"
81.38.70.150 - - [20/May/2026:07:28:16 +0000] "GET /robots.txt HTTP/1.1" 200 142 "-" "Mozilla/5.0 (Macintosh; Intel Mac OS X 15.3; rv:134.0) Gecko/20100101 Firefox/134.0"
184.94.212.206 - - [20/May/2026:07:29:44 +0000] "POST /wp-cron.php?doing_wp_cron=1779262184.3469119071960449218750 HTTP/1.1" 200 - "-" "WordPress/6.9.4; https://articlebinder.com"
192.0.91.228 - - [20/May/2026:07:29:43 +0000] "HEAD / HTTP/1.1" 200 - "-" "jetmon/1.0 (Jetpack Site Uptime Monitor by WordPress.com)"
195.178.110.101 - - [20/May/2026:07:30:10 +0000] "POST / HTTP/1.1" 200 9458 "-" "Mozilla/5.0 (Windows NT 10.0; Win64; x64) AppleWebKit/537.36"
195.178.110.101 - - [20/May/2026:07:30:10 +0000] "POST / HTTP/1.1" 200 9456 "-" "Mozilla/5.0 (Windows NT 10.0; Win64; x64) AppleWebKit/537.36"
184.94.212.206 - - [20/May/2026:07:34:44 +0000] "POST /wp-cron.php?doing_wp_cron=1779262484.8997271060943603515625 HTTP/1.1" 200 - "-" "WordPress/6.9.4; https://articlebinder.com"
192.0.91.228 - - [20/May/2026:07:34:43 +0000] "HEAD / HTTP/1.1" 200 - "-" "jetmon/1.0 (Jetpack Site Uptime Monitor by WordPress.com)"
209.42.22.206 - - [20/May/2026:07:35:22 +0000] "GET /wp-login.php HTTP/1.1" 200 4364 "-" "Mozilla/5.0 (Windows NT 10.0; Win64; x64) AppleWebKit/537.36 (KHTML, like Gecko) Chrome/120.0.0.0 Safari/537.36"
184.94.212.206 - - [20/May/2026:07:39:44 +0000] "POST /wp-cron.php?doing_wp_cron=1779262784.5079360008239746093750 HTTP/1.1" 200 - "-" "WordPress/6.9.4; https://articlebinder.com"
192.0.91.228 - - [20/May/2026:07:39:43 +0000] "HEAD / HTTP/1.1" 200 - "-" "jetmon/1.0 (Jetpack Site Uptime Monitor by WordPress.com)"
184.94.212.206 - - [20/May/2026:07:44:42 +0000] "POST /wp-cron.php?doing_wp_cron=1779263082.9256141185760498046875 HTTP/1.1" 200 - "-" "WordPress/6.9.4; https://articlebinder.com"
192.0.91.228 - - [20/May/2026:07:44:41 +0000] "HEAD / HTTP/1.1" 200 - "-" "jetmon/1.0 (Jetpack Site Uptime Monitor by WordPress.com)"