MOON
Server: Apache
System: Linux server1.primemusicproductions.com 4.18.0-477.27.2.el8_8.x86_64 #1 SMP Fri Sep 29 08:21:01 EDT 2023 x86_64
User: primrwxj (1001)
PHP: 8.3.3
Disabled: NONE
Upload Files
File: //home/primrwxj/access-logs/articlebinder.primemusicproductions.com-ssl_log
184.94.212.206 - - [19/May/2026:22:19:40 +0000] "POST /wp-cron.php?doing_wp_cron=1779229180.8991589546203613281250 HTTP/1.1" 200 - "-" "WordPress/6.9.4; https://articlebinder.com"
192.0.91.228 - - [19/May/2026:22:19:38 +0000] "HEAD / HTTP/1.1" 200 - "-" "jetmon/1.0 (Jetpack Site Uptime Monitor by WordPress.com)"
184.94.212.206 - - [19/May/2026:22:19:54 +0000] "GET /?wp_scrape_key=df0aaa9406b5a772cf32ca36afa483ac&wp_scrape_nonce=1779229192 HTTP/1.1" 200 9565 "-" "WordPress/6.9.4; https://articlebinder.com"
184.94.212.206 - - [19/May/2026:22:19:56 +0000] "GET /wp-json/jetpack/v4/sync/spawn-sync?time=1779229195&request_lock_id=f64f0c3f-403a-4187-93f8-02ded9b3e571 HTTP/1.1" 503 662 "-" "WordPress/6.9.4; https://articlebinder.com"
184.94.212.206 - - [19/May/2026:22:19:58 +0000] "GET /?wp_scrape_key=584e98de90dd00332bc53bf036f81c86&wp_scrape_nonce=1779229196 HTTP/1.1" 200 9565 "-" "WordPress/6.9.4; https://articlebinder.com"
184.94.212.206 - - [19/May/2026:22:20:03 +0000] "GET /?wp_scrape_key=ba3fcb0953fabc0c4e34aad6c1ebe97b&wp_scrape_nonce=1779229201 HTTP/1.1" 200 9564 "-" "WordPress/6.9.4; https://articlebinder.com"
184.94.212.206 - - [19/May/2026:22:20:05 +0000] "POST /wp-cron.php HTTP/1.1" 200 - "-" "WordPress/6.9.4; https://articlebinder.com"
184.94.212.206 - - [19/May/2026:22:20:05 +0000] "GET / HTTP/1.1" 200 9504 "-" "WordPress/6.9.4; https://articlebinder.com"
184.94.212.206 - - [19/May/2026:22:20:06 +0000] "GET / HTTP/1.1" 200 9504 "-" "WordPress/6.9.4; https://articlebinder.com"
184.94.212.206 - - [19/May/2026:22:20:07 +0000] "GET / HTTP/1.1" 200 9504 "-" "WordPress/6.9.4; https://articlebinder.com"
184.94.212.206 - - [19/May/2026:22:20:08 +0000] "GET / HTTP/1.1" 200 9504 "-" "WordPress/6.9.4; https://articlebinder.com"
184.94.212.206 - - [19/May/2026:22:24:44 +0000] "POST /wp-cron.php?doing_wp_cron=1779229484.8063879013061523437500 HTTP/1.1" 200 - "-" "WordPress/6.9.4; https://articlebinder.com"
192.0.91.228 - - [19/May/2026:22:24:43 +0000] "HEAD / HTTP/1.1" 200 - "-" "jetmon/1.0 (Jetpack Site Uptime Monitor by WordPress.com)"
184.94.212.206 - - [19/May/2026:22:29:41 +0000] "POST /wp-cron.php?doing_wp_cron=1779229781.8812770843505859375000 HTTP/1.1" 200 - "-" "WordPress/6.9.4; https://articlebinder.com"
192.0.91.228 - - [19/May/2026:22:29:40 +0000] "HEAD / HTTP/1.1" 200 - "-" "jetmon/1.0 (Jetpack Site Uptime Monitor by WordPress.com)"
184.94.212.206 - - [19/May/2026:22:34:42 +0000] "POST /wp-cron.php?doing_wp_cron=1779230082.3330309391021728515625 HTTP/1.1" 200 - "-" "WordPress/6.9.4; https://articlebinder.com"
192.0.91.228 - - [19/May/2026:22:34:41 +0000] "HEAD / HTTP/1.1" 200 - "-" "jetmon/1.0 (Jetpack Site Uptime Monitor by WordPress.com)"
184.94.212.206 - - [19/May/2026:22:39:43 +0000] "POST /wp-cron.php?doing_wp_cron=1779230383.9333510398864746093750 HTTP/1.1" 200 - "-" "WordPress/6.9.4; https://articlebinder.com"
192.0.91.228 - - [19/May/2026:22:39:42 +0000] "HEAD / HTTP/1.1" 200 - "-" "jetmon/1.0 (Jetpack Site Uptime Monitor by WordPress.com)"
184.94.212.206 - - [19/May/2026:22:44:00 +0000] "POST /wp-cron.php?doing_wp_cron=1779230640.2026081085205078125000 HTTP/1.1" 200 - "-" "WordPress/6.9.4; https://articlebinder.com"
40.77.167.203 - - [19/May/2026:22:43:58 +0000] "GET /robots.txt HTTP/1.1" 200 142 "-" "Mozilla/5.0 AppleWebKit/537.36 (KHTML, like Gecko; compatible; bingbot/2.0; +http://www.bing.com/bingbot.htm) Chrome/116.0.1938.76 Safari/537.36"
52.167.144.183 - - [19/May/2026:22:44:02 +0000] "GET /news-sitemap.xml HTTP/1.1" 200 309 "-" "Mozilla/5.0 AppleWebKit/537.36 (KHTML, like Gecko; compatible; bingbot/2.0; +http://www.bing.com/bingbot.htm) Chrome/116.0.1938.76 Safari/537.36"
184.94.212.206 - - [19/May/2026:22:44:41 +0000] "POST /wp-cron.php?doing_wp_cron=1779230681.2621819972991943359375 HTTP/1.1" 200 - "-" "WordPress/6.9.4; https://articlebinder.com"
192.0.91.228 - - [19/May/2026:22:44:40 +0000] "HEAD / HTTP/1.1" 200 - "-" "jetmon/1.0 (Jetpack Site Uptime Monitor by WordPress.com)"
113.174.239.239 - - [19/May/2026:22:45:11 +0000] "GET /blog/tag/emdr-side-effects/ HTTP/1.1" 200 7557 "-" "Mozilla/5.0 (Windows NT 10.0; Win64; x64; rv:130.0) Gecko/20100101 Firefox/130.0"
194.1.205.35 - - [19/May/2026:22:45:56 +0000] "GET /wp-login.php HTTP/1.1" 200 4362 "-" "Mozilla/5.0 (Macintosh; Intel Mac OS X 10_15_7) AppleWebKit/605.1.15 (KHTML, like Gecko) Version/18.3 Safari/605.1.15"
194.1.205.35 - - [19/May/2026:22:45:59 +0000] "POST /wp-login.php HTTP/1.1" 200 4362 "https://articlebinder.com/wp-login.php" "Mozilla/5.0 (Macintosh; Intel Mac OS X 10_15_7) AppleWebKit/605.1.15 (KHTML, like Gecko) Version/18.3 Safari/605.1.15"
173.252.82.19 - - [19/May/2026:22:46:34 +0000] "GET /robots.txt HTTP/1.1" 200 274 "-" "facebookexternalhit/1.1 (+http://www.facebook.com/externalhit_uatext.php)"
40.77.167.235 - - [19/May/2026:22:47:27 +0000] "GET /sitemap.xml HTTP/1.1" 200 209 "-" "Mozilla/5.0 AppleWebKit/537.36 (KHTML, like Gecko; compatible; bingbot/2.0; +http://www.bing.com/bingbot.htm) Chrome/116.0.1938.76 Safari/537.36"
66.249.66.193 - - [19/May/2026:22:47:57 +0000] "GET /robots.txt HTTP/1.1" 200 142 "-" "Mozilla/5.0 (compatible; Googlebot/2.1; +http://www.google.com/bot.html)"
66.249.66.193 - - [19/May/2026:22:47:58 +0000] "GET / HTTP/1.1" 200 9504 "-" "Mozilla/5.0 (compatible; Googlebot/2.1; +http://www.google.com/bot.html)"
66.249.66.193 - - [19/May/2026:22:47:59 +0000] "GET / HTTP/1.1" 200 9504 "-" "Mozilla/5.0 (Linux; Android 6.0.1; Nexus 5X Build/MMB29P) AppleWebKit/537.36 (KHTML, like Gecko) Chrome/99.0.4844.84 Mobile Safari/537.36 (compatible; Googlebot/2.1; +http://www.google.com/bot.html)"
66.249.66.193 - - [19/May/2026:22:48:00 +0000] "GET /wp-content/themes/the-bootstrap-blog/style.css?ver=0.1.4.4 HTTP/1.1" 200 3090 "https://articlebinder.com/" "Mozilla/5.0 (Linux; Android 6.0.1; Nexus 5X Build/MMB29P) AppleWebKit/537.36 (KHTML, like Gecko) Chrome/148.0.7778.96 Mobile Safari/537.36 (compatible; Googlebot/2.1; +http://www.google.com/bot.html)"
66.249.66.193 - - [19/May/2026:22:48:01 +0000] "GET /wp-content/themes/the-bootstrap-blog/inc/bootstrap/js/bootstrap.min.js HTTP/1.1" 200 14934 "https://articlebinder.com/" "Mozilla/5.0 (Linux; Android 6.0.1; Nexus 5X Build/MMB29P) AppleWebKit/537.36 (KHTML, like Gecko) Chrome/148.0.7778.96 Mobile Safari/537.36 (compatible; Googlebot/2.1; +http://www.google.com/bot.html)"
66.249.66.193 - - [19/May/2026:22:48:01 +0000] "GET /wp-content/themes/the-bootstrap-blog/inc/bootstrap/js/popper.min.js HTTP/1.1" 200 6831 "https://articlebinder.com/" "Mozilla/5.0 (Linux; Android 6.0.1; Nexus 5X Build/MMB29P) AppleWebKit/537.36 (KHTML, like Gecko) Chrome/148.0.7778.96 Mobile Safari/537.36 (compatible; Googlebot/2.1; +http://www.google.com/bot.html)"
66.249.66.69 - - [19/May/2026:22:48:02 +0000] "GET /wp-content/themes/the-bootstrap-blog/style.css?ver=0.1.4.4 HTTP/1.1" 200 3090 "https://articlebinder.com/" "Mozilla/5.0 AppleWebKit/537.36 (KHTML, like Gecko; compatible; Googlebot/2.1; +http://www.google.com/bot.html) Chrome/148.0.7778.96 Safari/537.36"
66.249.66.6 - - [19/May/2026:22:48:04 +0000] "GET /wp-content/themes/the-bootstrap-blog/inc/bootstrap/js/bootstrap.min.js HTTP/1.1" 200 14934 "https://articlebinder.com/" "Mozilla/5.0 AppleWebKit/537.36 (KHTML, like Gecko; compatible; Googlebot/2.1; +http://www.google.com/bot.html) Chrome/148.0.7778.96 Safari/537.36"
66.249.66.40 - - [19/May/2026:22:48:05 +0000] "GET /wp-content/themes/the-bootstrap-blog/inc/bootstrap/js/popper.min.js HTTP/1.1" 200 6831 "https://articlebinder.com/" "Mozilla/5.0 AppleWebKit/537.36 (KHTML, like Gecko; compatible; Googlebot/2.1; +http://www.google.com/bot.html) Chrome/148.0.7778.96 Safari/537.36"
66.249.66.193 - - [19/May/2026:22:48:06 +0000] "GET /favicon.ico HTTP/1.1" 302 - "-" "Googlebot-Image/1.0"
40.77.167.203 - - [19/May/2026:22:48:11 +0000] "GET /robots.txt HTTP/1.1" 301 - "-" "Mozilla/5.0 AppleWebKit/537.36 (KHTML, like Gecko; compatible; bingbot/2.0; +http://www.bing.com/bingbot.htm) Chrome/116.0.1938.76 Safari/537.36"
40.77.167.203 - - [19/May/2026:22:48:12 +0000] "GET /robots.txt HTTP/1.1" 200 142 "-" "Mozilla/5.0 AppleWebKit/537.36 (KHTML, like Gecko; compatible; bingbot/2.0; +http://www.bing.com/bingbot.htm) Chrome/116.0.1938.76 Safari/537.36"
184.94.212.206 - - [19/May/2026:22:49:42 +0000] "POST /wp-cron.php?doing_wp_cron=1779230982.2062430381774902343750 HTTP/1.1" 200 - "-" "WordPress/6.9.4; https://articlebinder.com"
192.0.91.228 - - [19/May/2026:22:49:41 +0000] "HEAD / HTTP/1.1" 200 - "-" "jetmon/1.0 (Jetpack Site Uptime Monitor by WordPress.com)"
184.94.212.206 - - [19/May/2026:22:54:40 +0000] "POST /wp-cron.php?doing_wp_cron=1779231280.4476110935211181640625 HTTP/1.1" 200 - "-" "WordPress/6.9.4; https://articlebinder.com"
192.0.91.228 - - [19/May/2026:22:54:39 +0000] "HEAD / HTTP/1.1" 200 - "-" "jetmon/1.0 (Jetpack Site Uptime Monitor by WordPress.com)"
184.94.212.206 - - [19/May/2026:22:59:39 +0000] "POST /wp-cron.php?doing_wp_cron=1779231579.0835340023040771484375 HTTP/1.1" 200 - "-" "WordPress/6.9.4; https://articlebinder.com"
192.0.91.228 - - [19/May/2026:22:59:37 +0000] "HEAD / HTTP/1.1" 200 - "-" "jetmon/1.0 (Jetpack Site Uptime Monitor by WordPress.com)"
184.94.212.206 - - [19/May/2026:23:04:44 +0000] "POST /wp-cron.php?doing_wp_cron=1779231884.9434399604797363281250 HTTP/1.1" 200 - "-" "WordPress/6.9.4; https://articlebinder.com"
192.0.91.228 - - [19/May/2026:23:04:43 +0000] "HEAD / HTTP/1.1" 200 - "-" "jetmon/1.0 (Jetpack Site Uptime Monitor by WordPress.com)"
184.94.212.206 - - [19/May/2026:23:09:40 +0000] "POST /wp-cron.php?doing_wp_cron=1779232180.4029529094696044921875 HTTP/1.1" 200 - "-" "WordPress/6.9.4; https://articlebinder.com"
192.0.91.228 - - [19/May/2026:23:09:39 +0000] "HEAD / HTTP/1.1" 200 - "-" "jetmon/1.0 (Jetpack Site Uptime Monitor by WordPress.com)"
143.244.182.226 - - [19/May/2026:23:09:52 +0000] "GET /wp-login.php HTTP/1.1" 200 4363 "-" "Mozilla/5.0 (Windows NT 10.0; Win64; x64) AppleWebKit/537.36 (KHTML, like Gecko) Chrome/133.0.0.0 Safari/537.36 Edg/133.0.0.0"
143.244.182.226 - - [19/May/2026:23:09:55 +0000] "POST /wp-login.php HTTP/1.1" 200 4363 "https://articlebinder.com/wp-login.php" "Mozilla/5.0 (Windows NT 10.0; Win64; x64) AppleWebKit/537.36 (KHTML, like Gecko) Chrome/133.0.0.0 Safari/537.36 Edg/133.0.0.0"
184.94.212.206 - - [19/May/2026:23:14:42 +0000] "POST /wp-cron.php?doing_wp_cron=1779232482.1872270107269287109375 HTTP/1.1" 200 - "-" "WordPress/6.9.4; https://articlebinder.com"
192.0.91.228 - - [19/May/2026:23:14:40 +0000] "HEAD / HTTP/1.1" 200 - "-" "jetmon/1.0 (Jetpack Site Uptime Monitor by WordPress.com)"
184.94.212.206 - - [19/May/2026:23:19:43 +0000] "POST /wp-cron.php?doing_wp_cron=1779232783.4827780723571777343750 HTTP/1.1" 200 - "-" "WordPress/6.9.4; https://articlebinder.com"
192.0.91.228 - - [19/May/2026:23:19:42 +0000] "HEAD / HTTP/1.1" 200 - "-" "jetmon/1.0 (Jetpack Site Uptime Monitor by WordPress.com)"
184.94.212.206 - - [19/May/2026:23:24:42 +0000] "POST /wp-cron.php?doing_wp_cron=1779233082.1737470626831054687500 HTTP/1.1" 200 - "-" "WordPress/6.9.4; https://articlebinder.com"
192.0.91.228 - - [19/May/2026:23:24:41 +0000] "HEAD / HTTP/1.1" 200 - "-" "jetmon/1.0 (Jetpack Site Uptime Monitor by WordPress.com)"
184.94.212.206 - - [19/May/2026:23:29:41 +0000] "POST /wp-cron.php?doing_wp_cron=1779233381.1056909561157226562500 HTTP/1.1" 200 - "-" "WordPress/6.9.4; https://articlebinder.com"
192.0.91.228 - - [19/May/2026:23:29:39 +0000] "HEAD / HTTP/1.1" 200 - "-" "jetmon/1.0 (Jetpack Site Uptime Monitor by WordPress.com)"
178.104.167.38 - - [19/May/2026:23:33:42 +0000] "GET /wp-login.php HTTP/1.1" 200 4362 "-" "Mozilla/5.0 (Windows NT 10.0; Win64; x64; rv:133.0) Gecko/20100101 Firefox/133.0"
178.104.167.38 - - [19/May/2026:23:33:43 +0000] "POST /wp-login.php HTTP/1.1" 200 4362 "https://articlebinder.com/wp-login.php" "Mozilla/5.0 (Windows NT 10.0; Win64; x64; rv:133.0) Gecko/20100101 Firefox/133.0"
184.94.212.206 - - [19/May/2026:23:34:44 +0000] "POST /wp-cron.php?doing_wp_cron=1779233684.7780849933624267578125 HTTP/1.1" 200 - "-" "WordPress/6.9.4; https://articlebinder.com"
192.0.91.228 - - [19/May/2026:23:34:43 +0000] "HEAD / HTTP/1.1" 200 - "-" "jetmon/1.0 (Jetpack Site Uptime Monitor by WordPress.com)"
57.141.2.53 - - [19/May/2026:23:36:29 +0000] "GET /xmlrpc.php?rsd HTTP/1.1" 404 19917 "-" "meta-externalagent/1.1 (+https://developers.facebook.com/docs/sharing/webmasters/crawler)"
162.241.2.36 - - [19/May/2026:23:36:36 +0000] "GET /wp-login.php HTTP/1.1" 200 4361 "-" "Mozilla/5.0 (Windows NT 10.0; Win64; x64) AppleWebKit/537.36 (KHTML, like Gecko) Chrome/120.0.0.0 Safari/537.36"
184.94.212.206 - - [19/May/2026:23:39:43 +0000] "POST /wp-cron.php?doing_wp_cron=1779233983.0208210945129394531250 HTTP/1.1" 200 - "-" "WordPress/6.9.4; https://articlebinder.com"
192.0.91.228 - - [19/May/2026:23:39:41 +0000] "HEAD / HTTP/1.1" 200 - "-" "jetmon/1.0 (Jetpack Site Uptime Monitor by WordPress.com)"
184.94.212.206 - - [19/May/2026:23:44:40 +0000] "POST /wp-cron.php?doing_wp_cron=1779234280.8125391006469726562500 HTTP/1.1" 200 - "-" "WordPress/6.9.4; https://articlebinder.com"
192.0.91.228 - - [19/May/2026:23:44:39 +0000] "HEAD / HTTP/1.1" 200 - "-" "jetmon/1.0 (Jetpack Site Uptime Monitor by WordPress.com)"
184.94.212.206 - - [19/May/2026:23:49:41 +0000] "POST /wp-cron.php?doing_wp_cron=1779234581.2707469463348388671875 HTTP/1.1" 200 - "-" "WordPress/6.9.4; https://articlebinder.com"
192.0.91.228 - - [19/May/2026:23:49:40 +0000] "HEAD / HTTP/1.1" 200 - "-" "jetmon/1.0 (Jetpack Site Uptime Monitor by WordPress.com)"
185.61.152.44 - - [19/May/2026:23:50:18 +0000] "GET /wp-login.php HTTP/1.1" 200 4360 "-" "Mozilla/5.0 (Windows NT 10.0; Win64; x64) AppleWebKit/537.36 (KHTML, like Gecko) Chrome/120.0.0.0 Safari/537.36"
184.94.212.206 - - [19/May/2026:23:54:40 +0000] "POST /wp-cron.php?doing_wp_cron=1779234880.4000790119171142578125 HTTP/1.1" 200 - "-" "WordPress/6.9.4; https://articlebinder.com"
192.0.91.228 - - [19/May/2026:23:54:39 +0000] "HEAD / HTTP/1.1" 200 - "-" "jetmon/1.0 (Jetpack Site Uptime Monitor by WordPress.com)"
66.102.135.126 - - [19/May/2026:23:59:07 +0000] "GET /wp-login.php HTTP/1.1" 200 4363 "-" "Mozilla/5.0 (Macintosh; Intel Mac OS X 14_7_4) AppleWebKit/537.36 (KHTML, like Gecko) Chrome/133.0.0.0 Safari/537.36"
184.94.212.206 - - [19/May/2026:23:59:26 +0000] "POST /wp-cron.php?doing_wp_cron=1779235166.3854510784149169921875 HTTP/1.1" 200 - "-" "WordPress/6.9.4; https://articlebinder.com"
66.102.135.126 - - [19/May/2026:23:59:25 +0000] "GET /wp-json/wp/v2/users/me HTTP/1.1" 401 102 "-" "Mozilla/5.0 (Macintosh; Intel Mac OS X 14_7_4) AppleWebKit/537.36 (KHTML, like Gecko) Chrome/133.0.0.0 Safari/537.36"
184.94.212.206 - - [19/May/2026:23:59:44 +0000] "POST /wp-cron.php?doing_wp_cron=1779235184.5061669349670410156250 HTTP/1.1" 200 - "-" "WordPress/6.9.4; https://articlebinder.com"
192.0.91.228 - - [19/May/2026:23:59:43 +0000] "HEAD / HTTP/1.1" 200 - "-" "jetmon/1.0 (Jetpack Site Uptime Monitor by WordPress.com)"
184.94.212.206 - - [20/May/2026:00:04:40 +0000] "POST /wp-cron.php?doing_wp_cron=1779235480.6227560043334960937500 HTTP/1.1" 200 - "-" "WordPress/6.9.4; https://articlebinder.com"
192.0.91.228 - - [20/May/2026:00:04:39 +0000] "HEAD / HTTP/1.1" 200 - "-" "jetmon/1.0 (Jetpack Site Uptime Monitor by WordPress.com)"
49.51.183.75 - - [20/May/2026:00:08:32 +0000] "GET /blog/self-reflection/trackback/ HTTP/1.1" 302 - "-" "Mozilla/5.0 (iPhone; CPU iPhone OS 13_2_3 like Mac OS X) AppleWebKit/605.1.15 (KHTML, like Gecko) Version/13.0.3 Mobile/15E148 Safari/604.1"
49.51.183.75 - - [20/May/2026:00:08:34 +0000] "GET /blog/self-reflection/ HTTP/1.1" 200 12638 "https://articlebinder.com/blog/self-reflection/trackback/" "Mozilla/5.0 (iPhone; CPU iPhone OS 13_2_3 like Mac OS X) AppleWebKit/605.1.15 (KHTML, like Gecko) Version/13.0.3 Mobile/15E148 Safari/604.1"
184.94.212.206 - - [20/May/2026:00:09:41 +0000] "POST /wp-cron.php?doing_wp_cron=1779235781.5387430191040039062500 HTTP/1.1" 200 - "-" "WordPress/6.9.4; https://articlebinder.com"
192.0.91.228 - - [20/May/2026:00:09:40 +0000] "HEAD / HTTP/1.1" 200 - "-" "jetmon/1.0 (Jetpack Site Uptime Monitor by WordPress.com)"
184.94.212.206 - - [20/May/2026:00:14:28 +0000] "POST /wp-cron.php?doing_wp_cron=1779236068.5935149192810058593750 HTTP/1.1" 200 - "-" "WordPress/6.9.4; https://articlebinder.com"
43.167.245.18 - - [20/May/2026:00:14:27 +0000] "GET /blog/emdr-side-effects/ HTTP/1.1" 200 21146 "-" "Mozilla/5.0 (iPhone; CPU iPhone OS 13_2_3 like Mac OS X) AppleWebKit/605.1.15 (KHTML, like Gecko) Version/13.0.3 Mobile/15E148 Safari/604.1"
184.94.212.206 - - [20/May/2026:00:14:39 +0000] "POST /wp-cron.php?doing_wp_cron=1779236079.7962930202484130859375 HTTP/1.1" 200 - "-" "WordPress/6.9.4; https://articlebinder.com"
192.0.91.228 - - [20/May/2026:00:14:39 +0000] "HEAD / HTTP/1.1" 200 - "-" "jetmon/1.0 (Jetpack Site Uptime Monitor by WordPress.com)"
45.154.98.88 - - [20/May/2026:00:17:32 +0000] "GET /wp-content/themes/seotheme/db.php?u HTTP/1.1" 404 19938 "www.google.com" "Mozlila/5.0 (Linux; Android 7.0; SM-G892A Bulid/NRD90M; wv) AppleWebKit/537.36 (KHTML, like Gecko) Version/4.0 Chrome/60.0.3112.107 Moblie Safari/537.36"
45.154.98.88 - - [20/May/2026:00:17:33 +0000] "POST /wp-plain.php HTTP/1.1" 404 19842 "www.google.com" "Mozilla/5.0 (Linux; Android 7.0; SM-G892A Bulid/NRD90M; wv) AppleWebKit/537.36 (KHTML, like Gecko) Version/4.0 Chrome/60.0.3112.107 Moblie Safari/537.36"
45.154.98.88 - - [20/May/2026:00:17:34 +0000] "GET /snsqaggx.php?Fox=d3wL7 HTTP/1.1" 404 19925 "www.google.com" "Mozilla/5.0 (Linux; Android 7.0; SM-G892A Bulid/NRD90M; wv) AppleWebKit/537.36 (KHTML, like Gecko) Version/4.0 Chrome/60.0.3112.107 Moblie Safari/537.36"
184.94.212.206 - - [20/May/2026:00:19:43 +0000] "POST /wp-cron.php?doing_wp_cron=1779236383.3121678829193115234375 HTTP/1.1" 200 - "-" "WordPress/6.9.4; https://articlebinder.com"
192.0.91.228 - - [20/May/2026:00:19:42 +0000] "HEAD / HTTP/1.1" 200 - "-" "jetmon/1.0 (Jetpack Site Uptime Monitor by WordPress.com)"
184.94.212.206 - - [20/May/2026:00:22:15 +0000] "POST /wp-cron.php?doing_wp_cron=1779236535.2870090007781982421875 HTTP/1.1" 200 - "-" "WordPress/6.9.4; https://articlebinder.com"
103.168.66.141 - - [20/May/2026:00:22:14 +0000] "POST / HTTP/1.1" 200 9458 "-" "Mozilla/5.0 (Windows NT 10.0; Win64; x64) AppleWebKit/537.36"
103.168.66.141 - - [20/May/2026:00:22:15 +0000] "POST / HTTP/1.1" 200 9458 "-" "Mozilla/5.0 (Windows NT 10.0; Win64; x64) AppleWebKit/537.36"
184.94.212.206 - - [20/May/2026:00:23:50 +0000] "POST /wp-cron.php?doing_wp_cron=1779236630.3956730365753173828125 HTTP/1.1" 200 - "-" "WordPress/6.9.4; https://articlebinder.com"
114.119.135.35 - - [20/May/2026:00:23:49 +0000] "GET / HTTP/1.1" 200 9504 "https://articlebinder.com/" "Mozilla/5.0 (Linux; Android 7.0;) AppleWebKit/537.36 (HTML, like Gecko) Mobile Safari/537.36 (compatible; PetalBot;+https://webmaster.petalsearch.com/site/petalbot)"
184.94.212.206 - - [20/May/2026:00:24:44 +0000] "POST /wp-cron.php?doing_wp_cron=1779236684.4466159343719482421875 HTTP/1.1" 200 - "-" "WordPress/6.9.4; https://articlebinder.com"
192.0.91.228 - - [20/May/2026:00:24:43 +0000] "HEAD / HTTP/1.1" 200 - "-" "jetmon/1.0 (Jetpack Site Uptime Monitor by WordPress.com)"
43.157.95.131 - - [20/May/2026:00:26:05 +0000] "GET /blog/emdr-side-effects/trackback/ HTTP/1.1" 302 - "-" "Mozilla/5.0 (iPhone; CPU iPhone OS 13_2_3 like Mac OS X) AppleWebKit/605.1.15 (KHTML, like Gecko) Version/13.0.3 Mobile/15E148 Safari/604.1"
43.157.95.131 - - [20/May/2026:00:26:09 +0000] "GET /blog/emdr-side-effects/ HTTP/1.1" 200 21146 "https://articlebinder.com/blog/emdr-side-effects/trackback/" "Mozilla/5.0 (iPhone; CPU iPhone OS 13_2_3 like Mac OS X) AppleWebKit/605.1.15 (KHTML, like Gecko) Version/13.0.3 Mobile/15E148 Safari/604.1"
209.235.136.146 - - [20/May/2026:00:27:12 +0000] "GET /wp-login.php HTTP/1.1" 200 4365 "-" "Mozilla/5.0 (X11; Linux x86_64) AppleWebKit/537.36 (KHTML, like Gecko) Chrome/133.0.0.0 Safari/537.36"
209.235.136.146 - - [20/May/2026:00:27:14 +0000] "POST /wp-login.php HTTP/1.1" 200 4365 "https://articlebinder.com/wp-login.php" "Mozilla/5.0 (X11; Linux x86_64) AppleWebKit/537.36 (KHTML, like Gecko) Chrome/133.0.0.0 Safari/537.36"
184.94.212.206 - - [20/May/2026:00:29:39 +0000] "POST /wp-cron.php?doing_wp_cron=1779236979.7482678890228271484375 HTTP/1.1" 200 - "-" "WordPress/6.9.4; https://articlebinder.com"
192.0.91.228 - - [20/May/2026:00:29:38 +0000] "HEAD / HTTP/1.1" 200 - "-" "jetmon/1.0 (Jetpack Site Uptime Monitor by WordPress.com)"
202.76.171.58 - - [20/May/2026:00:29:51 +0000] "GET /blog/emdr-side-effects/ HTTP/1.1" 200 21146 "-" "Mozilla/5.0 (Macintosh; Intel Mac OS X 12.3; rv:131.0) Gecko/20100101 Firefox/131.0"
184.94.212.206 - - [20/May/2026:00:34:40 +0000] "POST /wp-cron.php?doing_wp_cron=1779237280.7464039325714111328125 HTTP/1.1" 200 - "-" "WordPress/6.9.4; https://articlebinder.com"
192.0.91.228 - - [20/May/2026:00:34:39 +0000] "HEAD / HTTP/1.1" 200 - "-" "jetmon/1.0 (Jetpack Site Uptime Monitor by WordPress.com)"
104.248.211.93 - - [20/May/2026:00:35:50 +0000] "GET / HTTP/1.1" 200 9504 "-" "Mozilla/5.0 (X11; Linux x86_64) AppleWebKit/537.36 (KHTML, like Gecko) Chrome/55.0.2883.87 Safari/537.36"
43.135.182.43 - - [20/May/2026:00:36:39 +0000] "GET /blog/ HTTP/1.1" 200 8851 "-" "Mozilla/5.0 (iPhone; CPU iPhone OS 13_2_3 like Mac OS X) AppleWebKit/605.1.15 (KHTML, like Gecko) Version/13.0.3 Mobile/15E148 Safari/604.1"
184.94.212.206 - - [20/May/2026:00:39:42 +0000] "POST /wp-cron.php?doing_wp_cron=1779237582.3003189563751220703125 HTTP/1.1" 200 - "-" "WordPress/6.9.4; https://articlebinder.com"
192.0.91.228 - - [20/May/2026:00:39:41 +0000] "HEAD / HTTP/1.1" 200 - "-" "jetmon/1.0 (Jetpack Site Uptime Monitor by WordPress.com)"
184.94.212.206 - - [20/May/2026:00:44:43 +0000] "POST /wp-cron.php?doing_wp_cron=1779237883.2489840984344482421875 HTTP/1.1" 200 - "-" "WordPress/6.9.4; https://articlebinder.com"
192.0.91.228 - - [20/May/2026:00:44:42 +0000] "HEAD / HTTP/1.1" 200 - "-" "jetmon/1.0 (Jetpack Site Uptime Monitor by WordPress.com)"
43.157.174.69 - - [20/May/2026:00:45:18 +0000] "GET /blog/self-reflection/ HTTP/1.1" 200 12638 "-" "Mozilla/5.0 (iPhone; CPU iPhone OS 13_2_3 like Mac OS X) AppleWebKit/605.1.15 (KHTML, like Gecko) Version/13.0.3 Mobile/15E148 Safari/604.1"
184.94.212.206 - - [20/May/2026:00:49:41 +0000] "POST /wp-cron.php?doing_wp_cron=1779238181.6681120395660400390625 HTTP/1.1" 200 - "-" "WordPress/6.9.4; https://articlebinder.com"
192.0.91.228 - - [20/May/2026:00:49:40 +0000] "HEAD / HTTP/1.1" 200 - "-" "jetmon/1.0 (Jetpack Site Uptime Monitor by WordPress.com)"
184.94.212.206 - - [20/May/2026:00:54:41 +0000] "POST /wp-cron.php?doing_wp_cron=1779238481.7243039608001708984375 HTTP/1.1" 200 - "-" "WordPress/6.9.4; https://articlebinder.com"
192.0.91.228 - - [20/May/2026:00:54:40 +0000] "HEAD / HTTP/1.1" 200 - "-" "jetmon/1.0 (Jetpack Site Uptime Monitor by WordPress.com)"
43.134.98.88 - - [20/May/2026:00:54:55 +0000] "GET /blog/category/general/ HTTP/1.1" 200 8107 "-" "Mozilla/5.0 (iPhone; CPU iPhone OS 13_2_3 like Mac OS X) AppleWebKit/605.1.15 (KHTML, like Gecko) Version/13.0.3 Mobile/15E148 Safari/604.1"
184.94.212.206 - - [20/May/2026:00:59:41 +0000] "POST /wp-cron.php?doing_wp_cron=1779238781.7404301166534423828125 HTTP/1.1" 200 - "-" "WordPress/6.9.4; https://articlebinder.com"
192.0.91.228 - - [20/May/2026:00:59:40 +0000] "HEAD / HTTP/1.1" 200 - "-" "jetmon/1.0 (Jetpack Site Uptime Monitor by WordPress.com)"
57.131.49.16 - - [20/May/2026:00:59:53 +0000] "GET /privacy-policy/ HTTP/1.1" 200 11621 "-" "Mozilla/5.0 (Macintosh; Intel Mac OS X 13_3_0) AppleWebKit/537.36 (KHTML, like Gecko) Chrome/128.0.6613.84 Safari/537.36"
46.101.111.185 - - [20/May/2026:01:02:04 +0000] "GET / HTTP/1.1" 500 2508 "-" "Mozilla/5.0 (l9scan/2.0.630323e2231323e24393e2438313; +https://leakix.net)"
139.59.143.102 - - [20/May/2026:01:02:05 +0000] "GET / HTTP/1.1" 500 2508 "-" "Mozilla/5.0 (l9scan/2.0.630323e2231323e24393e2438313; +https://leakix.net)"
23.234.82.218 - - [20/May/2026:01:02:02 +0000] "GET / HTTP/1.1" 500 1046 "-" "Mozilla/5.0 (Macintosh; Intel Mac OS X 10_15_7) AppleWebKit/537.36 (KHTML, like Gecko) Chrome/146.0.0.0 Safari/537.36"
184.94.212.206 - - [20/May/2026:01:04:29 +0000] "POST /wp-cron.php?doing_wp_cron=1779239069.8409581184387207031250 HTTP/1.1" 200 - "-" "WordPress/6.9.4; https://articlebinder.com"
104.164.126.136 - - [20/May/2026:01:04:21 +0000] "GET / HTTP/1.1" 200 9503 "-" "Mozilla/5.0 (X11; Linux x86_64) AppleWebKit/537.36 (KHTML, like Gecko) Chrome/130.0.0.0 Safari/537.36"
103.196.9.50 - - [20/May/2026:01:04:23 +0000] "GET / HTTP/1.1" 200 9503 "-" "Mozilla/5.0 (Macintosh; Intel Mac OS X 10_15_7) AppleWebKit/537.36 (KHTML, like Gecko) Chrome/130.0.0.0 Safari/537.36"
184.94.212.206 - - [20/May/2026:01:04:40 +0000] "POST /wp-cron.php?doing_wp_cron=1779239080.0669579505920410156250 HTTP/1.1" 200 - "-" "WordPress/6.9.4; https://articlebinder.com"
192.0.91.228 - - [20/May/2026:01:04:39 +0000] "HEAD / HTTP/1.1" 200 - "-" "jetmon/1.0 (Jetpack Site Uptime Monitor by WordPress.com)"
43.130.12.43 - - [20/May/2026:01:05:17 +0000] "GET /blog/self-reflection/?share=linkedin HTTP/1.1" 302 - "-" "Mozilla/5.0 (iPhone; CPU iPhone OS 13_2_3 like Mac OS X) AppleWebKit/605.1.15 (KHTML, like Gecko) Version/13.0.3 Mobile/15E148 Safari/604.1"
184.94.212.206 - - [20/May/2026:01:09:40 +0000] "POST /wp-cron.php?doing_wp_cron=1779239380.8685760498046875000000 HTTP/1.1" 200 - "-" "WordPress/6.9.4; https://articlebinder.com"
192.0.91.228 - - [20/May/2026:01:09:39 +0000] "HEAD / HTTP/1.1" 200 - "-" "jetmon/1.0 (Jetpack Site Uptime Monitor by WordPress.com)"
184.94.212.206 - - [20/May/2026:01:14:39 +0000] "POST /wp-cron.php?doing_wp_cron=1779239679.6688609123229980468750 HTTP/1.1" 200 - "-" "WordPress/6.9.4; https://articlebinder.com"
192.0.91.228 - - [20/May/2026:01:14:38 +0000] "HEAD / HTTP/1.1" 200 - "-" "jetmon/1.0 (Jetpack Site Uptime Monitor by WordPress.com)"
43.153.74.75 - - [20/May/2026:01:15:42 +0000] "GET /blog/category/mental-health/ HTTP/1.1" 200 8055 "-" "Mozilla/5.0 (iPhone; CPU iPhone OS 13_2_3 like Mac OS X) AppleWebKit/605.1.15 (KHTML, like Gecko) Version/13.0.3 Mobile/15E148 Safari/604.1"
184.94.212.206 - - [20/May/2026:01:19:42 +0000] "POST /wp-cron.php?doing_wp_cron=1779239982.3323609828948974609375 HTTP/1.1" 200 - "-" "WordPress/6.9.4; https://articlebinder.com"
192.0.91.228 - - [20/May/2026:01:19:41 +0000] "HEAD / HTTP/1.1" 200 - "-" "jetmon/1.0 (Jetpack Site Uptime Monitor by WordPress.com)"
107.172.195.202 - - [20/May/2026:01:20:33 +0000] "GET / HTTP/1.1" 200 9504 "-" "Mozilla/5.0 (X11; Linux x86_64) AppleWebKit/537.36 (KHTML, like Gecko) Chrome/131.0.0.0 Safari/537.36"
154.28.229.71 - - [20/May/2026:01:20:44 +0000] "GET / HTTP/1.1" 200 9504 "-" "Mozilla/5.0 (Macintosh; Intel Mac OS X 10_15_7) AppleWebKit/537.36 (KHTML, like Gecko) Chrome/130.0.0.0 Safari/537.36"
154.28.229.71 - - [20/May/2026:01:20:49 +0000] "GET / HTTP/1.1" 200 9504 "-" "Mozilla/5.0 (Macintosh; Intel Mac OS X 10_15_7) AppleWebKit/537.36 (KHTML, like Gecko) Chrome/130.0.0.0 Safari/537.36"
184.94.212.206 - - [20/May/2026:01:20:50 +0000] "POST /wp-cron.php?doing_wp_cron=1779240050.5922789573669433593750 HTTP/1.1" 200 - "-" "WordPress/6.9.4; https://articlebinder.com"
154.28.229.71 - - [20/May/2026:01:20:49 +0000] "GET /feed/ HTTP/1.1" 200 1798 "-" "Mozilla/5.0 (Macintosh; Intel Mac OS X 10_15_7) AppleWebKit/537.36 (KHTML, like Gecko) Chrome/130.0.0.0 Safari/537.36"
154.28.229.71 - - [20/May/2026:01:20:50 +0000] "GET /comments/feed/ HTTP/1.1" 200 424 "-" "Mozilla/5.0 (Macintosh; Intel Mac OS X 10_15_7) AppleWebKit/537.36 (KHTML, like Gecko) Chrome/130.0.0.0 Safari/537.36"
154.28.229.71 - - [20/May/2026:01:20:51 +0000] "GET /wp-json/ HTTP/1.1" 200 33887 "-" "Mozilla/5.0 (Macintosh; Intel Mac OS X 10_15_7) AppleWebKit/537.36 (KHTML, like Gecko) Chrome/130.0.0.0 Safari/537.36"
154.28.229.71 - - [20/May/2026:01:20:52 +0000] "GET /xmlrpc.php?rsd HTTP/1.1" 404 5399 "-" "Mozilla/5.0 (Macintosh; Intel Mac OS X 10_15_7) AppleWebKit/537.36 (KHTML, like Gecko) Chrome/130.0.0.0 Safari/537.36"
154.28.229.71 - - [20/May/2026:01:20:53 +0000] "GET /blog/self-reflection/ HTTP/1.1" 200 12638 "-" "Mozilla/5.0 (Macintosh; Intel Mac OS X 10_15_7) AppleWebKit/537.36 (KHTML, like Gecko) Chrome/130.0.0.0 Safari/537.36"
154.28.229.71 - - [20/May/2026:01:20:54 +0000] "GET /blog/business-intelligence/ HTTP/1.1" 200 17161 "-" "Mozilla/5.0 (Macintosh; Intel Mac OS X 10_15_7) AppleWebKit/537.36 (KHTML, like Gecko) Chrome/130.0.0.0 Safari/537.36"
154.28.229.71 - - [20/May/2026:01:20:55 +0000] "GET /blog/emdr-side-effects/ HTTP/1.1" 200 21146 "-" "Mozilla/5.0 (Macintosh; Intel Mac OS X 10_15_7) AppleWebKit/537.36 (KHTML, like Gecko) Chrome/130.0.0.0 Safari/537.36"
154.28.229.71 - - [20/May/2026:01:20:56 +0000] "GET /blog/self-publishing/ HTTP/1.1" 200 10584 "-" "Mozilla/5.0 (Macintosh; Intel Mac OS X 10_15_7) AppleWebKit/537.36 (KHTML, like Gecko) Chrome/130.0.0.0 Safari/537.36"
154.28.229.71 - - [20/May/2026:01:20:57 +0000] "GET /home/ HTTP/1.1" 200 8879 "-" "Mozilla/5.0 (Macintosh; Intel Mac OS X 10_15_7) AppleWebKit/537.36 (KHTML, like Gecko) Chrome/130.0.0.0 Safari/537.36"
154.28.229.71 - - [20/May/2026:01:20:58 +0000] "GET /blog/ HTTP/1.1" 200 8850 "-" "Mozilla/5.0 (Macintosh; Intel Mac OS X 10_15_7) AppleWebKit/537.36 (KHTML, like Gecko) Chrome/130.0.0.0 Safari/537.36"
154.28.229.71 - - [20/May/2026:01:20:59 +0000] "GET /wp-includes/js/wp-emoji-release.min.js?ver=6.9.4 HTTP/1.1" 200 5375 "-" "Mozilla/5.0 (Macintosh; Intel Mac OS X 10_15_7) AppleWebKit/537.36 (KHTML, like Gecko) Chrome/130.0.0.0 Safari/537.36"
154.28.229.71 - - [20/May/2026:01:20:59 +0000] "GET /wp-content/themes/the-bootstrap-blog/inc/bootstrap/js/popper.min.js HTTP/1.1" 200 6831 "-" "Mozilla/5.0 (Macintosh; Intel Mac OS X 10_15_7) AppleWebKit/537.36 (KHTML, like Gecko) Chrome/130.0.0.0 Safari/537.36"
154.28.229.71 - - [20/May/2026:01:20:59 +0000] "GET /wp-content/themes/the-bootstrap-blog/inc/bootstrap/js/bootstrap.min.js HTTP/1.1" 200 14934 "-" "Mozilla/5.0 (Macintosh; Intel Mac OS X 10_15_7) AppleWebKit/537.36 (KHTML, like Gecko) Chrome/130.0.0.0 Safari/537.36"
154.28.229.71 - - [20/May/2026:01:21:00 +0000] "GET /wp-json/oembed/1.0/embed?url=https://articlebinder.com/blog/self-reflection/ HTTP/1.1" 200 1171 "-" "Mozilla/5.0 (Macintosh; Intel Mac OS X 10_15_7) AppleWebKit/537.36 (KHTML, like Gecko) Chrome/130.0.0.0 Safari/537.36"
154.28.229.71 - - [20/May/2026:01:21:01 +0000] "GET /wp-json/oembed/1.0/embed?url=https://articlebinder.com/blog/self-reflection/&format=xml HTTP/1.1" 200 1213 "-" "Mozilla/5.0 (Macintosh; Intel Mac OS X 10_15_7) AppleWebKit/537.36 (KHTML, like Gecko) Chrome/130.0.0.0 Safari/537.36"
154.28.229.71 - - [20/May/2026:01:21:02 +0000] "GET /wp-json/wp/v2/posts/322 HTTP/1.1" 200 5932 "-" "Mozilla/5.0 (Macintosh; Intel Mac OS X 10_15_7) AppleWebKit/537.36 (KHTML, like Gecko) Chrome/130.0.0.0 Safari/537.36"
154.28.229.71 - - [20/May/2026:01:21:02 +0000] "GET /blog/self-reflection/?share=twitter HTTP/1.1" 302 - "-" "Mozilla/5.0 (Macintosh; Intel Mac OS X 10_15_7) AppleWebKit/537.36 (KHTML, like Gecko) Chrome/130.0.0.0 Safari/537.36"
154.28.229.71 - - [20/May/2026:01:21:03 +0000] "GET /blog/self-reflection/?share=jetpack-whatsapp HTTP/1.1" 302 - "-" "Mozilla/5.0 (Macintosh; Intel Mac OS X 10_15_7) AppleWebKit/537.36 (KHTML, like Gecko) Chrome/130.0.0.0 Safari/537.36"
154.28.229.71 - - [20/May/2026:01:21:03 +0000] "GET /blog/self-reflection/?share=reddit HTTP/1.1" 302 - "-" "Mozilla/5.0 (Macintosh; Intel Mac OS X 10_15_7) AppleWebKit/537.36 (KHTML, like Gecko) Chrome/130.0.0.0 Safari/537.36"
154.28.229.71 - - [20/May/2026:01:21:03 +0000] "GET /blog/self-reflection/?share=pinterest HTTP/1.1" 302 - "-" "Mozilla/5.0 (Macintosh; Intel Mac OS X 10_15_7) AppleWebKit/537.36 (KHTML, like Gecko) Chrome/130.0.0.0 Safari/537.36"
154.28.229.71 - - [20/May/2026:01:21:03 +0000] "GET /home/?share=twitter HTTP/1.1" 302 - "-" "Mozilla/5.0 (Macintosh; Intel Mac OS X 10_15_7) AppleWebKit/537.36 (KHTML, like Gecko) Chrome/130.0.0.0 Safari/537.36"
154.28.229.71 - - [20/May/2026:01:21:03 +0000] "GET /home/?share=tumblr HTTP/1.1" 302 - "-" "Mozilla/5.0 (Macintosh; Intel Mac OS X 10_15_7) AppleWebKit/537.36 (KHTML, like Gecko) Chrome/130.0.0.0 Safari/537.36"
154.28.229.71 - - [20/May/2026:01:21:03 +0000] "GET /blog/category/general/ HTTP/1.1" 200 8107 "-" "Mozilla/5.0 (Macintosh; Intel Mac OS X 10_15_7) AppleWebKit/537.36 (KHTML, like Gecko) Chrome/130.0.0.0 Safari/537.36"
154.28.229.71 - - [20/May/2026:01:21:03 +0000] "GET /blog/self-reflection/?share=linkedin HTTP/1.1" 302 - "-" "Mozilla/5.0 (Macintosh; Intel Mac OS X 10_15_7) AppleWebKit/537.36 (KHTML, like Gecko) Chrome/130.0.0.0 Safari/537.36"
154.28.229.71 - - [20/May/2026:01:21:03 +0000] "GET /wp-json/oembed/1.0/embed?url=https://articlebinder.com/home/&format=xml HTTP/1.1" 200 1121 "-" "Mozilla/5.0 (Macintosh; Intel Mac OS X 10_15_7) AppleWebKit/537.36 (KHTML, like Gecko) Chrome/130.0.0.0 Safari/537.36"
154.28.229.71 - - [20/May/2026:01:21:03 +0000] "GET /blog/self-reflection/?share=facebook HTTP/1.1" 302 - "-" "Mozilla/5.0 (Macintosh; Intel Mac OS X 10_15_7) AppleWebKit/537.36 (KHTML, like Gecko) Chrome/130.0.0.0 Safari/537.36"
154.28.229.71 - - [20/May/2026:01:21:03 +0000] "GET /home/?share=pinterest HTTP/1.1" 302 - "-" "Mozilla/5.0 (Macintosh; Intel Mac OS X 10_15_7) AppleWebKit/537.36 (KHTML, like Gecko) Chrome/130.0.0.0 Safari/537.36"
154.28.229.71 - - [20/May/2026:01:21:03 +0000] "GET /home/?share=facebook HTTP/1.1" 302 - "-" "Mozilla/5.0 (Macintosh; Intel Mac OS X 10_15_7) AppleWebKit/537.36 (KHTML, like Gecko) Chrome/130.0.0.0 Safari/537.36"
154.28.229.71 - - [20/May/2026:01:21:03 +0000] "GET /wp-json/oembed/1.0/embed?url=https://articlebinder.com/home/ HTTP/1.1" 200 1090 "-" "Mozilla/5.0 (Macintosh; Intel Mac OS X 10_15_7) AppleWebKit/537.36 (KHTML, like Gecko) Chrome/130.0.0.0 Safari/537.36"
154.28.229.71 - - [20/May/2026:01:21:03 +0000] "GET /blog/self-reflection/?share=tumblr HTTP/1.1" 302 - "-" "Mozilla/5.0 (Macintosh; Intel Mac OS X 10_15_7) AppleWebKit/537.36 (KHTML, like Gecko) Chrome/130.0.0.0 Safari/537.36"
154.28.229.71 - - [20/May/2026:01:21:04 +0000] "GET /home/?share=jetpack-whatsapp HTTP/1.1" 302 - "-" "Mozilla/5.0 (Macintosh; Intel Mac OS X 10_15_7) AppleWebKit/537.36 (KHTML, like Gecko) Chrome/130.0.0.0 Safari/537.36"
154.28.229.71 - - [20/May/2026:01:21:03 +0000] "GET /wp-json/wp/v2/pages/2 HTTP/1.1" 200 2174 "-" "Mozilla/5.0 (Macintosh; Intel Mac OS X 10_15_7) AppleWebKit/537.36 (KHTML, like Gecko) Chrome/130.0.0.0 Safari/537.36"
184.94.212.206 - - [20/May/2026:01:24:51 +0000] "POST /wp-cron.php?doing_wp_cron=1779240291.0465059280395507812500 HTTP/1.1" 200 - "-" "WordPress/6.9.4; https://articlebinder.com"
192.0.91.228 - - [20/May/2026:01:24:49 +0000] "HEAD / HTTP/1.1" 200 - "-" "jetmon/1.0 (Jetpack Site Uptime Monitor by WordPress.com)"
103.168.66.141 - - [20/May/2026:01:25:57 +0000] "POST / HTTP/1.1" 200 9458 "-" "Mozilla/5.0 (Windows NT 10.0; Win64; x64) AppleWebKit/537.36"
103.168.66.141 - - [20/May/2026:01:25:57 +0000] "POST / HTTP/1.1" 200 9456 "-" "Mozilla/5.0 (Windows NT 10.0; Win64; x64) AppleWebKit/537.36"
103.168.66.141 - - [20/May/2026:01:25:58 +0000] "POST / HTTP/1.1" 200 9458 "-" "Mozilla/5.0 (Windows NT 10.0; Win64; x64) AppleWebKit/537.36"
103.168.66.141 - - [20/May/2026:01:25:59 +0000] "POST / HTTP/1.1" 200 9456 "-" "Mozilla/5.0 (Windows NT 10.0; Win64; x64) AppleWebKit/537.36"
125.163.55.117 - - [20/May/2026:01:26:30 +0000] "GET / HTTP/1.1" 200 9504 "-" "Mozilla/5.0 (Macintosh; Intel Mac OS X 12_3_1) AppleWebKit/537.36 (KHTML, like Gecko) Chrome/124.0.6367.155 Safari/537.36"
43.164.194.198 - - [20/May/2026:01:27:29 +0000] "GET /blog/self-publishing/ HTTP/1.1" 200 10584 "-" "Mozilla/5.0 (iPhone; CPU iPhone OS 13_2_3 like Mac OS X) AppleWebKit/605.1.15 (KHTML, like Gecko) Version/13.0.3 Mobile/15E148 Safari/604.1"
184.94.212.206 - - [20/May/2026:01:29:42 +0000] "POST /wp-cron.php?doing_wp_cron=1779240582.6196699142456054687500 HTTP/1.1" 200 - "-" "WordPress/6.9.4; https://articlebinder.com"
91.231.89.99 - - [20/May/2026:01:29:41 +0000] "GET / HTTP/1.1" 200 38932 "-" "Mozilla/5.0 (X11; Ubuntu; Linux x86_64; rv:134.0) Gecko/20100101 Firefox/134.0"
192.0.91.228 - - [20/May/2026:01:29:44 +0000] "HEAD / HTTP/1.1" 200 - "-" "jetmon/1.0 (Jetpack Site Uptime Monitor by WordPress.com)"
91.231.89.21 - - [20/May/2026:01:30:45 +0000] "GET /wp-json/ HTTP/1.1" 200 438919 "-" "Mozilla/5.0 (X11; Ubuntu; Linux x86_64; rv:134.0) Gecko/20100101 Firefox/134.0"
91.231.89.123 - - [20/May/2026:01:33:42 +0000] "GET / HTTP/1.1" 200 38877 "-" "Mozilla/5.0 (X11; Ubuntu; Linux x86_64; rv:134.0) Gecko/20100101 Firefox/134.0"
184.94.212.206 - - [20/May/2026:01:34:11 +0000] "POST /wp-cron.php?doing_wp_cron=1779240851.2384409904479980468750 HTTP/1.1" 200 - "-" "WordPress/6.9.4; https://articlebinder.com"
91.231.89.124 - - [20/May/2026:01:34:10 +0000] "GET /wp-json/ HTTP/1.1" 200 438919 "-" "Mozilla/5.0 (X11; Ubuntu; Linux x86_64; rv:134.0) Gecko/20100101 Firefox/134.0"
91.231.89.123 - - [20/May/2026:01:34:14 +0000] "GET /feed/ HTTP/1.1" 200 5741 "-" "Mozilla/5.0 (X11; Ubuntu; Linux x86_64; rv:134.0) Gecko/20100101 Firefox/134.0"
184.94.212.206 - - [20/May/2026:01:34:40 +0000] "POST /wp-cron.php?doing_wp_cron=1779240880.5147209167480468750000 HTTP/1.1" 200 - "-" "WordPress/6.9.4; https://articlebinder.com"
192.0.91.228 - - [20/May/2026:01:34:39 +0000] "HEAD / HTTP/1.1" 200 - "-" "jetmon/1.0 (Jetpack Site Uptime Monitor by WordPress.com)"
43.131.243.61 - - [20/May/2026:01:36:00 +0000] "GET /blog/ HTTP/1.1" 200 8851 "-" "Mozilla/5.0 (iPhone; CPU iPhone OS 13_2_3 like Mac OS X) AppleWebKit/605.1.15 (KHTML, like Gecko) Version/13.0.3 Mobile/15E148 Safari/604.1"
91.231.89.23 - - [20/May/2026:01:38:30 +0000] "GET /blog/business-intelligence/ HTTP/1.1" 200 73060 "-" "Mozilla/5.0 (X11; Ubuntu; Linux x86_64; rv:134.0) Gecko/20100101 Firefox/134.0"
91.231.89.97 - - [20/May/2026:01:39:02 +0000] "GET /blog/emdr-side-effects/ HTTP/1.1" 200 87760 "-" "Mozilla/5.0 (X11; Ubuntu; Linux x86_64; rv:134.0) Gecko/20100101 Firefox/134.0"
184.94.212.206 - - [20/May/2026:01:39:39 +0000] "POST /wp-cron.php?doing_wp_cron=1779241179.5224010944366455078125 HTTP/1.1" 200 - "-" "WordPress/6.9.4; https://articlebinder.com"
91.231.89.20 - - [20/May/2026:01:39:38 +0000] "GET /?p=322 HTTP/1.1" 301 - "-" "Mozilla/5.0 (X11; Ubuntu; Linux x86_64; rv:134.0) Gecko/20100101 Firefox/134.0"
91.231.89.99 - - [20/May/2026:01:39:41 +0000] "GET /?p=155 HTTP/1.1" 301 - "-" "Mozilla/5.0 (X11; Ubuntu; Linux x86_64; rv:134.0) Gecko/20100101 Firefox/134.0"
192.0.91.228 - - [20/May/2026:01:39:43 +0000] "HEAD / HTTP/1.1" 200 - "-" "jetmon/1.0 (Jetpack Site Uptime Monitor by WordPress.com)"
91.231.89.103 - - [20/May/2026:01:40:21 +0000] "GET /?p=147 HTTP/1.1" 301 - "-" "Mozilla/5.0 (X11; Ubuntu; Linux x86_64; rv:134.0) Gecko/20100101 Firefox/134.0"
91.231.89.98 - - [20/May/2026:01:40:23 +0000] "GET /?p=101 HTTP/1.1" 301 - "-" "Mozilla/5.0 (X11; Ubuntu; Linux x86_64; rv:134.0) Gecko/20100101 Firefox/134.0"
91.231.89.99 - - [20/May/2026:01:40:26 +0000] "GET /blog/self-reflection/ HTTP/1.1" 200 47584 "-" "Mozilla/5.0 (X11; Ubuntu; Linux x86_64; rv:134.0) Gecko/20100101 Firefox/134.0"
91.196.152.163 - - [20/May/2026:01:42:18 +0000] "GET /blog/self-reflection/ HTTP/1.1" 200 47584 "-" "Mozilla/5.0 (X11; Ubuntu; Linux x86_64; rv:134.0) Gecko/20100101 Firefox/134.0"
192.0.112.147 - - [20/May/2026:01:42:19 +0000] "GET /wp-content/uploads/2021/11/The-Benefits-of-Business-Intelligence.png HTTP/1.1" 200 320177 "-" "Photon/1.0"
91.196.152.67 - - [20/May/2026:01:42:21 +0000] "GET /blog/business-intelligence/ HTTP/1.1" 200 73060 "-" "Mozilla/5.0 (X11; Ubuntu; Linux x86_64; rv:134.0) Gecko/20100101 Firefox/134.0"
184.94.212.206 - - [20/May/2026:01:43:19 +0000] "POST /wp-cron.php?doing_wp_cron=1779241399.0261580944061279296875 HTTP/1.1" 200 - "-" "WordPress/6.9.4; https://articlebinder.com"
91.196.152.167 - - [20/May/2026:01:43:17 +0000] "GET /blog/emdr-side-effects/ HTTP/1.1" 200 87760 "-" "Mozilla/5.0 (X11; Ubuntu; Linux x86_64; rv:134.0) Gecko/20100101 Firefox/134.0"
91.196.152.166 - - [20/May/2026:01:43:21 +0000] "GET /blog/self-publishing/ HTTP/1.1" 200 42339 "-" "Mozilla/5.0 (X11; Ubuntu; Linux x86_64; rv:134.0) Gecko/20100101 Firefox/134.0"
91.231.89.101 - - [20/May/2026:01:43:43 +0000] "GET /blog/business-intelligence/ HTTP/1.1" 200 73060 "-" "Mozilla/5.0 (X11; Ubuntu; Linux x86_64; rv:134.0) Gecko/20100101 Firefox/134.0"
184.94.212.206 - - [20/May/2026:01:44:41 +0000] "POST /wp-cron.php?doing_wp_cron=1779241481.8041648864746093750000 HTTP/1.1" 200 - "-" "WordPress/6.9.4; https://articlebinder.com"
192.0.91.228 - - [20/May/2026:01:44:40 +0000] "HEAD / HTTP/1.1" 200 - "-" "jetmon/1.0 (Jetpack Site Uptime Monitor by WordPress.com)"
91.231.89.34 - - [20/May/2026:01:45:01 +0000] "GET /blog/self-reflection/ HTTP/1.1" 200 47584 "-" "Mozilla/5.0 (X11; Ubuntu; Linux x86_64; rv:134.0) Gecko/20100101 Firefox/134.0"
74.7.228.45 - - [20/May/2026:01:45:08 +0000] "GET /robots.txt HTTP/1.1" 200 142 "-" "Mozilla/5.0 (Macintosh; Intel Mac OS X 10_15_7) AppleWebKit/537.36 (KHTML, like Gecko) Chrome/131.0.0.0 Safari/537.36; compatible; OAI-SearchBot/1.3; robots.txt; +https://openai.com/searchbot"
43.165.7.132 - - [20/May/2026:01:45:51 +0000] "GET /blog/business-intelligence/ HTTP/1.1" 200 17160 "-" "Mozilla/5.0 (iPhone; CPU iPhone OS 13_2_3 like Mac OS X) AppleWebKit/605.1.15 (KHTML, like Gecko) Version/13.0.3 Mobile/15E148 Safari/604.1"
91.231.89.35 - - [20/May/2026:01:46:41 +0000] "GET /wp-json/ HTTP/1.1" 200 438919 "-" "Mozilla/5.0 (X11; Ubuntu; Linux x86_64; rv:134.0) Gecko/20100101 Firefox/134.0"
91.231.89.37 - - [20/May/2026:01:47:14 +0000] "GET /comments/feed/ HTTP/1.1" 200 765 "-" "Mozilla/5.0 (X11; Ubuntu; Linux x86_64; rv:134.0) Gecko/20100101 Firefox/134.0"
91.231.89.127 - - [20/May/2026:01:47:16 +0000] "GET /wp-json/wp/v2/posts/155 HTTP/1.1" 200 26176 "-" "Mozilla/5.0 (X11; Ubuntu; Linux x86_64; rv:134.0) Gecko/20100101 Firefox/134.0"
91.231.89.127 - - [20/May/2026:01:47:37 +0000] "GET /wp-json/oembed/1.0/embed?url=https%3A%2F%2Farticlebinder.com%2Fblog%2Fbusiness-intelligence%2F HTTP/1.1" 200 2579 "-" "Mozilla/5.0 (X11; Ubuntu; Linux x86_64; rv:134.0) Gecko/20100101 Firefox/134.0"
66.249.66.194 - - [20/May/2026:01:47:47 +0000] "GET /wp-includes/js/wp-emoji-release.min.js?ver=6.9.4 HTTP/1.1" 200 5375 "-" "Mozilla/5.0 (Linux; Android 6.0.1; Nexus 5X Build/MMB29P) AppleWebKit/537.36 (KHTML, like Gecko) Chrome/148.0.7778.96 Mobile Safari/537.36 (compatible; GoogleOther)"
91.84.114.150 - - [20/May/2026:01:48:06 +0000] "GET /blog/business-intelligence/ HTTP/1.0" 200 73060 "https://articlebinder.com/blog/business-intelligence/" "Mozilla/5.0 (Windows NT 10.0; Win64; x64) AppleWebKit/537.36 (KHTML, like Gecko) Chrome/131.0.0.0 Safari/537.36"
91.84.114.150 - - [20/May/2026:01:48:08 +0000] "POST /blog/business-intelligence/ HTTP/1.0" 200 72987 "https://articlebinder.com/blog/business-intelligence/" "Mozilla/5.0 (Windows NT 10.0; Win64; x64) AppleWebKit/537.36 (KHTML, like Gecko) Chrome/131.0.0.0 Safari/537.36"
184.94.212.206 - - [20/May/2026:01:49:39 +0000] "POST /wp-cron.php?doing_wp_cron=1779241779.9272561073303222656250 HTTP/1.1" 200 - "-" "WordPress/6.9.4; https://articlebinder.com"
192.0.91.228 - - [20/May/2026:01:49:38 +0000] "HEAD / HTTP/1.1" 200 - "-" "jetmon/1.0 (Jetpack Site Uptime Monitor by WordPress.com)"
184.94.212.206 - - [20/May/2026:01:54:41 +0000] "POST /wp-cron.php?doing_wp_cron=1779242081.3050439357757568359375 HTTP/1.1" 200 - "-" "WordPress/6.9.4; https://articlebinder.com"
192.0.91.228 - - [20/May/2026:01:54:40 +0000] "HEAD / HTTP/1.1" 200 - "-" "jetmon/1.0 (Jetpack Site Uptime Monitor by WordPress.com)"
150.109.230.210 - - [20/May/2026:01:55:00 +0000] "GET /home/ HTTP/1.1" 200 8879 "-" "Mozilla/5.0 (iPhone; CPU iPhone OS 13_2_3 like Mac OS X) AppleWebKit/605.1.15 (KHTML, like Gecko) Version/13.0.3 Mobile/15E148 Safari/604.1"
184.94.212.206 - - [20/May/2026:01:59:40 +0000] "POST /wp-cron.php?doing_wp_cron=1779242380.5224859714508056640625 HTTP/1.1" 200 - "-" "WordPress/6.9.4; https://articlebinder.com"
192.0.91.228 - - [20/May/2026:01:59:39 +0000] "HEAD / HTTP/1.1" 200 - "-" "jetmon/1.0 (Jetpack Site Uptime Monitor by WordPress.com)"
162.240.12.204 - - [20/May/2026:02:02:35 +0000] "GET /wp-login.php HTTP/1.1" 200 4364 "-" "Mozilla/5.0 (X11; Linux x86_64) AppleWebKit/537.36 (KHTML, like Gecko) Chrome/133.0.0.0 Safari/537.36 Edg/133.0.0.0"
162.240.12.204 - - [20/May/2026:02:02:36 +0000] "POST /wp-login.php HTTP/1.1" 200 4364 "https://articlebinder.com/wp-login.php" "Mozilla/5.0 (X11; Linux x86_64) AppleWebKit/537.36 (KHTML, like Gecko) Chrome/133.0.0.0 Safari/537.36 Edg/133.0.0.0"
184.94.212.206 - - [20/May/2026:02:04:41 +0000] "POST /wp-cron.php?doing_wp_cron=1779242681.2560069561004638671875 HTTP/1.1" 200 - "-" "WordPress/6.9.4; https://articlebinder.com"
192.0.91.228 - - [20/May/2026:02:04:40 +0000] "HEAD / HTTP/1.1" 200 - "-" "jetmon/1.0 (Jetpack Site Uptime Monitor by WordPress.com)"
170.106.107.87 - - [20/May/2026:02:06:52 +0000] "GET /xmlrpc.php?rsd HTTP/1.1" 404 5400 "-" "Mozilla/5.0 (iPhone; CPU iPhone OS 13_2_3 like Mac OS X) AppleWebKit/605.1.15 (KHTML, like Gecko) Version/13.0.3 Mobile/15E148 Safari/604.1"
184.94.212.206 - - [20/May/2026:02:09:46 +0000] "POST /wp-cron.php?doing_wp_cron=1779242986.0668120384216308593750 HTTP/1.1" 200 - "-" "WordPress/6.9.4; https://articlebinder.com"
192.0.91.228 - - [20/May/2026:02:09:42 +0000] "HEAD / HTTP/1.1" 200 - "-" "jetmon/1.0 (Jetpack Site Uptime Monitor by WordPress.com)"
184.94.212.206 - - [20/May/2026:02:14:47 +0000] "POST /wp-cron.php?doing_wp_cron=1779243287.6839299201965332031250 HTTP/1.1" 200 - "-" "WordPress/6.9.4; https://articlebinder.com"
192.0.91.228 - - [20/May/2026:02:14:46 +0000] "HEAD / HTTP/1.1" 200 - "-" "jetmon/1.0 (Jetpack Site Uptime Monitor by WordPress.com)"
43.134.127.70 - - [20/May/2026:02:15:31 +0000] "GET /wp-json/wp/v2/categories/6 HTTP/1.1" 200 1306 "-" "Mozilla/5.0 (iPhone; CPU iPhone OS 13_2_3 like Mac OS X) AppleWebKit/605.1.15 (KHTML, like Gecko) Version/13.0.3 Mobile/15E148 Safari/604.1"
184.94.212.206 - - [20/May/2026:02:19:40 +0000] "POST /wp-cron.php?doing_wp_cron=1779243580.7067430019378662109375 HTTP/1.1" 200 - "-" "WordPress/6.9.4; https://articlebinder.com"
192.0.91.228 - - [20/May/2026:02:19:39 +0000] "HEAD / HTTP/1.1" 200 - "-" "jetmon/1.0 (Jetpack Site Uptime Monitor by WordPress.com)"
142.93.215.41 - - [20/May/2026:02:24:11 +0000] "GET /wp-login.php HTTP/1.1" 200 4364 "-" "Mozilla/5.0 (X11; Fedora; Linux x86_64) AppleWebKit/537.36 (KHTML, like Gecko) Chrome/133.0.0.0 Safari/537.36"
142.93.215.41 - - [20/May/2026:02:24:13 +0000] "POST /wp-login.php HTTP/1.1" 200 4364 "https://articlebinder.com/wp-login.php" "Mozilla/5.0 (X11; Fedora; Linux x86_64) AppleWebKit/537.36 (KHTML, like Gecko) Chrome/133.0.0.0 Safari/537.36"
184.94.212.206 - - [20/May/2026:02:24:42 +0000] "POST /wp-cron.php?doing_wp_cron=1779243882.0112600326538085937500 HTTP/1.1" 200 - "-" "WordPress/6.9.4; https://articlebinder.com"
101.32.15.141 - - [20/May/2026:02:24:41 +0000] "GET / HTTP/1.1" 200 9504 "-" "Mozilla/5.0 (iPhone; CPU iPhone OS 13_2_3 like Mac OS X) AppleWebKit/605.1.15 (KHTML, like Gecko) Version/13.0.3 Mobile/15E148 Safari/604.1"
192.0.91.228 - - [20/May/2026:02:24:42 +0000] "HEAD / HTTP/1.1" 200 - "-" "jetmon/1.0 (Jetpack Site Uptime Monitor by WordPress.com)"
184.94.212.206 - - [20/May/2026:02:29:43 +0000] "POST /wp-cron.php?doing_wp_cron=1779244183.7060930728912353515625 HTTP/1.1" 200 - "-" "WordPress/6.9.4; https://articlebinder.com"
192.0.91.228 - - [20/May/2026:02:29:42 +0000] "HEAD / HTTP/1.1" 200 - "-" "jetmon/1.0 (Jetpack Site Uptime Monitor by WordPress.com)"
184.94.212.206 - - [20/May/2026:02:34:44 +0000] "POST /wp-cron.php?doing_wp_cron=1779244484.5646369457244873046875 HTTP/1.1" 200 - "-" "WordPress/6.9.4; https://articlebinder.com"
192.0.91.228 - - [20/May/2026:02:34:43 +0000] "HEAD / HTTP/1.1" 200 - "-" "jetmon/1.0 (Jetpack Site Uptime Monitor by WordPress.com)"
43.164.0.96 - - [20/May/2026:02:35:23 +0000] "GET /comments/feed/ HTTP/1.1" 200 424 "-" "Mozilla/5.0 (iPhone; CPU iPhone OS 13_2_3 like Mac OS X) AppleWebKit/605.1.15 (KHTML, like Gecko) Version/13.0.3 Mobile/15E148 Safari/604.1"
184.94.212.206 - - [20/May/2026:02:39:42 +0000] "POST /wp-cron.php?doing_wp_cron=1779244782.3251318931579589843750 HTTP/1.1" 200 - "-" "WordPress/6.9.4; https://articlebinder.com"
192.0.91.228 - - [20/May/2026:02:39:40 +0000] "HEAD / HTTP/1.1" 200 - "-" "jetmon/1.0 (Jetpack Site Uptime Monitor by WordPress.com)"
184.94.212.206 - - [20/May/2026:02:44:46 +0000] "POST /wp-cron.php?doing_wp_cron=1779245086.7636370658874511718750 HTTP/1.1" 200 - "-" "WordPress/6.9.4; https://articlebinder.com"
192.0.91.228 - - [20/May/2026:02:44:45 +0000] "HEAD / HTTP/1.1" 200 - "-" "jetmon/1.0 (Jetpack Site Uptime Monitor by WordPress.com)"
43.157.98.187 - - [20/May/2026:02:45:07 +0000] "GET /feed/ HTTP/1.1" 200 1798 "-" "Mozilla/5.0 (iPhone; CPU iPhone OS 13_2_3 like Mac OS X) AppleWebKit/605.1.15 (KHTML, like Gecko) Version/13.0.3 Mobile/15E148 Safari/604.1"
78.142.18.172 - - [20/May/2026:02:45:07 +0000] "GET /wp-login.php HTTP/1.1" 200 4363 "-" "Mozilla/5.0 (X11; Ubuntu; Linux x86_64; rv:133.0) Gecko/20100101 Firefox/133.0"
78.142.18.172 - - [20/May/2026:02:45:08 +0000] "POST /wp-login.php HTTP/1.1" 200 4363 "https://articlebinder.com/wp-login.php" "Mozilla/5.0 (X11; Ubuntu; Linux x86_64; rv:133.0) Gecko/20100101 Firefox/133.0"
